66.249.78.85 - - [10/Jun/2015:17:04:16 +0200] "GET / HTTP/1.1" 200 12450 "-" "Mozilla/5.0 (compatible; Googlebot/2.1; +http://www.google.com/bot.html)"
199.19.249.196 - - [10/Jun/2015:17:14:36 +0200] "GET / HTTP/1.1" 200 12450 "-" "Mozilla/4.0 (compatible; MSIE 7.0; Windows NT 5.1; InfoPath.1; .NET CLR 2.0.50727; .NET CLR 1.1.4322; MS-RTC LM 8; .NET CLR 3.0.4506.2152; .NET CLR 3.5.30729)"
193.41.37.3 - - [10/Jun/2015:17:14:36 +0200] "GET / HTTP/1.1" 200 12450 "http://www.bing.com/search?q=dialyse+friedrichshain-kreuzberg&form=PRDEDE&pc=CMDTDF&refig=a4d00d17a63d466ea624c6ff0320d5fd&pq=dialyse+friedrichshain-kreuzberg&sc=0-23&sp=-1&qs=n&sk=" "Mozilla/4.0 (compatible; MSIE 8.0; Windows NT 6.1; WOW64; Trident/4.0; SLCC2; .NET CLR 2.0.50727; .NET CLR 3.5.30729; .NET CLR 3.0.30729; .NET4.0C; .NET4.0E)"
193.41.37.3 - - [10/Jun/2015:17:14:36 +0200] "GET /css/dkf.css HTTP/1.1" 200 7223 "http://www.dialyse-kreuzberg-friedrichshain.de/" "Mozilla/4.0 (compatible; MSIE 8.0; Windows NT 6.1; WOW64; Trident/4.0; SLCC2; .NET CLR 2.0.50727; .NET CLR 3.5.30729; .NET CLR 3.0.30729; .NET4.0C; .NET4.0E)"
193.41.37.3 - - [10/Jun/2015:17:14:36 +0200] "GET /img/1px.gif HTTP/1.1" 200 43 "http://www.dialyse-kreuzberg-friedrichshain.de/" "Mozilla/4.0 (compatible; MSIE 8.0; Windows NT 6.1; WOW64; Trident/4.0; SLCC2; .NET CLR 2.0.50727; .NET CLR 3.5.30729; .NET CLR 3.0.30729; .NET4.0C; .NET4.0E)"
193.41.37.3 - - [10/Jun/2015:17:14:36 +0200] "GET /img/lay02.jpg HTTP/1.1" 200 8080 "http://www.dialyse-kreuzberg-friedrichshain.de/" "Mozilla/4.0 (compatible; MSIE 8.0; Windows NT 6.1; WOW64; Trident/4.0; SLCC2; .NET CLR 2.0.50727; .NET CLR 3.5.30729; .NET CLR 3.0.30729; .NET4.0C; .NET4.0E)"
193.41.37.3 - - [10/Jun/2015:17:14:36 +0200] "GET /img/lay03.jpg HTTP/1.1" 200 6594 "http://www.dialyse-kreuzberg-friedrichshain.de/" "Mozilla/4.0 (compatible; MSIE 8.0; Windows NT 6.1; WOW64; Trident/4.0; SLCC2; .NET CLR 2.0.50727; .NET CLR 3.5.30729; .NET CLR 3.0.30729; .NET4.0C; .NET4.0E)"
193.41.37.3 - - [10/Jun/2015:17:14:36 +0200] "GET /scripte/time.js HTTP/1.1" 200 1040 "http://www.dialyse-kreuzberg-friedrichshain.de/" "Mozilla/4.0 (compatible; MSIE 8.0; Windows NT 6.1; WOW64; Trident/4.0; SLCC2; .NET CLR 2.0.50727; .NET CLR 3.5.30729; .NET CLR 3.0.30729; .NET4.0C; .NET4.0E)"
193.41.37.3 - - [10/Jun/2015:17:14:36 +0200] "GET /img/lay01.jpg HTTP/1.1" 200 8988 "http://www.dialyse-kreuzberg-friedrichshain.de/" "Mozilla/4.0 (compatible; MSIE 8.0; Windows NT 6.1; WOW64; Trident/4.0; SLCC2; .NET CLR 2.0.50727; .NET CLR 3.5.30729; .NET CLR 3.0.30729; .NET4.0C; .NET4.0E)"
193.41.37.3 - - [10/Jun/2015:17:14:36 +0200] "GET /img/menue_bg.jpg HTTP/1.1" 200 404 "http://www.dialyse-kreuzberg-friedrichshain.de/" "Mozilla/4.0 (compatible; MSIE 8.0; Windows NT 6.1; WOW64; Trident/4.0; SLCC2; .NET CLR 2.0.50727; .NET CLR 3.5.30729; .NET CLR 3.0.30729; .NET4.0C; .NET4.0E)"
193.41.37.3 - - [10/Jun/2015:17:14:36 +0200] "GET /scripte/time2.js HTTP/1.1" 200 682 "http://www.dialyse-kreuzberg-friedrichshain.de/" "Mozilla/4.0 (compatible; MSIE 8.0; Windows NT 6.1; WOW64; Trident/4.0; SLCC2; .NET CLR 2.0.50727; .NET CLR 3.5.30729; .NET CLR 3.0.30729; .NET4.0C; .NET4.0E)"
193.41.37.3 - - [10/Jun/2015:17:14:36 +0200] "GET /img/men_ob.jpg HTTP/1.1" 200 489 "http://www.dialyse-kreuzberg-friedrichshain.de/" "Mozilla/4.0 (compatible; MSIE 8.0; Windows NT 6.1; WOW64; Trident/4.0; SLCC2; .NET CLR 2.0.50727; .NET CLR 3.5.30729; .NET CLR 3.0.30729; .NET4.0C; .NET4.0E)"
193.41.37.3 - - [10/Jun/2015:17:14:37 +0200] "GET /img/blue_bg.jpg HTTP/1.1" 200 308 "http://www.dialyse-kreuzberg-friedrichshain.de/" "Mozilla/4.0 (compatible; MSIE 8.0; Windows NT 6.1; WOW64; Trident/4.0; SLCC2; .NET CLR 2.0.50727; .NET CLR 3.5.30729; .NET CLR 3.0.30729; .NET4.0C; .NET4.0E)"
193.41.37.3 - - [10/Jun/2015:17:14:37 +0200] "GET /img/men_bg.jpg HTTP/1.1" 200 395 "http://www.dialyse-kreuzberg-friedrichshain.de/" "Mozilla/4.0 (compatible; MSIE 8.0; Windows NT 6.1; WOW64; Trident/4.0; SLCC2; .NET CLR 2.0.50727; .NET CLR 3.5.30729; .NET CLR 3.0.30729; .NET4.0C; .NET4.0E)"
193.41.37.3 - - [10/Jun/2015:17:14:38 +0200] "GET /img/head_bg.jpg HTTP/1.1" 200 404 "http://www.dialyse-kreuzberg-friedrichshain.de/" "Mozilla/4.0 (compatible; MSIE 8.0; Windows NT 6.1; WOW64; Trident/4.0; SLCC2; .NET CLR 2.0.50727; .NET CLR 3.5.30729; .NET CLR 3.0.30729; .NET4.0C; .NET4.0E)"
193.41.37.3 - - [10/Jun/2015:17:14:38 +0200] "GET /img/men_sh.jpg HTTP/1.1" 200 337 "http://www.dialyse-kreuzberg-friedrichshain.de/" "Mozilla/4.0 (compatible; MSIE 8.0; Windows NT 6.1; WOW64; Trident/4.0; SLCC2; .NET CLR 2.0.50727; .NET CLR 3.5.30729; .NET CLR 3.0.30729; .NET4.0C; .NET4.0E)"
193.41.37.3 - - [10/Jun/2015:17:14:39 +0200] "GET /img/s2.gif HTTP/1.1" 200 17668 "http://www.dialyse-kreuzberg-friedrichshain.de/" "Mozilla/4.0 (compatible; MSIE 8.0; Windows NT 6.1; WOW64; Trident/4.0; SLCC2; .NET CLR 2.0.50727; .NET CLR 3.5.30729; .NET CLR 3.0.30729; .NET4.0C; .NET4.0E)"
193.41.37.3 - - [10/Jun/2015:17:14:39 +0200] "GET /img/main_bg.jpg HTTP/1.1" 200 14795 "http://www.dialyse-kreuzberg-friedrichshain.de/" "Mozilla/4.0 (compatible; MSIE 8.0; Windows NT 6.1; WOW64; Trident/4.0; SLCC2; .NET CLR 2.0.50727; .NET CLR 3.5.30729; .NET CLR 3.0.30729; .NET4.0C; .NET4.0E)"
193.41.37.3 - - [10/Jun/2015:17:14:39 +0200] "GET /img/bog02.jpg HTTP/1.1" 200 563 "http://www.dialyse-kreuzberg-friedrichshain.de/" "Mozilla/4.0 (compatible; MSIE 8.0; Windows NT 6.1; WOW64; Trident/4.0; SLCC2; .NET CLR 2.0.50727; .NET CLR 3.5.30729; .NET CLR 3.0.30729; .NET4.0C; .NET4.0E)"
193.41.37.3 - - [10/Jun/2015:17:14:39 +0200] "GET /img/bog01.jpg HTTP/1.1" 200 412 "http://www.dialyse-kreuzberg-friedrichshain.de/" "Mozilla/4.0 (compatible; MSIE 8.0; Windows NT 6.1; WOW64; Trident/4.0; SLCC2; .NET CLR 2.0.50727; .NET CLR 3.5.30729; .NET CLR 3.0.30729; .NET4.0C; .NET4.0E)"
193.41.37.3 - - [10/Jun/2015:17:14:39 +0200] "GET /img/main_bg01.jpg HTTP/1.1" 200 5803 "http://www.dialyse-kreuzberg-friedrichshain.de/" "Mozilla/4.0 (compatible; MSIE 8.0; Windows NT 6.1; WOW64; Trident/4.0; SLCC2; .NET CLR 2.0.50727; .NET CLR 3.5.30729; .NET CLR 3.0.30729; .NET4.0C; .NET4.0E)"
193.41.37.3 - - [10/Jun/2015:17:14:40 +0200] "GET /img/s3a.gif HTTP/1.1" 200 27947 "http://www.dialyse-kreuzberg-friedrichshain.de/" "Mozilla/4.0 (compatible; MSIE 8.0; Windows NT 6.1; WOW64; Trident/4.0; SLCC2; .NET CLR 2.0.50727; .NET CLR 3.5.30729; .NET CLR 3.0.30729; .NET4.0C; .NET4.0E)"
193.41.37.3 - - [10/Jun/2015:17:14:40 +0200] "GET /img/bogen2.gif HTTP/1.1" 200 578 "http://www.dialyse-kreuzberg-friedrichshain.de/" "Mozilla/4.0 (compatible; MSIE 8.0; Windows NT 6.1; WOW64; Trident/4.0; SLCC2; .NET CLR 2.0.50727; .NET CLR 3.5.30729; .NET CLR 3.0.30729; .NET4.0C; .NET4.0E)"
193.41.37.3 - - [10/Jun/2015:17:14:40 +0200] "GET /img/re_bg.jpg HTTP/1.1" 200 462 "http://www.dialyse-kreuzberg-friedrichshain.de/" "Mozilla/4.0 (compatible; MSIE 8.0; Windows NT 6.1; WOW64; Trident/4.0; SLCC2; .NET CLR 2.0.50727; .NET CLR 3.5.30729; .NET CLR 3.0.30729; .NET4.0C; .NET4.0E)"
193.41.37.3 - - [10/Jun/2015:17:14:40 +0200] "GET /img/bg_unten.jpg HTTP/1.1" 200 2567 "http://www.dialyse-kreuzberg-friedrichshain.de/" "Mozilla/4.0 (compatible; MSIE 8.0; Windows NT 6.1; WOW64; Trident/4.0; SLCC2; .NET CLR 2.0.50727; .NET CLR 3.5.30729; .NET CLR 3.0.30729; .NET4.0C; .NET4.0E)"
193.41.37.3 - - [10/Jun/2015:17:14:40 +0200] "GET /img/orange_bg.jpg HTTP/1.1" 200 304 "http://www.dialyse-kreuzberg-friedrichshain.de/" "Mozilla/4.0 (compatible; MSIE 8.0; Windows NT 6.1; WOW64; Trident/4.0; SLCC2; .NET CLR 2.0.50727; .NET CLR 3.5.30729; .NET CLR 3.0.30729; .NET4.0C; .NET4.0E)"
193.41.37.3 - - [10/Jun/2015:17:14:40 +0200] "GET /favicon.ico HTTP/1.1" 404 1256 "-" "Mozilla/4.0 (compatible; MSIE 8.0; Windows NT 6.1; WOW64; Trident/4.0; SLCC2; .NET CLR 2.0.50727; .NET CLR 3.5.30729; .NET CLR 3.0.30729; .NET4.0C; .NET4.0E)"
199.19.249.196 - - [10/Jun/2015:17:14:55 +0200] "GET /seiten/praxis.htm HTTP/1.1" 200 15062 "-" "Mozilla/4.0 (compatible; MSIE 7.0; Windows NT 5.1; InfoPath.1; .NET CLR 2.0.50727; .NET CLR 1.1.4322; MS-RTC LM 8; .NET CLR 3.0.4506.2152; .NET CLR 3.5.30729)"
193.41.37.3 - - [10/Jun/2015:17:14:55 +0200] "GET /seiten/praxis.htm HTTP/1.1" 200 15062 "http://www.dialyse-kreuzberg-friedrichshain.de/" "Mozilla/4.0 (compatible; MSIE 8.0; Windows NT 6.1; WOW64; Trident/4.0; SLCC2; .NET CLR 2.0.50727; .NET CLR 3.5.30729; .NET CLR 3.0.30729; .NET4.0C; .NET4.0E)"
193.41.37.3 - - [10/Jun/2015:17:14:56 +0200] "GET /img/bogen.gif HTTP/1.1" 200 889 "http://www.dialyse-kreuzberg-friedrichshain.de/seiten/praxis.htm" "Mozilla/4.0 (compatible; MSIE 8.0; Windows NT 6.1; WOW64; Trident/4.0; SLCC2; .NET CLR 2.0.50727; .NET CLR 3.5.30729; .NET CLR 3.0.30729; .NET4.0C; .NET4.0E)"
193.41.37.3 - - [10/Jun/2015:17:14:56 +0200] "GET /img/dr2a.gif HTTP/1.1" 200 37919 "http://www.dialyse-kreuzberg-friedrichshain.de/seiten/praxis.htm" "Mozilla/4.0 (compatible; MSIE 8.0; Windows NT 6.1; WOW64; Trident/4.0; SLCC2; .NET CLR 2.0.50727; .NET CLR 3.5.30729; .NET CLR 3.0.30729; .NET4.0C; .NET4.0E)"
193.41.37.3 - - [10/Jun/2015:17:14:56 +0200] "GET /img/dr2.jpg HTTP/1.1" 200 70452 "http://www.dialyse-kreuzberg-friedrichshain.de/seiten/praxis.htm" "Mozilla/4.0 (compatible; MSIE 8.0; Windows NT 6.1; WOW64; Trident/4.0; SLCC2; .NET CLR 2.0.50727; .NET CLR 3.5.30729; .NET CLR 3.0.30729; .NET4.0C; .NET4.0E)"
193.41.37.3 - - [10/Jun/2015:17:14:56 +0200] "GET /img/main_unten.jpg HTTP/1.1" 200 1800 "http://www.dialyse-kreuzberg-friedrichshain.de/seiten/praxis.htm" "Mozilla/4.0 (compatible; MSIE 8.0; Windows NT 6.1; WOW64; Trident/4.0; SLCC2; .NET CLR 2.0.50727; .NET CLR 3.5.30729; .NET CLR 3.0.30729; .NET4.0C; .NET4.0E)"
193.41.37.3 - - [10/Jun/2015:17:14:56 +0200] "GET /favicon.ico HTTP/1.1" 404 1256 "-" "Mozilla/4.0 (compatible; MSIE 8.0; Windows NT 6.1; WOW64; Trident/4.0; SLCC2; .NET CLR 2.0.50727; .NET CLR 3.5.30729; .NET CLR 3.0.30729; .NET4.0C; .NET4.0E)"
193.41.37.3 - - [10/Jun/2015:17:14:56 +0200] "GET /img/top.gif HTTP/1.1" 200 898 "http://www.dialyse-kreuzberg-friedrichshain.de/seiten/praxis.htm" "Mozilla/4.0 (compatible; MSIE 8.0; Windows NT 6.1; WOW64; Trident/4.0; SLCC2; .NET CLR 2.0.50727; .NET CLR 3.5.30729; .NET CLR 3.0.30729; .NET4.0C; .NET4.0E)"
199.19.249.196 - - [10/Jun/2015:17:15:56 +0200] "GET /seiten/kontakt.php HTTP/1.1" 200 13535 "-" "Mozilla/4.0 (compatible; MSIE 7.0; Windows NT 5.1; InfoPath.1; .NET CLR 2.0.50727; .NET CLR 1.1.4322; MS-RTC LM 8; .NET CLR 3.0.4506.2152; .NET CLR 3.5.30729)"
193.41.37.3 - - [10/Jun/2015:17:15:56 +0200] "GET /seiten/kontakt.php HTTP/1.1" 200 13535 "http://www.dialyse-kreuzberg-friedrichshain.de/seiten/praxis.htm" "Mozilla/4.0 (compatible; MSIE 8.0; Windows NT 6.1; WOW64; Trident/4.0; SLCC2; .NET CLR 2.0.50727; .NET CLR 3.5.30729; .NET CLR 3.0.30729; .NET4.0C; .NET4.0E)"
193.41.37.3 - - [10/Jun/2015:17:15:56 +0200] "GET /img/ubahn.gif HTTP/1.1" 200 1980 "http://www.dialyse-kreuzberg-friedrichshain.de/seiten/kontakt.php" "Mozilla/4.0 (compatible; MSIE 8.0; Windows NT 6.1; WOW64; Trident/4.0; SLCC2; .NET CLR 2.0.50727; .NET CLR 3.5.30729; .NET CLR 3.0.30729; .NET4.0C; .NET4.0E)"
193.41.37.3 - - [10/Jun/2015:17:15:56 +0200] "GET /img/kontakt.jpg HTTP/1.1" 200 57854 "http://www.dialyse-kreuzberg-friedrichshain.de/seiten/kontakt.php" "Mozilla/4.0 (compatible; MSIE 8.0; Windows NT 6.1; WOW64; Trident/4.0; SLCC2; .NET CLR 2.0.50727; .NET CLR 3.5.30729; .NET CLR 3.0.30729; .NET4.0C; .NET4.0E)"
199.19.249.196 - - [10/Jun/2015:17:16:22 +0200] "GET /seiten/leistungen.htm HTTP/1.1" 200 13084 "-" "Mozilla/4.0 (compatible; MSIE 7.0; Windows NT 5.1; InfoPath.1; .NET CLR 2.0.50727; .NET CLR 1.1.4322; MS-RTC LM 8; .NET CLR 3.0.4506.2152; .NET CLR 3.5.30729)"
193.41.37.3 - - [10/Jun/2015:17:16:22 +0200] "GET /seiten/leistungen.htm HTTP/1.1" 200 13084 "http://www.dialyse-kreuzberg-friedrichshain.de/seiten/kontakt.php" "Mozilla/4.0 (compatible; MSIE 8.0; Windows NT 6.1; WOW64; Trident/4.0; SLCC2; .NET CLR 2.0.50727; .NET CLR 3.5.30729; .NET CLR 3.0.30729; .NET4.0C; .NET4.0E)"
193.41.37.3 - - [10/Jun/2015:17:16:23 +0200] "GET /img/dialyse3a.gif HTTP/1.1" 200 32894 "http://www.dialyse-kreuzberg-friedrichshain.de/seiten/leistungen.htm" "Mozilla/4.0 (compatible; MSIE 8.0; Windows NT 6.1; WOW64; Trident/4.0; SLCC2; .NET CLR 2.0.50727; .NET CLR 3.5.30729; .NET CLR 3.0.30729; .NET4.0C; .NET4.0E)"
199.19.249.196 - - [10/Jun/2015:17:16:50 +0200] "GET /seiten/dialyse.htm HTTP/1.1" 200 13678 "-" "Mozilla/4.0 (compatible; MSIE 7.0; Windows NT 5.1; InfoPath.1; .NET CLR 2.0.50727; .NET CLR 1.1.4322; MS-RTC LM 8; .NET CLR 3.0.4506.2152; .NET CLR 3.5.30729)"
193.41.37.3 - - [10/Jun/2015:17:16:50 +0200] "GET /seiten/dialyse.htm HTTP/1.1" 200 13678 "http://www.dialyse-kreuzberg-friedrichshain.de/seiten/leistungen.htm" "Mozilla/4.0 (compatible; MSIE 8.0; Windows NT 6.1; WOW64; Trident/4.0; SLCC2; .NET CLR 2.0.50727; .NET CLR 3.5.30729; .NET CLR 3.0.30729; .NET4.0C; .NET4.0E)"
193.41.37.3 - - [10/Jun/2015:17:16:50 +0200] "GET /img/dialyse6a.jpg HTTP/1.1" 200 43416 "http://www.dialyse-kreuzberg-friedrichshain.de/seiten/dialyse.htm" "Mozilla/4.0 (compatible; MSIE 8.0; Windows NT 6.1; WOW64; Trident/4.0; SLCC2; .NET CLR 2.0.50727; .NET CLR 3.5.30729; .NET CLR 3.0.30729; .NET4.0C; .NET4.0E)"
199.19.249.196 - - [10/Jun/2015:17:17:21 +0200] "GET /seiten/team.htm HTTP/1.1" 200 11492 "-" "Mozilla/4.0 (compatible; MSIE 7.0; Windows NT 5.1; InfoPath.1; .NET CLR 2.0.50727; .NET CLR 1.1.4322; MS-RTC LM 8; .NET CLR 3.0.4506.2152; .NET CLR 3.5.30729)"
193.41.37.3 - - [10/Jun/2015:17:17:21 +0200] "GET /seiten/team.htm HTTP/1.1" 200 11492 "http://www.dialyse-kreuzberg-friedrichshain.de/seiten/dialyse.htm" "Mozilla/4.0 (compatible; MSIE 8.0; Windows NT 6.1; WOW64; Trident/4.0; SLCC2; .NET CLR 2.0.50727; .NET CLR 3.5.30729; .NET CLR 3.0.30729; .NET4.0C; .NET4.0E)"
193.41.37.3 - - [10/Jun/2015:17:17:22 +0200] "GET /img/team_neu.png HTTP/1.1" 200 283154 "http://www.dialyse-kreuzberg-friedrichshain.de/seiten/team.htm" "Mozilla/4.0 (compatible; MSIE 8.0; Windows NT 6.1; WOW64; Trident/4.0; SLCC2; .NET CLR 2.0.50727; .NET CLR 3.5.30729; .NET CLR 3.0.30729; .NET4.0C; .NET4.0E)"
199.19.249.196 - - [10/Jun/2015:17:17:57 +0200] "GET /seiten/info.htm HTTP/1.1" 200 14653 "-" "Mozilla/4.0 (compatible; MSIE 7.0; Windows NT 5.1; InfoPath.1; .NET CLR 2.0.50727; .NET CLR 1.1.4322; MS-RTC LM 8; .NET CLR 3.0.4506.2152; .NET CLR 3.5.30729)"
193.41.37.3 - - [10/Jun/2015:17:17:57 +0200] "GET /seiten/info.htm HTTP/1.1" 200 14653 "http://www.dialyse-kreuzberg-friedrichshain.de/seiten/team.htm" "Mozilla/4.0 (compatible; MSIE 8.0; Windows NT 6.1; WOW64; Trident/4.0; SLCC2; .NET CLR 2.0.50727; .NET CLR 3.5.30729; .NET CLR 3.0.30729; .NET4.0C; .NET4.0E)"
199.19.249.196 - - [10/Jun/2015:17:18:03 +0200] "GET /seiten/quali.htm HTTP/1.1" 200 13460 "-" "Mozilla/4.0 (compatible; MSIE 7.0; Windows NT 5.1; InfoPath.1; .NET CLR 2.0.50727; .NET CLR 1.1.4322; MS-RTC LM 8; .NET CLR 3.0.4506.2152; .NET CLR 3.5.30729)"
193.41.37.3 - - [10/Jun/2015:17:18:03 +0200] "GET /seiten/quali.htm HTTP/1.1" 200 13460 "http://www.dialyse-kreuzberg-friedrichshain.de/seiten/info.htm" "Mozilla/4.0 (compatible; MSIE 8.0; Windows NT 6.1; WOW64; Trident/4.0; SLCC2; .NET CLR 2.0.50727; .NET CLR 3.5.30729; .NET CLR 3.0.30729; .NET4.0C; .NET4.0E)"
193.41.37.3 - - [10/Jun/2015:17:18:04 +0200] "GET /img/quali_tab1_2010.jpg HTTP/1.1" 200 39804 "http://www.dialyse-kreuzberg-friedrichshain.de/seiten/quali.htm" "Mozilla/4.0 (compatible; MSIE 8.0; Windows NT 6.1; WOW64; Trident/4.0; SLCC2; .NET CLR 2.0.50727; .NET CLR 3.5.30729; .NET CLR 3.0.30729; .NET4.0C; .NET4.0E)"
199.19.249.196 - - [10/Jun/2015:17:18:14 +0200] "GET /seiten/gastdialyse.php HTTP/1.1" 200 12279 "-" "Mozilla/4.0 (compatible; MSIE 7.0; Windows NT 5.1; InfoPath.1; .NET CLR 2.0.50727; .NET CLR 1.1.4322; MS-RTC LM 8; .NET CLR 3.0.4506.2152; .NET CLR 3.5.30729)"
193.41.37.3 - - [10/Jun/2015:17:18:15 +0200] "GET /seiten/gastdialyse.php HTTP/1.1" 200 12279 "http://www.dialyse-kreuzberg-friedrichshain.de/seiten/quali.htm" "Mozilla/4.0 (compatible; MSIE 8.0; Windows NT 6.1; WOW64; Trident/4.0; SLCC2; .NET CLR 2.0.50727; .NET CLR 3.5.30729; .NET CLR 3.0.30729; .NET4.0C; .NET4.0E)"
193.41.37.3 - - [10/Jun/2015:17:18:15 +0200] "GET /img/deu.gif HTTP/1.1" 200 970 "http://www.dialyse-kreuzberg-friedrichshain.de/seiten/gastdialyse.php" "Mozilla/4.0 (compatible; MSIE 8.0; Windows NT 6.1; WOW64; Trident/4.0; SLCC2; .NET CLR 2.0.50727; .NET CLR 3.5.30729; .NET CLR 3.0.30729; .NET4.0C; .NET4.0E)"
81.169.144.135 - - [10/Jun/2015:18:27:05 +0200] "GET / HTTP/1.1" 200 12450 "http://bristolhotel.com.ua/" "Mozilla/4.0 (compatible; MSIE 6.0; Windows NT 5.0; Avant Browser [avantbrowser.com]; Hotbar 4.4.5.0)"
81.169.144.135 - - [10/Jun/2015:18:27:06 +0200] "GET / HTTP/1.1" 200 12450 "http://bristolhotel.com.ua/" "Mozilla/4.0 (compatible; MSIE 6.0; Windows NT 5.0; Avant Browser [avantbrowser.com]; Hotbar 4.4.5.0)"
81.169.144.135 - - [10/Jun/2015:18:34:28 +0200] "GET / HTTP/1.1" 200 12450 "http://www.germes-trans.com//?s=AMAZON+TRANSPORTER" "Mozilla/4.61 [en] (X11; U; ) - BrowseX (2.0.0 Windows)"
81.169.144.135 - - [10/Jun/2015:18:34:28 +0200] "GET / HTTP/1.1" 200 12450 "http://www.germes-trans.com//?s=AMAZON+TRANSPORTER" "Mozilla/4.61 [en] (X11; U; ) - BrowseX (2.0.0 Windows)"
68.180.228.167 - - [10/Jun/2015:19:11:08 +0200] "GET /robots.txt HTTP/1.1" 304 - "-" "Mozilla/5.0 (compatible; Yahoo! Slurp; http://help.yahoo.com/help/us/ysearch/slurp)"
68.180.228.167 - - [10/Jun/2015:19:11:08 +0200] "GET /seiten/gastdialyse.php HTTP/1.1" 200 12279 "-" "Mozilla/5.0 (compatible; Yahoo! Slurp; http://help.yahoo.com/help/us/ysearch/slurp)"
81.169.144.135 - - [10/Jun/2015:21:55:14 +0200] "GET / HTTP/1.1" 200 12450 "http://www.uasb.ru/" "Opera/8.01 (Windows NT 5.1)"
81.169.144.135 - - [10/Jun/2015:22:08:40 +0200] "GET / HTTP/1.1" 200 12450 "http://www.slkrm.ru/" "Mozilla/4.0 (compatible; MSIE 6.0; Windows XP)"
81.169.144.135 - - [10/Jun/2015:22:08:40 +0200] "GET / HTTP/1.1" 200 12450 "http://www.slkrm.ru/" "Mozilla/4.0 (compatible; MSIE 6.0; Windows XP)"
81.169.144.135 - - [10/Jun/2015:22:08:41 +0200] "GET / HTTP/1.1" 200 12450 "http://www.slkrm.ru/" "Mozilla/4.0 (compatible; MSIE 6.0; Windows XP)"
66.249.67.19 - - [10/Jun/2015:22:27:28 +0200] "GET /robots.txt HTTP/1.1" 200 5308 "-" "Mozilla/5.0 (compatible; Googlebot/2.1; +http://www.google.com/bot.html)"
66.249.78.85 - - [10/Jun/2015:22:27:28 +0200] "GET / HTTP/1.1" 200 12450 "-" "Mozilla/5.0 (compatible; Googlebot/2.1; +http://www.google.com/bot.html)"
87.152.20.143 - - [10/Jun/2015:23:20:55 +0200] "GET /img/dr2.jpg HTTP/1.1" 200 70452 "http://www.vebidoo.de/matthias+schr%C3%B6der" "Mozilla/5.0 (iPhone; CPU iPhone OS 8_3 like Mac OS X) AppleWebKit/600.1.4 (KHTML, like Gecko) Version/8.0 Mobile/12F70 Safari/600.1.4"
87.152.20.143 - - [10/Jun/2015:23:26:20 +0200] "GET /img/dr2.jpg HTTP/1.1" 200 70452 "http://www.vebidoo.de/matthias+schr%C3%B6der" "Mozilla/5.0 (iPhone; CPU iPhone OS 8_3 like Mac OS X) AppleWebKit/600.1.4 (KHTML, like Gecko) Version/8.0 Mobile/12F70 Safari/600.1.4"
188.194.24.27 - - [11/Jun/2015:00:12:00 +0200] "GET / HTTP/1.1" 200 12450 "http://www.google.de/url?sa=t&rct=j&q=&esrc=s&source=web&cd=4&cad=rja&uact=8&ved=0CEQQoAIwA2oVChMIz6q9tJKGxgIVCr8UCh0avgDP&url=http%3A%2F%2Fwww.dialyse-kreuzberg-friedrichshain.de%2F&ei=9rV4Vc_XOYr-Upr8gvgM&usg=AFQjCNHwD7Cm_-1SjOMxO2BTNyKXLheTzg&bvm=bv.95277229,d.d24" "Mozilla/5.0 (Windows NT 6.3; WOW64; rv:38.0) Gecko/20100101 Firefox/38.0"
188.194.24.27 - - [11/Jun/2015:00:12:00 +0200] "GET /css/dkf.css HTTP/1.1" 200 7223 "http://www.dialyse-kreuzberg-friedrichshain.de/" "Mozilla/5.0 (Windows NT 6.3; WOW64; rv:38.0) Gecko/20100101 Firefox/38.0"
188.194.24.27 - - [11/Jun/2015:00:12:00 +0200] "GET /scripte/time.js HTTP/1.1" 200 1040 "http://www.dialyse-kreuzberg-friedrichshain.de/" "Mozilla/5.0 (Windows NT 6.3; WOW64; rv:38.0) Gecko/20100101 Firefox/38.0"
188.194.24.27 - - [11/Jun/2015:00:12:00 +0200] "GET /scripte/time2.js HTTP/1.1" 200 682 "http://www.dialyse-kreuzberg-friedrichshain.de/" "Mozilla/5.0 (Windows NT 6.3; WOW64; rv:38.0) Gecko/20100101 Firefox/38.0"
188.194.24.27 - - [11/Jun/2015:00:12:00 +0200] "GET /img/bogen2.gif HTTP/1.1" 200 578 "http://www.dialyse-kreuzberg-friedrichshain.de/" "Mozilla/5.0 (Windows NT 6.3; WOW64; rv:38.0) Gecko/20100101 Firefox/38.0"
188.194.24.27 - - [11/Jun/2015:00:12:00 +0200] "GET /img/1px.gif HTTP/1.1" 200 43 "http://www.dialyse-kreuzberg-friedrichshain.de/" "Mozilla/5.0 (Windows NT 6.3; WOW64; rv:38.0) Gecko/20100101 Firefox/38.0"
188.194.24.27 - - [11/Jun/2015:00:12:00 +0200] "GET /img/men_ob.jpg HTTP/1.1" 200 489 "http://www.dialyse-kreuzberg-friedrichshain.de/" "Mozilla/5.0 (Windows NT 6.3; WOW64; rv:38.0) Gecko/20100101 Firefox/38.0"
188.194.24.27 - - [11/Jun/2015:00:12:00 +0200] "GET /img/bog01.jpg HTTP/1.1" 200 412 "http://www.dialyse-kreuzberg-friedrichshain.de/" "Mozilla/5.0 (Windows NT 6.3; WOW64; rv:38.0) Gecko/20100101 Firefox/38.0"
188.194.24.27 - - [11/Jun/2015:00:12:00 +0200] "GET /img/bog02.jpg HTTP/1.1" 200 563 "http://www.dialyse-kreuzberg-friedrichshain.de/" "Mozilla/5.0 (Windows NT 6.3; WOW64; rv:38.0) Gecko/20100101 Firefox/38.0"
188.194.24.27 - - [11/Jun/2015:00:12:01 +0200] "GET /img/s3a.gif HTTP/1.1" 200 27947 "http://www.dialyse-kreuzberg-friedrichshain.de/" "Mozilla/5.0 (Windows NT 6.3; WOW64; rv:38.0) Gecko/20100101 Firefox/38.0"
188.194.24.27 - - [11/Jun/2015:00:12:01 +0200] "GET /img/s2.gif HTTP/1.1" 200 17668 "http://www.dialyse-kreuzberg-friedrichshain.de/" "Mozilla/5.0 (Windows NT 6.3; WOW64; rv:38.0) Gecko/20100101 Firefox/38.0"
188.194.24.27 - - [11/Jun/2015:00:12:01 +0200] "GET /img/lay01.jpg HTTP/1.1" 200 8988 "http://www.dialyse-kreuzberg-friedrichshain.de/" "Mozilla/5.0 (Windows NT 6.3; WOW64; rv:38.0) Gecko/20100101 Firefox/38.0"
188.194.24.27 - - [11/Jun/2015:00:12:01 +0200] "GET /img/lay02.jpg HTTP/1.1" 200 8080 "http://www.dialyse-kreuzberg-friedrichshain.de/" "Mozilla/5.0 (Windows NT 6.3; WOW64; rv:38.0) Gecko/20100101 Firefox/38.0"
188.194.24.27 - - [11/Jun/2015:00:12:01 +0200] "GET /img/lay03.jpg HTTP/1.1" 200 6594 "http://www.dialyse-kreuzberg-friedrichshain.de/" "Mozilla/5.0 (Windows NT 6.3; WOW64; rv:38.0) Gecko/20100101 Firefox/38.0"
188.194.24.27 - - [11/Jun/2015:00:12:01 +0200] "GET /img/head_bg.jpg HTTP/1.1" 200 404 "http://www.dialyse-kreuzberg-friedrichshain.de/" "Mozilla/5.0 (Windows NT 6.3; WOW64; rv:38.0) Gecko/20100101 Firefox/38.0"
188.194.24.27 - - [11/Jun/2015:00:12:01 +0200] "GET /img/menue_bg.jpg HTTP/1.1" 200 404 "http://www.dialyse-kreuzberg-friedrichshain.de/" "Mozilla/5.0 (Windows NT 6.3; WOW64; rv:38.0) Gecko/20100101 Firefox/38.0"
188.194.24.27 - - [11/Jun/2015:00:12:01 +0200] "GET /img/blue_bg.jpg HTTP/1.1" 200 308 "http://www.dialyse-kreuzberg-friedrichshain.de/" "Mozilla/5.0 (Windows NT 6.3; WOW64; rv:38.0) Gecko/20100101 Firefox/38.0"
188.194.24.27 - - [11/Jun/2015:00:12:01 +0200] "GET /img/men_bg.jpg HTTP/1.1" 200 395 "http://www.dialyse-kreuzberg-friedrichshain.de/" "Mozilla/5.0 (Windows NT 6.3; WOW64; rv:38.0) Gecko/20100101 Firefox/38.0"
188.194.24.27 - - [11/Jun/2015:00:12:01 +0200] "GET /img/men_sh.jpg HTTP/1.1" 200 337 "http://www.dialyse-kreuzberg-friedrichshain.de/" "Mozilla/5.0 (Windows NT 6.3; WOW64; rv:38.0) Gecko/20100101 Firefox/38.0"
188.194.24.27 - - [11/Jun/2015:00:12:01 +0200] "GET /img/main_bg.jpg HTTP/1.1" 200 14795 "http://www.dialyse-kreuzberg-friedrichshain.de/" "Mozilla/5.0 (Windows NT 6.3; WOW64; rv:38.0) Gecko/20100101 Firefox/38.0"
188.194.24.27 - - [11/Jun/2015:00:12:02 +0200] "GET /img/main_bg01.jpg HTTP/1.1" 200 5803 "http://www.dialyse-kreuzberg-friedrichshain.de/css/dkf.css" "Mozilla/5.0 (Windows NT 6.3; WOW64; rv:38.0) Gecko/20100101 Firefox/38.0"
188.194.24.27 - - [11/Jun/2015:00:12:02 +0200] "GET /img/re_bg.jpg HTTP/1.1" 200 462 "http://www.dialyse-kreuzberg-friedrichshain.de/" "Mozilla/5.0 (Windows NT 6.3; WOW64; rv:38.0) Gecko/20100101 Firefox/38.0"
188.194.24.27 - - [11/Jun/2015:00:12:02 +0200] "GET /img/bg_unten.jpg HTTP/1.1" 200 2567 "http://www.dialyse-kreuzberg-friedrichshain.de/" "Mozilla/5.0 (Windows NT 6.3; WOW64; rv:38.0) Gecko/20100101 Firefox/38.0"
188.194.24.27 - - [11/Jun/2015:00:12:02 +0200] "GET /img/orange_bg.jpg HTTP/1.1" 200 304 "http://www.dialyse-kreuzberg-friedrichshain.de/" "Mozilla/5.0 (Windows NT 6.3; WOW64; rv:38.0) Gecko/20100101 Firefox/38.0"
188.194.24.27 - - [11/Jun/2015:00:12:03 +0200] "GET /favicon.ico HTTP/1.1" 404 1256 "-" "Mozilla/5.0 (Windows NT 6.3; WOW64; rv:38.0) Gecko/20100101 Firefox/38.0"
188.194.24.27 - - [11/Jun/2015:00:12:03 +0200] "GET /favicon.ico HTTP/1.1" 404 1256 "-" "Mozilla/5.0 (Windows NT 6.3; WOW64; rv:38.0) Gecko/20100101 Firefox/38.0"
162.249.90.202 - - [11/Jun/2015:00:12:17 +0200] "GET /robots.txt HTTP/1.0" 200 5308 "-" "maluuba-crawler/Nutch-1.6"
162.249.90.202 - - [11/Jun/2015:00:12:17 +0200] "GET /seiten/quali.htm HTTP/1.0" 200 13460 "-" "maluuba-crawler/Nutch-1.6"
141.8.189.118 - - [11/Jun/2015:00:19:16 +0200] "GET /robots.txt HTTP/1.1" 200 5308 "-" "Mozilla/5.0 (compatible; YandexBot/3.0; +http://yandex.com/bots)"
188.194.24.27 - - [11/Jun/2015:00:21:26 +0200] "GET /seiten/dialyse.htm HTTP/1.1" 200 13678 "http://www.dialyse-kreuzberg-friedrichshain.de/" "Mozilla/5.0 (Windows NT 6.3; WOW64; rv:38.0) Gecko/20100101 Firefox/38.0"
188.194.24.27 - - [11/Jun/2015:00:21:27 +0200] "GET /img/bogen.gif HTTP/1.1" 200 889 "http://www.dialyse-kreuzberg-friedrichshain.de/seiten/dialyse.htm" "Mozilla/5.0 (Windows NT 6.3; WOW64; rv:38.0) Gecko/20100101 Firefox/38.0"
188.194.24.27 - - [11/Jun/2015:00:21:27 +0200] "GET /img/main_unten.jpg HTTP/1.1" 200 1800 "http://www.dialyse-kreuzberg-friedrichshain.de/seiten/dialyse.htm" "Mozilla/5.0 (Windows NT 6.3; WOW64; rv:38.0) Gecko/20100101 Firefox/38.0"
188.194.24.27 - - [11/Jun/2015:00:21:27 +0200] "GET /img/dialyse6a.jpg HTTP/1.1" 200 43416 "http://www.dialyse-kreuzberg-friedrichshain.de/seiten/dialyse.htm" "Mozilla/5.0 (Windows NT 6.3; WOW64; rv:38.0) Gecko/20100101 Firefox/38.0"
188.194.24.27 - - [11/Jun/2015:00:21:27 +0200] "GET /img/top.gif HTTP/1.1" 200 898 "http://www.dialyse-kreuzberg-friedrichshain.de/seiten/dialyse.htm" "Mozilla/5.0 (Windows NT 6.3; WOW64; rv:38.0) Gecko/20100101 Firefox/38.0"
208.115.111.72 - - [11/Jun/2015:00:21:36 +0200] "GET /robots.txt HTTP/1.1" 200 5308 "-" "Mozilla/5.0 (compatible; DotBot/1.1; http://www.opensiteexplorer.org/dotbot, help@moz.com)"
188.194.24.27 - - [11/Jun/2015:00:21:39 +0200] "GET /seiten/ds.htm HTTP/1.1" 200 15444 "http://www.dialyse-kreuzberg-friedrichshain.de/seiten/dialyse.htm" "Mozilla/5.0 (Windows NT 6.3; WOW64; rv:38.0) Gecko/20100101 Firefox/38.0"
188.194.24.27 - - [11/Jun/2015:00:21:46 +0200] "GET /seiten/kontakt.php HTTP/1.1" 200 13535 "http://www.dialyse-kreuzberg-friedrichshain.de/seiten/ds.htm" "Mozilla/5.0 (Windows NT 6.3; WOW64; rv:38.0) Gecko/20100101 Firefox/38.0"
188.194.24.27 - - [11/Jun/2015:00:21:46 +0200] "GET /img/ubahn.gif HTTP/1.1" 200 1980 "http://www.dialyse-kreuzberg-friedrichshain.de/seiten/kontakt.php" "Mozilla/5.0 (Windows NT 6.3; WOW64; rv:38.0) Gecko/20100101 Firefox/38.0"
188.194.24.27 - - [11/Jun/2015:00:21:46 +0200] "GET /img/kontakt.jpg HTTP/1.1" 200 57854 "http://www.dialyse-kreuzberg-friedrichshain.de/seiten/kontakt.php" "Mozilla/5.0 (Windows NT 6.3; WOW64; rv:38.0) Gecko/20100101 Firefox/38.0"
188.194.24.27 - - [11/Jun/2015:00:23:19 +0200] "GET /seiten/praxis.htm HTTP/1.1" 200 15062 "http://www.dialyse-kreuzberg-friedrichshain.de/seiten/kontakt.php" "Mozilla/5.0 (Windows NT 6.3; WOW64; rv:38.0) Gecko/20100101 Firefox/38.0"
188.194.24.27 - - [11/Jun/2015:00:23:19 +0200] "GET /img/dr2.jpg HTTP/1.1" 200 70452 "http://www.dialyse-kreuzberg-friedrichshain.de/seiten/praxis.htm" "Mozilla/5.0 (Windows NT 6.3; WOW64; rv:38.0) Gecko/20100101 Firefox/38.0"
188.194.24.27 - - [11/Jun/2015:00:23:19 +0200] "GET /img/dr2a.gif HTTP/1.1" 200 37919 "http://www.dialyse-kreuzberg-friedrichshain.de/seiten/praxis.htm" "Mozilla/5.0 (Windows NT 6.3; WOW64; rv:38.0) Gecko/20100101 Firefox/38.0"
141.8.189.118 - - [11/Jun/2015:00:44:22 +0200] "GET /seiten/dialyse.htm HTTP/1.1" 200 13678 "-" "Mozilla/5.0 (compatible; YandexBot/3.0; +http://yandex.com/bots)"
81.169.144.135 - - [11/Jun/2015:01:10:47 +0200] "GET / HTTP/1.1" 206 5001 "-" "Mozilla/5.0 (Windows; U; Windows NT 5.1; en-US; rv:1.8.1.1) Gecko/20061204 Firefox/2.0.0.1"
186.89.143.142 - - [11/Jun/2015:01:38:22 +0200] "GET /seiten/dialyse.htm HTTP/1.0" 200 13678 "http://www.dialyse-kreuzberg-friedrichshain.de/seiten/dialyse.htm" "Mozilla/4.0 (compatible; MSIE 6.0; Windows NT 5.1; SV1)"
208.115.111.72 - - [11/Jun/2015:01:46:23 +0200] "GET /seiten/kontakt.php HTTP/1.1" 200 13535 "-" "Mozilla/5.0 (compatible; DotBot/1.1; http://www.opensiteexplorer.org/dotbot, help@moz.com)"
207.46.13.82 - - [11/Jun/2015:01:48:09 +0200] "GET /robots.txt HTTP/1.1" 200 5308 "-" "Mozilla/5.0 (compatible; bingbot/2.0; +http://www.bing.com/bingbot.htm)"
207.46.13.82 - - [11/Jun/2015:01:48:24 +0200] "GET / HTTP/1.1" 200 12450 "-" "Mozilla/5.0 (compatible; bingbot/2.0; +http://www.bing.com/bingbot.htm)"
81.169.144.135 - - [11/Jun/2015:02:10:41 +0200] "GET /fckeditor/editor/filemanager/connectors/uploadtest.html HTTP/1.1" 404 1256 "http://www.dialysepraxis.eu/fckeditor/editor/filemanager/connectors/uploadtest.html" "Mozilla/5.0 (Windows NT 5.2; WOW64; rv:33.0) Gecko/20100101 Firefox/33.0"
208.115.111.72 - - [11/Jun/2015:02:17:44 +0200] "GET /robots.txt HTTP/1.1" 200 5308 "-" "Mozilla/5.0 (compatible; DotBot/1.1; http://www.opensiteexplorer.org/dotbot, help@moz.com)"
66.249.78.92 - - [11/Jun/2015:02:45:06 +0200] "GET / HTTP/1.1" 200 12450 "-" "Mozilla/5.0 (compatible; Googlebot/2.1; +http://www.google.com/bot.html)"
208.115.111.72 - - [11/Jun/2015:02:45:54 +0200] "GET / HTTP/1.1" 200 12450 "-" "Mozilla/5.0 (compatible; DotBot/1.1; http://www.opensiteexplorer.org/dotbot, help@moz.com)"
157.55.39.125 - - [11/Jun/2015:03:13:08 +0200] "GET /seiten/kontakt.php HTTP/1.1" 200 13535 "-" "Mozilla/5.0 (iPhone; CPU iPhone OS 7_0 like Mac OS X) AppleWebKit/537.51.1 (KHTML, like Gecko) Version/7.0 Mobile/11A465 Safari/9537.53 (compatible; bingbot/2.0; http://www.bing.com/bingbot.htm)"
65.78.117.21 - - [11/Jun/2015:03:13:53 +0200] "HEAD / HTTP/1.1" 200 - "-" "Mozilla/5.0 (compatible; pmoz.info ODP link checker; +http://pmoz.info/doc/botinfo.htm)"
81.169.144.135 - - [11/Jun/2015:03:29:12 +0200] "GET / HTTP/1.1" 200 12450 "http://euromasterclass.ru/" "Mozilla/4.0 (compatible; MSIE 6.0; Windows NT 5.1; ru) Opera 8.01"
81.169.144.135 - - [11/Jun/2015:03:29:13 +0200] "GET / HTTP/1.1" 200 12450 "http://euromasterclass.ru/" "Mozilla/4.0 (compatible; MSIE 6.0; Windows NT 5.1; ru) Opera 8.01"
81.169.144.135 - - [11/Jun/2015:03:29:13 +0200] "GET / HTTP/1.1" 200 12450 "http://euromasterclass.ru/" "Mozilla/4.0 (compatible; MSIE 6.0; Windows NT 5.1; ru) Opera 8.01"
66.249.78.99 - - [11/Jun/2015:03:52:41 +0200] "GET /seiten/quali.htm HTTP/1.1" 200 13460 "-" "SAMSUNG-SGH-E250/1.0 Profile/MIDP-2.0 Configuration/CLDC-1.1 UP.Browser/6.2.3.3.c.1.101 (GUI) MMP/2.0 (compatible; Googlebot-Mobile/2.1; +http://www.google.com/bot.html)"
81.169.144.135 - - [11/Jun/2015:04:00:49 +0200] "GET / HTTP/1.1" 200 12450 "-" "Mozilla/5.0 (X11; U; Linux i686; en-US; rv:1.7.5) Gecko/20041107 Firefox/1.0"
81.0.199.226 - - [11/Jun/2015:05:41:38 +0200] "GET / HTTP/1.1" 200 12450 "-" "Mozilla/5.0 (Macintosh; Intel Mac OS X 10.7; rv:22.0) Gecko/20100101 Firefox/22.0"
81.169.144.135 - - [11/Jun/2015:06:15:12 +0200] "GET / HTTP/1.1" 200 12450 "http://alpharma.net/" "Mozilla/4.0 (compatible; MSIE 6.0; Windows NT 5.1)"
46.165.197.141 - - [11/Jun/2015:06:15:50 +0200] "GET /robots.txt HTTP/1.0" 200 5308 "-" "Mozilla/5.0 (compatible; MJ12bot/v1.4.5; http://www.majestic12.co.uk/bot.php?+)"
46.165.197.141 - - [11/Jun/2015:06:15:51 +0200] "GET / HTTP/1.0" 200 12450 "-" "Mozilla/5.0 (compatible; MJ12bot/v1.4.5; http://www.majestic12.co.uk/bot.php?+)"
199.58.86.209 - - [11/Jun/2015:06:51:53 +0200] "GET /robots.txt HTTP/1.0" 200 5308 "-" "Mozilla/5.0 (compatible; MJ12bot/v1.4.5; http://www.majestic12.co.uk/bot.php?+)"
199.58.86.209 - - [11/Jun/2015:06:51:55 +0200] "GET / HTTP/1.0" 200 12450 "-" "Mozilla/5.0 (compatible; MJ12bot/v1.4.5; http://www.majestic12.co.uk/bot.php?+)"
207.46.13.56 - - [11/Jun/2015:07:15:39 +0200] "GET /seiten/quali.htm HTTP/1.1" 200 13460 "-" "Mozilla/5.0 (compatible; bingbot/2.0; +http://www.bing.com/bingbot.htm)"
66.249.78.85 - - [11/Jun/2015:07:26:06 +0200] "GET / HTTP/1.1" 200 12450 "-" "Mozilla/5.0 (compatible; Googlebot/2.1; +http://www.google.com/bot.html)"
204.236.235.245 - - [11/Jun/2015:07:49:07 +0200] "GET /robots.txt HTTP/1.0" 200 5308 "-" "ia_archiver"
81.169.144.135 - - [11/Jun/2015:08:10:42 +0200] "GET /robots.txt HTTP/1.1" 200 5308 "-" "Mozilla/5.0 (compatible; Googlebot/2.1; +http://www.google.com/bot.html)"
81.169.144.135 - - [11/Jun/2015:08:10:43 +0200] "GET / HTTP/1.1" 200 12450 "-" "Mozilla/5.0 (compatible; Googlebot/2.1; +http://www.google.com/bot.html)"
81.169.144.135 - - [11/Jun/2015:08:11:00 +0200] "GET /css/dkf.css HTTP/1.1" 200 7223 "-" "Mozilla/5.0 (compatible; Googlebot/2.1; +http://www.google.com/bot.html)"
83.149.126.98 - - [11/Jun/2015:08:24:07 +0200] "GET /robots.txt HTTP/1.0" 200 5308 "-" "Mozilla/5.0 (compatible; MJ12bot/v1.4.5; http://www.majestic12.co.uk/bot.php?+)"
83.149.126.98 - - [11/Jun/2015:08:24:09 +0200] "GET /seiten/impressum.htm HTTP/1.0" 200 14153 "-" "Mozilla/5.0 (compatible; MJ12bot/v1.4.5; http://www.majestic12.co.uk/bot.php?+)"
83.149.126.98 - - [11/Jun/2015:08:24:11 +0200] "GET /seiten/kontakt.php HTTP/1.0" 200 13535 "-" "Mozilla/5.0 (compatible; MJ12bot/v1.4.5; http://www.majestic12.co.uk/bot.php?+)"
207.46.13.69 - - [11/Jun/2015:09:07:25 +0200] "GET /seiten/info.htm HTTP/1.1" 200 14653 "-" "Mozilla/5.0 (compatible; bingbot/2.0; +http://www.bing.com/bingbot.htm)"
64.246.187.42 - - [11/Jun/2015:09:11:10 +0200] "GET /robots.txt HTTP/1.0" 200 5308 "-" "Mozilla/5.0 (Windows; U; Windows NT 5.1; en; rv:1.9.0.13) Gecko/2009073022 Firefox/3.5.2 (.NET CLR 3.5.30729) SurveyBot/2.3 (DomainTools)"
64.246.187.42 - - [11/Jun/2015:09:11:11 +0200] "GET / HTTP/1.1" 200 12450 "http://whois.domaintools.com/dialyse-kreuzberg-friedrichshain.de" "Mozilla/5.0 (Windows; U; Windows NT 5.1; en; rv:1.9.0.13) Gecko/2009073022 Firefox/3.5.2 (.NET CLR 3.5.30729) SurveyBot/2.3 (DomainTools)"
207.46.13.69 - - [11/Jun/2015:09:26:12 +0200] "GET /img/quali_tab3_2010.jpg HTTP/1.1" 200 42979 "-" "msnbot-media/1.1 (+http://search.msn.com/msnbot.htm)"
68.180.228.167 - - [11/Jun/2015:09:37:26 +0200] "GET /seiten/quali.htm HTTP/1.1" 304 - "-" "Mozilla/5.0 (compatible; Yahoo! Slurp; http://help.yahoo.com/help/us/ysearch/slurp)"
188.194.24.27 - - [11/Jun/2015:09:43:53 +0200] "GET / HTTP/1.1" 200 12450 "-" "Mozilla/5.0 (Windows NT 6.3; WOW64; rv:38.0) Gecko/20100101 Firefox/38.0"
207.46.13.56 - - [11/Jun/2015:10:11:41 +0200] "GET /seiten/quali3.htm HTTP/1.1" 304 - "-" "Mozilla/5.0 (compatible; bingbot/2.0; +http://www.bing.com/bingbot.htm)"
207.46.13.82 - - [11/Jun/2015:10:11:57 +0200] "GET /img/dr2.jpg HTTP/1.1" 200 70452 "-" "msnbot-media/1.1 (+http://search.msn.com/msnbot.htm)"
207.46.13.56 - - [11/Jun/2015:10:46:21 +0200] "GET /seiten/info.htm HTTP/1.1" 200 14653 "-" "Mozilla/5.0 (compatible; bingbot/2.0; +http://www.bing.com/bingbot.htm)"
207.46.13.56 - - [11/Jun/2015:10:46:21 +0200] "GET /seiten/praxis.htm HTTP/1.1" 200 15062 "-" "Mozilla/5.0 (compatible; bingbot/2.0; +http://www.bing.com/bingbot.htm)"
207.46.13.56 - - [11/Jun/2015:10:46:22 +0200] "GET /seiten/ds.htm HTTP/1.1" 200 15444 "-" "Mozilla/5.0 (compatible; bingbot/2.0; +http://www.bing.com/bingbot.htm)"
207.46.13.56 - - [11/Jun/2015:10:46:22 +0200] "GET /seiten/gastdialyse.php HTTP/1.1" 200 12279 "-" "Mozilla/5.0 (compatible; bingbot/2.0; +http://www.bing.com/bingbot.htm)"
207.46.13.56 - - [11/Jun/2015:10:46:22 +0200] "GET /seiten/impressum.htm HTTP/1.1" 200 14153 "-" "Mozilla/5.0 (compatible; bingbot/2.0; +http://www.bing.com/bingbot.htm)"
157.55.39.76 - - [11/Jun/2015:10:46:24 +0200] "GET /seiten/quali2.htm HTTP/1.1" 200 12891 "-" "Mozilla/5.0 (compatible; bingbot/2.0; +http://www.bing.com/bingbot.htm)"
207.46.13.82 - - [11/Jun/2015:10:48:26 +0200] "GET /robots.txt HTTP/1.1" 200 5308 "-" "Mozilla/5.0 (compatible; bingbot/2.0; +http://www.bing.com/bingbot.htm)"
199.58.86.206 - - [11/Jun/2015:11:40:31 +0200] "GET /robots.txt HTTP/1.0" 200 5308 "-" "Mozilla/5.0 (compatible; MJ12bot/v1.4.5; http://www.majestic12.co.uk/bot.php?+)"
199.58.86.206 - - [11/Jun/2015:11:40:33 +0200] "GET / HTTP/1.0" 200 12450 "-" "Mozilla/5.0 (compatible; MJ12bot/v1.4.5; http://www.majestic12.co.uk/bot.php?+)"
188.40.116.67 - - [11/Jun/2015:11:46:21 +0200] "GET / HTTP/1.1" 200 12450 "https://www.google.com" "Mozilla/5.0 (X11; U; Linux x86_64; de; rv:1.9.2.8) Gecko/20100723 Ubuntu/10.04 (lucid) Firefox/3.6.8"
188.40.116.67 - - [11/Jun/2015:11:46:21 +0200] "GET / HTTP/1.1" 200 12450 "https://www.google.com" "Mozilla/5.0 (X11; U; Linux x86_64; de; rv:1.9.2.8) Gecko/20100723 Ubuntu/10.04 (lucid) Firefox/3.6.8"
188.40.116.67 - - [11/Jun/2015:11:46:21 +0200] "GET / HTTP/1.1" 200 12450 "https://www.google.com" "Mozilla/5.0 (X11; U; Linux x86_64; de; rv:1.9.2.8) Gecko/20100723 Ubuntu/10.04 (lucid) Firefox/3.6.8"
79.234.98.231 - - [11/Jun/2015:12:31:27 +0200] "GET / HTTP/1.1" 200 12450 "https://www.google.de/" "Mozilla/5.0 (Windows NT 6.0) AppleWebKit/537.36 (KHTML, like Gecko) Chrome/43.0.2357.124 Safari/537.36"
79.234.98.231 - - [11/Jun/2015:12:31:28 +0200] "GET /css/dkf.css HTTP/1.1" 200 7223 "http://www.dialyse-kreuzberg-friedrichshain.de/" "Mozilla/5.0 (Windows NT 6.0) AppleWebKit/537.36 (KHTML, like Gecko) Chrome/43.0.2357.124 Safari/537.36"
79.234.98.231 - - [11/Jun/2015:12:31:28 +0200] "GET /scripte/time.js HTTP/1.1" 200 1040 "http://www.dialyse-kreuzberg-friedrichshain.de/" "Mozilla/5.0 (Windows NT 6.0) AppleWebKit/537.36 (KHTML, like Gecko) Chrome/43.0.2357.124 Safari/537.36"
79.234.98.231 - - [11/Jun/2015:12:31:28 +0200] "GET /scripte/time2.js HTTP/1.1" 200 682 "http://www.dialyse-kreuzberg-friedrichshain.de/" "Mozilla/5.0 (Windows NT 6.0) AppleWebKit/537.36 (KHTML, like Gecko) Chrome/43.0.2357.124 Safari/537.36"
79.234.98.231 - - [11/Jun/2015:12:31:28 +0200] "GET /img/1px.gif HTTP/1.1" 200 43 "http://www.dialyse-kreuzberg-friedrichshain.de/" "Mozilla/5.0 (Windows NT 6.0) AppleWebKit/537.36 (KHTML, like Gecko) Chrome/43.0.2357.124 Safari/537.36"
79.234.98.231 - - [11/Jun/2015:12:31:28 +0200] "GET /img/men_ob.jpg HTTP/1.1" 200 489 "http://www.dialyse-kreuzberg-friedrichshain.de/" "Mozilla/5.0 (Windows NT 6.0) AppleWebKit/537.36 (KHTML, like Gecko) Chrome/43.0.2357.124 Safari/537.36"
79.234.98.231 - - [11/Jun/2015:12:31:28 +0200] "GET /img/bog01.jpg HTTP/1.1" 200 412 "http://www.dialyse-kreuzberg-friedrichshain.de/" "Mozilla/5.0 (Windows NT 6.0) AppleWebKit/537.36 (KHTML, like Gecko) Chrome/43.0.2357.124 Safari/537.36"
79.234.98.231 - - [11/Jun/2015:12:31:28 +0200] "GET /img/bog02.jpg HTTP/1.1" 200 563 "http://www.dialyse-kreuzberg-friedrichshain.de/" "Mozilla/5.0 (Windows NT 6.0) AppleWebKit/537.36 (KHTML, like Gecko) Chrome/43.0.2357.124 Safari/537.36"
79.234.98.231 - - [11/Jun/2015:12:31:28 +0200] "GET /img/s2.gif HTTP/1.1" 200 17668 "http://www.dialyse-kreuzberg-friedrichshain.de/" "Mozilla/5.0 (Windows NT 6.0) AppleWebKit/537.36 (KHTML, like Gecko) Chrome/43.0.2357.124 Safari/537.36"
79.234.98.231 - - [11/Jun/2015:12:31:28 +0200] "GET /img/bogen2.gif HTTP/1.1" 200 578 "http://www.dialyse-kreuzberg-friedrichshain.de/" "Mozilla/5.0 (Windows NT 6.0) AppleWebKit/537.36 (KHTML, like Gecko) Chrome/43.0.2357.124 Safari/537.36"
79.234.98.231 - - [11/Jun/2015:12:31:28 +0200] "GET /img/lay01.jpg HTTP/1.1" 200 8988 "http://www.dialyse-kreuzberg-friedrichshain.de/" "Mozilla/5.0 (Windows NT 6.0) AppleWebKit/537.36 (KHTML, like Gecko) Chrome/43.0.2357.124 Safari/537.36"
79.234.98.231 - - [11/Jun/2015:12:31:28 +0200] "GET /img/lay02.jpg HTTP/1.1" 200 8080 "http://www.dialyse-kreuzberg-friedrichshain.de/" "Mozilla/5.0 (Windows NT 6.0) AppleWebKit/537.36 (KHTML, like Gecko) Chrome/43.0.2357.124 Safari/537.36"
79.234.98.231 - - [11/Jun/2015:12:31:28 +0200] "GET /img/lay03.jpg HTTP/1.1" 200 6594 "http://www.dialyse-kreuzberg-friedrichshain.de/" "Mozilla/5.0 (Windows NT 6.0) AppleWebKit/537.36 (KHTML, like Gecko) Chrome/43.0.2357.124 Safari/537.36"
79.234.98.231 - - [11/Jun/2015:12:31:28 +0200] "GET /img/head_bg.jpg HTTP/1.1" 200 404 "http://www.dialyse-kreuzberg-friedrichshain.de/" "Mozilla/5.0 (Windows NT 6.0) AppleWebKit/537.36 (KHTML, like Gecko) Chrome/43.0.2357.124 Safari/537.36"
79.234.98.231 - - [11/Jun/2015:12:31:28 +0200] "GET /img/s3a.gif HTTP/1.1" 200 27947 "http://www.dialyse-kreuzberg-friedrichshain.de/" "Mozilla/5.0 (Windows NT 6.0) AppleWebKit/537.36 (KHTML, like Gecko) Chrome/43.0.2357.124 Safari/537.36"
79.234.98.231 - - [11/Jun/2015:12:31:28 +0200] "GET /img/menue_bg.jpg HTTP/1.1" 200 404 "http://www.dialyse-kreuzberg-friedrichshain.de/" "Mozilla/5.0 (Windows NT 6.0) AppleWebKit/537.36 (KHTML, like Gecko) Chrome/43.0.2357.124 Safari/537.36"
79.234.98.231 - - [11/Jun/2015:12:31:28 +0200] "GET /img/blue_bg.jpg HTTP/1.1" 200 308 "http://www.dialyse-kreuzberg-friedrichshain.de/" "Mozilla/5.0 (Windows NT 6.0) AppleWebKit/537.36 (KHTML, like Gecko) Chrome/43.0.2357.124 Safari/537.36"
79.234.98.231 - - [11/Jun/2015:12:31:28 +0200] "GET /img/men_bg.jpg HTTP/1.1" 200 395 "http://www.dialyse-kreuzberg-friedrichshain.de/" "Mozilla/5.0 (Windows NT 6.0) AppleWebKit/537.36 (KHTML, like Gecko) Chrome/43.0.2357.124 Safari/537.36"
79.234.98.231 - - [11/Jun/2015:12:31:28 +0200] "GET /img/men_sh.jpg HTTP/1.1" 200 337 "http://www.dialyse-kreuzberg-friedrichshain.de/" "Mozilla/5.0 (Windows NT 6.0) AppleWebKit/537.36 (KHTML, like Gecko) Chrome/43.0.2357.124 Safari/537.36"
79.234.98.231 - - [11/Jun/2015:12:31:28 +0200] "GET /img/main_bg.jpg HTTP/1.1" 200 14795 "http://www.dialyse-kreuzberg-friedrichshain.de/" "Mozilla/5.0 (Windows NT 6.0) AppleWebKit/537.36 (KHTML, like Gecko) Chrome/43.0.2357.124 Safari/537.36"
79.234.98.231 - - [11/Jun/2015:12:31:28 +0200] "GET /img/main_bg01.jpg HTTP/1.1" 200 5803 "http://www.dialyse-kreuzberg-friedrichshain.de/css/dkf.css" "Mozilla/5.0 (Windows NT 6.0) AppleWebKit/537.36 (KHTML, like Gecko) Chrome/43.0.2357.124 Safari/537.36"
79.234.98.231 - - [11/Jun/2015:12:31:28 +0200] "GET /img/re_bg.jpg HTTP/1.1" 200 462 "http://www.dialyse-kreuzberg-friedrichshain.de/" "Mozilla/5.0 (Windows NT 6.0) AppleWebKit/537.36 (KHTML, like Gecko) Chrome/43.0.2357.124 Safari/537.36"
79.234.98.231 - - [11/Jun/2015:12:31:28 +0200] "GET /img/bg_unten.jpg HTTP/1.1" 200 2567 "http://www.dialyse-kreuzberg-friedrichshain.de/" "Mozilla/5.0 (Windows NT 6.0) AppleWebKit/537.36 (KHTML, like Gecko) Chrome/43.0.2357.124 Safari/537.36"
79.234.98.231 - - [11/Jun/2015:12:31:28 +0200] "GET /img/orange_bg.jpg HTTP/1.1" 200 304 "http://www.dialyse-kreuzberg-friedrichshain.de/" "Mozilla/5.0 (Windows NT 6.0) AppleWebKit/537.36 (KHTML, like Gecko) Chrome/43.0.2357.124 Safari/537.36"
79.234.98.231 - - [11/Jun/2015:12:31:28 +0200] "GET /favicon.ico HTTP/1.1" 404 1256 "http://www.dialyse-kreuzberg-friedrichshain.de/" "Mozilla/5.0 (Windows NT 6.0) AppleWebKit/537.36 (KHTML, like Gecko) Chrome/43.0.2357.124 Safari/537.36"
195.57.127.202 - - [11/Jun/2015:12:45:14 +0200] "GET /seiten/praxis.htm HTTP/1.1" 200 15062 "https://www.google.es/" "Mozilla/5.0 (Macintosh; Intel Mac OS X 10_8_5) AppleWebKit/537.36 (KHTML, like Gecko) Chrome/43.0.2357.81 Safari/537.36"
195.57.127.202 - - [11/Jun/2015:12:45:14 +0200] "GET /css/dkf.css HTTP/1.1" 200 7223 "http://www.dialyse-kreuzberg-friedrichshain.de/seiten/praxis.htm" "Mozilla/5.0 (Macintosh; Intel Mac OS X 10_8_5) AppleWebKit/537.36 (KHTML, like Gecko) Chrome/43.0.2357.81 Safari/537.36"
195.57.127.202 - - [11/Jun/2015:12:45:14 +0200] "GET /scripte/time.js HTTP/1.1" 200 1040 "http://www.dialyse-kreuzberg-friedrichshain.de/seiten/praxis.htm" "Mozilla/5.0 (Macintosh; Intel Mac OS X 10_8_5) AppleWebKit/537.36 (KHTML, like Gecko) Chrome/43.0.2357.81 Safari/537.36"
195.57.127.202 - - [11/Jun/2015:12:45:15 +0200] "GET /img/1px.gif HTTP/1.1" 200 43 "http://www.dialyse-kreuzberg-friedrichshain.de/seiten/praxis.htm" "Mozilla/5.0 (Macintosh; Intel Mac OS X 10_8_5) AppleWebKit/537.36 (KHTML, like Gecko) Chrome/43.0.2357.81 Safari/537.36"
195.57.127.202 - - [11/Jun/2015:12:45:15 +0200] "GET /scripte/time2.js HTTP/1.1" 200 682 "http://www.dialyse-kreuzberg-friedrichshain.de/seiten/praxis.htm" "Mozilla/5.0 (Macintosh; Intel Mac OS X 10_8_5) AppleWebKit/537.36 (KHTML, like Gecko) Chrome/43.0.2357.81 Safari/537.36"
195.57.127.202 - - [11/Jun/2015:12:45:15 +0200] "GET /img/men_ob.jpg HTTP/1.1" 200 489 "http://www.dialyse-kreuzberg-friedrichshain.de/seiten/praxis.htm" "Mozilla/5.0 (Macintosh; Intel Mac OS X 10_8_5) AppleWebKit/537.36 (KHTML, like Gecko) Chrome/43.0.2357.81 Safari/537.36"
195.57.127.202 - - [11/Jun/2015:12:45:15 +0200] "GET /img/bog01.jpg HTTP/1.1" 200 412 "http://www.dialyse-kreuzberg-friedrichshain.de/seiten/praxis.htm" "Mozilla/5.0 (Macintosh; Intel Mac OS X 10_8_5) AppleWebKit/537.36 (KHTML, like Gecko) Chrome/43.0.2357.81 Safari/537.36"
195.57.127.202 - - [11/Jun/2015:12:45:15 +0200] "GET /img/bog02.jpg HTTP/1.1" 200 563 "http://www.dialyse-kreuzberg-friedrichshain.de/seiten/praxis.htm" "Mozilla/5.0 (Macintosh; Intel Mac OS X 10_8_5) AppleWebKit/537.36 (KHTML, like Gecko) Chrome/43.0.2357.81 Safari/537.36"
195.57.127.202 - - [11/Jun/2015:12:45:15 +0200] "GET /img/dr2a.gif HTTP/1.1" 200 37919 "http://www.dialyse-kreuzberg-friedrichshain.de/seiten/praxis.htm" "Mozilla/5.0 (Macintosh; Intel Mac OS X 10_8_5) AppleWebKit/537.36 (KHTML, like Gecko) Chrome/43.0.2357.81 Safari/537.36"
195.57.127.202 - - [11/Jun/2015:12:45:15 +0200] "GET /img/dr2.jpg HTTP/1.1" 200 70452 "http://www.dialyse-kreuzberg-friedrichshain.de/seiten/praxis.htm" "Mozilla/5.0 (Macintosh; Intel Mac OS X 10_8_5) AppleWebKit/537.36 (KHTML, like Gecko) Chrome/43.0.2357.81 Safari/537.36"
195.57.127.202 - - [11/Jun/2015:12:45:15 +0200] "GET /img/blue_bg.jpg HTTP/1.1" 200 308 "http://www.dialyse-kreuzberg-friedrichshain.de/seiten/praxis.htm" "Mozilla/5.0 (Macintosh; Intel Mac OS X 10_8_5) AppleWebKit/537.36 (KHTML, like Gecko) Chrome/43.0.2357.81 Safari/537.36"
195.57.127.202 - - [11/Jun/2015:12:45:15 +0200] "GET /img/main_bg.jpg HTTP/1.1" 200 14795 "http://www.dialyse-kreuzberg-friedrichshain.de/css/dkf.css" "Mozilla/5.0 (Macintosh; Intel Mac OS X 10_8_5) AppleWebKit/537.36 (KHTML, like Gecko) Chrome/43.0.2357.81 Safari/537.36"
195.57.127.202 - - [11/Jun/2015:12:45:15 +0200] "GET /img/menue_bg.jpg HTTP/1.1" 200 404 "http://www.dialyse-kreuzberg-friedrichshain.de/seiten/praxis.htm" "Mozilla/5.0 (Macintosh; Intel Mac OS X 10_8_5) AppleWebKit/537.36 (KHTML, like Gecko) Chrome/43.0.2357.81 Safari/537.36"
195.57.127.202 - - [11/Jun/2015:12:45:15 +0200] "GET /img/men_bg.jpg HTTP/1.1" 200 395 "http://www.dialyse-kreuzberg-friedrichshain.de/seiten/praxis.htm" "Mozilla/5.0 (Macintosh; Intel Mac OS X 10_8_5) AppleWebKit/537.36 (KHTML, like Gecko) Chrome/43.0.2357.81 Safari/537.36"
195.57.127.202 - - [11/Jun/2015:12:45:15 +0200] "GET /img/lay01.jpg HTTP/1.1" 200 8988 "http://www.dialyse-kreuzberg-friedrichshain.de/seiten/praxis.htm" "Mozilla/5.0 (Macintosh; Intel Mac OS X 10_8_5) AppleWebKit/537.36 (KHTML, like Gecko) Chrome/43.0.2357.81 Safari/537.36"
195.57.127.202 - - [11/Jun/2015:12:45:15 +0200] "GET /img/lay02.jpg HTTP/1.1" 200 8080 "http://www.dialyse-kreuzberg-friedrichshain.de/seiten/praxis.htm" "Mozilla/5.0 (Macintosh; Intel Mac OS X 10_8_5) AppleWebKit/537.36 (KHTML, like Gecko) Chrome/43.0.2357.81 Safari/537.36"
195.57.127.202 - - [11/Jun/2015:12:45:15 +0200] "GET /img/lay03.jpg HTTP/1.1" 200 6594 "http://www.dialyse-kreuzberg-friedrichshain.de/seiten/praxis.htm" "Mozilla/5.0 (Macintosh; Intel Mac OS X 10_8_5) AppleWebKit/537.36 (KHTML, like Gecko) Chrome/43.0.2357.81 Safari/537.36"
195.57.127.202 - - [11/Jun/2015:12:45:16 +0200] "GET /img/main_bg01.jpg HTTP/1.1" 200 5803 "http://www.dialyse-kreuzberg-friedrichshain.de/css/dkf.css" "Mozilla/5.0 (Macintosh; Intel Mac OS X 10_8_5) AppleWebKit/537.36 (KHTML, like Gecko) Chrome/43.0.2357.81 Safari/537.36"
195.57.127.202 - - [11/Jun/2015:12:45:17 +0200] "GET /img/men_sh.jpg HTTP/1.1" 200 337 "http://www.dialyse-kreuzberg-friedrichshain.de/seiten/praxis.htm" "Mozilla/5.0 (Macintosh; Intel Mac OS X 10_8_5) AppleWebKit/537.36 (KHTML, like Gecko) Chrome/43.0.2357.81 Safari/537.36"
195.57.127.202 - - [11/Jun/2015:12:45:17 +0200] "GET /img/head_bg.jpg HTTP/1.1" 200 404 "http://www.dialyse-kreuzberg-friedrichshain.de/seiten/praxis.htm" "Mozilla/5.0 (Macintosh; Intel Mac OS X 10_8_5) AppleWebKit/537.36 (KHTML, like Gecko) Chrome/43.0.2357.81 Safari/537.36"
195.57.127.202 - - [11/Jun/2015:12:45:17 +0200] "GET /img/re_bg.jpg HTTP/1.1" 200 462 "http://www.dialyse-kreuzberg-friedrichshain.de/seiten/praxis.htm" "Mozilla/5.0 (Macintosh; Intel Mac OS X 10_8_5) AppleWebKit/537.36 (KHTML, like Gecko) Chrome/43.0.2357.81 Safari/537.36"
195.57.127.202 - - [11/Jun/2015:12:45:17 +0200] "GET /img/bogen.gif HTTP/1.1" 200 889 "http://www.dialyse-kreuzberg-friedrichshain.de/seiten/praxis.htm" "Mozilla/5.0 (Macintosh; Intel Mac OS X 10_8_5) AppleWebKit/537.36 (KHTML, like Gecko) Chrome/43.0.2357.81 Safari/537.36"
195.57.127.202 - - [11/Jun/2015:12:45:17 +0200] "GET /img/main_unten.jpg HTTP/1.1" 200 1800 "http://www.dialyse-kreuzberg-friedrichshain.de/seiten/praxis.htm" "Mozilla/5.0 (Macintosh; Intel Mac OS X 10_8_5) AppleWebKit/537.36 (KHTML, like Gecko) Chrome/43.0.2357.81 Safari/537.36"
195.57.127.202 - - [11/Jun/2015:12:45:17 +0200] "GET /img/orange_bg.jpg HTTP/1.1" 200 304 "http://www.dialyse-kreuzberg-friedrichshain.de/seiten/praxis.htm" "Mozilla/5.0 (Macintosh; Intel Mac OS X 10_8_5) AppleWebKit/537.36 (KHTML, like Gecko) Chrome/43.0.2357.81 Safari/537.36"
