199.30.20.77 - - [01/Jun/2013:03:02:43 +0200] "GET /robots.txt HTTP/1.1" 200 298 "-" "msnbot-media/1.1 (+http://search.msn.com/msnbot.htm)"
199.30.20.77 - - [01/Jun/2013:03:02:43 +0200] "GET /images/pixel.gif HTTP/1.1" 200 43 "-" "msnbot-media/1.1 (+http://search.msn.com/msnbot.htm)"
199.30.16.37 - - [01/Jun/2013:07:24:29 +0200] "GET /robots.txt HTTP/1.1" 200 298 "-" "msnbot-media/1.1 (+http://search.msn.com/msnbot.htm)"
199.30.16.37 - - [01/Jun/2013:07:24:30 +0200] "GET /env/jomox/images/10x10_CCCCCC.jpg HTTP/1.1" 200 631 "-" "msnbot-media/1.1 (+http://search.msn.com/msnbot.htm)"
204.12.208.162 - - [01/Jun/2013:08:10:36 +0200] "GET /robots.txt HTTP/1.0" 200 298 "-" "Mozilla/5.0 (compatible; MJ12bot/v1.4.3; http://www.majestic12.co.uk/bot.php?+)"
204.12.208.162 - - [01/Jun/2013:08:10:38 +0200] "GET /env/env.html HTTP/1.0" 200 12438 "-" "Mozilla/5.0 (compatible; MJ12bot/v1.4.3; http://www.majestic12.co.uk/bot.php?+)"
204.12.208.162 - - [01/Jun/2013:08:10:40 +0200] "GET /env/jomox/jomox.html HTTP/1.0" 200 14935 "-" "Mozilla/5.0 (compatible; MJ12bot/v1.4.3; http://www.majestic12.co.uk/bot.php?+)"
204.12.208.162 - - [01/Jun/2013:08:10:42 +0200] "GET /friends/friends.html HTTP/1.0" 401 1226 "-" "Mozilla/5.0 (compatible; MJ12bot/v1.4.3; http://www.majestic12.co.uk/bot.php?+)"
204.12.208.162 - - [01/Jun/2013:08:10:47 +0200] "GET /impressum/impressum.html HTTP/1.0" 200 7872 "-" "Mozilla/5.0 (compatible; MJ12bot/v1.4.3; http://www.majestic12.co.uk/bot.php?+)"
204.12.208.162 - - [01/Jun/2013:08:10:48 +0200] "GET /index.html HTTP/1.0" 200 15853 "-" "Mozilla/5.0 (compatible; MJ12bot/v1.4.3; http://www.majestic12.co.uk/bot.php?+)"
204.12.208.162 - - [01/Jun/2013:08:10:52 +0200] "GET /phpBB2/index.php HTTP/1.0" 401 1226 "-" "Mozilla/5.0 (compatible; MJ12bot/v1.4.3; http://www.majestic12.co.uk/bot.php?+)"
204.12.208.162 - - [01/Jun/2013:08:10:53 +0200] "GET /privat/privat.html HTTP/1.0" 401 1226 "-" "Mozilla/5.0 (compatible; MJ12bot/v1.4.3; http://www.majestic12.co.uk/bot.php?+)"
173.199.116.35 - - [01/Jun/2013:09:23:34 +0200] "GET /links/links.html HTTP/1.1" 200 278 "-" "Mozilla/5.0 (compatible; AhrefsBot/4.0; +http://ahrefs.com/robot/)"
199.30.16.31 - - [01/Jun/2013:10:50:06 +0200] "GET /robots.txt HTTP/1.1" 200 298 "-" "msnbot-media/1.1 (+http://search.msn.com/msnbot.htm)"
199.30.16.31 - - [01/Jun/2013:10:50:06 +0200] "GET /images/10x10_CCCCCC.jpg HTTP/1.1" 200 631 "-" "msnbot-media/1.1 (+http://search.msn.com/msnbot.htm)"
85.25.120.73 - - [01/Jun/2013:11:20:14 +0200] "GET / HTTP/1.1" 200 15853 "-" "Mozilla/5.0 (X11; U; Linux i686; en-US; rv:1.9.0.1) Gecko/2008070206 Firefox/3.0.1"
85.25.120.73 - - [01/Jun/2013:11:20:14 +0200] "GET /impressum/impressum.html HTTP/1.1" 200 7872 "-" "Mozilla/5.0 (X11; U; Linux i686; en-US; rv:1.9.0.1) Gecko/2008070206 Firefox/3.0.1"
88.172.173.49 - - [01/Jun/2013:11:37:36 +0200] "GET /env/jomox/jomox.html HTTP/1.1" 200 14935 "http://www.google.fr/url?sa=t&rct=j&q=sysex%20jomox%20airbase&source=web&cd=54&cad=rja&ved=0CEIQFjADODI&url=http%3A%2F%2Fwww.soundpatcher.de%2Fenv%2Fjomox%2Fjomox.html&ei=kMCpUaLPOYWIhQf6t4HQCw&usg=AFQjCNFErEkUJqkiJytAcevha869TnRBrg&bvm=bv.47244034,d.d2k" "Mozilla/5.0 (Macintosh; Intel Mac OS X 10_7_5) AppleWebKit/536.29.13 (KHTML, like Gecko) Version/6.0.4 Safari/536.29.13"
88.172.173.49 - - [01/Jun/2013:11:37:36 +0200] "GET /env/jomox/images/span.jpg HTTP/1.1" 200 811 "http://www.soundpatcher.de/env/jomox/jomox.html" "Mozilla/5.0 (Macintosh; Intel Mac OS X 10_7_5) AppleWebKit/536.29.13 (KHTML, like Gecko) Version/6.0.4 Safari/536.29.13"
88.172.173.49 - - [01/Jun/2013:11:37:36 +0200] "GET /env/jomox/images/pixel.gif HTTP/1.1" 200 43 "http://www.soundpatcher.de/env/jomox/jomox.html" "Mozilla/5.0 (Macintosh; Intel Mac OS X 10_7_5) AppleWebKit/536.29.13 (KHTML, like Gecko) Version/6.0.4 Safari/536.29.13"
88.172.173.49 - - [01/Jun/2013:11:37:36 +0200] "GET /env/jomox/images/logo_big.jpg HTTP/1.1" 200 12681 "http://www.soundpatcher.de/env/jomox/jomox.html" "Mozilla/5.0 (Macintosh; Intel Mac OS X 10_7_5) AppleWebKit/536.29.13 (KHTML, like Gecko) Version/6.0.4 Safari/536.29.13"
88.172.173.49 - - [01/Jun/2013:11:37:36 +0200] "GET /env/jomox/images/10x10_CCCCCC.jpg HTTP/1.1" 200 631 "http://www.soundpatcher.de/env/jomox/jomox.html" "Mozilla/5.0 (Macintosh; Intel Mac OS X 10_7_5) AppleWebKit/536.29.13 (KHTML, like Gecko) Version/6.0.4 Safari/536.29.13"
88.172.173.49 - - [01/Jun/2013:11:37:37 +0200] "GET /env/jomox/images/15x15.jpg HTTP/1.1" 200 631 "http://www.soundpatcher.de/env/jomox/jomox.html" "Mozilla/5.0 (Macintosh; Intel Mac OS X 10_7_5) AppleWebKit/536.29.13 (KHTML, like Gecko) Version/6.0.4 Safari/536.29.13"
88.172.173.49 - - [01/Jun/2013:11:37:37 +0200] "GET /env/jomox/pics/airbase99_small+.jpg HTTP/1.1" 200 5326 "http://www.soundpatcher.de/env/jomox/jomox.html" "Mozilla/5.0 (Macintosh; Intel Mac OS X 10_7_5) AppleWebKit/536.29.13 (KHTML, like Gecko) Version/6.0.4 Safari/536.29.13"
88.172.173.49 - - [01/Jun/2013:11:37:37 +0200] "GET /favicon.ico HTTP/1.1" 404 1256 "http://www.soundpatcher.de/env/jomox/jomox.html" "Mozilla/5.0 (Macintosh; Intel Mac OS X 10_7_5) AppleWebKit/536.29.13 (KHTML, like Gecko) Version/6.0.4 Safari/536.29.13"
88.172.173.49 - - [01/Jun/2013:11:37:44 +0200] "GET /env/jomox/pics/pic_airbase99.html HTTP/1.1" 200 759 "http://www.soundpatcher.de/env/jomox/jomox.html" "Mozilla/5.0 (Macintosh; Intel Mac OS X 10_7_5) AppleWebKit/536.29.13 (KHTML, like Gecko) Version/6.0.4 Safari/536.29.13"
88.172.173.49 - - [01/Jun/2013:11:37:44 +0200] "GET /env/jomox/pics/airbase99_mid.jpg HTTP/1.1" 200 155990 "http://www.soundpatcher.de/env/jomox/pics/pic_airbase99.html" "Mozilla/5.0 (Macintosh; Intel Mac OS X 10_7_5) AppleWebKit/536.29.13 (KHTML, like Gecko) Version/6.0.4 Safari/536.29.13"
88.172.173.49 - - [01/Jun/2013:11:38:22 +0200] "GET /env/jomox/download/airbase99.LSO HTTP/1.1" 200 387896 "http://www.soundpatcher.de/env/jomox/jomox.html" "Mozilla/5.0 (Macintosh; Intel Mac OS X 10_7_5) AppleWebKit/536.29.13 (KHTML, like Gecko) Version/6.0.4 Safari/536.29.13"
88.172.173.49 - - [01/Jun/2013:11:38:41 +0200] "GET /index.html HTTP/1.1" 200 15853 "http://www.soundpatcher.de/env/jomox/jomox.html" "Mozilla/5.0 (Macintosh; Intel Mac OS X 10_7_5) AppleWebKit/536.29.13 (KHTML, like Gecko) Version/6.0.4 Safari/536.29.13"
88.172.173.49 - - [01/Jun/2013:11:38:41 +0200] "GET /images/pixel.gif HTTP/1.1" 200 43 "http://www.soundpatcher.de/index.html" "Mozilla/5.0 (Macintosh; Intel Mac OS X 10_7_5) AppleWebKit/536.29.13 (KHTML, like Gecko) Version/6.0.4 Safari/536.29.13"
88.172.173.49 - - [01/Jun/2013:11:38:41 +0200] "GET /images/logo_big.jpg HTTP/1.1" 200 12681 "http://www.soundpatcher.de/index.html" "Mozilla/5.0 (Macintosh; Intel Mac OS X 10_7_5) AppleWebKit/536.29.13 (KHTML, like Gecko) Version/6.0.4 Safari/536.29.13"
88.172.173.49 - - [01/Jun/2013:11:38:41 +0200] "GET /images/10x10_CCCCCC.jpg HTTP/1.1" 200 631 "http://www.soundpatcher.de/index.html" "Mozilla/5.0 (Macintosh; Intel Mac OS X 10_7_5) AppleWebKit/536.29.13 (KHTML, like Gecko) Version/6.0.4 Safari/536.29.13"
88.172.173.49 - - [01/Jun/2013:11:38:41 +0200] "GET /images/span.jpg HTTP/1.1" 200 811 "http://www.soundpatcher.de/index.html" "Mozilla/5.0 (Macintosh; Intel Mac OS X 10_7_5) AppleWebKit/536.29.13 (KHTML, like Gecko) Version/6.0.4 Safari/536.29.13"
88.172.173.49 - - [01/Jun/2013:11:38:41 +0200] "GET /images/15x15.jpg HTTP/1.1" 200 631 "http://www.soundpatcher.de/index.html" "Mozilla/5.0 (Macintosh; Intel Mac OS X 10_7_5) AppleWebKit/536.29.13 (KHTML, like Gecko) Version/6.0.4 Safari/536.29.13"
88.172.173.49 - - [01/Jun/2013:11:38:41 +0200] "GET /env/jomox/pics/airbase99_small.jpg HTTP/1.1" 200 5206 "http://www.soundpatcher.de/index.html" "Mozilla/5.0 (Macintosh; Intel Mac OS X 10_7_5) AppleWebKit/536.29.13 (KHTML, like Gecko) Version/6.0.4 Safari/536.29.13"
173.199.116.35 - - [01/Jun/2013:12:03:47 +0200] "GET /env/roland/sc880.html HTTP/1.1" 200 17092 "-" "Mozilla/5.0 (compatible; AhrefsBot/4.0; +http://ahrefs.com/robot/)"
85.25.120.73 - - [01/Jun/2013:12:46:03 +0200] "GET / HTTP/1.1" 200 15853 "-" "Mozilla/5.0 (X11; U; Linux i686; en-US; rv:1.9.0.1) Gecko/2008070206 Firefox/3.0.1"
85.25.120.73 - - [01/Jun/2013:12:46:03 +0200] "GET /impressum/impressum.html HTTP/1.1" 200 7872 "-" "Mozilla/5.0 (X11; U; Linux i686; en-US; rv:1.9.0.1) Gecko/2008070206 Firefox/3.0.1"
199.30.20.83 - - [01/Jun/2013:13:34:31 +0200] "GET /robots.txt HTTP/1.1" 200 298 "-" "msnbot-media/1.1 (+http://search.msn.com/msnbot.htm)"
199.30.20.83 - - [01/Jun/2013:13:34:31 +0200] "GET /env/images/10x10_CCCCCC.jpg HTTP/1.1" 200 631 "-" "msnbot-media/1.1 (+http://search.msn.com/msnbot.htm)"
85.25.120.73 - - [01/Jun/2013:14:23:06 +0200] "GET / HTTP/1.1" 200 15853 "-" "Mozilla/5.0 (X11; U; Linux i686; en-US; rv:1.9.0.1) Gecko/2008070206 Firefox/3.0.1"
85.25.120.73 - - [01/Jun/2013:14:23:06 +0200] "GET /impressum/impressum.html HTTP/1.1" 200 7872 "-" "Mozilla/5.0 (X11; U; Linux i686; en-US; rv:1.9.0.1) Gecko/2008070206 Firefox/3.0.1"
199.30.20.109 - - [01/Jun/2013:14:34:44 +0200] "GET /robots.txt HTTP/1.1" 200 298 "-" "msnbot-media/1.1 (+http://search.msn.com/msnbot.htm)"
199.30.20.109 - - [01/Jun/2013:14:34:44 +0200] "GET /impressum/images/10x10_CCCCCC.jpg HTTP/1.1" 200 631 "-" "msnbot-media/1.1 (+http://search.msn.com/msnbot.htm)"
199.30.20.124 - - [01/Jun/2013:14:58:33 +0200] "GET /robots.txt HTTP/1.1" 200 298 "-" "msnbot-media/1.1 (+http://search.msn.com/msnbot.htm)"
199.30.20.124 - - [01/Jun/2013:14:58:34 +0200] "GET /env/jomox/images/15x15.jpg HTTP/1.1" 200 631 "-" "msnbot-media/1.1 (+http://search.msn.com/msnbot.htm)"
173.199.116.35 - - [01/Jun/2013:16:35:09 +0200] "GET /phpBB2/index.php HTTP/1.1" 401 1226 "-" "Mozilla/5.0 (compatible; AhrefsBot/4.0; +http://ahrefs.com/robot/)"
199.30.20.120 - - [01/Jun/2013:18:35:14 +0200] "GET /robots.txt HTTP/1.1" 200 298 "-" "msnbot-media/1.1 (+http://search.msn.com/msnbot.htm)"
199.30.20.120 - - [01/Jun/2013:18:35:14 +0200] "GET /env/roland/images/10x10_CCCCCC.jpg HTTP/1.1" 200 631 "-" "msnbot-media/1.1 (+http://search.msn.com/msnbot.htm)"
199.30.16.0 - - [01/Jun/2013:20:21:11 +0200] "GET /robots.txt HTTP/1.1" 200 298 "-" "msnbot-media/1.1 (+http://search.msn.com/msnbot.htm)"
199.30.16.0 - - [01/Jun/2013:20:21:11 +0200] "GET /env/roland/images/15x15.jpg HTTP/1.1" 200 631 "-" "msnbot-media/1.1 (+http://search.msn.com/msnbot.htm)"
173.199.116.35 - - [01/Jun/2013:21:55:27 +0200] "GET /env/jomox/jomox.html HTTP/1.1" 200 14935 "-" "Mozilla/5.0 (compatible; AhrefsBot/4.0; +http://ahrefs.com/robot/)"
66.249.78.189 - - [02/Jun/2013:02:15:51 +0200] "GET /robots.txt HTTP/1.1" 200 298 "-" "Mozilla/5.0 (compatible; Googlebot/2.1; +http://www.google.com/bot.html)"
66.249.78.189 - - [02/Jun/2013:02:15:51 +0200] "GET / HTTP/1.1" 200 15853 "-" "Mozilla/5.0 (iPhone; U; CPU iPhone OS 4_1 like Mac OS X; en-us) AppleWebKit/532.9 (KHTML, like Gecko) Version/4.0.5 Mobile/8B117 Safari/6531.22.7 (compatible; Googlebot-Mobile/2.1; +http://www.google.com/bot.html)"
66.249.78.189 - - [02/Jun/2013:03:47:49 +0200] "GET /env/jomox/jomox.html HTTP/1.1" 304 - "-" "Mozilla/5.0 (iPhone; U; CPU iPhone OS 4_1 like Mac OS X; en-us) AppleWebKit/532.9 (KHTML, like Gecko) Version/4.0.5 Mobile/8B117 Safari/6531.22.7 (compatible; Googlebot-Mobile/2.1; +http://www.google.com/bot.html)"
173.199.116.35 - - [02/Jun/2013:03:58:02 +0200] "GET / HTTP/1.1" 200 15853 "-" "Mozilla/5.0 (compatible; AhrefsBot/4.0; +http://ahrefs.com/robot/)"
141.8.147.12 - - [02/Jun/2013:06:19:47 +0200] "GET /robots.txt HTTP/1.1" 200 298 "-" "Mozilla/5.0 (compatible; YandexBot/3.0; +http://yandex.com/bots)"
141.8.147.12 - - [02/Jun/2013:06:19:49 +0200] "GET /env/roland/images/logo_big.jpg HTTP/1.1" 304 - "-" "Mozilla/5.0 (compatible; YandexImages/3.0; +http://yandex.com/bots)"
69.30.242.234 - - [02/Jun/2013:15:44:15 +0200] "GET /robots.txt HTTP/1.0" 200 298 "-" "Mozilla/5.0 (compatible; MJ12bot/v1.4.3; http://www.majestic12.co.uk/bot.php?+)"
69.30.242.234 - - [02/Jun/2013:15:44:19 +0200] "GET / HTTP/1.0" 200 15853 "-" "Mozilla/5.0 (compatible; MJ12bot/v1.4.3; http://www.majestic12.co.uk/bot.php?+)"
141.8.147.12 - - [02/Jun/2013:18:26:04 +0200] "GET /robots.txt HTTP/1.1" 200 298 "-" "Mozilla/5.0 (compatible; YandexBot/3.0; +http://yandex.com/bots)"
141.8.147.12 - - [02/Jun/2013:18:26:06 +0200] "GET /env/roland/pics/sc880_small+.jpg HTTP/1.1" 304 - "-" "Mozilla/5.0 (compatible; YandexImages/3.0; +http://yandex.com/bots)"
173.199.116.35 - - [02/Jun/2013:19:02:45 +0200] "GET /env/env.html HTTP/1.1" 200 12438 "-" "Mozilla/5.0 (compatible; AhrefsBot/4.0; +http://ahrefs.com/robot/)"
199.30.20.62 - - [02/Jun/2013:21:10:06 +0200] "GET /robots.txt HTTP/1.1" 200 298 "-" "msnbot-media/1.1 (+http://search.msn.com/msnbot.htm)"
199.30.20.62 - - [02/Jun/2013:21:10:06 +0200] "GET /env/images/span.jpg HTTP/1.1" 200 811 "-" "msnbot-media/1.1 (+http://search.msn.com/msnbot.htm)"
64.125.222.50 - - [02/Jun/2013:22:32:25 +0200] "GET /robots.txt HTTP/1.1" 200 298 "-" "Mozilla/5.0 (compatible; 008/0.83; http://www.80legs.com/webcrawler.html;) Gecko/2008032620"
95.135.197.103 - - [02/Jun/2013:22:36:21 +0200] "GET / HTTP/1.1" 200 15853 "-" "Mozilla/5.0 (compatible; 008/0.85; http://www.80legs.com/webcrawler.html) Gecko/2008032620"
95.135.197.103 - - [02/Jun/2013:22:36:23 +0200] "GET / HTTP/1.1" 200 15853 "-" "Mozilla/5.0 (compatible; 008/0.85; http://www.80legs.com/webcrawler.html) Gecko/2008032620"
95.135.197.103 - - [02/Jun/2013:22:36:24 +0200] "GET / HTTP/1.1" 200 15853 "-" "Mozilla/5.0 (compatible; 008/0.85; http://www.80legs.com/webcrawler.html) Gecko/2008032620"
95.135.197.103 - - [02/Jun/2013:22:36:44 +0200] "GET / HTTP/1.1" 200 15853 "-" "Mozilla/5.0 (compatible; 008/0.85; http://www.80legs.com/webcrawler.html) Gecko/2008032620"
95.135.197.103 - - [02/Jun/2013:22:36:45 +0200] "GET / HTTP/1.1" 200 15853 "-" "Mozilla/5.0 (compatible; 008/0.85; http://www.80legs.com/webcrawler.html) Gecko/2008032620"
95.135.197.103 - - [02/Jun/2013:22:36:46 +0200] "GET / HTTP/1.1" 200 15853 "-" "Mozilla/5.0 (compatible; 008/0.85; http://www.80legs.com/webcrawler.html) Gecko/2008032620"
178.165.56.127 - - [02/Jun/2013:23:09:54 +0200] "GET /index.html HTTP/1.1" 200 15853 "-" "Mozilla/5.0 (compatible; 008/0.85; http://www.80legs.com/webcrawler.html) Gecko/2008032620"
62.220.33.47 - - [02/Jun/2013:23:09:56 +0200] "GET /index.html HTTP/1.1" 200 15853 "-" "Mozilla/5.0 (compatible; 008/0.85; http://www.80legs.com/webcrawler.html) Gecko/2008032620"
188.134.41.13 - - [02/Jun/2013:23:13:04 +0200] "GET /impressum/impressum.html HTTP/1.1" 200 7872 "-" "Mozilla/5.0 (compatible; 008/0.85; http://www.80legs.com/webcrawler.html) Gecko/2008032620"
37.53.215.146 - - [02/Jun/2013:23:15:41 +0200] "GET /privat/privat.html HTTP/1.1" 401 1226 "-" "Mozilla/5.0 (compatible; 008/0.85; http://www.80legs.com/webcrawler.html) Gecko/2008032620"
85.142.104.228 - - [02/Jun/2013:23:24:25 +0200] "GET /friends/friends.html HTTP/1.1" 401 1226 "-" "Mozilla/5.0 (compatible; 008/0.85; http://www.80legs.com/webcrawler.html) Gecko/2008032620"
31.223.226.57 - - [02/Jun/2013:23:24:35 +0200] "GET /friends/friends.html HTTP/1.1" 401 1226 "-" "Mozilla/5.0 (compatible; 008/0.85; http://www.80legs.com/webcrawler.html) Gecko/2008032620"
109.86.138.86 - - [02/Jun/2013:23:24:36 +0200] "GET /env/jomox/jomox.html HTTP/1.1" 200 14935 "-" "Mozilla/5.0 (compatible; 008/0.85; http://www.80legs.com/webcrawler.html) Gecko/2008032620"
176.118.55.202 - - [02/Jun/2013:23:24:41 +0200] "GET /env/jomox/jomox.html HTTP/1.1" 200 14935 "-" "Mozilla/5.0 (compatible; 008/0.85; http://www.80legs.com/webcrawler.html) Gecko/2008032620"
212.2.145.198 - - [02/Jun/2013:23:24:46 +0200] "GET /env/jomox/jomox.html HTTP/1.1" 200 14935 "-" "Mozilla/5.0 (compatible; 008/0.85; http://www.80legs.com/webcrawler.html) Gecko/2008032620"
95.143.213.48 - - [02/Jun/2013:23:26:23 +0200] "GET /phpBB2/index.php HTTP/1.1" 401 1226 "-" "Mozilla/5.0 (compatible; 008/0.85; http://www.80legs.com/webcrawler.html) Gecko/2008032620"
178.67.65.151 - - [02/Jun/2013:23:26:27 +0200] "GET /env/env.html HTTP/1.1" 200 12438 "-" "Mozilla/5.0 (compatible; 008/0.85; http://www.80legs.com/webcrawler.html) Gecko/2008032620"
173.199.116.35 - - [02/Jun/2013:23:35:17 +0200] "GET /env/roland/pics/pic_sc880.html HTTP/1.1" 200 755 "-" "Mozilla/5.0 (compatible; AhrefsBot/4.0; +http://ahrefs.com/robot/)"
188.134.34.64 - - [02/Jun/2013:23:50:24 +0200] "GET /links/links.html HTTP/1.1" 200 278 "-" "Mozilla/5.0 (compatible; 008/0.85; http://www.80legs.com/webcrawler.html) Gecko/2008032620"
93.178.109.250 - - [02/Jun/2013:23:51:25 +0200] "GET /env/roland/sc880.html HTTP/1.1" 200 17092 "-" "Mozilla/5.0 (compatible; 008/0.85; http://www.80legs.com/webcrawler.html) Gecko/2008032620"
213.87.128.239 - - [02/Jun/2013:23:52:12 +0200] "GET /links/links.html HTTP/1.1" 200 278 "-" "Mozilla/5.0 (compatible; 008/0.85; http://www.80legs.com/webcrawler.html) Gecko/2008032620"
213.227.240.205 - - [02/Jun/2013:23:53:31 +0200] "GET /links/links.html HTTP/1.1" 200 278 "-" "Mozilla/5.0 (compatible; 008/0.85; http://www.80legs.com/webcrawler.html) Gecko/2008032620"
46.172.138.233 - - [02/Jun/2013:23:57:13 +0200] "GET /env/jomox/download/airbase99.LSO HTTP/1.1" 200 387896 "-" "Mozilla/5.0 (compatible; 008/0.85; http://www.80legs.com/webcrawler.html) Gecko/2008032620"
109.104.184.223 - - [02/Jun/2013:23:57:37 +0200] "GET /env/jomox/pics/pic_airbase99.html HTTP/1.1" 200 759 "-" "Mozilla/5.0 (compatible; 008/0.85; http://www.80legs.com/webcrawler.html) Gecko/2008032620"
178.162.75.246 - - [02/Jun/2013:23:58:15 +0200] "GET /env/jomox/download/airbase99.LSO HTTP/1.1" 200 387896 "-" "Mozilla/5.0 (compatible; 008/0.85; http://www.80legs.com/webcrawler.html) Gecko/2008032620"
178.162.75.246 - - [02/Jun/2013:23:58:17 +0200] "GET /env/roland/sc880.html HTTP/1.1" 200 17092 "-" "Mozilla/5.0 (compatible; 008/0.85; http://www.80legs.com/webcrawler.html) Gecko/2008032620"
194.54.160.5 - - [02/Jun/2013:23:58:27 +0200] "GET /env/jomox/pics/pic_airbase99.html HTTP/1.1" 200 759 "-" "Mozilla/5.0 (compatible; 008/0.85; http://www.80legs.com/webcrawler.html) Gecko/2008032620"
194.54.160.5 - - [02/Jun/2013:23:58:26 +0200] "GET /env/jomox/download/airbase99.LSO HTTP/1.1" 200 387896 "-" "Mozilla/5.0 (compatible; 008/0.85; http://www.80legs.com/webcrawler.html) Gecko/2008032620"
95.86.234.157 - - [02/Jun/2013:23:58:32 +0200] "GET /env/jomox/download/airbase99.LSO HTTP/1.1" 200 387896 "-" "Mozilla/5.0 (compatible; 008/0.85; http://www.80legs.com/webcrawler.html) Gecko/2008032620"
95.86.234.157 - - [02/Jun/2013:23:58:34 +0200] "GET /env/jomox/pics/pic_airbase99.html HTTP/1.1" 200 759 "-" "Mozilla/5.0 (compatible; 008/0.85; http://www.80legs.com/webcrawler.html) Gecko/2008032620"
77.47.190.231 - - [02/Jun/2013:23:58:37 +0200] "GET /env/jomox/download/airbase99.LSO HTTP/1.1" 200 387896 "-" "Mozilla/5.0 (compatible; 008/0.85; http://www.80legs.com/webcrawler.html) Gecko/2008032620"
77.47.190.231 - - [02/Jun/2013:23:58:38 +0200] "GET /env/jomox/pics/pic_airbase99.html HTTP/1.1" 200 759 "-" "Mozilla/5.0 (compatible; 008/0.85; http://www.80legs.com/webcrawler.html) Gecko/2008032620"
173.199.116.35 - - [03/Jun/2013:00:00:13 +0200] "GET /privat/privat.html HTTP/1.1" 401 1226 "-" "Mozilla/5.0 (compatible; AhrefsBot/4.0; +http://ahrefs.com/robot/)"
173.199.116.35 - - [03/Jun/2013:02:11:16 +0200] "GET /index.html HTTP/1.1" 200 15853 "-" "Mozilla/5.0 (compatible; AhrefsBot/4.0; +http://ahrefs.com/robot/)"
141.8.147.12 - - [03/Jun/2013:02:51:12 +0200] "GET /impressum/images/logo_big.jpg HTTP/1.1" 304 - "-" "Mozilla/5.0 (compatible; YandexImages/3.0; +http://yandex.com/bots)"
141.8.147.12 - - [03/Jun/2013:03:25:53 +0200] "GET /env/roland/pics/sc880_small.jpg HTTP/1.1" 304 - "-" "Mozilla/5.0 (compatible; YandexImages/3.0; +http://yandex.com/bots)"
199.30.20.68 - - [03/Jun/2013:04:34:16 +0200] "GET /robots.txt HTTP/1.1" 200 298 "-" "msnbot-media/1.1 (+http://search.msn.com/msnbot.htm)"
199.30.20.68 - - [03/Jun/2013:04:34:16 +0200] "GET /env/roland/images/span.jpg HTTP/1.1" 200 811 "-" "msnbot-media/1.1 (+http://search.msn.com/msnbot.htm)"
199.30.16.31 - - [03/Jun/2013:07:07:37 +0200] "GET /robots.txt HTTP/1.1" 200 298 "-" "msnbot-media/1.1 (+http://search.msn.com/msnbot.htm)"
199.30.16.31 - - [03/Jun/2013:07:07:38 +0200] "GET /impressum/images/15x15.jpg HTTP/1.1" 200 631 "-" "msnbot-media/1.1 (+http://search.msn.com/msnbot.htm)"
141.8.147.12 - - [03/Jun/2013:09:10:36 +0200] "GET /robots.txt HTTP/1.1" 200 298 "-" "Mozilla/5.0 (compatible; YandexBot/3.0; +http://yandex.com/bots)"
141.8.147.12 - - [03/Jun/2013:09:10:38 +0200] "GET /env/images/logo_big.jpg HTTP/1.1" 304 - "-" "Mozilla/5.0 (compatible; YandexImages/3.0; +http://yandex.com/bots)"
178.255.215.68 - - [03/Jun/2013:10:34:52 +0200] "GET /robots.txt HTTP/1.1" 200 298 "-" "Mozilla/5.0 (compatible; Exabot/3.0; +http://www.exabot.com/go/robot)"
178.255.215.68 - - [03/Jun/2013:10:34:52 +0200] "GET /friends/friends.html HTTP/1.1" 401 1226 "-" "Mozilla/5.0 (compatible; Exabot/3.0; +http://www.exabot.com/go/robot)"
199.30.16.14 - - [03/Jun/2013:14:10:05 +0200] "GET /robots.txt HTTP/1.1" 200 298 "-" "msnbot-media/1.1 (+http://search.msn.com/msnbot.htm)"
199.30.16.14 - - [03/Jun/2013:14:10:05 +0200] "GET /env/jomox/images/span.jpg HTTP/1.1" 200 811 "-" "msnbot-media/1.1 (+http://search.msn.com/msnbot.htm)"
84.38.65.176 - - [03/Jun/2013:14:34:35 +0200] "GET / HTTP/1.1" 200 15853 "http://www.sumaja.de/" "Mozilla/5.0 (Macintosh; U; Intel Mac OS X 10.6; de-DE; rv:1.9.2.8) Gecko/20100722 Firefox/3.6.8"
83.133.125.202 - - [03/Jun/2013:14:34:35 +0200] "GET / HTTP/1.0" 200 15853 "-" "-"
83.133.125.202 - - [03/Jun/2013:14:34:35 +0200] "GET / HTTP/1.0" 200 15853 "-" "-"
84.38.65.176 - - [03/Jun/2013:17:55:34 +0200] "GET / HTTP/1.0" 200 15853 "http://www.backlink-webkatalog.de/" "Mozilla/5.0 (Windows; U; Windows NT 6.0; en-US) AppleWebKit/533.4 (KHTML, like Gecko) Chrome/5.0.375.126 Safari/533.4"
66.249.78.189 - - [03/Jun/2013:23:22:31 +0200] "GET /robots.txt HTTP/1.1" 200 298 "-" "Mozilla/5.0 (compatible; Googlebot/2.1; +http://www.google.com/bot.html)"
66.249.78.189 - - [03/Jun/2013:23:22:31 +0200] "GET / HTTP/1.1" 200 15853 "-" "Mozilla/5.0 (iPhone; U; CPU iPhone OS 4_1 like Mac OS X; en-us) AppleWebKit/532.9 (KHTML, like Gecko) Version/4.0.5 Mobile/8B117 Safari/6531.22.7 (compatible; Googlebot-Mobile/2.1; +http://www.google.com/bot.html)"
141.8.147.12 - - [04/Jun/2013:00:23:28 +0200] "GET /robots.txt HTTP/1.1" 200 298 "-" "Mozilla/5.0 (compatible; YandexBot/3.0; +http://yandex.com/bots)"
141.8.147.12 - - [04/Jun/2013:02:12:56 +0200] "GET / HTTP/1.1" 200 15853 "-" "Mozilla/5.0 (compatible; YandexBot/3.0; +http://yandex.com/bots)"
199.30.16.38 - - [04/Jun/2013:03:02:07 +0200] "GET /robots.txt HTTP/1.1" 200 298 "-" "msnbot-media/1.1 (+http://search.msn.com/msnbot.htm)"
199.30.16.38 - - [04/Jun/2013:03:02:07 +0200] "GET /images/pixel.gif HTTP/1.1" 200 43 "-" "msnbot-media/1.1 (+http://search.msn.com/msnbot.htm)"
208.115.111.75 - - [04/Jun/2013:03:41:31 +0200] "GET /robots.txt HTTP/1.1" 200 298 "-" "Mozilla/5.0 (compatible; Ezooms/1.0; ezooms.bot@gmail.com)"
157.56.92.174 - - [04/Jun/2013:07:33:17 +0200] "GET /robots.txt HTTP/1.1" 200 298 "-" "Mozilla/5.0 (compatible; bingbot/2.0; +http://www.bing.com/bingbot.htm)"
157.56.92.174 - - [04/Jun/2013:07:33:59 +0200] "GET /friends/friends.html HTTP/1.1" 401 1226 "-" "Mozilla/5.0 (compatible; bingbot/2.0; +http://www.bing.com/bingbot.htm)"
65.55.215.98 - - [04/Jun/2013:08:22:48 +0200] "GET /robots.txt HTTP/1.1" 200 298 "-" "msnbot-media/1.1 (+http://search.msn.com/msnbot.htm)"
65.55.215.98 - - [04/Jun/2013:08:22:48 +0200] "GET /impressum/images/10x10_CCCCCC.jpg HTTP/1.1" 200 631 "-" "msnbot-media/1.1 (+http://search.msn.com/msnbot.htm)"
65.55.215.88 - - [04/Jun/2013:08:30:19 +0200] "GET /robots.txt HTTP/1.1" 200 298 "-" "msnbot-media/1.1 (+http://search.msn.com/msnbot.htm)"
65.55.215.88 - - [04/Jun/2013:08:30:19 +0200] "GET /env/roland/images/15x15.jpg HTTP/1.1" 200 631 "-" "msnbot-media/1.1 (+http://search.msn.com/msnbot.htm)"
65.55.215.104 - - [04/Jun/2013:13:18:24 +0200] "GET /robots.txt HTTP/1.1" 200 298 "-" "msnbot-media/1.1 (+http://search.msn.com/msnbot.htm)"
65.55.215.104 - - [04/Jun/2013:13:18:25 +0200] "GET /images/10x10_CCCCCC.jpg HTTP/1.1" 200 631 "-" "msnbot-media/1.1 (+http://search.msn.com/msnbot.htm)"
217.230.173.41 - - [04/Jun/2013:13:23:40 +0200] "GET / HTTP/1.1" 200 15853 "http://www.bigfinder.de/online-11.html" "Mozilla/4.0 (compatible; MSIE 8.0; Windows NT 5.1; Trident/4.0; FBSMTWB; ATC/1.0; .NET CLR 1.1.4322; ATC/1.0; .NET CLR 2.0.50727; .NET CLR 3.0.4506.2152; .NET CLR 3.5.30729)"
141.8.147.12 - - [04/Jun/2013:19:21:24 +0200] "GET /robots.txt HTTP/1.1" 200 298 "-" "Mozilla/5.0 (compatible; YandexBot/3.0; +http://yandex.com/bots)"
65.55.215.45 - - [04/Jun/2013:19:47:49 +0200] "GET /robots.txt HTTP/1.1" 200 298 "-" "msnbot-media/1.1 (+http://search.msn.com/msnbot.htm)"
65.55.215.45 - - [04/Jun/2013:19:47:50 +0200] "GET /env/images/10x10_CCCCCC.jpg HTTP/1.1" 200 631 "-" "msnbot-media/1.1 (+http://search.msn.com/msnbot.htm)"
65.55.215.33 - - [04/Jun/2013:20:40:01 +0200] "GET /robots.txt HTTP/1.1" 200 298 "-" "msnbot-media/1.1 (+http://search.msn.com/msnbot.htm)"
65.55.215.33 - - [04/Jun/2013:20:40:02 +0200] "GET /env/jomox/images/10x10_CCCCCC.jpg HTTP/1.1" 200 631 "-" "msnbot-media/1.1 (+http://search.msn.com/msnbot.htm)"
141.8.147.12 - - [04/Jun/2013:21:51:17 +0200] "GET / HTTP/1.1" 200 15853 "-" "Mozilla/5.0 (compatible; YandexBot/3.0; +http://yandex.com/bots)"
208.115.111.75 - - [04/Jun/2013:23:34:05 +0200] "GET /robots.txt HTTP/1.1" 200 298 "-" "Mozilla/5.0 (compatible; Ezooms/1.0; ezooms.bot@gmail.com)"
144.76.71.140 - - [05/Jun/2013:00:31:24 +0200] "GET /robots.txt HTTP/1.1" 200 298 "-" "Mozilla/5.0 (compatible; SISTRIX Crawler; http://crawler.sistrix.net/)"
144.76.71.140 - - [05/Jun/2013:00:31:24 +0200] "GET / HTTP/1.1" 206 15853 "-" "Mozilla/5.0 (compatible; SISTRIX Crawler; http://crawler.sistrix.net/)"
208.115.111.75 - - [05/Jun/2013:01:34:13 +0200] "GET /friends/friends.html HTTP/1.1" 401 1226 "-" "Mozilla/5.0 (compatible; Ezooms/1.0; ezooms.bot@gmail.com)"
66.249.78.189 - - [05/Jun/2013:02:06:35 +0200] "GET /robots.txt HTTP/1.1" 200 298 "-" "Mozilla/5.0 (compatible; Googlebot/2.1; +http://www.google.com/bot.html)"
66.249.78.189 - - [05/Jun/2013:02:06:35 +0200] "GET /env/jomox/jomox.html HTTP/1.1" 304 - "-" "Mozilla/5.0 (iPhone; U; CPU iPhone OS 4_1 like Mac OS X; en-us) AppleWebKit/532.9 (KHTML, like Gecko) Version/4.0.5 Mobile/8B117 Safari/6531.22.7 (compatible; Googlebot-Mobile/2.1; +http://www.google.com/bot.html)"
65.55.215.61 - - [05/Jun/2013:05:40:25 +0200] "GET /robots.txt HTTP/1.1" 200 298 "-" "msnbot-media/1.1 (+http://search.msn.com/msnbot.htm)"
65.55.215.61 - - [05/Jun/2013:05:40:25 +0200] "GET /env/images/span.jpg HTTP/1.1" 200 811 "-" "msnbot-media/1.1 (+http://search.msn.com/msnbot.htm)"
66.249.78.189 - - [05/Jun/2013:07:09:14 +0200] "GET / HTTP/1.1" 200 15853 "-" "Mozilla/5.0 (compatible; Googlebot/2.1; +http://www.google.com/bot.html)"
157.56.92.174 - - [05/Jun/2013:07:17:43 +0200] "GET /robots.txt HTTP/1.1" 200 298 "-" "Mozilla/5.0 (compatible; bingbot/2.0; +http://www.bing.com/bingbot.htm)"
157.56.92.174 - - [05/Jun/2013:07:18:09 +0200] "GET /env/roland/sc880.html HTTP/1.1" 304 - "-" "Mozilla/5.0 (compatible; bingbot/2.0; +http://www.bing.com/bingbot.htm)"
131.253.24.9 - - [05/Jun/2013:08:18:18 +0200] "GET /robots.txt HTTP/1.1" 200 298 "-" "msnbot-media/1.1 (+http://search.msn.com/msnbot.htm)"
131.253.24.9 - - [05/Jun/2013:08:18:18 +0200] "GET /env/roland/images/10x10_CCCCCC.jpg HTTP/1.1" 200 631 "-" "msnbot-media/1.1 (+http://search.msn.com/msnbot.htm)"
199.30.20.58 - - [05/Jun/2013:11:00:50 +0200] "GET /robots.txt HTTP/1.1" 200 298 "-" "msnbot-media/1.1 (+http://search.msn.com/msnbot.htm)"
199.30.20.58 - - [05/Jun/2013:11:00:50 +0200] "GET /images/15x15.jpg HTTP/1.1" 200 631 "-" "msnbot-media/1.1 (+http://search.msn.com/msnbot.htm)"
157.55.33.14 - - [05/Jun/2013:14:23:15 +0200] "GET /robots.txt HTTP/1.1" 200 298 "-" "Mozilla/5.0 (compatible; bingbot/2.0; +http://www.bing.com/bingbot.htm)"
157.55.33.14 - - [05/Jun/2013:14:24:18 +0200] "GET / HTTP/1.1" 200 15853 "-" "Mozilla/5.0 (compatible; bingbot/2.0; +http://www.bing.com/bingbot.htm)"
94.139.226.15 - - [06/Jun/2013:01:12:52 +0200] "GET /phpBB2/index.php HTTP/1.0" 401 1226 "http://www.soundpatcher.de/phpBB2/index.php" "Opera/9.80 (Windows NT 6.2; U; en) Presto/2.10.289 Version/12.02"
94.139.226.15 - - [06/Jun/2013:01:12:52 +0200] "GET /phpBB2/index.php HTTP/1.1" 401 1226 "-" "xpymep.exe"
141.8.147.12 - - [06/Jun/2013:01:45:36 +0200] "GET /robots.txt HTTP/1.1" 200 298 "-" "Mozilla/5.0 (compatible; YandexBot/3.0; +http://yandex.com/bots)"
141.8.147.12 - - [06/Jun/2013:04:14:13 +0200] "GET /impressum/impressum.html HTTP/1.1" 200 7872 "-" "Mozilla/5.0 (compatible; YandexBot/3.0; +http://yandex.com/bots)"
141.8.147.12 - - [06/Jun/2013:06:51:17 +0200] "GET /env/roland/pics/pic_sc880.html HTTP/1.1" 200 755 "-" "Mozilla/5.0 (compatible; YandexBot/3.0; +http://yandex.com/bots)"
208.115.111.75 - - [06/Jun/2013:07:36:09 +0200] "GET /robots.txt HTTP/1.1" 200 298 "-" "Mozilla/5.0 (compatible; Ezooms/1.0; ezooms.bot@gmail.com)"
141.8.147.12 - - [06/Jun/2013:09:31:44 +0200] "GET /env/jomox/jomox.html HTTP/1.1" 200 14935 "-" "Mozilla/5.0 (compatible; YandexBot/3.0; +http://yandex.com/bots)"
208.115.111.75 - - [06/Jun/2013:09:37:23 +0200] "GET /env/env.html HTTP/1.1" 200 12438 "-" "Mozilla/5.0 (compatible; Ezooms/1.0; ezooms.bot@gmail.com)"
208.115.113.91 - - [06/Jun/2013:09:37:40 +0200] "GET /robots.txt HTTP/1.1" 200 298 "-" "Mozilla/5.0 (compatible; Ezooms/1.0; ezooms.bot@gmail.com)"
141.8.147.12 - - [06/Jun/2013:10:27:42 +0200] "GET /env/roland/sc880.html HTTP/1.1" 200 17092 "-" "Mozilla/5.0 (compatible; YandexBot/3.0; +http://yandex.com/bots)"
141.8.147.12 - - [06/Jun/2013:11:50:16 +0200] "GET /links/links.html HTTP/1.1" 200 278 "-" "Mozilla/5.0 (compatible; YandexBot/3.0; +http://yandex.com/bots)"
208.115.113.91 - - [06/Jun/2013:11:50:24 +0200] "GET /phpBB2/index.php HTTP/1.1" 401 1226 "-" "Mozilla/5.0 (compatible; Ezooms/1.0; ezooms.bot@gmail.com)"
65.55.215.63 - - [06/Jun/2013:11:52:15 +0200] "GET /robots.txt HTTP/1.1" 200 298 "-" "msnbot-media/1.1 (+http://search.msn.com/msnbot.htm)"
65.55.215.63 - - [06/Jun/2013:11:52:16 +0200] "GET /impressum/images/15x15.jpg HTTP/1.1" 200 631 "-" "msnbot-media/1.1 (+http://search.msn.com/msnbot.htm)"
199.30.20.68 - - [06/Jun/2013:15:50:16 +0200] "GET /robots.txt HTTP/1.1" 200 298 "-" "msnbot-media/1.1 (+http://search.msn.com/msnbot.htm)"
199.30.20.68 - - [06/Jun/2013:15:50:17 +0200] "GET /env/roland/images/span.jpg HTTP/1.1" 200 811 "-" "msnbot-media/1.1 (+http://search.msn.com/msnbot.htm)"
199.30.20.68 - - [06/Jun/2013:16:59:06 +0200] "GET /robots.txt HTTP/1.1" 200 298 "-" "msnbot-media/1.1 (+http://search.msn.com/msnbot.htm)"
199.30.20.68 - - [06/Jun/2013:16:59:06 +0200] "GET /env/roland/images/span.jpg HTTP/1.1" 200 811 "-" "msnbot-media/1.1 (+http://search.msn.com/msnbot.htm)"
157.55.33.14 - - [06/Jun/2013:18:17:52 +0200] "GET /robots.txt HTTP/1.1" 200 298 "-" "Mozilla/5.0 (compatible; bingbot/2.0; +http://www.bing.com/bingbot.htm)"
157.55.33.14 - - [06/Jun/2013:18:18:32 +0200] "GET /impressum/impressum.html HTTP/1.1" 304 - "-" "Mozilla/5.0 (compatible; bingbot/2.0; +http://www.bing.com/bingbot.htm)"
66.249.78.189 - - [06/Jun/2013:23:40:29 +0200] "GET /robots.txt HTTP/1.1" 200 298 "-" "Mozilla/5.0 (compatible; Googlebot/2.1; +http://www.google.com/bot.html)"
66.249.78.189 - - [06/Jun/2013:23:40:29 +0200] "GET / HTTP/1.1" 200 15853 "-" "Mozilla/5.0 (iPhone; U; CPU iPhone OS 4_1 like Mac OS X; en-us) AppleWebKit/532.9 (KHTML, like Gecko) Version/4.0.5 Mobile/8B117 Safari/6531.22.7 (compatible; Googlebot-Mobile/2.1; +http://www.google.com/bot.html)"
65.55.215.34 - - [07/Jun/2013:04:02:27 +0200] "GET /robots.txt HTTP/1.1" 200 298 "-" "msnbot-media/1.1 (+http://search.msn.com/msnbot.htm)"
65.55.215.34 - - [07/Jun/2013:04:02:27 +0200] "GET /env/jomox/images/10x10_CCCCCC.jpg HTTP/1.1" 200 631 "-" "msnbot-media/1.1 (+http://search.msn.com/msnbot.htm)"
65.55.215.88 - - [07/Jun/2013:04:32:16 +0200] "GET /robots.txt HTTP/1.1" 200 298 "-" "msnbot-media/1.1 (+http://search.msn.com/msnbot.htm)"
65.55.215.88 - - [07/Jun/2013:04:32:17 +0200] "GET /env/roland/images/15x15.jpg HTTP/1.1" 200 631 "-" "msnbot-media/1.1 (+http://search.msn.com/msnbot.htm)"
199.30.20.22 - - [07/Jun/2013:07:33:16 +0200] "GET /robots.txt HTTP/1.1" 200 298 "-" "msnbot-media/1.1 (+http://search.msn.com/msnbot.htm)"
199.30.20.22 - - [07/Jun/2013:07:33:16 +0200] "GET /env/roland/images/10x10_CCCCCC.jpg HTTP/1.1" 200 631 "-" "msnbot-media/1.1 (+http://search.msn.com/msnbot.htm)"
216.145.11.94 - - [07/Jun/2013:11:12:33 +0200] "GET /robots.txt HTTP/1.0" 200 298 "-" "Mozilla/5.0 (Windows; U; Windows NT 5.1; en; rv:1.9.0.13) Gecko/2009073022 Firefox/3.5.2 (.NET CLR 3.5.30729) SurveyBot/2.3 (DomainTools)"
216.145.11.94 - - [07/Jun/2013:11:12:34 +0200] "GET / HTTP/1.1" 200 15853 "http://whois.domaintools.com/soundpatcher.de" "Mozilla/5.0 (Windows; U; Windows NT 5.1; en; rv:1.9.0.13) Gecko/2009073022 Firefox/3.5.2 (.NET CLR 3.5.30729) SurveyBot/2.3 (DomainTools)"
65.55.215.45 - - [07/Jun/2013:11:34:26 +0200] "GET /robots.txt HTTP/1.1" 200 298 "-" "msnbot-media/1.1 (+http://search.msn.com/msnbot.htm)"
65.55.215.45 - - [07/Jun/2013:11:34:27 +0200] "GET /env/images/10x10_CCCCCC.jpg HTTP/1.1" 200 631 "-" "msnbot-media/1.1 (+http://search.msn.com/msnbot.htm)"
199.30.16.42 - - [07/Jun/2013:13:06:41 +0200] "GET /robots.txt HTTP/1.1" 200 298 "-" "msnbot-media/1.1 (+http://search.msn.com/msnbot.htm)"
199.30.16.42 - - [07/Jun/2013:13:06:41 +0200] "GET /images/10x10_CCCCCC.jpg HTTP/1.1" 200 631 "-" "msnbot-media/1.1 (+http://search.msn.com/msnbot.htm)"
199.30.16.23 - - [07/Jun/2013:13:56:59 +0200] "GET /robots.txt HTTP/1.1" 200 298 "-" "msnbot-media/1.1 (+http://search.msn.com/msnbot.htm)"
199.30.16.23 - - [07/Jun/2013:13:57:00 +0200] "GET /images/pixel.gif HTTP/1.1" 200 43 "-" "msnbot-media/1.1 (+http://search.msn.com/msnbot.htm)"
65.55.215.104 - - [07/Jun/2013:15:34:03 +0200] "GET /robots.txt HTTP/1.1" 200 298 "-" "msnbot-media/1.1 (+http://search.msn.com/msnbot.htm)"
65.55.215.104 - - [07/Jun/2013:15:34:04 +0200] "GET /impressum/images/10x10_CCCCCC.jpg HTTP/1.1" 200 631 "-" "msnbot-media/1.1 (+http://search.msn.com/msnbot.htm)"
65.55.215.101 - - [07/Jun/2013:17:03:38 +0200] "GET /robots.txt HTTP/1.1" 200 298 "-" "msnbot-media/1.1 (+http://search.msn.com/msnbot.htm)"
65.55.215.101 - - [07/Jun/2013:17:03:38 +0200] "GET /env/jomox/images/15x15.jpg HTTP/1.1" 200 631 "-" "msnbot-media/1.1 (+http://search.msn.com/msnbot.htm)"
141.8.147.12 - - [07/Jun/2013:20:48:44 +0200] "GET /robots.txt HTTP/1.1" 200 298 "-" "Mozilla/5.0 (compatible; YandexBot/3.0; +http://yandex.com/bots)"
173.199.120.123 - - [08/Jun/2013:01:20:56 +0200] "GET /privat/privat.html HTTP/1.1" 401 1226 "-" "Mozilla/5.0 (compatible; AhrefsBot/4.0; +http://ahrefs.com/robot/)"
173.199.120.123 - - [08/Jun/2013:02:07:27 +0200] "GET /impressum/impressum.html HTTP/1.1" 200 7872 "-" "Mozilla/5.0 (compatible; AhrefsBot/4.0; +http://ahrefs.com/robot/)"
66.249.75.237 - - [08/Jun/2013:02:17:07 +0200] "GET /robots.txt HTTP/1.1" 200 298 "-" "Mozilla/5.0 (compatible; Googlebot/2.1; +http://www.google.com/bot.html)"
66.249.78.189 - - [08/Jun/2013:02:17:07 +0200] "GET / HTTP/1.1" 200 15853 "-" "Mozilla/5.0 (iPhone; U; CPU iPhone OS 4_1 like Mac OS X; en-us) AppleWebKit/532.9 (KHTML, like Gecko) Version/4.0.5 Mobile/8B117 Safari/6531.22.7 (compatible; Googlebot-Mobile/2.1; +http://www.google.com/bot.html)"
66.249.78.189 - - [08/Jun/2013:03:15:29 +0200] "GET /env/jomox/jomox.html HTTP/1.1" 304 - "-" "Mozilla/5.0 (iPhone; U; CPU iPhone OS 4_1 like Mac OS X; en-us) AppleWebKit/532.9 (KHTML, like Gecko) Version/4.0.5 Mobile/8B117 Safari/6531.22.7 (compatible; Googlebot-Mobile/2.1; +http://www.google.com/bot.html)"
208.115.111.75 - - [08/Jun/2013:03:36:56 +0200] "GET /robots.txt HTTP/1.1" 200 298 "-" "Mozilla/5.0 (compatible; Ezooms/1.0; ezooms.bot@gmail.com)"
141.8.147.12 - - [08/Jun/2013:04:04:52 +0200] "GET / HTTP/1.1" 200 15853 "-" "Mozilla/5.0 (compatible; YandexBot/3.0; +http://yandex.com/bots)"
50.17.97.137 - - [08/Jun/2013:04:08:24 +0200] "GET / HTTP/1.0" 200 15853 "-" "Mozilla/5.0 (compatible; NetcraftSurveyAgent/1.0; +info@netcraft.com)"
208.115.111.75 - - [08/Jun/2013:05:31:37 +0200] "GET /index.html HTTP/1.1" 200 15853 "-" "Mozilla/5.0 (compatible; Ezooms/1.0; ezooms.bot@gmail.com)"
65.55.215.41 - - [08/Jun/2013:07:03:35 +0200] "GET /robots.txt HTTP/1.1" 200 298 "-" "msnbot-media/1.1 (+http://search.msn.com/msnbot.htm)"
65.55.215.41 - - [08/Jun/2013:07:03:35 +0200] "GET /env/images/15x15.jpg HTTP/1.1" 200 631 "-" "msnbot-media/1.1 (+http://search.msn.com/msnbot.htm)"
173.199.120.123 - - [08/Jun/2013:08:16:05 +0200] "GET /phpBB2/index.php HTTP/1.1" 401 1226 "-" "Mozilla/5.0 (compatible; AhrefsBot/4.0; +http://ahrefs.com/robot/)"
141.8.147.12 - - [08/Jun/2013:09:51:30 +0200] "GET /robots.txt HTTP/1.1" 200 298 "-" "Mozilla/5.0 (compatible; YandexBot/3.0; +http://yandex.com/bots)"
173.199.120.123 - - [08/Jun/2013:11:55:02 +0200] "GET /links/links.html HTTP/1.1" 200 278 "-" "Mozilla/5.0 (compatible; AhrefsBot/4.0; +http://ahrefs.com/robot/)"
141.8.147.12 - - [08/Jun/2013:12:12:36 +0200] "GET /env/roland/pics/pic_sc880.html HTTP/1.1" 200 755 "-" "Mozilla/5.0 (compatible; YandexBot/3.0; +http://yandex.com/bots)"
65.55.215.41 - - [08/Jun/2013:12:13:10 +0200] "GET /robots.txt HTTP/1.1" 200 298 "-" "msnbot-media/1.1 (+http://search.msn.com/msnbot.htm)"
65.55.215.41 - - [08/Jun/2013:12:13:11 +0200] "GET /env/images/15x15.jpg HTTP/1.1" 200 631 "-" "msnbot-media/1.1 (+http://search.msn.com/msnbot.htm)"
46.229.170.197 - - [08/Jun/2013:12:33:02 +0200] "GET / HTTP/1.1" 200 15853 "-" "Mozilla/5.0 (Windows NT 6.1; rv:6.0) Gecko/20110814 Firefox/6.0"
173.199.120.123 - - [08/Jun/2013:12:35:31 +0200] "GET /env/roland/sc880.html HTTP/1.1" 200 17092 "-" "Mozilla/5.0 (compatible; AhrefsBot/4.0; +http://ahrefs.com/robot/)"
141.8.147.12 - - [08/Jun/2013:14:31:43 +0200] "GET /impressum/impressum.html HTTP/1.1" 200 7872 "-" "Mozilla/5.0 (compatible; YandexBot/3.0; +http://yandex.com/bots)"
141.8.147.12 - - [08/Jun/2013:16:28:29 +0200] "GET /env/env.html HTTP/1.1" 200 12438 "-" "Mozilla/5.0 (compatible; YandexBot/3.0; +http://yandex.com/bots)"
141.8.147.12 - - [08/Jun/2013:17:32:20 +0200] "GET /env/jomox/jomox.html HTTP/1.1" 200 14935 "-" "Mozilla/5.0 (compatible; YandexBot/3.0; +http://yandex.com/bots)"
65.55.215.89 - - [08/Jun/2013:18:09:42 +0200] "GET /robots.txt HTTP/1.1" 200 298 "-" "msnbot-media/1.1 (+http://search.msn.com/msnbot.htm)"
65.55.215.89 - - [08/Jun/2013:18:09:42 +0200] "GET /env/images/span.jpg HTTP/1.1" 200 811 "-" "msnbot-media/1.1 (+http://search.msn.com/msnbot.htm)"
173.199.120.123 - - [08/Jun/2013:18:27:23 +0200] "GET /index.html HTTP/1.1" 200 15853 "-" "Mozilla/5.0 (compatible; AhrefsBot/4.0; +http://ahrefs.com/robot/)"
173.199.120.123 - - [08/Jun/2013:19:49:05 +0200] "GET /env/env.html HTTP/1.1" 200 12438 "-" "Mozilla/5.0 (compatible; AhrefsBot/4.0; +http://ahrefs.com/robot/)"
173.199.120.123 - - [08/Jun/2013:22:52:03 +0200] "GET /env/jomox/download/airbase99.LSO HTTP/1.1" 200 387896 "-" "Mozilla/5.0 (compatible; AhrefsBot/4.0; +http://ahrefs.com/robot/)"
208.115.111.75 - - [08/Jun/2013:23:38:56 +0200] "GET /robots.txt HTTP/1.1" 200 298 "-" "Mozilla/5.0 (compatible; Ezooms/1.0; ezooms.bot@gmail.com)"
208.115.111.75 - - [09/Jun/2013:01:32:30 +0200] "GET /privat/privat.html HTTP/1.1" 401 1226 "-" "Mozilla/5.0 (compatible; Ezooms/1.0; ezooms.bot@gmail.com)"
65.55.215.39 - - [09/Jun/2013:01:37:52 +0200] "GET /robots.txt HTTP/1.1" 200 298 "-" "msnbot-media/1.1 (+http://search.msn.com/msnbot.htm)"
65.55.215.39 - - [09/Jun/2013:01:37:53 +0200] "GET /images/15x15.jpg HTTP/1.1" 200 631 "-" "msnbot-media/1.1 (+http://search.msn.com/msnbot.htm)"
173.199.120.123 - - [09/Jun/2013:08:31:16 +0200] "GET /friends/friends.html HTTP/1.1" 401 1226 "-" "Mozilla/5.0 (compatible; AhrefsBot/4.0; +http://ahrefs.com/robot/)"
85.25.120.73 - - [09/Jun/2013:08:40:04 +0200] "GET / HTTP/1.1" 200 15853 "-" "Mozilla/5.0 (X11; U; Linux i686; en-US; rv:1.9.0.1) Gecko/2008070206 Firefox/3.0.1"
85.25.120.73 - - [09/Jun/2013:08:40:04 +0200] "GET /impressum/impressum.html HTTP/1.1" 200 7872 "-" "Mozilla/5.0 (X11; U; Linux i686; en-US; rv:1.9.0.1) Gecko/2008070206 Firefox/3.0.1"
199.30.20.20 - - [09/Jun/2013:08:48:45 +0200] "GET /robots.txt HTTP/1.1" 200 298 "-" "msnbot-media/1.1 (+http://search.msn.com/msnbot.htm)"
199.30.20.20 - - [09/Jun/2013:08:48:45 +0200] "GET /env/roland/images/span.jpg HTTP/1.1" 200 811 "-" "msnbot-media/1.1 (+http://search.msn.com/msnbot.htm)"
173.199.120.123 - - [09/Jun/2013:09:32:04 +0200] "GET /env/jomox/jomox.html HTTP/1.1" 200 14935 "-" "Mozilla/5.0 (compatible; AhrefsBot/4.0; +http://ahrefs.com/robot/)"
46.137.52.62 - - [09/Jun/2013:11:22:54 +0200] "GET / HTTP/1.1" 200 15853 "-" "Mozilla/5.0 (compatible; HttpConduitDownloader/1.0; +http://hackage.haskell.org/package/http-conduit-downloader; Heins & Partner Impressumscrawler)"
66.249.78.189 - - [09/Jun/2013:11:56:50 +0200] "GET /robots.txt HTTP/1.1" 200 298 "-" "Mozilla/5.0 (compatible; Googlebot/2.1; +http://www.google.com/bot.html)"
66.249.72.237 - - [09/Jun/2013:11:56:50 +0200] "GET / HTTP/1.1" 200 15853 "-" "Mozilla/5.0 (iPhone; U; CPU iPhone OS 4_1 like Mac OS X; en-us) AppleWebKit/532.9 (KHTML, like Gecko) Version/4.0.5 Mobile/8B117 Safari/6531.22.7 (compatible; Googlebot-Mobile/2.1; +http://www.google.com/bot.html)"
141.8.147.12 - - [09/Jun/2013:12:22:33 +0200] "GET /robots.txt HTTP/1.1" 200 298 "-" "Mozilla/5.0 (compatible; YandexBot/3.0; +http://yandex.com/bots)"
141.8.147.12 - - [09/Jun/2013:12:22:35 +0200] "GET /env/jomox/jomox.html HTTP/1.1" 304 - "-" "Mozilla/5.0 (compatible; YandexBot/3.0; +http://yandex.com/bots)"
204.12.208.218 - - [09/Jun/2013:15:56:38 +0200] "GET /robots.txt HTTP/1.0" 200 298 "-" "Mozilla/5.0 (compatible; MJ12bot/v1.4.3; http://www.majestic12.co.uk/bot.php?+)"
204.12.208.218 - - [09/Jun/2013:15:56:40 +0200] "GET / HTTP/1.0" 200 15853 "-" "Mozilla/5.0 (compatible; MJ12bot/v1.4.3; http://www.majestic12.co.uk/bot.php?+)"
199.30.16.22 - - [09/Jun/2013:15:57:38 +0200] "GET /robots.txt HTTP/1.1" 200 298 "-" "msnbot-media/1.1 (+http://search.msn.com/msnbot.htm)"
199.30.16.22 - - [09/Jun/2013:15:57:38 +0200] "GET /impressum/images/span.jpg HTTP/1.1" 200 811 "-" "msnbot-media/1.1 (+http://search.msn.com/msnbot.htm)"
217.212.224.183 - - [09/Jun/2013:22:53:24 +0200] "GET /robots.txt HTTP/1.0" 200 298 "-" "psbot/0.1 (+http://www.picsearch.com/bot.html)"
217.212.224.182 - - [09/Jun/2013:22:53:24 +0200] "GET /env/jomox/jomox.html HTTP/1.0" 304 - "-" "psbot/0.1 (+http://www.picsearch.com/bot.html)"
141.8.147.12 - - [09/Jun/2013:23:32:29 +0200] "GET / HTTP/1.1" 200 15853 "-" "Mozilla/5.0 (compatible; YandexBot/3.0; +http://yandex.com/bots)"
81.144.138.34 - - [10/Jun/2013:00:32:15 +0200] "GET /robots.txt HTTP/1.1" 200 298 "-" "Wotbox/2.01 (+http://www.wotbox.com/bot/)"
81.144.138.34 - - [10/Jun/2013:00:32:27 +0200] "GET / HTTP/1.1" 200 15853 "-" "Wotbox/2.01 (+http://www.wotbox.com/bot/)"
81.144.138.34 - - [10/Jun/2013:00:32:34 +0200] "GET /index.html HTTP/1.1" 200 15853 "-" "Wotbox/2.01 (+http://www.wotbox.com/bot/)"
81.144.138.34 - - [10/Jun/2013:00:32:40 +0200] "GET /env/env.html HTTP/1.1" 200 12438 "-" "Wotbox/2.01 (+http://www.wotbox.com/bot/)"
81.144.138.34 - - [10/Jun/2013:00:32:46 +0200] "GET /friends/friends.html HTTP/1.1" 401 1226 "-" "Wotbox/2.01 (+http://www.wotbox.com/bot/)"
81.144.138.34 - - [10/Jun/2013:00:32:52 +0200] "GET /phpBB2/index.php HTTP/1.1" 401 1226 "-" "Wotbox/2.01 (+http://www.wotbox.com/bot/)"
81.144.138.34 - - [10/Jun/2013:00:32:59 +0200] "GET /privat/privat.html HTTP/1.1" 401 1226 "-" "Wotbox/2.01 (+http://www.wotbox.com/bot/)"
81.144.138.34 - - [10/Jun/2013:00:33:04 +0200] "GET /impressum/impressum.html HTTP/1.1" 200 7872 "-" "Wotbox/2.01 (+http://www.wotbox.com/bot/)"
81.144.138.34 - - [10/Jun/2013:00:33:10 +0200] "GET /env/jomox/jomox.html HTTP/1.1" 200 14935 "-" "Wotbox/2.01 (+http://www.wotbox.com/bot/)"
81.144.138.34 - - [10/Jun/2013:00:33:16 +0200] "GET /env/roland/sc880.html HTTP/1.1" 200 17092 "-" "Wotbox/2.01 (+http://www.wotbox.com/bot/)"
81.144.138.34 - - [10/Jun/2013:00:33:23 +0200] "GET /links/links.html HTTP/1.1" 200 278 "-" "Wotbox/2.01 (+http://www.wotbox.com/bot/)"
81.144.138.34 - - [10/Jun/2013:00:33:29 +0200] "GET /env/jomox/download/airbase99.LSO HTTP/1.1" 200 387896 "-" "Wotbox/2.01 (+http://www.wotbox.com/bot/)"
81.144.138.34 - - [10/Jun/2013:00:33:35 +0200] "GET /env/jomox/pics/pic_airbase99.html HTTP/1.1" 200 759 "-" "Wotbox/2.01 (+http://www.wotbox.com/bot/)"
81.144.138.34 - - [10/Jun/2013:00:33:43 +0200] "GET /env/roland/pics/pic_sc880.html HTTP/1.1" 200 755 "-" "Wotbox/2.01 (+http://www.wotbox.com/bot/)"
46.137.52.62 - - [10/Jun/2013:02:20:33 +0200] "GET /impressum/impressum.html HTTP/1.1" 200 7872 "-" "Mozilla/5.0 (compatible; HttpConduitDownloader/1.0; +http://hackage.haskell.org/package/http-conduit-downloader; Heins & Partner Impressumscrawler)"
46.137.52.62 - - [10/Jun/2013:02:42:05 +0200] "GET /privat/privat.html HTTP/1.1" 401 1226 "-" "Mozilla/5.0 (compatible; HttpConduitDownloader/1.0; +http://hackage.haskell.org/package/http-conduit-downloader; Heins & Partner Impressumscrawler)"
208.115.113.91 - - [10/Jun/2013:05:44:47 +0200] "GET /robots.txt HTTP/1.1" 200 298 "-" "Mozilla/5.0 (compatible; Ezooms/1.0; ezooms.bot@gmail.com)"
208.115.113.91 - - [10/Jun/2013:07:49:17 +0200] "GET /env/jomox/jomox.html HTTP/1.1" 200 14935 "-" "Mozilla/5.0 (compatible; Ezooms/1.0; ezooms.bot@gmail.com)"
85.25.120.73 - - [10/Jun/2013:14:25:23 +0200] "GET / HTTP/1.1" 200 15853 "-" "Mozilla/5.0 (X11; U; Linux i686; en-US; rv:1.9.0.1) Gecko/2008070206 Firefox/3.0.1"
85.25.120.73 - - [10/Jun/2013:14:25:24 +0200] "GET /impressum/impressum.html HTTP/1.1" 200 7872 "-" "Mozilla/5.0 (X11; U; Linux i686; en-US; rv:1.9.0.1) Gecko/2008070206 Firefox/3.0.1"
176.198.94.137 - - [10/Jun/2013:15:45:05 +0200] "GET / HTTP/1.1" 200 15853 "-" "Mozilla/5.0 (Windows NT 6.1; WOW64) AppleWebKit/537.31 (KHTML, like Gecko) Chrome/26.0.1410.64 Safari/537.31"
141.8.147.12 - - [10/Jun/2013:17:41:17 +0200] "GET /robots.txt HTTP/1.1" 200 298 "-" "Mozilla/5.0 (compatible; YandexBot/3.0; +http://yandex.com/bots)"
141.8.147.12 - - [10/Jun/2013:17:41:19 +0200] "GET /privat/privat.html HTTP/1.1" 401 1226 "-" "Mozilla/5.0 (compatible; YandexBot/3.0; +http://yandex.com/bots)"
66.249.75.237 - - [11/Jun/2013:00:20:28 +0200] "GET /robots.txt HTTP/1.1" 200 298 "-" "Mozilla/5.0 (compatible; Googlebot/2.1; +http://www.google.com/bot.html)"
66.249.75.237 - - [11/Jun/2013:00:20:29 +0200] "GET / HTTP/1.1" 200 15853 "-" "Mozilla/5.0 (iPhone; U; CPU iPhone OS 4_1 like Mac OS X; en-us) AppleWebKit/532.9 (KHTML, like Gecko) Version/4.0.5 Mobile/8B117 Safari/6531.22.7 (compatible; Googlebot-Mobile/2.1; +http://www.google.com/bot.html)"
66.249.75.237 - - [11/Jun/2013:02:44:52 +0200] "GET /env/jomox/jomox.html HTTP/1.1" 304 - "-" "Mozilla/5.0 (iPhone; U; CPU iPhone OS 4_1 like Mac OS X; en-us) AppleWebKit/532.9 (KHTML, like Gecko) Version/4.0.5 Mobile/8B117 Safari/6531.22.7 (compatible; Googlebot-Mobile/2.1; +http://www.google.com/bot.html)"
157.55.32.219 - - [11/Jun/2013:11:24:56 +0200] "GET /robots.txt HTTP/1.1" 200 298 "-" "Mozilla/5.0 (compatible; bingbot/2.0; +http://www.bing.com/bingbot.htm)"
157.55.32.219 - - [11/Jun/2013:11:25:40 +0200] "GET /env/env.html HTTP/1.1" 200 12438 "-" "Mozilla/5.0 (compatible; bingbot/2.0; +http://www.bing.com/bingbot.htm)"
157.56.92.174 - - [11/Jun/2013:11:25:41 +0200] "GET /env/roland/sc880.html HTTP/1.1" 200 17092 "-" "Mozilla/5.0 (compatible; bingbot/2.0; +http://www.bing.com/bingbot.htm)"
157.56.92.172 - - [11/Jun/2013:12:01:11 +0200] "GET /env/jomox/jomox.html HTTP/1.1" 200 14935 "-" "Mozilla/5.0 (compatible; bingbot/2.0; +http://www.bing.com/bingbot.htm)"
157.56.92.172 - - [11/Jun/2013:12:01:11 +0200] "GET /impressum/impressum.html HTTP/1.1" 200 7872 "-" "Mozilla/5.0 (compatible; bingbot/2.0; +http://www.bing.com/bingbot.htm)"
141.8.147.12 - - [11/Jun/2013:13:02:22 +0200] "GET /robots.txt HTTP/1.1" 200 298 "-" "Mozilla/5.0 (compatible; YandexBot/3.0; +http://yandex.com/bots)"
141.8.147.12 - - [11/Jun/2013:13:02:24 +0200] "GET /env/env.html HTTP/1.1" 304 - "-" "Mozilla/5.0 (compatible; YandexBot/3.0; +http://yandex.com/bots)"
144.76.69.142 - - [12/Jun/2013:00:33:38 +0200] "GET /robots.txt HTTP/1.1" 200 298 "-" "Mozilla/5.0 (compatible; SISTRIX Crawler; http://crawler.sistrix.net/)"
144.76.69.142 - - [12/Jun/2013:00:33:38 +0200] "GET / HTTP/1.1" 206 15853 "-" "Mozilla/5.0 (compatible; SISTRIX Crawler; http://crawler.sistrix.net/)"
66.249.74.81 - - [12/Jun/2013:11:55:11 +0200] "GET /robots.txt HTTP/1.1" 200 298 "-" "Mozilla/5.0 (compatible; Googlebot/2.1; +http://www.google.com/bot.html)"
66.249.75.237 - - [12/Jun/2013:11:55:11 +0200] "GET / HTTP/1.1" 200 15853 "-" "Mozilla/5.0 (iPhone; U; CPU iPhone OS 4_1 like Mac OS X; en-us) AppleWebKit/532.9 (KHTML, like Gecko) Version/4.0.5 Mobile/8B117 Safari/6531.22.7 (compatible; Googlebot-Mobile/2.1; +http://www.google.com/bot.html)"
157.55.32.219 - - [12/Jun/2013:14:51:15 +0200] "GET /robots.txt HTTP/1.1" 200 298 "-" "Mozilla/5.0 (compatible; bingbot/2.0; +http://www.bing.com/bingbot.htm)"
157.55.32.219 - - [12/Jun/2013:14:52:02 +0200] "GET /privat/privat.html HTTP/1.1" 401 1226 "-" "Mozilla/5.0 (compatible; bingbot/2.0; +http://www.bing.com/bingbot.htm)"
157.56.92.172 - - [12/Jun/2013:15:34:29 +0200] "GET /phpBB2/index.php HTTP/1.1" 401 1226 "-" "Mozilla/5.0 (compatible; bingbot/2.0; +http://www.bing.com/bingbot.htm)"
