193.211.210.7 - - [12/Mar/2013:11:01:30 +0100] "GET /favicon.ico HTTP/1.1" 404 1256 "-" "Mozilla/5.0 (Windows NT 6.1; WOW64) AppleWebKit/537.22 (KHTML, like Gecko) Chrome/25.0.1364.152 Safari/537.22"
193.211.210.7 - - [12/Mar/2013:11:01:46 +0100] "GET /favicon.ico HTTP/1.1" 404 1256 "-" "Mozilla/5.0 (Windows NT 6.1; WOW64) AppleWebKit/537.22 (KHTML, like Gecko) Chrome/25.0.1364.152 Safari/537.22"
193.211.210.7 - - [12/Mar/2013:11:01:58 +0100] "GET /favicon.ico HTTP/1.1" 404 1256 "-" "Mozilla/5.0 (Windows NT 6.1; WOW64) AppleWebKit/537.22 (KHTML, like Gecko) Chrome/25.0.1364.152 Safari/537.22"
193.211.210.7 - - [12/Mar/2013:11:02:02 +0100] "GET /favicon.ico HTTP/1.1" 404 1256 "-" "Mozilla/5.0 (Windows NT 6.1; WOW64) AppleWebKit/537.22 (KHTML, like Gecko) Chrome/25.0.1364.152 Safari/537.22"
193.211.210.7 - - [12/Mar/2013:11:02:05 +0100] "GET /favicon.ico HTTP/1.1" 404 1256 "-" "Mozilla/5.0 (Windows NT 6.1; WOW64) AppleWebKit/537.22 (KHTML, like Gecko) Chrome/25.0.1364.152 Safari/537.22"
193.211.210.7 - - [12/Mar/2013:11:02:12 +0100] "GET /favicon.ico HTTP/1.1" 404 1256 "-" "Mozilla/5.0 (Windows NT 6.1; WOW64) AppleWebKit/537.22 (KHTML, like Gecko) Chrome/25.0.1364.152 Safari/537.22"
193.211.210.7 - - [12/Mar/2013:11:02:12 +0100] "GET /favicon.ico HTTP/1.1" 404 1256 "-" "Mozilla/5.0 (Windows NT 6.1; WOW64) AppleWebKit/537.22 (KHTML, like Gecko) Chrome/25.0.1364.152 Safari/537.22"
193.211.210.7 - - [12/Mar/2013:11:02:13 +0100] "GET /favicon.ico HTTP/1.1" 404 1256 "-" "Mozilla/5.0 (Windows NT 6.1; WOW64) AppleWebKit/537.22 (KHTML, like Gecko) Chrome/25.0.1364.152 Safari/537.22"
157.55.32.149 - - [12/Mar/2013:11:08:20 +0100] "GET /robots.txt HTTP/1.1" 200 298 "-" "Mozilla/5.0 (compatible; bingbot/2.0; +http://www.bing.com/bingbot.htm)"
157.55.32.149 - - [12/Mar/2013:11:10:23 +0100] "GET /env/roland/sc880.html HTTP/1.1" 200 17092 "-" "Mozilla/5.0 (compatible; bingbot/2.0; +http://www.bing.com/bingbot.htm)"
157.55.33.19 - - [12/Mar/2013:11:20:52 +0100] "GET /impressum/impressum.html HTTP/1.1" 200 7872 "-" "Mozilla/5.0 (compatible; bingbot/2.0; +http://www.bing.com/bingbot.htm)"
208.115.111.75 - - [12/Mar/2013:22:41:17 +0100] "GET /robots.txt HTTP/1.1" 200 298 "-" "Mozilla/5.0 (compatible; Ezooms/1.0; ezooms.bot@gmail.com)"
208.115.111.75 - - [13/Mar/2013:00:38:18 +0100] "GET /friends/friends.html HTTP/1.1" 401 1226 "-" "Mozilla/5.0 (compatible; Ezooms/1.0; ezooms.bot@gmail.com)"
74.125.185.16 - - [13/Mar/2013:00:39:30 +0100] "GET /favicon.ico HTTP/1.1" 404 1256 "-" "AppEngine-Google; (+http://code.google.com/appengine; appid: s~getfavicon27)"
74.125.185.16 - - [13/Mar/2013:00:39:30 +0100] "GET / HTTP/1.1" 200 15853 "-" "AppEngine-Google; (+http://code.google.com/appengine; appid: s~getfavicon27)"
157.55.32.149 - - [13/Mar/2013:02:56:33 +0100] "GET /robots.txt HTTP/1.1" 200 298 "-" "Mozilla/5.0 (compatible; bingbot/2.0; +http://www.bing.com/bingbot.htm)"
157.55.32.149 - - [13/Mar/2013:02:57:59 +0100] "GET /env/roland/sc880.html HTTP/1.1" 304 - "-" "Mozilla/5.0 (compatible; bingbot/2.0; +http://www.bing.com/bingbot.htm)"
157.55.33.19 - - [13/Mar/2013:09:17:43 +0100] "GET /robots.txt HTTP/1.1" 200 298 "-" "Mozilla/5.0 (compatible; bingbot/2.0; +http://www.bing.com/bingbot.htm)"
157.55.33.19 - - [13/Mar/2013:09:19:37 +0100] "GET / HTTP/1.1" 304 - "-" "Mozilla/5.0 (compatible; bingbot/2.0; +http://www.bing.com/bingbot.htm)"
217.212.224.183 - - [13/Mar/2013:15:40:37 +0100] "GET /robots.txt HTTP/1.0" 200 298 "-" "psbot/0.1 (+http://www.picsearch.com/bot.html)"
217.212.224.181 - - [13/Mar/2013:15:40:37 +0100] "GET /impressum/impressum.html HTTP/1.0" 304 - "-" "psbot/0.1 (+http://www.picsearch.com/bot.html)"
208.115.111.75 - - [13/Mar/2013:18:47:09 +0100] "GET /robots.txt HTTP/1.1" 200 298 "-" "Mozilla/5.0 (compatible; Ezooms/1.0; ezooms.bot@gmail.com)"
5.9.223.170 - - [13/Mar/2013:19:56:24 +0100] "GET /robots.txt HTTP/1.1" 200 298 "-" "Mozilla/5.0 (compatible; SISTRIX Crawler; http://crawler.sistrix.net/)"
5.9.223.170 - - [13/Mar/2013:19:56:24 +0100] "GET / HTTP/1.1" 200 15853 "-" "Mozilla/5.0 (compatible; SISTRIX Crawler; http://crawler.sistrix.net/)"
5.9.223.170 - - [13/Mar/2013:19:56:24 +0100] "GET /index.html HTTP/1.1" 200 15853 "-" "Mozilla/5.0 (compatible; SISTRIX Crawler; http://crawler.sistrix.net/)"
5.9.223.170 - - [13/Mar/2013:19:56:24 +0100] "GET /env/env.html HTTP/1.1" 200 12438 "-" "Mozilla/5.0 (compatible; SISTRIX Crawler; http://crawler.sistrix.net/)"
5.9.223.170 - - [13/Mar/2013:19:56:24 +0100] "GET /impressum/impressum.html HTTP/1.1" 200 7872 "-" "Mozilla/5.0 (compatible; SISTRIX Crawler; http://crawler.sistrix.net/)"
5.9.223.170 - - [13/Mar/2013:19:56:24 +0100] "GET /phpBB2/index.php HTTP/1.1" 401 1226 "-" "Mozilla/5.0 (compatible; SISTRIX Crawler; http://crawler.sistrix.net/)"
5.9.223.170 - - [13/Mar/2013:19:56:24 +0100] "GET /privat/privat.html HTTP/1.1" 401 1226 "-" "Mozilla/5.0 (compatible; SISTRIX Crawler; http://crawler.sistrix.net/)"
5.9.223.170 - - [13/Mar/2013:19:56:24 +0100] "GET /friends/friends.html HTTP/1.1" 401 1226 "-" "Mozilla/5.0 (compatible; SISTRIX Crawler; http://crawler.sistrix.net/)"
5.9.223.170 - - [13/Mar/2013:19:56:25 +0100] "GET /env/jomox/jomox.html HTTP/1.1" 200 14935 "-" "Mozilla/5.0 (compatible; SISTRIX Crawler; http://crawler.sistrix.net/)"
5.9.223.170 - - [13/Mar/2013:19:56:25 +0100] "GET /links/links.html HTTP/1.1" 200 278 "-" "Mozilla/5.0 (compatible; SISTRIX Crawler; http://crawler.sistrix.net/)"
5.9.223.170 - - [13/Mar/2013:19:56:25 +0100] "GET /env/roland/sc880.html HTTP/1.1" 200 17092 "-" "Mozilla/5.0 (compatible; SISTRIX Crawler; http://crawler.sistrix.net/)"
5.9.223.170 - - [13/Mar/2013:19:56:25 +0100] "GET /env/jomox/pics/pic_airbase99.html HTTP/1.1" 200 759 "-" "Mozilla/5.0 (compatible; SISTRIX Crawler; http://crawler.sistrix.net/)"
5.9.223.170 - - [13/Mar/2013:19:56:25 +0100] "GET /env/jomox/download/airbase99.LSO HTTP/1.1" 200 387896 "-" "Mozilla/5.0 (compatible; SISTRIX Crawler; http://crawler.sistrix.net/)"
5.9.223.170 - - [13/Mar/2013:19:56:26 +0100] "GET /env/roland/pics/pic_sc880.html HTTP/1.1" 200 755 "-" "Mozilla/5.0 (compatible; SISTRIX Crawler; http://crawler.sistrix.net/)"
208.115.111.75 - - [13/Mar/2013:20:46:08 +0100] "GET /env/roland/pics/pic_sc880.html HTTP/1.1" 200 755 "-" "Mozilla/5.0 (compatible; Ezooms/1.0; ezooms.bot@gmail.com)"
173.199.115.43 - - [14/Mar/2013:04:45:05 +0100] "GET /impressum/impressum.html HTTP/1.1" 200 7872 "-" "Mozilla/5.0 (compatible; AhrefsBot/4.0; +http://ahrefs.com/robot/)"
208.115.111.75 - - [14/Mar/2013:06:54:46 +0100] "GET /robots.txt HTTP/1.1" 200 298 "-" "Mozilla/5.0 (compatible; Ezooms/1.0; ezooms.bot@gmail.com)"
85.25.71.89 - - [14/Mar/2013:08:08:10 +0100] "GET / HTTP/1.1" 200 15853 "-" "Mozilla/5.0 (X11; U; Linux i686; en-US; rv:1.9.0.1) Gecko/2008070206 Firefox/3.0.1"
85.25.71.89 - - [14/Mar/2013:08:08:10 +0100] "GET /impressum/impressum.html HTTP/1.1" 200 7872 "-" "Mozilla/5.0 (X11; U; Linux i686; en-US; rv:1.9.0.1) Gecko/2008070206 Firefox/3.0.1"
173.199.115.43 - - [14/Mar/2013:08:47:41 +0100] "GET /friends/friends.html HTTP/1.1" 401 1226 "-" "Mozilla/5.0 (compatible; AhrefsBot/4.0; +http://ahrefs.com/robot/)"
208.115.111.75 - - [14/Mar/2013:08:51:21 +0100] "GET /env/env.html HTTP/1.1" 200 12438 "-" "Mozilla/5.0 (compatible; Ezooms/1.0; ezooms.bot@gmail.com)"
173.199.115.43 - - [14/Mar/2013:10:58:46 +0100] "GET /env/roland/sc880.html HTTP/1.1" 200 17092 "-" "Mozilla/5.0 (compatible; AhrefsBot/4.0; +http://ahrefs.com/robot/)"
173.199.115.43 - - [14/Mar/2013:13:18:20 +0100] "GET /env/jomox/download/airbase99.LSO HTTP/1.1" 200 387896 "-" "Mozilla/5.0 (compatible; AhrefsBot/4.0; +http://ahrefs.com/robot/)"
173.199.115.43 - - [14/Mar/2013:14:28:17 +0100] "GET /env/jomox/pics/pic_airbase99.html HTTP/1.1" 200 759 "-" "Mozilla/5.0 (compatible; AhrefsBot/4.0; +http://ahrefs.com/robot/)"
173.199.115.43 - - [14/Mar/2013:17:35:58 +0100] "GET /links/links.html HTTP/1.1" 200 278 "-" "Mozilla/5.0 (compatible; AhrefsBot/4.0; +http://ahrefs.com/robot/)"
141.8.147.12 - - [14/Mar/2013:22:53:20 +0100] "GET /robots.txt HTTP/1.1" 200 298 "-" "Mozilla/5.0 (compatible; YandexBot/3.0; +http://yandex.com/bots)"
208.115.111.75 - - [15/Mar/2013:02:45:05 +0100] "GET /robots.txt HTTP/1.1" 200 298 "-" "Mozilla/5.0 (compatible; Ezooms/1.0; ezooms.bot@gmail.com)"
199.30.20.82 - - [15/Mar/2013:02:56:51 +0100] "GET /robots.txt HTTP/1.1" 200 298 "-" "msnbot-media/1.1 (+http://search.msn.com/msnbot.htm)"
199.30.20.82 - - [15/Mar/2013:02:56:52 +0100] "GET /impressum/images/span.jpg HTTP/1.1" 200 811 "-" "msnbot-media/1.1 (+http://search.msn.com/msnbot.htm)"
173.199.115.43 - - [15/Mar/2013:03:15:39 +0100] "GET /env/jomox/jomox.html HTTP/1.1" 200 14935 "-" "Mozilla/5.0 (compatible; AhrefsBot/4.0; +http://ahrefs.com/robot/)"
173.199.115.43 - - [15/Mar/2013:04:07:14 +0100] "GET /index.html HTTP/1.1" 200 15853 "-" "Mozilla/5.0 (compatible; AhrefsBot/4.0; +http://ahrefs.com/robot/)"
208.115.111.75 - - [15/Mar/2013:04:42:46 +0100] "GET /env/roland/sc880.html HTTP/1.1" 200 17092 "-" "Mozilla/5.0 (compatible; Ezooms/1.0; ezooms.bot@gmail.com)"
141.8.147.12 - - [15/Mar/2013:05:43:23 +0100] "GET /impressum/impressum.html HTTP/1.1" 200 7872 "-" "Mozilla/5.0 (compatible; YandexBot/3.0; +http://yandex.com/bots)"
65.55.215.69 - - [15/Mar/2013:06:22:48 +0100] "GET /robots.txt HTTP/1.1" 200 298 "-" "msnbot-media/1.1 (+http://search.msn.com/msnbot.htm)"
65.55.215.69 - - [15/Mar/2013:06:22:48 +0100] "GET /env/roland/images/10x10_CCCCCC.jpg HTTP/1.1" 200 631 "-" "msnbot-media/1.1 (+http://search.msn.com/msnbot.htm)"
65.55.55.231 - - [15/Mar/2013:06:26:09 +0100] "GET /robots.txt HTTP/1.1" 200 298 "-" "Mozilla/5.0 (compatible; bingbot/2.0; +http://www.bing.com/bingbot.htm)"
65.55.55.231 - - [15/Mar/2013:06:28:05 +0100] "GET /links/links.html HTTP/1.1" 200 278 "-" "Mozilla/5.0 (compatible; bingbot/2.0; +http://www.bing.com/bingbot.htm)"
199.30.16.20 - - [15/Mar/2013:07:15:41 +0100] "GET /robots.txt HTTP/1.1" 200 298 "-" "msnbot-media/1.1 (+http://search.msn.com/msnbot.htm)"
199.30.16.20 - - [15/Mar/2013:07:15:41 +0100] "GET /images/15x15.jpg HTTP/1.1" 200 631 "-" "msnbot-media/1.1 (+http://search.msn.com/msnbot.htm)"
199.30.16.27 - - [15/Mar/2013:07:18:43 +0100] "GET /robots.txt HTTP/1.1" 200 298 "-" "msnbot-media/1.1 (+http://search.msn.com/msnbot.htm)"
199.30.16.27 - - [15/Mar/2013:07:18:43 +0100] "GET /images/pixel.gif HTTP/1.1" 200 43 "-" "msnbot-media/1.1 (+http://search.msn.com/msnbot.htm)"
199.30.16.33 - - [15/Mar/2013:08:31:41 +0100] "GET /robots.txt HTTP/1.1" 200 298 "-" "msnbot-media/1.1 (+http://search.msn.com/msnbot.htm)"
199.30.16.33 - - [15/Mar/2013:08:31:42 +0100] "GET /impressum/images/15x15.jpg HTTP/1.1" 200 631 "-" "msnbot-media/1.1 (+http://search.msn.com/msnbot.htm)"
173.199.115.43 - - [15/Mar/2013:09:42:40 +0100] "GET /privat/privat.html HTTP/1.1" 401 1226 "-" "Mozilla/5.0 (compatible; AhrefsBot/4.0; +http://ahrefs.com/robot/)"
199.30.16.38 - - [15/Mar/2013:10:00:22 +0100] "GET /robots.txt HTTP/1.1" 200 298 "-" "msnbot-media/1.1 (+http://search.msn.com/msnbot.htm)"
199.30.16.38 - - [15/Mar/2013:10:00:22 +0100] "GET /impressum/images/10x10_CCCCCC.jpg HTTP/1.1" 200 631 "-" "msnbot-media/1.1 (+http://search.msn.com/msnbot.htm)"
141.8.147.12 - - [15/Mar/2013:11:11:50 +0100] "GET /robots.txt HTTP/1.1" 200 298 "-" "Mozilla/5.0 (compatible; YandexBot/3.0; +http://yandex.com/bots)"
141.8.147.12 - - [15/Mar/2013:12:03:33 +0100] "GET /env/roland/sc880.html HTTP/1.1" 200 17092 "-" "Mozilla/5.0 (compatible; YandexBot/3.0; +http://yandex.com/bots)"
65.55.215.59 - - [15/Mar/2013:12:23:44 +0100] "GET /robots.txt HTTP/1.1" 200 298 "-" "msnbot-media/1.1 (+http://search.msn.com/msnbot.htm)"
65.55.215.59 - - [15/Mar/2013:12:23:44 +0100] "GET /env/roland/images/15x15.jpg HTTP/1.1" 200 631 "-" "msnbot-media/1.1 (+http://search.msn.com/msnbot.htm)"
65.55.215.42 - - [15/Mar/2013:12:51:26 +0100] "GET /robots.txt HTTP/1.1" 200 298 "-" "msnbot-media/1.1 (+http://search.msn.com/msnbot.htm)"
65.55.215.42 - - [15/Mar/2013:12:51:27 +0100] "GET /env/images/10x10_CCCCCC.jpg HTTP/1.1" 200 631 "-" "msnbot-media/1.1 (+http://search.msn.com/msnbot.htm)"
131.253.24.6 - - [15/Mar/2013:14:00:09 +0100] "GET /robots.txt HTTP/1.1" 200 298 "-" "msnbot-media/1.1 (+http://search.msn.com/msnbot.htm)"
131.253.24.6 - - [15/Mar/2013:14:00:09 +0100] "GET /env/images/15x15.jpg HTTP/1.1" 200 631 "-" "msnbot-media/1.1 (+http://search.msn.com/msnbot.htm)"
65.55.215.75 - - [15/Mar/2013:14:45:10 +0100] "GET /robots.txt HTTP/1.1" 200 298 "-" "msnbot-media/1.1 (+http://search.msn.com/msnbot.htm)"
65.55.215.75 - - [15/Mar/2013:14:45:10 +0100] "GET /env/images/span.jpg HTTP/1.1" 200 811 "-" "msnbot-media/1.1 (+http://search.msn.com/msnbot.htm)"
173.199.115.43 - - [15/Mar/2013:16:04:17 +0100] "GET /env/env.html HTTP/1.1" 200 12438 "-" "Mozilla/5.0 (compatible; AhrefsBot/4.0; +http://ahrefs.com/robot/)"
173.199.115.43 - - [15/Mar/2013:17:10:37 +0100] "GET /env/roland/pics/pic_sc880.html HTTP/1.1" 200 755 "-" "Mozilla/5.0 (compatible; AhrefsBot/4.0; +http://ahrefs.com/robot/)"
141.8.147.12 - - [15/Mar/2013:18:47:23 +0100] "GET /env/jomox/jomox.html HTTP/1.1" 200 14935 "-" "Mozilla/5.0 (compatible; YandexBot/3.0; +http://yandex.com/bots)"
141.8.147.12 - - [15/Mar/2013:20:11:06 +0100] "GET / HTTP/1.1" 200 15853 "-" "Mozilla/5.0 (compatible; YandexBot/3.0; +http://yandex.com/bots)"
199.30.16.59 - - [16/Mar/2013:01:00:34 +0100] "GET /robots.txt HTTP/1.1" 200 298 "-" "msnbot-media/1.1 (+http://search.msn.com/msnbot.htm)"
199.30.16.59 - - [16/Mar/2013:01:00:34 +0100] "GET /env/jomox/images/15x15.jpg HTTP/1.1" 200 631 "-" "msnbot-media/1.1 (+http://search.msn.com/msnbot.htm)"
208.115.111.75 - - [16/Mar/2013:02:41:19 +0100] "GET /robots.txt HTTP/1.1" 200 298 "-" "Mozilla/5.0 (compatible; Ezooms/1.0; ezooms.bot@gmail.com)"
208.115.111.75 - - [16/Mar/2013:04:40:26 +0100] "GET /index.html HTTP/1.1" 200 15853 "-" "Mozilla/5.0 (compatible; Ezooms/1.0; ezooms.bot@gmail.com)"
141.8.147.12 - - [16/Mar/2013:06:48:06 +0100] "GET /robots.txt HTTP/1.1" 200 298 "-" "Mozilla/5.0 (compatible; YandexBot/3.0; +http://yandex.com/bots)"
65.55.215.46 - - [16/Mar/2013:08:57:03 +0100] "GET /robots.txt HTTP/1.1" 200 298 "-" "msnbot-media/1.1 (+http://search.msn.com/msnbot.htm)"
65.55.215.46 - - [16/Mar/2013:08:57:03 +0100] "GET /env/roland/images/span.jpg HTTP/1.1" 200 811 "-" "msnbot-media/1.1 (+http://search.msn.com/msnbot.htm)"
141.8.147.12 - - [16/Mar/2013:10:15:04 +0100] "GET /links/links.html HTTP/1.1" 200 278 "-" "Mozilla/5.0 (compatible; YandexBot/3.0; +http://yandex.com/bots)"
199.30.16.60 - - [16/Mar/2013:11:01:21 +0100] "GET /robots.txt HTTP/1.1" 200 298 "-" "msnbot-media/1.1 (+http://search.msn.com/msnbot.htm)"
199.30.16.60 - - [16/Mar/2013:11:01:21 +0100] "GET /env/jomox/images/15x15.jpg HTTP/1.1" 200 631 "-" "msnbot-media/1.1 (+http://search.msn.com/msnbot.htm)"
66.249.78.197 - - [16/Mar/2013:13:57:23 +0100] "GET /robots.txt HTTP/1.1" 200 298 "-" "Mozilla/5.0 (compatible; Googlebot/2.1; +http://www.google.com/bot.html)"
66.249.78.197 - - [16/Mar/2013:13:57:23 +0100] "GET / HTTP/1.1" 200 15853 "-" "Mozilla/5.0 (compatible; Googlebot/2.1; +http://www.google.com/bot.html)"
208.115.113.91 - - [16/Mar/2013:20:41:23 +0100] "GET /robots.txt HTTP/1.1" 200 298 "-" "Mozilla/5.0 (compatible; Ezooms/1.0; ezooms.bot@gmail.com)"
64.125.222.50 - - [16/Mar/2013:22:19:58 +0100] "GET /robots.txt HTTP/1.1" 200 298 "-" "Mozilla/5.0 (compatible; 008/0.83; http://www.80legs.com/webcrawler.html;) Gecko/2008032620"
195.54.42.136 - - [16/Mar/2013:22:20:24 +0100] "GET / HTTP/1.1" 200 15853 "-" "Mozilla/5.0 (compatible; 008/0.85; http://www.80legs.com/webcrawler.html) Gecko/2008032620"
195.54.42.136 - - [16/Mar/2013:22:20:25 +0100] "GET / HTTP/1.1" 200 15853 "-" "Mozilla/5.0 (compatible; 008/0.85; http://www.80legs.com/webcrawler.html) Gecko/2008032620"
195.54.42.136 - - [16/Mar/2013:22:20:26 +0100] "GET / HTTP/1.1" 200 15853 "-" "Mozilla/5.0 (compatible; 008/0.85; http://www.80legs.com/webcrawler.html) Gecko/2008032620"
195.54.42.136 - - [16/Mar/2013:22:20:27 +0100] "GET / HTTP/1.1" 200 15853 "-" "Mozilla/5.0 (compatible; 008/0.85; http://www.80legs.com/webcrawler.html) Gecko/2008032620"
195.54.42.136 - - [16/Mar/2013:22:20:29 +0100] "GET / HTTP/1.1" 200 15853 "-" "Mozilla/5.0 (compatible; 008/0.85; http://www.80legs.com/webcrawler.html) Gecko/2008032620"
195.54.42.136 - - [16/Mar/2013:22:20:30 +0100] "GET / HTTP/1.1" 200 15853 "-" "Mozilla/5.0 (compatible; 008/0.85; http://www.80legs.com/webcrawler.html) Gecko/2008032620"
188.230.81.189 - - [16/Mar/2013:22:20:46 +0100] "GET / HTTP/1.1" 200 15853 "-" "Mozilla/5.0 (compatible; 008/0.85; http://www.80legs.com/webcrawler.html) Gecko/2008032620"
188.230.81.189 - - [16/Mar/2013:22:20:47 +0100] "GET / HTTP/1.1" 200 15853 "-" "Mozilla/5.0 (compatible; 008/0.85; http://www.80legs.com/webcrawler.html) Gecko/2008032620"
188.230.81.189 - - [16/Mar/2013:22:20:48 +0100] "GET / HTTP/1.1" 200 15853 "-" "Mozilla/5.0 (compatible; 008/0.85; http://www.80legs.com/webcrawler.html) Gecko/2008032620"
188.230.81.189 - - [16/Mar/2013:22:20:49 +0100] "GET / HTTP/1.1" 200 15853 "-" "Mozilla/5.0 (compatible; 008/0.85; http://www.80legs.com/webcrawler.html) Gecko/2008032620"
188.230.81.189 - - [16/Mar/2013:22:20:50 +0100] "GET / HTTP/1.1" 200 15853 "-" "Mozilla/5.0 (compatible; 008/0.85; http://www.80legs.com/webcrawler.html) Gecko/2008032620"
208.115.111.75 - - [16/Mar/2013:22:39:34 +0100] "GET /robots.txt HTTP/1.1" 200 298 "-" "Mozilla/5.0 (compatible; Ezooms/1.0; ezooms.bot@gmail.com)"
208.115.113.91 - - [16/Mar/2013:22:53:04 +0100] "GET /impressum/impressum.html HTTP/1.1" 200 7872 "-" "Mozilla/5.0 (compatible; Ezooms/1.0; ezooms.bot@gmail.com)"
208.115.111.75 - - [17/Mar/2013:00:34:43 +0100] "GET /privat/privat.html HTTP/1.1" 401 1226 "-" "Mozilla/5.0 (compatible; Ezooms/1.0; ezooms.bot@gmail.com)"
217.12.216.54 - - [17/Mar/2013:00:49:11 +0100] "GET /env/jomox/jomox.html HTTP/1.1" 200 14935 "-" "Mozilla/5.0 (compatible; 008/0.85; http://www.80legs.com/webcrawler.html) Gecko/2008032620"
217.12.216.54 - - [17/Mar/2013:00:49:13 +0100] "GET /friends/friends.html HTTP/1.1" 401 1226 "-" "Mozilla/5.0 (compatible; 008/0.85; http://www.80legs.com/webcrawler.html) Gecko/2008032620"
217.12.216.54 - - [17/Mar/2013:00:49:14 +0100] "GET /impressum/impressum.html HTTP/1.1" 200 7872 "-" "Mozilla/5.0 (compatible; 008/0.85; http://www.80legs.com/webcrawler.html) Gecko/2008032620"
217.12.216.54 - - [17/Mar/2013:00:49:16 +0100] "GET /impressum/impressum.html HTTP/1.1" 200 7872 "-" "Mozilla/5.0 (compatible; 008/0.85; http://www.80legs.com/webcrawler.html) Gecko/2008032620"
217.12.216.54 - - [17/Mar/2013:00:49:17 +0100] "GET /phpBB2/index.php HTTP/1.1" 401 1226 "-" "Mozilla/5.0 (compatible; 008/0.85; http://www.80legs.com/webcrawler.html) Gecko/2008032620"
77.40.119.201 - - [17/Mar/2013:00:58:15 +0100] "GET /index.html HTTP/1.1" 200 15853 "-" "Mozilla/5.0 (compatible; 008/0.85; http://www.80legs.com/webcrawler.html) Gecko/2008032620"
24.124.47.122 - - [17/Mar/2013:01:17:35 +0100] "GET /env/env.html HTTP/1.1" 200 12438 "-" "Mozilla/5.0 (compatible; 008/0.85; http://www.80legs.com/webcrawler.html) Gecko/2008032620"
64.125.222.50 - - [17/Mar/2013:01:20:38 +0100] "GET /robots.txt HTTP/1.1" 200 298 "-" "Mozilla/5.0 (compatible; 008/0.83; http://www.80legs.com/webcrawler.html;) Gecko/2008032620"
78.37.221.190 - - [17/Mar/2013:01:22:36 +0100] "GET /privat/privat.html HTTP/1.1" 401 1226 "-" "Mozilla/5.0 (compatible; 008/0.85; http://www.80legs.com/webcrawler.html) Gecko/2008032620"
109.62.187.81 - - [17/Mar/2013:01:26:17 +0100] "GET /env/env.html HTTP/1.1" 200 12438 "-" "Mozilla/5.0 (compatible; 008/0.85; http://www.80legs.com/webcrawler.html) Gecko/2008032620"
188.32.209.146 - - [17/Mar/2013:02:44:52 +0100] "GET /env/roland/sc880.html HTTP/1.1" 200 17092 "-" "Mozilla/5.0 (compatible; 008/0.85; http://www.80legs.com/webcrawler.html) Gecko/2008032620"
144.76.43.110 - - [17/Mar/2013:02:53:17 +0100] "GET / HTTP/1.1" 200 15853 "-" "Mozilla/4.0 (compatible; MSIE 5.01; Windows NT 5.0)"
83.174.250.238 - - [17/Mar/2013:03:04:42 +0100] "GET /env/jomox/pics/pic_airbase99.html HTTP/1.1" 200 759 "-" "Mozilla/5.0 (compatible; 008/0.85; http://www.80legs.com/webcrawler.html) Gecko/2008032620"
83.174.250.238 - - [17/Mar/2013:03:13:13 +0100] "GET /links/links.html HTTP/1.1" 200 278 "-" "Mozilla/5.0 (compatible; 008/0.85; http://www.80legs.com/webcrawler.html) Gecko/2008032620"
178.137.196.191 - - [17/Mar/2013:03:44:16 +0100] "GET /env/jomox/download/airbase99.LSO HTTP/1.1" 200 387896 "-" "Mozilla/5.0 (compatible; 008/0.85; http://www.80legs.com/webcrawler.html) Gecko/2008032620"
141.8.147.12 - - [17/Mar/2013:04:48:11 +0100] "GET /robots.txt HTTP/1.1" 200 298 "-" "Mozilla/5.0 (compatible; YandexBot/3.0; +http://yandex.com/bots)"
141.8.147.12 - - [17/Mar/2013:04:48:13 +0100] "GET /env/jomox/pics/airbase99_small.jpg HTTP/1.1" 200 5206 "-" "Mozilla/5.0 (compatible; YandexImages/3.0; +http://yandex.com/bots)"
173.199.114.179 - - [17/Mar/2013:05:16:43 +0100] "GET / HTTP/1.1" 200 15853 "-" "Mozilla/5.0 (compatible; AhrefsBot/4.0; +http://ahrefs.com/robot/)"
141.8.147.12 - - [17/Mar/2013:08:45:39 +0100] "GET /env/roland/pics/pic_sc880.html HTTP/1.1" 200 755 "-" "Mozilla/5.0 (compatible; YandexBot/3.0; +http://yandex.com/bots)"
217.225.176.71 - - [17/Mar/2013:10:20:18 +0100] "GET / HTTP/1.1" 200 15853 "http://www.domain-reputation.de/www.soundpatcher.de" "Mozilla/5.0 (Windows; U; Windows NT 6.0; en-US) AppleWebKit/533.4 (KHTML, like Gecko) Chrome/5.0.375.126 Safari/533.4"
204.12.208.162 - - [17/Mar/2013:10:31:39 +0100] "GET /robots.txt HTTP/1.0" 200 298 "-" "Mozilla/5.0 (compatible; MJ12bot/v1.4.3; http://www.majestic12.co.uk/bot.php?+)"
204.12.208.162 - - [17/Mar/2013:10:31:41 +0100] "GET / HTTP/1.0" 200 15853 "-" "Mozilla/5.0 (compatible; MJ12bot/v1.4.3; http://www.majestic12.co.uk/bot.php?+)"
173.199.114.179 - - [17/Mar/2013:13:18:45 +0100] "GET /env/roland/pics/pic_sc880.html HTTP/1.1" 200 755 "-" "Mozilla/5.0 (compatible; AhrefsBot/4.0; +http://ahrefs.com/robot/)"
173.199.114.179 - - [17/Mar/2013:14:56:15 +0100] "GET /env/jomox/pics/pic_airbase99.html HTTP/1.1" 200 759 "-" "Mozilla/5.0 (compatible; AhrefsBot/4.0; +http://ahrefs.com/robot/)"
64.246.165.150 - - [17/Mar/2013:15:00:08 +0100] "GET /robots.txt HTTP/1.0" 200 298 "-" "Mozilla/5.0 (Windows; U; Windows NT 5.1; en; rv:1.9.0.13) Gecko/2009073022 Firefox/3.5.2 (.NET CLR 3.5.30729) SurveyBot/2.3 (DomainTools)"
64.246.165.150 - - [17/Mar/2013:15:00:08 +0100] "GET / HTTP/1.1" 200 15853 "http://whois.domaintools.com/soundpatcher.de" "Mozilla/5.0 (Windows; U; Windows NT 5.1; en; rv:1.9.0.13) Gecko/2009073022 Firefox/3.5.2 (.NET CLR 3.5.30729) SurveyBot/2.3 (DomainTools)"
217.212.224.183 - - [17/Mar/2013:15:59:30 +0100] "GET /robots.txt HTTP/1.0" 200 298 "-" "psbot/0.1 (+http://www.picsearch.com/bot.html)"
217.212.224.182 - - [17/Mar/2013:15:59:30 +0100] "GET /env/jomox/jomox.html HTTP/1.0" 304 - "-" "psbot/0.1 (+http://www.picsearch.com/bot.html)"
173.199.114.179 - - [17/Mar/2013:16:02:51 +0100] "GET /impressum/impressum.html HTTP/1.1" 200 7872 "-" "Mozilla/5.0 (compatible; AhrefsBot/4.0; +http://ahrefs.com/robot/)"
141.8.147.12 - - [17/Mar/2013:16:51:13 +0100] "GET /robots.txt HTTP/1.1" 200 298 "-" "Mozilla/5.0 (compatible; YandexBot/3.0; +http://yandex.com/bots)"
157.55.35.113 - - [17/Mar/2013:17:13:11 +0100] "GET /robots.txt HTTP/1.1" 200 298 "-" "Mozilla/5.0 (compatible; bingbot/2.0; +http://www.bing.com/bingbot.htm)"
157.55.35.113 - - [17/Mar/2013:17:14:47 +0100] "GET /env/env.html HTTP/1.1" 304 - "-" "Mozilla/5.0 (compatible; bingbot/2.0; +http://www.bing.com/bingbot.htm)"
173.199.114.179 - - [17/Mar/2013:18:04:02 +0100] "GET /friends/friends.html HTTP/1.1" 401 1226 "-" "Mozilla/5.0 (compatible; AhrefsBot/4.0; +http://ahrefs.com/robot/)"
24.134.15.19 - - [17/Mar/2013:18:22:50 +0100] "GET /impressum/impressum.html HTTP/1.1" 200 7872 "https://www.google.de/" "Mozilla/5.0 (Windows NT 6.1; WOW64) AppleWebKit/537.22 (KHTML, like Gecko) Chrome/25.0.1364.172 Safari/537.22"
24.134.15.19 - - [17/Mar/2013:18:22:50 +0100] "GET /impressum/images/logo_big.jpg HTTP/1.1" 200 12681 "http://www.soundpatcher.de/impressum/impressum.html" "Mozilla/5.0 (Windows NT 6.1; WOW64) AppleWebKit/537.22 (KHTML, like Gecko) Chrome/25.0.1364.172 Safari/537.22"
24.134.15.19 - - [17/Mar/2013:18:22:50 +0100] "GET /impressum/images/span.jpg HTTP/1.1" 200 811 "http://www.soundpatcher.de/impressum/impressum.html" "Mozilla/5.0 (Windows NT 6.1; WOW64) AppleWebKit/537.22 (KHTML, like Gecko) Chrome/25.0.1364.172 Safari/537.22"
24.134.15.19 - - [17/Mar/2013:18:22:50 +0100] "GET /impressum/images/pixel.gif HTTP/1.1" 200 43 "http://www.soundpatcher.de/impressum/impressum.html" "Mozilla/5.0 (Windows NT 6.1; WOW64) AppleWebKit/537.22 (KHTML, like Gecko) Chrome/25.0.1364.172 Safari/537.22"
24.134.15.19 - - [17/Mar/2013:18:22:50 +0100] "GET /impressum/images/10x10_CCCCCC.jpg HTTP/1.1" 200 631 "http://www.soundpatcher.de/impressum/impressum.html" "Mozilla/5.0 (Windows NT 6.1; WOW64) AppleWebKit/537.22 (KHTML, like Gecko) Chrome/25.0.1364.172 Safari/537.22"
24.134.15.19 - - [17/Mar/2013:18:22:50 +0100] "GET /impressum/images/15x15.jpg HTTP/1.1" 200 631 "http://www.soundpatcher.de/impressum/impressum.html" "Mozilla/5.0 (Windows NT 6.1; WOW64) AppleWebKit/537.22 (KHTML, like Gecko) Chrome/25.0.1364.172 Safari/537.22"
24.134.15.19 - - [17/Mar/2013:18:22:50 +0100] "GET /favicon.ico HTTP/1.1" 404 1256 "-" "Mozilla/5.0 (Windows NT 6.1; WOW64) AppleWebKit/537.22 (KHTML, like Gecko) Chrome/25.0.1364.172 Safari/537.22"
24.134.15.19 - - [17/Mar/2013:18:22:56 +0100] "GET /env/env.html HTTP/1.1" 200 12438 "http://www.soundpatcher.de/impressum/impressum.html" "Mozilla/5.0 (Windows NT 6.1; WOW64) AppleWebKit/537.22 (KHTML, like Gecko) Chrome/25.0.1364.172 Safari/537.22"
24.134.15.19 - - [17/Mar/2013:18:22:56 +0100] "GET /env/images/logo_big.jpg HTTP/1.1" 200 12681 "http://www.soundpatcher.de/env/env.html" "Mozilla/5.0 (Windows NT 6.1; WOW64) AppleWebKit/537.22 (KHTML, like Gecko) Chrome/25.0.1364.172 Safari/537.22"
24.134.15.19 - - [17/Mar/2013:18:22:56 +0100] "GET /env/images/span.jpg HTTP/1.1" 200 811 "http://www.soundpatcher.de/env/env.html" "Mozilla/5.0 (Windows NT 6.1; WOW64) AppleWebKit/537.22 (KHTML, like Gecko) Chrome/25.0.1364.172 Safari/537.22"
24.134.15.19 - - [17/Mar/2013:18:22:56 +0100] "GET /env/images/pixel.gif HTTP/1.1" 200 43 "http://www.soundpatcher.de/env/env.html" "Mozilla/5.0 (Windows NT 6.1; WOW64) AppleWebKit/537.22 (KHTML, like Gecko) Chrome/25.0.1364.172 Safari/537.22"
24.134.15.19 - - [17/Mar/2013:18:22:56 +0100] "GET /env/images/15x15.jpg HTTP/1.1" 200 631 "http://www.soundpatcher.de/env/env.html" "Mozilla/5.0 (Windows NT 6.1; WOW64) AppleWebKit/537.22 (KHTML, like Gecko) Chrome/25.0.1364.172 Safari/537.22"
24.134.15.19 - - [17/Mar/2013:18:22:56 +0100] "GET /env/images/10x10_CCCCCC.jpg HTTP/1.1" 200 631 "http://www.soundpatcher.de/env/env.html" "Mozilla/5.0 (Windows NT 6.1; WOW64) AppleWebKit/537.22 (KHTML, like Gecko) Chrome/25.0.1364.172 Safari/537.22"
24.134.15.19 - - [17/Mar/2013:18:22:56 +0100] "GET /env/jomox/pics/airbase99_small.jpg HTTP/1.1" 200 5206 "http://www.soundpatcher.de/env/env.html" "Mozilla/5.0 (Windows NT 6.1; WOW64) AppleWebKit/537.22 (KHTML, like Gecko) Chrome/25.0.1364.172 Safari/537.22"
24.134.15.19 - - [17/Mar/2013:18:22:56 +0100] "GET /env/roland/pics/sc880_small.jpg HTTP/1.1" 200 6144 "http://www.soundpatcher.de/env/env.html" "Mozilla/5.0 (Windows NT 6.1; WOW64) AppleWebKit/537.22 (KHTML, like Gecko) Chrome/25.0.1364.172 Safari/537.22"
24.134.15.19 - - [17/Mar/2013:18:22:56 +0100] "GET /favicon.ico HTTP/1.1" 404 1256 "-" "Mozilla/5.0 (Windows NT 6.1; WOW64) AppleWebKit/537.22 (KHTML, like Gecko) Chrome/25.0.1364.172 Safari/537.22"
24.134.15.19 - - [17/Mar/2013:18:23:09 +0100] "GET /friends/friends.html HTTP/1.1" 401 1226 "http://www.soundpatcher.de/env/env.html" "Mozilla/5.0 (Windows NT 6.1; WOW64) AppleWebKit/537.22 (KHTML, like Gecko) Chrome/25.0.1364.172 Safari/537.22"
24.134.15.19 - - [17/Mar/2013:18:23:13 +0100] "GET /favicon.ico HTTP/1.1" 404 1256 "-" "Mozilla/5.0 (Windows NT 6.1; WOW64) AppleWebKit/537.22 (KHTML, like Gecko) Chrome/25.0.1364.172 Safari/537.22"
24.134.15.19 - - [17/Mar/2013:18:23:16 +0100] "GET /favicon.ico HTTP/1.1" 404 1256 "-" "Mozilla/5.0 (Windows NT 6.1; WOW64) AppleWebKit/537.22 (KHTML, like Gecko) Chrome/25.0.1364.172 Safari/537.22"
24.134.15.19 - - [17/Mar/2013:18:23:19 +0100] "GET /index.html HTTP/1.1" 200 15853 "http://www.soundpatcher.de/env/env.html" "Mozilla/5.0 (Windows NT 6.1; WOW64) AppleWebKit/537.22 (KHTML, like Gecko) Chrome/25.0.1364.172 Safari/537.22"
24.134.15.19 - - [17/Mar/2013:18:23:19 +0100] "GET /images/logo_big.jpg HTTP/1.1" 200 12681 "http://www.soundpatcher.de/index.html" "Mozilla/5.0 (Windows NT 6.1; WOW64) AppleWebKit/537.22 (KHTML, like Gecko) Chrome/25.0.1364.172 Safari/537.22"
24.134.15.19 - - [17/Mar/2013:18:23:19 +0100] "GET /images/span.jpg HTTP/1.1" 200 811 "http://www.soundpatcher.de/index.html" "Mozilla/5.0 (Windows NT 6.1; WOW64) AppleWebKit/537.22 (KHTML, like Gecko) Chrome/25.0.1364.172 Safari/537.22"
24.134.15.19 - - [17/Mar/2013:18:23:19 +0100] "GET /images/10x10_CCCCCC.jpg HTTP/1.1" 200 631 "http://www.soundpatcher.de/index.html" "Mozilla/5.0 (Windows NT 6.1; WOW64) AppleWebKit/537.22 (KHTML, like Gecko) Chrome/25.0.1364.172 Safari/537.22"
24.134.15.19 - - [17/Mar/2013:18:23:19 +0100] "GET /images/15x15.jpg HTTP/1.1" 200 631 "http://www.soundpatcher.de/index.html" "Mozilla/5.0 (Windows NT 6.1; WOW64) AppleWebKit/537.22 (KHTML, like Gecko) Chrome/25.0.1364.172 Safari/537.22"
24.134.15.19 - - [17/Mar/2013:18:23:19 +0100] "GET /images/pixel.gif HTTP/1.1" 200 43 "http://www.soundpatcher.de/index.html" "Mozilla/5.0 (Windows NT 6.1; WOW64) AppleWebKit/537.22 (KHTML, like Gecko) Chrome/25.0.1364.172 Safari/537.22"
24.134.15.19 - - [17/Mar/2013:18:23:19 +0100] "GET /favicon.ico HTTP/1.1" 404 1256 "-" "Mozilla/5.0 (Windows NT 6.1; WOW64) AppleWebKit/537.22 (KHTML, like Gecko) Chrome/25.0.1364.172 Safari/537.22"
208.115.111.75 - - [17/Mar/2013:18:45:48 +0100] "GET /robots.txt HTTP/1.1" 200 298 "-" "Mozilla/5.0 (compatible; Ezooms/1.0; ezooms.bot@gmail.com)"
141.8.147.12 - - [17/Mar/2013:20:07:14 +0100] "GET / HTTP/1.1" 200 15853 "-" "Mozilla/5.0 (compatible; YandexBot/3.0; +http://yandex.com/bots)"
208.115.111.75 - - [17/Mar/2013:20:36:43 +0100] "GET /env/jomox/pics/pic_airbase99.html HTTP/1.1" 200 759 "-" "Mozilla/5.0 (compatible; Ezooms/1.0; ezooms.bot@gmail.com)"
85.25.120.73 - - [17/Mar/2013:21:57:49 +0100] "GET / HTTP/1.1" 200 15853 "-" "Mozilla/5.0 (X11; U; Linux i686; en-US; rv:1.9.0.1) Gecko/2008070206 Firefox/3.0.1"
85.25.120.73 - - [17/Mar/2013:21:57:49 +0100] "GET /impressum/impressum.html HTTP/1.1" 200 7872 "-" "Mozilla/5.0 (X11; U; Linux i686; en-US; rv:1.9.0.1) Gecko/2008070206 Firefox/3.0.1"
173.199.114.179 - - [18/Mar/2013:03:10:57 +0100] "GET /privat/privat.html HTTP/1.1" 401 1226 "-" "Mozilla/5.0 (compatible; AhrefsBot/4.0; +http://ahrefs.com/robot/)"
173.199.114.179 - - [18/Mar/2013:08:20:38 +0100] "GET /env/jomox/download/airbase99.LSO HTTP/1.1" 200 387896 "-" "Mozilla/5.0 (compatible; AhrefsBot/4.0; +http://ahrefs.com/robot/)"
173.199.114.179 - - [19/Mar/2013:00:19:20 +0100] "GET /env/roland/sc880.html HTTP/1.1" 200 17092 "-" "Mozilla/5.0 (compatible; AhrefsBot/4.0; +http://ahrefs.com/robot/)"
173.199.118.171 - - [19/Mar/2013:00:37:08 +0100] "GET /robots.txt HTTP/1.1" 200 298 "-" "Mozilla/5.0 (compatible; AhrefsBot/4.0; +http://ahrefs.com/robot/)"
66.249.75.237 - - [19/Mar/2013:04:49:01 +0100] "GET /robots.txt HTTP/1.1" 200 298 "-" "Mozilla/5.0 (compatible; Googlebot/2.1; +http://www.google.com/bot.html)"
66.249.75.237 - - [19/Mar/2013:04:49:01 +0100] "GET /env/jomox/pics/pic_airbase99.html HTTP/1.1" 304 - "-" "Mozilla/5.0 (compatible; Googlebot/2.1; +http://www.google.com/bot.html)"
199.30.20.104 - - [20/Mar/2013:00:06:33 +0100] "GET /robots.txt HTTP/1.1" 200 298 "-" "msnbot-media/1.1 (+http://search.msn.com/msnbot.htm)"
199.30.20.104 - - [20/Mar/2013:00:06:33 +0100] "GET /impressum/images/10x10_CCCCCC.jpg HTTP/1.1" 200 631 "-" "msnbot-media/1.1 (+http://search.msn.com/msnbot.htm)"
81.144.138.34 - - [20/Mar/2013:02:52:35 +0100] "GET /robots.txt HTTP/1.1" 200 298 "-" "Wotbox/2.01 (+http://www.wotbox.com/bot/)"
199.30.20.98 - - [20/Mar/2013:02:52:38 +0100] "GET /robots.txt HTTP/1.1" 200 298 "-" "msnbot-media/1.1 (+http://search.msn.com/msnbot.htm)"
199.30.20.98 - - [20/Mar/2013:02:52:38 +0100] "GET /impressum/images/15x15.jpg HTTP/1.1" 200 631 "-" "msnbot-media/1.1 (+http://search.msn.com/msnbot.htm)"
81.144.138.34 - - [20/Mar/2013:02:52:45 +0100] "GET / HTTP/1.1" 200 15853 "-" "Wotbox/2.01 (+http://www.wotbox.com/bot/)"
81.144.138.34 - - [20/Mar/2013:02:52:50 +0100] "GET /index.html HTTP/1.1" 200 15853 "-" "Wotbox/2.01 (+http://www.wotbox.com/bot/)"
81.144.138.34 - - [20/Mar/2013:02:52:55 +0100] "GET /env/env.html HTTP/1.1" 200 12438 "-" "Wotbox/2.01 (+http://www.wotbox.com/bot/)"
81.144.138.34 - - [20/Mar/2013:02:53:01 +0100] "GET /friends/friends.html HTTP/1.1" 401 1226 "-" "Wotbox/2.01 (+http://www.wotbox.com/bot/)"
81.144.138.34 - - [20/Mar/2013:02:53:06 +0100] "GET /phpBB2/index.php HTTP/1.1" 401 1226 "-" "Wotbox/2.01 (+http://www.wotbox.com/bot/)"
81.144.138.34 - - [20/Mar/2013:02:53:11 +0100] "GET /privat/privat.html HTTP/1.1" 401 1226 "-" "Wotbox/2.01 (+http://www.wotbox.com/bot/)"
81.144.138.34 - - [20/Mar/2013:02:53:17 +0100] "GET /impressum/impressum.html HTTP/1.1" 200 7872 "-" "Wotbox/2.01 (+http://www.wotbox.com/bot/)"
81.144.138.34 - - [20/Mar/2013:02:53:22 +0100] "GET /env/jomox/jomox.html HTTP/1.1" 200 14935 "-" "Wotbox/2.01 (+http://www.wotbox.com/bot/)"
81.144.138.34 - - [20/Mar/2013:02:53:27 +0100] "GET /env/roland/sc880.html HTTP/1.1" 200 17092 "-" "Wotbox/2.01 (+http://www.wotbox.com/bot/)"
81.144.138.34 - - [20/Mar/2013:02:53:32 +0100] "GET /links/links.html HTTP/1.1" 200 278 "-" "Wotbox/2.01 (+http://www.wotbox.com/bot/)"
81.144.138.34 - - [20/Mar/2013:02:53:38 +0100] "GET /env/jomox/download/airbase99.LSO HTTP/1.1" 200 387896 "-" "Wotbox/2.01 (+http://www.wotbox.com/bot/)"
81.144.138.34 - - [20/Mar/2013:02:53:44 +0100] "GET /env/jomox/pics/pic_airbase99.html HTTP/1.1" 200 759 "-" "Wotbox/2.01 (+http://www.wotbox.com/bot/)"
81.144.138.34 - - [20/Mar/2013:02:53:49 +0100] "GET /env/roland/pics/pic_sc880.html HTTP/1.1" 200 755 "-" "Wotbox/2.01 (+http://www.wotbox.com/bot/)"
65.55.215.76 - - [20/Mar/2013:05:06:38 +0100] "GET /robots.txt HTTP/1.1" 200 298 "-" "msnbot-media/1.1 (+http://search.msn.com/msnbot.htm)"
65.55.215.76 - - [20/Mar/2013:05:06:39 +0100] "GET /env/images/span.jpg HTTP/1.1" 200 811 "-" "msnbot-media/1.1 (+http://search.msn.com/msnbot.htm)"
199.30.16.60 - - [20/Mar/2013:06:40:40 +0100] "GET /robots.txt HTTP/1.1" 200 298 "-" "msnbot-media/1.1 (+http://search.msn.com/msnbot.htm)"
199.30.16.60 - - [20/Mar/2013:06:40:40 +0100] "GET /env/jomox/images/15x15.jpg HTTP/1.1" 200 631 "-" "msnbot-media/1.1 (+http://search.msn.com/msnbot.htm)"
199.30.16.10 - - [20/Mar/2013:06:53:56 +0100] "GET /robots.txt HTTP/1.1" 200 298 "-" "msnbot-media/1.1 (+http://search.msn.com/msnbot.htm)"
199.30.16.10 - - [20/Mar/2013:06:53:56 +0100] "GET /env/jomox/images/span.jpg HTTP/1.1" 200 811 "-" "msnbot-media/1.1 (+http://search.msn.com/msnbot.htm)"
199.30.20.5 - - [20/Mar/2013:09:30:44 +0100] "GET /robots.txt HTTP/1.1" 200 298 "-" "msnbot-media/1.1 (+http://search.msn.com/msnbot.htm)"
199.30.20.5 - - [20/Mar/2013:09:30:44 +0100] "GET /env/roland/images/15x15.jpg HTTP/1.1" 200 631 "-" "msnbot-media/1.1 (+http://search.msn.com/msnbot.htm)"
199.30.16.20 - - [20/Mar/2013:09:35:00 +0100] "GET /robots.txt HTTP/1.1" 200 298 "-" "msnbot-media/1.1 (+http://search.msn.com/msnbot.htm)"
199.30.16.20 - - [20/Mar/2013:09:35:01 +0100] "GET /images/15x15.jpg HTTP/1.1" 200 631 "-" "msnbot-media/1.1 (+http://search.msn.com/msnbot.htm)"
199.30.20.18 - - [20/Mar/2013:09:41:53 +0100] "GET /robots.txt HTTP/1.1" 200 298 "-" "msnbot-media/1.1 (+http://search.msn.com/msnbot.htm)"
199.30.20.18 - - [20/Mar/2013:09:41:53 +0100] "GET /env/roland/images/10x10_CCCCCC.jpg HTTP/1.1" 200 631 "-" "msnbot-media/1.1 (+http://search.msn.com/msnbot.htm)"
199.30.16.39 - - [20/Mar/2013:10:00:26 +0100] "GET /robots.txt HTTP/1.1" 200 298 "-" "msnbot-media/1.1 (+http://search.msn.com/msnbot.htm)"
199.30.16.39 - - [20/Mar/2013:10:00:26 +0100] "GET /images/10x10_CCCCCC.jpg HTTP/1.1" 200 631 "-" "msnbot-media/1.1 (+http://search.msn.com/msnbot.htm)"
199.30.20.80 - - [20/Mar/2013:10:08:08 +0100] "GET /robots.txt HTTP/1.1" 200 298 "-" "msnbot-media/1.1 (+http://search.msn.com/msnbot.htm)"
199.30.20.80 - - [20/Mar/2013:10:08:08 +0100] "GET /impressum/images/span.jpg HTTP/1.1" 200 811 "-" "msnbot-media/1.1 (+http://search.msn.com/msnbot.htm)"
65.55.215.42 - - [20/Mar/2013:11:31:14 +0100] "GET /robots.txt HTTP/1.1" 200 298 "-" "msnbot-media/1.1 (+http://search.msn.com/msnbot.htm)"
65.55.215.42 - - [20/Mar/2013:11:31:14 +0100] "GET /env/images/10x10_CCCCCC.jpg HTTP/1.1" 200 631 "-" "msnbot-media/1.1 (+http://search.msn.com/msnbot.htm)"
199.30.16.27 - - [20/Mar/2013:11:54:58 +0100] "GET /robots.txt HTTP/1.1" 200 298 "-" "msnbot-media/1.1 (+http://search.msn.com/msnbot.htm)"
199.30.16.27 - - [20/Mar/2013:11:54:58 +0100] "GET /images/pixel.gif HTTP/1.1" 200 43 "-" "msnbot-media/1.1 (+http://search.msn.com/msnbot.htm)"
81.30.151.222 - - [20/Mar/2013:12:42:21 +0100] "GET /robots.txt HTTP/1.1" 200 298 "-" "Mozilla/5.0 (compatible; Spiderlytics/1.0; +spider@spiderlytics.com)"
81.30.151.222 - - [20/Mar/2013:12:42:21 +0100] "GET /env/jomox/images/span.jpg HTTP/1.1" 200 811 "-" "Mozilla/5.0 (compatible; Spiderlytics/1.0; +spider@spiderlytics.com)"
65.55.215.33 - - [20/Mar/2013:12:58:54 +0100] "GET /robots.txt HTTP/1.1" 200 298 "-" "msnbot-media/1.1 (+http://search.msn.com/msnbot.htm)"
65.55.215.33 - - [20/Mar/2013:12:58:54 +0100] "GET /env/images/15x15.jpg HTTP/1.1" 200 631 "-" "msnbot-media/1.1 (+http://search.msn.com/msnbot.htm)"
208.115.111.75 - - [20/Mar/2013:14:43:04 +0100] "GET /robots.txt HTTP/1.1" 200 298 "-" "Mozilla/5.0 (compatible; Ezooms/1.0; ezooms.bot@gmail.com)"
199.30.16.24 - - [20/Mar/2013:14:44:41 +0100] "GET /robots.txt HTTP/1.1" 200 298 "-" "msnbot-media/1.1 (+http://search.msn.com/msnbot.htm)"
199.30.16.24 - - [20/Mar/2013:14:44:41 +0100] "GET /env/jomox/images/10x10_CCCCCC.jpg HTTP/1.1" 200 631 "-" "msnbot-media/1.1 (+http://search.msn.com/msnbot.htm)"
208.115.111.75 - - [20/Mar/2013:16:44:25 +0100] "GET /env/jomox/download/airbase99.LSO HTTP/1.1" 200 387896 "-" "Mozilla/5.0 (compatible; Ezooms/1.0; ezooms.bot@gmail.com)"
217.212.224.183 - - [20/Mar/2013:18:02:37 +0100] "GET /robots.txt HTTP/1.0" 200 298 "-" "psbot/0.1 (+http://www.picsearch.com/bot.html)"
217.212.224.181 - - [20/Mar/2013:18:02:37 +0100] "GET /env/roland/sc880.html HTTP/1.0" 304 - "-" "psbot/0.1 (+http://www.picsearch.com/bot.html)"
5.9.223.170 - - [20/Mar/2013:19:59:10 +0100] "GET /robots.txt HTTP/1.1" 200 298 "-" "Mozilla/5.0 (compatible; SISTRIX Crawler; http://crawler.sistrix.net/)"
5.9.223.170 - - [20/Mar/2013:19:59:10 +0100] "GET / HTTP/1.1" 200 15853 "-" "Mozilla/5.0 (compatible; SISTRIX Crawler; http://crawler.sistrix.net/)"
5.9.223.170 - - [20/Mar/2013:19:59:10 +0100] "GET /index.html HTTP/1.1" 200 15853 "-" "Mozilla/5.0 (compatible; SISTRIX Crawler; http://crawler.sistrix.net/)"
5.9.223.170 - - [20/Mar/2013:19:59:10 +0100] "GET /env/env.html HTTP/1.1" 200 12438 "-" "Mozilla/5.0 (compatible; SISTRIX Crawler; http://crawler.sistrix.net/)"
5.9.223.170 - - [20/Mar/2013:19:59:10 +0100] "GET /impressum/impressum.html HTTP/1.1" 200 7872 "-" "Mozilla/5.0 (compatible; SISTRIX Crawler; http://crawler.sistrix.net/)"
5.9.223.170 - - [20/Mar/2013:19:59:10 +0100] "GET /phpBB2/index.php HTTP/1.1" 401 1226 "-" "Mozilla/5.0 (compatible; SISTRIX Crawler; http://crawler.sistrix.net/)"
5.9.223.170 - - [20/Mar/2013:19:59:10 +0100] "GET /privat/privat.html HTTP/1.1" 401 1226 "-" "Mozilla/5.0 (compatible; SISTRIX Crawler; http://crawler.sistrix.net/)"
5.9.223.170 - - [20/Mar/2013:19:59:10 +0100] "GET /friends/friends.html HTTP/1.1" 401 1226 "-" "Mozilla/5.0 (compatible; SISTRIX Crawler; http://crawler.sistrix.net/)"
5.9.223.170 - - [20/Mar/2013:19:59:10 +0100] "GET /env/jomox/jomox.html HTTP/1.1" 200 14935 "-" "Mozilla/5.0 (compatible; SISTRIX Crawler; http://crawler.sistrix.net/)"
5.9.223.170 - - [20/Mar/2013:19:59:10 +0100] "GET /links/links.html HTTP/1.1" 200 278 "-" "Mozilla/5.0 (compatible; SISTRIX Crawler; http://crawler.sistrix.net/)"
5.9.223.170 - - [20/Mar/2013:19:59:10 +0100] "GET /env/roland/sc880.html HTTP/1.1" 200 17092 "-" "Mozilla/5.0 (compatible; SISTRIX Crawler; http://crawler.sistrix.net/)"
5.9.223.170 - - [20/Mar/2013:19:59:11 +0100] "GET /env/jomox/pics/pic_airbase99.html HTTP/1.1" 200 759 "-" "Mozilla/5.0 (compatible; SISTRIX Crawler; http://crawler.sistrix.net/)"
5.9.223.170 - - [20/Mar/2013:19:59:11 +0100] "GET /env/jomox/download/airbase99.LSO HTTP/1.1" 200 387896 "-" "Mozilla/5.0 (compatible; SISTRIX Crawler; http://crawler.sistrix.net/)"
5.9.223.170 - - [20/Mar/2013:19:59:12 +0100] "GET /env/roland/pics/pic_sc880.html HTTP/1.1" 200 755 "-" "Mozilla/5.0 (compatible; SISTRIX Crawler; http://crawler.sistrix.net/)"
95.108.248.30 - - [20/Mar/2013:22:49:26 +0100] "GET /robots.txt HTTP/1.1" 200 298 "-" "Mozilla/5.0 (compatible; YandexBot/3.0; +http://yandex.com/bots)"
95.108.248.30 - - [20/Mar/2013:22:49:28 +0100] "GET /privat/privat.html HTTP/1.1" 401 1226 "-" "Mozilla/5.0 (compatible; YandexBot/3.0; +http://yandex.com/bots)"
141.8.147.12 - - [21/Mar/2013:09:16:13 +0100] "GET /robots.txt HTTP/1.1" 200 298 "-" "Mozilla/5.0 (compatible; YandexBot/3.0; +http://yandex.com/bots)"
141.8.147.12 - - [21/Mar/2013:09:49:59 +0100] "GET /env/roland/pics/pic_sc880.html HTTP/1.1" 200 755 "-" "Mozilla/5.0 (compatible; YandexBot/3.0; +http://yandex.com/bots)"
65.55.215.46 - - [21/Mar/2013:13:02:53 +0100] "GET /robots.txt HTTP/1.1" 200 298 "-" "msnbot-media/1.1 (+http://search.msn.com/msnbot.htm)"
65.55.215.46 - - [21/Mar/2013:13:02:53 +0100] "GET /env/roland/images/span.jpg HTTP/1.1" 200 811 "-" "msnbot-media/1.1 (+http://search.msn.com/msnbot.htm)"
141.8.147.12 - - [21/Mar/2013:19:52:14 +0100] "GET / HTTP/1.1" 200 15853 "-" "Mozilla/5.0 (compatible; YandexBot/3.0; +http://yandex.com/bots)"
66.249.73.91 - - [22/Mar/2013:00:33:53 +0100] "GET /robots.txt HTTP/1.1" 200 298 "-" "Mozilla/5.0 (compatible; Googlebot/2.1; +http://www.google.com/bot.html)"
66.249.73.91 - - [22/Mar/2013:00:33:53 +0100] "GET /env/jomox/pics/pic_airbase99.html HTTP/1.1" 200 759 "-" "Mozilla/5.0 (compatible; Googlebot/2.1; +http://www.google.com/bot.html)"
141.8.147.12 - - [22/Mar/2013:01:16:53 +0100] "GET /robots.txt HTTP/1.1" 200 298 "-" "Mozilla/5.0 (compatible; YandexBot/3.0; +http://yandex.com/bots)"
141.8.147.12 - - [22/Mar/2013:01:16:57 +0100] "GET /env/env.html HTTP/1.1" 200 12438 "-" "Mozilla/5.0 (compatible; YandexBot/3.0; +http://yandex.com/bots)"
208.115.113.91 - - [22/Mar/2013:08:46:14 +0100] "GET /robots.txt HTTP/1.1" 200 298 "-" "Mozilla/5.0 (compatible; Ezooms/1.0; ezooms.bot@gmail.com)"
208.115.113.91 - - [22/Mar/2013:10:57:15 +0100] "GET /phpBB2/index.php HTTP/1.1" 401 1226 "-" "Mozilla/5.0 (compatible; Ezooms/1.0; ezooms.bot@gmail.com)"
83.133.125.202 - - [22/Mar/2013:14:15:22 +0100] "GET / HTTP/1.0" 200 15853 "-" "-"
83.133.125.202 - - [22/Mar/2013:19:09:30 +0100] "GET / HTTP/1.0" 200 15853 "-" "-"
23.22.131.19 - - [22/Mar/2013:21:43:10 +0100] "GET / HTTP/1.0" 200 15853 "http://www.go-profitclicking.com" "-"
141.8.147.12 - - [24/Mar/2013:04:46:08 +0100] "GET /robots.txt HTTP/1.1" 200 298 "-" "Mozilla/5.0 (compatible; YandexBot/3.0; +http://yandex.com/bots)"
141.8.147.12 - - [24/Mar/2013:10:16:10 +0100] "GET / HTTP/1.1" 200 15853 "-" "Mozilla/5.0 (compatible; YandexBot/3.0; +http://yandex.com/bots)"
208.115.111.75 - - [24/Mar/2013:10:41:53 +0100] "GET /robots.txt HTTP/1.1" 200 298 "-" "Mozilla/5.0 (compatible; Ezooms/1.0; ezooms.bot@gmail.com)"
199.58.86.211 - - [24/Mar/2013:10:46:52 +0100] "GET /robots.txt HTTP/1.0" 200 298 "-" "Mozilla/5.0 (compatible; MJ12bot/v1.4.3; http://www.majestic12.co.uk/bot.php?+)"
199.58.86.211 - - [24/Mar/2013:10:46:53 +0100] "GET / HTTP/1.0" 200 15853 "-" "Mozilla/5.0 (compatible; MJ12bot/v1.4.3; http://www.majestic12.co.uk/bot.php?+)"
208.115.111.75 - - [24/Mar/2013:12:37:18 +0100] "GET /links/links.html HTTP/1.1" 200 278 "-" "Mozilla/5.0 (compatible; Ezooms/1.0; ezooms.bot@gmail.com)"
85.25.71.89 - - [24/Mar/2013:18:32:11 +0100] "GET / HTTP/1.1" 200 15853 "-" "Mozilla/5.0 (X11; U; Linux i686; en-US; rv:1.9.0.1) Gecko/2008070206 Firefox/3.0.1"
85.25.71.89 - - [24/Mar/2013:18:32:11 +0100] "GET /impressum/impressum.html HTTP/1.1" 200 7872 "-" "Mozilla/5.0 (X11; U; Linux i686; en-US; rv:1.9.0.1) Gecko/2008070206 Firefox/3.0.1"
157.55.35.113 - - [25/Mar/2013:01:24:44 +0100] "GET /robots.txt HTTP/1.1" 200 298 "-" "Mozilla/5.0 (compatible; bingbot/2.0; +http://www.bing.com/bingbot.htm)"
157.55.35.113 - - [25/Mar/2013:01:26:33 +0100] "GET /env/jomox/jomox.html HTTP/1.1" 304 - "-" "Mozilla/5.0 (compatible; bingbot/2.0; +http://www.bing.com/bingbot.htm)"
46.172.66.94 - - [25/Mar/2013:05:15:11 +0100] "GET /phpBB2/index.php HTTP/1.0" 401 1226 "http://exuromloide.ciki.me/page/xanax-xr-2mg.html" "Mozilla/5.0 (Windows NT 6.1; WOW64; rv:18.0) Gecko/20100101 Firefox/18.0"
46.172.66.94 - - [25/Mar/2013:05:15:11 +0100] "GET /phpbb2/index.php HTTP/1.0" 404 1256 "http://www.soundpatcher.de/phpbb2/index.php" "Mozilla/5.0 (Windows NT 6.1; WOW64; rv:18.0) Gecko/20100101 Firefox/18.0"
85.25.120.73 - - [25/Mar/2013:05:38:50 +0100] "GET / HTTP/1.1" 200 15853 "-" "Mozilla/5.0 (X11; U; Linux i686; en-US; rv:1.9.0.1) Gecko/2008070206 Firefox/3.0.1"
85.25.120.73 - - [25/Mar/2013:05:38:50 +0100] "GET /impressum/impressum.html HTTP/1.1" 200 7872 "-" "Mozilla/5.0 (X11; U; Linux i686; en-US; rv:1.9.0.1) Gecko/2008070206 Firefox/3.0.1"
24.230.61.142 - - [25/Mar/2013:07:10:54 +0100] "GET /robots.txt HTTP/1.0" 200 298 "-" "Mozilla/5.0 (compatible; MJ12bot/v1.4.3; http://www.majestic12.co.uk/bot.php?+)"
24.230.61.142 - - [25/Mar/2013:07:10:56 +0100] "GET /phpBB2/faq.php HTTP/1.1" 401 1226 "-" "Mozilla/5.0 (compatible; MJ12bot/v1.4.3; http://www.majestic12.co.uk/bot.php?+)"
24.230.61.142 - - [25/Mar/2013:07:10:57 +0100] "GET /phpBB2/faq.php?mode=bbcode HTTP/1.1" 401 1226 "-" "Mozilla/5.0 (compatible; MJ12bot/v1.4.3; http://www.majestic12.co.uk/bot.php?+)"
24.230.61.142 - - [25/Mar/2013:07:10:59 +0100] "GET /phpBB2/groupcp.php HTTP/1.1" 401 1226 "-" "Mozilla/5.0 (compatible; MJ12bot/v1.4.3; http://www.majestic12.co.uk/bot.php?+)"
24.230.61.142 - - [25/Mar/2013:07:11:01 +0100] "GET /phpBB2/profile.php?mode=register&agreed=true HTTP/1.1" 401 1226 "-" "Mozilla/5.0 (compatible; MJ12bot/v1.4.3; http://www.majestic12.co.uk/bot.php?+)"
24.230.61.142 - - [25/Mar/2013:07:11:02 +0100] "GET /phpBB2/profile.php?mode=register&agreed=true&coppa=true HTTP/1.1" 401 1226 "-" "Mozilla/5.0 (compatible; MJ12bot/v1.4.3; http://www.majestic12.co.uk/bot.php?+)"
24.230.61.142 - - [25/Mar/2013:07:11:04 +0100] "GET /phpBB2/profile.php?mode=viewprofile&u=11 HTTP/1.1" 401 1226 "-" "Mozilla/5.0 (compatible; MJ12bot/v1.4.3; http://www.majestic12.co.uk/bot.php?+)"
24.230.61.142 - - [25/Mar/2013:07:11:05 +0100] "GET /phpBB2/profile.php?mode=viewprofile&u=110 HTTP/1.1" 401 1226 "-" "Mozilla/5.0 (compatible; MJ12bot/v1.4.3; http://www.majestic12.co.uk/bot.php?+)"
24.230.61.142 - - [25/Mar/2013:07:11:07 +0100] "GET /phpBB2/profile.php?mode=viewprofile&u=111 HTTP/1.1" 401 1226 "-" "Mozilla/5.0 (compatible; MJ12bot/v1.4.3; http://www.majestic12.co.uk/bot.php?+)"
24.230.61.142 - - [25/Mar/2013:07:11:09 +0100] "GET /phpBB2/profile.php?mode=viewprofile&u=112 HTTP/1.1" 401 1226 "-" "Mozilla/5.0 (compatible; MJ12bot/v1.4.3; http://www.majestic12.co.uk/bot.php?+)"
24.230.61.142 - - [25/Mar/2013:07:11:10 +0100] "GET /phpBB2/profile.php?mode=viewprofile&u=113 HTTP/1.1" 401 1226 "-" "Mozilla/5.0 (compatible; MJ12bot/v1.4.3; http://www.majestic12.co.uk/bot.php?+)"
24.230.61.142 - - [25/Mar/2013:07:11:12 +0100] "GET /phpBB2/profile.php?mode=viewprofile&u=114 HTTP/1.1" 401 1226 "-" "Mozilla/5.0 (compatible; MJ12bot/v1.4.3; http://www.majestic12.co.uk/bot.php?+)"
24.230.61.142 - - [25/Mar/2013:07:11:14 +0100] "GET /phpBB2/profile.php?mode=viewprofile&u=115 HTTP/1.1" 401 1226 "-" "Mozilla/5.0 (compatible; MJ12bot/v1.4.3; http://www.majestic12.co.uk/bot.php?+)"
24.230.61.142 - - [25/Mar/2013:07:11:15 +0100] "GET /phpBB2/profile.php?mode=viewprofile&u=116 HTTP/1.1" 401 1226 "-" "Mozilla/5.0 (compatible; MJ12bot/v1.4.3; http://www.majestic12.co.uk/bot.php?+)"
24.230.61.142 - - [25/Mar/2013:07:11:17 +0100] "GET /phpBB2/profile.php?mode=viewprofile&u=117 HTTP/1.1" 401 1226 "-" "Mozilla/5.0 (compatible; MJ12bot/v1.4.3; http://www.majestic12.co.uk/bot.php?+)"
24.230.61.142 - - [25/Mar/2013:07:11:18 +0100] "GET /phpBB2/profile.php?mode=viewprofile&u=118 HTTP/1.1" 401 1226 "-" "Mozilla/5.0 (compatible; MJ12bot/v1.4.3; http://www.majestic12.co.uk/bot.php?+)"
24.230.61.142 - - [25/Mar/2013:07:11:20 +0100] "GET /phpBB2/profile.php?mode=viewprofile&u=119 HTTP/1.1" 401 1226 "-" "Mozilla/5.0 (compatible; MJ12bot/v1.4.3; http://www.majestic12.co.uk/bot.php?+)"
24.230.61.142 - - [25/Mar/2013:07:11:21 +0100] "GET /phpBB2/profile.php?mode=viewprofile&u=12 HTTP/1.1" 401 1226 "-" "Mozilla/5.0 (compatible; MJ12bot/v1.4.3; http://www.majestic12.co.uk/bot.php?+)"
24.230.61.142 - - [25/Mar/2013:07:11:23 +0100] "GET /phpBB2/profile.php?mode=viewprofile&u=120 HTTP/1.1" 401 1226 "-" "Mozilla/5.0 (compatible; MJ12bot/v1.4.3; http://www.majestic12.co.uk/bot.php?+)"
24.230.61.142 - - [25/Mar/2013:07:11:24 +0100] "GET /phpBB2/profile.php?mode=viewprofile&u=121 HTTP/1.1" 401 1226 "-" "Mozilla/5.0 (compatible; MJ12bot/v1.4.3; http://www.majestic12.co.uk/bot.php?+)"
