123.125.71.22 - - [01/Jun/2011:04:26:44 +0200] "GET / HTTP/1.1" 200 326 "-" "Baiduspider+(+http://www.baidu.com/search/spider.htm)"
220.181.108.81 - - [01/Jun/2011:04:26:57 +0200] "GET / HTTP/1.1" 200 326 "-" "Baiduspider+(+http://www.baidu.com/search/spider.htm)"
123.125.71.99 - - [01/Jun/2011:08:02:02 +0200] "GET / HTTP/1.1" 200 326 "-" "Mozilla/5.0 (compatible; Baiduspider/2.0; +http://www.baidu.com/search/spider.html)"
123.125.71.15 - - [01/Jun/2011:14:27:45 +0200] "GET / HTTP/1.1" 200 326 "-" "Baiduspider+(+http://www.baidu.com/search/spider.htm)"
220.181.108.86 - - [01/Jun/2011:14:28:04 +0200] "GET / HTTP/1.1" 200 326 "-" "Baiduspider+(+http://www.baidu.com/search/spider.htm)"
123.125.71.33 - - [01/Jun/2011:18:43:18 +0200] "GET / HTTP/1.1" 200 326 "-" "Baiduspider+(+http://www.baidu.com/search/spider.htm)"
220.181.108.95 - - [01/Jun/2011:18:43:34 +0200] "GET / HTTP/1.1" 200 326 "-" "Baiduspider+(+http://www.baidu.com/search/spider.htm)"
95.108.158.134 - - [01/Jun/2011:19:29:11 +0200] "GET /robots.txt HTTP/1.1" 404 1256 "-" "Mozilla/5.0 (compatible; YandexBot/3.0; +http://yandex.com/bots)"
95.108.158.134 - - [01/Jun/2011:23:18:05 +0200] "GET / HTTP/1.1" 200 326 "-" "Mozilla/5.0 (compatible; YandexBot/3.0; +http://yandex.com/bots)"
123.125.71.23 - - [01/Jun/2011:23:31:58 +0200] "GET / HTTP/1.1" 200 326 "-" "Baiduspider+(+http://www.baidu.com/search/spider.htm)"
123.125.71.101 - - [02/Jun/2011:04:15:17 +0200] "GET / HTTP/1.1" 200 326 "-" "Mozilla/5.0 (compatible; Baiduspider/2.0; +http://www.baidu.com/search/spider.html)"
220.181.108.81 - - [02/Jun/2011:14:28:19 +0200] "GET / HTTP/1.1" 200 326 "-" "Baiduspider+(+http://www.baidu.com/search/spider.htm)"
123.125.71.12 - - [02/Jun/2011:14:28:33 +0200] "GET / HTTP/1.1" 200 326 "-" "Baiduspider+(+http://www.baidu.com/search/spider.htm)"
220.181.108.94 - - [02/Jun/2011:18:43:17 +0200] "GET / HTTP/1.1" 200 326 "-" "Baiduspider+(+http://www.baidu.com/search/spider.htm)"
123.125.71.22 - - [02/Jun/2011:18:43:21 +0200] "GET / HTTP/1.1" 200 326 "-" "Baiduspider+(+http://www.baidu.com/search/spider.htm)"
123.125.71.27 - - [03/Jun/2011:04:27:08 +0200] "GET / HTTP/1.1" 200 326 "-" "Baiduspider+(+http://www.baidu.com/search/spider.htm)"
220.181.108.91 - - [03/Jun/2011:04:27:22 +0200] "GET / HTTP/1.1" 200 326 "-" "Baiduspider+(+http://www.baidu.com/search/spider.htm)"
74.52.245.146 - - [03/Jun/2011:07:34:59 +0200] "GET / HTTP/1.0" 200 326 "-" "Mozilla/5.0 (X11; U; Linux i686; en-US; rv:1.7.5) Gecko/20041107 Firefox/1.0"
123.125.71.107 - - [03/Jun/2011:08:31:52 +0200] "GET / HTTP/1.1" 200 326 "-" "Mozilla/5.0 (compatible; Baiduspider/2.0; +http://www.baidu.com/search/spider.html)"
220.181.108.92 - - [03/Jun/2011:14:28:26 +0200] "GET / HTTP/1.1" 200 326 "-" "Baiduspider+(+http://www.baidu.com/search/spider.htm)"
67.195.115.237 - - [03/Jun/2011:14:40:54 +0200] "GET /robots.txt HTTP/1.0" 404 1256 "-" "Mozilla/5.0 (compatible; Yahoo! Slurp; http://help.yahoo.com/help/us/ysearch/slurp)"
67.195.115.237 - - [03/Jun/2011:14:40:55 +0200] "GET / HTTP/1.0" 200 326 "-" "Mozilla/5.0 (compatible; Yahoo! Slurp; http://help.yahoo.com/help/us/ysearch/slurp)"
123.125.71.27 - - [03/Jun/2011:18:42:29 +0200] "GET / HTTP/1.1" 200 326 "-" "Baiduspider+(+http://www.baidu.com/search/spider.htm)"
220.181.108.76 - - [03/Jun/2011:18:42:31 +0200] "GET / HTTP/1.1" 200 326 "-" "Baiduspider+(+http://www.baidu.com/search/spider.htm)"
64.246.165.50 - - [04/Jun/2011:01:12:40 +0200] "GET /robots.txt HTTP/1.0" 404 1256 "-" "Mozilla/5.0 (Windows; U; Windows NT 5.1; en; rv:1.9.0.13) Gecko/2009073022 Firefox/3.5.2 (.NET CLR 3.5.30729) SurveyBot/2.3 (DomainTools)"
64.246.165.50 - - [04/Jun/2011:01:12:41 +0200] "GET / HTTP/1.1" 200 326 "http://whois.domaintools.com/ruehling.com" "Mozilla/5.0 (Windows; U; Windows NT 5.1; en; rv:1.9.0.13) Gecko/2009073022 Firefox/3.5.2 (.NET CLR 3.5.30729) SurveyBot/2.3 (DomainTools)"
123.125.71.14 - - [04/Jun/2011:01:27:13 +0200] "GET / HTTP/1.1" 200 326 "-" "Baiduspider+(+http://www.baidu.com/search/spider.htm)"
69.28.58.10 - - [04/Jun/2011:01:27:20 +0200] "GET / HTTP/1.1" 200 326 "-" "Wget/1.9+cvs-stable (Red Hat modified)"
220.181.108.92 - - [04/Jun/2011:01:27:34 +0200] "GET / HTTP/1.1" 200 326 "-" "Baiduspider+(+http://www.baidu.com/search/spider.htm)"
123.125.71.33 - - [04/Jun/2011:06:26:38 +0200] "GET / HTTP/1.1" 200 326 "-" "Baiduspider+(+http://www.baidu.com/search/spider.htm)"
220.181.108.77 - - [04/Jun/2011:06:26:57 +0200] "GET / HTTP/1.1" 200 326 "-" "Baiduspider+(+http://www.baidu.com/search/spider.htm)"
220.181.108.90 - - [04/Jun/2011:22:32:10 +0200] "GET / HTTP/1.1" 200 326 "-" "Baiduspider+(+http://www.baidu.com/search/spider.htm)"
193.47.80.40 - - [05/Jun/2011:03:45:49 +0200] "GET /robots.txt HTTP/1.1" 404 1256 "-" "Mozilla/5.0 (compatible; Exabot/3.0; +http://www.exabot.com/go/robot)"
193.47.80.40 - - [05/Jun/2011:03:45:49 +0200] "GET / HTTP/1.1" 304 - "-" "Mozilla/5.0 (compatible; Exabot/3.0; +http://www.exabot.com/go/robot)"
123.125.71.96 - - [05/Jun/2011:08:43:23 +0200] "GET / HTTP/1.1" 200 326 "-" "Mozilla/5.0 (compatible; Baiduspider/2.0; +http://www.baidu.com/search/spider.html)"
123.125.71.27 - - [05/Jun/2011:13:28:01 +0200] "GET / HTTP/1.1" 200 326 "-" "Baiduspider+(+http://www.baidu.com/search/spider.htm)"
220.181.108.97 - - [05/Jun/2011:13:28:23 +0200] "GET / HTTP/1.1" 200 326 "-" "Baiduspider+(+http://www.baidu.com/search/spider.htm)"
123.125.71.12 - - [05/Jun/2011:14:27:28 +0200] "GET / HTTP/1.1" 200 326 "-" "Baiduspider+(+http://www.baidu.com/search/spider.htm)"
220.181.108.92 - - [05/Jun/2011:14:27:50 +0200] "GET / HTTP/1.1" 200 326 "-" "Baiduspider+(+http://www.baidu.com/search/spider.htm)"
95.108.158.134 - - [05/Jun/2011:21:04:00 +0200] "GET /robots.txt HTTP/1.1" 404 1256 "-" "Mozilla/5.0 (compatible; YandexBot/3.0; +http://yandex.com/bots)"
123.125.71.12 - - [05/Jun/2011:23:31:35 +0200] "GET / HTTP/1.1" 200 326 "-" "Baiduspider+(+http://www.baidu.com/search/spider.htm)"
123.125.71.13 - - [06/Jun/2011:04:26:41 +0200] "GET / HTTP/1.1" 200 326 "-" "Baiduspider+(+http://www.baidu.com/search/spider.htm)"
220.181.108.86 - - [06/Jun/2011:04:26:57 +0200] "GET / HTTP/1.1" 200 326 "-" "Baiduspider+(+http://www.baidu.com/search/spider.htm)"
95.108.158.134 - - [06/Jun/2011:05:02:59 +0200] "GET / HTTP/1.1" 200 326 "-" "Mozilla/5.0 (compatible; YandexBot/3.0; +http://yandex.com/bots)"
123.125.71.13 - - [06/Jun/2011:07:32:09 +0200] "GET / HTTP/1.1" 200 326 "-" "Baiduspider+(+http://www.baidu.com/search/spider.htm)"
220.181.108.90 - - [06/Jun/2011:07:32:43 +0200] "GET / HTTP/1.1" 200 326 "-" "Baiduspider+(+http://www.baidu.com/search/spider.htm)"
123.125.71.99 - - [06/Jun/2011:09:15:41 +0200] "GET / HTTP/1.1" 200 326 "-" "Mozilla/5.0 (compatible; Baiduspider/2.0; +http://www.baidu.com/search/spider.html)"
123.125.71.29 - - [06/Jun/2011:09:31:15 +0200] "GET / HTTP/1.1" 200 326 "-" "Baiduspider+(+http://www.baidu.com/search/spider.htm)"
220.181.108.89 - - [06/Jun/2011:09:31:48 +0200] "GET / HTTP/1.1" 200 326 "-" "Baiduspider+(+http://www.baidu.com/search/spider.htm)"
123.125.71.16 - - [06/Jun/2011:14:27:34 +0200] "GET / HTTP/1.1" 200 326 "-" "Baiduspider+(+http://www.baidu.com/search/spider.htm)"
69.28.58.33 - - [06/Jun/2011:14:27:46 +0200] "GET / HTTP/1.1" 200 326 "-" "Wget/1.9+cvs-stable (Red Hat modified)"
220.181.108.90 - - [06/Jun/2011:14:27:56 +0200] "GET / HTTP/1.1" 200 326 "-" "Baiduspider+(+http://www.baidu.com/search/spider.htm)"
220.181.108.90 - - [06/Jun/2011:23:32:35 +0200] "GET / HTTP/1.1" 200 326 "-" "Baiduspider+(+http://www.baidu.com/search/spider.htm)"
184.72.146.25 - - [07/Jun/2011:02:27:40 +0200] "GET / HTTP/1.0" 200 326 "-" "Mozilla/5.0 (compatible; NetcraftSurveyAgent/1.0; +info@netcraft.com)"
123.125.71.17 - - [07/Jun/2011:04:26:23 +0200] "GET / HTTP/1.1" 200 326 "-" "Baiduspider+(+http://www.baidu.com/search/spider.htm)"
220.181.108.76 - - [07/Jun/2011:04:26:36 +0200] "GET / HTTP/1.1" 200 326 "-" "Baiduspider+(+http://www.baidu.com/search/spider.htm)"
123.125.71.29 - - [07/Jun/2011:09:31:11 +0200] "GET / HTTP/1.1" 200 326 "-" "Baiduspider+(+http://www.baidu.com/search/spider.htm)"
220.181.108.86 - - [07/Jun/2011:09:31:21 +0200] "GET / HTTP/1.1" 200 326 "-" "Baiduspider+(+http://www.baidu.com/search/spider.htm)"
69.28.58.3 - - [07/Jun/2011:09:35:54 +0200] "GET /robots.txt HTTP/1.0" 404 1256 "http://www.ruehling.com/robots.txt" "HuaweiSymantecSpider/1.0+DSE-support@huaweisymantec.com+(compatible; MSIE 7.0; Windows NT 5.1; Trident/4.0; .NET CLR 2.0.50727; .NET CLR 3.0.4506.2152; .NET CLR ; http://www.huaweisymantec.com/en/IRL/spider)"
69.28.58.3 - - [07/Jun/2011:09:35:54 +0200] "GET / HTTP/1.0" 200 326 "http://www.ruehling.com/" "HuaweiSymantecSpider/1.0+DSE-support@huaweisymantec.com+(compatible; MSIE 7.0; Windows NT 5.1; Trident/4.0; .NET CLR 2.0.50727; .NET CLR 3.0.4506.2152; .NET CLR ; http://www.huaweisymantec.com/en/IRL/spider)"
123.125.71.27 - - [07/Jun/2011:13:28:45 +0200] "GET / HTTP/1.1" 200 326 "-" "Baiduspider+(+http://www.baidu.com/search/spider.htm)"
220.181.108.90 - - [07/Jun/2011:13:29:07 +0200] "GET / HTTP/1.1" 200 326 "-" "Baiduspider+(+http://www.baidu.com/search/spider.htm)"
123.125.71.13 - - [07/Jun/2011:14:27:02 +0200] "GET / HTTP/1.1" 200 326 "-" "Baiduspider+(+http://www.baidu.com/search/spider.htm)"
220.181.108.83 - - [07/Jun/2011:14:27:24 +0200] "GET / HTTP/1.1" 200 326 "-" "Baiduspider+(+http://www.baidu.com/search/spider.htm)"
123.125.71.27 - - [07/Jun/2011:18:41:15 +0200] "GET / HTTP/1.1" 200 326 "-" "Baiduspider+(+http://www.baidu.com/search/spider.htm)"
220.181.108.92 - - [07/Jun/2011:18:41:49 +0200] "GET / HTTP/1.1" 200 326 "-" "Baiduspider+(+http://www.baidu.com/search/spider.htm)"
123.125.71.26 - - [07/Jun/2011:22:31:18 +0200] "GET / HTTP/1.1" 200 326 "-" "Baiduspider+(+http://www.baidu.com/search/spider.htm)"
69.28.58.10 - - [07/Jun/2011:22:31:32 +0200] "GET / HTTP/1.1" 200 326 "-" "Wget/1.9+cvs-stable (Red Hat modified)"
220.181.108.87 - - [07/Jun/2011:22:31:52 +0200] "GET / HTTP/1.1" 200 326 "-" "Baiduspider+(+http://www.baidu.com/search/spider.htm)"
123.125.71.26 - - [08/Jun/2011:03:25:54 +0200] "GET / HTTP/1.1" 200 326 "-" "Baiduspider+(+http://www.baidu.com/search/spider.htm)"
220.181.108.75 - - [08/Jun/2011:03:26:08 +0200] "GET / HTTP/1.1" 200 326 "-" "Baiduspider+(+http://www.baidu.com/search/spider.htm)"
123.125.71.16 - - [08/Jun/2011:04:26:37 +0200] "GET / HTTP/1.1" 200 326 "-" "Baiduspider+(+http://www.baidu.com/search/spider.htm)"
220.181.108.96 - - [08/Jun/2011:04:26:53 +0200] "GET / HTTP/1.1" 200 326 "-" "Baiduspider+(+http://www.baidu.com/search/spider.htm)"
123.125.71.101 - - [08/Jun/2011:09:06:53 +0200] "GET / HTTP/1.1" 200 326 "-" "Mozilla/5.0 (compatible; Baiduspider/2.0; +http://www.baidu.com/search/spider.html)"
123.125.71.30 - - [08/Jun/2011:09:31:14 +0200] "GET / HTTP/1.1" 200 326 "-" "Baiduspider+(+http://www.baidu.com/search/spider.htm)"
220.181.108.80 - - [08/Jun/2011:09:31:46 +0200] "GET / HTTP/1.1" 200 326 "-" "Baiduspider+(+http://www.baidu.com/search/spider.htm)"
207.46.12.240 - - [08/Jun/2011:12:38:37 +0200] "GET /robots.txt HTTP/1.1" 404 1256 "-" "Mozilla/5.0 (compatible; bingbot/2.0; +http://www.bing.com/bingbot.htm)"
207.46.12.240 - - [08/Jun/2011:12:39:13 +0200] "GET / HTTP/1.1" 304 - "-" "Mozilla/5.0 (compatible; bingbot/2.0; +http://www.bing.com/bingbot.htm)"
50.19.145.58 - - [08/Jun/2011:20:44:14 +0200] "GET / HTTP/1.1" 200 326 "-" "Mozilla/5.0 (Windows; U; Windows NT 6.0; en-US; rv:1.9.2.3) Gecko/20100401 Firefox/3.6.3 GTB6 (.NET CLR 3.5.30729)"
123.125.71.28 - - [08/Jun/2011:23:30:27 +0200] "GET / HTTP/1.1" 200 326 "-" "Baiduspider+(+http://www.baidu.com/search/spider.htm)"
220.181.108.89 - - [08/Jun/2011:23:30:57 +0200] "GET / HTTP/1.1" 200 326 "-" "Baiduspider+(+http://www.baidu.com/search/spider.htm)"
123.125.71.24 - - [09/Jun/2011:08:30:19 +0200] "GET / HTTP/1.1" 200 326 "-" "Baiduspider+(+http://www.baidu.com/search/spider.htm)"
220.181.108.77 - - [09/Jun/2011:08:30:49 +0200] "GET / HTTP/1.1" 200 326 "-" "Baiduspider+(+http://www.baidu.com/search/spider.htm)"
123.125.71.18 - - [09/Jun/2011:09:30:41 +0200] "GET / HTTP/1.1" 200 326 "-" "Baiduspider+(+http://www.baidu.com/search/spider.htm)"
220.181.108.76 - - [09/Jun/2011:09:31:13 +0200] "GET / HTTP/1.1" 200 326 "-" "Baiduspider+(+http://www.baidu.com/search/spider.htm)"
123.125.71.16 - - [09/Jun/2011:14:27:05 +0200] "GET / HTTP/1.1" 200 326 "-" "Baiduspider+(+http://www.baidu.com/search/spider.htm)"
220.181.108.83 - - [09/Jun/2011:14:27:28 +0200] "GET / HTTP/1.1" 200 326 "-" "Baiduspider+(+http://www.baidu.com/search/spider.htm)"
212.29.41.73 - - [09/Jun/2011:14:48:15 +0200] "GET / HTTP/1.1" 200 326 "http://www.google.de/url?sa=t&source=web&cd=1&ved=0CBkQFjAA&url=http%3A%2F%2Fwww.ruehling.com%2F&rct=j&q=www.ruehling.com&ei=DMHwTfegM6-v0AHFpumyBA&usg=AFQjCNGpCQvuwYAGa4bBGACi7WVW2jLu5A" "Mozilla/5.0 (Windows; U; Windows NT 6.1; de; rv:1.9.2.17) Gecko/20110420 Firefox/3.6.17"
212.29.41.73 - - [09/Jun/2011:14:48:15 +0200] "GET /favicon.ico HTTP/1.1" 404 1256 "-" "Mozilla/5.0 (Windows; U; Windows NT 6.1; de; rv:1.9.2.17) Gecko/20110420 Firefox/3.6.17"
212.29.41.73 - - [09/Jun/2011:14:48:15 +0200] "GET /favicon.ico HTTP/1.1" 404 1256 "-" "Mozilla/5.0 (Windows; U; Windows NT 6.1; de; rv:1.9.2.17) Gecko/20110420 Firefox/3.6.17"
212.29.41.73 - - [09/Jun/2011:14:48:18 +0200] "GET /favicon.ico HTTP/1.1" 404 1256 "-" "Mozilla/5.0 (Windows; U; Windows NT 6.1; de; rv:1.9.2.17) Gecko/20110420 Firefox/3.6.17"
220.181.108.151 - - [09/Jun/2011:15:18:40 +0200] "GET /robots.txt HTTP/1.1" 404 1256 "-" "Baiduspider+(+http://www.baidu.com/search/spider.htm)"
123.125.71.26 - - [09/Jun/2011:23:30:57 +0200] "GET / HTTP/1.1" 200 326 "-" "Baiduspider+(+http://www.baidu.com/search/spider.htm)"
220.181.108.90 - - [09/Jun/2011:23:31:28 +0200] "GET / HTTP/1.1" 200 326 "-" "Baiduspider+(+http://www.baidu.com/search/spider.htm)"
69.28.58.35 - - [09/Jun/2011:23:31:39 +0200] "GET / HTTP/1.1" 200 326 "-" "Wget/1.9+cvs-stable (Red Hat modified)"
24.138.66.192 - - [10/Jun/2011:06:19:00 +0200] "GET / HTTP/1.1" 200 326 "http://showroom.hottubuniverse.com/index.php?route=checkout/cart&product_id=69" "Mozilla/4.0 (compatible; MSIE 5.01; Windows 98)"
123.125.71.33 - - [10/Jun/2011:09:31:01 +0200] "GET / HTTP/1.1" 200 326 "-" "Baiduspider+(+http://www.baidu.com/search/spider.htm)"
220.181.108.85 - - [10/Jun/2011:09:31:36 +0200] "GET / HTTP/1.1" 200 326 "-" "Baiduspider+(+http://www.baidu.com/search/spider.htm)"
123.125.71.117 - - [10/Jun/2011:14:32:15 +0200] "GET / HTTP/1.1" 200 326 "-" "Mozilla/5.0 (compatible; Baiduspider/2.0; +http://www.baidu.com/search/spider.html)"
123.125.71.26 - - [10/Jun/2011:18:40:17 +0200] "GET / HTTP/1.1" 200 326 "-" "Baiduspider+(+http://www.baidu.com/search/spider.htm)"
220.181.108.84 - - [10/Jun/2011:18:40:52 +0200] "GET / HTTP/1.1" 200 326 "-" "Baiduspider+(+http://www.baidu.com/search/spider.htm)"
74.125.94.87 - - [10/Jun/2011:21:41:15 +0200] "GET / HTTP/1.1" 200 326 "-" "Mozilla/5.0 (X11; Linux x86_64) AppleWebKit/534.14 (KHTML, like Gecko; Google Web Preview) Chrome/9.0.597 Safari/534.14"
123.125.71.14 - - [10/Jun/2011:22:31:23 +0200] "GET / HTTP/1.1" 200 326 "-" "Baiduspider+(+http://www.baidu.com/search/spider.htm)"
220.181.108.86 - - [10/Jun/2011:22:32:03 +0200] "GET / HTTP/1.1" 200 326 "-" "Baiduspider+(+http://www.baidu.com/search/spider.htm)"
123.125.71.24 - - [11/Jun/2011:09:30:45 +0200] "GET / HTTP/1.1" 200 326 "-" "Baiduspider+(+http://www.baidu.com/search/spider.htm)"
220.181.108.91 - - [11/Jun/2011:09:31:06 +0200] "GET / HTTP/1.1" 200 326 "-" "Baiduspider+(+http://www.baidu.com/search/spider.htm)"
123.125.71.18 - - [11/Jun/2011:14:27:53 +0200] "GET / HTTP/1.1" 200 326 "-" "Baiduspider+(+http://www.baidu.com/search/spider.htm)"
220.181.108.88 - - [11/Jun/2011:14:28:14 +0200] "GET / HTTP/1.1" 200 326 "-" "Baiduspider+(+http://www.baidu.com/search/spider.htm)"
205.178.190.236 - - [12/Jun/2011:02:28:34 +0200] "HEAD / HTTP/1.1" 200 - "-" "Mozilla/5.0 (Windows; U; Windows NT 5.1; en-US; rv:1.8.1.12) Gecko/20080201 Firefox/2.0.0.12"
205.178.190.236 - - [12/Jun/2011:02:28:45 +0200] "GET / HTTP/1.1" 200 326 "-" "Mozilla/5.0 (Windows; U; Windows NT 5.1; en-US; rv:1.8.1.16) Gecko/20080702 Firefox/2.0.0.16"
205.178.190.236 - - [12/Jun/2011:02:31:03 +0200] "GET / HTTP/1.1" 200 326 "-" "Mozilla/4.0 (compatible; MSIE 6.0; Windows NT 5.2; SV1; .NET CLR 1.1.4322; .NET CLR 2.0.50727)"
205.178.190.236 - - [12/Jun/2011:02:31:03 +0200] "GET /robots.txt HTTP/1.1" 404 1256 "-" "Mozilla/5.0 (Windows; U; Windows NT 5.1; en-US; rv:1.8.1.12) Gecko/20080201 Firefox/2.0.0.12"
123.125.71.34 - - [12/Jun/2011:03:26:22 +0200] "GET / HTTP/1.1" 200 326 "-" "Baiduspider+(+http://www.baidu.com/search/spider.htm)"
220.181.108.87 - - [12/Jun/2011:03:26:35 +0200] "GET / HTTP/1.1" 200 326 "-" "Baiduspider+(+http://www.baidu.com/search/spider.htm)"
123.125.71.23 - - [12/Jun/2011:04:25:50 +0200] "GET / HTTP/1.1" 200 326 "-" "Baiduspider+(+http://www.baidu.com/search/spider.htm)"
220.181.108.91 - - [12/Jun/2011:04:26:06 +0200] "GET / HTTP/1.1" 200 326 "-" "Baiduspider+(+http://www.baidu.com/search/spider.htm)"
95.108.158.134 - - [12/Jun/2011:04:46:28 +0200] "GET /robots.txt HTTP/1.1" 404 1256 "-" "Mozilla/5.0 (compatible; YandexBot/3.0; +http://yandex.com/bots)"
123.125.71.18 - - [12/Jun/2011:08:30:47 +0200] "GET / HTTP/1.1" 200 326 "-" "Baiduspider+(+http://www.baidu.com/search/spider.htm)"
220.181.108.88 - - [12/Jun/2011:08:31:10 +0200] "GET / HTTP/1.1" 200 326 "-" "Baiduspider+(+http://www.baidu.com/search/spider.htm)"
123.125.71.116 - - [12/Jun/2011:08:48:51 +0200] "GET / HTTP/1.1" 200 326 "-" "Mozilla/5.0 (compatible; Baiduspider/2.0; +http://www.baidu.com/search/spider.html)"
69.58.178.57 - - [12/Jun/2011:09:16:55 +0200] "GET /robots.txt HTTP/1.1" 404 1256 "-" "Mozilla/5.0 (X11; U; Linux i686; en-US; rv:1.9.1.3; ips-agent) Gecko/20090824 Fedora/1.0.7-1.1.fc4 Firefox/3.5.3"
69.58.178.57 - - [12/Jun/2011:09:16:57 +0200] "GET / HTTP/1.1" 200 326 "-" "Mozilla/5.0 (X11; U; Linux i686; en-US; rv:1.9.1.3; ips-agent) Gecko/20090824 Fedora/1.0.7-1.1.fc4 Firefox/3.5.3"
69.58.178.57 - - [12/Jun/2011:09:21:57 +0200] "GET / HTTP/1.1" 200 326 "-" "BlackBerry9000/4.6.0.167 Profile/MIDP-2.0 Configuration/CLDC-1.1 VendorID/102 ips-agent"
123.125.71.32 - - [12/Jun/2011:13:27:05 +0200] "GET / HTTP/1.1" 200 326 "-" "Baiduspider+(+http://www.baidu.com/search/spider.htm)"
220.181.108.85 - - [12/Jun/2011:13:27:24 +0200] "GET / HTTP/1.1" 200 326 "-" "Baiduspider+(+http://www.baidu.com/search/spider.htm)"
220.181.108.76 - - [12/Jun/2011:14:26:49 +0200] "GET / HTTP/1.1" 200 326 "-" "Baiduspider+(+http://www.baidu.com/search/spider.htm)"
95.108.158.134 - - [12/Jun/2011:15:54:13 +0200] "GET / HTTP/1.1" 200 326 "-" "Mozilla/5.0 (compatible; YandexBot/3.0; +http://yandex.com/bots)"
123.125.71.21 - - [12/Jun/2011:18:39:44 +0200] "GET / HTTP/1.1" 200 326 "-" "Baiduspider+(+http://www.baidu.com/search/spider.htm)"
220.181.108.91 - - [12/Jun/2011:18:40:18 +0200] "GET / HTTP/1.1" 200 326 "-" "Baiduspider+(+http://www.baidu.com/search/spider.htm)"
123.125.71.20 - - [12/Jun/2011:22:31:11 +0200] "GET / HTTP/1.1" 200 326 "-" "Baiduspider+(+http://www.baidu.com/search/spider.htm)"
220.181.108.77 - - [12/Jun/2011:22:31:53 +0200] "GET / HTTP/1.1" 200 326 "-" "Baiduspider+(+http://www.baidu.com/search/spider.htm)"
123.125.71.35 - - [13/Jun/2011:09:30:35 +0200] "GET / HTTP/1.1" 200 326 "-" "Baiduspider+(+http://www.baidu.com/search/spider.htm)"
220.181.108.76 - - [13/Jun/2011:09:31:07 +0200] "GET / HTTP/1.1" 200 326 "-" "Baiduspider+(+http://www.baidu.com/search/spider.htm)"
123.125.71.117 - - [13/Jun/2011:14:59:36 +0200] "GET / HTTP/1.1" 200 326 "-" "Mozilla/5.0 (compatible; Baiduspider/2.0; +http://www.baidu.com/search/spider.html)"
220.181.108.89 - - [13/Jun/2011:18:39:45 +0200] "GET / HTTP/1.1" 200 326 "-" "Baiduspider+(+http://www.baidu.com/search/spider.htm)"
123.125.71.32 - - [13/Jun/2011:18:40:39 +0200] "GET / HTTP/1.1" 200 326 "-" "Baiduspider+(+http://www.baidu.com/search/spider.htm)"
123.125.71.26 - - [13/Jun/2011:23:30:00 +0200] "GET / HTTP/1.1" 200 326 "-" "Baiduspider+(+http://www.baidu.com/search/spider.htm)"
69.28.58.35 - - [13/Jun/2011:23:30:06 +0200] "GET / HTTP/1.1" 200 326 "-" "Wget/1.9+cvs-stable (Red Hat modified)"
220.181.108.83 - - [13/Jun/2011:23:30:33 +0200] "GET / HTTP/1.1" 200 326 "-" "Baiduspider+(+http://www.baidu.com/search/spider.htm)"
123.125.71.26 - - [14/Jun/2011:04:24:16 +0200] "GET / HTTP/1.1" 200 326 "-" "Baiduspider+(+http://www.baidu.com/search/spider.htm)"
220.181.108.78 - - [14/Jun/2011:04:24:31 +0200] "GET / HTTP/1.1" 200 326 "-" "Baiduspider+(+http://www.baidu.com/search/spider.htm)"
123.125.71.26 - - [14/Jun/2011:09:28:51 +0200] "GET / HTTP/1.1" 200 326 "-" "Baiduspider+(+http://www.baidu.com/search/spider.htm)"
220.181.108.93 - - [14/Jun/2011:09:29:20 +0200] "GET / HTTP/1.1" 200 326 "-" "Baiduspider+(+http://www.baidu.com/search/spider.htm)"
123.125.71.109 - - [14/Jun/2011:13:02:49 +0200] "GET / HTTP/1.1" 200 326 "-" "Mozilla/5.0 (compatible; Baiduspider/2.0; +http://www.baidu.com/search/spider.html)"
123.125.71.24 - - [14/Jun/2011:18:37:35 +0200] "GET / HTTP/1.1" 200 326 "-" "Baiduspider+(+http://www.baidu.com/search/spider.htm)"
220.181.108.81 - - [14/Jun/2011:18:38:09 +0200] "GET / HTTP/1.1" 200 326 "-" "Baiduspider+(+http://www.baidu.com/search/spider.htm)"
123.125.71.18 - - [14/Jun/2011:20:30:41 +0200] "GET / HTTP/1.1" 200 326 "-" "Baiduspider+(+http://www.baidu.com/search/spider.htm)"
220.181.108.77 - - [14/Jun/2011:20:31:13 +0200] "GET / HTTP/1.1" 200 326 "-" "Baiduspider+(+http://www.baidu.com/search/spider.htm)"
123.125.71.23 - - [14/Jun/2011:23:29:49 +0200] "GET / HTTP/1.1" 200 326 "-" "Baiduspider+(+http://www.baidu.com/search/spider.htm)"
220.181.108.85 - - [14/Jun/2011:23:30:20 +0200] "GET / HTTP/1.1" 200 326 "-" "Baiduspider+(+http://www.baidu.com/search/spider.htm)"
220.181.108.150 - - [15/Jun/2011:13:02:56 +0200] "GET /robots.txt HTTP/1.1" 404 1256 "-" "Baiduspider+(+http://www.baidu.com/search/spider.htm)"
123.125.71.19 - - [15/Jun/2011:14:27:32 +0200] "GET / HTTP/1.1" 200 326 "-" "Baiduspider+(+http://www.baidu.com/search/spider.htm)"
220.181.108.76 - - [15/Jun/2011:14:27:55 +0200] "GET / HTTP/1.1" 200 326 "-" "Baiduspider+(+http://www.baidu.com/search/spider.htm)"
95.108.158.134 - - [15/Jun/2011:20:19:14 +0200] "GET /robots.txt HTTP/1.1" 404 1256 "-" "Mozilla/5.0 (compatible; YandexBot/3.0; +http://yandex.com/bots)"
123.125.71.28 - - [15/Jun/2011:23:30:03 +0200] "GET / HTTP/1.1" 200 326 "-" "Baiduspider+(+http://www.baidu.com/search/spider.htm)"
220.181.108.96 - - [15/Jun/2011:23:30:32 +0200] "GET / HTTP/1.1" 200 326 "-" "Baiduspider+(+http://www.baidu.com/search/spider.htm)"
123.125.71.26 - - [16/Jun/2011:04:23:18 +0200] "GET / HTTP/1.1" 200 326 "-" "Baiduspider+(+http://www.baidu.com/search/spider.htm)"
69.28.58.35 - - [16/Jun/2011:04:23:26 +0200] "GET / HTTP/1.1" 200 326 "-" "Wget/1.9+cvs-stable (Red Hat modified)"
220.181.108.90 - - [16/Jun/2011:04:23:32 +0200] "GET / HTTP/1.1" 200 326 "-" "Baiduspider+(+http://www.baidu.com/search/spider.htm)"
64.246.178.34 - - [16/Jun/2011:05:24:14 +0200] "GET /robots.txt HTTP/1.0" 404 1256 "-" "Mozilla/5.0 (Windows; U; Windows NT 5.1; en; rv:1.9.0.13) Gecko/2009073022 Firefox/3.5.2 (.NET CLR 3.5.30729) SurveyBot/2.3 (DomainTools)"
64.246.178.34 - - [16/Jun/2011:05:24:15 +0200] "GET / HTTP/1.1" 200 326 "http://whois.domaintools.com/ruehling.com" "Mozilla/5.0 (Windows; U; Windows NT 5.1; en; rv:1.9.0.13) Gecko/2009073022 Firefox/3.5.2 (.NET CLR 3.5.30729) SurveyBot/2.3 (DomainTools)"
95.108.158.134 - - [16/Jun/2011:08:52:45 +0200] "GET / HTTP/1.1" 200 326 "-" "Mozilla/5.0 (compatible; YandexBot/3.0; +http://yandex.com/bots)"
123.125.71.114 - - [16/Jun/2011:08:55:51 +0200] "GET / HTTP/1.1" 200 326 "-" "Mozilla/5.0 (compatible; Baiduspider/2.0; +http://www.baidu.com/search/spider.html)"
123.125.71.22 - - [16/Jun/2011:14:26:50 +0200] "GET / HTTP/1.1" 200 326 "-" "Baiduspider+(+http://www.baidu.com/search/spider.htm)"
220.181.108.92 - - [16/Jun/2011:14:27:12 +0200] "GET / HTTP/1.1" 200 326 "-" "Baiduspider+(+http://www.baidu.com/search/spider.htm)"
123.125.71.22 - - [16/Jun/2011:18:38:54 +0200] "GET / HTTP/1.1" 200 326 "-" "Baiduspider+(+http://www.baidu.com/search/spider.htm)"
220.181.108.80 - - [16/Jun/2011:18:39:29 +0200] "GET / HTTP/1.1" 200 326 "-" "Baiduspider+(+http://www.baidu.com/search/spider.htm)"
123.125.71.104 - - [16/Jun/2011:21:26:07 +0200] "GET / HTTP/1.1" 200 326 "-" "Mozilla/5.0 (compatible; Baiduspider/2.0; +http://www.baidu.com/search/spider.html)"
123.125.71.15 - - [17/Jun/2011:03:25:22 +0200] "GET / HTTP/1.1" 200 326 "-" "Baiduspider+(+http://www.baidu.com/search/spider.htm)"
220.181.108.80 - - [17/Jun/2011:03:25:36 +0200] "GET / HTTP/1.1" 200 326 "-" "Baiduspider+(+http://www.baidu.com/search/spider.htm)"
123.125.71.34 - - [17/Jun/2011:14:26:01 +0200] "GET / HTTP/1.1" 200 326 "-" "Baiduspider+(+http://www.baidu.com/search/spider.htm)"
220.181.108.90 - - [17/Jun/2011:14:26:22 +0200] "GET / HTTP/1.1" 200 326 "-" "Baiduspider+(+http://www.baidu.com/search/spider.htm)"
123.125.71.22 - - [17/Jun/2011:18:39:04 +0200] "GET / HTTP/1.1" 200 326 "-" "Baiduspider+(+http://www.baidu.com/search/spider.htm)"
220.181.108.81 - - [17/Jun/2011:18:39:39 +0200] "GET / HTTP/1.1" 200 326 "-" "Baiduspider+(+http://www.baidu.com/search/spider.htm)"
123.125.71.34 - - [17/Jun/2011:23:29:54 +0200] "GET / HTTP/1.1" 200 326 "-" "Baiduspider+(+http://www.baidu.com/search/spider.htm)"
220.181.108.76 - - [17/Jun/2011:23:30:25 +0200] "GET / HTTP/1.1" 200 326 "-" "Baiduspider+(+http://www.baidu.com/search/spider.htm)"
123.125.71.100 - - [17/Jun/2011:23:31:26 +0200] "GET / HTTP/1.1" 200 326 "-" "Mozilla/5.0 (compatible; Baiduspider/2.0; +http://www.baidu.com/search/spider.html)"
67.195.113.217 - - [18/Jun/2011:11:58:29 +0200] "GET /robots.txt HTTP/1.0" 404 1256 "-" "Mozilla/5.0 (compatible; Yahoo! Slurp; http://help.yahoo.com/help/us/ysearch/slurp)"
67.195.113.217 - - [18/Jun/2011:11:58:29 +0200] "GET / HTTP/1.0" 200 326 "-" "Mozilla/5.0 (compatible; Yahoo! Slurp; http://help.yahoo.com/help/us/ysearch/slurp)"
123.125.71.36 - - [18/Jun/2011:14:25:52 +0200] "GET / HTTP/1.1" 200 326 "-" "Baiduspider+(+http://www.baidu.com/search/spider.htm)"
220.181.108.95 - - [18/Jun/2011:14:26:13 +0200] "GET / HTTP/1.1" 200 326 "-" "Baiduspider+(+http://www.baidu.com/search/spider.htm)"
123.125.71.17 - - [18/Jun/2011:17:29:21 +0200] "GET / HTTP/1.1" 200 326 "-" "Baiduspider+(+http://www.baidu.com/search/spider.htm)"
220.181.108.94 - - [18/Jun/2011:17:29:49 +0200] "GET / HTTP/1.1" 200 326 "-" "Baiduspider+(+http://www.baidu.com/search/spider.htm)"
123.125.71.30 - - [18/Jun/2011:18:39:16 +0200] "GET / HTTP/1.1" 200 326 "-" "Baiduspider+(+http://www.baidu.com/search/spider.htm)"
220.181.108.77 - - [18/Jun/2011:18:39:51 +0200] "GET / HTTP/1.1" 200 326 "-" "Baiduspider+(+http://www.baidu.com/search/spider.htm)"
123.125.71.18 - - [18/Jun/2011:23:30:19 +0200] "GET / HTTP/1.1" 200 326 "-" "Baiduspider+(+http://www.baidu.com/search/spider.htm)"
220.181.108.81 - - [18/Jun/2011:23:30:50 +0200] "GET / HTTP/1.1" 200 326 "-" "Baiduspider+(+http://www.baidu.com/search/spider.htm)"
193.47.80.40 - - [19/Jun/2011:02:57:26 +0200] "GET /robots.txt HTTP/1.1" 404 1256 "-" "Mozilla/5.0 (compatible; Exabot/3.0; +http://www.exabot.com/go/robot)"
193.47.80.40 - - [19/Jun/2011:02:57:26 +0200] "GET / HTTP/1.1" 304 - "-" "Mozilla/5.0 (compatible; Exabot/3.0; +http://www.exabot.com/go/robot)"
123.125.71.26 - - [19/Jun/2011:03:25:02 +0200] "GET / HTTP/1.1" 200 326 "-" "Baiduspider+(+http://www.baidu.com/search/spider.htm)"
69.28.58.9 - - [19/Jun/2011:03:25:12 +0200] "GET / HTTP/1.1" 200 326 "-" "Wget/1.9+cvs-stable (Red Hat modified)"
220.181.108.85 - - [19/Jun/2011:03:25:18 +0200] "GET / HTTP/1.1" 200 326 "-" "Baiduspider+(+http://www.baidu.com/search/spider.htm)"
123.125.71.15 - - [19/Jun/2011:09:29:29 +0200] "GET / HTTP/1.1" 200 326 "-" "Baiduspider+(+http://www.baidu.com/search/spider.htm)"
220.181.108.82 - - [19/Jun/2011:09:30:01 +0200] "GET / HTTP/1.1" 200 326 "-" "Baiduspider+(+http://www.baidu.com/search/spider.htm)"
123.125.71.22 - - [19/Jun/2011:14:26:57 +0200] "GET / HTTP/1.1" 200 326 "-" "Baiduspider+(+http://www.baidu.com/search/spider.htm)"
220.181.108.91 - - [19/Jun/2011:14:27:19 +0200] "GET / HTTP/1.1" 200 326 "-" "Baiduspider+(+http://www.baidu.com/search/spider.htm)"
66.249.72.251 - - [19/Jun/2011:16:23:46 +0200] "GET /robots.txt HTTP/1.1" 404 1256 "-" "Mozilla/5.0 (compatible; Googlebot/2.1; +http://www.google.com/bot.html)"
66.249.72.251 - - [19/Jun/2011:16:23:46 +0200] "GET / HTTP/1.1" 304 - "-" "Mozilla/5.0 (compatible; Googlebot/2.1; +http://www.google.com/bot.html)"
123.125.71.36 - - [19/Jun/2011:18:38:37 +0200] "GET / HTTP/1.1" 200 326 "-" "Baiduspider+(+http://www.baidu.com/search/spider.htm)"
220.181.108.85 - - [19/Jun/2011:18:39:12 +0200] "GET / HTTP/1.1" 200 326 "-" "Baiduspider+(+http://www.baidu.com/search/spider.htm)"
123.125.71.102 - - [19/Jun/2011:21:30:32 +0200] "GET / HTTP/1.1" 200 326 "-" "Mozilla/5.0 (compatible; Baiduspider/2.0; +http://www.baidu.com/search/spider.html)"
95.108.151.244 - - [20/Jun/2011:06:33:21 +0200] "GET /robots.txt HTTP/1.1" 404 1256 "-" "Mozilla/5.0 (compatible; YandexBot/3.0; MirrorDetector; +http://yandex.com/bots)"
95.108.151.244 - - [20/Jun/2011:06:33:22 +0200] "GET / HTTP/1.1" 200 326 "-" "Mozilla/5.0 (compatible; YandexBot/3.0; MirrorDetector; +http://yandex.com/bots)"
95.108.151.244 - - [20/Jun/2011:06:33:23 +0200] "GET / HTTP/1.1" 200 326 "-" "Mozilla/5.0 (compatible; YandexBot/3.0; MirrorDetector; +http://yandex.com/bots)"
123.125.71.23 - - [20/Jun/2011:08:31:05 +0200] "GET / HTTP/1.1" 200 326 "-" "Baiduspider+(+http://www.baidu.com/search/spider.htm)"
220.181.108.89 - - [20/Jun/2011:08:31:40 +0200] "GET / HTTP/1.1" 200 326 "-" "Baiduspider+(+http://www.baidu.com/search/spider.htm)"
123.125.71.24 - - [20/Jun/2011:09:30:16 +0200] "GET / HTTP/1.1" 200 326 "-" "Baiduspider+(+http://www.baidu.com/search/spider.htm)"
220.181.108.86 - - [20/Jun/2011:09:30:51 +0200] "GET / HTTP/1.1" 200 326 "-" "Baiduspider+(+http://www.baidu.com/search/spider.htm)"
123.125.71.20 - - [20/Jun/2011:18:38:30 +0200] "GET / HTTP/1.1" 200 326 "-" "Baiduspider+(+http://www.baidu.com/search/spider.htm)"
220.181.108.80 - - [20/Jun/2011:18:39:05 +0200] "GET / HTTP/1.1" 200 326 "-" "Baiduspider+(+http://www.baidu.com/search/spider.htm)"
123.125.71.20 - - [20/Jun/2011:23:30:55 +0200] "GET / HTTP/1.1" 200 326 "-" "Baiduspider+(+http://www.baidu.com/search/spider.htm)"
220.181.108.97 - - [20/Jun/2011:23:31:28 +0200] "GET / HTTP/1.1" 200 326 "-" "Baiduspider+(+http://www.baidu.com/search/spider.htm)"
123.125.71.25 - - [21/Jun/2011:02:25:02 +0200] "GET / HTTP/1.1" 200 326 "-" "Baiduspider+(+http://www.baidu.com/search/spider.htm)"
220.181.108.82 - - [21/Jun/2011:02:25:17 +0200] "GET / HTTP/1.1" 200 326 "-" "Baiduspider+(+http://www.baidu.com/search/spider.htm)"
123.125.71.33 - - [21/Jun/2011:03:25:28 +0200] "GET / HTTP/1.1" 200 326 "-" "Baiduspider+(+http://www.baidu.com/search/spider.htm)"
220.181.108.91 - - [21/Jun/2011:03:25:44 +0200] "GET / HTTP/1.1" 200 326 "-" "Baiduspider+(+http://www.baidu.com/search/spider.htm)"
123.125.71.17 - - [21/Jun/2011:04:25:22 +0200] "GET / HTTP/1.1" 200 326 "-" "Baiduspider+(+http://www.baidu.com/search/spider.htm)"
220.181.108.86 - - [21/Jun/2011:04:25:37 +0200] "GET / HTTP/1.1" 200 326 "-" "Baiduspider+(+http://www.baidu.com/search/spider.htm)"
123.125.71.36 - - [21/Jun/2011:09:30:16 +0200] "GET / HTTP/1.1" 200 326 "-" "Baiduspider+(+http://www.baidu.com/search/spider.htm)"
220.181.108.87 - - [21/Jun/2011:09:30:47 +0200] "GET / HTTP/1.1" 200 326 "-" "Baiduspider+(+http://www.baidu.com/search/spider.htm)"
123.125.71.21 - - [21/Jun/2011:14:27:02 +0200] "GET / HTTP/1.1" 200 326 "-" "Baiduspider+(+http://www.baidu.com/search/spider.htm)"
220.181.108.80 - - [21/Jun/2011:14:27:24 +0200] "GET / HTTP/1.1" 200 326 "-" "Baiduspider+(+http://www.baidu.com/search/spider.htm)"
123.125.71.96 - - [21/Jun/2011:16:19:19 +0200] "GET / HTTP/1.1" 200 326 "-" "Mozilla/5.0 (compatible; Baiduspider/2.0; +http://www.baidu.com/search/spider.html)"
123.125.71.28 - - [21/Jun/2011:18:38:43 +0200] "GET / HTTP/1.1" 200 326 "-" "Baiduspider+(+http://www.baidu.com/search/spider.htm)"
220.181.108.78 - - [21/Jun/2011:18:39:17 +0200] "GET / HTTP/1.1" 200 326 "-" "Baiduspider+(+http://www.baidu.com/search/spider.htm)"
123.125.71.29 - - [21/Jun/2011:22:31:01 +0200] "GET / HTTP/1.1" 200 326 "-" "Baiduspider+(+http://www.baidu.com/search/spider.htm)"
220.181.108.94 - - [21/Jun/2011:22:31:35 +0200] "GET / HTTP/1.1" 200 326 "-" "Baiduspider+(+http://www.baidu.com/search/spider.htm)"
123.125.71.21 - - [22/Jun/2011:03:25:14 +0200] "GET / HTTP/1.1" 200 326 "-" "Baiduspider+(+http://www.baidu.com/search/spider.htm)"
220.181.108.85 - - [22/Jun/2011:03:25:31 +0200] "GET / HTTP/1.1" 200 326 "-" "Baiduspider+(+http://www.baidu.com/search/spider.htm)"
95.108.158.134 - - [22/Jun/2011:07:08:22 +0200] "GET /robots.txt HTTP/1.1" 404 1256 "-" "Mozilla/5.0 (compatible; YandexBot/3.0; +http://yandex.com/bots)"
123.125.71.25 - - [22/Jun/2011:09:30:10 +0200] "GET / HTTP/1.1" 200 326 "-" "Baiduspider+(+http://www.baidu.com/search/spider.htm)"
220.181.108.86 - - [22/Jun/2011:09:30:42 +0200] "GET / HTTP/1.1" 200 326 "-" "Baiduspider+(+http://www.baidu.com/search/spider.htm)"
123.125.71.35 - - [22/Jun/2011:11:27:06 +0200] "GET / HTTP/1.1" 200 326 "-" "Baiduspider+(+http://www.baidu.com/search/spider.htm)"
220.181.108.83 - - [22/Jun/2011:11:27:26 +0200] "GET / HTTP/1.1" 200 326 "-" "Baiduspider+(+http://www.baidu.com/search/spider.htm)"
38.100.21.21 - - [22/Jun/2011:11:58:38 +0200] "GET / HTTP/1.1" 200 326 "-" "Mozilla/4.0 (compatible; MSIE 7.0; Windows NT 5.2)"
123.125.71.117 - - [22/Jun/2011:18:06:48 +0200] "GET / HTTP/1.1" 200 326 "-" "Mozilla/5.0 (compatible; Baiduspider/2.0; +http://www.baidu.com/search/spider.html)"
123.125.71.17 - - [22/Jun/2011:18:38:48 +0200] "GET / HTTP/1.1" 200 326 "-" "Baiduspider+(+http://www.baidu.com/search/spider.htm)"
220.181.108.85 - - [22/Jun/2011:18:39:25 +0200] "GET / HTTP/1.1" 200 326 "-" "Baiduspider+(+http://www.baidu.com/search/spider.htm)"
95.108.158.134 - - [22/Jun/2011:19:39:04 +0200] "GET / HTTP/1.1" 200 326 "-" "Mozilla/5.0 (compatible; YandexBot/3.0; +http://yandex.com/bots)"
123.125.71.30 - - [22/Jun/2011:23:30:14 +0200] "GET / HTTP/1.1" 200 326 "-" "Baiduspider+(+http://www.baidu.com/search/spider.htm)"
220.181.108.77 - - [22/Jun/2011:23:30:45 +0200] "GET / HTTP/1.1" 200 326 "-" "Baiduspider+(+http://www.baidu.com/search/spider.htm)"
220.181.108.94 - - [23/Jun/2011:07:31:31 +0200] "GET / HTTP/1.1" 200 326 "-" "Baiduspider+(+http://www.baidu.com/search/spider.htm)"
123.125.71.25 - - [23/Jun/2011:07:32:12 +0200] "GET / HTTP/1.1" 200 326 "-" "Baiduspider+(+http://www.baidu.com/search/spider.htm)"
123.125.71.33 - - [23/Jun/2011:09:30:30 +0200] "GET / HTTP/1.1" 200 326 "-" "Baiduspider+(+http://www.baidu.com/search/spider.htm)"
220.181.108.80 - - [23/Jun/2011:09:31:02 +0200] "GET / HTTP/1.1" 200 326 "-" "Baiduspider+(+http://www.baidu.com/search/spider.htm)"
217.93.152.141 - - [23/Jun/2011:14:46:11 +0200] "GET / HTTP/1.1" 200 326 "-" "Mozilla/5.0 (compatible; MSIE 9.0; Windows NT 6.1; WOW64; Trident/5.0)"
217.93.152.141 - - [23/Jun/2011:14:46:11 +0200] "GET /favicon.ico HTTP/1.1" 404 1256 "-" "Mozilla/5.0 (compatible; MSIE 9.0; Windows NT 6.1; WOW64; Trident/5.0)"
217.93.152.141 - - [23/Jun/2011:14:47:22 +0200] "GET /favicon.ico HTTP/1.1" 404 1256 "-" "Mozilla/5.0 (compatible; MSIE 9.0; Windows NT 6.1; WOW64; Trident/5.0)"
123.125.71.112 - - [23/Jun/2011:17:49:17 +0200] "GET / HTTP/1.1" 200 326 "-" "Mozilla/5.0 (compatible; Baiduspider/2.0; +http://www.baidu.com/search/spider.html)"
123.125.71.29 - - [23/Jun/2011:18:39:42 +0200] "GET / HTTP/1.1" 200 326 "-" "Baiduspider+(+http://www.baidu.com/search/spider.htm)"
220.181.108.75 - - [23/Jun/2011:18:40:16 +0200] "GET / HTTP/1.1" 200 326 "-" "Baiduspider+(+http://www.baidu.com/search/spider.htm)"
123.125.71.20 - - [23/Jun/2011:21:31:46 +0200] "GET / HTTP/1.1" 200 326 "-" "Baiduspider+(+http://www.baidu.com/search/spider.htm)"
220.181.108.76 - - [23/Jun/2011:21:32:13 +0200] "GET / HTTP/1.1" 200 326 "-" "Baiduspider+(+http://www.baidu.com/search/spider.htm)"
123.125.71.20 - - [23/Jun/2011:22:31:19 +0200] "GET / HTTP/1.1" 200 326 "-" "Baiduspider+(+http://www.baidu.com/search/spider.htm)"
220.181.108.75 - - [23/Jun/2011:22:31:54 +0200] "GET / HTTP/1.1" 200 326 "-" "Baiduspider+(+http://www.baidu.com/search/spider.htm)"
123.125.71.32 - - [24/Jun/2011:04:25:28 +0200] "GET / HTTP/1.1" 200 326 "-" "Baiduspider+(+http://www.baidu.com/search/spider.htm)"
220.181.108.75 - - [24/Jun/2011:04:25:43 +0200] "GET / HTTP/1.1" 200 326 "-" "Baiduspider+(+http://www.baidu.com/search/spider.htm)"
123.125.71.32 - - [24/Jun/2011:09:30:07 +0200] "GET / HTTP/1.1" 200 326 "-" "Baiduspider+(+http://www.baidu.com/search/spider.htm)"
123.125.71.25 - - [24/Jun/2011:14:27:28 +0200] "GET / HTTP/1.1" 200 326 "-" "Baiduspider+(+http://www.baidu.com/search/spider.htm)"
220.181.108.80 - - [24/Jun/2011:14:27:50 +0200] "GET / HTTP/1.1" 200 326 "-" "Baiduspider+(+http://www.baidu.com/search/spider.htm)"
220.181.108.163 - - [24/Jun/2011:17:16:03 +0200] "GET /robots.txt HTTP/1.1" 404 1256 "-" "Baiduspider+(+http://www.baidu.com/search/spider.htm)"
123.125.71.22 - - [24/Jun/2011:18:39:23 +0200] "GET / HTTP/1.1" 200 326 "-" "Baiduspider+(+http://www.baidu.com/search/spider.htm)"
220.181.108.87 - - [24/Jun/2011:18:39:59 +0200] "GET / HTTP/1.1" 200 326 "-" "Baiduspider+(+http://www.baidu.com/search/spider.htm)"
123.125.71.106 - - [24/Jun/2011:22:33:34 +0200] "GET / HTTP/1.1" 200 326 "-" "Mozilla/5.0 (compatible; Baiduspider/2.0; +http://www.baidu.com/search/spider.html)"
123.125.71.19 - - [25/Jun/2011:18:39:35 +0200] "GET / HTTP/1.1" 200 326 "-" "Baiduspider+(+http://www.baidu.com/search/spider.htm)"
220.181.108.96 - - [25/Jun/2011:18:40:09 +0200] "GET / HTTP/1.1" 200 326 "-" "Baiduspider+(+http://www.baidu.com/search/spider.htm)"
123.125.71.34 - - [25/Jun/2011:23:31:13 +0200] "GET / HTTP/1.1" 200 326 "-" "Baiduspider+(+http://www.baidu.com/search/spider.htm)"
220.181.108.80 - - [25/Jun/2011:23:31:44 +0200] "GET / HTTP/1.1" 200 326 "-" "Baiduspider+(+http://www.baidu.com/search/spider.htm)"
220.181.108.139 - - [26/Jun/2011:07:34:04 +0200] "GET /robots.txt HTTP/1.1" 404 1256 "-" "Baiduspider+(+http://www.baidu.com/search/spider.htm)"
123.125.71.16 - - [26/Jun/2011:14:27:43 +0200] "GET / HTTP/1.1" 200 326 "-" "Baiduspider+(+http://www.baidu.com/search/spider.htm)"
220.181.108.92 - - [26/Jun/2011:14:28:04 +0200] "GET / HTTP/1.1" 200 326 "-" "Baiduspider+(+http://www.baidu.com/search/spider.htm)"
123.125.71.31 - - [26/Jun/2011:18:39:34 +0200] "GET / HTTP/1.1" 200 326 "-" "Baiduspider+(+http://www.baidu.com/search/spider.htm)"
220.181.108.77 - - [26/Jun/2011:18:40:11 +0200] "GET / HTTP/1.1" 200 326 "-" "Baiduspider+(+http://www.baidu.com/search/spider.htm)"
95.108.158.134 - - [26/Jun/2011:19:54:35 +0200] "GET /robots.txt HTTP/1.1" 404 1256 "-" "Mozilla/5.0 (compatible; YandexBot/3.0; +http://yandex.com/bots)"
80.94.164.141 - - [26/Jun/2011:22:05:21 +0200] "GET / HTTP/1.0" 200 326 "http://galstuk.net/Galstuk-1/Delovoj-Stil-17/" "Mozilla/5.0 (X11; U; Linux i686; en-US; rv:1.8.1.11) Firefox/2.0.0.11"
123.125.71.94 - - [27/Jun/2011:02:01:40 +0200] "GET / HTTP/1.1" 200 326 "-" "Mozilla/5.0 (compatible; Baiduspider/2.0; +http://www.baidu.com/search/spider.html)"
123.125.71.23 - - [27/Jun/2011:04:25:21 +0200] "GET / HTTP/1.1" 200 326 "-" "Baiduspider+(+http://www.baidu.com/search/spider.htm)"
220.181.108.82 - - [27/Jun/2011:04:25:38 +0200] "GET / HTTP/1.1" 200 326 "-" "Baiduspider+(+http://www.baidu.com/search/spider.htm)"
123.125.71.15 - - [27/Jun/2011:09:30:27 +0200] "GET / HTTP/1.1" 200 326 "-" "Baiduspider+(+http://www.baidu.com/search/spider.htm)"
220.181.108.91 - - [27/Jun/2011:09:30:58 +0200] "GET / HTTP/1.1" 200 326 "-" "Baiduspider+(+http://www.baidu.com/search/spider.htm)"
220.181.108.161 - - [27/Jun/2011:09:31:43 +0200] "GET /robots.txt HTTP/1.1" 404 1256 "-" "Baiduspider+(+http://www.baidu.com/search/spider.htm)"
95.108.158.134 - - [27/Jun/2011:09:53:59 +0200] "GET / HTTP/1.1" 200 326 "-" "Mozilla/5.0 (compatible; YandexBot/3.0; +http://yandex.com/bots)"
123.125.71.27 - - [27/Jun/2011:18:39:43 +0200] "GET / HTTP/1.1" 200 326 "-" "Baiduspider+(+http://www.baidu.com/search/spider.htm)"
220.181.108.97 - - [27/Jun/2011:18:40:15 +0200] "GET / HTTP/1.1" 200 326 "-" "Baiduspider+(+http://www.baidu.com/search/spider.htm)"
123.125.71.13 - - [27/Jun/2011:23:31:17 +0200] "GET / HTTP/1.1" 200 326 "-" "Baiduspider+(+http://www.baidu.com/search/spider.htm)"
220.181.108.76 - - [27/Jun/2011:23:31:53 +0200] "GET / HTTP/1.1" 200 326 "-" "Baiduspider+(+http://www.baidu.com/search/spider.htm)"
123.125.71.12 - - [28/Jun/2011:03:25:22 +0200] "GET / HTTP/1.1" 200 326 "-" "Baiduspider+(+http://www.baidu.com/search/spider.htm)"
220.181.108.90 - - [28/Jun/2011:03:25:37 +0200] "GET / HTTP/1.1" 200 326 "-" "Baiduspider+(+http://www.baidu.com/search/spider.htm)"
123.125.71.30 - - [28/Jun/2011:04:25:57 +0200] "GET / HTTP/1.1" 200 326 "-" "Baiduspider+(+http://www.baidu.com/search/spider.htm)"
220.181.108.78 - - [28/Jun/2011:04:26:12 +0200] "GET / HTTP/1.1" 200 326 "-" "Baiduspider+(+http://www.baidu.com/search/spider.htm)"
82.165.37.69 - - [28/Jun/2011:05:59:22 +0200] "GET / HTTP/1.0" 200 326 "http://privatvideo.18x24.com/video/?v=Ruehling.com" "Mozilla/4.0 (compatible; MSIE 7.5; Windows NT 5.1)"
220.181.108.157 - - [28/Jun/2011:11:27:55 +0200] "GET /robots.txt HTTP/1.1" 404 1256 "-" "Baiduspider+(+http://www.baidu.com/search/spider.htm)"
123.125.71.35 - - [28/Jun/2011:14:28:15 +0200] "GET / HTTP/1.1" 200 326 "-" "Mozilla/5.0 (compatible; Baiduspider/2.0; +http://www.baidu.com/search/spider.html)"
220.181.108.96 - - [28/Jun/2011:14:28:38 +0200] "GET / HTTP/1.1" 200 326 "-" "Mozilla/5.0 (compatible; Baiduspider/2.0; +http://www.baidu.com/search/spider.html)"
64.246.165.210 - - [28/Jun/2011:15:34:52 +0200] "GET /robots.txt HTTP/1.0" 404 1256 "-" "Mozilla/5.0 (Windows; U; Windows NT 5.1; en; rv:1.9.0.13) Gecko/2009073022 Firefox/3.5.2 (.NET CLR 3.5.30729) SurveyBot/2.3 (DomainTools)"
64.246.165.210 - - [28/Jun/2011:15:34:53 +0200] "GET / HTTP/1.1" 200 326 "http://whois.domaintools.com/ruehling.com" "Mozilla/5.0 (Windows; U; Windows NT 5.1; en; rv:1.9.0.13) Gecko/2009073022 Firefox/3.5.2 (.NET CLR 3.5.30729) SurveyBot/2.3 (DomainTools)"
123.125.71.20 - - [28/Jun/2011:18:40:10 +0200] "GET / HTTP/1.1" 200 326 "-" "Mozilla/5.0 (compatible; Baiduspider/2.0; +http://www.baidu.com/search/spider.html)"
220.181.108.84 - - [28/Jun/2011:18:40:43 +0200] "GET / HTTP/1.1" 200 326 "-" "Mozilla/5.0 (compatible; Baiduspider/2.0; +http://www.baidu.com/search/spider.html)"
123.125.71.26 - - [28/Jun/2011:23:31:53 +0200] "GET / HTTP/1.1" 200 326 "-" "Mozilla/5.0 (compatible; Baiduspider/2.0; +http://www.baidu.com/search/spider.html)"
220.181.108.97 - - [28/Jun/2011:23:32:25 +0200] "GET / HTTP/1.1" 200 326 "-" "Mozilla/5.0 (compatible; Baiduspider/2.0; +http://www.baidu.com/search/spider.html)"
123.125.71.113 - - [28/Jun/2011:23:44:18 +0200] "GET / HTTP/1.1" 200 326 "-" "Mozilla/5.0 (compatible; Baiduspider/2.0; +http://www.baidu.com/search/spider.html)"
123.125.71.14 - - [29/Jun/2011:03:24:51 +0200] "GET / HTTP/1.1" 200 326 "-" "Mozilla/5.0 (compatible; Baiduspider/2.0; +http://www.baidu.com/search/spider.html)"
220.181.108.84 - - [29/Jun/2011:03:25:05 +0200] "GET / HTTP/1.1" 200 326 "-" "Mozilla/5.0 (compatible; Baiduspider/2.0; +http://www.baidu.com/search/spider.html)"
123.125.71.21 - - [29/Jun/2011:04:25:52 +0200] "GET / HTTP/1.1" 200 326 "-" "Mozilla/5.0 (compatible; Baiduspider/2.0; +http://www.baidu.com/search/spider.html)"
220.181.108.83 - - [29/Jun/2011:04:26:10 +0200] "GET / HTTP/1.1" 200 326 "-" "Mozilla/5.0 (compatible; Baiduspider/2.0; +http://www.baidu.com/search/spider.html)"
123.125.71.33 - - [29/Jun/2011:10:25:10 +0200] "GET / HTTP/1.1" 200 326 "-" "Mozilla/5.0 (compatible; Baiduspider/2.0; +http://www.baidu.com/search/spider.html)"
220.181.108.82 - - [29/Jun/2011:10:25:24 +0200] "GET / HTTP/1.1" 200 326 "-" "Mozilla/5.0 (compatible; Baiduspider/2.0; +http://www.baidu.com/search/spider.html)"
123.125.71.34 - - [29/Jun/2011:14:28:17 +0200] "GET / HTTP/1.1" 200 326 "-" "Mozilla/5.0 (compatible; Baiduspider/2.0; +http://www.baidu.com/search/spider.html)"
220.181.108.86 - - [29/Jun/2011:14:28:40 +0200] "GET / HTTP/1.1" 200 326 "-" "Mozilla/5.0 (compatible; Baiduspider/2.0; +http://www.baidu.com/search/spider.html)"
123.125.71.15 - - [29/Jun/2011:18:40:08 +0200] "GET / HTTP/1.1" 200 326 "-" "Mozilla/5.0 (compatible; Baiduspider/2.0; +http://www.baidu.com/search/spider.html)"
220.181.108.90 - - [29/Jun/2011:18:40:32 +0200] "GET / HTTP/1.1" 200 326 "-" "Mozilla/5.0 (compatible; Baiduspider/2.0; +http://www.baidu.com/search/spider.html)"
123.125.71.22 - - [29/Jun/2011:22:25:40 +0200] "GET / HTTP/1.1" 200 326 "-" "Mozilla/5.0 (compatible; Baiduspider/2.0; +http://www.baidu.com/search/spider.html)"
220.181.108.95 - - [29/Jun/2011:22:25:52 +0200] "GET / HTTP/1.1" 200 326 "-" "Mozilla/5.0 (compatible; Baiduspider/2.0; +http://www.baidu.com/search/spider.html)"
123.125.71.19 - - [30/Jun/2011:10:25:26 +0200] "GET / HTTP/1.1" 200 326 "-" "Mozilla/5.0 (compatible; Baiduspider/2.0; +http://www.baidu.com/search/spider.html)"
220.181.108.92 - - [30/Jun/2011:10:25:33 +0200] "GET / HTTP/1.1" 200 326 "-" "Mozilla/5.0 (compatible; Baiduspider/2.0; +http://www.baidu.com/search/spider.html)"
82.165.37.69 - - [30/Jun/2011:13:17:04 +0200] "GET / HTTP/1.0" 200 326 "http://kennensiemich.ch/roboto/?=Ruehling.com" "Mozilla/4.0 (compatible; MSIE 8.0; Windows NT 5.1; Trident/4.0; GTB6; .NET CLR 2.0.50727; .NET CLR 3.0.4506.2152; .NET CLR 3.5.30729; InfoPath.2)"
123.125.71.13 - - [30/Jun/2011:14:28:10 +0200] "GET / HTTP/1.1" 200 326 "-" "Mozilla/5.0 (compatible; Baiduspider/2.0; +http://www.baidu.com/search/spider.html)"
220.181.108.75 - - [30/Jun/2011:14:28:33 +0200] "GET / HTTP/1.1" 200 326 "-" "Mozilla/5.0 (compatible; Baiduspider/2.0; +http://www.baidu.com/search/spider.html)"
123.125.71.28 - - [30/Jun/2011:17:29:18 +0200] "GET / HTTP/1.1" 200 326 "-" "Mozilla/5.0 (compatible; Baiduspider/2.0; +http://www.baidu.com/search/spider.html)"
220.181.108.90 - - [30/Jun/2011:17:29:39 +0200] "GET / HTTP/1.1" 200 326 "-" "Mozilla/5.0 (compatible; Baiduspider/2.0; +http://www.baidu.com/search/spider.html)"
123.125.71.35 - - [30/Jun/2011:18:41:42 +0200] "GET / HTTP/1.1" 200 326 "-" "Mozilla/5.0 (compatible; Baiduspider/2.0; +http://www.baidu.com/search/spider.html)"
220.181.108.82 - - [30/Jun/2011:18:42:19 +0200] "GET / HTTP/1.1" 200 326 "-" "Mozilla/5.0 (compatible; Baiduspider/2.0; +http://www.baidu.com/search/spider.html)"
95.108.158.134 - - [30/Jun/2011:23:53:51 +0200] "GET /robots.txt HTTP/1.1" 404 1256 "-" "Mozilla/5.0 (compatible; YandexBot/3.0; +http://yandex.com/bots)"