212.202.126.194 - - [22/Jan/2015:18:40:48 +0100] "GET /templates/img/two-columns.gif HTTP/1.1" 200 65 "http://www.quartier-bb.de/" "Mozilla/5.0 (Macintosh; Intel Mac OS X 10_9_5) AppleWebKit/600.2.5 (KHTML, like Gecko) Version/7.1.2 Safari/537.85.11"
212.202.126.194 - - [22/Jan/2015:18:40:48 +0100] "GET /templates/img/circle.png HTTP/1.1" 200 194 "http://www.quartier-bb.de/" "Mozilla/5.0 (Macintosh; Intel Mac OS X 10_9_5) AppleWebKit/600.2.5 (KHTML, like Gecko) Version/7.1.2 Safari/537.85.11"
212.202.126.194 - - [22/Jan/2015:18:40:48 +0100] "GET /templates/img/header.png HTTP/1.1" 200 134243 "http://www.quartier-bb.de/" "Mozilla/5.0 (Macintosh; Intel Mac OS X 10_9_5) AppleWebKit/600.2.5 (KHTML, like Gecko) Version/7.1.2 Safari/537.85.11"
212.202.126.194 - - [22/Jan/2015:18:40:48 +0100] "GET /templates/img/loading.gif HTTP/1.1" 200 2767 "http://www.quartier-bb.de/" "Mozilla/5.0 (Macintosh; Intel Mac OS X 10_9_5) AppleWebKit/600.2.5 (KHTML, like Gecko) Version/7.1.2 Safari/537.85.11"
212.202.126.194 - - [22/Jan/2015:18:40:48 +0100] "GET /templates/img/closelabel.gif HTTP/1.1" 200 649 "http://www.quartier-bb.de/" "Mozilla/5.0 (Macintosh; Intel Mac OS X 10_9_5) AppleWebKit/600.2.5 (KHTML, like Gecko) Version/7.1.2 Safari/537.85.11"
212.202.126.194 - - [22/Jan/2015:18:40:48 +0100] "GET /favicon.ico HTTP/1.1" 200 2602 "http://www.quartier-bb.de/" "Mozilla/5.0 (Macintosh; Intel Mac OS X 10_9_5) AppleWebKit/600.2.5 (KHTML, like Gecko) Version/7.1.2 Safari/537.85.11"
66.249.78.167 - - [22/Jan/2015:19:41:28 +0100] "GET /robots.txt HTTP/1.1" 404 1256 "-" "Mozilla/5.0 (compatible; Googlebot/2.1; +http://www.google.com/bot.html)"
66.249.78.167 - - [22/Jan/2015:19:41:28 +0100] "GET /?impressum,15 HTTP/1.1" 200 5152 "-" "Mozilla/5.0 (compatible; Googlebot/2.1; +http://www.google.com/bot.html)"
84.118.92.215 - - [22/Jan/2015:19:41:29 +0100] "GET / HTTP/1.1" 200 6789 "-" "Java/1.6.0_04"
84.118.92.215 - - [22/Jan/2015:19:41:29 +0100] "GET /? HTTP/1.1" 200 6789 "-" "Java/1.6.0_04"
84.118.92.215 - - [22/Jan/2015:19:41:29 +0100] "GET /core/common.js HTTP/1.1" 200 2364 "-" "Java/1.6.0_04"
84.118.92.215 - - [22/Jan/2015:19:41:29 +0100] "GET /core/litebox-1.0.js HTTP/1.1" 200 15581 "-" "Java/1.6.0_04"
84.118.92.215 - - [22/Jan/2015:19:41:29 +0100] "GET /core/moo.fx.js HTTP/1.1" 200 3267 "-" "Java/1.6.0_04"
84.118.92.215 - - [22/Jan/2015:19:41:29 +0100] "GET /core/plugins.js HTTP/1.1" 200 28 "-" "Java/1.6.0_04"
84.118.92.215 - - [22/Jan/2015:19:41:29 +0100] "GET /core/prototype.lite.js HTTP/1.1" 200 3335 "-" "Java/1.6.0_04"
84.118.92.215 - - [22/Jan/2015:19:41:29 +0100] "GET //? HTTP/1.1" 200 6789 "-" "Java/1.6.0_04"
84.118.92.215 - - [22/Jan/2015:19:41:29 +0100] "GET //core/common.js HTTP/1.1" 200 2364 "-" "Java/1.6.0_04"
84.118.92.215 - - [22/Jan/2015:19:41:29 +0100] "GET //core/litebox-1.0.js HTTP/1.1" 200 15581 "-" "Java/1.6.0_04"
84.118.92.215 - - [22/Jan/2015:19:41:29 +0100] "GET //core/moo.fx.js HTTP/1.1" 200 3267 "-" "Java/1.6.0_04"
84.118.92.215 - - [22/Jan/2015:19:41:29 +0100] "GET //core/plugins.js HTTP/1.1" 200 28 "-" "Java/1.6.0_04"
84.118.92.215 - - [22/Jan/2015:19:41:29 +0100] "GET //core/prototype.lite.js HTTP/1.1" 200 3335 "-" "Java/1.6.0_04"
84.118.92.215 - - [22/Jan/2015:19:41:29 +0100] "GET ///? HTTP/1.1" 200 6789 "-" "Java/1.6.0_04"
84.118.92.215 - - [22/Jan/2015:19:41:30 +0100] "GET ///core/common.js HTTP/1.1" 200 2364 "-" "Java/1.6.0_04"
84.118.92.215 - - [22/Jan/2015:19:41:30 +0100] "GET ///core/litebox-1.0.js HTTP/1.1" 200 15581 "-" "Java/1.6.0_04"
84.118.92.215 - - [22/Jan/2015:19:41:30 +0100] "GET ///core/moo.fx.js HTTP/1.1" 200 3267 "-" "Java/1.6.0_04"
84.118.92.215 - - [22/Jan/2015:19:41:30 +0100] "GET ///core/plugins.js HTTP/1.1" 200 28 "-" "Java/1.6.0_04"
84.118.92.215 - - [22/Jan/2015:19:41:30 +0100] "GET ///core/prototype.lite.js HTTP/1.1" 200 3335 "-" "Java/1.6.0_04"
84.118.92.215 - - [22/Jan/2015:19:41:30 +0100] "GET ////? HTTP/1.1" 200 6789 "-" "Java/1.6.0_04"
84.118.92.215 - - [22/Jan/2015:19:41:30 +0100] "GET ////core/common.js HTTP/1.1" 200 2364 "-" "Java/1.6.0_04"
84.118.92.215 - - [22/Jan/2015:19:41:30 +0100] "GET ////core/litebox-1.0.js HTTP/1.1" 200 15581 "-" "Java/1.6.0_04"
84.118.92.215 - - [22/Jan/2015:19:41:30 +0100] "GET ////core/moo.fx.js HTTP/1.1" 200 3267 "-" "Java/1.6.0_04"
84.118.92.215 - - [22/Jan/2015:19:41:30 +0100] "GET ////core/plugins.js HTTP/1.1" 200 28 "-" "Java/1.6.0_04"
84.118.92.215 - - [22/Jan/2015:19:41:30 +0100] "GET ////core/prototype.lite.js HTTP/1.1" 200 3335 "-" "Java/1.6.0_04"
84.118.92.215 - - [22/Jan/2015:19:41:30 +0100] "GET /////? HTTP/1.1" 200 6789 "-" "Java/1.6.0_04"
84.118.92.215 - - [22/Jan/2015:19:41:30 +0100] "GET /////core/common.js HTTP/1.1" 200 2364 "-" "Java/1.6.0_04"
84.118.92.215 - - [22/Jan/2015:19:41:30 +0100] "GET /////core/litebox-1.0.js HTTP/1.1" 200 15581 "-" "Java/1.6.0_04"
84.118.92.215 - - [22/Jan/2015:19:41:30 +0100] "GET /////core/moo.fx.js HTTP/1.1" 200 3267 "-" "Java/1.6.0_04"
84.118.92.215 - - [22/Jan/2015:19:41:30 +0100] "GET /////core/plugins.js HTTP/1.1" 200 28 "-" "Java/1.6.0_04"
66.249.78.167 - - [22/Jan/2015:20:21:11 +0100] "GET / HTTP/1.1" 200 6789 "-" "Mozilla/5.0 (compatible; Googlebot/2.1; +http://www.google.com/bot.html)"
77.66.121.240 - - [22/Jan/2015:21:38:07 +0100] "GET /robots.txt HTTP/1.0" 404 1256 "-" "GigablastOpenSource/1.0"
77.66.121.240 - - [22/Jan/2015:21:38:07 +0100] "GET /?kontakt,8 HTTP/1.0" 200 4607 "-" "GigablastOpenSource/1.0"
66.249.78.160 - - [23/Jan/2015:02:31:54 +0100] "GET / HTTP/1.1" 200 6789 "-" "Mozilla/5.0 (compatible; Googlebot/2.1; +http://www.google.com/bot.html)"
157.55.39.142 - - [23/Jan/2015:02:57:27 +0100] "GET / HTTP/1.1" 200 6789 "-" "Mozilla/5.0 (compatible; bingbot/2.0; +http://www.bing.com/bingbot.htm)"
66.249.78.167 - - [23/Jan/2015:07:00:41 +0100] "GET /?kontakt,8 HTTP/1.1" 200 4607 "-" "Mozilla/5.0 (compatible; Googlebot/2.1; +http://www.google.com/bot.html)"
66.249.78.160 - - [23/Jan/2015:07:03:41 +0100] "GET /?impressum,15 HTTP/1.1" 200 5152 "-" "Mozilla/5.0 (compatible; Googlebot/2.1; +http://www.google.com/bot.html)"
66.249.78.160 - - [23/Jan/2015:07:52:37 +0100] "GET /robots.txt HTTP/1.1" 404 1256 "-" "Mozilla/5.0 (compatible; Googlebot/2.1; +http://www.google.com/bot.html)"
66.249.78.174 - - [23/Jan/2015:07:52:37 +0100] "GET /?unternehmen,35 HTTP/1.1" 200 5693 "-" "Mozilla/5.0 (compatible; Googlebot/2.1; +http://www.google.com/bot.html)"
157.55.39.142 - - [23/Jan/2015:16:07:52 +0100] "GET / HTTP/1.1" 200 6789 "-" "Mozilla/5.0 (compatible; bingbot/2.0; +http://www.bing.com/bingbot.htm)"
66.249.78.174 - - [23/Jan/2015:16:16:57 +0100] "GET /templates/plugins.css HTTP/1.1" 200 1931 "-" "Mozilla/5.0 (compatible; Googlebot/2.1; +http://www.google.com/bot.html)"
46.229.170.197 - - [23/Jan/2015:19:56:05 +0100] "GET / HTTP/1.1" 200 6789 "-" "Mozilla/5.0 (X11; U; Linux x86_64; en-US; rv:1.9.2a1pre) Gecko/20090405 Firefox/3.6a1pre"
157.55.39.142 - - [23/Jan/2015:21:29:23 +0100] "GET /robots.txt HTTP/1.1" 404 1256 "-" "Mozilla/5.0 (compatible; bingbot/2.0; +http://www.bing.com/bingbot.htm)"
157.55.39.142 - - [23/Jan/2015:21:29:27 +0100] "GET / HTTP/1.1" 200 6789 "-" "Mozilla/5.0 (compatible; bingbot/2.0; +http://www.bing.com/bingbot.htm)"
199.30.24.199 - - [23/Jan/2015:21:29:57 +0100] "GET /core/common.js HTTP/1.1" 200 2364 "http://www.quartier-bb.de/" "Mozilla/5.0 (Windows NT 6.1; WOW64) AppleWebKit/534+ (KHTML, like Gecko) BingPreview/1.0b"
199.30.24.199 - - [23/Jan/2015:21:29:57 +0100] "GET /core/plugins.js HTTP/1.1" 200 28 "http://www.quartier-bb.de/" "Mozilla/5.0 (Windows NT 6.1; WOW64) AppleWebKit/534+ (KHTML, like Gecko) BingPreview/1.0b"
199.30.24.199 - - [23/Jan/2015:21:29:57 +0100] "GET /core/prototype.lite.js HTTP/1.1" 200 3335 "http://www.quartier-bb.de/" "Mozilla/5.0 (Windows NT 6.1; WOW64) AppleWebKit/534+ (KHTML, like Gecko) BingPreview/1.0b"
199.30.24.199 - - [23/Jan/2015:21:29:58 +0100] "GET /core/moo.fx.js HTTP/1.1" 200 3267 "http://www.quartier-bb.de/" "Mozilla/5.0 (Windows NT 6.1; WOW64) AppleWebKit/534+ (KHTML, like Gecko) BingPreview/1.0b"
199.30.24.199 - - [23/Jan/2015:21:29:58 +0100] "GET /core/litebox-1.0.js HTTP/1.1" 200 15581 "http://www.quartier-bb.de/" "Mozilla/5.0 (Windows NT 6.1; WOW64) AppleWebKit/534+ (KHTML, like Gecko) BingPreview/1.0b"
199.30.24.199 - - [23/Jan/2015:21:29:59 +0100] "GET /templates/default.css HTTP/1.1" 200 7156 "http://www.quartier-bb.de/" "Mozilla/5.0 (Windows NT 6.1; WOW64) AppleWebKit/534+ (KHTML, like Gecko) BingPreview/1.0b"
199.30.24.199 - - [23/Jan/2015:21:29:59 +0100] "GET /files/top_left_basic.gif HTTP/1.1" 200 261 "http://www.quartier-bb.de/" "Mozilla/5.0 (Windows NT 6.1; WOW64) AppleWebKit/534+ (KHTML, like Gecko) BingPreview/1.0b"
199.30.24.199 - - [23/Jan/2015:21:29:59 +0100] "GET /templates/img/logo.gif HTTP/1.1" 200 3859 "http://www.quartier-bb.de/" "Mozilla/5.0 (Windows NT 6.1; WOW64) AppleWebKit/534+ (KHTML, like Gecko) BingPreview/1.0b"
199.30.24.199 - - [23/Jan/2015:21:29:59 +0100] "GET /templates/plugins.css HTTP/1.1" 200 1931 "http://www.quartier-bb.de/" "Mozilla/5.0 (Windows NT 6.1; WOW64) AppleWebKit/534+ (KHTML, like Gecko) BingPreview/1.0b"
199.30.24.199 - - [23/Jan/2015:21:30:00 +0100] "GET /templates/img/bg.jpg HTTP/1.1" 200 18814 "http://www.quartier-bb.de/" "Mozilla/5.0 (Windows NT 6.1; WOW64) AppleWebKit/534+ (KHTML, like Gecko) BingPreview/1.0b"
199.30.24.199 - - [23/Jan/2015:21:30:00 +0100] "GET /templates/img/points.gif HTTP/1.1" 200 62 "http://www.quartier-bb.de/" "Mozilla/5.0 (Windows NT 6.1; WOW64) AppleWebKit/534+ (KHTML, like Gecko) BingPreview/1.0b"
199.30.24.199 - - [23/Jan/2015:21:30:00 +0100] "GET /templates/img/two-columns.gif HTTP/1.1" 200 65 "http://www.quartier-bb.de/" "Mozilla/5.0 (Windows NT 6.1; WOW64) AppleWebKit/534+ (KHTML, like Gecko) BingPreview/1.0b"
199.30.24.199 - - [23/Jan/2015:21:30:01 +0100] "GET /templates/img/nav.gif HTTP/1.1" 200 1501 "http://www.quartier-bb.de/" "Mozilla/5.0 (Windows NT 6.1; WOW64) AppleWebKit/534+ (KHTML, like Gecko) BingPreview/1.0b"
157.55.39.141 - - [23/Jan/2015:21:30:01 +0100] "GET /robots.txt HTTP/1.1" 404 1256 "-" "Mozilla/5.0 (compatible; bingbot/2.0; +http://www.bing.com/bingbot.htm)"
199.30.24.199 - - [23/Jan/2015:21:30:01 +0100] "GET /templates/img/circle.png HTTP/1.1" 200 194 "http://www.quartier-bb.de/" "Mozilla/5.0 (Windows NT 6.1; WOW64) AppleWebKit/534+ (KHTML, like Gecko) BingPreview/1.0b"
157.55.39.141 - - [23/Jan/2015:21:30:01 +0100] "GET /robots.txt HTTP/1.1" 404 1256 "-" "Mozilla/5.0 (compatible; bingbot/2.0; +http://www.bing.com/bingbot.htm)"
199.30.24.199 - - [23/Jan/2015:21:30:00 +0100] "GET /templates/img/header.png HTTP/1.1" 200 134243 "http://www.quartier-bb.de/" "Mozilla/5.0 (Windows NT 6.1; WOW64) AppleWebKit/534+ (KHTML, like Gecko) BingPreview/1.0b"
199.30.24.199 - - [23/Jan/2015:21:30:02 +0100] "GET /templates/img/loading.gif HTTP/1.1" 200 2767 "http://www.quartier-bb.de/" "Mozilla/5.0 (Windows NT 6.1; WOW64) AppleWebKit/534+ (KHTML, like Gecko) BingPreview/1.0b"
199.30.24.199 - - [23/Jan/2015:21:30:02 +0100] "GET /templates/img/closelabel.gif HTTP/1.1" 200 649 "http://www.quartier-bb.de/" "Mozilla/5.0 (Windows NT 6.1; WOW64) AppleWebKit/534+ (KHTML, like Gecko) BingPreview/1.0b"
66.249.78.160 - - [23/Jan/2015:21:37:25 +0100] "GET /robots.txt HTTP/1.1" 404 1256 "-" "Mozilla/5.0 (compatible; Googlebot/2.1; +http://www.google.com/bot.html)"
66.249.78.167 - - [23/Jan/2015:21:37:25 +0100] "GET /?home,1 HTTP/1.1" 200 6789 "-" "Mozilla/5.0 (compatible; Googlebot/2.1; +http://www.google.com/bot.html)"
157.55.39.171 - - [23/Jan/2015:22:29:17 +0100] "GET /?impressum,15 HTTP/1.1" 200 5152 "-" "Mozilla/5.0 (iPhone; CPU iPhone OS 7_0 like Mac OS X) AppleWebKit/537.51.1 (KHTML, like Gecko) Version/7.0 Mobile/11A465 Safari/9537.53 (compatible; bingbot/2.0; http://www.bing.com/bingbot.htm)"
157.55.39.213 - - [23/Jan/2015:22:29:51 +0100] "GET /core/litebox-1.0.js HTTP/1.1" 200 15581 "-" "Mozilla/5.0 (iPhone; CPU iPhone OS 7_0 like Mac OS X) AppleWebKit/537.51.1 (KHTML, like Gecko) Version/7.0 Mobile/11A465 Safari/9537.53 (compatible; bingbot/2.0; +http://www.bing.com/bingbot.htm)"
157.55.39.213 - - [23/Jan/2015:22:29:52 +0100] "GET /core/prototype.lite.js HTTP/1.1" 200 3335 "-" "Mozilla/5.0 (iPhone; CPU iPhone OS 7_0 like Mac OS X) AppleWebKit/537.51.1 (KHTML, like Gecko) Version/7.0 Mobile/11A465 Safari/9537.53 (compatible; bingbot/2.0; +http://www.bing.com/bingbot.htm)"
207.46.13.138 - - [23/Jan/2015:22:29:56 +0100] "GET /core/common.js HTTP/1.1" 200 2364 "-" "Mozilla/5.0 (iPhone; CPU iPhone OS 7_0 like Mac OS X) AppleWebKit/537.51.1 (KHTML, like Gecko) Version/7.0 Mobile/11A465 Safari/9537.53 (compatible; bingbot/2.0; +http://www.bing.com/bingbot.htm)"
157.55.39.166 - - [23/Jan/2015:22:30:49 +0100] "GET /core/moo.fx.js HTTP/1.1" 200 3267 "-" "Mozilla/5.0 (iPhone; CPU iPhone OS 7_0 like Mac OS X) AppleWebKit/537.51.1 (KHTML, like Gecko) Version/7.0 Mobile/11A465 Safari/9537.53 (compatible; bingbot/2.0; +http://www.bing.com/bingbot.htm)"
157.55.39.166 - - [23/Jan/2015:22:30:49 +0100] "GET /core/plugins.js HTTP/1.1" 200 28 "-" "Mozilla/5.0 (iPhone; CPU iPhone OS 7_0 like Mac OS X) AppleWebKit/537.51.1 (KHTML, like Gecko) Version/7.0 Mobile/11A465 Safari/9537.53 (compatible; bingbot/2.0; +http://www.bing.com/bingbot.htm)"
157.55.39.166 - - [23/Jan/2015:22:30:49 +0100] "GET /templates/default.css HTTP/1.1" 200 7156 "-" "Mozilla/5.0 (iPhone; CPU iPhone OS 7_0 like Mac OS X) AppleWebKit/537.51.1 (KHTML, like Gecko) Version/7.0 Mobile/11A465 Safari/9537.53 (compatible; bingbot/2.0; +http://www.bing.com/bingbot.htm)"
157.55.39.141 - - [23/Jan/2015:22:45:02 +0100] "GET / HTTP/1.1" 200 6789 "-" "Mozilla/5.0 (compatible; bingbot/2.0; +http://www.bing.com/bingbot.htm)"
199.30.24.102 - - [23/Jan/2015:23:30:53 +0100] "GET /core/plugins.js HTTP/1.1" 200 28 "http://www.quartier-bb.de/?impressum,15" "Mozilla/5.0 (iPhone; CPU iPhone OS 7_0 like Mac OS X) AppleWebKit/537.51.1 (KHTML, like Gecko) Version/7.0 Mobile/11A465 Safari/9537.53 BingPreview/1.0b"
199.30.24.102 - - [23/Jan/2015:23:30:53 +0100] "GET /core/moo.fx.js HTTP/1.1" 200 3267 "http://www.quartier-bb.de/?impressum,15" "Mozilla/5.0 (iPhone; CPU iPhone OS 7_0 like Mac OS X) AppleWebKit/537.51.1 (KHTML, like Gecko) Version/7.0 Mobile/11A465 Safari/9537.53 BingPreview/1.0b"
199.30.24.102 - - [23/Jan/2015:23:30:54 +0100] "GET /templates/default.css HTTP/1.1" 200 7156 "http://www.quartier-bb.de/?impressum,15" "Mozilla/5.0 (iPhone; CPU iPhone OS 7_0 like Mac OS X) AppleWebKit/537.51.1 (KHTML, like Gecko) Version/7.0 Mobile/11A465 Safari/9537.53 BingPreview/1.0b"
199.30.24.102 - - [23/Jan/2015:23:30:54 +0100] "GET /templates/plugins.css HTTP/1.1" 200 1931 "http://www.quartier-bb.de/?impressum,15" "Mozilla/5.0 (iPhone; CPU iPhone OS 7_0 like Mac OS X) AppleWebKit/537.51.1 (KHTML, like Gecko) Version/7.0 Mobile/11A465 Safari/9537.53 BingPreview/1.0b"
77.66.121.240 - - [23/Jan/2015:23:45:39 +0100] "GET /robots.txt HTTP/1.0" 404 1256 "-" "GigablastOpenSource/1.0"
77.66.121.240 - - [23/Jan/2015:23:45:40 +0100] "GET /?unternehmen,35 HTTP/1.0" 200 5693 "-" "GigablastOpenSource/1.0"
66.249.78.160 - - [24/Jan/2015:01:55:28 +0100] "GET /?disclaimer,14 HTTP/1.1" 200 7677 "-" "Mozilla/5.0 (compatible; Googlebot/2.1; +http://www.google.com/bot.html)"
66.249.78.174 - - [24/Jan/2015:02:40:44 +0100] "GET /?unternehmen,35 HTTP/1.1" 200 5693 "-" "Mozilla/5.0 (compatible; Googlebot/2.1; +http://www.google.com/bot.html)"
66.249.78.167 - - [24/Jan/2015:03:44:33 +0100] "GET /?impressum,15 HTTP/1.1" 200 5152 "-" "Mozilla/5.0 (compatible; Googlebot/2.1; +http://www.google.com/bot.html)"
66.249.64.61 - - [24/Jan/2015:03:47:49 +0100] "GET / HTTP/1.1" 200 6789 "-" "Mozilla/5.0 (compatible; Googlebot/2.1; +http://www.google.com/bot.html)"
66.249.78.174 - - [24/Jan/2015:06:15:09 +0100] "GET /templates/default.css HTTP/1.1" 200 7156 "-" "Mozilla/5.0 (compatible; Googlebot/2.1; +http://www.google.com/bot.html)"
95.119.44.188 - - [24/Jan/2015:07:20:08 +0100] "GET /?impressum,15 HTTP/1.1" 200 5152 "-" "Mozilla/5.0 (Linux; U; Android 4.1.2; de-de; GT-I8160 Build/JZO54K) AppleWebKit/534.30 (KHTML, like Gecko) Version/4.0 Mobile Safari/534.30"
95.119.44.188 - - [24/Jan/2015:07:20:08 +0100] "GET /core/common.js HTTP/1.1" 200 2364 "http://www.quartier-bb.de/?impressum,15" "Mozilla/5.0 (Linux; U; Android 4.1.2; de-de; GT-I8160 Build/JZO54K) AppleWebKit/534.30 (KHTML, like Gecko) Version/4.0 Mobile Safari/534.30"
95.119.44.188 - - [24/Jan/2015:07:20:08 +0100] "GET /core/plugins.js HTTP/1.1" 200 28 "http://www.quartier-bb.de/?impressum,15" "Mozilla/5.0 (Linux; U; Android 4.1.2; de-de; GT-I8160 Build/JZO54K) AppleWebKit/534.30 (KHTML, like Gecko) Version/4.0 Mobile Safari/534.30"
95.119.44.188 - - [24/Jan/2015:07:20:08 +0100] "GET /core/prototype.lite.js HTTP/1.1" 200 3335 "http://www.quartier-bb.de/?impressum,15" "Mozilla/5.0 (Linux; U; Android 4.1.2; de-de; GT-I8160 Build/JZO54K) AppleWebKit/534.30 (KHTML, like Gecko) Version/4.0 Mobile Safari/534.30"
95.119.44.188 - - [24/Jan/2015:07:20:08 +0100] "GET /core/moo.fx.js HTTP/1.1" 200 3267 "http://www.quartier-bb.de/?impressum,15" "Mozilla/5.0 (Linux; U; Android 4.1.2; de-de; GT-I8160 Build/JZO54K) AppleWebKit/534.30 (KHTML, like Gecko) Version/4.0 Mobile Safari/534.30"
95.119.44.188 - - [24/Jan/2015:07:20:08 +0100] "GET /core/litebox-1.0.js HTTP/1.1" 200 15581 "http://www.quartier-bb.de/?impressum,15" "Mozilla/5.0 (Linux; U; Android 4.1.2; de-de; GT-I8160 Build/JZO54K) AppleWebKit/534.30 (KHTML, like Gecko) Version/4.0 Mobile Safari/534.30"
95.119.44.188 - - [24/Jan/2015:07:20:08 +0100] "GET /templates/default.css HTTP/1.1" 200 7156 "http://www.quartier-bb.de/?impressum,15" "Mozilla/5.0 (Linux; U; Android 4.1.2; de-de; GT-I8160 Build/JZO54K) AppleWebKit/534.30 (KHTML, like Gecko) Version/4.0 Mobile Safari/534.30"
95.119.44.188 - - [24/Jan/2015:07:20:08 +0100] "GET /templates/plugins.css HTTP/1.1" 200 1931 "http://www.quartier-bb.de/?impressum,15" "Mozilla/5.0 (Linux; U; Android 4.1.2; de-de; GT-I8160 Build/JZO54K) AppleWebKit/534.30 (KHTML, like Gecko) Version/4.0 Mobile Safari/534.30"
95.119.44.188 - - [24/Jan/2015:07:20:08 +0100] "GET /templates/img/logo.gif HTTP/1.1" 200 3859 "http://www.quartier-bb.de/?impressum,15" "Mozilla/5.0 (Linux; U; Android 4.1.2; de-de; GT-I8160 Build/JZO54K) AppleWebKit/534.30 (KHTML, like Gecko) Version/4.0 Mobile Safari/534.30"
95.119.44.188 - - [24/Jan/2015:07:20:08 +0100] "GET /templates/img/bg.jpg HTTP/1.1" 200 18814 "http://www.quartier-bb.de/?impressum,15" "Mozilla/5.0 (Linux; U; Android 4.1.2; de-de; GT-I8160 Build/JZO54K) AppleWebKit/534.30 (KHTML, like Gecko) Version/4.0 Mobile Safari/534.30"
95.119.44.188 - - [24/Jan/2015:07:20:08 +0100] "GET /templates/img/points.gif HTTP/1.1" 200 62 "http://www.quartier-bb.de/?impressum,15" "Mozilla/5.0 (Linux; U; Android 4.1.2; de-de; GT-I8160 Build/JZO54K) AppleWebKit/534.30 (KHTML, like Gecko) Version/4.0 Mobile Safari/534.30"
95.119.44.188 - - [24/Jan/2015:07:20:08 +0100] "GET /templates/img/nav.gif HTTP/1.1" 200 1501 "http://www.quartier-bb.de/?impressum,15" "Mozilla/5.0 (Linux; U; Android 4.1.2; de-de; GT-I8160 Build/JZO54K) AppleWebKit/534.30 (KHTML, like Gecko) Version/4.0 Mobile Safari/534.30"
95.119.44.188 - - [24/Jan/2015:07:20:08 +0100] "GET /templates/img/circle.png HTTP/1.1" 200 194 "http://www.quartier-bb.de/?impressum,15" "Mozilla/5.0 (Linux; U; Android 4.1.2; de-de; GT-I8160 Build/JZO54K) AppleWebKit/534.30 (KHTML, like Gecko) Version/4.0 Mobile Safari/534.30"
95.119.44.188 - - [24/Jan/2015:07:20:08 +0100] "GET /templates/img/two-columns.gif HTTP/1.1" 200 65 "http://www.quartier-bb.de/?impressum,15" "Mozilla/5.0 (Linux; U; Android 4.1.2; de-de; GT-I8160 Build/JZO54K) AppleWebKit/534.30 (KHTML, like Gecko) Version/4.0 Mobile Safari/534.30"
95.119.44.188 - - [24/Jan/2015:07:20:08 +0100] "GET /templates/img/header.png HTTP/1.1" 200 134243 "http://www.quartier-bb.de/?impressum,15" "Mozilla/5.0 (Linux; U; Android 4.1.2; de-de; GT-I8160 Build/JZO54K) AppleWebKit/534.30 (KHTML, like Gecko) Version/4.0 Mobile Safari/534.30"
95.119.44.188 - - [24/Jan/2015:07:20:09 +0100] "GET /favicon.ico HTTP/1.1" 200 2602 "http://www.quartier-bb.de/?impressum,15" "Mozilla/5.0 (Linux; U; Android 4.1.2; de-de; GT-I8160 Build/JZO54K) AppleWebKit/534.30 (KHTML, like Gecko) Version/4.0 Mobile Safari/534.30"
95.119.44.188 - - [24/Jan/2015:07:20:09 +0100] "GET /templates/img/loading.gif HTTP/1.1" 200 2767 "http://www.quartier-bb.de/?impressum,15" "Mozilla/5.0 (Linux; U; Android 4.1.2; de-de; GT-I8160 Build/JZO54K) AppleWebKit/534.30 (KHTML, like Gecko) Version/4.0 Mobile Safari/534.30"
95.119.44.188 - - [24/Jan/2015:07:20:09 +0100] "GET /templates/img/closelabel.gif HTTP/1.1" 200 649 "http://www.quartier-bb.de/?impressum,15" "Mozilla/5.0 (Linux; U; Android 4.1.2; de-de; GT-I8160 Build/JZO54K) AppleWebKit/534.30 (KHTML, like Gecko) Version/4.0 Mobile Safari/534.30"
95.119.44.188 - - [24/Jan/2015:07:20:22 +0100] "GET /?leistung,40 HTTP/1.1" 200 7044 "http://www.quartier-bb.de/?impressum,15" "Mozilla/5.0 (Linux; U; Android 4.1.2; de-de; GT-I8160 Build/JZO54K) AppleWebKit/534.30 (KHTML, like Gecko) Version/4.0 Mobile Safari/534.30"
95.119.44.188 - - [24/Jan/2015:07:20:22 +0100] "GET /files/top_left_basic.gif HTTP/1.1" 200 261 "http://www.quartier-bb.de/?leistung,40" "Mozilla/5.0 (Linux; U; Android 4.1.2; de-de; GT-I8160 Build/JZO54K) AppleWebKit/534.30 (KHTML, like Gecko) Version/4.0 Mobile Safari/534.30"
95.119.44.188 - - [24/Jan/2015:07:20:50 +0100] "GET /?unternehmen,35 HTTP/1.1" 200 5693 "http://www.quartier-bb.de/?leistung,40" "Mozilla/5.0 (Linux; U; Android 4.1.2; de-de; GT-I8160 Build/JZO54K) AppleWebKit/534.30 (KHTML, like Gecko) Version/4.0 Mobile Safari/534.30"
95.119.44.188 - - [24/Jan/2015:07:21:31 +0100] "GET /?home,1 HTTP/1.1" 200 6789 "http://www.quartier-bb.de/?unternehmen,35" "Mozilla/5.0 (Linux; U; Android 4.1.2; de-de; GT-I8160 Build/JZO54K) AppleWebKit/534.30 (KHTML, like Gecko) Version/4.0 Mobile Safari/534.30"
95.119.44.188 - - [24/Jan/2015:07:21:52 +0100] "GET /?impressum,15 HTTP/1.1" 200 5152 "http://www.quartier-bb.de/?home,1" "Mozilla/5.0 (Linux; U; Android 4.1.2; de-de; GT-I8160 Build/JZO54K) AppleWebKit/534.30 (KHTML, like Gecko) Version/4.0 Mobile Safari/534.30"
95.119.44.188 - - [24/Jan/2015:07:22:07 +0100] "GET /?home,1 HTTP/1.1" 200 6789 "http://www.quartier-bb.de/?impressum,15" "Mozilla/5.0 (Linux; U; Android 4.1.2; de-de; GT-I8160 Build/JZO54K) AppleWebKit/534.30 (KHTML, like Gecko) Version/4.0 Mobile Safari/534.30"
95.119.44.188 - - [24/Jan/2015:07:22:21 +0100] "GET /?formular,41 HTTP/1.1" 302 - "http://www.quartier-bb.de/?home,1" "Mozilla/5.0 (Linux; U; Android 4.1.2; de-de; GT-I8160 Build/JZO54K) AppleWebKit/534.30 (KHTML, like Gecko) Version/4.0 Mobile Safari/534.30"
95.119.44.188 - - [24/Jan/2015:07:22:24 +0100] "GET /templates/img/blank.gif HTTP/1.1" 200 43 "http://www.quartier-bb.de/?home,1" "Mozilla/5.0 (Linux; U; Android 4.1.2; de-de; GT-I8160 Build/JZO54K) AppleWebKit/534.30 (KHTML, like Gecko) Version/4.0 Mobile Safari/534.30"
95.119.44.188 - - [24/Jan/2015:07:22:28 +0100] "GET /?leistung,40 HTTP/1.1" 200 7044 "http://www.quartier-bb.de/?impressum,15" "Mozilla/5.0 (Linux; U; Android 4.1.2; de-de; GT-I8160 Build/JZO54K) AppleWebKit/534.30 (KHTML, like Gecko) Version/4.0 Mobile Safari/534.30"
95.119.44.188 - - [24/Jan/2015:07:22:29 +0100] "GET /?impressum,15 HTTP/1.1" 200 5152 "-" "Mozilla/5.0 (Linux; U; Android 4.1.2; de-de; GT-I8160 Build/JZO54K) AppleWebKit/534.30 (KHTML, like Gecko) Version/4.0 Mobile Safari/534.30"
209.222.8.75 - - [24/Jan/2015:07:58:16 +0100] "GET /?formular,41 HTTP/1.1" 302 - "-" "Mozilla/5.0 (compatible; AhrefsBot/5.0; +http://ahrefs.com/robot/)"
157.55.39.142 - - [24/Jan/2015:08:45:33 +0100] "GET / HTTP/1.1" 200 6789 "-" "Mozilla/5.0 (iPhone; CPU iPhone OS 7_0 like Mac OS X) AppleWebKit/537.51.1 (KHTML, like Gecko) Version/7.0 Mobile/11A465 Safari/9537.53 (compatible; bingbot/2.0; http://www.bing.com/bingbot.htm)"
65.55.210.79 - - [24/Jan/2015:08:46:06 +0100] "GET /core/litebox-1.0.js HTTP/1.1" 200 15581 "http://www.quartier-bb.de/" "Mozilla/5.0 (iPhone; CPU iPhone OS 7_0 like Mac OS X) AppleWebKit/537.51.1 (KHTML, like Gecko) Version/7.0 Mobile/11A465 Safari/9537.53 BingPreview/1.0b"
65.55.210.79 - - [24/Jan/2015:08:46:07 +0100] "GET /templates/img/bg.jpg HTTP/1.1" 200 18814 "http://www.quartier-bb.de/" "Mozilla/5.0 (iPhone; CPU iPhone OS 7_0 like Mac OS X) AppleWebKit/537.51.1 (KHTML, like Gecko) Version/7.0 Mobile/11A465 Safari/9537.53 BingPreview/1.0b"
157.55.39.141 - - [24/Jan/2015:08:52:01 +0100] "GET / HTTP/1.1" 200 6789 "-" "Mozilla/5.0 (compatible; bingbot/2.0; +http://www.bing.com/bingbot.htm)"
209.222.8.75 - - [24/Jan/2015:09:58:18 +0100] "GET / HTTP/1.1" 200 6789 "-" "Mozilla/5.0 (compatible; AhrefsBot/5.0; +http://ahrefs.com/robot/)"
66.249.78.167 - - [24/Jan/2015:10:28:29 +0100] "GET /robots.txt HTTP/1.1" 404 1256 "-" "Mozilla/5.0 (compatible; Googlebot/2.1; +http://www.google.com/bot.html)"
66.249.78.174 - - [24/Jan/2015:10:28:29 +0100] "GET /?leistung,40 HTTP/1.1" 200 7044 "-" "Mozilla/5.0 (compatible; Googlebot/2.1; +http://www.google.com/bot.html)"
66.249.64.65 - - [24/Jan/2015:10:36:04 +0100] "GET /?kontakt,8 HTTP/1.1" 200 4607 "-" "Mozilla/5.0 (compatible; Googlebot/2.1; +http://www.google.com/bot.html)"
188.165.15.138 - - [24/Jan/2015:10:36:41 +0100] "GET /?kontakt,8 HTTP/1.1" 200 4607 "-" "Mozilla/5.0 (compatible; AhrefsBot/5.0; +http://ahrefs.com/robot/)"
66.249.78.167 - - [24/Jan/2015:11:06:34 +0100] "GET / HTTP/1.1" 200 6789 "-" "Mozilla/5.0 (compatible; Googlebot/2.1; +http://www.google.com/bot.html)"
77.66.121.240 - - [24/Jan/2015:11:27:12 +0100] "GET /robots.txt HTTP/1.0" 404 1256 "-" "GigablastOpenSource/1.0"
77.66.121.240 - - [24/Jan/2015:11:27:12 +0100] "GET /?leistung,40 HTTP/1.0" 200 7044 "-" "GigablastOpenSource/1.0"
66.249.64.61 - - [24/Jan/2015:11:30:41 +0100] "GET /?impressum,15 HTTP/1.1" 200 5152 "-" "Mozilla/5.0 (compatible; Googlebot/2.1; +http://www.google.com/bot.html)"
209.222.8.75 - - [24/Jan/2015:11:35:26 +0100] "GET /?kontakt,8 HTTP/1.1" 200 4607 "-" "Mozilla/5.0 (compatible; AhrefsBot/5.0; +http://ahrefs.com/robot/)"
209.222.8.75 - - [24/Jan/2015:14:41:43 +0100] "GET /?unternehmen,35 HTTP/1.1" 200 5693 "-" "Mozilla/5.0 (compatible; AhrefsBot/5.0; +http://ahrefs.com/robot/)"
78.158.11.226 - - [24/Jan/2015:15:02:10 +0100] "GET /?leistung,40 HTTP/1.0" 200 7044 "http://www.google.com/url?sa=t&rct=j&q=www.quartier-bb.de&source=web&cd=5&ved=0CF0QFjAE&url=http:%2F%2Fwww.quartier-bb.de%2F%3Fleistung,40&cad=rja" "Lynx/2.8.5rel.1 libwww-FM/2.15FC SSL-MM/1.4.1c OpenSSL/0.9.7e-dev"
78.158.11.226 - - [24/Jan/2015:15:02:10 +0100] "GET /?leistung,40/?kontakt,8 HTTP/1.0" 200 6789 "http://www.quartier-bb.de/?leistung,40" "Lynx/2.8.5rel.1 libwww-FM/2.15FC SSL-MM/1.4.1c OpenSSL/0.9.7e-dev"
78.158.11.226 - - [24/Jan/2015:15:02:10 +0100] "GET / HTTP/1.0" 200 6789 "http://www.quartier-bb.de/?leistung,40" "Lynx/2.8.5rel.1 libwww-FM/2.15FC SSL-MM/1.4.1c OpenSSL/0.9.7e-dev"
87.142.97.249 - - [24/Jan/2015:16:15:53 +0100] "GET / HTTP/1.1" 200 6789 "http://www.google.de/url?sa=t&rct=j&q=&esrc=s&source=web&cd=11&ved=0CHYQFjAK&url=http%3A%2F%2Fwww.quartier-bb.de%2F&ei=DbfDVLbzGYOU7AbM9oCABw&usg=AFQjCNEFLg6-MxlwLCq_OMSmI5Dx4hlaww&bvm=bv.84349003,d.ZWU" "Mozilla/5.0 (Windows NT 6.0; rv:35.0) Gecko/20100101 Firefox/35.0"
87.142.97.249 - - [24/Jan/2015:16:15:53 +0100] "GET /core/common.js HTTP/1.1" 200 2364 "http://www.quartier-bb.de/" "Mozilla/5.0 (Windows NT 6.0; rv:35.0) Gecko/20100101 Firefox/35.0"
87.142.97.249 - - [24/Jan/2015:16:15:53 +0100] "GET /core/plugins.js HTTP/1.1" 200 28 "http://www.quartier-bb.de/" "Mozilla/5.0 (Windows NT 6.0; rv:35.0) Gecko/20100101 Firefox/35.0"
87.142.97.249 - - [24/Jan/2015:16:15:53 +0100] "GET /core/prototype.lite.js HTTP/1.1" 200 3335 "http://www.quartier-bb.de/" "Mozilla/5.0 (Windows NT 6.0; rv:35.0) Gecko/20100101 Firefox/35.0"
87.142.97.249 - - [24/Jan/2015:16:15:53 +0100] "GET /core/moo.fx.js HTTP/1.1" 200 3267 "http://www.quartier-bb.de/" "Mozilla/5.0 (Windows NT 6.0; rv:35.0) Gecko/20100101 Firefox/35.0"
87.142.97.249 - - [24/Jan/2015:16:15:53 +0100] "GET /core/litebox-1.0.js HTTP/1.1" 200 15581 "http://www.quartier-bb.de/" "Mozilla/5.0 (Windows NT 6.0; rv:35.0) Gecko/20100101 Firefox/35.0"
87.142.97.249 - - [24/Jan/2015:16:15:53 +0100] "GET /favicon.ico HTTP/1.1" 200 2602 "-" "Mozilla/5.0 (Windows NT 6.0; rv:35.0) Gecko/20100101 Firefox/35.0"
87.142.97.249 - - [24/Jan/2015:16:15:53 +0100] "GET /files/top_left_basic.gif HTTP/1.1" 200 261 "http://www.quartier-bb.de/" "Mozilla/5.0 (Windows NT 6.0; rv:35.0) Gecko/20100101 Firefox/35.0"
87.142.97.249 - - [24/Jan/2015:16:15:53 +0100] "GET /templates/img/logo.gif HTTP/1.1" 200 3859 "http://www.quartier-bb.de/" "Mozilla/5.0 (Windows NT 6.0; rv:35.0) Gecko/20100101 Firefox/35.0"
87.142.97.249 - - [24/Jan/2015:16:15:53 +0100] "GET /templates/default.css HTTP/1.1" 200 7156 "http://www.quartier-bb.de/" "Mozilla/5.0 (Windows NT 6.0; rv:35.0) Gecko/20100101 Firefox/35.0"
87.142.97.249 - - [24/Jan/2015:16:15:53 +0100] "GET /templates/plugins.css HTTP/1.1" 200 1931 "http://www.quartier-bb.de/templates/default.css" "Mozilla/5.0 (Windows NT 6.0; rv:35.0) Gecko/20100101 Firefox/35.0"
87.142.97.249 - - [24/Jan/2015:16:15:53 +0100] "GET /templates/img/points.gif HTTP/1.1" 200 62 "http://www.quartier-bb.de/templates/default.css" "Mozilla/5.0 (Windows NT 6.0; rv:35.0) Gecko/20100101 Firefox/35.0"
87.142.97.249 - - [24/Jan/2015:16:15:53 +0100] "GET /templates/img/two-columns.gif HTTP/1.1" 200 65 "http://www.quartier-bb.de/templates/default.css" "Mozilla/5.0 (Windows NT 6.0; rv:35.0) Gecko/20100101 Firefox/35.0"
87.142.97.249 - - [24/Jan/2015:16:15:53 +0100] "GET /templates/img/nav.gif HTTP/1.1" 200 1501 "http://www.quartier-bb.de/templates/default.css" "Mozilla/5.0 (Windows NT 6.0; rv:35.0) Gecko/20100101 Firefox/35.0"
87.142.97.249 - - [24/Jan/2015:16:15:53 +0100] "GET /templates/img/circle.png HTTP/1.1" 200 194 "http://www.quartier-bb.de/templates/default.css" "Mozilla/5.0 (Windows NT 6.0; rv:35.0) Gecko/20100101 Firefox/35.0"
87.142.97.249 - - [24/Jan/2015:16:15:53 +0100] "GET /templates/img/bg.jpg HTTP/1.1" 200 18814 "http://www.quartier-bb.de/templates/default.css" "Mozilla/5.0 (Windows NT 6.0; rv:35.0) Gecko/20100101 Firefox/35.0"
87.142.97.249 - - [24/Jan/2015:16:15:53 +0100] "GET /templates/img/header.png HTTP/1.1" 200 134243 "http://www.quartier-bb.de/templates/default.css" "Mozilla/5.0 (Windows NT 6.0; rv:35.0) Gecko/20100101 Firefox/35.0"
87.142.97.249 - - [24/Jan/2015:16:15:54 +0100] "GET /templates/img/loading.gif HTTP/1.1" 200 2767 "http://www.quartier-bb.de/" "Mozilla/5.0 (Windows NT 6.0; rv:35.0) Gecko/20100101 Firefox/35.0"
87.142.97.249 - - [24/Jan/2015:16:15:54 +0100] "GET /templates/img/closelabel.gif HTTP/1.1" 200 649 "http://www.quartier-bb.de/" "Mozilla/5.0 (Windows NT 6.0; rv:35.0) Gecko/20100101 Firefox/35.0"
157.55.39.142 - - [24/Jan/2015:19:57:13 +0100] "GET / HTTP/1.1" 200 6789 "-" "Mozilla/5.0 (compatible; bingbot/2.0; +http://www.bing.com/bingbot.htm)"
157.55.39.142 - - [24/Jan/2015:20:18:54 +0100] "GET / HTTP/1.1" 200 6789 "-" "Mozilla/5.0 (compatible; bingbot/2.0; +http://www.bing.com/bingbot.htm)"
111.13.102.132 - - [24/Jan/2015:21:31:03 +0100] "GET /robots.txt HTTP/1.1" 404 1256 "-" "Mozilla/5.0 (Windows NT 5.1; rv:6.0.2) Gecko/20100101 Firefox/6.0.2"
123.125.71.114 - - [24/Jan/2015:21:35:13 +0100] "GET / HTTP/1.1" 200 6789 "-" "Mozilla/5.0 (compatible; Baiduspider/2.0; +http://www.baidu.com/search/spider.html)"
123.125.71.27 - - [24/Jan/2015:21:41:37 +0100] "GET /core/common.js HTTP/1.1" 200 2364 "http://www.quartier-bb.de/" "Mozilla/5.0 (compatible; Baiduspider/2.0; +http://www.baidu.com/search/spider.html)"
123.125.71.29 - - [24/Jan/2015:21:41:41 +0100] "GET /core/plugins.js HTTP/1.1" 200 28 "http://www.quartier-bb.de/" "Mozilla/5.0 (compatible; Baiduspider/2.0; +http://www.baidu.com/search/spider.html)"
123.125.71.19 - - [24/Jan/2015:21:41:42 +0100] "GET /core/prototype.lite.js HTTP/1.1" 200 3335 "http://www.quartier-bb.de/" "Mozilla/5.0 (compatible; Baiduspider/2.0; +http://www.baidu.com/search/spider.html)"
123.125.71.22 - - [24/Jan/2015:21:41:43 +0100] "GET /core/moo.fx.js HTTP/1.1" 200 3267 "http://www.quartier-bb.de/" "Mozilla/5.0 (compatible; Baiduspider/2.0; +http://www.baidu.com/search/spider.html)"
123.125.71.34 - - [24/Jan/2015:21:41:44 +0100] "GET /core/litebox-1.0.js HTTP/1.1" 200 15581 "http://www.quartier-bb.de/" "Mozilla/5.0 (compatible; Baiduspider/2.0; +http://www.baidu.com/search/spider.html)"
123.125.71.60 - - [24/Jan/2015:21:41:46 +0100] "GET /templates/default.css HTTP/1.1" 200 7156 "http://www.quartier-bb.de/" "Mozilla/5.0 (compatible; Baiduspider/2.0; +http://www.baidu.com/search/spider.html)"
123.125.71.14 - - [24/Jan/2015:21:41:47 +0100] "GET /templates/plugins.css HTTP/1.1" 200 1931 "http://www.quartier-bb.de/" "Mozilla/5.0 (compatible; Baiduspider/2.0; +http://www.baidu.com/search/spider.html)"
136.243.14.166 - - [24/Jan/2015:21:59:26 +0100] "GET /robots.txt HTTP/1.1" 404 1256 "-" "Mozilla/5.0 (compatible; AdvBot/2.0; +http://advbot.net/bot.html)"
136.243.14.166 - - [24/Jan/2015:21:59:32 +0100] "GET / HTTP/1.1" 200 6789 "-" "Mozilla/5.0 (compatible; AdvBot/2.0; +http://advbot.net/bot.html)"
136.243.14.166 - - [24/Jan/2015:21:59:36 +0100] "GET /?disclaimer%2C14 HTTP/1.1" 200 7677 "-" "Mozilla/5.0 (compatible; AdvBot/2.0; +http://advbot.net/bot.html)"
136.243.14.166 - - [24/Jan/2015:21:59:40 +0100] "GET /?unternehmen%2C35 HTTP/1.1" 200 5693 "-" "Mozilla/5.0 (compatible; AdvBot/2.0; +http://advbot.net/bot.html)"
136.243.14.166 - - [24/Jan/2015:21:59:42 +0100] "GET /?home%2C1 HTTP/1.1" 200 6789 "-" "Mozilla/5.0 (compatible; AdvBot/2.0; +http://advbot.net/bot.html)"
136.243.14.166 - - [24/Jan/2015:21:59:47 +0100] "GET /?kontakt%2C8 HTTP/1.1" 200 4607 "-" "Mozilla/5.0 (compatible; AdvBot/2.0; +http://advbot.net/bot.html)"
136.243.14.166 - - [24/Jan/2015:21:59:50 +0100] "GET /?leistung%2C40 HTTP/1.1" 200 7044 "-" "Mozilla/5.0 (compatible; AdvBot/2.0; +http://advbot.net/bot.html)"
136.243.14.166 - - [24/Jan/2015:21:59:52 +0100] "GET /?formular%2C41 HTTP/1.1" 302 - "-" "Mozilla/5.0 (compatible; AdvBot/2.0; +http://advbot.net/bot.html)"
136.243.14.166 - - [24/Jan/2015:21:59:54 +0100] "GET /?impressum%2C15 HTTP/1.1" 200 5152 "-" "Mozilla/5.0 (compatible; AdvBot/2.0; +http://advbot.net/bot.html)"
208.115.111.75 - - [24/Jan/2015:22:01:16 +0100] "GET /robots.txt HTTP/1.1" 404 1256 "-" "Mozilla/5.0 (compatible; DotBot/1.1; http://www.opensiteexplorer.org/dotbot, help@moz.com)"
208.115.111.75 - - [24/Jan/2015:23:19:05 +0100] "GET /?impressum,15 HTTP/1.1" 200 5152 "-" "Mozilla/5.0 (compatible; DotBot/1.1; http://www.opensiteexplorer.org/dotbot, help@moz.com)"
157.55.39.142 - - [25/Jan/2015:10:24:12 +0100] "GET /robots.txt HTTP/1.1" 404 1256 "-" "Mozilla/5.0 (compatible; bingbot/2.0; +http://www.bing.com/bingbot.htm)"
66.249.78.160 - - [25/Jan/2015:11:23:01 +0100] "GET /robots.txt HTTP/1.1" 404 1256 "-" "Mozilla/5.0 (compatible; Googlebot/2.1; +http://www.google.com/bot.html)"
66.249.64.57 - - [25/Jan/2015:11:23:01 +0100] "GET / HTTP/1.1" 200 6789 "-" "DoCoMo/2.0 N905i(c100;TB;W24H16) (compatible; Googlebot-Mobile/2.1; +http://www.google.com/bot.html)"
208.115.111.75 - - [25/Jan/2015:18:01:23 +0100] "GET /robots.txt HTTP/1.1" 404 1256 "-" "Mozilla/5.0 (compatible; DotBot/1.1; http://www.opensiteexplorer.org/dotbot, help@moz.com)"
208.115.111.75 - - [25/Jan/2015:19:17:58 +0100] "GET /?kontakt,8 HTTP/1.1" 200 4607 "-" "Mozilla/5.0 (compatible; DotBot/1.1; http://www.opensiteexplorer.org/dotbot, help@moz.com)"
157.55.39.142 - - [26/Jan/2015:01:22:13 +0100] "GET /robots.txt HTTP/1.1" 404 1256 "-" "Mozilla/5.0 (compatible; bingbot/2.0; +http://www.bing.com/bingbot.htm)"
208.115.113.91 - - [26/Jan/2015:04:03:43 +0100] "GET /robots.txt HTTP/1.1" 404 1256 "-" "Mozilla/5.0 (compatible; DotBot/1.1; http://www.opensiteexplorer.org/dotbot, help@moz.com)"
208.115.113.91 - - [26/Jan/2015:05:19:15 +0100] "GET / HTTP/1.1" 200 6789 "-" "Mozilla/5.0 (compatible; DotBot/1.1; http://www.opensiteexplorer.org/dotbot, help@moz.com)"
141.8.147.12 - - [26/Jan/2015:06:47:12 +0100] "GET /robots.txt HTTP/1.1" 404 1256 "-" "Mozilla/5.0 (compatible; YandexBot/3.0; +http://yandex.com/bots)"
66.249.78.174 - - [26/Jan/2015:07:20:00 +0100] "GET /robots.txt HTTP/1.1" 404 1256 "-" "Mozilla/5.0 (compatible; Googlebot/2.1; +http://www.google.com/bot.html)"
66.249.64.57 - - [26/Jan/2015:07:20:00 +0100] "GET / HTTP/1.1" 200 6789 "-" "Mozilla/5.0 (iPhone; CPU iPhone OS 6_0 like Mac OS X) AppleWebKit/536.26 (KHTML, like Gecko) Version/6.0 Mobile/10A5376e Safari/8536.25 (compatible; Googlebot/2.1; +http://www.google.com/bot.html)"
157.55.39.166 - - [26/Jan/2015:07:48:26 +0100] "GET /robots.txt HTTP/1.1" 404 1256 "-" "Mozilla/5.0 (compatible; bingbot/2.0; +http://www.bing.com/bingbot.htm)"
83.236.159.138 - - [26/Jan/2015:09:00:54 +0100] "GET /?impressum,15 HTTP/1.1" 200 5152 "http://www.google.de/url?sa=t&rct=j&q=&esrc=s&source=web&cd=5&sqi=2&ved=0CDUQFjAE&url=http%3A%2F%2Fwww.quartier-bb.de%2F%3Fimpressum%2C15&ei=y_PFVOqDK8TmUtqzgZAO&usg=AFQjCNF7-oIEfhfNqJyTgASGff9SY4adgw" "Mozilla/5.0 (Windows NT 6.1; WOW64; rv:35.0) Gecko/20100101 Firefox/35.0"
83.236.159.138 - - [26/Jan/2015:09:00:55 +0100] "GET /core/common.js HTTP/1.1" 200 2364 "http://www.quartier-bb.de/?impressum,15" "Mozilla/5.0 (Windows NT 6.1; WOW64; rv:35.0) Gecko/20100101 Firefox/35.0"
83.236.159.138 - - [26/Jan/2015:09:00:55 +0100] "GET /core/plugins.js HTTP/1.1" 200 28 "http://www.quartier-bb.de/?impressum,15" "Mozilla/5.0 (Windows NT 6.1; WOW64; rv:35.0) Gecko/20100101 Firefox/35.0"
83.236.159.138 - - [26/Jan/2015:09:00:55 +0100] "GET /core/prototype.lite.js HTTP/1.1" 200 3335 "http://www.quartier-bb.de/?impressum,15" "Mozilla/5.0 (Windows NT 6.1; WOW64; rv:35.0) Gecko/20100101 Firefox/35.0"
83.236.159.138 - - [26/Jan/2015:09:00:55 +0100] "GET /core/moo.fx.js HTTP/1.1" 200 3267 "http://www.quartier-bb.de/?impressum,15" "Mozilla/5.0 (Windows NT 6.1; WOW64; rv:35.0) Gecko/20100101 Firefox/35.0"
83.236.159.138 - - [26/Jan/2015:09:00:55 +0100] "GET /favicon.ico HTTP/1.1" 200 2602 "-" "Mozilla/5.0 (Windows NT 6.1; WOW64; rv:35.0) Gecko/20100101 Firefox/35.0"
83.236.159.138 - - [26/Jan/2015:09:00:55 +0100] "GET /core/litebox-1.0.js HTTP/1.1" 200 15581 "http://www.quartier-bb.de/?impressum,15" "Mozilla/5.0 (Windows NT 6.1; WOW64; rv:35.0) Gecko/20100101 Firefox/35.0"
83.236.159.138 - - [26/Jan/2015:09:00:55 +0100] "GET /templates/img/logo.gif HTTP/1.1" 200 3859 "http://www.quartier-bb.de/?impressum,15" "Mozilla/5.0 (Windows NT 6.1; WOW64; rv:35.0) Gecko/20100101 Firefox/35.0"
83.236.159.138 - - [26/Jan/2015:09:00:55 +0100] "GET /templates/default.css HTTP/1.1" 200 7156 "http://www.quartier-bb.de/?impressum,15" "Mozilla/5.0 (Windows NT 6.1; WOW64; rv:35.0) Gecko/20100101 Firefox/35.0"
83.236.159.138 - - [26/Jan/2015:09:00:55 +0100] "GET /templates/plugins.css HTTP/1.1" 200 1931 "http://www.quartier-bb.de/templates/default.css" "Mozilla/5.0 (Windows NT 6.1; WOW64; rv:35.0) Gecko/20100101 Firefox/35.0"
83.236.159.138 - - [26/Jan/2015:09:00:55 +0100] "GET /templates/img/points.gif HTTP/1.1" 200 62 "http://www.quartier-bb.de/templates/default.css" "Mozilla/5.0 (Windows NT 6.1; WOW64; rv:35.0) Gecko/20100101 Firefox/35.0"
83.236.159.138 - - [26/Jan/2015:09:00:55 +0100] "GET /templates/img/nav.gif HTTP/1.1" 200 1501 "http://www.quartier-bb.de/templates/default.css" "Mozilla/5.0 (Windows NT 6.1; WOW64; rv:35.0) Gecko/20100101 Firefox/35.0"
83.236.159.138 - - [26/Jan/2015:09:00:55 +0100] "GET /templates/img/two-columns.gif HTTP/1.1" 200 65 "http://www.quartier-bb.de/templates/default.css" "Mozilla/5.0 (Windows NT 6.1; WOW64; rv:35.0) Gecko/20100101 Firefox/35.0"
83.236.159.138 - - [26/Jan/2015:09:00:55 +0100] "GET /templates/img/circle.png HTTP/1.1" 200 194 "http://www.quartier-bb.de/templates/default.css" "Mozilla/5.0 (Windows NT 6.1; WOW64; rv:35.0) Gecko/20100101 Firefox/35.0"
83.236.159.138 - - [26/Jan/2015:09:00:55 +0100] "GET /templates/img/bg.jpg HTTP/1.1" 200 18814 "http://www.quartier-bb.de/templates/default.css" "Mozilla/5.0 (Windows NT 6.1; WOW64; rv:35.0) Gecko/20100101 Firefox/35.0"
83.236.159.138 - - [26/Jan/2015:09:00:55 +0100] "GET /templates/img/header.png HTTP/1.1" 200 134243 "http://www.quartier-bb.de/templates/default.css" "Mozilla/5.0 (Windows NT 6.1; WOW64; rv:35.0) Gecko/20100101 Firefox/35.0"
83.236.159.138 - - [26/Jan/2015:09:00:56 +0100] "GET /templates/img/loading.gif HTTP/1.1" 200 2767 "http://www.quartier-bb.de/?impressum,15" "Mozilla/5.0 (Windows NT 6.1; WOW64; rv:35.0) Gecko/20100101 Firefox/35.0"
83.236.159.138 - - [26/Jan/2015:09:00:56 +0100] "GET /templates/img/closelabel.gif HTTP/1.1" 200 649 "http://www.quartier-bb.de/?impressum,15" "Mozilla/5.0 (Windows NT 6.1; WOW64; rv:35.0) Gecko/20100101 Firefox/35.0"
83.236.159.138 - - [26/Jan/2015:09:01:00 +0100] "GET /?unternehmen,35 HTTP/1.1" 200 5693 "http://www.quartier-bb.de/?impressum,15" "Mozilla/5.0 (Windows NT 6.1; WOW64; rv:35.0) Gecko/20100101 Firefox/35.0"
83.236.159.138 - - [26/Jan/2015:09:01:06 +0100] "GET /?leistung,40 HTTP/1.1" 200 7044 "http://www.quartier-bb.de/?unternehmen,35" "Mozilla/5.0 (Windows NT 6.1; WOW64; rv:35.0) Gecko/20100101 Firefox/35.0"
83.236.159.138 - - [26/Jan/2015:09:01:06 +0100] "GET /files/top_left_basic.gif HTTP/1.1" 200 261 "http://www.quartier-bb.de/?leistung,40" "Mozilla/5.0 (Windows NT 6.1; WOW64; rv:35.0) Gecko/20100101 Firefox/35.0"
83.236.159.138 - - [26/Jan/2015:09:01:07 +0100] "GET /?home,1 HTTP/1.1" 200 6789 "http://www.quartier-bb.de/?leistung,40" "Mozilla/5.0 (Windows NT 6.1; WOW64; rv:35.0) Gecko/20100101 Firefox/35.0"
87.123.97.209 - - [26/Jan/2015:09:28:35 +0100] "GET / HTTP/1.1" 200 6789 "http://www.google.de/url?sa=t&rct=j&q=&esrc=s&source=web&cd=1&ved=0CC8QFjAA&url=http%3A%2F%2Fwww.quartier-bb.de%2F&ei=ofrFVKf6CMf9ygPTr4HwCw&usg=AFQjCNEFLg6-MxlwLCq_OMSmI5Dx4hlaww&bvm=bv.84349003,d.bGQ" "Mozilla/5.0 (Windows NT 6.1; WOW64; rv:35.0) Gecko/20100101 Firefox/35.0"
87.123.97.209 - - [26/Jan/2015:09:28:35 +0100] "GET /core/common.js HTTP/1.1" 200 2364 "http://www.quartier-bb.de/" "Mozilla/5.0 (Windows NT 6.1; WOW64; rv:35.0) Gecko/20100101 Firefox/35.0"
87.123.97.209 - - [26/Jan/2015:09:28:35 +0100] "GET /core/plugins.js HTTP/1.1" 200 28 "http://www.quartier-bb.de/" "Mozilla/5.0 (Windows NT 6.1; WOW64; rv:35.0) Gecko/20100101 Firefox/35.0"
87.123.97.209 - - [26/Jan/2015:09:28:35 +0100] "GET /core/prototype.lite.js HTTP/1.1" 200 3335 "http://www.quartier-bb.de/" "Mozilla/5.0 (Windows NT 6.1; WOW64; rv:35.0) Gecko/20100101 Firefox/35.0"
87.123.97.209 - - [26/Jan/2015:09:28:35 +0100] "GET /core/moo.fx.js HTTP/1.1" 200 3267 "http://www.quartier-bb.de/" "Mozilla/5.0 (Windows NT 6.1; WOW64; rv:35.0) Gecko/20100101 Firefox/35.0"
87.123.97.209 - - [26/Jan/2015:09:28:35 +0100] "GET /core/litebox-1.0.js HTTP/1.1" 200 15581 "http://www.quartier-bb.de/" "Mozilla/5.0 (Windows NT 6.1; WOW64; rv:35.0) Gecko/20100101 Firefox/35.0"
87.123.97.209 - - [26/Jan/2015:09:28:35 +0100] "GET /favicon.ico HTTP/1.1" 200 2602 "-" "Mozilla/5.0 (Windows NT 6.1; WOW64; rv:35.0) Gecko/20100101 Firefox/35.0"
87.123.97.209 - - [26/Jan/2015:09:28:35 +0100] "GET /templates/img/logo.gif HTTP/1.1" 200 3859 "http://www.quartier-bb.de/" "Mozilla/5.0 (Windows NT 6.1; WOW64; rv:35.0) Gecko/20100101 Firefox/35.0"
87.123.97.209 - - [26/Jan/2015:09:28:35 +0100] "GET /files/top_left_basic.gif HTTP/1.1" 200 261 "http://www.quartier-bb.de/" "Mozilla/5.0 (Windows NT 6.1; WOW64; rv:35.0) Gecko/20100101 Firefox/35.0"
87.123.97.209 - - [26/Jan/2015:09:28:35 +0100] "GET /templates/default.css HTTP/1.1" 200 7156 "http://www.quartier-bb.de/" "Mozilla/5.0 (Windows NT 6.1; WOW64; rv:35.0) Gecko/20100101 Firefox/35.0"
87.123.97.209 - - [26/Jan/2015:09:28:35 +0100] "GET /templates/plugins.css HTTP/1.1" 200 1931 "http://www.quartier-bb.de/templates/default.css" "Mozilla/5.0 (Windows NT 6.1; WOW64; rv:35.0) Gecko/20100101 Firefox/35.0"
87.123.97.209 - - [26/Jan/2015:09:28:35 +0100] "GET /templates/img/bg.jpg HTTP/1.1" 200 18814 "http://www.quartier-bb.de/templates/default.css" "Mozilla/5.0 (Windows NT 6.1; WOW64; rv:35.0) Gecko/20100101 Firefox/35.0"
87.123.97.209 - - [26/Jan/2015:09:28:35 +0100] "GET /templates/img/points.gif HTTP/1.1" 200 62 "http://www.quartier-bb.de/templates/default.css" "Mozilla/5.0 (Windows NT 6.1; WOW64; rv:35.0) Gecko/20100101 Firefox/35.0"
87.123.97.209 - - [26/Jan/2015:09:28:35 +0100] "GET /templates/img/nav.gif HTTP/1.1" 200 1501 "http://www.quartier-bb.de/templates/default.css" "Mozilla/5.0 (Windows NT 6.1; WOW64; rv:35.0) Gecko/20100101 Firefox/35.0"
87.123.97.209 - - [26/Jan/2015:09:28:35 +0100] "GET /templates/img/two-columns.gif HTTP/1.1" 200 65 "http://www.quartier-bb.de/templates/default.css" "Mozilla/5.0 (Windows NT 6.1; WOW64; rv:35.0) Gecko/20100101 Firefox/35.0"
87.123.97.209 - - [26/Jan/2015:09:28:35 +0100] "GET /templates/img/circle.png HTTP/1.1" 200 194 "http://www.quartier-bb.de/templates/default.css" "Mozilla/5.0 (Windows NT 6.1; WOW64; rv:35.0) Gecko/20100101 Firefox/35.0"
87.123.97.209 - - [26/Jan/2015:09:28:35 +0100] "GET /templates/img/header.png HTTP/1.1" 200 134243 "http://www.quartier-bb.de/templates/default.css" "Mozilla/5.0 (Windows NT 6.1; WOW64; rv:35.0) Gecko/20100101 Firefox/35.0"
87.123.97.209 - - [26/Jan/2015:09:28:36 +0100] "GET /templates/img/loading.gif HTTP/1.1" 200 2767 "http://www.quartier-bb.de/" "Mozilla/5.0 (Windows NT 6.1; WOW64; rv:35.0) Gecko/20100101 Firefox/35.0"
87.123.97.209 - - [26/Jan/2015:09:28:36 +0100] "GET /templates/img/closelabel.gif HTTP/1.1" 200 649 "http://www.quartier-bb.de/" "Mozilla/5.0 (Windows NT 6.1; WOW64; rv:35.0) Gecko/20100101 Firefox/35.0"
87.123.97.209 - - [26/Jan/2015:09:28:43 +0100] "GET /?kontakt,8 HTTP/1.1" 200 4607 "http://www.quartier-bb.de/" "Mozilla/5.0 (Windows NT 6.1; WOW64; rv:35.0) Gecko/20100101 Firefox/35.0"
87.123.97.209 - - [26/Jan/2015:09:28:59 +0100] "GET /?impressum,15 HTTP/1.1" 200 5152 "http://www.quartier-bb.de/?kontakt,8" "Mozilla/5.0 (Windows NT 6.1; WOW64; rv:35.0) Gecko/20100101 Firefox/35.0"
87.123.97.209 - - [26/Jan/2015:09:29:11 +0100] "GET /?kontakt,8 HTTP/1.1" 200 4607 "http://www.quartier-bb.de/?impressum,15" "Mozilla/5.0 (Windows NT 6.1; WOW64; rv:35.0) Gecko/20100101 Firefox/35.0"
87.210.198.53 - - [26/Jan/2015:10:19:22 +0100] "GET / HTTP/1.1" 200 6789 "-" "Java/1.7.0_45"
87.210.198.53 - - [26/Jan/2015:10:19:22 +0100] "GET /? HTTP/1.1" 200 6789 "-" "Java/1.7.0_45"
87.210.198.53 - - [26/Jan/2015:10:19:23 +0100] "GET /core/common.js HTTP/1.1" 200 2364 "-" "Java/1.7.0_45"
87.210.198.53 - - [26/Jan/2015:10:19:24 +0100] "GET /core/litebox-1.0.js HTTP/1.1" 200 15581 "-" "Java/1.7.0_45"
87.210.198.53 - - [26/Jan/2015:10:19:24 +0100] "GET /core/moo.fx.js HTTP/1.1" 200 3267 "-" "Java/1.7.0_45"
87.210.198.53 - - [26/Jan/2015:10:19:25 +0100] "GET /core/plugins.js HTTP/1.1" 200 28 "-" "Java/1.7.0_45"
87.210.198.53 - - [26/Jan/2015:10:19:25 +0100] "GET /core/prototype.lite.js HTTP/1.1" 200 3335 "-" "Java/1.7.0_45"
87.210.198.53 - - [26/Jan/2015:10:19:25 +0100] "GET //? HTTP/1.1" 200 6789 "-" "Java/1.7.0_45"
87.210.198.53 - - [26/Jan/2015:10:19:26 +0100] "GET //core/common.js HTTP/1.1" 200 2364 "-" "Java/1.7.0_45"
87.210.198.53 - - [26/Jan/2015:10:19:27 +0100] "GET //core/litebox-1.0.js HTTP/1.1" 200 15581 "-" "Java/1.7.0_45"
87.210.198.53 - - [26/Jan/2015:10:19:27 +0100] "GET //core/moo.fx.js HTTP/1.1" 200 3267 "-" "Java/1.7.0_45"
87.210.198.53 - - [26/Jan/2015:10:19:28 +0100] "GET //core/plugins.js HTTP/1.1" 200 28 "-" "Java/1.7.0_45"
87.210.198.53 - - [26/Jan/2015:10:19:29 +0100] "GET //core/prototype.lite.js HTTP/1.1" 200 3335 "-" "Java/1.7.0_45"
141.8.147.12 - - [26/Jan/2015:10:37:40 +0100] "GET /?home,1 HTTP/1.1" 200 6789 "-" "Mozilla/5.0 (compatible; YandexBot/3.0; +http://yandex.com/bots)"
157.55.39.143 - - [26/Jan/2015:11:54:57 +0100] "GET / HTTP/1.1" 200 6789 "-" "Mozilla/5.0 (compatible; bingbot/2.0; +http://www.bing.com/bingbot.htm)"
141.8.147.12 - - [26/Jan/2015:13:20:13 +0100] "GET / HTTP/1.1" 200 6789 "-" "Mozilla/5.0 (compatible; YandexBot/3.0; +http://yandex.com/bots)"
173.208.177.59 - - [26/Jan/2015:14:49:59 +0100] "HEAD /administrator/index.php HTTP/1.1" 404 - "-" "-"
157.55.39.166 - - [26/Jan/2015:20:27:51 +0100] "GET /robots.txt HTTP/1.1" 404 1256 "-" "Mozilla/5.0 (compatible; bingbot/2.0; +http://www.bing.com/bingbot.htm)"
157.55.39.142 - - [26/Jan/2015:20:28:25 +0100] "GET / HTTP/1.1" 200 6789 "-" "Mozilla/5.0 (compatible; bingbot/2.0; +http://www.bing.com/bingbot.htm)"
72.46.136.178 - - [26/Jan/2015:20:29:44 +0100] "GET / HTTP/1.1" 200 6789 "-" "Mozilla/4.0 (compatible; MSIE 6.0; Windows NT 5.1; SV1; Mozilla/4.0 (compatible; MSIE 6.0; Windows NT 5.1; SV1) )"
209.222.8.75 - - [26/Jan/2015:23:55:05 +0100] "GET /?home,1 HTTP/1.1" 200 6789 "-" "Mozilla/5.0 (compatible; AhrefsBot/5.0; +http://ahrefs.com/robot/)"
66.249.78.174 - - [27/Jan/2015:00:05:03 +0100] "GET /robots.txt HTTP/1.1" 404 1256 "-" "Mozilla/5.0 (compatible; Googlebot/2.1; +http://www.google.com/bot.html)"
66.249.78.160 - - [27/Jan/2015:00:05:03 +0100] "GET / HTTP/1.1" 200 6789 "-" "Mozilla/5.0 (compatible; Googlebot/2.1; +http://www.google.com/bot.html)"
66.249.78.174 - - [27/Jan/2015:00:08:03 +0100] "GET /templates/plugins.css HTTP/1.1" 200 1931 "-" "Mozilla/5.0 (compatible; Googlebot/2.1; +http://www.google.com/bot.html)"
157.55.39.171 - - [27/Jan/2015:01:12:31 +0100] "GET /?impressum,15 HTTP/1.1" 200 5152 "-" "Mozilla/5.0 (iPhone; CPU iPhone OS 7_0 like Mac OS X) AppleWebKit/537.51.1 (KHTML, like Gecko) Version/7.0 Mobile/11A465 Safari/9537.53 (compatible; bingbot/2.0; http://www.bing.com/bingbot.htm)"
157.55.39.141 - - [27/Jan/2015:01:12:36 +0100] "GET /robots.txt HTTP/1.1" 404 1256 "-" "Mozilla/5.0 (compatible; bingbot/2.0; +http://www.bing.com/bingbot.htm)"
