222.84.5.149 - - [01/Nov/2014:00:34:37 +0100] "GET /Fckeditor/editor/filemanager/browser/default/connectors/test.html HTTP/1.1" 404 1256 "-" "Mozilla/4.0 (compatible; Win32; WinHttp.WinHttpRequest.5)"
222.84.5.149 - - [01/Nov/2014:00:34:37 +0100] "GET /FCKeditor/editor/filemanager/connectors/test.html HTTP/1.1" 404 1256 "-" "Mozilla/4.0 (compatible; Win32; WinHttp.WinHttpRequest.5)"
222.84.5.149 - - [01/Nov/2014:00:34:37 +0100] "GET /admin/Fckeditor/editor/filemanager/browser/default/connectors/test.html HTTP/1.1" 404 1256 "-" "Mozilla/4.0 (compatible; Win32; WinHttp.WinHttpRequest.5)"
222.84.5.149 - - [01/Nov/2014:00:34:38 +0100] "GET /admin/FCKeditor/editor/filemanager/connectors/test.html HTTP/1.1" 404 1256 "-" "Mozilla/4.0 (compatible; Win32; WinHttp.WinHttpRequest.5)"
222.84.5.149 - - [01/Nov/2014:00:34:38 +0100] "GET /editor/editor/filemanager/browser/default/connectors/test.html HTTP/1.1" 404 1256 "-" "Mozilla/4.0 (compatible; Win32; WinHttp.WinHttpRequest.5)"
222.84.5.149 - - [01/Nov/2014:00:34:38 +0100] "GET /editor/editor/filemanager/connectors/test.html HTTP/1.1" 404 1256 "-" "Mozilla/4.0 (compatible; Win32; WinHttp.WinHttpRequest.5)"
188.165.15.121 - - [01/Nov/2014:09:14:59 +0100] "GET /robots.txt HTTP/1.1" 404 1256 "-" "Mozilla/5.0 (compatible; AhrefsBot/5.0; +http://ahrefs.com/robot/)"
141.8.147.12 - - [01/Nov/2014:10:29:49 +0100] "GET /robots.txt HTTP/1.1" 404 1256 "-" "Mozilla/5.0 (compatible; YandexBot/3.0; +http://yandex.com/bots)"
158.85.94.4 - - [01/Nov/2014:11:30:19 +0100] "GET /robots.txt HTTP/1.1" 404 1256 "-" "Mozilla/5.0 (compatible; SiteExplorer/1.0b; +http://siteexplorer.info/)"
158.85.94.4 - - [01/Nov/2014:11:30:23 +0100] "GET / HTTP/1.1" 200 6789 "-" "Mozilla/5.0 (compatible; SiteExplorer/1.0b; +http://siteexplorer.info/)"
141.8.147.12 - - [01/Nov/2014:12:26:21 +0100] "GET / HTTP/1.1" 200 6789 "-" "Mozilla/5.0 (compatible; YandexBot/3.0; +http://yandex.com/bots)"
66.249.78.159 - - [01/Nov/2014:12:26:25 +0100] "GET /robots.txt HTTP/1.1" 404 1256 "-" "Mozilla/5.0 (compatible; Googlebot/2.1; +http://www.google.com/bot.html)"
66.249.78.173 - - [01/Nov/2014:12:26:25 +0100] "GET /?impressum,15 HTTP/1.1" 200 5152 "-" "Mozilla/5.0 (compatible; Googlebot/2.1; +http://www.google.com/bot.html)"
157.55.39.87 - - [01/Nov/2014:13:45:23 +0100] "GET /robots.txt HTTP/1.1" 404 1256 "-" "Mozilla/5.0 (compatible; bingbot/2.0; +http://www.bing.com/bingbot.htm)"
199.58.86.211 - - [01/Nov/2014:14:12:19 +0100] "GET /robots.txt HTTP/1.0" 404 1256 "-" "Mozilla/5.0 (compatible; MJ12bot/v1.4.5; http://www.majestic12.co.uk/bot.php?+)"
199.58.86.211 - - [01/Nov/2014:14:12:21 +0100] "GET / HTTP/1.0" 200 6789 "-" "Mozilla/5.0 (compatible; MJ12bot/v1.4.5; http://www.majestic12.co.uk/bot.php?+)"
188.165.15.130 - - [01/Nov/2014:18:03:03 +0100] "GET /?impressum,15 HTTP/1.1" 200 5152 "-" "Mozilla/5.0 (compatible; AhrefsBot/5.0; +http://ahrefs.com/robot/)"
66.249.78.159 - - [01/Nov/2014:20:51:08 +0100] "GET /?unternehmen,35 HTTP/1.1" 200 5693 "-" "Mozilla/5.0 (compatible; Googlebot/2.1; +http://www.google.com/bot.html)"
141.8.147.12 - - [01/Nov/2014:23:17:50 +0100] "GET /robots.txt HTTP/1.1" 404 1256 "-" "Mozilla/5.0 (compatible; YandexBot/3.0; +http://yandex.com/bots)"
66.249.78.173 - - [01/Nov/2014:23:52:35 +0100] "GET /?disclaimer,14 HTTP/1.1" 200 7677 "-" "Mozilla/5.0 (compatible; Googlebot/2.1; +http://www.google.com/bot.html)"
66.249.78.159 - - [02/Nov/2014:00:42:18 +0100] "GET /robots.txt HTTP/1.1" 404 1256 "-" "Mozilla/5.0 (compatible; Googlebot/2.1; +http://www.google.com/bot.html)"
66.249.78.166 - - [02/Nov/2014:00:42:19 +0100] "GET / HTTP/1.1" 200 6789 "-" "Mozilla/5.0 (compatible; Googlebot/2.1; +http://www.google.com/bot.html)"
141.8.147.12 - - [02/Nov/2014:01:50:34 +0100] "GET /?1&home HTTP/1.1" 200 6789 "-" "Mozilla/5.0 (compatible; YandexBot/3.0; +http://yandex.com/bots)"
66.249.78.159 - - [02/Nov/2014:05:15:48 +0100] "GET /?kontakt,8 HTTP/1.1" 200 4607 "-" "Mozilla/5.0 (compatible; Googlebot/2.1; +http://www.google.com/bot.html)"
157.55.39.87 - - [02/Nov/2014:05:23:24 +0100] "GET /robots.txt HTTP/1.1" 404 1256 "-" "Mozilla/5.0 (compatible; bingbot/2.0; +http://www.bing.com/bingbot.htm)"
66.249.78.173 - - [02/Nov/2014:05:46:30 +0100] "GET /?impressum,15 HTTP/1.1" 200 5152 "-" "Mozilla/5.0 (compatible; Googlebot/2.1; +http://www.google.com/bot.html)"
157.55.39.87 - - [02/Nov/2014:07:48:19 +0100] "GET / HTTP/1.1" 200 6789 "-" "Mozilla/5.0 (compatible; bingbot/2.0; +http://www.bing.com/bingbot.htm)"
54.171.9.254 - - [02/Nov/2014:10:18:26 +0100] "GET / HTTP/1.1" 200 6789 "-" "Mozilla/4.0 (compatible; MSIE 8.0; Windows NT 5.1; Trident/4.0; GTB7.3; .NET CLR 1.0.3705; InfoPath.1; AskTbORJ/5.15.1.22229)"
141.8.147.12 - - [02/Nov/2014:10:27:38 +0100] "GET /robots.txt HTTP/1.1" 404 1256 "-" "Mozilla/5.0 (compatible; YandexBot/3.0; +http://yandex.com/bots)"
141.8.147.12 - - [02/Nov/2014:10:40:30 +0100] "GET / HTTP/1.1" 200 6789 "-" "Mozilla/5.0 (compatible; YandexBot/3.0; +http://yandex.com/bots)"
66.249.78.173 - - [02/Nov/2014:15:03:35 +0100] "GET /robots.txt HTTP/1.1" 404 1256 "-" "Mozilla/5.0 (compatible; Googlebot/2.1; +http://www.google.com/bot.html)"
66.249.78.166 - - [02/Nov/2014:15:03:35 +0100] "GET /?impressum,15 HTTP/1.1" 200 5152 "-" "Mozilla/5.0 (iPhone; CPU iPhone OS 6_0 like Mac OS X) AppleWebKit/536.26 (KHTML, like Gecko) Version/6.0 Mobile/10A5376e Safari/8536.25 (compatible; Googlebot/2.1; +http://www.google.com/bot.html)"
64.246.165.190 - - [02/Nov/2014:15:10:38 +0100] "GET /robots.txt HTTP/1.0" 404 1256 "-" "Mozilla/5.0 (Windows; U; Windows NT 5.1; en; rv:1.9.0.13) Gecko/2009073022 Firefox/3.5.2 (.NET CLR 3.5.30729) SurveyBot/2.3 (DomainTools)"
64.246.165.190 - - [02/Nov/2014:15:10:38 +0100] "GET / HTTP/1.1" 200 6789 "http://whois.domaintools.com/quartier-bb.de" "Mozilla/5.0 (Windows; U; Windows NT 5.1; en; rv:1.9.0.13) Gecko/2009073022 Firefox/3.5.2 (.NET CLR 3.5.30729) SurveyBot/2.3 (DomainTools)"
66.249.78.166 - - [02/Nov/2014:20:17:40 +0100] "GET /?leistung,40 HTTP/1.1" 200 7044 "-" "Mozilla/5.0 (compatible; Googlebot/2.1; +http://www.google.com/bot.html)"
157.55.39.250 - - [02/Nov/2014:20:42:50 +0100] "GET /robots.txt HTTP/1.1" 404 1256 "-" "Mozilla/5.0 (compatible; bingbot/2.0; +http://www.bing.com/bingbot.htm)"
157.55.39.250 - - [02/Nov/2014:22:26:50 +0100] "GET / HTTP/1.1" 200 6789 "-" "Mozilla/5.0 (compatible; bingbot/2.0; +http://www.bing.com/bingbot.htm)"
66.249.78.166 - - [02/Nov/2014:23:11:24 +0100] "GET / HTTP/1.1" 200 6789 "-" "Mozilla/5.0 (compatible; Googlebot/2.1; +http://www.google.com/bot.html)"
66.249.78.159 - - [02/Nov/2014:23:24:04 +0100] "GET /?kontakt,8 HTTP/1.1" 200 4607 "-" "Mozilla/5.0 (compatible; Googlebot/2.1; +http://www.google.com/bot.html)"
66.249.78.166 - - [03/Nov/2014:01:40:39 +0100] "GET /?impressum,15 HTTP/1.1" 200 5152 "-" "Mozilla/5.0 (compatible; Googlebot/2.1; +http://www.google.com/bot.html)"
66.249.78.173 - - [03/Nov/2014:02:58:40 +0100] "GET /?leistung,40 HTTP/1.1" 200 7044 "-" "Mozilla/5.0 (compatible; Googlebot/2.1; +http://www.google.com/bot.html)"
141.8.147.12 - - [03/Nov/2014:02:59:15 +0100] "GET /robots.txt HTTP/1.1" 404 1256 "-" "Mozilla/5.0 (compatible; YandexBot/3.0; +http://yandex.com/bots)"
66.249.78.173 - - [03/Nov/2014:04:03:33 +0100] "GET /robots.txt HTTP/1.1" 404 1256 "-" "Mozilla/5.0 (compatible; Googlebot/2.1; +http://www.google.com/bot.html)"
66.249.78.159 - - [03/Nov/2014:04:03:33 +0100] "GET / HTTP/1.1" 200 6789 "-" "Mozilla/5.0 (compatible; Googlebot/2.1; +http://www.google.com/bot.html)"
66.249.78.159 - - [03/Nov/2014:05:43:15 +0100] "GET /?kontakt,8 HTTP/1.1" 200 4607 "-" "Mozilla/5.0 (compatible; Googlebot/2.1; +http://www.google.com/bot.html)"
79.194.73.84 - - [03/Nov/2014:06:22:30 +0100] "GET / HTTP/1.1" 200 6789 "-" "Mozilla/5.0 (Linux; Android 4.2.2; GT-I9195 Build/JDQ39) AppleWebKit/537.36 (KHTML, like Gecko) Chrome/36.0.1985.128 Mobile Safari/537.36"
79.194.73.84 - - [03/Nov/2014:06:22:31 +0100] "GET /core/common.js HTTP/1.1" 200 2364 "http://www.quartier-bb.de/" "Mozilla/5.0 (Linux; Android 4.2.2; GT-I9195 Build/JDQ39) AppleWebKit/537.36 (KHTML, like Gecko) Chrome/36.0.1985.128 Mobile Safari/537.36"
79.194.73.84 - - [03/Nov/2014:06:22:31 +0100] "GET /templates/default.css HTTP/1.1" 200 7156 "http://www.quartier-bb.de/" "Mozilla/5.0 (Linux; Android 4.2.2; GT-I9195 Build/JDQ39) AppleWebKit/537.36 (KHTML, like Gecko) Chrome/36.0.1985.128 Mobile Safari/537.36"
79.194.73.84 - - [03/Nov/2014:06:22:31 +0100] "GET /core/plugins.js HTTP/1.1" 200 28 "http://www.quartier-bb.de/" "Mozilla/5.0 (Linux; Android 4.2.2; GT-I9195 Build/JDQ39) AppleWebKit/537.36 (KHTML, like Gecko) Chrome/36.0.1985.128 Mobile Safari/537.36"
79.194.73.84 - - [03/Nov/2014:06:22:31 +0100] "GET /core/prototype.lite.js HTTP/1.1" 200 3335 "http://www.quartier-bb.de/" "Mozilla/5.0 (Linux; Android 4.2.2; GT-I9195 Build/JDQ39) AppleWebKit/537.36 (KHTML, like Gecko) Chrome/36.0.1985.128 Mobile Safari/537.36"
79.194.73.84 - - [03/Nov/2014:06:22:31 +0100] "GET /core/moo.fx.js HTTP/1.1" 200 3267 "http://www.quartier-bb.de/" "Mozilla/5.0 (Linux; Android 4.2.2; GT-I9195 Build/JDQ39) AppleWebKit/537.36 (KHTML, like Gecko) Chrome/36.0.1985.128 Mobile Safari/537.36"
79.194.73.84 - - [03/Nov/2014:06:22:31 +0100] "GET /core/litebox-1.0.js HTTP/1.1" 200 15581 "http://www.quartier-bb.de/" "Mozilla/5.0 (Linux; Android 4.2.2; GT-I9195 Build/JDQ39) AppleWebKit/537.36 (KHTML, like Gecko) Chrome/36.0.1985.128 Mobile Safari/537.36"
79.194.73.84 - - [03/Nov/2014:06:22:31 +0100] "GET /templates/img/logo.gif HTTP/1.1" 200 3859 "http://www.quartier-bb.de/" "Mozilla/5.0 (Linux; Android 4.2.2; GT-I9195 Build/JDQ39) AppleWebKit/537.36 (KHTML, like Gecko) Chrome/36.0.1985.128 Mobile Safari/537.36"
79.194.73.84 - - [03/Nov/2014:06:22:31 +0100] "GET /files/top_left_basic.gif HTTP/1.1" 200 261 "http://www.quartier-bb.de/" "Mozilla/5.0 (Linux; Android 4.2.2; GT-I9195 Build/JDQ39) AppleWebKit/537.36 (KHTML, like Gecko) Chrome/36.0.1985.128 Mobile Safari/537.36"
79.194.73.84 - - [03/Nov/2014:06:22:31 +0100] "GET /templates/plugins.css HTTP/1.1" 200 1931 "http://www.quartier-bb.de/" "Mozilla/5.0 (Linux; Android 4.2.2; GT-I9195 Build/JDQ39) AppleWebKit/537.36 (KHTML, like Gecko) Chrome/36.0.1985.128 Mobile Safari/537.36"
79.194.73.84 - - [03/Nov/2014:06:22:31 +0100] "GET /templates/img/loading.gif HTTP/1.1" 200 2767 "http://www.quartier-bb.de/" "Mozilla/5.0 (Linux; Android 4.2.2; GT-I9195 Build/JDQ39) AppleWebKit/537.36 (KHTML, like Gecko) Chrome/36.0.1985.128 Mobile Safari/537.36"
79.194.73.84 - - [03/Nov/2014:06:22:31 +0100] "GET /templates/img/closelabel.gif HTTP/1.1" 200 649 "http://www.quartier-bb.de/" "Mozilla/5.0 (Linux; Android 4.2.2; GT-I9195 Build/JDQ39) AppleWebKit/537.36 (KHTML, like Gecko) Chrome/36.0.1985.128 Mobile Safari/537.36"
79.194.73.84 - - [03/Nov/2014:06:22:31 +0100] "GET /templates/img/points.gif HTTP/1.1" 200 62 "http://www.quartier-bb.de/" "Mozilla/5.0 (Linux; Android 4.2.2; GT-I9195 Build/JDQ39) AppleWebKit/537.36 (KHTML, like Gecko) Chrome/36.0.1985.128 Mobile Safari/537.36"
79.194.73.84 - - [03/Nov/2014:06:22:31 +0100] "GET /templates/img/nav.gif HTTP/1.1" 200 1501 "http://www.quartier-bb.de/" "Mozilla/5.0 (Linux; Android 4.2.2; GT-I9195 Build/JDQ39) AppleWebKit/537.36 (KHTML, like Gecko) Chrome/36.0.1985.128 Mobile Safari/537.36"
79.194.73.84 - - [03/Nov/2014:06:22:31 +0100] "GET /templates/img/two-columns.gif HTTP/1.1" 200 65 "http://www.quartier-bb.de/" "Mozilla/5.0 (Linux; Android 4.2.2; GT-I9195 Build/JDQ39) AppleWebKit/537.36 (KHTML, like Gecko) Chrome/36.0.1985.128 Mobile Safari/537.36"
79.194.73.84 - - [03/Nov/2014:06:22:31 +0100] "GET /templates/img/circle.png HTTP/1.1" 200 194 "http://www.quartier-bb.de/" "Mozilla/5.0 (Linux; Android 4.2.2; GT-I9195 Build/JDQ39) AppleWebKit/537.36 (KHTML, like Gecko) Chrome/36.0.1985.128 Mobile Safari/537.36"
79.194.73.84 - - [03/Nov/2014:06:22:31 +0100] "GET /templates/img/bg.jpg HTTP/1.1" 200 18814 "http://www.quartier-bb.de/" "Mozilla/5.0 (Linux; Android 4.2.2; GT-I9195 Build/JDQ39) AppleWebKit/537.36 (KHTML, like Gecko) Chrome/36.0.1985.128 Mobile Safari/537.36"
79.194.73.84 - - [03/Nov/2014:06:22:31 +0100] "GET /templates/img/header.png HTTP/1.1" 200 134243 "http://www.quartier-bb.de/" "Mozilla/5.0 (Linux; Android 4.2.2; GT-I9195 Build/JDQ39) AppleWebKit/537.36 (KHTML, like Gecko) Chrome/36.0.1985.128 Mobile Safari/537.36"
79.194.73.84 - - [03/Nov/2014:06:22:32 +0100] "GET /favicon.ico HTTP/1.1" 200 2602 "-" "Mozilla/5.0 (Linux; Android 4.2.2; GT-I9195 Build/JDQ39) AppleWebKit/537.36 (KHTML, like Gecko) Chrome/36.0.1985.128 Mobile Safari/537.36"
79.194.73.84 - - [03/Nov/2014:06:22:57 +0100] "GET /?leistung,40 HTTP/1.1" 200 7044 "http://www.quartier-bb.de/" "Mozilla/5.0 (Linux; Android 4.2.2; GT-I9195 Build/JDQ39) AppleWebKit/537.36 (KHTML, like Gecko) Chrome/36.0.1985.128 Mobile Safari/537.36"
79.194.73.84 - - [03/Nov/2014:06:23:06 +0100] "GET /?unternehmen,35 HTTP/1.1" 200 5693 "http://www.quartier-bb.de/?leistung,40" "Mozilla/5.0 (Linux; Android 4.2.2; GT-I9195 Build/JDQ39) AppleWebKit/537.36 (KHTML, like Gecko) Chrome/36.0.1985.128 Mobile Safari/537.36"
79.194.73.84 - - [03/Nov/2014:06:23:12 +0100] "GET /?leistung,40 HTTP/1.1" 200 7044 "http://www.quartier-bb.de/" "Mozilla/5.0 (Linux; Android 4.2.2; GT-I9195 Build/JDQ39) AppleWebKit/537.36 (KHTML, like Gecko) Chrome/36.0.1985.128 Mobile Safari/537.36"
79.194.73.84 - - [03/Nov/2014:06:23:12 +0100] "GET / HTTP/1.1" 200 6789 "-" "Mozilla/5.0 (Linux; Android 4.2.2; GT-I9195 Build/JDQ39) AppleWebKit/537.36 (KHTML, like Gecko) Chrome/36.0.1985.128 Mobile Safari/537.36"
79.194.73.84 - - [03/Nov/2014:06:23:13 +0100] "GET / HTTP/1.1" 200 6789 "-" "Mozilla/5.0 (Linux; Android 4.2.2; GT-I9195 Build/JDQ39) AppleWebKit/537.36 (KHTML, like Gecko) Chrome/36.0.1985.128 Mobile Safari/537.36"
66.249.64.57 - - [03/Nov/2014:07:14:39 +0100] "GET / HTTP/1.1" 200 6789 "-" "DoCoMo/2.0 N905i(c100;TB;W24H16) (compatible; Googlebot-Mobile/2.1; +http://www.google.com/bot.html)"
217.86.243.35 - - [03/Nov/2014:07:56:30 +0100] "GET / HTTP/1.1" 200 6789 "http://www.besch-rent.de/transporter-mieten/kaesten/standard.html" "Mozilla/5.0 (Windows NT 6.1; WOW64) AppleWebKit/537.36 (KHTML, like Gecko) Chrome/38.0.2125.111 Safari/537.36"
217.86.243.35 - - [03/Nov/2014:07:56:43 +0100] "GET /?formular,41 HTTP/1.1" 302 - "http://www.quartier-bb.de/" "Mozilla/5.0 (Windows NT 6.1; WOW64) AppleWebKit/537.36 (KHTML, like Gecko) Chrome/38.0.2125.111 Safari/537.36"
217.86.243.35 - - [03/Nov/2014:07:56:49 +0100] "GET / HTTP/1.1" 200 6789 "http://www.besch-rent.de/transporter-mieten/kaesten/standard.html" "Mozilla/5.0 (Windows NT 6.1; WOW64) AppleWebKit/537.36 (KHTML, like Gecko) Chrome/38.0.2125.111 Safari/537.36"
217.86.243.35 - - [03/Nov/2014:07:56:51 +0100] "GET /?unternehmen,35 HTTP/1.1" 200 5693 "http://www.quartier-bb.de/" "Mozilla/5.0 (Windows NT 6.1; WOW64) AppleWebKit/537.36 (KHTML, like Gecko) Chrome/38.0.2125.111 Safari/537.36"
217.86.243.35 - - [03/Nov/2014:07:56:55 +0100] "GET /?leistung,40 HTTP/1.1" 200 7044 "http://www.quartier-bb.de/?unternehmen,35" "Mozilla/5.0 (Windows NT 6.1; WOW64) AppleWebKit/537.36 (KHTML, like Gecko) Chrome/38.0.2125.111 Safari/537.36"
217.86.243.35 - - [03/Nov/2014:07:57:03 +0100] "GET /?impressum,15 HTTP/1.1" 200 5152 "http://www.quartier-bb.de/?leistung,40" "Mozilla/5.0 (Windows NT 6.1; WOW64) AppleWebKit/537.36 (KHTML, like Gecko) Chrome/38.0.2125.111 Safari/537.36"
217.86.243.35 - - [03/Nov/2014:07:57:30 +0100] "GET / HTTP/1.1" 200 6789 "http://www.besch-rent.de/transporter-mieten/kaesten/standard.html" "Mozilla/5.0 (Windows NT 6.1; WOW64) AppleWebKit/537.36 (KHTML, like Gecko) Chrome/38.0.2125.111 Safari/537.36"
66.249.64.57 - - [03/Nov/2014:07:57:48 +0100] "GET /?unternehmen,35 HTTP/1.1" 200 5693 "-" "Mozilla/5.0 (compatible; Googlebot/2.1; +http://www.google.com/bot.html)"
141.8.147.12 - - [03/Nov/2014:08:24:12 +0100] "GET /?8&kontakt HTTP/1.1" 200 6789 "-" "Mozilla/5.0 (compatible; YandexBot/3.0; +http://yandex.com/bots)"
66.249.78.173 - - [03/Nov/2014:08:46:46 +0100] "GET /?impressum,15 HTTP/1.1" 200 5152 "-" "Mozilla/5.0 (compatible; Googlebot/2.1; +http://www.google.com/bot.html)"
66.249.78.166 - - [03/Nov/2014:08:47:40 +0100] "GET /?disclaimer,14 HTTP/1.1" 200 7677 "-" "Mozilla/5.0 (compatible; Googlebot/2.1; +http://www.google.com/bot.html)"
144.76.95.232 - - [03/Nov/2014:09:10:54 +0100] "GET /robots.txt HTTP/1.0" 404 1256 "-" "Mozilla/5.0 (compatible; MJ12bot/v1.4.5; http://www.majestic12.co.uk/bot.php?+)"
144.76.95.232 - - [03/Nov/2014:09:10:57 +0100] "GET /?disclaimer,14 HTTP/1.0" 200 7677 "-" "Mozilla/5.0 (compatible; MJ12bot/v1.4.5; http://www.majestic12.co.uk/bot.php?+)"
144.76.95.232 - - [03/Nov/2014:09:11:05 +0100] "GET /?formular,41 HTTP/1.0" 302 - "-" "Mozilla/5.0 (compatible; MJ12bot/v1.4.5; http://www.majestic12.co.uk/bot.php?+)"
144.76.95.232 - - [03/Nov/2014:09:12:32 +0100] "GET /?home,1 HTTP/1.0" 200 6789 "-" "Mozilla/5.0 (compatible; MJ12bot/v1.4.5; http://www.majestic12.co.uk/bot.php?+)"
144.76.95.232 - - [03/Nov/2014:09:12:46 +0100] "GET /?impressum,15 HTTP/1.0" 200 5152 "-" "Mozilla/5.0 (compatible; MJ12bot/v1.4.5; http://www.majestic12.co.uk/bot.php?+)"
144.76.95.232 - - [03/Nov/2014:09:12:52 +0100] "GET /?kontakt,8 HTTP/1.0" 200 4607 "-" "Mozilla/5.0 (compatible; MJ12bot/v1.4.5; http://www.majestic12.co.uk/bot.php?+)"
144.76.95.232 - - [03/Nov/2014:09:13:12 +0100] "GET /?leistung,40 HTTP/1.0" 200 7044 "-" "Mozilla/5.0 (compatible; MJ12bot/v1.4.5; http://www.majestic12.co.uk/bot.php?+)"
144.76.95.232 - - [03/Nov/2014:09:13:18 +0100] "GET /?unternehmen,35 HTTP/1.0" 200 5693 "-" "Mozilla/5.0 (compatible; MJ12bot/v1.4.5; http://www.majestic12.co.uk/bot.php?+)"
146.120.166.181 - - [03/Nov/2014:11:20:15 +0100] "GET /?kontakt,8 HTTP/1.1" 200 4607 "-" "Mozilla/5.0 (U; Windows NT 5.1; rv:5.0) Gecko/20100101 Firefox/5.0"
141.15.28.88 - - [03/Nov/2014:11:31:08 +0100] "GET / HTTP/1.1" 200 6789 "http://www.google.de/url?url=http://www.quartier-bb.de/&rct=j&frm=1&q=&esrc=s&sa=U&ei=Z1lXVPKKBtHVatXJgrgO&ved=0CBUQFjAA&usg=AFQjCNHSy1jzGknI3EE43YAvK8lZoeH5bQ" "Mozilla/4.0 (compatible; MSIE 8.0; Windows NT 5.2; Trident/4.0; .NET CLR 1.1.4322; .NET CLR 2.0.50727; .NET CLR 3.0.04506.30; .NET CLR 3.0.4506.2152; .NET CLR 3.5.30729)"
141.15.28.88 - - [03/Nov/2014:11:31:10 +0100] "GET /core/common.js HTTP/1.1" 200 2364 "http://www.quartier-bb.de/" "Mozilla/4.0 (compatible; MSIE 8.0; Windows NT 5.2; Trident/4.0; .NET CLR 1.1.4322; .NET CLR 2.0.50727; .NET CLR 3.0.04506.30; .NET CLR 3.0.4506.2152; .NET CLR 3.5.30729)"
141.15.28.88 - - [03/Nov/2014:11:31:10 +0100] "GET /core/moo.fx.js HTTP/1.1" 200 3267 "http://www.quartier-bb.de/" "Mozilla/4.0 (compatible; MSIE 8.0; Windows NT 5.2; Trident/4.0; .NET CLR 1.1.4322; .NET CLR 2.0.50727; .NET CLR 3.0.04506.30; .NET CLR 3.0.4506.2152; .NET CLR 3.5.30729)"
141.15.28.88 - - [03/Nov/2014:11:31:10 +0100] "GET /core/prototype.lite.js HTTP/1.1" 200 3335 "http://www.quartier-bb.de/" "Mozilla/4.0 (compatible; MSIE 8.0; Windows NT 5.2; Trident/4.0; .NET CLR 1.1.4322; .NET CLR 2.0.50727; .NET CLR 3.0.04506.30; .NET CLR 3.0.4506.2152; .NET CLR 3.5.30729)"
141.15.28.88 - - [03/Nov/2014:11:31:10 +0100] "GET /core/litebox-1.0.js HTTP/1.1" 200 15581 "http://www.quartier-bb.de/" "Mozilla/4.0 (compatible; MSIE 8.0; Windows NT 5.2; Trident/4.0; .NET CLR 1.1.4322; .NET CLR 2.0.50727; .NET CLR 3.0.04506.30; .NET CLR 3.0.4506.2152; .NET CLR 3.5.30729)"
141.15.28.88 - - [03/Nov/2014:11:31:10 +0100] "GET /core/plugins.js HTTP/1.1" 200 28 "http://www.quartier-bb.de/" "Mozilla/4.0 (compatible; MSIE 8.0; Windows NT 5.2; Trident/4.0; .NET CLR 1.1.4322; .NET CLR 2.0.50727; .NET CLR 3.0.04506.30; .NET CLR 3.0.4506.2152; .NET CLR 3.5.30729)"
141.15.28.88 - - [03/Nov/2014:11:31:10 +0100] "GET /templates/default.css HTTP/1.1" 200 7156 "http://www.quartier-bb.de/" "Mozilla/4.0 (compatible; MSIE 8.0; Windows NT 5.2; Trident/4.0; .NET CLR 1.1.4322; .NET CLR 2.0.50727; .NET CLR 3.0.04506.30; .NET CLR 3.0.4506.2152; .NET CLR 3.5.30729)"
141.15.28.88 - - [03/Nov/2014:11:31:10 +0100] "GET /templates/img/logo.gif HTTP/1.1" 200 3859 "http://www.quartier-bb.de/" "Mozilla/4.0 (compatible; MSIE 8.0; Windows NT 5.2; Trident/4.0; .NET CLR 1.1.4322; .NET CLR 2.0.50727; .NET CLR 3.0.04506.30; .NET CLR 3.0.4506.2152; .NET CLR 3.5.30729)"
141.15.28.88 - - [03/Nov/2014:11:31:10 +0100] "GET /files/top_left_basic.gif HTTP/1.1" 200 261 "http://www.quartier-bb.de/" "Mozilla/4.0 (compatible; MSIE 8.0; Windows NT 5.2; Trident/4.0; .NET CLR 1.1.4322; .NET CLR 2.0.50727; .NET CLR 3.0.04506.30; .NET CLR 3.0.4506.2152; .NET CLR 3.5.30729)"
141.15.28.88 - - [03/Nov/2014:11:31:10 +0100] "GET /templates/plugins.css HTTP/1.1" 200 1931 "http://www.quartier-bb.de/" "Mozilla/4.0 (compatible; MSIE 8.0; Windows NT 5.2; Trident/4.0; .NET CLR 1.1.4322; .NET CLR 2.0.50727; .NET CLR 3.0.04506.30; .NET CLR 3.0.4506.2152; .NET CLR 3.5.30729)"
141.15.28.88 - - [03/Nov/2014:11:31:10 +0100] "GET /templates/img/two-columns.gif HTTP/1.1" 200 65 "http://www.quartier-bb.de/" "Mozilla/4.0 (compatible; MSIE 8.0; Windows NT 5.2; Trident/4.0; .NET CLR 1.1.4322; .NET CLR 2.0.50727; .NET CLR 3.0.04506.30; .NET CLR 3.0.4506.2152; .NET CLR 3.5.30729)"
141.15.28.88 - - [03/Nov/2014:11:31:10 +0100] "GET /templates/img/points.gif HTTP/1.1" 200 62 "http://www.quartier-bb.de/" "Mozilla/4.0 (compatible; MSIE 8.0; Windows NT 5.2; Trident/4.0; .NET CLR 1.1.4322; .NET CLR 2.0.50727; .NET CLR 3.0.04506.30; .NET CLR 3.0.4506.2152; .NET CLR 3.5.30729)"
141.15.28.88 - - [03/Nov/2014:11:31:10 +0100] "GET /templates/img/nav.gif HTTP/1.1" 200 1501 "http://www.quartier-bb.de/" "Mozilla/4.0 (compatible; MSIE 8.0; Windows NT 5.2; Trident/4.0; .NET CLR 1.1.4322; .NET CLR 2.0.50727; .NET CLR 3.0.04506.30; .NET CLR 3.0.4506.2152; .NET CLR 3.5.30729)"
141.15.28.88 - - [03/Nov/2014:11:31:10 +0100] "GET /templates/img/bg.jpg HTTP/1.1" 200 18814 "http://www.quartier-bb.de/" "Mozilla/4.0 (compatible; MSIE 8.0; Windows NT 5.2; Trident/4.0; .NET CLR 1.1.4322; .NET CLR 2.0.50727; .NET CLR 3.0.04506.30; .NET CLR 3.0.4506.2152; .NET CLR 3.5.30729)"
141.15.28.88 - - [03/Nov/2014:11:31:10 +0100] "GET /templates/img/header.png HTTP/1.1" 200 134243 "http://www.quartier-bb.de/" "Mozilla/4.0 (compatible; MSIE 8.0; Windows NT 5.2; Trident/4.0; .NET CLR 1.1.4322; .NET CLR 2.0.50727; .NET CLR 3.0.04506.30; .NET CLR 3.0.4506.2152; .NET CLR 3.5.30729)"
141.15.28.88 - - [03/Nov/2014:11:31:11 +0100] "GET /templates/img/circle.png HTTP/1.1" 200 194 "http://www.quartier-bb.de/" "Mozilla/4.0 (compatible; MSIE 8.0; Windows NT 5.2; Trident/4.0; .NET CLR 1.1.4322; .NET CLR 2.0.50727; .NET CLR 3.0.04506.30; .NET CLR 3.0.4506.2152; .NET CLR 3.5.30729)"
141.15.28.88 - - [03/Nov/2014:11:31:11 +0100] "GET /templates/img/loading.gif HTTP/1.1" 200 2767 "http://www.quartier-bb.de/" "Mozilla/4.0 (compatible; MSIE 8.0; Windows NT 5.2; Trident/4.0; .NET CLR 1.1.4322; .NET CLR 2.0.50727; .NET CLR 3.0.04506.30; .NET CLR 3.0.4506.2152; .NET CLR 3.5.30729)"
141.15.28.88 - - [03/Nov/2014:11:31:11 +0100] "GET /favicon.ico HTTP/1.1" 200 2602 "-" "Mozilla/4.0 (compatible; MSIE 8.0; Windows NT 5.2; Trident/4.0; .NET CLR 1.1.4322; .NET CLR 2.0.50727; .NET CLR 3.0.04506.30; .NET CLR 3.0.4506.2152; .NET CLR 3.5.30729)"
141.15.28.88 - - [03/Nov/2014:11:31:11 +0100] "GET /templates/img/blank.gif HTTP/1.1" 200 43 "http://www.quartier-bb.de/" "Mozilla/4.0 (compatible; MSIE 8.0; Windows NT 5.2; Trident/4.0; .NET CLR 1.1.4322; .NET CLR 2.0.50727; .NET CLR 3.0.04506.30; .NET CLR 3.0.4506.2152; .NET CLR 3.5.30729)"
141.15.28.88 - - [03/Nov/2014:11:31:14 +0100] "GET /templates/img/closelabel.gif HTTP/1.1" 200 649 "http://www.quartier-bb.de/" "Mozilla/4.0 (compatible; MSIE 8.0; Windows NT 5.2; Trident/4.0; .NET CLR 1.1.4322; .NET CLR 2.0.50727; .NET CLR 3.0.04506.30; .NET CLR 3.0.4506.2152; .NET CLR 3.5.30729)"
141.15.28.88 - - [03/Nov/2014:11:31:21 +0100] "GET /?leistung,40 HTTP/1.1" 200 7044 "http://www.quartier-bb.de/" "Mozilla/4.0 (compatible; MSIE 8.0; Windows NT 5.2; Trident/4.0; .NET CLR 1.1.4322; .NET CLR 2.0.50727; .NET CLR 3.0.04506.30; .NET CLR 3.0.4506.2152; .NET CLR 3.5.30729)"
141.15.28.88 - - [03/Nov/2014:11:31:23 +0100] "GET /?unternehmen,35 HTTP/1.1" 200 5693 "http://www.quartier-bb.de/?leistung,40" "Mozilla/4.0 (compatible; MSIE 8.0; Windows NT 5.2; Trident/4.0; .NET CLR 1.1.4322; .NET CLR 2.0.50727; .NET CLR 3.0.04506.30; .NET CLR 3.0.4506.2152; .NET CLR 3.5.30729)"
141.15.28.88 - - [03/Nov/2014:11:31:31 +0100] "GET /?impressum,15 HTTP/1.1" 200 5152 "http://www.quartier-bb.de/?unternehmen,35" "Mozilla/4.0 (compatible; MSIE 8.0; Windows NT 5.2; Trident/4.0; .NET CLR 1.1.4322; .NET CLR 2.0.50727; .NET CLR 3.0.04506.30; .NET CLR 3.0.4506.2152; .NET CLR 3.5.30729)"
141.15.28.88 - - [03/Nov/2014:11:31:57 +0100] "GET /?home,1 HTTP/1.1" 200 6789 "http://www.quartier-bb.de/?impressum,15" "Mozilla/4.0 (compatible; MSIE 8.0; Windows NT 5.2; Trident/4.0; .NET CLR 1.1.4322; .NET CLR 2.0.50727; .NET CLR 3.0.04506.30; .NET CLR 3.0.4506.2152; .NET CLR 3.5.30729)"
66.249.78.173 - - [03/Nov/2014:12:00:11 +0100] "GET /?kontakt,8 HTTP/1.1" 200 4607 "-" "Mozilla/5.0 (compatible; Googlebot/2.1; +http://www.google.com/bot.html)"
66.249.78.173 - - [03/Nov/2014:13:07:52 +0100] "GET / HTTP/1.1" 200 6789 "-" "Mozilla/5.0 (compatible; Googlebot/2.1; +http://www.google.com/bot.html)"
109.45.0.113 - - [03/Nov/2014:13:48:55 +0100] "GET / HTTP/1.1" 200 6789 "-" "Mozilla/5.0 (Windows Phone 8.1; ARM; Trident/7.0; Touch; rv:11.0; IEMobile/11.0; NOKIA; Lumia 820; Vodafone) like Gecko"
109.45.0.113 - - [03/Nov/2014:13:48:55 +0100] "GET / HTTP/1.1" 200 6789 "-" "Microsoft Office Mobile/15.0"
109.45.0.113 - - [03/Nov/2014:13:48:55 +0100] "GET /core/plugins.js HTTP/1.1" 200 28 "-" "Mozilla/5.0 (Windows Phone 8.1; ARM; Trident/7.0; Touch; rv:11.0; IEMobile/11.0; NOKIA; Lumia 820; Vodafone) like Gecko"
109.45.0.113 - - [03/Nov/2014:13:48:55 +0100] "GET /core/common.js HTTP/1.1" 200 2364 "-" "Mozilla/5.0 (Windows Phone 8.1; ARM; Trident/7.0; Touch; rv:11.0; IEMobile/11.0; NOKIA; Lumia 820; Vodafone) like Gecko"
109.45.0.113 - - [03/Nov/2014:13:48:55 +0100] "GET /core/litebox-1.0.js HTTP/1.1" 200 15581 "-" "Mozilla/5.0 (Windows Phone 8.1; ARM; Trident/7.0; Touch; rv:11.0; IEMobile/11.0; NOKIA; Lumia 820; Vodafone) like Gecko"
109.45.0.113 - - [03/Nov/2014:13:48:55 +0100] "GET /core/moo.fx.js HTTP/1.1" 200 3267 "-" "Mozilla/5.0 (Windows Phone 8.1; ARM; Trident/7.0; Touch; rv:11.0; IEMobile/11.0; NOKIA; Lumia 820; Vodafone) like Gecko"
109.45.0.113 - - [03/Nov/2014:13:48:55 +0100] "GET /core/prototype.lite.js HTTP/1.1" 200 3335 "-" "Mozilla/5.0 (Windows Phone 8.1; ARM; Trident/7.0; Touch; rv:11.0; IEMobile/11.0; NOKIA; Lumia 820; Vodafone) like Gecko"
109.45.0.113 - - [03/Nov/2014:13:48:55 +0100] "GET /templates/img/logo.gif HTTP/1.1" 200 3859 "http://www.quartier-bb.de/" "Mozilla/5.0 (Windows Phone 8.1; ARM; Trident/7.0; Touch; rv:11.0; IEMobile/11.0; NOKIA; Lumia 820; Vodafone) like Gecko"
109.45.0.113 - - [03/Nov/2014:13:48:55 +0100] "GET /files/top_left_basic.gif HTTP/1.1" 200 261 "http://www.quartier-bb.de/" "Mozilla/5.0 (Windows Phone 8.1; ARM; Trident/7.0; Touch; rv:11.0; IEMobile/11.0; NOKIA; Lumia 820; Vodafone) like Gecko"
109.45.0.113 - - [03/Nov/2014:13:48:55 +0100] "GET /templates/default.css HTTP/1.1" 200 7156 "http://www.quartier-bb.de/" "Mozilla/5.0 (Windows Phone 8.1; ARM; Trident/7.0; Touch; rv:11.0; IEMobile/11.0; NOKIA; Lumia 820; Vodafone) like Gecko"
109.45.0.113 - - [03/Nov/2014:13:48:55 +0100] "GET /templates/plugins.css HTTP/1.1" 200 1931 "http://www.quartier-bb.de/" "Mozilla/5.0 (Windows Phone 8.1; ARM; Trident/7.0; Touch; rv:11.0; IEMobile/11.0; NOKIA; Lumia 820; Vodafone) like Gecko"
109.45.0.113 - - [03/Nov/2014:13:48:55 +0100] "GET /templates/img/points.gif HTTP/1.1" 200 62 "http://www.quartier-bb.de/" "Mozilla/5.0 (Windows Phone 8.1; ARM; Trident/7.0; Touch; rv:11.0; IEMobile/11.0; NOKIA; Lumia 820; Vodafone) like Gecko"
109.45.0.113 - - [03/Nov/2014:13:48:55 +0100] "GET /templates/img/bg.jpg HTTP/1.1" 200 18814 "http://www.quartier-bb.de/" "Mozilla/5.0 (Windows Phone 8.1; ARM; Trident/7.0; Touch; rv:11.0; IEMobile/11.0; NOKIA; Lumia 820; Vodafone) like Gecko"
109.45.0.113 - - [03/Nov/2014:13:48:55 +0100] "GET /templates/img/header.png HTTP/1.1" 200 134243 "http://www.quartier-bb.de/" "Mozilla/5.0 (Windows Phone 8.1; ARM; Trident/7.0; Touch; rv:11.0; IEMobile/11.0; NOKIA; Lumia 820; Vodafone) like Gecko"
109.45.0.113 - - [03/Nov/2014:13:48:55 +0100] "GET /templates/img/nav.gif HTTP/1.1" 200 1501 "http://www.quartier-bb.de/" "Mozilla/5.0 (Windows Phone 8.1; ARM; Trident/7.0; Touch; rv:11.0; IEMobile/11.0; NOKIA; Lumia 820; Vodafone) like Gecko"
109.45.0.113 - - [03/Nov/2014:13:48:55 +0100] "GET /templates/img/two-columns.gif HTTP/1.1" 200 65 "http://www.quartier-bb.de/" "Mozilla/5.0 (Windows Phone 8.1; ARM; Trident/7.0; Touch; rv:11.0; IEMobile/11.0; NOKIA; Lumia 820; Vodafone) like Gecko"
109.45.0.113 - - [03/Nov/2014:13:48:56 +0100] "GET /templates/img/circle.png HTTP/1.1" 200 194 "http://www.quartier-bb.de/" "Mozilla/5.0 (Windows Phone 8.1; ARM; Trident/7.0; Touch; rv:11.0; IEMobile/11.0; NOKIA; Lumia 820; Vodafone) like Gecko"
109.45.0.113 - - [03/Nov/2014:13:48:56 +0100] "GET /templates/img/loading.gif HTTP/1.1" 200 2767 "http://www.quartier-bb.de/" "Mozilla/5.0 (Windows Phone 8.1; ARM; Trident/7.0; Touch; rv:11.0; IEMobile/11.0; NOKIA; Lumia 820; Vodafone) like Gecko"
109.45.0.113 - - [03/Nov/2014:13:48:56 +0100] "GET /templates/img/closelabel.gif HTTP/1.1" 200 649 "http://www.quartier-bb.de/" "Mozilla/5.0 (Windows Phone 8.1; ARM; Trident/7.0; Touch; rv:11.0; IEMobile/11.0; NOKIA; Lumia 820; Vodafone) like Gecko"
109.45.0.113 - - [03/Nov/2014:13:48:56 +0100] "GET /templates/img/blank.gif HTTP/1.1" 200 43 "http://www.quartier-bb.de/" "Mozilla/5.0 (Windows Phone 8.1; ARM; Trident/7.0; Touch; rv:11.0; IEMobile/11.0; NOKIA; Lumia 820; Vodafone) like Gecko"
109.45.0.113 - - [03/Nov/2014:13:49:06 +0100] "GET /?unternehmen,35 HTTP/1.1" 200 5693 "http://www.quartier-bb.de/" "Mozilla/5.0 (Windows Phone 8.1; ARM; Trident/7.0; Touch; rv:11.0; IEMobile/11.0; NOKIA; Lumia 820; Vodafone) like Gecko"
109.45.0.113 - - [03/Nov/2014:13:49:14 +0100] "GET /?impressum,15 HTTP/1.1" 200 5152 "http://www.quartier-bb.de/?unternehmen,35" "Mozilla/5.0 (Windows Phone 8.1; ARM; Trident/7.0; Touch; rv:11.0; IEMobile/11.0; NOKIA; Lumia 820; Vodafone) like Gecko"
80.153.22.67 - - [03/Nov/2014:14:40:20 +0100] "GET / HTTP/1.1" 200 6789 "-" "Mozilla/5.0 (Windows NT 6.1; WOW64; Trident/7.0; rv:11.0) like Gecko"
80.153.22.67 - - [03/Nov/2014:14:40:21 +0100] "GET /core/common.js HTTP/1.1" 200 2364 "http://www.quartier-bb.de/" "Mozilla/5.0 (Windows NT 6.1; WOW64; Trident/7.0; rv:11.0) like Gecko"
80.153.22.67 - - [03/Nov/2014:14:40:21 +0100] "GET /core/prototype.lite.js HTTP/1.1" 200 3335 "http://www.quartier-bb.de/" "Mozilla/5.0 (Windows NT 6.1; WOW64; Trident/7.0; rv:11.0) like Gecko"
80.153.22.67 - - [03/Nov/2014:14:40:21 +0100] "GET /core/litebox-1.0.js HTTP/1.1" 200 15581 "http://www.quartier-bb.de/" "Mozilla/5.0 (Windows NT 6.1; WOW64; Trident/7.0; rv:11.0) like Gecko"
80.153.22.67 - - [03/Nov/2014:14:40:21 +0100] "GET /core/moo.fx.js HTTP/1.1" 200 3267 "http://www.quartier-bb.de/" "Mozilla/5.0 (Windows NT 6.1; WOW64; Trident/7.0; rv:11.0) like Gecko"
80.153.22.67 - - [03/Nov/2014:14:40:21 +0100] "GET /templates/default.css HTTP/1.1" 200 7156 "http://www.quartier-bb.de/" "Mozilla/5.0 (Windows NT 6.1; WOW64; Trident/7.0; rv:11.0) like Gecko"
80.153.22.67 - - [03/Nov/2014:14:40:21 +0100] "GET /core/plugins.js HTTP/1.1" 200 28 "http://www.quartier-bb.de/" "Mozilla/5.0 (Windows NT 6.1; WOW64; Trident/7.0; rv:11.0) like Gecko"
80.153.22.67 - - [03/Nov/2014:14:40:21 +0100] "GET /templates/img/logo.gif HTTP/1.1" 200 3859 "http://www.quartier-bb.de/" "Mozilla/5.0 (Windows NT 6.1; WOW64; Trident/7.0; rv:11.0) like Gecko"
80.153.22.67 - - [03/Nov/2014:14:40:21 +0100] "GET /files/top_left_basic.gif HTTP/1.1" 200 261 "http://www.quartier-bb.de/" "Mozilla/5.0 (Windows NT 6.1; WOW64; Trident/7.0; rv:11.0) like Gecko"
80.153.22.67 - - [03/Nov/2014:14:40:21 +0100] "GET /templates/plugins.css HTTP/1.1" 200 1931 "http://www.quartier-bb.de/" "Mozilla/5.0 (Windows NT 6.1; WOW64; Trident/7.0; rv:11.0) like Gecko"
80.153.22.67 - - [03/Nov/2014:14:40:21 +0100] "GET /templates/img/bg.jpg HTTP/1.1" 200 18814 "http://www.quartier-bb.de/" "Mozilla/5.0 (Windows NT 6.1; WOW64; Trident/7.0; rv:11.0) like Gecko"
80.153.22.67 - - [03/Nov/2014:14:40:21 +0100] "GET /templates/img/two-columns.gif HTTP/1.1" 200 65 "http://www.quartier-bb.de/" "Mozilla/5.0 (Windows NT 6.1; WOW64; Trident/7.0; rv:11.0) like Gecko"
80.153.22.67 - - [03/Nov/2014:14:40:21 +0100] "GET /templates/img/points.gif HTTP/1.1" 200 62 "http://www.quartier-bb.de/" "Mozilla/5.0 (Windows NT 6.1; WOW64; Trident/7.0; rv:11.0) like Gecko"
80.153.22.67 - - [03/Nov/2014:14:40:21 +0100] "GET /templates/img/nav.gif HTTP/1.1" 200 1501 "http://www.quartier-bb.de/" "Mozilla/5.0 (Windows NT 6.1; WOW64; Trident/7.0; rv:11.0) like Gecko"
80.153.22.67 - - [03/Nov/2014:14:40:21 +0100] "GET /templates/img/circle.png HTTP/1.1" 200 194 "http://www.quartier-bb.de/" "Mozilla/5.0 (Windows NT 6.1; WOW64; Trident/7.0; rv:11.0) like Gecko"
80.153.22.67 - - [03/Nov/2014:14:40:21 +0100] "GET /templates/img/header.png HTTP/1.1" 200 134243 "http://www.quartier-bb.de/" "Mozilla/5.0 (Windows NT 6.1; WOW64; Trident/7.0; rv:11.0) like Gecko"
80.153.22.67 - - [03/Nov/2014:14:40:21 +0100] "GET /templates/img/loading.gif HTTP/1.1" 200 2767 "http://www.quartier-bb.de/" "Mozilla/5.0 (Windows NT 6.1; WOW64; Trident/7.0; rv:11.0) like Gecko"
80.153.22.67 - - [03/Nov/2014:14:40:21 +0100] "GET /templates/img/closelabel.gif HTTP/1.1" 200 649 "http://www.quartier-bb.de/" "Mozilla/5.0 (Windows NT 6.1; WOW64; Trident/7.0; rv:11.0) like Gecko"
80.153.22.67 - - [03/Nov/2014:14:40:21 +0100] "GET /templates/img/blank.gif HTTP/1.1" 200 43 "http://www.quartier-bb.de/" "Mozilla/5.0 (Windows NT 6.1; WOW64; Trident/7.0; rv:11.0) like Gecko"
80.153.22.67 - - [03/Nov/2014:14:40:21 +0100] "GET /favicon.ico HTTP/1.1" 200 2602 "-" "Mozilla/5.0 (Windows NT 6.1; Win64; x64; Trident/7.0; rv:11.0) like Gecko"
80.153.22.67 - - [03/Nov/2014:14:41:02 +0100] "GET /?leistung,40 HTTP/1.1" 200 7044 "http://www.quartier-bb.de/" "Mozilla/5.0 (Windows NT 6.1; WOW64; Trident/7.0; rv:11.0) like Gecko"
80.153.22.67 - - [03/Nov/2014:14:41:25 +0100] "GET /?unternehmen,35 HTTP/1.1" 200 5693 "http://www.quartier-bb.de/?leistung,40" "Mozilla/5.0 (Windows NT 6.1; WOW64; Trident/7.0; rv:11.0) like Gecko"
80.153.22.67 - - [03/Nov/2014:14:41:37 +0100] "GET /?impressum,15 HTTP/1.1" 200 5152 "http://www.quartier-bb.de/?unternehmen,35" "Mozilla/5.0 (Windows NT 6.1; WOW64; Trident/7.0; rv:11.0) like Gecko"
80.153.22.67 - - [03/Nov/2014:14:41:40 +0100] "GET /?disclaimer,14 HTTP/1.1" 200 7677 "http://www.quartier-bb.de/?impressum,15" "Mozilla/5.0 (Windows NT 6.1; WOW64; Trident/7.0; rv:11.0) like Gecko"
80.153.22.67 - - [03/Nov/2014:14:41:46 +0100] "GET /?leistung,40 HTTP/1.1" 200 7044 "http://www.quartier-bb.de/?disclaimer,14" "Mozilla/5.0 (Windows NT 6.1; WOW64; Trident/7.0; rv:11.0) like Gecko"
80.153.22.67 - - [03/Nov/2014:14:41:47 +0100] "GET /?formular,41 HTTP/1.1" 302 - "http://www.quartier-bb.de/?leistung,40" "Mozilla/5.0 (Windows NT 6.1; WOW64; Trident/7.0; rv:11.0) like Gecko"
66.249.78.159 - - [03/Nov/2014:14:46:19 +0100] "GET /templates/plugins.css HTTP/1.1" 200 1931 "-" "Mozilla/5.0 (compatible; Googlebot/2.1; +http://www.google.com/bot.html)"
157.55.39.250 - - [03/Nov/2014:14:58:04 +0100] "GET /robots.txt HTTP/1.1" 404 1256 "-" "Mozilla/5.0 (compatible; bingbot/2.0; +http://www.bing.com/bingbot.htm)"
66.249.78.159 - - [03/Nov/2014:15:02:11 +0100] "GET /templates/default.css HTTP/1.1" 200 7156 "-" "Mozilla/5.0 (compatible; Googlebot/2.1; +http://www.google.com/bot.html)"
66.249.78.173 - - [03/Nov/2014:21:45:53 +0100] "GET /robots.txt HTTP/1.1" 404 1256 "-" "Mozilla/5.0 (compatible; Googlebot/2.1; +http://www.google.com/bot.html)"
66.249.78.166 - - [03/Nov/2014:21:45:53 +0100] "GET /?kontakt,8 HTTP/1.1" 200 4607 "-" "Mozilla/5.0 (compatible; Googlebot/2.1; +http://www.google.com/bot.html)"
157.55.39.250 - - [04/Nov/2014:03:03:30 +0100] "GET /robots.txt HTTP/1.1" 404 1256 "-" "Mozilla/5.0 (compatible; bingbot/2.0; +http://www.bing.com/bingbot.htm)"
2.138.239.162 - - [04/Nov/2014:03:50:09 +0100] "GET / HTTP/1.1" 200 6789 "-" "Java/1.7.0_45"
2.138.239.162 - - [04/Nov/2014:03:50:11 +0100] "GET /? HTTP/1.1" 200 6789 "-" "Java/1.7.0_45"
2.138.239.162 - - [04/Nov/2014:03:50:12 +0100] "GET /core/common.js HTTP/1.1" 200 2364 "-" "Java/1.7.0_45"
2.138.239.162 - - [04/Nov/2014:03:50:13 +0100] "GET /core/litebox-1.0.js HTTP/1.1" 200 15581 "-" "Java/1.7.0_45"
2.138.239.162 - - [04/Nov/2014:03:50:14 +0100] "GET /core/moo.fx.js HTTP/1.1" 200 3267 "-" "Java/1.7.0_45"
2.138.239.162 - - [04/Nov/2014:03:50:14 +0100] "GET /core/plugins.js HTTP/1.1" 200 28 "-" "Java/1.7.0_45"
2.138.239.162 - - [04/Nov/2014:03:50:15 +0100] "GET /core/prototype.lite.js HTTP/1.1" 200 3335 "-" "Java/1.7.0_45"
2.138.239.162 - - [04/Nov/2014:03:50:15 +0100] "GET //? HTTP/1.1" 200 6789 "-" "Java/1.7.0_45"
2.138.239.162 - - [04/Nov/2014:03:50:15 +0100] "GET //core/common.js HTTP/1.1" 200 2364 "-" "Java/1.7.0_45"
2.138.239.162 - - [04/Nov/2014:03:50:16 +0100] "GET //core/litebox-1.0.js HTTP/1.1" 200 15581 "-" "Java/1.7.0_45"
141.8.147.12 - - [04/Nov/2014:03:51:10 +0100] "GET /robots.txt HTTP/1.1" 404 1256 "-" "Mozilla/5.0 (compatible; YandexBot/3.0; +http://yandex.com/bots)"
141.8.147.12 - - [04/Nov/2014:04:51:39 +0100] "GET /?8&kontakt HTTP/1.1" 200 6789 "-" "Mozilla/5.0 (compatible; YandexBot/3.0; +http://yandex.com/bots)"
66.249.78.159 - - [04/Nov/2014:07:09:33 +0100] "GET / HTTP/1.1" 200 6789 "-" "Mozilla/5.0 (iPhone; CPU iPhone OS 6_0 like Mac OS X) AppleWebKit/536.26 (KHTML, like Gecko) Version/6.0 Mobile/10A5376e Safari/8536.25 (compatible; Googlebot/2.1; +http://www.google.com/bot.html)"
94.135.138.145 - - [04/Nov/2014:08:21:45 +0100] "GET /?impressum,15 HTTP/1.1" 200 5152 "https://www.google.de/" "Mozilla/5.0 (iPad; CPU OS 8_1 like Mac OS X) AppleWebKit/600.1.4 (KHTML, like Gecko) Version/8.0 Mobile/12B410 Safari/600.1.4"
94.135.138.145 - - [04/Nov/2014:08:21:45 +0100] "GET /core/common.js HTTP/1.1" 200 2364 "http://www.quartier-bb.de/?impressum,15" "Mozilla/5.0 (iPad; CPU OS 8_1 like Mac OS X) AppleWebKit/600.1.4 (KHTML, like Gecko) Version/8.0 Mobile/12B410 Safari/600.1.4"
94.135.138.145 - - [04/Nov/2014:08:21:45 +0100] "GET /core/plugins.js HTTP/1.1" 200 28 "http://www.quartier-bb.de/?impressum,15" "Mozilla/5.0 (iPad; CPU OS 8_1 like Mac OS X) AppleWebKit/600.1.4 (KHTML, like Gecko) Version/8.0 Mobile/12B410 Safari/600.1.4"
94.135.138.145 - - [04/Nov/2014:08:21:45 +0100] "GET /core/moo.fx.js HTTP/1.1" 200 3267 "http://www.quartier-bb.de/?impressum,15" "Mozilla/5.0 (iPad; CPU OS 8_1 like Mac OS X) AppleWebKit/600.1.4 (KHTML, like Gecko) Version/8.0 Mobile/12B410 Safari/600.1.4"
94.135.138.145 - - [04/Nov/2014:08:21:45 +0100] "GET /core/prototype.lite.js HTTP/1.1" 200 3335 "http://www.quartier-bb.de/?impressum,15" "Mozilla/5.0 (iPad; CPU OS 8_1 like Mac OS X) AppleWebKit/600.1.4 (KHTML, like Gecko) Version/8.0 Mobile/12B410 Safari/600.1.4"
94.135.138.145 - - [04/Nov/2014:08:21:45 +0100] "GET /core/litebox-1.0.js HTTP/1.1" 200 15581 "http://www.quartier-bb.de/?impressum,15" "Mozilla/5.0 (iPad; CPU OS 8_1 like Mac OS X) AppleWebKit/600.1.4 (KHTML, like Gecko) Version/8.0 Mobile/12B410 Safari/600.1.4"
94.135.138.145 - - [04/Nov/2014:08:21:45 +0100] "GET /templates/default.css HTTP/1.1" 200 7156 "http://www.quartier-bb.de/?impressum,15" "Mozilla/5.0 (iPad; CPU OS 8_1 like Mac OS X) AppleWebKit/600.1.4 (KHTML, like Gecko) Version/8.0 Mobile/12B410 Safari/600.1.4"
94.135.138.145 - - [04/Nov/2014:08:21:45 +0100] "GET /templates/img/logo.gif HTTP/1.1" 200 3859 "http://www.quartier-bb.de/?impressum,15" "Mozilla/5.0 (iPad; CPU OS 8_1 like Mac OS X) AppleWebKit/600.1.4 (KHTML, like Gecko) Version/8.0 Mobile/12B410 Safari/600.1.4"
94.135.138.145 - - [04/Nov/2014:08:21:46 +0100] "GET /templates/plugins.css HTTP/1.1" 200 1931 "http://www.quartier-bb.de/?impressum,15" "Mozilla/5.0 (iPad; CPU OS 8_1 like Mac OS X) AppleWebKit/600.1.4 (KHTML, like Gecko) Version/8.0 Mobile/12B410 Safari/600.1.4"
94.135.138.145 - - [04/Nov/2014:08:21:46 +0100] "GET /templates/img/loading.gif HTTP/1.1" 200 2767 "http://www.quartier-bb.de/?impressum,15" "Mozilla/5.0 (iPad; CPU OS 8_1 like Mac OS X) AppleWebKit/600.1.4 (KHTML, like Gecko) Version/8.0 Mobile/12B410 Safari/600.1.4"
94.135.138.145 - - [04/Nov/2014:08:21:46 +0100] "GET /templates/img/closelabel.gif HTTP/1.1" 200 649 "http://www.quartier-bb.de/?impressum,15" "Mozilla/5.0 (iPad; CPU OS 8_1 like Mac OS X) AppleWebKit/600.1.4 (KHTML, like Gecko) Version/8.0 Mobile/12B410 Safari/600.1.4"
94.135.138.145 - - [04/Nov/2014:08:21:46 +0100] "GET /templates/img/points.gif HTTP/1.1" 200 62 "http://www.quartier-bb.de/?impressum,15" "Mozilla/5.0 (iPad; CPU OS 8_1 like Mac OS X) AppleWebKit/600.1.4 (KHTML, like Gecko) Version/8.0 Mobile/12B410 Safari/600.1.4"
94.135.138.145 - - [04/Nov/2014:08:21:46 +0100] "GET /templates/img/bg.jpg HTTP/1.1" 200 18814 "http://www.quartier-bb.de/?impressum,15" "Mozilla/5.0 (iPad; CPU OS 8_1 like Mac OS X) AppleWebKit/600.1.4 (KHTML, like Gecko) Version/8.0 Mobile/12B410 Safari/600.1.4"
94.135.138.145 - - [04/Nov/2014:08:21:46 +0100] "GET /templates/img/two-columns.gif HTTP/1.1" 200 65 "http://www.quartier-bb.de/?impressum,15" "Mozilla/5.0 (iPad; CPU OS 8_1 like Mac OS X) AppleWebKit/600.1.4 (KHTML, like Gecko) Version/8.0 Mobile/12B410 Safari/600.1.4"
94.135.138.145 - - [04/Nov/2014:08:21:46 +0100] "GET /templates/img/nav.gif HTTP/1.1" 200 1501 "http://www.quartier-bb.de/?impressum,15" "Mozilla/5.0 (iPad; CPU OS 8_1 like Mac OS X) AppleWebKit/600.1.4 (KHTML, like Gecko) Version/8.0 Mobile/12B410 Safari/600.1.4"
94.135.138.145 - - [04/Nov/2014:08:21:46 +0100] "GET /templates/img/circle.png HTTP/1.1" 200 194 "http://www.quartier-bb.de/?impressum,15" "Mozilla/5.0 (iPad; CPU OS 8_1 like Mac OS X) AppleWebKit/600.1.4 (KHTML, like Gecko) Version/8.0 Mobile/12B410 Safari/600.1.4"
94.135.138.145 - - [04/Nov/2014:08:21:46 +0100] "GET /templates/img/header.png HTTP/1.1" 200 134243 "http://www.quartier-bb.de/?impressum,15" "Mozilla/5.0 (iPad; CPU OS 8_1 like Mac OS X) AppleWebKit/600.1.4 (KHTML, like Gecko) Version/8.0 Mobile/12B410 Safari/600.1.4"
94.135.138.145 - - [04/Nov/2014:08:21:55 +0100] "GET / HTTP/1.1" 200 6789 "http://www.quartier-bb.de/?impressum,15" "Mozilla/5.0 (iPad; CPU OS 8_1 like Mac OS X) AppleWebKit/600.1.4 (KHTML, like Gecko) Version/8.0 Mobile/12B410 Safari/600.1.4"
94.135.138.145 - - [04/Nov/2014:08:21:55 +0100] "GET /files/top_left_basic.gif HTTP/1.1" 200 261 "http://www.quartier-bb.de/" "Mozilla/5.0 (iPad; CPU OS 8_1 like Mac OS X) AppleWebKit/600.1.4 (KHTML, like Gecko) Version/8.0 Mobile/12B410 Safari/600.1.4"
94.135.138.145 - - [04/Nov/2014:08:22:17 +0100] "GET /?leistung,40 HTTP/1.1" 200 7044 "http://www.quartier-bb.de/" "Mozilla/5.0 (iPad; CPU OS 8_1 like Mac OS X) AppleWebKit/600.1.4 (KHTML, like Gecko) Version/8.0 Mobile/12B410 Safari/600.1.4"
94.135.138.145 - - [04/Nov/2014:08:22:19 +0100] "GET /?unternehmen,35 HTTP/1.1" 200 5693 "http://www.quartier-bb.de/?leistung,40" "Mozilla/5.0 (iPad; CPU OS 8_1 like Mac OS X) AppleWebKit/600.1.4 (KHTML, like Gecko) Version/8.0 Mobile/12B410 Safari/600.1.4"
94.135.138.145 - - [04/Nov/2014:08:22:43 +0100] "GET /?kontakt,8 HTTP/1.1" 200 4607 "http://www.quartier-bb.de/?unternehmen,35" "Mozilla/5.0 (iPad; CPU OS 8_1 like Mac OS X) AppleWebKit/600.1.4 (KHTML, like Gecko) Version/8.0 Mobile/12B410 Safari/600.1.4"
94.135.138.145 - - [04/Nov/2014:08:22:48 +0100] "GET /?formular,41 HTTP/1.1" 302 - "http://www.quartier-bb.de/?kontakt,8" "Mozilla/5.0 (iPad; CPU OS 8_1 like Mac OS X) AppleWebKit/600.1.4 (KHTML, like Gecko) Version/8.0 Mobile/12B410 Safari/600.1.4"
94.135.138.145 - - [04/Nov/2014:08:22:55 +0100] "GET /?home,1 HTTP/1.1" 200 6789 "http://www.quartier-bb.de/?kontakt,8" "Mozilla/5.0 (iPad; CPU OS 8_1 like Mac OS X) AppleWebKit/600.1.4 (KHTML, like Gecko) Version/8.0 Mobile/12B410 Safari/600.1.4"
94.135.138.145 - - [04/Nov/2014:08:22:58 +0100] "GET /?leistung,40 HTTP/1.1" 200 7044 "http://www.quartier-bb.de/?home,1" "Mozilla/5.0 (iPad; CPU OS 8_1 like Mac OS X) AppleWebKit/600.1.4 (KHTML, like Gecko) Version/8.0 Mobile/12B410 Safari/600.1.4"
84.190.34.36 - - [04/Nov/2014:10:38:54 +0100] "GET /?impressum,15 HTTP/1.1" 200 5152 "http://www.google.de/url?sa=t&rct=j&q=&esrc=s&source=web&cd=1&ved=0CCEQFjAA&url=http%3A%2F%2Fwww.quartier-bb.de%2F%3Fimpressum%2C15&ei=pp5YVN-hN4KuaZCLgPAJ&usg=AFQjCNF7-oIEfhfNqJyTgASGff9SY4adgw&bvm=bv.78677474,d.d2s" "Mozilla/5.0 (Windows NT 6.1; WOW64; rv:32.0) Gecko/20100101 Firefox/32.0"
84.190.34.36 - - [04/Nov/2014:10:38:54 +0100] "GET /core/common.js HTTP/1.1" 200 2364 "http://www.quartier-bb.de/?impressum,15" "Mozilla/5.0 (Windows NT 6.1; WOW64; rv:32.0) Gecko/20100101 Firefox/32.0"
84.190.34.36 - - [04/Nov/2014:10:38:54 +0100] "GET /core/plugins.js HTTP/1.1" 200 28 "http://www.quartier-bb.de/?impressum,15" "Mozilla/5.0 (Windows NT 6.1; WOW64; rv:32.0) Gecko/20100101 Firefox/32.0"
84.190.34.36 - - [04/Nov/2014:10:38:54 +0100] "GET /core/prototype.lite.js HTTP/1.1" 200 3335 "http://www.quartier-bb.de/?impressum,15" "Mozilla/5.0 (Windows NT 6.1; WOW64; rv:32.0) Gecko/20100101 Firefox/32.0"
84.190.34.36 - - [04/Nov/2014:10:38:54 +0100] "GET /core/moo.fx.js HTTP/1.1" 200 3267 "http://www.quartier-bb.de/?impressum,15" "Mozilla/5.0 (Windows NT 6.1; WOW64; rv:32.0) Gecko/20100101 Firefox/32.0"
84.190.34.36 - - [04/Nov/2014:10:38:54 +0100] "GET /core/litebox-1.0.js HTTP/1.1" 200 15581 "http://www.quartier-bb.de/?impressum,15" "Mozilla/5.0 (Windows NT 6.1; WOW64; rv:32.0) Gecko/20100101 Firefox/32.0"
84.190.34.36 - - [04/Nov/2014:10:38:54 +0100] "GET /favicon.ico HTTP/1.1" 200 2602 "-" "Mozilla/5.0 (Windows NT 6.1; WOW64; rv:32.0) Gecko/20100101 Firefox/32.0"
84.190.34.36 - - [04/Nov/2014:10:38:54 +0100] "GET /templates/img/logo.gif HTTP/1.1" 200 3859 "http://www.quartier-bb.de/?impressum,15" "Mozilla/5.0 (Windows NT 6.1; WOW64; rv:32.0) Gecko/20100101 Firefox/32.0"
84.190.34.36 - - [04/Nov/2014:10:38:54 +0100] "GET /templates/default.css HTTP/1.1" 200 7156 "http://www.quartier-bb.de/?impressum,15" "Mozilla/5.0 (Windows NT 6.1; WOW64; rv:32.0) Gecko/20100101 Firefox/32.0"
84.190.34.36 - - [04/Nov/2014:10:38:54 +0100] "GET /templates/plugins.css HTTP/1.1" 200 1931 "http://www.quartier-bb.de/templates/default.css" "Mozilla/5.0 (Windows NT 6.1; WOW64; rv:32.0) Gecko/20100101 Firefox/32.0"
84.190.34.36 - - [04/Nov/2014:10:38:55 +0100] "GET /templates/img/bg.jpg HTTP/1.1" 200 18814 "http://www.quartier-bb.de/templates/default.css" "Mozilla/5.0 (Windows NT 6.1; WOW64; rv:32.0) Gecko/20100101 Firefox/32.0"
84.190.34.36 - - [04/Nov/2014:10:38:55 +0100] "GET /templates/img/points.gif HTTP/1.1" 200 62 "http://www.quartier-bb.de/templates/default.css" "Mozilla/5.0 (Windows NT 6.1; WOW64; rv:32.0) Gecko/20100101 Firefox/32.0"
84.190.34.36 - - [04/Nov/2014:10:38:55 +0100] "GET /templates/img/nav.gif HTTP/1.1" 200 1501 "http://www.quartier-bb.de/templates/default.css" "Mozilla/5.0 (Windows NT 6.1; WOW64; rv:32.0) Gecko/20100101 Firefox/32.0"
84.190.34.36 - - [04/Nov/2014:10:38:55 +0100] "GET /templates/img/two-columns.gif HTTP/1.1" 200 65 "http://www.quartier-bb.de/templates/default.css" "Mozilla/5.0 (Windows NT 6.1; WOW64; rv:32.0) Gecko/20100101 Firefox/32.0"
84.190.34.36 - - [04/Nov/2014:10:38:55 +0100] "GET /templates/img/circle.png HTTP/1.1" 200 194 "http://www.quartier-bb.de/templates/default.css" "Mozilla/5.0 (Windows NT 6.1; WOW64; rv:32.0) Gecko/20100101 Firefox/32.0"
84.190.34.36 - - [04/Nov/2014:10:38:55 +0100] "GET /templates/img/header.png HTTP/1.1" 200 134243 "http://www.quartier-bb.de/templates/default.css" "Mozilla/5.0 (Windows NT 6.1; WOW64; rv:32.0) Gecko/20100101 Firefox/32.0"
84.190.34.36 - - [04/Nov/2014:10:38:55 +0100] "GET /templates/img/loading.gif HTTP/1.1" 200 2767 "http://www.quartier-bb.de/?impressum,15" "Mozilla/5.0 (Windows NT 6.1; WOW64; rv:32.0) Gecko/20100101 Firefox/32.0"
84.190.34.36 - - [04/Nov/2014:10:38:55 +0100] "GET /templates/img/closelabel.gif HTTP/1.1" 200 649 "http://www.quartier-bb.de/?impressum,15" "Mozilla/5.0 (Windows NT 6.1; WOW64; rv:32.0) Gecko/20100101 Firefox/32.0"
194.187.168.1 - - [04/Nov/2014:11:04:08 +0100] "GET /robots.txt HTTP/1.1" 404 1256 "-" "Mozilla/5.0 (compatible; memoryBot/1.20.289 +http://internetmemory.org/en/)"
194.187.168.1 - - [04/Nov/2014:11:04:11 +0100] "GET / HTTP/1.1" 200 6789 "-" "Mozilla/5.0 (compatible; memoryBot/1.20.289 +http://internetmemory.org/en/)"
66.249.78.166 - - [04/Nov/2014:11:34:41 +0100] "GET /robots.txt HTTP/1.1" 404 1256 "-" "Mozilla/5.0 (compatible; Googlebot/2.1; +http://www.google.com/bot.html)"
66.249.78.166 - - [04/Nov/2014:11:34:41 +0100] "GET /?leistung,40 HTTP/1.1" 200 7044 "-" "Mozilla/5.0 (compatible; Googlebot/2.1; +http://www.google.com/bot.html)"
66.249.64.61 - - [04/Nov/2014:15:58:01 +0100] "GET / HTTP/1.1" 200 6789 "-" "DoCoMo/2.0 N905i(c100;TB;W24H16) (compatible; Googlebot-Mobile/2.1; +http://www.google.com/bot.html)"
87.149.168.16 - - [04/Nov/2014:20:31:28 +0100] "GET / HTTP/1.1" 200 6789 "-" "Opera/9.80 (Windows NT 6.1; WOW64) Presto/2.12.388 Version/12.17"
87.149.168.16 - - [04/Nov/2014:20:31:28 +0100] "GET /templates/default.css HTTP/1.1" 200 7156 "-" "Opera/9.80 (Windows NT 6.1; WOW64) Presto/2.12.388 Version/12.17"
87.149.168.16 - - [04/Nov/2014:20:31:28 +0100] "GET /core/common.js HTTP/1.1" 200 2364 "-" "Opera/9.80 (Windows NT 6.1; WOW64) Presto/2.12.388 Version/12.17"
87.149.168.16 - - [04/Nov/2014:20:31:28 +0100] "GET /core/plugins.js HTTP/1.1" 200 28 "-" "Opera/9.80 (Windows NT 6.1; WOW64) Presto/2.12.388 Version/12.17"
87.149.168.16 - - [04/Nov/2014:20:31:28 +0100] "GET /core/prototype.lite.js HTTP/1.1" 200 3335 "-" "Opera/9.80 (Windows NT 6.1; WOW64) Presto/2.12.388 Version/12.17"
