66.249.79.39 - - [19/Jul/2014:08:57:11 +0200] "GET /img/men_01.jpg HTTP/1.1" 200 713 "http://www.prokommunal.com/seiten/kontakt.php" "Mozilla/5.0 (compatible; Googlebot/2.1; +http://www.google.com/bot.html)"
66.249.79.65 - - [19/Jul/2014:08:59:05 +0200] "GET /css/style.css HTTP/1.1" 200 3549 "http://www.prokommunal.com/seiten/kontakt.php" "Mozilla/5.0 (compatible; Googlebot/2.1; +http://www.google.com/bot.html)"
66.249.79.39 - - [19/Jul/2014:08:59:06 +0200] "GET /img/top.gif HTTP/1.1" 200 96 "http://www.prokommunal.com/seiten/kontakt.php" "Mozilla/5.0 (compatible; Googlebot/2.1; +http://www.google.com/bot.html)"
66.249.79.65 - - [19/Jul/2014:08:59:06 +0200] "GET /img/head01.jpg HTTP/1.1" 200 6350 "http://www.prokommunal.com/seiten/kontakt.php" "Mozilla/5.0 (compatible; Googlebot/2.1; +http://www.google.com/bot.html)"
66.249.79.65 - - [19/Jul/2014:08:59:06 +0200] "GET /img/1px_tr.gif HTTP/1.1" 200 43 "http://www.prokommunal.com/seiten/kontakt.php" "Mozilla/5.0 (compatible; Googlebot/2.1; +http://www.google.com/bot.html)"
66.249.79.65 - - [19/Jul/2014:08:59:07 +0200] "GET /img/head02.jpg HTTP/1.1" 200 4929 "http://www.prokommunal.com/seiten/kontakt.php" "Mozilla/5.0 (compatible; Googlebot/2.1; +http://www.google.com/bot.html)"
66.249.79.52 - - [19/Jul/2014:08:59:08 +0200] "GET /img/head03.jpg HTTP/1.1" 200 7610 "http://www.prokommunal.com/seiten/kontakt.php" "Mozilla/5.0 (compatible; Googlebot/2.1; +http://www.google.com/bot.html)"
66.249.79.39 - - [19/Jul/2014:08:59:08 +0200] "GET /img/men_01.jpg HTTP/1.1" 200 713 "http://www.prokommunal.com/seiten/kontakt.php" "Mozilla/5.0 (compatible; Googlebot/2.1; +http://www.google.com/bot.html)"
66.249.79.39 - - [19/Jul/2014:08:59:09 +0200] "GET /redesign/img/bg_foot.gif HTTP/1.1" 200 286 "http://www.prokommunal.com/seiten/kontakt.php" "Mozilla/5.0 (compatible; Googlebot/2.1; +http://www.google.com/bot.html)"
66.249.79.52 - - [19/Jul/2014:08:59:10 +0200] "GET /redesign/img/bg_gelb.jpg HTTP/1.1" 200 368 "http://www.prokommunal.com/seiten/kontakt.php" "Mozilla/5.0 (compatible; Googlebot/2.1; +http://www.google.com/bot.html)"
207.46.13.131 - - [19/Jul/2014:09:01:19 +0200] "GET /seiten/referenzen.htm HTTP/1.1" 200 40559 "-" "Mozilla/5.0 (compatible; bingbot/2.0; +http://www.bing.com/bingbot.htm)"
174.129.191.159 - - [19/Jul/2014:09:03:21 +0200] "GET /seiten/databund.html HTTP/1.0" 200 9125 "-" "InsideView/Nutch-1.5.1"
208.115.113.87 - - [19/Jul/2014:09:05:53 +0200] "GET /robots.txt HTTP/1.1" 404 1256 "-" "Mozilla/5.0 (compatible; DotBot/1.1; http://www.opensiteexplorer.org/dotbot, help@moz.com)"
66.249.79.39 - - [19/Jul/2014:09:14:26 +0200] "GET /seiten/referenzen.htm HTTP/1.1" 304 - "-" "Mozilla/5.0 (compatible; Googlebot/2.1; +http://www.google.com/bot.html)"
123.125.71.56 - - [19/Jul/2014:09:30:19 +0200] "GET / HTTP/1.1" 200 7903 "-" "Mozilla/5.0 (compatible; Baiduspider/2.0; +http://www.baidu.com/search/spider.html)"
220.181.108.83 - - [19/Jul/2014:09:30:19 +0200] "GET / HTTP/1.1" 200 7903 "-" "Mozilla/5.0 (compatible; Baiduspider/2.0; +http://www.baidu.com/search/spider.html)"
174.129.191.159 - - [19/Jul/2014:09:41:27 +0200] "GET /seiten/produkte.htm HTTP/1.0" 200 9105 "-" "InsideView/Nutch-1.5.1"
174.129.191.159 - - [19/Jul/2014:10:34:53 +0200] "GET /scripte/basics.js HTTP/1.0" 200 198 "-" "InsideView/Nutch-1.5.1"
62.212.73.211 - - [19/Jul/2014:10:50:41 +0200] "GET /robots.txt HTTP/1.0" 404 1256 "-" "Mozilla/5.0 (compatible; MJ12bot/v1.4.5; http://www.majestic12.co.uk/bot.php?+)"
62.212.73.211 - - [19/Jul/2014:10:50:42 +0200] "GET / HTTP/1.0" 200 7903 "-" "Mozilla/5.0 (compatible; MJ12bot/v1.4.5; http://www.majestic12.co.uk/bot.php?+)"
66.249.79.39 - - [19/Jul/2014:10:58:16 +0200] "GET /seiten/fsw.htm HTTP/1.1" 304 - "-" "Mozilla/5.0 (compatible; Googlebot/2.1; +http://www.google.com/bot.html)"
174.129.191.159 - - [19/Jul/2014:10:59:09 +0200] "GET /seiten/kontakt.php HTTP/1.0" 200 12788 "-" "InsideView/Nutch-1.5.1"
208.115.113.87 - - [19/Jul/2014:10:59:42 +0200] "GET /seiten/produkte.htm HTTP/1.1" 200 9105 "-" "Mozilla/5.0 (compatible; DotBot/1.1; http://www.opensiteexplorer.org/dotbot, help@moz.com)"
66.249.79.39 - - [19/Jul/2014:12:46:52 +0200] "GET /seiten/referenzen.htm HTTP/1.1" 304 - "-" "Mozilla/5.0 (compatible; Googlebot/2.1; +http://www.google.com/bot.html)"
208.115.113.88 - - [19/Jul/2014:13:22:10 +0200] "GET /robots.txt HTTP/1.1" 404 1256 "-" "Mozilla/5.0 (compatible; DotBot/1.1; http://www.opensiteexplorer.org/dotbot, help@moz.com)"
66.249.74.97 - - [19/Jul/2014:13:31:01 +0200] "GET /robots.txt HTTP/1.1" 404 1256 "-" "Mozilla/5.0 (compatible; Googlebot/2.1; +http://www.google.com/bot.html)"
66.249.74.97 - - [19/Jul/2014:13:31:02 +0200] "GET /seiten/impr.htm HTTP/1.1" 200 8696 "-" "Mozilla/5.0 (compatible; Googlebot/2.1; +http://www.google.com/bot.html)"
66.249.74.97 - - [19/Jul/2014:13:35:15 +0200] "GET /css/style.css HTTP/1.1" 200 3549 "-" "Mozilla/5.0 (compatible; Googlebot/2.1; +http://www.google.com/bot.html)"
66.249.74.97 - - [19/Jul/2014:13:35:16 +0200] "GET /scripte/basics.js HTTP/1.1" 200 198 "-" "Mozilla/5.0 (compatible; Googlebot/2.1; +http://www.google.com/bot.html)"
81.0.199.226 - - [19/Jul/2014:13:52:07 +0200] "GET / HTTP/1.1" 200 7903 "-" "Mozilla/5.0 (Macintosh; Intel Mac OS X 10.7; rv:22.0) Gecko/20100101 Firefox/22.0"
157.55.39.153 - - [19/Jul/2014:14:09:15 +0200] "GET /robots.txt HTTP/1.1" 404 1256 "-" "Mozilla/5.0 (compatible; bingbot/2.0; +http://www.bing.com/bingbot.htm)"
157.55.39.154 - - [19/Jul/2014:14:09:29 +0200] "GET /seiten/impr.htm HTTP/1.1" 304 - "-" "Mozilla/5.0 (compatible; bingbot/2.0; +http://www.bing.com/bingbot.htm)"
66.249.74.63 - - [19/Jul/2014:14:18:18 +0200] "GET /seiten/service.htm HTTP/1.1" 304 - "-" "Mozilla/5.0 (compatible; Googlebot/2.1; +http://www.google.com/bot.html)"
82.192.75.50 - - [19/Jul/2014:14:33:54 +0200] "GET / HTTP/1.1" 200 7903 "-" "Mozilla/5.0 (compatible; Lipperhey SEO Service; http://www.lipperhey.com/)"
82.192.75.50 - - [19/Jul/2014:14:33:58 +0200] "GET / HTTP/1.1" 200 7903 "-" "Mozilla/5.0 (Linux; U; Android 1.6; en-us; xpndr_ihome Build/DRD35) AppleWebKit/528.5+ (KHTML, like Gecko) Version/3.1.2 Mobile Safari/525.20.1"
82.192.75.50 - - [19/Jul/2014:14:33:59 +0200] "GET /robots.txt HTTP/1.1" 404 1256 "-" "Mozilla/5.0 (compatible; Lipperhey SEO Service; http://www.lipperhey.com/)"
82.192.75.50 - - [19/Jul/2014:14:34:00 +0200] "GET /sitemap.xml HTTP/1.1" 404 1256 "-" "Mozilla/5.0 (compatible; Lipperhey SEO Service; http://www.lipperhey.com/)"
82.192.75.50 - - [19/Jul/2014:14:34:00 +0200] "GET / HTTP/1.1" 200 7903 "-" "Mozilla/5.0 (compatible; Lipperhey SEO Service; http://www.lipperhey.com/)"
82.192.75.50 - - [19/Jul/2014:14:34:02 +0200] "GET /seiten/kontakt.php HTTP/1.1" 200 12788 "-" "Mozilla/5.0 (compatible; Lipperhey SEO Service; http://www.lipperhey.com/)"
82.192.75.50 - - [19/Jul/2014:14:34:05 +0200] "GET /seiten/impr.htm HTTP/1.1" 200 8696 "-" "Mozilla/5.0 (compatible; Lipperhey SEO Service; http://www.lipperhey.com/)"
82.192.75.50 - - [19/Jul/2014:14:34:07 +0200] "GET /seiten/service.htm HTTP/1.1" 200 9248 "-" "Mozilla/5.0 (compatible; Lipperhey SEO Service; http://www.lipperhey.com/)"
82.192.75.50 - - [19/Jul/2014:14:34:10 +0200] "GET /seiten/databund.html HTTP/1.1" 200 9125 "-" "Mozilla/5.0 (compatible; Lipperhey SEO Service; http://www.lipperhey.com/)"
82.192.75.50 - - [19/Jul/2014:14:34:12 +0200] "GET /css/style.css HTTP/1.1" 200 3549 "-" "Mozilla/5.0 (compatible; Lipperhey SEO Service; http://www.lipperhey.com/)"
82.192.75.50 - - [19/Jul/2014:14:34:13 +0200] "GET /seiten/referenzen.htm HTTP/1.1" 200 40559 "-" "Mozilla/5.0 (compatible; Lipperhey SEO Service; http://www.lipperhey.com/)"
82.192.75.50 - - [19/Jul/2014:14:34:19 +0200] "GET /seiten/partner.htm HTTP/1.1" 200 9458 "-" "Mozilla/5.0 (compatible; Lipperhey SEO Service; http://www.lipperhey.com/)"
82.192.75.50 - - [19/Jul/2014:14:34:21 +0200] "GET /favicon.ico HTTP/1.1" 200 894 "-" "Mozilla/5.0 (compatible; Lipperhey SEO Service; http://www.lipperhey.com/)"
82.192.75.50 - - [19/Jul/2014:14:34:22 +0200] "GET /seiten/produkte.htm HTTP/1.1" 200 9105 "-" "Mozilla/5.0 (compatible; Lipperhey SEO Service; http://www.lipperhey.com/)"
82.192.75.50 - - [19/Jul/2014:14:34:24 +0200] "GET /seiten/kontroll.htm HTTP/1.1" 200 6599 "-" "Mozilla/5.0 (compatible; Lipperhey SEO Service; http://www.lipperhey.com/)"
82.192.75.50 - - [19/Jul/2014:14:34:28 +0200] "GET /seiten/fsw.htm HTTP/1.1" 200 9961 "-" "Mozilla/5.0 (compatible; Lipperhey SEO Service; http://www.lipperhey.com/)"
82.192.75.50 - - [19/Jul/2014:14:34:30 +0200] "GET /seiten/kraftverkehr.htm HTTP/1.1" 200 9210 "-" "Mozilla/5.0 (compatible; Lipperhey SEO Service; http://www.lipperhey.com/)"
82.192.75.50 - - [19/Jul/2014:14:34:33 +0200] "GET /seiten/fahrlehrerwesen.htm HTTP/1.1" 200 7168 "-" "Mozilla/5.0 (compatible; Lipperhey SEO Service; http://www.lipperhey.com/)"
83.243.48.11 - - [19/Jul/2014:15:15:37 +0200] "GET /gast-fsw/fsw_v53f_1280.zip HTTP/1.1" 304 - "-" "Mozilla/4.0 (compatible;)"
208.115.113.88 - - [19/Jul/2014:15:19:25 +0200] "GET /seiten/partner.htm HTTP/1.1" 200 9458 "-" "Mozilla/5.0 (compatible; DotBot/1.1; http://www.opensiteexplorer.org/dotbot, help@moz.com)"
66.249.74.63 - - [19/Jul/2014:15:21:10 +0200] "GET / HTTP/1.1" 304 - "-" "Mozilla/5.0 (compatible; Googlebot/2.1; +http://www.google.com/bot.html)"
220.181.108.105 - - [19/Jul/2014:15:26:47 +0200] "GET / HTTP/1.1" 200 7903 "-" "Mozilla/5.0 (compatible; Baiduspider/2.0; +http://www.baidu.com/search/spider.html)"
123.125.71.42 - - [19/Jul/2014:15:26:47 +0200] "GET / HTTP/1.1" 200 7903 "-" "Mozilla/5.0 (compatible; Baiduspider/2.0; +http://www.baidu.com/search/spider.html)"
123.125.71.49 - - [19/Jul/2014:17:26:15 +0200] "GET / HTTP/1.1" 200 7903 "-" "Mozilla/5.0 (compatible; Baiduspider/2.0; +http://www.baidu.com/search/spider.html)"
220.181.108.103 - - [19/Jul/2014:17:26:15 +0200] "GET / HTTP/1.1" 200 7903 "-" "Mozilla/5.0 (compatible; Baiduspider/2.0; +http://www.baidu.com/search/spider.html)"
119.63.196.115 - - [19/Jul/2014:18:23:09 +0200] "GET / HTTP/1.1" 200 7903 "-" "Mozilla/5.0 (compatible; Baiduspider/2.0; +http://www.baidu.com/search/spider.html)"
123.125.71.60 - - [19/Jul/2014:18:37:49 +0200] "GET / HTTP/1.1" 200 7903 "-" "Mozilla/5.0 (compatible; Baiduspider/2.0; +http://www.baidu.com/search/spider.html)"
220.181.108.81 - - [19/Jul/2014:18:37:50 +0200] "GET / HTTP/1.1" 200 7903 "-" "Mozilla/5.0 (compatible; Baiduspider/2.0; +http://www.baidu.com/search/spider.html)"
157.55.39.220 - - [19/Jul/2014:18:57:21 +0200] "GET /robots.txt HTTP/1.1" 404 1256 "-" "Mozilla/5.0 (compatible; bingbot/2.0; +http://www.bing.com/bingbot.htm)"
157.55.39.221 - - [19/Jul/2014:18:58:09 +0200] "GET / HTTP/1.1" 200 7903 "-" "Mozilla/5.0 (compatible; bingbot/2.0; +http://www.bing.com/bingbot.htm)"
220.181.108.91 - - [19/Jul/2014:19:37:02 +0200] "GET / HTTP/1.1" 200 7903 "-" "Mozilla/5.0 (compatible; Baiduspider/2.0; +http://www.baidu.com/search/spider.html)"
123.125.71.57 - - [19/Jul/2014:19:37:02 +0200] "GET / HTTP/1.1" 200 7903 "-" "Mozilla/5.0 (compatible; Baiduspider/2.0; +http://www.baidu.com/search/spider.html)"
66.249.74.63 - - [19/Jul/2014:19:55:30 +0200] "GET /robots.txt HTTP/1.1" 404 1256 "-" "Mozilla/5.0 (compatible; Googlebot/2.1; +http://www.google.com/bot.html)"
66.249.74.63 - - [19/Jul/2014:19:55:30 +0200] "GET / HTTP/1.1" 200 7903 "-" "Mozilla/5.0 (compatible; Googlebot/2.1; +http://www.google.com/bot.html)"
37.58.100.137 - - [19/Jul/2014:20:27:30 +0200] "GET /robots.txt HTTP/1.1" 404 1256 "-" "Mozilla/5.0 (compatible; AhrefsBot/5.0; +http://ahrefs.com/robot/)"
141.8.147.12 - - [19/Jul/2014:20:44:21 +0200] "GET /robots.txt HTTP/1.1" 404 1256 "-" "Mozilla/5.0 (compatible; YandexBot/3.0; +http://yandex.com/bots)"
157.55.39.116 - - [19/Jul/2014:22:10:20 +0200] "GET /robots.txt HTTP/1.1" 404 1256 "-" "Mozilla/5.0 (compatible; bingbot/2.0; +http://www.bing.com/bingbot.htm)"
157.55.39.116 - - [19/Jul/2014:22:10:30 +0200] "GET /seiten/fahrlehrerwesen.htm HTTP/1.1" 304 - "-" "Mozilla/5.0 (compatible; bingbot/2.0; +http://www.bing.com/bingbot.htm)"
208.115.111.72 - - [19/Jul/2014:23:19:04 +0200] "GET /robots.txt HTTP/1.1" 404 1256 "-" "Mozilla/5.0 (compatible; DotBot/1.1; http://www.opensiteexplorer.org/dotbot, help@moz.com)"
207.46.13.131 - - [20/Jul/2014:00:12:44 +0200] "GET /seiten/fsw.htm HTTP/1.1" 200 9961 "-" "Mozilla/5.0 (compatible; bingbot/2.0; +http://www.bing.com/bingbot.htm)"
192.99.8.227 - - [20/Jul/2014:00:17:49 +0200] "GET / HTTP/1.1" 200 7903 "http://www.prokommunal.com" "Mozilla/5.0 (Windows NT 6.1; WOW64) AppleWebKit/537.36 (KHTML, like Gecko) Chrome/30.0.1599.101 Safari/537.36"
123.125.71.24 - - [20/Jul/2014:00:25:33 +0200] "GET / HTTP/1.1" 200 7903 "-" "Mozilla/5.0 (compatible; Baiduspider/2.0; +http://www.baidu.com/search/spider.html)"
220.181.108.76 - - [20/Jul/2014:00:25:33 +0200] "GET / HTTP/1.1" 200 7903 "-" "Mozilla/5.0 (compatible; Baiduspider/2.0; +http://www.baidu.com/search/spider.html)"
83.233.207.74 - - [20/Jul/2014:00:57:21 +0200] "GET / HTTP/1.1" 200 7903 "-" "Mozilla/4.0 (CMS Crawler: http://www.cmscrawler.com)"
208.115.111.72 - - [20/Jul/2014:01:04:27 +0200] "GET /seiten/impr.htm HTTP/1.1" 200 8696 "-" "Mozilla/5.0 (compatible; DotBot/1.1; http://www.opensiteexplorer.org/dotbot, help@moz.com)"
66.249.74.63 - - [20/Jul/2014:01:11:09 +0200] "GET /seiten/kraftverkehr.htm HTTP/1.1" 200 9210 "-" "Mozilla/5.0 (iPhone; CPU iPhone OS 6_0 like Mac OS X) AppleWebKit/536.26 (KHTML, like Gecko) Version/6.0 Mobile/10A5376e Safari/8536.25 (compatible; Googlebot/2.1; +http://www.google.com/bot.html)"
5.9.36.119 - - [20/Jul/2014:02:18:07 +0200] "GET /robots.txt HTTP/1.1" 404 1256 "-" "Mozilla/5.0 (compatible; SISTRIX Crawler; http://crawler.sistrix.net/)"
5.9.36.119 - - [20/Jul/2014:02:18:08 +0200] "GET / HTTP/1.1" 206 7903 "-" "Mozilla/5.0 (compatible; SISTRIX Crawler; http://crawler.sistrix.net/)"
141.8.147.12 - - [20/Jul/2014:02:36:29 +0200] "GET /seiten/fahrlehrerwesen.htm HTTP/1.1" 200 7168 "-" "Mozilla/5.0 (compatible; YandexBot/3.0; +http://yandex.com/bots)"
208.115.111.72 - - [20/Jul/2014:03:03:09 +0200] "GET /robots.txt HTTP/1.1" 404 1256 "-" "Mozilla/5.0 (compatible; DotBot/1.1; http://www.opensiteexplorer.org/dotbot, help@moz.com)"
208.115.111.71 - - [20/Jul/2014:03:03:30 +0200] "GET /robots.txt HTTP/1.1" 404 1256 "-" "Mozilla/5.0 (compatible; DotBot/1.1; http://www.opensiteexplorer.org/dotbot, help@moz.com)"
66.249.74.63 - - [20/Jul/2014:03:15:35 +0200] "GET /seiten/referenzen.htmBundesland HTTP/1.1" 404 1256 "-" "Mozilla/5.0 (compatible; Googlebot/2.1; +http://www.google.com/bot.html)"
66.249.74.63 - - [20/Jul/2014:03:27:01 +0200] "GET /seiten/service.htm HTTP/1.1" 304 - "-" "Mozilla/5.0 (compatible; Googlebot/2.1; +http://www.google.com/bot.html)"
66.249.74.63 - - [20/Jul/2014:04:29:53 +0200] "GET /seiten/referenzen.htm HTTP/1.1" 304 - "-" "Mozilla/5.0 (compatible; Googlebot/2.1; +http://www.google.com/bot.html)"
208.115.111.72 - - [20/Jul/2014:04:47:31 +0200] "GET /seiten/ HTTP/1.1" 403 1222 "-" "Mozilla/5.0 (compatible; DotBot/1.1; http://www.opensiteexplorer.org/dotbot, help@moz.com)"
208.115.111.71 - - [20/Jul/2014:04:49:59 +0200] "GET /seiten/?M=D HTTP/1.1" 403 1222 "-" "Mozilla/5.0 (compatible; DotBot/1.1; http://www.opensiteexplorer.org/dotbot, help@moz.com)"
66.249.74.63 - - [20/Jul/2014:05:32:45 +0200] "GET / HTTP/1.1" 304 - "-" "Mozilla/5.0 (compatible; Googlebot/2.1; +http://www.google.com/bot.html)"
81.0.199.226 - - [20/Jul/2014:06:28:31 +0200] "GET / HTTP/1.1" 200 7903 "-" "Mozilla/5.0 (Macintosh; Intel Mac OS X 10.7; rv:22.0) Gecko/20100101 Firefox/22.0"
66.249.74.63 - - [20/Jul/2014:06:35:37 +0200] "GET /seiten/fsw.htm HTTP/1.1" 304 - "-" "Mozilla/5.0 (compatible; Googlebot/2.1; +http://www.google.com/bot.html)"
157.55.39.220 - - [20/Jul/2014:06:42:22 +0200] "GET / HTTP/1.1" 200 7903 "-" "Mozilla/5.0 (compatible; bingbot/2.0; +http://www.bing.com/bingbot.htm)"
207.46.13.35 - - [20/Jul/2014:06:58:47 +0200] "GET /robots.txt HTTP/1.1" 404 1256 "-" "Mozilla/5.0 (compatible; bingbot/2.0; +http://www.bing.com/bingbot.htm)"
207.46.13.35 - - [20/Jul/2014:06:58:49 +0200] "GET / HTTP/1.1" 304 - "-" "Mozilla/5.0 (compatible; bingbot/2.0; +http://www.bing.com/bingbot.htm)"
66.249.74.63 - - [20/Jul/2014:07:44:12 +0200] "GET /seiten/produkte.htm HTTP/1.1" 304 - "-" "Mozilla/5.0 (compatible; Googlebot/2.1; +http://www.google.com/bot.html)"
220.181.108.157 - - [20/Jul/2014:07:49:54 +0200] "GET / HTTP/1.1" 200 7903 "-" "Mozilla/5.0 (compatible; Baiduspider/2.0; +http://www.baidu.com/search/spider.html)"
68.180.224.225 - - [20/Jul/2014:08:03:13 +0200] "GET /robots.txt HTTP/1.1" 404 1256 "-" "Mozilla/5.0 (compatible; Yahoo! Slurp; http://help.yahoo.com/help/us/ysearch/slurp)"
68.180.224.225 - - [20/Jul/2014:08:03:14 +0200] "GET /seiten/referenzen.htm HTTP/1.1" 200 40559 "-" "Mozilla/5.0 (compatible; Yahoo! Slurp; http://help.yahoo.com/help/us/ysearch/slurp)"
141.8.147.12 - - [20/Jul/2014:09:00:23 +0200] "GET /robots.txt HTTP/1.1" 404 1256 "-" "Mozilla/5.0 (compatible; YandexBot/3.0; +http://yandex.com/bots)"
141.8.147.12 - - [20/Jul/2014:09:00:39 +0200] "GET / HTTP/1.1" 200 7903 "-" "Mozilla/5.0 (compatible; YandexBot/3.0; +http://yandex.com/bots)"
208.115.113.88 - - [20/Jul/2014:09:08:16 +0200] "GET /robots.txt HTTP/1.1" 404 1256 "-" "Mozilla/5.0 (compatible; DotBot/1.1; http://www.opensiteexplorer.org/dotbot, help@moz.com)"
93.201.210.74 - - [20/Jul/2014:09:23:49 +0200] "GET / HTTP/1.1" 200 7903 "http://www.google.de/imgres?imgurl=http%3A%2F%2Fwww.prokommunal.com%2Fimg%2Fhead03.jpg&imgrefurl=http%3A%2F%2Fwww.prokommunal.com%2F&h=100&w=346&tbnid=vCAUInIjBLXflM%3A&zoom=1&docid=zubzM43r211qYM&ei=Mm7LU53XEsTsPNrggYAP&tbm=isch&iact=rc&uact=3&dur=538&page=1&start=0&ndsp=22&ved=0CCkQrQMwAw" "Mozilla/5.0 (Windows NT 6.1; WOW64) AppleWebKit/537.36 (KHTML, like Gecko) Chrome/35.0.1916.153 Safari/537.36"
93.201.210.74 - - [20/Jul/2014:09:23:49 +0200] "GET /css/style.css HTTP/1.1" 200 3549 "http://www.prokommunal.com/" "Mozilla/5.0 (Windows NT 6.1; WOW64) AppleWebKit/537.36 (KHTML, like Gecko) Chrome/35.0.1916.153 Safari/537.36"
93.201.210.74 - - [20/Jul/2014:09:23:49 +0200] "GET /scripte/basics.js HTTP/1.1" 200 198 "http://www.prokommunal.com/" "Mozilla/5.0 (Windows NT 6.1; WOW64) AppleWebKit/537.36 (KHTML, like Gecko) Chrome/35.0.1916.153 Safari/537.36"
93.201.210.74 - - [20/Jul/2014:09:23:49 +0200] "GET /img/head01.jpg HTTP/1.1" 200 6350 "http://www.prokommunal.com/" "Mozilla/5.0 (Windows NT 6.1; WOW64) AppleWebKit/537.36 (KHTML, like Gecko) Chrome/35.0.1916.153 Safari/537.36"
93.201.210.74 - - [20/Jul/2014:09:23:49 +0200] "GET /img/head02.jpg HTTP/1.1" 200 4929 "http://www.prokommunal.com/" "Mozilla/5.0 (Windows NT 6.1; WOW64) AppleWebKit/537.36 (KHTML, like Gecko) Chrome/35.0.1916.153 Safari/537.36"
93.201.210.74 - - [20/Jul/2014:09:23:49 +0200] "GET /img/head03.jpg HTTP/1.1" 200 7610 "http://www.prokommunal.com/" "Mozilla/5.0 (Windows NT 6.1; WOW64) AppleWebKit/537.36 (KHTML, like Gecko) Chrome/35.0.1916.153 Safari/537.36"
93.201.210.74 - - [20/Jul/2014:09:23:49 +0200] "GET /redesign/img/bg_gelb.jpg HTTP/1.1" 200 368 "http://www.prokommunal.com/" "Mozilla/5.0 (Windows NT 6.1; WOW64) AppleWebKit/537.36 (KHTML, like Gecko) Chrome/35.0.1916.153 Safari/537.36"
93.201.210.74 - - [20/Jul/2014:09:23:49 +0200] "GET /redesign/img/bg_foot.gif HTTP/1.1" 200 286 "http://www.prokommunal.com/" "Mozilla/5.0 (Windows NT 6.1; WOW64) AppleWebKit/537.36 (KHTML, like Gecko) Chrome/35.0.1916.153 Safari/537.36"
93.201.210.74 - - [20/Jul/2014:09:23:50 +0200] "GET /favicon.ico HTTP/1.1" 200 894 "-" "Mozilla/5.0 (Windows NT 6.1; WOW64) AppleWebKit/537.36 (KHTML, like Gecko) Chrome/35.0.1916.153 Safari/537.36"
93.201.210.74 - - [20/Jul/2014:09:23:59 +0200] "GET /seiten/impr.htm HTTP/1.1" 200 8696 "http://www.prokommunal.com/" "Mozilla/5.0 (Windows NT 6.1; WOW64) AppleWebKit/537.36 (KHTML, like Gecko) Chrome/35.0.1916.153 Safari/537.36"
93.201.210.74 - - [20/Jul/2014:09:23:59 +0200] "GET /img/men_01.jpg HTTP/1.1" 200 713 "http://www.prokommunal.com/seiten/impr.htm" "Mozilla/5.0 (Windows NT 6.1; WOW64) AppleWebKit/537.36 (KHTML, like Gecko) Chrome/35.0.1916.153 Safari/537.36"
93.201.210.74 - - [20/Jul/2014:09:23:59 +0200] "GET /img/top.gif HTTP/1.1" 200 96 "http://www.prokommunal.com/seiten/impr.htm" "Mozilla/5.0 (Windows NT 6.1; WOW64) AppleWebKit/537.36 (KHTML, like Gecko) Chrome/35.0.1916.153 Safari/537.36"
93.201.210.74 - - [20/Jul/2014:09:24:04 +0200] "GET /seiten/service.htm HTTP/1.1" 200 9248 "http://www.prokommunal.com/seiten/impr.htm" "Mozilla/5.0 (Windows NT 6.1; WOW64) AppleWebKit/537.36 (KHTML, like Gecko) Chrome/35.0.1916.153 Safari/537.36"
93.201.210.74 - - [20/Jul/2014:09:24:04 +0200] "GET /redesign/img/term.jpg HTTP/1.1" 200 498 "http://www.prokommunal.com/seiten/service.htm" "Mozilla/5.0 (Windows NT 6.1; WOW64) AppleWebKit/537.36 (KHTML, like Gecko) Chrome/35.0.1916.153 Safari/537.36"
93.201.210.74 - - [20/Jul/2014:09:24:05 +0200] "GET /seiten/referenzen.htm HTTP/1.1" 200 40559 "http://www.prokommunal.com/seiten/service.htm" "Mozilla/5.0 (Windows NT 6.1; WOW64) AppleWebKit/537.36 (KHTML, like Gecko) Chrome/35.0.1916.153 Safari/537.36"
93.201.210.74 - - [20/Jul/2014:09:24:06 +0200] "GET /seiten/partner.htm HTTP/1.1" 200 9458 "http://www.prokommunal.com/seiten/referenzen.htm" "Mozilla/5.0 (Windows NT 6.1; WOW64) AppleWebKit/537.36 (KHTML, like Gecko) Chrome/35.0.1916.153 Safari/537.36"
93.201.210.74 - - [20/Jul/2014:09:24:06 +0200] "GET /img/hsh.jpg HTTP/1.1" 200 5007 "http://www.prokommunal.com/seiten/partner.htm" "Mozilla/5.0 (Windows NT 6.1; WOW64) AppleWebKit/537.36 (KHTML, like Gecko) Chrome/35.0.1916.153 Safari/537.36"
93.201.210.74 - - [20/Jul/2014:09:24:06 +0200] "GET /img/hh.jpg HTTP/1.1" 200 5817 "http://www.prokommunal.com/seiten/partner.htm" "Mozilla/5.0 (Windows NT 6.1; WOW64) AppleWebKit/537.36 (KHTML, like Gecko) Chrome/35.0.1916.153 Safari/537.36"
93.201.210.74 - - [20/Jul/2014:09:24:06 +0200] "GET /img/gz.jpg HTTP/1.1" 200 7757 "http://www.prokommunal.com/seiten/partner.htm" "Mozilla/5.0 (Windows NT 6.1; WOW64) AppleWebKit/537.36 (KHTML, like Gecko) Chrome/35.0.1916.153 Safari/537.36"
93.201.210.74 - - [20/Jul/2014:09:24:06 +0200] "GET /img/komfa1_s.jpg HTTP/1.1" 404 1256 "http://www.prokommunal.com/seiten/partner.htm" "Mozilla/5.0 (Windows NT 6.1; WOW64) AppleWebKit/537.36 (KHTML, like Gecko) Chrome/35.0.1916.153 Safari/537.36"
93.201.210.74 - - [20/Jul/2014:09:24:06 +0200] "GET /img/hk.jpg HTTP/1.1" 200 4852 "http://www.prokommunal.com/seiten/partner.htm" "Mozilla/5.0 (Windows NT 6.1; WOW64) AppleWebKit/537.36 (KHTML, like Gecko) Chrome/35.0.1916.153 Safari/537.36"
93.201.210.74 - - [20/Jul/2014:09:24:06 +0200] "GET /img/databund.jpg HTTP/1.1" 404 1256 "http://www.prokommunal.com/seiten/partner.htm" "Mozilla/5.0 (Windows NT 6.1; WOW64) AppleWebKit/537.36 (KHTML, like Gecko) Chrome/35.0.1916.153 Safari/537.36"
208.115.113.88 - - [20/Jul/2014:10:08:07 +0200] "GET /seiten/kontroll.htm HTTP/1.1" 200 6599 "-" "Mozilla/5.0 (compatible; DotBot/1.1; http://www.opensiteexplorer.org/dotbot, help@moz.com)"
5.9.82.194 - - [20/Jul/2014:10:38:45 +0200] "GET / HTTP/1.1" 200 7903 "-" "Mozilla/5.0 (compatible; 007ac9 Crawler; http://crawler.007ac9.net/)"
5.9.82.194 - - [20/Jul/2014:10:38:45 +0200] "GET /robots.txt HTTP/1.1" 404 1256 "-" "Mozilla/5.0 (compatible; 007ac9 Crawler; http://crawler.007ac9.net/)"
5.9.82.194 - - [20/Jul/2014:10:38:45 +0200] "GET / HTTP/1.1" 200 7903 "-" "Mozilla/5.0 (compatible; 007ac9 Crawler; http://crawler.007ac9.net/)"
5.9.82.194 - - [20/Jul/2014:10:38:46 +0200] "GET /seiten/produkte.htm HTTP/1.1" 200 9105 "-" "Mozilla/5.0 (compatible; 007ac9 Crawler; http://crawler.007ac9.net/)"
5.9.82.194 - - [20/Jul/2014:10:38:46 +0200] "GET /seiten/partner.htm HTTP/1.1" 200 9458 "-" "Mozilla/5.0 (compatible; 007ac9 Crawler; http://crawler.007ac9.net/)"
5.9.82.194 - - [20/Jul/2014:10:38:46 +0200] "GET /seiten/referenzen.htm HTTP/1.1" 200 40559 "-" "Mozilla/5.0 (compatible; 007ac9 Crawler; http://crawler.007ac9.net/)"
5.9.82.194 - - [20/Jul/2014:10:38:52 +0200] "GET /seiten/service.htm HTTP/1.1" 200 9248 "-" "Mozilla/5.0 (compatible; 007ac9 Crawler; http://crawler.007ac9.net/)"
5.9.82.194 - - [20/Jul/2014:10:38:52 +0200] "GET /seiten/kontakt.php HTTP/1.1" 200 12788 "-" "Mozilla/5.0 (compatible; 007ac9 Crawler; http://crawler.007ac9.net/)"
5.9.82.194 - - [20/Jul/2014:10:38:52 +0200] "GET /seiten/impr.htm HTTP/1.1" 200 8696 "-" "Mozilla/5.0 (compatible; 007ac9 Crawler; http://crawler.007ac9.net/)"
5.9.82.194 - - [20/Jul/2014:10:38:53 +0200] "GET /seiten/databund.html HTTP/1.1" 200 9125 "-" "Mozilla/5.0 (compatible; 007ac9 Crawler; http://crawler.007ac9.net/)"
5.9.82.194 - - [20/Jul/2014:10:38:53 +0200] "GET /seiten/fsw.htm HTTP/1.1" 200 9961 "-" "Mozilla/5.0 (compatible; 007ac9 Crawler; http://crawler.007ac9.net/)"
5.9.82.194 - - [20/Jul/2014:10:38:53 +0200] "GET /seiten/fahrlehrerwesen.htm HTTP/1.1" 200 7168 "-" "Mozilla/5.0 (compatible; 007ac9 Crawler; http://crawler.007ac9.net/)"
5.9.82.194 - - [20/Jul/2014:10:38:54 +0200] "GET /seiten/kontroll.htm HTTP/1.1" 200 6599 "-" "Mozilla/5.0 (compatible; 007ac9 Crawler; http://crawler.007ac9.net/)"
5.9.82.194 - - [20/Jul/2014:10:38:54 +0200] "GET /seiten/kraftverkehr.htm HTTP/1.1" 200 9210 "-" "Mozilla/5.0 (compatible; 007ac9 Crawler; http://crawler.007ac9.net/)"
5.9.82.194 - - [20/Jul/2014:10:38:54 +0200] "GET /seiten/ HTTP/1.1" 403 1222 "-" "Mozilla/5.0 (compatible; 007ac9 Crawler; http://crawler.007ac9.net/)"
5.9.82.194 - - [20/Jul/2014:10:38:54 +0200] "GET /seiten/term14.pdf HTTP/1.1" 200 9596 "-" "Mozilla/5.0 (compatible; 007ac9 Crawler; http://crawler.007ac9.net/)"
83.243.48.11 - - [20/Jul/2014:10:56:50 +0200] "GET /gast-fsw/fsw_v53f_1024.zip HTTP/1.1" 304 - "-" "Mozilla/4.0 (compatible;)"
220.181.125.155 - - [20/Jul/2014:11:33:20 +0200] "GET /robots.txt HTTP/1.1" 404 1256 "-" "Sogou web spider/4.0(+http://www.sogou.com/docs/help/webmasters.htm#07)"
220.181.125.155 - - [20/Jul/2014:11:33:22 +0200] "GET / HTTP/1.1" 304 - "-" "Sogou web spider/4.0(+http://www.sogou.com/docs/help/webmasters.htm#07)"
123.125.71.15 - - [20/Jul/2014:12:27:39 +0200] "GET / HTTP/1.1" 200 7903 "-" "Mozilla/5.0 (compatible; Baiduspider/2.0; +http://www.baidu.com/search/spider.html)"
220.181.108.76 - - [20/Jul/2014:12:27:40 +0200] "GET / HTTP/1.1" 200 7903 "-" "Mozilla/5.0 (compatible; Baiduspider/2.0; +http://www.baidu.com/search/spider.html)"
157.55.39.221 - - [20/Jul/2014:12:47:17 +0200] "GET / HTTP/1.1" 304 - "-" "Mozilla/5.0 (compatible; bingbot/2.0; +http://www.bing.com/bingbot.htm)"
207.46.13.131 - - [20/Jul/2014:15:20:14 +0200] "GET /seiten/fsw.htm HTTP/1.1" 200 9961 "-" "Mozilla/5.0 (compatible; bingbot/2.0; +http://www.bing.com/bingbot.htm)"
69.162.142.141 - - [20/Jul/2014:16:59:30 +0200] "GET / HTTP/1.0" 200 7903 "http://www.hh-berlin.de/netzwerke/software.html" "Mozilla/5.0 (Windows; U; Windows NT 5.2; en-US; rv:1.9.0.8) Gecko/2009032609 Firefox/3.0.8 (.NET CLR 3.5.30729)"
199.192.207.146 - - [20/Jul/2014:17:36:37 +0200] "GET /robots.txt HTTP/1.0" 404 1256 "-" "Mozilla/5.0 (compatible; MJ12bot/v1.4.5; http://www.majestic12.co.uk/bot.php?+)"
199.192.207.146 - - [20/Jul/2014:17:36:39 +0200] "GET /seiten/impr.htm HTTP/1.0" 200 8696 "-" "Mozilla/5.0 (compatible; MJ12bot/v1.4.5; http://www.majestic12.co.uk/bot.php?+)"
199.192.207.146 - - [20/Jul/2014:17:36:41 +0200] "GET /seiten/partner.htm HTTP/1.0" 200 9458 "-" "Mozilla/5.0 (compatible; MJ12bot/v1.4.5; http://www.majestic12.co.uk/bot.php?+)"
199.192.207.146 - - [20/Jul/2014:17:36:42 +0200] "GET /seiten/produkte.htm HTTP/1.0" 200 9105 "-" "Mozilla/5.0 (compatible; MJ12bot/v1.4.5; http://www.majestic12.co.uk/bot.php?+)"
199.192.207.146 - - [20/Jul/2014:17:36:44 +0200] "GET /seiten/service.htm HTTP/1.0" 200 9248 "-" "Mozilla/5.0 (compatible; MJ12bot/v1.4.5; http://www.majestic12.co.uk/bot.php?+)"
88.198.56.239 - - [20/Jul/2014:17:38:31 +0200] "GET / HTTP/1.1" 200 7903 "-" "Mozilla/5.0 (Macintosh; Intel Mac OS X 10_5_8) AppleWebKit/534.50.2 (KHTML, like Gecko) Version/5.0.6 Safari/533.22.3"
88.198.56.239 - - [20/Jul/2014:17:38:37 +0200] "GET /seiten/impr.htm HTTP/1.1" 200 8696 "-" "Mozilla/5.0 (Windows NT 6.0; rv:14.0) Gecko/20100101 Firefox/14.0.1"
88.198.56.239 - - [20/Jul/2014:17:38:42 +0200] "GET /seiten/kontakt.php HTTP/1.1" 200 12788 "-" "Mozilla/5.0 (Windows NT 5.1; rv:12.0) Gecko/20120403211507 Firefox/12.0"
83.243.48.11 - - [20/Jul/2014:17:56:01 +0200] "GET /gast-fsw/fsw_v53f_1280.zip HTTP/1.1" 304 - "-" "Mozilla/4.0 (compatible;)"
157.55.39.220 - - [20/Jul/2014:18:15:52 +0200] "GET / HTTP/1.1" 200 7903 "-" "Mozilla/5.0 (compatible; bingbot/2.0; +http://www.bing.com/bingbot.htm)"
157.55.39.229 - - [20/Jul/2014:18:40:53 +0200] "GET /robots.txt HTTP/1.1" 404 1256 "-" "Mozilla/5.0 (compatible; bingbot/2.0; +http://www.bing.com/bingbot.htm)"
157.55.39.229 - - [20/Jul/2014:18:41:40 +0200] "GET /seiten/partner.htm HTTP/1.1" 304 - "-" "Mozilla/5.0 (compatible; bingbot/2.0; +http://www.bing.com/bingbot.htm)"
178.77.126.55 - - [20/Jul/2014:19:51:15 +0200] "GET /robots.txt HTTP/1.1" 404 1256 "-" "Mozilla/5.0 (compatible; CareerBot/1.1; +http://www.career-x.de/bot.html)"
178.77.126.55 - - [20/Jul/2014:19:51:15 +0200] "GET / HTTP/1.1" 200 7903 "-" "Mozilla/5.0 (compatible; CareerBot/1.1; +http://www.career-x.de/bot.html)"
94.242.222.44 - - [20/Jul/2014:20:33:17 +0200] "GET /./seiten/impr.htm HTTP/1.1" 200 8696 "-" "Mozilla/4.0 (compatible; MSIE 8.0; Windows NT 6.1; Trident/4.0)"
208.43.252.200 - - [20/Jul/2014:21:23:10 +0200] "GET /robots.txt HTTP/1.1" 404 1256 "-" "Mozilla/5.0 (compatible; MSIE 9.0; Windows NT 6.1; WOW64; Trident/5.0; chromeframe/19.0.1084.52)"
208.43.252.200 - - [20/Jul/2014:21:23:15 +0200] "GET / HTTP/1.1" 200 7903 "-" "Mozilla/5.0 (compatible; MSIE 9.0; Windows NT 6.1; WOW64; Trident/5.0; chromeframe/19.0.1084.52)"
81.0.199.226 - - [20/Jul/2014:21:26:54 +0200] "GET / HTTP/1.1" 200 7903 "-" "Mozilla/5.0 (Macintosh; Intel Mac OS X 10.7; rv:22.0) Gecko/20100101 Firefox/22.0"
220.181.51.110 - - [20/Jul/2014:21:39:52 +0200] "GET / HTTP/1.1" 200 7903 "-" "Mozilla/5.0 (Windows NT 5.1; rv:6.0.2) Gecko/20100101 Firefox/6.0.2"
141.8.147.12 - - [20/Jul/2014:21:43:26 +0200] "GET /robots.txt HTTP/1.1" 404 1256 "-" "Mozilla/5.0 (compatible; YandexBot/3.0; +http://yandex.com/bots)"
208.115.111.68 - - [20/Jul/2014:22:30:30 +0200] "GET /robots.txt HTTP/1.1" 404 1256 "-" "Mozilla/5.0 (compatible; DotBot/1.1; http://www.opensiteexplorer.org/dotbot, help@moz.com)"
208.115.111.71 - - [20/Jul/2014:23:18:06 +0200] "GET /robots.txt HTTP/1.1" 404 1256 "-" "Mozilla/5.0 (compatible; DotBot/1.1; http://www.opensiteexplorer.org/dotbot, help@moz.com)"
178.255.215.72 - - [21/Jul/2014:00:13:06 +0200] "GET /robots.txt HTTP/1.1" 404 1256 "-" "Mozilla/5.0 (compatible; Exabot/3.0; +http://www.exabot.com/go/robot)"
178.255.215.72 - - [21/Jul/2014:00:13:06 +0200] "GET / HTTP/1.1" 304 - "-" "Mozilla/5.0 (compatible; Exabot/3.0; +http://www.exabot.com/go/robot)"
192.99.9.164 - - [21/Jul/2014:00:17:57 +0200] "GET / HTTP/1.1" 200 7903 "-" "Mozilla/5.0 (Macintosh; Intel Mac OS X 10_8_4) AppleWebKit/537.36 (KHTML, like Gecko) Chrome/27.0.1453.110 Safari/537.36"
123.125.71.49 - - [21/Jul/2014:00:29:38 +0200] "GET / HTTP/1.1" 200 7903 "-" "Mozilla/5.0 (compatible; Baiduspider/2.0; +http://www.baidu.com/search/spider.html)"
220.181.108.107 - - [21/Jul/2014:00:29:38 +0200] "GET / HTTP/1.1" 200 7903 "-" "Mozilla/5.0 (compatible; Baiduspider/2.0; +http://www.baidu.com/search/spider.html)"
208.115.111.68 - - [21/Jul/2014:00:40:16 +0200] "GET /seiten/service.htm HTTP/1.1" 200 9248 "-" "Mozilla/5.0 (compatible; DotBot/1.1; http://www.opensiteexplorer.org/dotbot, help@moz.com)"
208.115.111.71 - - [21/Jul/2014:01:04:46 +0200] "GET /seiten/intern/login3.php HTTP/1.1" 302 - "-" "Mozilla/5.0 (compatible; DotBot/1.1; http://www.opensiteexplorer.org/dotbot, help@moz.com)"
162.210.196.100 - - [21/Jul/2014:01:41:45 +0200] "GET /robots.txt HTTP/1.0" 404 1256 "-" "Mozilla/5.0 (compatible; MJ12bot/v1.4.5; http://www.majestic12.co.uk/bot.php?+)"
162.210.196.100 - - [21/Jul/2014:01:41:46 +0200] "GET / HTTP/1.0" 200 7903 "-" "Mozilla/5.0 (compatible; MJ12bot/v1.4.5; http://www.majestic12.co.uk/bot.php?+)"
208.115.111.72 - - [21/Jul/2014:03:04:22 +0200] "GET /robots.txt HTTP/1.1" 404 1256 "-" "Mozilla/5.0 (compatible; DotBot/1.1; http://www.opensiteexplorer.org/dotbot, help@moz.com)"
178.77.126.55 - - [21/Jul/2014:03:38:34 +0200] "GET /robots.txt HTTP/1.1" 404 1256 "-" "Mozilla/5.0 (compatible; CareerBot/1.1; +http://www.career-x.de/bot.html)"
178.77.126.55 - - [21/Jul/2014:03:38:34 +0200] "GET / HTTP/1.1" 200 7903 "-" "Mozilla/5.0 (compatible; CareerBot/1.1; +http://www.career-x.de/bot.html)"
208.115.111.72 - - [21/Jul/2014:04:01:32 +0200] "GET /seiten/willk.htm HTTP/1.1" 200 7884 "-" "Mozilla/5.0 (compatible; DotBot/1.1; http://www.opensiteexplorer.org/dotbot, help@moz.com)"
141.8.147.12 - - [21/Jul/2014:05:56:40 +0200] "GET /seiten/fahrlehrerwesen.htm HTTP/1.1" 200 7168 "-" "Mozilla/5.0 (compatible; YandexBot/3.0; +http://yandex.com/bots)"
207.46.13.66 - - [21/Jul/2014:06:13:44 +0200] "GET /robots.txt HTTP/1.1" 404 1256 "-" "Mozilla/5.0 (compatible; bingbot/2.0; +http://www.bing.com/bingbot.htm)"
157.55.39.20 - - [21/Jul/2014:06:14:27 +0200] "GET /robots.txt HTTP/1.1" 404 1256 "-" "Mozilla/5.0 (compatible; bingbot/2.0; +http://www.bing.com/bingbot.htm)"
157.55.39.20 - - [21/Jul/2014:06:14:30 +0200] "GET / HTTP/1.1" 200 7903 "-" "Mozilla/5.0 (compatible; bingbot/2.0; +http://www.bing.com/bingbot.htm)"
207.46.13.66 - - [21/Jul/2014:06:14:33 +0200] "GET /seiten/kraftverkehr.htm HTTP/1.1" 304 - "-" "Mozilla/5.0 (compatible; bingbot/2.0; +http://www.bing.com/bingbot.htm)"
148.251.69.136 - - [21/Jul/2014:06:17:33 +0200] "GET /seiten/impr.htm HTTP/1.1" 200 8696 "-" "Mozilla/5.0 (X11; Linux x86_64) AppleWebKit/534.24 (KHTML, like Gecko) Chrome/11.0.696.34 Safari/534.24"
208.115.111.72 - - [21/Jul/2014:07:02:21 +0200] "GET /robots.txt HTTP/1.1" 404 1256 "-" "Mozilla/5.0 (compatible; DotBot/1.1; http://www.opensiteexplorer.org/dotbot, help@moz.com)"
208.115.111.72 - - [21/Jul/2014:07:39:54 +0200] "GET / HTTP/1.1" 200 7903 "-" "Mozilla/5.0 (compatible; DotBot/1.1; http://www.opensiteexplorer.org/dotbot, help@moz.com)"
141.91.136.39 - - [21/Jul/2014:09:02:28 +0200] "GET /seiten/fsw.htm HTTP/1.0" 200 9961 "https://www.google.de/" "Mozilla/5.0 (Windows NT 6.1; WOW64) AppleWebKit/537.36 (KHTML, like Gecko) Chrome/29.0.1548.0 Safari/537.36"
141.91.136.39 - - [21/Jul/2014:09:02:28 +0200] "GET /css/style.css HTTP/1.0" 200 3549 "http://www.prokommunal.com/seiten/fsw.htm" "Mozilla/5.0 (Windows NT 6.1; WOW64) AppleWebKit/537.36 (KHTML, like Gecko) Chrome/29.0.1548.0 Safari/537.36"
141.91.136.39 - - [21/Jul/2014:09:02:28 +0200] "GET /scripte/basics.js HTTP/1.0" 200 198 "http://www.prokommunal.com/seiten/fsw.htm" "Mozilla/5.0 (Windows NT 6.1; WOW64) AppleWebKit/537.36 (KHTML, like Gecko) Chrome/29.0.1548.0 Safari/537.36"
141.91.136.39 - - [21/Jul/2014:09:02:28 +0200] "GET /img/head01.jpg HTTP/1.0" 200 6350 "http://www.prokommunal.com/seiten/fsw.htm" "Mozilla/5.0 (Windows NT 6.1; WOW64) AppleWebKit/537.36 (KHTML, like Gecko) Chrome/29.0.1548.0 Safari/537.36"
141.91.136.39 - - [21/Jul/2014:09:02:29 +0200] "GET /img/head02.jpg HTTP/1.0" 200 4929 "http://www.prokommunal.com/seiten/fsw.htm" "Mozilla/5.0 (Windows NT 6.1; WOW64) AppleWebKit/537.36 (KHTML, like Gecko) Chrome/29.0.1548.0 Safari/537.36"
141.91.136.39 - - [21/Jul/2014:09:02:29 +0200] "GET /img/head03.jpg HTTP/1.0" 200 7610 "http://www.prokommunal.com/seiten/fsw.htm" "Mozilla/5.0 (Windows NT 6.1; WOW64) AppleWebKit/537.36 (KHTML, like Gecko) Chrome/29.0.1548.0 Safari/537.36"
141.91.136.39 - - [21/Jul/2014:09:02:29 +0200] "GET /img/1px_tr.gif HTTP/1.0" 200 43 "http://www.prokommunal.com/seiten/fsw.htm" "Mozilla/5.0 (Windows NT 6.1; WOW64) AppleWebKit/537.36 (KHTML, like Gecko) Chrome/29.0.1548.0 Safari/537.36"
141.91.136.39 - - [21/Jul/2014:09:02:29 +0200] "GET /img/top.gif HTTP/1.0" 200 96 "http://www.prokommunal.com/seiten/fsw.htm" "Mozilla/5.0 (Windows NT 6.1; WOW64) AppleWebKit/537.36 (KHTML, like Gecko) Chrome/29.0.1548.0 Safari/537.36"
141.91.136.39 - - [21/Jul/2014:09:02:29 +0200] "GET /img/men_01.jpg HTTP/1.0" 200 713 "http://www.prokommunal.com/seiten/fsw.htm" "Mozilla/5.0 (Windows NT 6.1; WOW64) AppleWebKit/537.36 (KHTML, like Gecko) Chrome/29.0.1548.0 Safari/537.36"
141.91.136.39 - - [21/Jul/2014:09:02:29 +0200] "GET /img/fsw.jpg HTTP/1.0" 200 10878 "http://www.prokommunal.com/seiten/fsw.htm" "Mozilla/5.0 (Windows NT 6.1; WOW64) AppleWebKit/537.36 (KHTML, like Gecko) Chrome/29.0.1548.0 Safari/537.36"
141.91.136.39 - - [21/Jul/2014:09:02:29 +0200] "GET /redesign/img/bg_gelb.jpg HTTP/1.0" 200 368 "http://www.prokommunal.com/seiten/fsw.htm" "Mozilla/5.0 (Windows NT 6.1; WOW64) AppleWebKit/537.36 (KHTML, like Gecko) Chrome/29.0.1548.0 Safari/537.36"
141.91.136.39 - - [21/Jul/2014:09:02:29 +0200] "GET /redesign/img/bg_foot.gif HTTP/1.0" 200 286 "http://www.prokommunal.com/seiten/fsw.htm" "Mozilla/5.0 (Windows NT 6.1; WOW64) AppleWebKit/537.36 (KHTML, like Gecko) Chrome/29.0.1548.0 Safari/537.36"
141.91.136.39 - - [21/Jul/2014:09:02:29 +0200] "GET /favicon.ico HTTP/1.0" 200 894 "-" "Mozilla/5.0 (Windows NT 6.1; WOW64) AppleWebKit/537.36 (KHTML, like Gecko) Chrome/29.0.1548.0 Safari/537.36"
62.154.206.84 - - [21/Jul/2014:09:36:29 +0200] "GET /gast-fsw/fsw_v53f_1024.zip HTTP/1.1" 200 2478909 "-" "Mozilla/4.0 (compatible; MSIE 8.0; Windows NT 6.1; Trident/4.0; SLCC2; .NET CLR 2.0.50727; .NET CLR 3.5.30729; .NET CLR 3.0.30729; Media Center PC 6.0; InfoPath.3; .NET4.0C; .NET4.0E; Tablet PC 2.0)"
141.8.147.12 - - [21/Jul/2014:09:40:56 +0200] "GET /robots.txt HTTP/1.1" 404 1256 "-" "Mozilla/5.0 (compatible; YandexBot/3.0; +http://yandex.com/bots)"
141.8.147.12 - - [21/Jul/2014:09:40:57 +0200] "GET /robots.txt HTTP/1.1" 404 1256 "-" "Mozilla/5.0 (compatible; YandexBot/3.0; +http://yandex.com/bots)"
141.8.147.12 - - [21/Jul/2014:09:40:57 +0200] "GET /robots.txt HTTP/1.1" 404 1256 "-" "Mozilla/5.0 (compatible; YandexBot/3.0; +http://yandex.com/bots)"
141.8.147.12 - - [21/Jul/2014:09:40:58 +0200] "GET /robots.txt HTTP/1.1" 404 1256 "-" "Mozilla/5.0 (compatible; YandexBot/3.0; +http://yandex.com/bots)"
141.8.147.12 - - [21/Jul/2014:09:40:59 +0200] "GET / HTTP/1.1" 200 7903 "-" "Mozilla/5.0 (compatible; YandexBot/3.0; +http://yandex.com/bots)"
141.8.147.12 - - [21/Jul/2014:09:40:59 +0200] "GET / HTTP/1.1" 200 7903 "-" "Mozilla/5.0 (compatible; YandexBot/3.0; +http://yandex.com/bots)"
141.8.147.12 - - [21/Jul/2014:09:41:00 +0200] "GET / HTTP/1.1" 200 7903 "-" "Mozilla/5.0 (compatible; YandexBot/3.0; +http://yandex.com/bots)"
141.8.147.12 - - [21/Jul/2014:09:41:00 +0200] "GET / HTTP/1.1" 200 7903 "-" "Mozilla/5.0 (compatible; YandexBot/3.0; +http://yandex.com/bots)"
141.8.147.12 - - [21/Jul/2014:09:41:03 +0200] "GET / HTTP/1.1" 200 7903 "-" "Mozilla/5.0 (compatible; YandexBot/3.0; +http://yandex.com/bots)"
141.8.147.12 - - [21/Jul/2014:09:41:03 +0200] "GET / HTTP/1.1" 200 7903 "-" "Mozilla/5.0 (compatible; YandexBot/3.0; +http://yandex.com/bots)"
141.8.147.12 - - [21/Jul/2014:09:41:04 +0200] "GET / HTTP/1.1" 200 7903 "-" "Mozilla/5.0 (compatible; YandexBot/3.0; +http://yandex.com/bots)"
141.8.147.12 - - [21/Jul/2014:09:41:06 +0200] "GET / HTTP/1.1" 200 7903 "-" "Mozilla/5.0 (compatible; YandexBot/3.0; +http://yandex.com/bots)"
195.137.217.9 - - [21/Jul/2014:09:47:26 +0200] "GET /gast-fsw/fsw_v53f_1280.zip HTTP/1.1" 200 2496349 "-" "Mozilla/5.0 (compatible; MSIE 10.0; Windows NT 6.1; Trident/6.0)"
195.137.217.9 - - [21/Jul/2014:09:47:55 +0200] "GET /gast-fsw/fsw_v53f_1024.zip HTTP/1.1" 200 2478909 "-" "Mozilla/5.0 (compatible; MSIE 10.0; Windows NT 6.1; Trident/6.0)"
178.255.215.65 - - [21/Jul/2014:09:56:37 +0200] "GET /robots.txt HTTP/1.1" 404 1256 "-" "Mozilla/5.0 (compatible; Exabot/3.0; +http://www.exabot.com/go/robot)"
178.255.215.65 - - [21/Jul/2014:09:56:37 +0200] "GET / HTTP/1.1" 304 - "-" "Mozilla/5.0 (compatible; Exabot/3.0; +http://www.exabot.com/go/robot)"
194.76.64.12 - - [21/Jul/2014:10:12:04 +0200] "GET / HTTP/1.1" 200 7903 "-" "Mozilla/5.0 (Windows NT 5.1; rv:30.0) Gecko/20100101 Firefox/30.0"
213.168.201.227 - - [21/Jul/2014:10:12:04 +0200] "GET /css/style.css HTTP/1.0" 200 3549 "http://www.prokommunal.com/" "Mozilla/5.0 (Windows NT 5.1; rv:30.0) Gecko/20100101 Firefox/30.0"
194.76.64.12 - - [21/Jul/2014:10:12:04 +0200] "GET /favicon.ico HTTP/1.1" 200 894 "-" "Mozilla/5.0 (Windows NT 5.1; rv:30.0) Gecko/20100101 Firefox/30.0"
213.168.201.227 - - [21/Jul/2014:10:12:04 +0200] "GET /img/head01.jpg HTTP/1.0" 200 6350 "http://www.prokommunal.com/" "Mozilla/5.0 (Windows NT 5.1; rv:30.0) Gecko/20100101 Firefox/30.0"
194.76.64.12 - - [21/Jul/2014:10:12:04 +0200] "GET /redesign/img/bg_gelb.jpg HTTP/1.1" 200 368 "http://www.prokommunal.com/css/style.css" "Mozilla/5.0 (Windows NT 5.1; rv:30.0) Gecko/20100101 Firefox/30.0"
213.168.201.227 - - [21/Jul/2014:10:12:04 +0200] "GET /img/head03.jpg HTTP/1.0" 200 7610 "http://www.prokommunal.com/" "Mozilla/5.0 (Windows NT 5.1; rv:30.0) Gecko/20100101 Firefox/30.0"
194.76.64.12 - - [21/Jul/2014:10:12:04 +0200] "GET /img/head02.jpg HTTP/1.1" 200 4929 "http://www.prokommunal.com/" "Mozilla/5.0 (Windows NT 5.1; rv:30.0) Gecko/20100101 Firefox/30.0"
213.168.201.227 - - [21/Jul/2014:10:12:04 +0200] "GET /redesign/img/bg_foot.gif HTTP/1.0" 200 286 "http://www.prokommunal.com/css/style.css" "Mozilla/5.0 (Windows NT 5.1; rv:30.0) Gecko/20100101 Firefox/30.0"
213.168.201.227 - - [21/Jul/2014:10:12:15 +0200] "GET /seiten/kontakt.php HTTP/1.0" 200 12788 "http://www.prokommunal.com/" "Mozilla/5.0 (Windows NT 5.1; rv:30.0) Gecko/20100101 Firefox/30.0"
213.168.201.227 - - [21/Jul/2014:10:12:16 +0200] "GET /css/style.css HTTP/1.0" 304 - "http://www.prokommunal.com/seiten/kontakt.php" "Mozilla/5.0 (Windows NT 5.1; rv:30.0) Gecko/20100101 Firefox/30.0"
194.76.64.12 - - [21/Jul/2014:10:12:17 +0200] "GET /img/head01.jpg HTTP/1.1" 304 - "http://www.prokommunal.com/seiten/kontakt.php" "Mozilla/5.0 (Windows NT 5.1; rv:30.0) Gecko/20100101 Firefox/30.0"
194.76.64.12 - - [21/Jul/2014:10:12:17 +0200] "GET /img/1px_tr.gif HTTP/1.1" 200 43 "http://www.prokommunal.com/seiten/kontakt.php" "Mozilla/5.0 (Windows NT 5.1; rv:30.0) Gecko/20100101 Firefox/30.0"
213.168.201.227 - - [21/Jul/2014:10:12:17 +0200] "GET /img/top.gif HTTP/1.0" 200 96 "http://www.prokommunal.com/seiten/kontakt.php" "Mozilla/5.0 (Windows NT 5.1; rv:30.0) Gecko/20100101 Firefox/30.0"
194.76.64.12 - - [21/Jul/2014:10:12:17 +0200] "GET /img/head03.jpg HTTP/1.1" 304 - "http://www.prokommunal.com/seiten/kontakt.php" "Mozilla/5.0 (Windows NT 5.1; rv:30.0) Gecko/20100101 Firefox/30.0"
213.168.201.227 - - [21/Jul/2014:10:12:17 +0200] "GET /img/head02.jpg HTTP/1.0" 304 - "http://www.prokommunal.com/seiten/kontakt.php" "Mozilla/5.0 (Windows NT 5.1; rv:30.0) Gecko/20100101 Firefox/30.0"
194.76.64.12 - - [21/Jul/2014:10:12:17 +0200] "GET /redesign/img/bg_gelb.jpg HTTP/1.1" 304 - "http://www.prokommunal.com/css/style.css" "Mozilla/5.0 (Windows NT 5.1; rv:30.0) Gecko/20100101 Firefox/30.0"
194.76.64.12 - - [21/Jul/2014:10:12:17 +0200] "GET /redesign/img/bg_foot.gif HTTP/1.1" 304 - "http://www.prokommunal.com/css/style.css" "Mozilla/5.0 (Windows NT 5.1; rv:30.0) Gecko/20100101 Firefox/30.0"
213.168.201.227 - - [21/Jul/2014:10:12:17 +0200] "GET /img/men_01.jpg HTTP/1.0" 200 713 "http://www.prokommunal.com/seiten/kontakt.php" "Mozilla/5.0 (Windows NT 5.1; rv:30.0) Gecko/20100101 Firefox/30.0"
84.144.76.239 - - [21/Jul/2014:10:16:24 +0200] "GET /seiten/referenzen.htm HTTP/1.1" 200 40559 "-" "Mozilla/5.0 (iPad; CPU OS 7_1_2 like Mac OS X) AppleWebKit/537.51.2 (KHTML, like Gecko) Version/7.0 Mobile/11D257 Safari/9537.53"
84.144.76.239 - - [21/Jul/2014:10:16:25 +0200] "GET /css/style.css HTTP/1.1" 200 3549 "http://www.prokommunal.com/seiten/referenzen.htm" "Mozilla/5.0 (iPad; CPU OS 7_1_2 like Mac OS X) AppleWebKit/537.51.2 (KHTML, like Gecko) Version/7.0 Mobile/11D257 Safari/9537.53"
84.144.76.239 - - [21/Jul/2014:10:16:25 +0200] "GET /scripte/basics.js HTTP/1.1" 200 198 "http://www.prokommunal.com/seiten/referenzen.htm" "Mozilla/5.0 (iPad; CPU OS 7_1_2 like Mac OS X) AppleWebKit/537.51.2 (KHTML, like Gecko) Version/7.0 Mobile/11D257 Safari/9537.53"
84.144.76.239 - - [21/Jul/2014:10:16:25 +0200] "GET /img/head01.jpg HTTP/1.1" 200 6350 "http://www.prokommunal.com/seiten/referenzen.htm" "Mozilla/5.0 (iPad; CPU OS 7_1_2 like Mac OS X) AppleWebKit/537.51.2 (KHTML, like Gecko) Version/7.0 Mobile/11D257 Safari/9537.53"
84.144.76.239 - - [21/Jul/2014:10:16:25 +0200] "GET /img/head02.jpg HTTP/1.1" 200 4929 "http://www.prokommunal.com/seiten/referenzen.htm" "Mozilla/5.0 (iPad; CPU OS 7_1_2 like Mac OS X) AppleWebKit/537.51.2 (KHTML, like Gecko) Version/7.0 Mobile/11D257 Safari/9537.53"
84.144.76.239 - - [21/Jul/2014:10:16:25 +0200] "GET /img/top.gif HTTP/1.1" 200 96 "http://www.prokommunal.com/seiten/referenzen.htm" "Mozilla/5.0 (iPad; CPU OS 7_1_2 like Mac OS X) AppleWebKit/537.51.2 (KHTML, like Gecko) Version/7.0 Mobile/11D257 Safari/9537.53"
84.144.76.239 - - [21/Jul/2014:10:16:25 +0200] "GET /img/men_01.jpg HTTP/1.1" 200 713 "http://www.prokommunal.com/seiten/referenzen.htm" "Mozilla/5.0 (iPad; CPU OS 7_1_2 like Mac OS X) AppleWebKit/537.51.2 (KHTML, like Gecko) Version/7.0 Mobile/11D257 Safari/9537.53"
84.144.76.239 - - [21/Jul/2014:10:16:25 +0200] "GET /img/head03.jpg HTTP/1.1" 200 7610 "http://www.prokommunal.com/seiten/referenzen.htm" "Mozilla/5.0 (iPad; CPU OS 7_1_2 like Mac OS X) AppleWebKit/537.51.2 (KHTML, like Gecko) Version/7.0 Mobile/11D257 Safari/9537.53"
84.144.76.239 - - [21/Jul/2014:10:16:25 +0200] "GET /redesign/img/bg_gelb.jpg HTTP/1.1" 200 368 "http://www.prokommunal.com/seiten/referenzen.htm" "Mozilla/5.0 (iPad; CPU OS 7_1_2 like Mac OS X) AppleWebKit/537.51.2 (KHTML, like Gecko) Version/7.0 Mobile/11D257 Safari/9537.53"
84.144.76.239 - - [21/Jul/2014:10:16:25 +0200] "GET /redesign/img/bg_foot.gif HTTP/1.1" 200 286 "http://www.prokommunal.com/seiten/referenzen.htm" "Mozilla/5.0 (iPad; CPU OS 7_1_2 like Mac OS X) AppleWebKit/537.51.2 (KHTML, like Gecko) Version/7.0 Mobile/11D257 Safari/9537.53"
37.58.100.152 - - [21/Jul/2014:10:38:51 +0200] "GET /robots.txt HTTP/1.1" 404 1256 "-" "Mozilla/5.0 (compatible; AhrefsBot/5.0; +http://ahrefs.com/robot/)"
194.114.62.126 - - [21/Jul/2014:10:45:04 +0200] "GET /scripte/basics.js HTTP/1.1" 200 198 "http://www.prokommunal.com/seiten/referenzen.htm" "Mozilla/5.0 (compatible; MSIE 9.0; Windows NT 6.1; WOW64; Trident/5.0)"
194.114.62.126 - - [21/Jul/2014:10:45:04 +0200] "GET /css/style.css HTTP/1.1" 200 3549 "http://www.prokommunal.com/seiten/referenzen.htm" "Mozilla/5.0 (compatible; MSIE 9.0; Windows NT 6.1; WOW64; Trident/5.0)"
194.114.62.126 - - [21/Jul/2014:10:45:04 +0200] "GET /favicon.ico HTTP/1.1" 200 894 "http://www.prokommunal.com/seiten/referenzen.htm" "Mozilla/5.0 (compatible; MSIE 9.0; Windows NT 6.1; WOW64; Trident/5.0)"
194.114.62.126 - - [21/Jul/2014:10:45:04 +0200] "GET /img/head03.jpg HTTP/1.1" 200 7610 "http://www.prokommunal.com/seiten/referenzen.htm" "Mozilla/5.0 (compatible; MSIE 9.0; Windows NT 6.1; WOW64; Trident/5.0)"
194.114.62.126 - - [21/Jul/2014:10:45:04 +0200] "GET /img/head01.jpg HTTP/1.1" 200 6350 "http://www.prokommunal.com/seiten/referenzen.htm" "Mozilla/5.0 (compatible; MSIE 9.0; Windows NT 6.1; WOW64; Trident/5.0)"
194.114.62.126 - - [21/Jul/2014:10:45:04 +0200] "GET /img/head02.jpg HTTP/1.1" 200 4929 "http://www.prokommunal.com/seiten/referenzen.htm" "Mozilla/5.0 (compatible; MSIE 9.0; Windows NT 6.1; WOW64; Trident/5.0)"
194.114.62.126 - - [21/Jul/2014:10:45:04 +0200] "GET /seiten/referenzen.htm HTTP/1.1" 200 40559 "http://www.google.de/url?sa=t&rct=j&q=&esrc=s&frm=1&source=web&cd=2&ved=0CCwQFjAB&url=http%3A%2F%2Fwww.prokommunal.com%2Fseiten%2Freferenzen.htm&ei=a9LMU6b1Da-S7AbKtYGIAg&usg=AFQjCNFkgiXA2K-qnpOChU4qjRkFaABzmg" "Mozilla/5.0 (compatible; MSIE 9.0; Windows NT 6.1; WOW64; Trident/5.0)"
194.114.62.126 - - [21/Jul/2014:10:45:04 +0200] "GET /css/style.css HTTP/1.1" 304 - "http://www.prokommunal.com/seiten/referenzen.htm" "Mozilla/5.0 (compatible; MSIE 9.0; Windows NT 6.1; WOW64; Trident/5.0)"
194.114.62.126 - - [21/Jul/2014:10:45:04 +0200] "GET /favicon.ico HTTP/1.1" 304 - "http://www.prokommunal.com/seiten/referenzen.htm" "Mozilla/5.0 (compatible; MSIE 9.0; Windows NT 6.1; WOW64; Trident/5.0)"
194.114.62.126 - - [21/Jul/2014:10:45:04 +0200] "GET /img/head01.jpg HTTP/1.1" 304 - "http://www.prokommunal.com/seiten/referenzen.htm" "Mozilla/5.0 (compatible; MSIE 9.0; Windows NT 6.1; WOW64; Trident/5.0)"
194.114.62.126 - - [21/Jul/2014:10:45:04 +0200] "GET /scripte/basics.js HTTP/1.1" 304 - "http://www.prokommunal.com/seiten/referenzen.htm" "Mozilla/5.0 (compatible; MSIE 9.0; Windows NT 6.1; WOW64; Trident/5.0)"
194.114.62.126 - - [21/Jul/2014:10:45:04 +0200] "GET /img/head02.jpg HTTP/1.1" 304 - "http://www.prokommunal.com/seiten/referenzen.htm" "Mozilla/5.0 (compatible; MSIE 9.0; Windows NT 6.1; WOW64; Trident/5.0)"
194.114.62.126 - - [21/Jul/2014:10:45:04 +0200] "GET /img/head03.jpg HTTP/1.1" 304 - "http://www.prokommunal.com/seiten/referenzen.htm" "Mozilla/5.0 (compatible; MSIE 9.0; Windows NT 6.1; WOW64; Trident/5.0)"
194.114.62.126 - - [21/Jul/2014:10:45:04 +0200] "GET /seiten/referenzen.htm HTTP/1.1" 200 40559 "http://www.google.de/url?sa=t&rct=j&q=&esrc=s&frm=1&source=web&cd=2&ved=0CCwQFjAB&url=http%3A%2F%2Fwww.prokommunal.com%2Fseiten%2Freferenzen.htm&ei=a9LMU6b1Da-S7AbKtYGIAg&usg=AFQjCNFkgiXA2K-qnpOChU4qjRkFaABzmg" "Mozilla/5.0 (compatible; MSIE 9.0; Windows NT 6.1; WOW64; Trident/5.0)"
194.114.62.126 - - [21/Jul/2014:10:45:04 +0200] "GET /img/top.gif HTTP/1.1" 200 96 "http://www.prokommunal.com/seiten/referenzen.htm" "Mozilla/5.0 (compatible; MSIE 9.0; Windows NT 6.1; WOW64; Trident/5.0)"
