178.6.18.95 - - [24/Jul/2014:12:53:02 +0200] "GET /img/men_01.jpg HTTP/1.1" 200 713 "http://www.prokommunal.com/seiten/referenzen.htm" "Mozilla/5.0 (Windows NT 6.1; rv:30.0) Gecko/20100101 Firefox/30.0"
178.6.18.95 - - [24/Jul/2014:12:53:02 +0200] "GET /redesign/img/bg_foot.gif HTTP/1.1" 200 286 "http://www.prokommunal.com/css/style.css" "Mozilla/5.0 (Windows NT 6.1; rv:30.0) Gecko/20100101 Firefox/30.0"
157.55.39.21 - - [24/Jul/2014:13:08:13 +0200] "GET /seiten/impr.htm HTTP/1.1" 304 - "-" "Mozilla/5.0 (compatible; bingbot/2.0; +http://www.bing.com/bingbot.htm)"
66.249.78.4 - - [24/Jul/2014:13:25:29 +0200] "GET /seiten/fsw.htm HTTP/1.1" 304 - "-" "Mozilla/5.0 (compatible; Googlebot/2.1; +http://www.google.com/bot.html)"
81.0.199.226 - - [24/Jul/2014:13:25:45 +0200] "GET / HTTP/1.1" 200 7903 "-" "Mozilla/5.0 (Macintosh; Intel Mac OS X 10.7; rv:22.0) Gecko/20100101 Firefox/22.0"
212.59.55.65 - - [24/Jul/2014:14:07:01 +0200] "GET /seiten/databund.html HTTP/1.1" 200 9125 "http://www.google.de/url?sa=t&rct=j&q=&esrc=s&frm=1&source=web&cd=9&ved=0CDoQFjAI&url=http%3A%2F%2Fwww.prokommunal.com%2Fseiten%2Fdatabund.html&ei=jfbQU9KtNIfAOPXegfAP&usg=AFQjCNEWZO1Xsa_TZ8ipewV7YcY4n_l9Pg&bvm=bv.71667212,d.ZWU" "Mozilla/5.0 (compatible; MSIE 9.0; Windows NT 6.1; Trident/5.0)"
212.59.55.65 - - [24/Jul/2014:14:07:01 +0200] "GET /css/style.css HTTP/1.1" 200 3549 "http://www.prokommunal.com/seiten/databund.html" "Mozilla/5.0 (compatible; MSIE 9.0; Windows NT 6.1; Trident/5.0)"
212.59.55.65 - - [24/Jul/2014:14:07:01 +0200] "GET /img/head03.jpg HTTP/1.1" 200 7610 "http://www.prokommunal.com/seiten/databund.html" "Mozilla/5.0 (compatible; MSIE 9.0; Windows NT 6.1; Trident/5.0)"
212.59.55.65 - - [24/Jul/2014:14:07:01 +0200] "GET /css/style.css HTTP/1.1" 200 3549 "http://www.prokommunal.com/seiten/databund.html" "Mozilla/5.0 (compatible; MSIE 9.0; Windows NT 6.1; Trident/5.0)"
212.59.55.65 - - [24/Jul/2014:14:07:01 +0200] "GET /img/head01.jpg HTTP/1.1" 200 6350 "http://www.prokommunal.com/seiten/databund.html" "Mozilla/5.0 (compatible; MSIE 9.0; Windows NT 6.1; Trident/5.0)"
212.59.55.65 - - [24/Jul/2014:14:07:01 +0200] "GET /img/head02.jpg HTTP/1.1" 200 4929 "http://www.prokommunal.com/seiten/databund.html" "Mozilla/5.0 (compatible; MSIE 9.0; Windows NT 6.1; Trident/5.0)"
212.59.55.65 - - [24/Jul/2014:14:07:01 +0200] "GET /scripte/basics.js HTTP/1.1" 200 198 "http://www.prokommunal.com/seiten/databund.html" "Mozilla/5.0 (compatible; MSIE 9.0; Windows NT 6.1; Trident/5.0)"
212.59.55.65 - - [24/Jul/2014:14:07:01 +0200] "GET /img/men_01.jpg HTTP/1.1" 200 713 "http://www.prokommunal.com/seiten/databund.html" "Mozilla/5.0 (compatible; MSIE 9.0; Windows NT 6.1; Trident/5.0)"
212.59.55.65 - - [24/Jul/2014:14:07:01 +0200] "GET /redesign/img/bg_foot.gif HTTP/1.1" 200 286 "http://www.prokommunal.com/seiten/databund.html" "Mozilla/5.0 (compatible; MSIE 9.0; Windows NT 6.1; Trident/5.0)"
212.59.55.65 - - [24/Jul/2014:14:07:01 +0200] "GET /redesign/img/bg_gelb.jpg HTTP/1.1" 200 368 "http://www.prokommunal.com/seiten/databund.html" "Mozilla/5.0 (compatible; MSIE 9.0; Windows NT 6.1; Trident/5.0)"
212.59.55.65 - - [24/Jul/2014:14:07:01 +0200] "GET /favicon.ico HTTP/1.1" 200 894 "-" "Mozilla/5.0 (compatible; MSIE 9.0; Windows NT 6.1; Trident/5.0)"
66.249.78.58 - - [24/Jul/2014:14:23:06 +0200] "GET /seiten/referenzen.htm HTTP/1.1" 304 - "-" "Mozilla/5.0 (compatible; Googlebot/2.1; +http://www.google.com/bot.html)"
62.154.206.84 - - [24/Jul/2014:14:24:16 +0200] "GET / HTTP/1.1" 200 7903 "http://www.google.de/url?url=http://www.prokommunal.com/&rct=j&frm=1&q=&esrc=s&sa=U&ei=x_rQU_LYGPCw7AaU9oHoAg&ved=0CBQQFjAA&usg=AFQjCNE18Vg3B9gLqTMflXvAsgozDS7LIQ" "Mozilla/4.0 (compatible; MSIE 8.0; Windows NT 5.2; Trident/4.0; .NET CLR 1.1.4322; .NET CLR 2.0.50727; .NET CLR 3.0.4506.2152; .NET CLR 3.5.30729; .NET4.0C; .NET4.0E; InfoPath.3)"
62.154.206.84 - - [24/Jul/2014:14:24:16 +0200] "GET /css/style.css HTTP/1.1" 200 3549 "http://www.prokommunal.com/" "Mozilla/4.0 (compatible; MSIE 8.0; Windows NT 5.2; Trident/4.0; .NET CLR 1.1.4322; .NET CLR 2.0.50727; .NET CLR 3.0.4506.2152; .NET CLR 3.5.30729; .NET4.0C; .NET4.0E; InfoPath.3)"
62.154.206.84 - - [24/Jul/2014:14:24:16 +0200] "GET /scripte/basics.js HTTP/1.1" 200 198 "http://www.prokommunal.com/" "Mozilla/4.0 (compatible; MSIE 8.0; Windows NT 5.2; Trident/4.0; .NET CLR 1.1.4322; .NET CLR 2.0.50727; .NET CLR 3.0.4506.2152; .NET CLR 3.5.30729; .NET4.0C; .NET4.0E; InfoPath.3)"
62.154.206.84 - - [24/Jul/2014:14:24:16 +0200] "GET /img/head01.jpg HTTP/1.1" 200 6350 "http://www.prokommunal.com/" "Mozilla/4.0 (compatible; MSIE 8.0; Windows NT 5.2; Trident/4.0; .NET CLR 1.1.4322; .NET CLR 2.0.50727; .NET CLR 3.0.4506.2152; .NET CLR 3.5.30729; .NET4.0C; .NET4.0E; InfoPath.3)"
62.154.206.84 - - [24/Jul/2014:14:24:16 +0200] "GET /img/head02.jpg HTTP/1.1" 200 4929 "http://www.prokommunal.com/" "Mozilla/4.0 (compatible; MSIE 8.0; Windows NT 5.2; Trident/4.0; .NET CLR 1.1.4322; .NET CLR 2.0.50727; .NET CLR 3.0.4506.2152; .NET CLR 3.5.30729; .NET4.0C; .NET4.0E; InfoPath.3)"
62.154.206.84 - - [24/Jul/2014:14:24:16 +0200] "GET /img/head03.jpg HTTP/1.1" 200 7610 "http://www.prokommunal.com/" "Mozilla/4.0 (compatible; MSIE 8.0; Windows NT 5.2; Trident/4.0; .NET CLR 1.1.4322; .NET CLR 2.0.50727; .NET CLR 3.0.4506.2152; .NET CLR 3.5.30729; .NET4.0C; .NET4.0E; InfoPath.3)"
62.154.206.84 - - [24/Jul/2014:14:24:17 +0200] "GET /redesign/img/bg_gelb.jpg HTTP/1.1" 200 368 "http://www.prokommunal.com/" "Mozilla/4.0 (compatible; MSIE 8.0; Windows NT 5.2; Trident/4.0; .NET CLR 1.1.4322; .NET CLR 2.0.50727; .NET CLR 3.0.4506.2152; .NET CLR 3.5.30729; .NET4.0C; .NET4.0E; InfoPath.3)"
62.154.206.84 - - [24/Jul/2014:14:24:17 +0200] "GET /redesign/img/bg_foot.gif HTTP/1.1" 200 286 "http://www.prokommunal.com/" "Mozilla/4.0 (compatible; MSIE 8.0; Windows NT 5.2; Trident/4.0; .NET CLR 1.1.4322; .NET CLR 2.0.50727; .NET CLR 3.0.4506.2152; .NET CLR 3.5.30729; .NET4.0C; .NET4.0E; InfoPath.3)"
62.154.206.84 - - [24/Jul/2014:14:24:17 +0200] "GET /favicon.ico HTTP/1.1" 200 894 "-" "Mozilla/4.0 (compatible; MSIE 8.0; Windows NT 5.2; Trident/4.0; .NET CLR 1.1.4322; .NET CLR 2.0.50727; .NET CLR 3.0.4506.2152; .NET CLR 3.5.30729; .NET4.0C; .NET4.0E; InfoPath.3)"
62.154.206.84 - - [24/Jul/2014:14:24:26 +0200] "GET /seiten/impr.htm HTTP/1.1" 200 8696 "http://www.prokommunal.com/" "Mozilla/4.0 (compatible; MSIE 8.0; Windows NT 5.2; Trident/4.0; .NET CLR 1.1.4322; .NET CLR 2.0.50727; .NET CLR 3.0.4506.2152; .NET CLR 3.5.30729; .NET4.0C; .NET4.0E; InfoPath.3)"
62.154.206.84 - - [24/Jul/2014:14:24:26 +0200] "GET /img/men_01.jpg HTTP/1.1" 200 713 "http://www.prokommunal.com/seiten/impr.htm" "Mozilla/4.0 (compatible; MSIE 8.0; Windows NT 5.2; Trident/4.0; .NET CLR 1.1.4322; .NET CLR 2.0.50727; .NET CLR 3.0.4506.2152; .NET CLR 3.5.30729; .NET4.0C; .NET4.0E; InfoPath.3)"
62.154.206.84 - - [24/Jul/2014:14:24:26 +0200] "GET /img/top.gif HTTP/1.1" 200 96 "http://www.prokommunal.com/seiten/impr.htm" "Mozilla/4.0 (compatible; MSIE 8.0; Windows NT 5.2; Trident/4.0; .NET CLR 1.1.4322; .NET CLR 2.0.50727; .NET CLR 3.0.4506.2152; .NET CLR 3.5.30729; .NET4.0C; .NET4.0E; InfoPath.3)"
62.154.206.84 - - [24/Jul/2014:14:24:29 +0200] "GET /seiten/kontakt.php HTTP/1.1" 200 12788 "http://www.prokommunal.com/seiten/impr.htm" "Mozilla/4.0 (compatible; MSIE 8.0; Windows NT 5.2; Trident/4.0; .NET CLR 1.1.4322; .NET CLR 2.0.50727; .NET CLR 3.0.4506.2152; .NET CLR 3.5.30729; .NET4.0C; .NET4.0E; InfoPath.3)"
62.154.206.84 - - [24/Jul/2014:14:24:30 +0200] "GET /img/1px_tr.gif HTTP/1.1" 200 43 "http://www.prokommunal.com/seiten/kontakt.php" "Mozilla/4.0 (compatible; MSIE 8.0; Windows NT 5.2; Trident/4.0; .NET CLR 1.1.4322; .NET CLR 2.0.50727; .NET CLR 3.0.4506.2152; .NET CLR 3.5.30729; .NET4.0C; .NET4.0E; InfoPath.3)"
62.154.206.84 - - [24/Jul/2014:14:24:35 +0200] "GET /seiten/produkte.htm HTTP/1.1" 200 9105 "http://www.prokommunal.com/seiten/kontakt.php" "Mozilla/4.0 (compatible; MSIE 8.0; Windows NT 5.2; Trident/4.0; .NET CLR 1.1.4322; .NET CLR 2.0.50727; .NET CLR 3.0.4506.2152; .NET CLR 3.5.30729; .NET4.0C; .NET4.0E; InfoPath.3)"
141.15.29.68 - - [24/Jul/2014:14:59:15 +0200] "GET /seiten/kontakt.php HTTP/1.1" 200 12788 "-" "Mozilla/5.0 (compatible; MSIE 10.0; Windows NT 6.1; Trident/6.0)"
81.30.151.220 - - [24/Jul/2014:15:02:09 +0200] "GET /robots.txt HTTP/1.1" 404 1256 "-" "Mozilla/5.0 (compatible; publiclibraryarchive.org/1.0; +crawl@publiclibraryarchive.org)"
81.30.151.220 - - [24/Jul/2014:15:02:10 +0200] "GET / HTTP/1.1" 200 7903 "-" "Mozilla/5.0 (compatible; publiclibraryarchive.org/1.0; +crawl@publiclibraryarchive.org)"
123.125.71.52 - - [24/Jul/2014:15:23:43 +0200] "GET / HTTP/1.1" 200 7903 "-" "Mozilla/5.0 (compatible; Baiduspider/2.0; +http://www.baidu.com/search/spider.html)"
220.181.108.116 - - [24/Jul/2014:15:23:43 +0200] "GET / HTTP/1.1" 200 7903 "-" "Mozilla/5.0 (compatible; Baiduspider/2.0; +http://www.baidu.com/search/spider.html)"
199.58.86.209 - - [24/Jul/2014:15:40:35 +0200] "GET /robots.txt HTTP/1.0" 404 1256 "-" "Mozilla/5.0 (compatible; MJ12bot/v1.4.5; http://www.majestic12.co.uk/bot.php?+)"
199.58.86.209 - - [24/Jul/2014:15:40:38 +0200] "GET / HTTP/1.0" 200 7903 "-" "Mozilla/5.0 (compatible; MJ12bot/v1.4.5; http://www.majestic12.co.uk/bot.php?+)"
66.249.78.65 - - [24/Jul/2014:15:42:18 +0200] "GET /robots.txt HTTP/1.1" 404 1256 "-" "Mozilla/5.0 (compatible; Googlebot/2.1; +http://www.google.com/bot.html)"
66.249.78.58 - - [24/Jul/2014:15:42:19 +0200] "GET /seiten/produkte.htm HTTP/1.1" 304 - "-" "Mozilla/5.0 (compatible; Googlebot/2.1; +http://www.google.com/bot.html)"
220.181.125.155 - - [24/Jul/2014:15:42:41 +0200] "GET /robots.txt HTTP/1.1" 404 1256 "-" "Sogou web spider/4.0(+http://www.sogou.com/docs/help/webmasters.htm#07)"
220.181.125.155 - - [24/Jul/2014:15:42:46 +0200] "GET / HTTP/1.1" 304 - "-" "Sogou web spider/4.0(+http://www.sogou.com/docs/help/webmasters.htm#07)"
66.249.78.89 - - [24/Jul/2014:15:49:31 +0200] "GET / HTTP/1.1" 200 7903 "-" "Mozilla/5.0 (compatible; Googlebot/2.1; +http://www.google.com/bot.html)"
157.55.39.85 - - [24/Jul/2014:16:24:26 +0200] "GET / HTTP/1.1" 200 7903 "-" "Mozilla/5.0 (compatible; bingbot/2.0; +http://www.bing.com/bingbot.htm)"
66.249.78.65 - - [24/Jul/2014:16:32:43 +0200] "GET /seiten/impr.htm HTTP/1.1" 304 - "-" "Mozilla/5.0 (compatible; Googlebot/2.1; +http://www.google.com/bot.html)"
31.183.55.80 - - [24/Jul/2014:17:14:15 +0200] "GET / HTTP/1.1" 200 7903 "-" "Mozilla/4.0 (compatible; MSIE 7.0; Windows NT 6.1; WOW64; Trident/7.0; SLCC2; .NET CLR 2.0.50727; .NET CLR 3.5.30729; .NET CLR 3.0.30729; Media Center PC 6.0; eSobiSubscriber 1.0.0.40; MAAR)"
62.210.122.123 - - [24/Jul/2014:17:19:38 +0200] "GET / HTTP/1.1" 200 7903 "-" "Mozilla/5.0 (Windows NT 6.1; rv:28.0) Gecko/20100101 Firefox/28.0"
66.249.78.4 - - [24/Jul/2014:17:23:08 +0200] "GET /seiten/kontakt.php HTTP/1.1" 200 12788 "-" "Mozilla/5.0 (compatible; Googlebot/2.1; +http://www.google.com/bot.html)"
220.181.108.116 - - [24/Jul/2014:17:23:22 +0200] "GET / HTTP/1.1" 200 7903 "-" "Mozilla/5.0 (compatible; Baiduspider/2.0; +http://www.baidu.com/search/spider.html)"
123.125.71.50 - - [24/Jul/2014:17:23:23 +0200] "GET / HTTP/1.1" 200 7903 "-" "Mozilla/5.0 (compatible; Baiduspider/2.0; +http://www.baidu.com/search/spider.html)"
157.55.39.113 - - [24/Jul/2014:17:29:55 +0200] "GET /robots.txt HTTP/1.1" 404 1256 "-" "Mozilla/5.0 (compatible; bingbot/2.0; +http://www.bing.com/bingbot.htm)"
157.55.39.113 - - [24/Jul/2014:17:31:07 +0200] "GET /seiten/partner.htm HTTP/1.1" 304 - "-" "Mozilla/5.0 (compatible; bingbot/2.0; +http://www.bing.com/bingbot.htm)"
157.55.39.85 - - [24/Jul/2014:18:13:56 +0200] "GET / HTTP/1.1" 200 7903 "-" "Mozilla/5.0 (compatible; bingbot/2.0; +http://www.bing.com/bingbot.htm)"
119.63.196.77 - - [24/Jul/2014:18:22:14 +0200] "GET / HTTP/1.1" 200 7903 "-" "Mozilla/5.0 (compatible; Baiduspider/2.0; +http://www.baidu.com/search/spider.html)"
66.249.78.4 - - [24/Jul/2014:18:27:56 +0200] "GET /seiten/kraftverkehr.htm HTTP/1.1" 304 - "-" "Mozilla/5.0 (compatible; Googlebot/2.1; +http://www.google.com/bot.html)"
209.222.8.59 - - [24/Jul/2014:18:47:06 +0200] "GET / HTTP/1.1" 200 7903 "-" "Mozilla/5.0 (compatible; AhrefsBot/5.0; +http://ahrefs.com/robot/)"
207.46.13.50 - - [24/Jul/2014:18:48:11 +0200] "GET /seiten/impr.htm HTTP/1.1" 200 8696 "-" "Mozilla/5.0 (compatible; bingbot/2.0; +http://www.bing.com/bingbot.htm)"
66.249.78.65 - - [24/Jul/2014:19:32:45 +0200] "GET /seiten/databund.html HTTP/1.1" 304 - "-" "Mozilla/5.0 (compatible; Googlebot/2.1; +http://www.google.com/bot.html)"
66.249.78.4 - - [24/Jul/2014:20:37:34 +0200] "GET /seiten/service.htm HTTP/1.1" 304 - "-" "Mozilla/5.0 (compatible; Googlebot/2.1; +http://www.google.com/bot.html)"
66.249.78.58 - - [24/Jul/2014:21:06:22 +0200] "GET /seiten/produkte.htm HTTP/1.1" 304 - "-" "Mozilla/5.0 (compatible; Googlebot/2.1; +http://www.google.com/bot.html)"
207.46.13.119 - - [24/Jul/2014:21:54:37 +0200] "GET /seiten/databund.html HTTP/1.1" 304 - "-" "Mozilla/5.0 (compatible; bingbot/2.0; +http://www.bing.com/bingbot.htm)"
66.249.78.65 - - [24/Jul/2014:22:25:35 +0200] "GET / HTTP/1.1" 304 - "-" "Mozilla/5.0 (compatible; Googlebot/2.1; +http://www.google.com/bot.html)"
207.46.13.119 - - [24/Jul/2014:22:56:10 +0200] "GET /seiten/service.htm HTTP/1.1" 200 9248 "-" "Mozilla/5.0 (compatible; bingbot/2.0; +http://www.bing.com/bingbot.htm)"
207.46.13.119 - - [24/Jul/2014:22:56:39 +0200] "GET /img/head01.jpg HTTP/1.1" 200 6350 "-" "Mozilla/5.0 (compatible; bingbot/2.0; +http://www.bing.com/bingbot.htm)"
157.55.39.69 - - [24/Jul/2014:23:00:03 +0200] "GET /css/style.css HTTP/1.1" 200 3549 "-" "Mozilla/5.0 (compatible; bingbot/2.0; +http://www.bing.com/bingbot.htm)"
157.55.39.69 - - [24/Jul/2014:23:00:04 +0200] "GET /scripte/basics.js HTTP/1.1" 200 198 "-" "Mozilla/5.0 (compatible; bingbot/2.0; +http://www.bing.com/bingbot.htm)"
157.55.39.69 - - [24/Jul/2014:23:00:04 +0200] "GET /img/head03.jpg HTTP/1.1" 200 7610 "-" "Mozilla/5.0 (compatible; bingbot/2.0; +http://www.bing.com/bingbot.htm)"
144.76.85.195 - - [24/Jul/2014:23:02:48 +0200] "GET / HTTP/1.1" 200 7903 "-" "Mozilla/5.0 (compatible; 007ac9 Crawler; http://crawler.007ac9.net/)"
144.76.85.195 - - [24/Jul/2014:23:02:48 +0200] "GET /robots.txt HTTP/1.1" 404 1256 "-" "Mozilla/5.0 (compatible; 007ac9 Crawler; http://crawler.007ac9.net/)"
144.76.85.195 - - [24/Jul/2014:23:02:48 +0200] "GET / HTTP/1.1" 200 7903 "-" "Mozilla/5.0 (compatible; 007ac9 Crawler; http://crawler.007ac9.net/)"
144.76.85.195 - - [24/Jul/2014:23:02:49 +0200] "GET /seiten/produkte.htm HTTP/1.1" 200 9105 "-" "Mozilla/5.0 (compatible; 007ac9 Crawler; http://crawler.007ac9.net/)"
144.76.85.195 - - [24/Jul/2014:23:02:50 +0200] "GET /seiten/partner.htm HTTP/1.1" 200 9458 "-" "Mozilla/5.0 (compatible; 007ac9 Crawler; http://crawler.007ac9.net/)"
144.76.85.195 - - [24/Jul/2014:23:02:50 +0200] "GET /seiten/referenzen.htm HTTP/1.1" 200 40559 "-" "Mozilla/5.0 (compatible; 007ac9 Crawler; http://crawler.007ac9.net/)"
144.76.85.195 - - [24/Jul/2014:23:02:51 +0200] "GET /seiten/service.htm HTTP/1.1" 200 9248 "-" "Mozilla/5.0 (compatible; 007ac9 Crawler; http://crawler.007ac9.net/)"
144.76.85.195 - - [24/Jul/2014:23:02:52 +0200] "GET /seiten/kontakt.php HTTP/1.1" 200 12788 "-" "Mozilla/5.0 (compatible; 007ac9 Crawler; http://crawler.007ac9.net/)"
144.76.85.195 - - [24/Jul/2014:23:02:52 +0200] "GET /seiten/impr.htm HTTP/1.1" 200 8696 "-" "Mozilla/5.0 (compatible; 007ac9 Crawler; http://crawler.007ac9.net/)"
144.76.85.195 - - [24/Jul/2014:23:02:53 +0200] "GET /seiten/databund.html HTTP/1.1" 200 9125 "-" "Mozilla/5.0 (compatible; 007ac9 Crawler; http://crawler.007ac9.net/)"
144.76.85.195 - - [24/Jul/2014:23:02:53 +0200] "GET /seiten/fsw.htm HTTP/1.1" 200 9961 "-" "Mozilla/5.0 (compatible; 007ac9 Crawler; http://crawler.007ac9.net/)"
144.76.85.195 - - [24/Jul/2014:23:02:53 +0200] "GET /seiten/fahrlehrerwesen.htm HTTP/1.1" 200 7168 "-" "Mozilla/5.0 (compatible; 007ac9 Crawler; http://crawler.007ac9.net/)"
144.76.85.195 - - [24/Jul/2014:23:02:53 +0200] "GET /seiten/kontroll.htm HTTP/1.1" 200 6599 "-" "Mozilla/5.0 (compatible; 007ac9 Crawler; http://crawler.007ac9.net/)"
144.76.85.195 - - [24/Jul/2014:23:02:54 +0200] "GET /seiten/kraftverkehr.htm HTTP/1.1" 200 9210 "-" "Mozilla/5.0 (compatible; 007ac9 Crawler; http://crawler.007ac9.net/)"
144.76.85.195 - - [24/Jul/2014:23:02:54 +0200] "GET /seiten/ HTTP/1.1" 403 1222 "-" "Mozilla/5.0 (compatible; 007ac9 Crawler; http://crawler.007ac9.net/)"
123.125.71.57 - - [24/Jul/2014:23:23:59 +0200] "GET / HTTP/1.1" 200 7903 "-" "Mozilla/5.0 (compatible; Baiduspider/2.0; +http://www.baidu.com/search/spider.html)"
220.181.108.101 - - [24/Jul/2014:23:23:59 +0200] "GET / HTTP/1.1" 200 7903 "-" "Mozilla/5.0 (compatible; Baiduspider/2.0; +http://www.baidu.com/search/spider.html)"
157.55.39.132 - - [24/Jul/2014:23:27:21 +0200] "GET /img/head02.jpg HTTP/1.1" 200 4929 "-" "Mozilla/5.0 (compatible; bingbot/2.0; +http://www.bing.com/bingbot.htm)"
157.55.39.132 - - [24/Jul/2014:23:27:21 +0200] "GET /img/men_01.jpg HTTP/1.1" 200 713 "-" "Mozilla/5.0 (compatible; bingbot/2.0; +http://www.bing.com/bingbot.htm)"
207.46.13.119 - - [24/Jul/2014:23:39:58 +0200] "GET /seiten/kraftverkehr.htm HTTP/1.1" 200 9210 "-" "Mozilla/5.0 (compatible; bingbot/2.0; +http://www.bing.com/bingbot.htm)"
199.30.24.84 - - [24/Jul/2014:23:57:56 +0200] "GET /redesign/img/bg_gelb.jpg HTTP/1.1" 200 368 "http://www.prokommunal.com/seiten/service.htm" "Mozilla/5.0 (Windows NT 6.1; WOW64) AppleWebKit/534+ (KHTML, like Gecko) BingPreview/1.0b"
199.30.24.84 - - [24/Jul/2014:23:57:56 +0200] "GET /redesign/img/bg_foot.gif HTTP/1.1" 200 286 "http://www.prokommunal.com/seiten/service.htm" "Mozilla/5.0 (Windows NT 6.1; WOW64) AppleWebKit/534+ (KHTML, like Gecko) BingPreview/1.0b"
199.30.24.84 - - [24/Jul/2014:23:57:56 +0200] "GET /redesign/img/term.jpg HTTP/1.1" 200 498 "http://www.prokommunal.com/seiten/service.htm" "Mozilla/5.0 (Windows NT 6.1; WOW64) AppleWebKit/534+ (KHTML, like Gecko) BingPreview/1.0b"
123.125.71.51 - - [25/Jul/2014:00:22:53 +0200] "GET / HTTP/1.1" 200 7903 "-" "Mozilla/5.0 (compatible; Baiduspider/2.0; +http://www.baidu.com/search/spider.html)"
220.181.108.106 - - [25/Jul/2014:00:22:53 +0200] "GET / HTTP/1.1" 200 7903 "-" "Mozilla/5.0 (compatible; Baiduspider/2.0; +http://www.baidu.com/search/spider.html)"
207.46.13.50 - - [25/Jul/2014:02:27:00 +0200] "GET /seiten/fahrlehrerwesen.htm HTTP/1.1" 200 7168 "-" "Mozilla/5.0 (compatible; bingbot/2.0; +http://www.bing.com/bingbot.htm)"
207.46.13.76 - - [25/Jul/2014:02:57:40 +0200] "GET / HTTP/1.1" 304 - "-" "Mozilla/5.0 (compatible; bingbot/2.0; +http://www.bing.com/bingbot.htm)"
123.125.71.36 - - [25/Jul/2014:04:24:41 +0200] "GET / HTTP/1.1" 200 7903 "-" "Mozilla/5.0 (compatible; Baiduspider/2.0; +http://www.baidu.com/search/spider.html)"
220.181.108.80 - - [25/Jul/2014:04:24:41 +0200] "GET / HTTP/1.1" 200 7903 "-" "Mozilla/5.0 (compatible; Baiduspider/2.0; +http://www.baidu.com/search/spider.html)"
66.249.78.65 - - [25/Jul/2014:04:55:54 +0200] "GET /robots.txt HTTP/1.1" 404 1256 "-" "Mozilla/5.0 (compatible; Googlebot/2.1; +http://www.google.com/bot.html)"
66.249.78.4 - - [25/Jul/2014:04:55:54 +0200] "GET /seiten/produkte.htm HTTP/1.1" 200 9105 "-" "SAMSUNG-SGH-E250/1.0 Profile/MIDP-2.0 Configuration/CLDC-1.1 UP.Browser/6.2.3.3.c.1.101 (GUI) MMP/2.0 (compatible; Googlebot-Mobile/2.1; +http://www.google.com/bot.html)"
81.0.199.226 - - [25/Jul/2014:06:11:39 +0200] "GET / HTTP/1.1" 200 7903 "-" "Mozilla/5.0 (Macintosh; Intel Mac OS X 10.7; rv:22.0) Gecko/20100101 Firefox/22.0"
157.55.39.130 - - [25/Jul/2014:06:38:59 +0200] "GET / HTTP/1.1" 200 7903 "-" "Mozilla/5.0 (compatible; bingbot/2.0; +http://www.bing.com/bingbot.htm)"
87.163.128.194 - - [25/Jul/2014:08:38:03 +0200] "GET /gast-fsw/da2_gersheim.zip HTTP/1.1" 200 3458331 "-" "Mozilla/5.0 (Windows NT 6.1; WOW64; rv:30.0) Gecko/20100101 Firefox/30.0"
87.163.128.194 - - [25/Jul/2014:08:38:29 +0200] "GET /gast-fsw/da2_gersheim.zip HTTP/1.1" 200 3458331 "-" "Mozilla/5.0 (Windows NT 6.1; WOW64; rv:30.0) Gecko/20100101 Firefox/30.0"
141.8.147.12 - - [25/Jul/2014:09:40:42 +0200] "GET /robots.txt HTTP/1.1" 404 1256 "-" "Mozilla/5.0 (compatible; YandexBot/3.0; +http://yandex.com/bots)"
141.8.147.12 - - [25/Jul/2014:09:40:43 +0200] "GET /robots.txt HTTP/1.1" 404 1256 "-" "Mozilla/5.0 (compatible; YandexBot/3.0; +http://yandex.com/bots)"
141.8.147.12 - - [25/Jul/2014:09:40:43 +0200] "GET /robots.txt HTTP/1.1" 404 1256 "-" "Mozilla/5.0 (compatible; YandexBot/3.0; +http://yandex.com/bots)"
141.8.147.12 - - [25/Jul/2014:09:40:44 +0200] "GET /robots.txt HTTP/1.1" 404 1256 "-" "Mozilla/5.0 (compatible; YandexBot/3.0; +http://yandex.com/bots)"
141.8.147.12 - - [25/Jul/2014:09:40:44 +0200] "GET / HTTP/1.1" 200 7903 "-" "Mozilla/5.0 (compatible; YandexBot/3.0; +http://yandex.com/bots)"
141.8.147.12 - - [25/Jul/2014:09:40:45 +0200] "GET / HTTP/1.1" 200 7903 "-" "Mozilla/5.0 (compatible; YandexBot/3.0; +http://yandex.com/bots)"
141.8.147.12 - - [25/Jul/2014:09:40:45 +0200] "GET / HTTP/1.1" 200 7903 "-" "Mozilla/5.0 (compatible; YandexBot/3.0; +http://yandex.com/bots)"
141.8.147.12 - - [25/Jul/2014:09:40:46 +0200] "GET / HTTP/1.1" 200 7903 "-" "Mozilla/5.0 (compatible; YandexBot/3.0; +http://yandex.com/bots)"
141.8.147.12 - - [25/Jul/2014:09:40:48 +0200] "GET / HTTP/1.1" 200 7903 "-" "Mozilla/5.0 (compatible; YandexBot/3.0; +http://yandex.com/bots)"
141.8.147.12 - - [25/Jul/2014:09:40:49 +0200] "GET / HTTP/1.1" 200 7903 "-" "Mozilla/5.0 (compatible; YandexBot/3.0; +http://yandex.com/bots)"
141.8.147.12 - - [25/Jul/2014:09:40:49 +0200] "GET / HTTP/1.1" 200 7903 "-" "Mozilla/5.0 (compatible; YandexBot/3.0; +http://yandex.com/bots)"
141.8.147.12 - - [25/Jul/2014:09:40:50 +0200] "GET / HTTP/1.1" 200 7903 "-" "Mozilla/5.0 (compatible; YandexBot/3.0; +http://yandex.com/bots)"
157.55.39.248 - - [25/Jul/2014:11:06:18 +0200] "GET /seiten/referenzen.htm HTTP/1.1" 304 - "-" "Mozilla/5.0 (compatible; bingbot/2.0; +http://www.bing.com/bingbot.htm)"
84.38.65.176 - - [25/Jul/2014:11:33:31 +0200] "GET / HTTP/1.1" 200 7903 "http://www.sumaja.de/" "T-Online Browser (Windows NT 6.1; de)"
85.25.202.18 - - [25/Jul/2014:11:33:31 +0200] "GET / HTTP/1.0" 200 7903 "-" "-"
85.25.202.18 - - [25/Jul/2014:11:33:31 +0200] "GET / HTTP/1.0" 200 7903 "-" "-"
192.99.19.154 - - [25/Jul/2014:12:23:28 +0200] "GET / HTTP/1.1" 200 7903 "-" "Mozilla/5.0 (Windows NT 6.1; WOW64; Trident/7.0; rv:11.0) like Gecko"
192.99.19.154 - - [25/Jul/2014:12:23:54 +0200] "GET /./seiten/produkte.htm HTTP/1.1" 200 9105 "-" "Mozilla/5.0 (Windows NT 6.1; WOW64; Trident/7.0; rv:11.0) like Gecko"
192.99.19.154 - - [25/Jul/2014:12:24:29 +0200] "GET /./seiten/partner.htm HTTP/1.1" 200 9458 "-" "Mozilla/5.0 (Windows NT 6.1; WOW64; Trident/7.0; rv:11.0) like Gecko"
192.99.19.154 - - [25/Jul/2014:12:25:05 +0200] "GET /./seiten/referenzen.htm HTTP/1.1" 200 40559 "-" "Mozilla/5.0 (Windows NT 6.1; WOW64; Trident/7.0; rv:11.0) like Gecko"
192.99.19.154 - - [25/Jul/2014:12:25:41 +0200] "GET /./seiten/service.htm HTTP/1.1" 200 9248 "-" "Mozilla/5.0 (Windows NT 6.1; WOW64; Trident/7.0; rv:11.0) like Gecko"
192.99.19.154 - - [25/Jul/2014:12:26:16 +0200] "GET /./seiten/kontakt.php HTTP/1.1" 200 12788 "-" "Mozilla/5.0 (Windows NT 6.1; WOW64; Trident/7.0; rv:11.0) like Gecko"
192.99.19.154 - - [25/Jul/2014:12:26:42 +0200] "GET /./seiten/impr.htm HTTP/1.1" 200 8696 "-" "Mozilla/5.0 (Windows NT 6.1; WOW64; Trident/7.0; rv:11.0) like Gecko"
192.99.19.154 - - [25/Jul/2014:12:27:18 +0200] "GET /./seiten/databund.html HTTP/1.1" 200 9125 "-" "Mozilla/5.0 (Windows NT 6.1; WOW64; Trident/7.0; rv:11.0) like Gecko"
192.99.19.154 - - [25/Jul/2014:12:27:53 +0200] "GET /seiten/produkte.htm HTTP/1.1" 200 9105 "-" "Mozilla/5.0 (Windows NT 6.1; WOW64; Trident/7.0; rv:11.0) like Gecko"
192.99.19.154 - - [25/Jul/2014:12:28:19 +0200] "GET /seiten/partner.htm HTTP/1.1" 200 9458 "-" "Mozilla/5.0 (Windows NT 6.1; WOW64; Trident/7.0; rv:11.0) like Gecko"
192.99.19.154 - - [25/Jul/2014:12:28:54 +0200] "GET /seiten/referenzen.htm HTTP/1.1" 200 40559 "-" "Mozilla/5.0 (Windows NT 6.1; WOW64; Trident/7.0; rv:11.0) like Gecko"
192.99.19.154 - - [25/Jul/2014:12:29:20 +0200] "GET /seiten/service.htm HTTP/1.1" 200 9248 "-" "Mozilla/5.0 (Windows NT 6.1; WOW64; Trident/7.0; rv:11.0) like Gecko"
192.99.19.154 - - [25/Jul/2014:12:29:56 +0200] "GET /seiten/kontakt.php HTTP/1.1" 200 12788 "-" "Mozilla/5.0 (Windows NT 6.1; WOW64; Trident/7.0; rv:11.0) like Gecko"
192.99.19.154 - - [25/Jul/2014:12:30:21 +0200] "GET /seiten/impr.htm HTTP/1.1" 200 8696 "-" "Mozilla/5.0 (Windows NT 6.1; WOW64; Trident/7.0; rv:11.0) like Gecko"
192.99.19.154 - - [25/Jul/2014:12:30:57 +0200] "GET /./seiten/fsw.htm HTTP/1.1" 200 9961 "-" "Mozilla/5.0 (Windows NT 6.1; WOW64; Trident/7.0; rv:11.0) like Gecko"
192.99.19.154 - - [25/Jul/2014:12:31:02 +0200] "GET /./seiten/fahrlehrerwesen.htm HTTP/1.1" 200 7168 "-" "Mozilla/5.0 (Windows NT 6.1; WOW64; Trident/7.0; rv:11.0) like Gecko"
192.99.19.154 - - [25/Jul/2014:12:31:48 +0200] "GET /./seiten/kontroll.htm HTTP/1.1" 200 6599 "-" "Mozilla/5.0 (Windows NT 6.1; WOW64; Trident/7.0; rv:11.0) like Gecko"
192.99.19.154 - - [25/Jul/2014:12:32:23 +0200] "GET /./seiten/kraftverkehr.htm HTTP/1.1" 200 9210 "-" "Mozilla/5.0 (Windows NT 6.1; WOW64; Trident/7.0; rv:11.0) like Gecko"
192.99.19.154 - - [25/Jul/2014:12:32:49 +0200] "GET /./seiten/mailto:service@prokommunal.com HTTP/1.1" 404 1256 "-" "Mozilla/5.0 (Windows NT 6.1; WOW64; Trident/7.0; rv:11.0) like Gecko"
192.99.19.154 - - [25/Jul/2014:12:33:15 +0200] "GET /seiten/term14.pdf HTTP/1.1" 200 9596 "-" "Mozilla/5.0 (Windows NT 6.1; WOW64; Trident/7.0; rv:11.0) like Gecko"
192.99.19.154 - - [25/Jul/2014:12:33:40 +0200] "GET /./seiten/mailto:info@prokommunal.com HTTP/1.1" 404 1256 "-" "Mozilla/5.0 (Windows NT 6.1; WOW64; Trident/7.0; rv:11.0) like Gecko"
192.99.19.154 - - [25/Jul/2014:12:34:06 +0200] "GET /./seiten/mailto:r.kaiser@prokommunal.com HTTP/1.1" 404 1256 "-" "Mozilla/5.0 (Windows NT 6.1; WOW64; Trident/7.0; rv:11.0) like Gecko"
192.99.19.154 - - [25/Jul/2014:12:34:31 +0200] "GET /./seiten/mailto:j.arnold@prokommunal.com HTTP/1.1" 404 1256 "-" "Mozilla/5.0 (Windows NT 6.1; WOW64; Trident/7.0; rv:11.0) like Gecko"
192.99.19.154 - - [25/Jul/2014:12:35:27 +0200] "GET /./seiten/mailto:a.beyer@prokommunal.com HTTP/1.1" 404 1256 "-" "Mozilla/5.0 (Windows NT 6.1; WOW64; Trident/7.0; rv:11.0) like Gecko"
192.99.19.154 - - [25/Jul/2014:12:35:52 +0200] "GET /seiten/fsw.htm HTTP/1.1" 200 9961 "-" "Mozilla/5.0 (Windows NT 6.1; WOW64; Trident/7.0; rv:11.0) like Gecko"
192.99.19.154 - - [25/Jul/2014:12:36:53 +0200] "GET /seiten/fahrlehrerwesen.htm HTTP/1.1" 200 7168 "-" "Mozilla/5.0 (Windows NT 6.1; WOW64; Trident/7.0; rv:11.0) like Gecko"
192.99.19.154 - - [25/Jul/2014:12:37:53 +0200] "GET /seiten/kontroll.htm HTTP/1.1" 200 6599 "-" "Mozilla/5.0 (Windows NT 6.1; WOW64; Trident/7.0; rv:11.0) like Gecko"
192.99.19.154 - - [25/Jul/2014:12:38:28 +0200] "GET /seiten/kraftverkehr.htm HTTP/1.1" 200 9210 "-" "Mozilla/5.0 (Windows NT 6.1; WOW64; Trident/7.0; rv:11.0) like Gecko"
192.99.19.154 - - [25/Jul/2014:12:39:24 +0200] "GET /seiten/mailto:service@prokommunal.com HTTP/1.1" 404 1256 "-" "Mozilla/5.0 (Windows NT 6.1; WOW64; Trident/7.0; rv:11.0) like Gecko"
192.99.19.154 - - [25/Jul/2014:12:39:24 +0200] "GET /seiten/mailto:info@prokommunal.com HTTP/1.1" 404 1256 "-" "Mozilla/5.0 (Windows NT 6.1; WOW64; Trident/7.0; rv:11.0) like Gecko"
192.99.19.154 - - [25/Jul/2014:12:39:59 +0200] "GET /seiten/mailto:r.kaiser@prokommunal.com HTTP/1.1" 404 1256 "-" "Mozilla/5.0 (Windows NT 6.1; WOW64; Trident/7.0; rv:11.0) like Gecko"
192.99.19.154 - - [25/Jul/2014:12:41:20 +0200] "GET /seiten/mailto:j.arnold@prokommunal.com HTTP/1.1" 404 1256 "-" "Mozilla/5.0 (Windows NT 6.1; WOW64; Trident/7.0; rv:11.0) like Gecko"
192.99.19.154 - - [25/Jul/2014:12:41:20 +0200] "GET /seiten/mailto:a.beyer@prokommunal.com HTTP/1.1" 404 1256 "-" "Mozilla/5.0 (Windows NT 6.1; WOW64; Trident/7.0; rv:11.0) like Gecko"
157.55.39.224 - - [25/Jul/2014:12:55:15 +0200] "GET /seiten/impr.htm HTTP/1.1" 200 8696 "-" "Mozilla/5.0 (compatible; bingbot/2.0; +http://www.bing.com/bingbot.htm)"
66.249.78.65 - - [25/Jul/2014:14:44:09 +0200] "GET /seiten/term14.pdf HTTP/1.1" 304 - "-" "Mozilla/5.0 (compatible; Googlebot/2.1; +http://www.google.com/bot.html)"
101.226.166.231 - - [25/Jul/2014:15:00:02 +0200] "GET /robots.txt HTTP/1.1" 404 1256 "http://www.prokommunal.com/robots.txt" "Mozilla/5.0 (Windows NT 6.1) AppleWebKit/537.1 (KHTML, like Gecko) Chrome/21.0.1180.89 Safari/537.1; 360Spider"
178.15.32.106 - - [25/Jul/2014:15:12:25 +0200] "GET /gast-fsw/fsw_v53f_1024.zip HTTP/1.1" 200 2478909 "-" "Mozilla/4.0 (compatible; MSIE 8.0; Windows NT 5.1; Trident/4.0; .NET CLR 2.0.50727; .NET CLR 3.0.4506.2152; .NET CLR 3.5.30729; .NET4.0C; .NET4.0E; InfoPath.3)"
207.46.13.87 - - [25/Jul/2014:15:44:08 +0200] "GET /robots.txt HTTP/1.1" 404 1256 "-" "Mozilla/5.0 (compatible; bingbot/2.0; +http://www.bing.com/bingbot.htm)"
207.46.13.87 - - [25/Jul/2014:15:44:34 +0200] "GET /seiten/kontroll.htm HTTP/1.1" 304 - "-" "Mozilla/5.0 (compatible; bingbot/2.0; +http://www.bing.com/bingbot.htm)"
157.55.39.248 - - [25/Jul/2014:15:49:56 +0200] "GET /seiten/partner.htm HTTP/1.1" 304 - "-" "Mozilla/5.0 (compatible; bingbot/2.0; +http://www.bing.com/bingbot.htm)"
66.249.78.65 - - [25/Jul/2014:16:09:14 +0200] "GET /seiten/service.htm HTTP/1.1" 304 - "-" "Mozilla/5.0 (compatible; Googlebot/2.1; +http://www.google.com/bot.html)"
157.55.39.248 - - [25/Jul/2014:16:11:14 +0200] "GET /seiten/partner.htm HTTP/1.1" 304 - "-" "Mozilla/5.0 (compatible; bingbot/2.0; +http://www.bing.com/bingbot.htm)"
66.249.78.65 - - [25/Jul/2014:16:19:04 +0200] "GET /seiten/impr.htm HTTP/1.1" 304 - "-" "Mozilla/5.0 (compatible; Googlebot/2.1; +http://www.google.com/bot.html)"
157.55.39.130 - - [25/Jul/2014:17:31:58 +0200] "GET / HTTP/1.1" 200 7903 "-" "Mozilla/5.0 (compatible; bingbot/2.0; +http://www.bing.com/bingbot.htm)"
64.246.161.30 - - [25/Jul/2014:17:43:44 +0200] "GET /robots.txt HTTP/1.0" 404 1256 "-" "Mozilla/5.0 (Windows; U; Windows NT 5.1; en; rv:1.9.0.13) Gecko/2009073022 Firefox/3.5.2 (.NET CLR 3.5.30729) SurveyBot/2.3 (DomainTools)"
64.246.161.30 - - [25/Jul/2014:17:43:44 +0200] "GET / HTTP/1.1" 200 7903 "http://whois.domaintools.com/kfz-zulassungswesen.de" "Mozilla/5.0 (Windows; U; Windows NT 5.1; en; rv:1.9.0.13) Gecko/2009073022 Firefox/3.5.2 (.NET CLR 3.5.30729) SurveyBot/2.3 (DomainTools)"
82.94.179.38 - - [25/Jul/2014:17:57:17 +0200] "GET /robots.txt HTTP/1.0" 404 1256 "-" "Mozilla/4.0 (compatible; Vagabondo/4.0/EU; http://webagent.wise-guys.nl/)"
82.94.179.38 - - [25/Jul/2014:17:57:17 +0200] "GET /seiten/fahrlehrerwesen.htm HTTP/1.1" 200 7168 "http://www.prokommunal.com/seiten/produkte.htm" "Mozilla/4.0 (compatible; Vagabondo/4.0/EU; http://www.wise-guys.nl/)"
66.249.78.58 - - [25/Jul/2014:18:03:48 +0200] "GET /robots.txt HTTP/1.1" 404 1256 "-" "Mozilla/5.0 (compatible; Googlebot/2.1; +http://www.google.com/bot.html)"
66.249.78.65 - - [25/Jul/2014:18:03:49 +0200] "GET /seiten/referenzen.htm HTTP/1.1" 304 - "-" "Mozilla/5.0 (compatible; Googlebot/2.1; +http://www.google.com/bot.html)"
220.181.108.157 - - [25/Jul/2014:18:07:09 +0200] "GET / HTTP/1.1" 200 7903 "-" "Mozilla/5.0 (compatible; Baiduspider/2.0; +http://www.baidu.com/search/spider.html)"
119.63.196.115 - - [25/Jul/2014:18:22:46 +0200] "GET / HTTP/1.1" 200 7903 "-" "Mozilla/5.0 (compatible; Baiduspider/2.0; +http://www.baidu.com/search/spider.html)"
208.115.111.72 - - [25/Jul/2014:19:01:05 +0200] "GET /robots.txt HTTP/1.1" 404 1256 "-" "Mozilla/5.0 (compatible; DotBot/1.1; http://www.opensiteexplorer.org/dotbot, help@moz.com)"
66.249.78.4 - - [25/Jul/2014:19:09:16 +0200] "GET / HTTP/1.1" 304 - "-" "Mozilla/5.0 (compatible; Googlebot/2.1; +http://www.google.com/bot.html)"
157.55.39.132 - - [25/Jul/2014:19:11:52 +0200] "GET /seiten/kontakt.php HTTP/1.1" 200 12788 "-" "Mozilla/5.0 (compatible; bingbot/2.0; +http://www.bing.com/bingbot.htm)"
66.249.78.58 - - [25/Jul/2014:19:38:44 +0200] "GET /seiten/fsw.htm HTTP/1.1" 304 - "-" "Mozilla/5.0 (compatible; Googlebot/2.1; +http://www.google.com/bot.html)"
157.55.39.130 - - [25/Jul/2014:20:20:14 +0200] "GET / HTTP/1.1" 200 7903 "-" "Mozilla/5.0 (compatible; bingbot/2.0; +http://www.bing.com/bingbot.htm)"
157.55.39.130 - - [25/Jul/2014:20:21:05 +0200] "GET /robots.txt HTTP/1.1" 404 1256 "-" "Mozilla/5.0 (compatible; bingbot/2.0; +http://www.bing.com/bingbot.htm)"
157.55.39.130 - - [25/Jul/2014:20:21:08 +0200] "GET / HTTP/1.1" 200 7903 "-" "Mozilla/5.0 (compatible; bingbot/2.0; +http://www.bing.com/bingbot.htm)"
208.115.111.72 - - [25/Jul/2014:20:52:45 +0200] "GET /seiten/produkte.htm HTTP/1.1" 200 9105 "-" "Mozilla/5.0 (compatible; DotBot/1.1; http://www.opensiteexplorer.org/dotbot, help@moz.com)"
208.115.113.88 - - [25/Jul/2014:21:02:57 +0200] "GET /robots.txt HTTP/1.1" 404 1256 "-" "Mozilla/5.0 (compatible; DotBot/1.1; http://www.opensiteexplorer.org/dotbot, help@moz.com)"
66.249.78.4 - - [25/Jul/2014:21:07:07 +0200] "GET /seiten/produkte.htm HTTP/1.1" 304 - "-" "Mozilla/5.0 (compatible; Googlebot/2.1; +http://www.google.com/bot.html)"
208.115.113.88 - - [25/Jul/2014:21:59:35 +0200] "GET /seiten/kraftverkehr.htm HTTP/1.1" 200 9210 "-" "Mozilla/5.0 (compatible; DotBot/1.1; http://www.opensiteexplorer.org/dotbot, help@moz.com)"
81.0.199.226 - - [25/Jul/2014:22:17:13 +0200] "GET / HTTP/1.1" 200 7903 "-" "Mozilla/5.0 (Macintosh; Intel Mac OS X 10.7; rv:22.0) Gecko/20100101 Firefox/22.0"
66.249.78.58 - - [25/Jul/2014:22:22:24 +0200] "GET /seiten/kraftverkehr.htm HTTP/1.1" 304 - "-" "Mozilla/5.0 (compatible; Googlebot/2.1; +http://www.google.com/bot.html)"
66.249.78.4 - - [25/Jul/2014:23:44:14 +0200] "GET /seiten/kontakt.php HTTP/1.1" 200 12788 "-" "Mozilla/5.0 (compatible; Googlebot/2.1; +http://www.google.com/bot.html)"
66.249.78.65 - - [25/Jul/2014:23:49:26 +0200] "GET /css/style.css HTTP/1.1" 200 3549 "-" "Mozilla/5.0 (compatible; Googlebot/2.1; +http://www.google.com/bot.html)"
66.249.78.4 - - [26/Jul/2014:01:22:26 +0200] "GET /seiten/partner.htm HTTP/1.1" 304 - "-" "Mozilla/5.0 (compatible; Googlebot/2.1; +http://www.google.com/bot.html)"
198.27.69.78 - - [26/Jul/2014:01:24:19 +0200] "GET / HTTP/1.1" 200 7903 "-" "Mozilla/5.0 (Windows NT 6.1; WOW64) AppleWebKit/537.36 (KHTML, like Gecko) Chrome/29.0.1547.66 Safari/537.36"
66.249.78.58 - - [26/Jul/2014:02:01:43 +0200] "GET /seiten/referenzen.htm HTTP/1.1" 304 - "-" "Mozilla/5.0 (compatible; Googlebot/2.1; +http://www.google.com/bot.html)"
125.209.208.14 - - [26/Jul/2014:02:12:48 +0200] "GET /robots.txt HTTP/1.1" 404 1256 "-" "Yeti/1.0 (NHN Corp.; http://help.naver.com/robots/)"
125.209.208.6 - - [26/Jul/2014:02:12:48 +0200] "GET / HTTP/1.1" 200 7903 "-" "Yeti/1.0 (NHN Corp.; http://help.naver.com/robots/)"
125.209.237.42 - - [26/Jul/2014:02:12:58 +0200] "GET /css/style.css HTTP/1.1" 200 3549 "-" "Yeti/1.0 (NHN Corp.; http://help.naver.com/robots/)"
85.114.139.55 - - [26/Jul/2014:02:40:00 +0200] "GET /robots.txt HTTP/1.1" 404 1256 "-" "Mozilla/5.0 (compatible; publiclibraryarchive.org/1.0; +crawl@publiclibraryarchive.org)"
85.114.139.55 - - [26/Jul/2014:02:40:01 +0200] "GET /seiten/databund.html HTTP/1.1" 200 9125 "-" "Mozilla/5.0 (compatible; publiclibraryarchive.org/1.0; +crawl@publiclibraryarchive.org)"
66.249.78.58 - - [26/Jul/2014:03:07:11 +0200] "GET / HTTP/1.1" 304 - "-" "Mozilla/5.0 (compatible; Googlebot/2.1; +http://www.google.com/bot.html)"
123.125.71.42 - - [26/Jul/2014:05:25:52 +0200] "GET / HTTP/1.1" 200 7903 "-" "Mozilla/5.0 (compatible; Baiduspider/2.0; +http://www.baidu.com/search/spider.html)"
220.181.108.118 - - [26/Jul/2014:05:25:52 +0200] "GET / HTTP/1.1" 200 7903 "-" "Mozilla/5.0 (compatible; Baiduspider/2.0; +http://www.baidu.com/search/spider.html)"
157.55.39.6 - - [26/Jul/2014:05:58:17 +0200] "GET /robots.txt HTTP/1.1" 404 1256 "-" "Mozilla/5.0 (compatible; bingbot/2.0; +http://www.bing.com/bingbot.htm)"
157.55.39.5 - - [26/Jul/2014:05:58:46 +0200] "GET / HTTP/1.1" 304 - "-" "Mozilla/5.0 (compatible; bingbot/2.0; +http://www.bing.com/bingbot.htm)"
78.46.161.103 - - [26/Jul/2014:06:20:02 +0200] "GET /robots.txt HTTP/1.1" 404 1256 "-" "Mozilla/5.0 (compatible; SearchmetricsBot; http://www.searchmetrics.com/en/searchmetrics-bot/)"
78.46.161.103 - - [26/Jul/2014:06:20:02 +0200] "GET / HTTP/1.1" 200 7903 "-" "Mozilla/5.0 (compatible; SearchmetricsBot; http://www.searchmetrics.com/en/searchmetrics-bot/)"
78.46.161.103 - - [26/Jul/2014:06:20:02 +0200] "GET /seiten/service.htm HTTP/1.1" 200 9248 "-" "Mozilla/5.0 (compatible; SearchmetricsBot; http://www.searchmetrics.com/en/searchmetrics-bot/)"
78.46.161.103 - - [26/Jul/2014:06:20:02 +0200] "GET /seiten/impr.htm HTTP/1.1" 200 8696 "-" "Mozilla/5.0 (compatible; SearchmetricsBot; http://www.searchmetrics.com/en/searchmetrics-bot/)"
78.46.161.103 - - [26/Jul/2014:06:20:02 +0200] "GET /seiten/databund.html HTTP/1.1" 200 9125 "-" "Mozilla/5.0 (compatible; SearchmetricsBot; http://www.searchmetrics.com/en/searchmetrics-bot/)"
78.46.161.103 - - [26/Jul/2014:06:20:02 +0200] "GET /seiten/partner.htm HTTP/1.1" 200 9458 "-" "Mozilla/5.0 (compatible; SearchmetricsBot; http://www.searchmetrics.com/en/searchmetrics-bot/)"
78.46.161.103 - - [26/Jul/2014:06:20:03 +0200] "GET /seiten/kontakt.php HTTP/1.1" 200 12788 "-" "Mozilla/5.0 (compatible; SearchmetricsBot; http://www.searchmetrics.com/en/searchmetrics-bot/)"
78.46.161.103 - - [26/Jul/2014:06:20:03 +0200] "GET /seiten/referenzen.htm HTTP/1.1" 200 40559 "-" "Mozilla/5.0 (compatible; SearchmetricsBot; http://www.searchmetrics.com/en/searchmetrics-bot/)"
78.46.161.103 - - [26/Jul/2014:06:20:03 +0200] "GET /seiten/produkte.htm HTTP/1.1" 200 9105 "-" "Mozilla/5.0 (compatible; SearchmetricsBot; http://www.searchmetrics.com/en/searchmetrics-bot/)"
66.249.81.106 - - [26/Jul/2014:06:27:36 +0200] "GET / HTTP/1.1" 200 7903 "-" "Mozilla/5.0 (Windows NT 6.1; rv:6.0) Gecko/20110814 Firefox/6.0 Google favicon"
66.249.81.106 - - [26/Jul/2014:06:27:36 +0200] "GET /favicon.ico HTTP/1.1" 200 894 "-" "Mozilla/5.0 (Windows NT 6.1; rv:6.0) Gecko/20110814 Firefox/6.0 Google favicon"
198.27.80.144 - - [26/Jul/2014:07:22:18 +0200] "GET /robots.txt HTTP/1.1" 404 1256 "-" "Mozilla/5.0 (compatible; ca-crawler/1.0)"
198.27.80.144 - - [26/Jul/2014:07:22:19 +0200] "GET / HTTP/1.1" 206 7903 "-" "Mozilla/5.0 (compatible; ca-crawler/1.0)"
192.99.8.227 - - [26/Jul/2014:07:56:31 +0200] "GET / HTTP/1.1" 200 7903 "http://www.prokommunal.com" "Mozilla/5.0 (Windows NT 6.1; WOW64) AppleWebKit/537.36 (KHTML, like Gecko) Chrome/30.0.1599.101 Safari/537.36"
157.55.39.6 - - [26/Jul/2014:08:06:02 +0200] "GET / HTTP/1.1" 200 7903 "-" "Mozilla/5.0 (compatible; bingbot/2.0; +http://www.bing.com/bingbot.htm)"
37.58.100.178 - - [26/Jul/2014:08:22:28 +0200] "GET /seiten/fsw.htm HTTP/1.1" 200 9961 "-" "Mozilla/5.0 (compatible; AhrefsBot/5.0; +http://ahrefs.com/robot/)"
85.114.139.55 - - [26/Jul/2014:08:28:42 +0200] "GET /robots.txt HTTP/1.1" 404 1256 "-" "Mozilla/5.0 (compatible; publiclibraryarchive.org/1.0; +crawl@publiclibraryarchive.org)"
85.114.139.55 - - [26/Jul/2014:08:28:42 +0200] "GET /img/head03.jpg HTTP/1.1" 200 7610 "-" "Mozilla/5.0 (compatible; publiclibraryarchive.org/1.0; +crawl@publiclibraryarchive.org)"
178.255.215.65 - - [26/Jul/2014:08:45:58 +0200] "GET /robots.txt HTTP/1.1" 404 1256 "-" "Mozilla/5.0 (compatible; Exabot/3.0; +http://www.exabot.com/go/robot)"
178.255.215.65 - - [26/Jul/2014:08:45:58 +0200] "GET / HTTP/1.1" 304 - "-" "Mozilla/5.0 (compatible; Exabot/3.0; +http://www.exabot.com/go/robot)"
62.212.73.211 - - [26/Jul/2014:09:49:59 +0200] "GET /robots.txt HTTP/1.0" 404 1256 "-" "Mozilla/5.0 (compatible; MJ12bot/v1.4.5; http://www.majestic12.co.uk/bot.php?+)"
62.212.73.211 - - [26/Jul/2014:09:50:01 +0200] "GET / HTTP/1.0" 200 7903 "-" "Mozilla/5.0 (compatible; MJ12bot/v1.4.5; http://www.majestic12.co.uk/bot.php?+)"
66.249.78.4 - - [26/Jul/2014:10:06:10 +0200] "GET /robots.txt HTTP/1.1" 404 1256 "-" "Mozilla/5.0 (compatible; Googlebot/2.1; +http://www.google.com/bot.html)"
66.249.78.65 - - [26/Jul/2014:10:06:10 +0200] "GET /seiten/fsw.htm HTTP/1.1" 304 - "-" "Mozilla/5.0 (compatible; Googlebot/2.1; +http://www.google.com/bot.html)"
66.249.78.65 - - [26/Jul/2014:11:08:22 +0200] "GET /seiten/produkte.htm HTTP/1.1" 304 - "-" "Mozilla/5.0 (compatible; Googlebot/2.1; +http://www.google.com/bot.html)"
66.249.78.58 - - [26/Jul/2014:12:03:28 +0200] "GET /seiten/referenzen.htm HTTP/1.1" 304 - "-" "Mozilla/5.0 (compatible; Googlebot/2.1; +http://www.google.com/bot.html)"
220.181.108.85 - - [26/Jul/2014:12:25:11 +0200] "GET / HTTP/1.1" 200 7903 "-" "Mozilla/5.0 (compatible; Baiduspider/2.0; +http://www.baidu.com/search/spider.html)"
123.125.71.12 - - [26/Jul/2014:12:25:11 +0200] "GET / HTTP/1.1" 200 7903 "-" "Mozilla/5.0 (compatible; Baiduspider/2.0; +http://www.baidu.com/search/spider.html)"
66.249.78.4 - - [26/Jul/2014:13:15:29 +0200] "GET / HTTP/1.1" 304 - "-" "Mozilla/5.0 (compatible; Googlebot/2.1; +http://www.google.com/bot.html)"
66.249.78.4 - - [26/Jul/2014:14:35:16 +0200] "GET /seiten/service.htm HTTP/1.1" 304 - "-" "Mozilla/5.0 (compatible; Googlebot/2.1; +http://www.google.com/bot.html)"
81.30.151.220 - - [26/Jul/2014:14:54:21 +0200] "GET /robots.txt HTTP/1.1" 404 1256 "-" "Mozilla/5.0 (compatible; publiclibraryarchive.org/1.0; +crawl@publiclibraryarchive.org)"
81.30.151.220 - - [26/Jul/2014:14:54:22 +0200] "GET /img/head02.jpg HTTP/1.1" 200 4929 "-" "Mozilla/5.0 (compatible; publiclibraryarchive.org/1.0; +crawl@publiclibraryarchive.org)"
81.0.199.226 - - [26/Jul/2014:15:13:13 +0200] "GET / HTTP/1.1" 200 7903 "-" "Mozilla/5.0 (Macintosh; Intel Mac OS X 10.7; rv:22.0) Gecko/20100101 Firefox/22.0"
85.25.202.18 - - [26/Jul/2014:15:31:45 +0200] "GET / HTTP/1.1" 200 7903 "http://www.sumaja.de/?such_wert=software" "T-Online Browser (Windows NT 6.1; de)"
66.249.78.4 - - [26/Jul/2014:16:41:36 +0200] "GET /seiten/impr.htm HTTP/1.1" 304 - "-" "Mozilla/5.0 (compatible; Googlebot/2.1; +http://www.google.com/bot.html)"
208.43.243.244 - - [26/Jul/2014:17:16:49 +0200] "GET /robots.txt HTTP/1.1" 404 1256 "-" "Mozilla/5.0 (compatible; MSIE 9.0; Windows NT 6.1; WOW64; Trident/5.0; chromeframe/19.0.1084.52)"
208.43.243.244 - - [26/Jul/2014:17:16:55 +0200] "GET /seiten/produkte.htm HTTP/1.1" 200 9105 "-" "Mozilla/5.0 (compatible; MSIE 9.0; Windows NT 6.1; WOW64; Trident/5.0; chromeframe/19.0.1084.52)"
208.43.243.244 - - [26/Jul/2014:17:17:03 +0200] "GET /seiten/kraftverkehr.htm HTTP/1.1" 200 9210 "-" "Mozilla/5.0 (compatible; MSIE 9.0; Windows NT 6.1; WOW64; Trident/5.0; chromeframe/19.0.1084.52)"
208.43.243.244 - - [26/Jul/2014:17:17:09 +0200] "GET /seiten/kontroll.htm HTTP/1.1" 200 6599 "-" "Mozilla/5.0 (compatible; MSIE 9.0; Windows NT 6.1; WOW64; Trident/5.0; chromeframe/19.0.1084.52)"
208.43.243.244 - - [26/Jul/2014:17:17:16 +0200] "GET /seiten/kontakt.php HTTP/1.1" 200 12788 "-" "Mozilla/5.0 (compatible; MSIE 9.0; Windows NT 6.1; WOW64; Trident/5.0; chromeframe/19.0.1084.52)"
208.43.243.244 - - [26/Jul/2014:17:17:23 +0200] "GET /seiten/fsw.htm HTTP/1.1" 200 9961 "-" "Mozilla/5.0 (compatible; MSIE 9.0; Windows NT 6.1; WOW64; Trident/5.0; chromeframe/19.0.1084.52)"
208.115.113.88 - - [26/Jul/2014:17:21:06 +0200] "GET /robots.txt HTTP/1.1" 404 1256 "-" "Mozilla/5.0 (compatible; DotBot/1.1; http://www.opensiteexplorer.org/dotbot, help@moz.com)"
66.249.78.4 - - [26/Jul/2014:18:02:00 +0200] "GET /seiten/term14.pdf HTTP/1.1" 304 - "-" "Mozilla/5.0 (compatible; Googlebot/2.1; +http://www.google.com/bot.html)"
119.63.196.87 - - [26/Jul/2014:18:23:23 +0200] "GET / HTTP/1.1" 200 7903 "-" "Mozilla/5.0 (compatible; Baiduspider/2.0; +http://www.baidu.com/search/spider.html)"
208.115.113.88 - - [26/Jul/2014:18:49:59 +0200] "GET /seiten/ HTTP/1.1" 403 1222 "-" "Mozilla/5.0 (compatible; DotBot/1.1; http://www.opensiteexplorer.org/dotbot, help@moz.com)"
66.249.78.4 - - [26/Jul/2014:18:52:38 +0200] "GET /seiten/partner.htm HTTP/1.1" 304 - "-" "Mozilla/5.0 (compatible; Googlebot/2.1; +http://www.google.com/bot.html)"
66.249.78.166 - - [26/Jul/2014:19:11:45 +0200] "GET /robots.txt HTTP/1.1" 404 1256 "-" "Mozilla/5.0 (compatible; Googlebot/2.1; +http://www.google.com/bot.html)"
66.249.78.166 - - [26/Jul/2014:19:11:46 +0200] "GET / HTTP/1.1" 200 7903 "-" "Mozilla/5.0 (compatible; Googlebot/2.1; +http://www.google.com/bot.html)"
66.249.78.173 - - [26/Jul/2014:19:14:37 +0200] "GET /css/style.css HTTP/1.1" 200 3549 "-" "Mozilla/5.0 (compatible; Googlebot/2.1; +http://www.google.com/bot.html)"
66.249.78.173 - - [26/Jul/2014:19:14:37 +0200] "GET /scripte/basics.js HTTP/1.1" 200 198 "-" "Mozilla/5.0 (compatible; Googlebot/2.1; +http://www.google.com/bot.html)"
157.55.39.184 - - [26/Jul/2014:19:40:49 +0200] "GET / HTTP/1.1" 200 7903 "-" "Mozilla/5.0 (compatible; bingbot/2.0; +http://www.bing.com/bingbot.htm)"
66.249.78.65 - - [26/Jul/2014:20:20:39 +0200] "GET /seiten/kraftverkehr.htm HTTP/1.1" 304 - "-" "Mozilla/5.0 (compatible; Googlebot/2.1; +http://www.google.com/bot.html)"
81.30.151.220 - - [26/Jul/2014:21:05:21 +0200] "GET /robots.txt HTTP/1.1" 404 1256 "-" "Mozilla/5.0 (compatible; publiclibraryarchive.org/1.0; +crawl@publiclibraryarchive.org)"
81.30.151.220 - - [26/Jul/2014:21:05:21 +0200] "GET /img/head01.jpg HTTP/1.1" 200 6350 "-" "Mozilla/5.0 (compatible; publiclibraryarchive.org/1.0; +crawl@publiclibraryarchive.org)"
208.115.113.88 - - [26/Jul/2014:21:20:37 +0200] "GET /robots.txt HTTP/1.1" 404 1256 "-" "Mozilla/5.0 (compatible; DotBot/1.1; http://www.opensiteexplorer.org/dotbot, help@moz.com)"
66.249.78.65 - - [26/Jul/2014:21:48:50 +0200] "GET /seiten/kontakt.php HTTP/1.1" 200 12788 "-" "Mozilla/5.0 (compatible; Googlebot/2.1; +http://www.google.com/bot.html)"
141.8.147.12 - - [26/Jul/2014:22:28:48 +0200] "GET /robots.txt HTTP/1.1" 404 1256 "-" "Mozilla/5.0 (compatible; YandexBot/3.0; +http://yandex.com/bots)"
178.77.126.55 - - [26/Jul/2014:22:33:45 +0200] "GET /robots.txt HTTP/1.1" 404 1256 "-" "Mozilla/5.0 (compatible; CareerBot/1.1; +http://www.career-x.de/bot.html)"
178.77.126.55 - - [26/Jul/2014:22:33:45 +0200] "GET / HTTP/1.1" 200 7903 "-" "Mozilla/5.0 (compatible; CareerBot/1.1; +http://www.career-x.de/bot.html)"
144.76.185.173 - - [26/Jul/2014:22:37:34 +0200] "GET /seiten/kontakt.php HTTP/1.1" 200 12788 "-" "Mozilla/5.0 (Windows; U; Windows NT 6.1; en-US) AppleWebKit/533.19.4 (KHTML, like Gecko) Version/5.0.2 Safari/533.18.5"
208.115.111.71 - - [26/Jul/2014:22:58:48 +0200] "GET /robots.txt HTTP/1.1" 404 1256 "-" "Mozilla/5.0 (compatible; DotBot/1.1; http://www.opensiteexplorer.org/dotbot, help@moz.com)"
208.115.113.88 - - [26/Jul/2014:23:09:22 +0200] "GET /seiten/kraftverkehr.htm HTTP/1.1" 200 9210 "-" "Mozilla/5.0 (compatible; DotBot/1.1; http://www.opensiteexplorer.org/dotbot, help@moz.com)"
66.249.78.49 - - [26/Jul/2014:23:17:01 +0200] "GET /robots.txt HTTP/1.1" 404 1256 "-" "Mozilla/5.0 (compatible; Googlebot/2.1; +http://www.google.com/bot.html)"
66.249.78.35 - - [26/Jul/2014:23:17:01 +0200] "GET / HTTP/1.1" 200 7903 "-" "Mozilla/5.0 (compatible; Googlebot/2.1; +http://www.google.com/bot.html)"
66.249.78.42 - - [26/Jul/2014:23:19:41 +0200] "GET /css/style.css HTTP/1.1" 200 3549 "-" "Mozilla/5.0 (compatible; Googlebot/2.1; +http://www.google.com/bot.html)"
220.181.108.112 - - [26/Jul/2014:23:26:22 +0200] "GET / HTTP/1.1" 200 7903 "-" "Mozilla/5.0 (compatible; Baiduspider/2.0; +http://www.baidu.com/search/spider.html)"
123.125.71.43 - - [26/Jul/2014:23:26:23 +0200] "GET / HTTP/1.1" 200 7903 "-" "Mozilla/5.0 (compatible; Baiduspider/2.0; +http://www.baidu.com/search/spider.html)"
157.55.39.50 - - [26/Jul/2014:23:49:07 +0200] "GET /robots.txt HTTP/1.1" 404 1256 "-" "Mozilla/5.0 (compatible; bingbot/2.0; +http://www.bing.com/bingbot.htm)"
157.55.39.51 - - [26/Jul/2014:23:49:55 +0200] "GET /seiten/service.htm HTTP/1.1" 304 - "-" "Mozilla/5.0 (compatible; bingbot/2.0; +http://www.bing.com/bingbot.htm)"
88.198.241.60 - - [26/Jul/2014:23:58:49 +0200] "GET /robots.txt HTTP/1.0" 404 1256 "-" "LoocalCrawler/Nutch-1.7 (v2014a by weluse; https://weluse.de/)"
88.198.241.60 - - [26/Jul/2014:23:58:49 +0200] "GET / HTTP/1.0" 200 7903 "-" "LoocalCrawler/Nutch-1.7 (v2014a by weluse; https://weluse.de/)"
88.198.241.60 - - [26/Jul/2014:23:59:52 +0200] "GET /robots.txt HTTP/1.0" 404 1256 "-" "LoocalCrawler/Nutch-1.7 (v2014a by weluse; https://weluse.de/)"
88.198.241.60 - - [26/Jul/2014:23:59:52 +0200] "GET /seiten/referenzen.htm HTTP/1.0" 200 40559 "-" "LoocalCrawler/Nutch-1.7 (v2014a by weluse; https://weluse.de/)"
88.198.241.60 - - [26/Jul/2014:23:59:55 +0200] "GET /seiten/impr.htm HTTP/1.0" 200 8696 "-" "LoocalCrawler/Nutch-1.7 (v2014a by weluse; https://weluse.de/)"
88.198.241.60 - - [27/Jul/2014:00:00:00 +0200] "GET /seiten/databund.html HTTP/1.0" 200 9125 "-" "LoocalCrawler/Nutch-1.7 (v2014a by weluse; https://weluse.de/)"
88.198.241.60 - - [27/Jul/2014:00:00:08 +0200] "GET /seiten/partner.htm HTTP/1.0" 200 9458 "-" "LoocalCrawler/Nutch-1.7 (v2014a by weluse; https://weluse.de/)"
88.198.241.60 - - [27/Jul/2014:00:00:13 +0200] "GET /seiten/produkte.htm HTTP/1.0" 200 9105 "-" "LoocalCrawler/Nutch-1.7 (v2014a by weluse; https://weluse.de/)"
88.198.241.60 - - [27/Jul/2014:00:00:17 +0200] "GET /seiten/service.htm HTTP/1.0" 200 9248 "-" "LoocalCrawler/Nutch-1.7 (v2014a by weluse; https://weluse.de/)"
88.198.241.60 - - [27/Jul/2014:00:00:42 +0200] "GET /seiten/kontakt.php HTTP/1.0" 200 12788 "-" "LoocalCrawler/Nutch-1.7 (v2014a by weluse; https://weluse.de/)"
141.8.147.12 - - [27/Jul/2014:00:34:56 +0200] "GET /seiten/kraftverkehr.htm HTTP/1.1" 200 9210 "-" "Mozilla/5.0 (compatible; YandexBot/3.0; +http://yandex.com/bots)"
208.115.111.71 - - [27/Jul/2014:00:44:01 +0200] "GET /seiten/ HTTP/1.1" 403 1222 "-" "Mozilla/5.0 (compatible; DotBot/1.1; http://www.opensiteexplorer.org/dotbot, help@moz.com)"
