78.48.43.172 - - [02/Jan/2014:18:07:08 +0100] "GET /redesign/img/bg_gelb.jpg HTTP/1.1" 200 368 "http://www.prokommunal.com/seiten/referenzen.htm" "Mozilla/5.0 (Linux; U; Android 2.3.5; de-de; HTC_DesireHD_A9191 Build/GRJ90) AppleWebKit/533.1 (KHTML, like Gecko) Version/4.0 Mobile Safari/533.1"
78.48.43.172 - - [02/Jan/2014:18:07:08 +0100] "GET /img/men_01.jpg HTTP/1.1" 200 713 "http://www.prokommunal.com/seiten/referenzen.htm" "Mozilla/5.0 (Linux; U; Android 2.3.5; de-de; HTC_DesireHD_A9191 Build/GRJ90) AppleWebKit/533.1 (KHTML, like Gecko) Version/4.0 Mobile Safari/533.1"
78.48.43.172 - - [02/Jan/2014:18:07:08 +0100] "GET /redesign/img/bg_foot.gif HTTP/1.1" 200 286 "http://www.prokommunal.com/seiten/referenzen.htm" "Mozilla/5.0 (Linux; U; Android 2.3.5; de-de; HTC_DesireHD_A9191 Build/GRJ90) AppleWebKit/533.1 (KHTML, like Gecko) Version/4.0 Mobile Safari/533.1"
78.48.43.172 - - [02/Jan/2014:18:07:08 +0100] "GET /img/top.gif HTTP/1.1" 200 96 "http://www.prokommunal.com/seiten/referenzen.htm" "Mozilla/5.0 (Linux; U; Android 2.3.5; de-de; HTC_DesireHD_A9191 Build/GRJ90) AppleWebKit/533.1 (KHTML, like Gecko) Version/4.0 Mobile Safari/533.1"
78.48.43.172 - - [02/Jan/2014:18:07:08 +0100] "GET /favicon.ico HTTP/1.1" 200 894 "http://www.prokommunal.com/seiten/referenzen.htm" "Mozilla/5.0 (Linux; U; Android 2.3.5; de-de; HTC_DesireHD_A9191 Build/GRJ90) AppleWebKit/533.1 (KHTML, like Gecko) Version/4.0 Mobile Safari/533.1"
66.249.78.242 - - [02/Jan/2014:18:14:24 +0100] "GET /seiten/kontroll.htm HTTP/1.1" 304 - "-" "Mozilla/5.0 (iPhone; CPU iPhone OS 6_0 like Mac OS X) AppleWebKit/536.26 (KHTML, like Gecko) Version/6.0 Mobile/10A5376e Safari/8536.25 (compatible; Googlebot-Mobile/2.1; +http://www.google.com/bot.html)"
66.249.78.242 - - [02/Jan/2014:18:26:38 +0100] "GET /seiten/kontakt.php HTTP/1.1" 200 12788 "-" "SAMSUNG-SGH-E250/1.0 Profile/MIDP-2.0 Configuration/CLDC-1.1 UP.Browser/6.2.3.3.c.1.101 (GUI) MMP/2.0 (compatible; Googlebot-Mobile/2.1; +http://www.google.com/bot.html)"
5.10.83.64 - - [02/Jan/2014:20:08:10 +0100] "GET /seiten/produkte.htm HTTP/1.1" 200 9105 "-" "Mozilla/5.0 (compatible; AhrefsBot/5.0; +http://ahrefs.com/robot/)"
66.249.78.242 - - [02/Jan/2014:20:13:16 +0100] "GET / HTTP/1.1" 200 7903 "-" "Mozilla/5.0 (iPhone; CPU iPhone OS 6_0 like Mac OS X) AppleWebKit/536.26 (KHTML, like Gecko) Version/6.0 Mobile/10A5376e Safari/8536.25 (compatible; Googlebot-Mobile/2.1; +http://www.google.com/bot.html)"
157.56.229.190 - - [02/Jan/2014:20:13:34 +0100] "GET /robots.txt HTTP/1.1" 404 1256 "-" "Mozilla/5.0 (compatible; bingbot/2.0; +http://www.bing.com/bingbot.htm)"
157.56.229.190 - - [02/Jan/2014:20:24:03 +0100] "GET /seiten/impr.htm HTTP/1.1" 304 - "-" "Mozilla/5.0 (compatible; bingbot/2.0; +http://www.bing.com/bingbot.htm)"
5.10.83.100 - - [02/Jan/2014:20:58:14 +0100] "GET /seiten/impr.htm HTTP/1.1" 200 8696 "-" "Mozilla/5.0 (compatible; AhrefsBot/5.0; +http://ahrefs.com/robot/)"
123.125.71.15 - - [02/Jan/2014:21:28:20 +0100] "GET / HTTP/1.1" 200 7903 "-" "Mozilla/5.0 (compatible; Baiduspider/2.0; +http://www.baidu.com/search/spider.html)"
220.181.108.93 - - [02/Jan/2014:21:28:20 +0100] "GET / HTTP/1.1" 200 7903 "-" "Mozilla/5.0 (compatible; Baiduspider/2.0; +http://www.baidu.com/search/spider.html)"
123.125.71.48 - - [02/Jan/2014:22:02:07 +0100] "GET / HTTP/1.1" 200 7903 "-" "Mozilla/5.0 (compatible; Baiduspider/2.0; +http://www.baidu.com/search/spider.html)"
220.181.108.93 - - [02/Jan/2014:22:02:08 +0100] "GET / HTTP/1.1" 200 7903 "-" "Mozilla/5.0 (compatible; Baiduspider/2.0; +http://www.baidu.com/search/spider.html)"
193.111.141.54 - - [02/Jan/2014:22:13:14 +0100] "GET / HTTP/1.1" 200 7903 "-" "Mozilla/5.0 (X11; Linux i686; rv:6.0) Gecko/20100101 Firefox/6.0"
193.111.141.54 - - [02/Jan/2014:22:13:33 +0100] "GET /./seiten/impr.htm HTTP/1.1" 200 8696 "-" "Mozilla/5.0 (X11; Linux i686; rv:6.0) Gecko/20100101 Firefox/6.0"
193.111.141.44 - - [02/Jan/2014:22:13:43 +0100] "GET / HTTP/1.1" 200 7903 "-" "Mozilla/5.0 (X11; Linux i686; rv:6.0) Gecko/20100101 Firefox/6.0"
208.115.111.71 - - [02/Jan/2014:22:13:53 +0100] "GET /robots.txt HTTP/1.1" 404 1256 "-" "Mozilla/5.0 (compatible; Ezooms/1.0; help@moz.com)"
193.111.141.44 - - [02/Jan/2014:22:14:01 +0100] "GET /./seiten/impr.htm HTTP/1.1" 200 8696 "-" "Mozilla/5.0 (X11; Linux i686; rv:6.0) Gecko/20100101 Firefox/6.0"
208.115.111.71 - - [02/Jan/2014:22:36:51 +0100] "GET / HTTP/1.1" 200 7903 "-" "Mozilla/5.0 (compatible; Ezooms/1.0; help@moz.com)"
157.55.34.24 - - [02/Jan/2014:23:34:38 +0100] "GET /robots.txt HTTP/1.1" 404 1256 "-" "Mozilla/5.0 (compatible; bingbot/2.0; +http://www.bing.com/bingbot.htm)"
66.249.78.242 - - [02/Jan/2014:23:48:17 +0100] "GET /seiten/referenzen.htm HTTP/1.1" 304 - "-" "Mozilla/5.0 (iPhone; CPU iPhone OS 6_0 like Mac OS X) AppleWebKit/536.26 (KHTML, like Gecko) Version/6.0 Mobile/10A5376e Safari/8536.25 (compatible; Googlebot-Mobile/2.1; +http://www.google.com/bot.html)"
157.55.34.24 - - [02/Jan/2014:23:51:42 +0100] "GET / HTTP/1.1" 200 7903 "-" "Mozilla/5.0 (compatible; bingbot/2.0; +http://www.bing.com/bingbot.htm)"
66.249.78.141 - - [03/Jan/2014:00:08:05 +0100] "GET /robots.txt HTTP/1.1" 404 1256 "-" "Mozilla/5.0 (compatible; Googlebot/2.1; +http://www.google.com/bot.html)"
66.249.78.141 - - [03/Jan/2014:00:08:05 +0100] "GET / HTTP/1.1" 200 7903 "-" "Mozilla/5.0 (compatible; Googlebot/2.1; +http://www.google.com/bot.html)"
220.181.108.101 - - [03/Jan/2014:00:36:38 +0100] "GET / HTTP/1.1" 200 7903 "-" "Mozilla/5.0 (compatible; Baiduspider/2.0; +http://www.baidu.com/search/spider.html)"
123.125.71.46 - - [03/Jan/2014:00:36:38 +0100] "GET / HTTP/1.1" 200 7903 "-" "Mozilla/5.0 (compatible; Baiduspider/2.0; +http://www.baidu.com/search/spider.html)"
66.249.78.141 - - [03/Jan/2014:00:37:58 +0100] "GET /seiten/impr.htm HTTP/1.1" 200 8696 "-" "Mozilla/5.0 (compatible; Googlebot/2.1; +http://www.google.com/bot.html)"
80.190.97.212 - - [03/Jan/2014:00:41:40 +0100] "GET / HTTP/1.1" 200 7903 "-" "Mozilla/5.0 (X11; U; FreeBSD i386; en-US; rv:1.9.1.12) Gecko/20100912 Firefox/3.5.12"
157.55.35.96 - - [03/Jan/2014:00:57:35 +0100] "GET /robots.txt HTTP/1.1" 404 1256 "-" "Mozilla/5.0 (compatible; bingbot/2.0; +http://www.bing.com/bingbot.htm)"
157.55.35.96 - - [03/Jan/2014:01:00:18 +0100] "GET / HTTP/1.1" 304 - "-" "Mozilla/5.0 (compatible; bingbot/2.0; +http://www.bing.com/bingbot.htm)"
80.190.97.212 - - [03/Jan/2014:01:23:21 +0100] "GET / HTTP/1.1" 200 7903 "-" "Mozilla/5.0 (X11; U; FreeBSD i386; en-US; rv:1.9.1.12) Gecko/20100912 Firefox/3.5.12"
80.190.97.212 - - [03/Jan/2014:02:07:15 +0100] "GET / HTTP/1.1" 200 7903 "-" "Mozilla/5.0 (X11; U; FreeBSD i386; en-US; rv:1.9.1.12) Gecko/20100912 Firefox/3.5.12"
5.10.83.32 - - [03/Jan/2014:02:08:24 +0100] "GET / HTTP/1.1" 200 7903 "-" "Mozilla/5.0 (compatible; AhrefsBot/5.0; +http://ahrefs.com/robot/)"
36.250.244.150 - - [03/Jan/2014:02:39:24 +0100] "GET / HTTP/1.1" 200 7903 "-" "Mozilla/4.0 (compatible; MSIE 6.0; Windows NT 5.1; SV1;)"
80.190.97.212 - - [03/Jan/2014:02:45:42 +0100] "GET / HTTP/1.1" 200 7903 "-" "Mozilla/5.0 (X11; U; FreeBSD i386; en-US; rv:1.9.1.12) Gecko/20100912 Firefox/3.5.12"
157.55.35.96 - - [03/Jan/2014:02:50:41 +0100] "GET /robots.txt HTTP/1.1" 404 1256 "-" "Mozilla/5.0 (compatible; bingbot/2.0; +http://www.bing.com/bingbot.htm)"
157.55.35.96 - - [03/Jan/2014:02:51:53 +0100] "GET / HTTP/1.1" 200 7903 "-" "Mozilla/5.0 (compatible; bingbot/2.0; +http://www.bing.com/bingbot.htm)"
66.249.78.242 - - [03/Jan/2014:03:05:42 +0100] "GET /robots.txt HTTP/1.1" 404 1256 "-" "Mozilla/5.0 (compatible; Googlebot/2.1; +http://www.google.com/bot.html)"
66.249.78.242 - - [03/Jan/2014:03:05:42 +0100] "GET /img/fsw.jpg HTTP/1.1" 200 10878 "-" "Googlebot-Image/1.0"
66.249.66.211 - - [03/Jan/2014:03:09:11 +0100] "GET /seiten/impr.htm HTTP/1.1" 304 - "-" "DoCoMo/2.0 N905i(c100;TB;W24H16) (compatible; Googlebot-Mobile/2.1; +http://www.google.com/bot.html)"
5.10.83.56 - - [03/Jan/2014:03:11:01 +0100] "GET /seiten/kontroll.htm HTTP/1.1" 200 6599 "-" "Mozilla/5.0 (compatible; AhrefsBot/5.0; +http://ahrefs.com/robot/)"
66.249.78.242 - - [03/Jan/2014:03:59:12 +0100] "GET /seiten/fahrlehrerwesen.htm HTTP/1.1" 304 - "-" "Mozilla/5.0 (iPhone; CPU iPhone OS 6_0 like Mac OS X) AppleWebKit/536.26 (KHTML, like Gecko) Version/6.0 Mobile/10A5376e Safari/8536.25 (compatible; Googlebot-Mobile/2.1; +http://www.google.com/bot.html)"
208.115.113.87 - - [03/Jan/2014:04:07:06 +0100] "GET /robots.txt HTTP/1.1" 404 1256 "-" "Mozilla/5.0 (compatible; Ezooms/1.0; help@moz.com)"
141.8.147.12 - - [03/Jan/2014:04:27:15 +0100] "GET /robots.txt HTTP/1.1" 404 1256 "-" "Mozilla/5.0 (compatible; YandexBot/3.0; +http://yandex.com/bots)"
141.8.147.12 - - [03/Jan/2014:04:27:16 +0100] "GET /robots.txt HTTP/1.1" 404 1256 "-" "Mozilla/5.0 (compatible; YandexBot/3.0; +http://yandex.com/bots)"
141.8.147.12 - - [03/Jan/2014:04:27:16 +0100] "GET /robots.txt HTTP/1.1" 404 1256 "-" "Mozilla/5.0 (compatible; YandexBot/3.0; +http://yandex.com/bots)"
141.8.147.12 - - [03/Jan/2014:04:27:17 +0100] "GET /robots.txt HTTP/1.1" 404 1256 "-" "Mozilla/5.0 (compatible; YandexBot/3.0; +http://yandex.com/bots)"
141.8.147.12 - - [03/Jan/2014:04:27:18 +0100] "GET / HTTP/1.1" 200 7903 "-" "Mozilla/5.0 (compatible; YandexBot/3.0; +http://yandex.com/bots)"
141.8.147.12 - - [03/Jan/2014:04:27:18 +0100] "GET / HTTP/1.1" 200 7903 "-" "Mozilla/5.0 (compatible; YandexBot/3.0; +http://yandex.com/bots)"
141.8.147.12 - - [03/Jan/2014:04:27:19 +0100] "GET / HTTP/1.1" 200 7903 "-" "Mozilla/5.0 (compatible; YandexBot/3.0; +http://yandex.com/bots)"
141.8.147.12 - - [03/Jan/2014:04:27:19 +0100] "GET / HTTP/1.1" 200 7903 "-" "Mozilla/5.0 (compatible; YandexBot/3.0; +http://yandex.com/bots)"
141.8.147.12 - - [03/Jan/2014:04:27:21 +0100] "GET / HTTP/1.1" 200 7903 "-" "Mozilla/5.0 (compatible; YandexBot/3.0; +http://yandex.com/bots)"
141.8.147.12 - - [03/Jan/2014:04:27:22 +0100] "GET / HTTP/1.1" 200 7903 "-" "Mozilla/5.0 (compatible; YandexBot/3.0; +http://yandex.com/bots)"
141.8.147.12 - - [03/Jan/2014:04:27:23 +0100] "GET / HTTP/1.1" 200 7903 "-" "Mozilla/5.0 (compatible; YandexBot/3.0; +http://yandex.com/bots)"
141.8.147.12 - - [03/Jan/2014:04:27:24 +0100] "GET / HTTP/1.1" 200 7903 "-" "Mozilla/5.0 (compatible; YandexBot/3.0; +http://yandex.com/bots)"
80.190.97.212 - - [03/Jan/2014:04:51:56 +0100] "GET / HTTP/1.1" 200 7903 "-" "Mozilla/5.0 (X11; U; FreeBSD i386; en-US; rv:1.9.1.12) Gecko/20100912 Firefox/3.5.12"
80.190.97.212 - - [03/Jan/2014:04:51:56 +0100] "GET / HTTP/1.1" 200 7903 "-" "Mozilla/5.0 (X11; U; FreeBSD i386; en-US; rv:1.9.1.12) Gecko/20100912 Firefox/3.5.12"
5.10.83.67 - - [03/Jan/2014:04:58:50 +0100] "GET /seiten/databund.html HTTP/1.1" 200 9125 "-" "Mozilla/5.0 (compatible; AhrefsBot/5.0; +http://ahrefs.com/robot/)"
178.77.126.55 - - [03/Jan/2014:05:31:04 +0100] "GET /robots.txt HTTP/1.1" 404 1256 "-" "Mozilla/5.0 (compatible; CareerBot/1.1; +http://www.career-x.de/bot.html)"
178.77.126.55 - - [03/Jan/2014:05:31:04 +0100] "GET / HTTP/1.1" 200 7903 "-" "Mozilla/5.0 (compatible; CareerBot/1.1; +http://www.career-x.de/bot.html)"
208.115.113.87 - - [03/Jan/2014:06:07:16 +0100] "GET /seiten/kontroll.htm HTTP/1.1" 200 6599 "-" "Mozilla/5.0 (compatible; Ezooms/1.0; help@moz.com)"
217.230.184.211 - - [03/Jan/2014:06:18:00 +0100] "GET / HTTP/1.1" 200 7903 "http://m.bigfinder.de/?c=ws&q=web&v=1" "T-Online Browser (Windows NT 6.1; de)"
5.10.83.100 - - [03/Jan/2014:06:49:45 +0100] "GET /seiten/partner.htm HTTP/1.1" 200 9458 "-" "Mozilla/5.0 (compatible; AhrefsBot/5.0; +http://ahrefs.com/robot/)"
131.253.24.105 - - [03/Jan/2014:07:07:30 +0100] "GET /seiten/fsw.htm HTTP/1.1" 200 9961 "-" "Mozilla/5.0 (compatible; MSIE 9.0; Windows NT 6.1; Trident/5.0; WOW64; Trident/5.0)"
131.253.24.105 - - [03/Jan/2014:07:07:31 +0100] "GET /scripte/basics.js HTTP/1.1" 200 198 "http://www.prokommunal.com/seiten/fsw.htm" "Mozilla/5.0 (compatible; MSIE 9.0; Windows NT 6.1; Trident/5.0; WOW64; Trident/5.0)"
131.253.24.105 - - [03/Jan/2014:07:07:31 +0100] "GET /css/style.css HTTP/1.1" 200 3549 "http://www.prokommunal.com/seiten/fsw.htm" "Mozilla/5.0 (compatible; MSIE 9.0; Windows NT 6.1; Trident/5.0; WOW64; Trident/5.0)"
131.253.24.105 - - [03/Jan/2014:07:07:35 +0100] "GET /seiten/ HTTP/1.1" 403 1222 "http://www.prokommunal.com/seiten/fsw.htm" "Mozilla/5.0 (compatible; MSIE 9.0; Windows NT 6.1; Trident/5.0; WOW64; Trident/5.0)"
125.209.208.3 - - [03/Jan/2014:08:28:39 +0100] "GET /robots.txt HTTP/1.1" 404 1256 "-" "Yeti/1.0 (NHN Corp.; http://help.naver.com/robots/)"
125.209.208.14 - - [03/Jan/2014:08:28:40 +0100] "GET / HTTP/1.1" 200 7903 "-" "Yeti/1.0 (NHN Corp.; http://help.naver.com/robots/)"
125.209.237.41 - - [03/Jan/2014:08:36:31 +0100] "GET /robots.txt HTTP/1.1" 404 1256 "-" "Yeti/1.0 (NHN Corp.; http://help.naver.com/robots/)"
125.209.237.41 - - [03/Jan/2014:08:36:41 +0100] "GET /css/style.css HTTP/1.1" 200 3549 "-" "Yeti/1.0 (NHN Corp.; http://help.naver.com/robots/)"
85.233.5.22 - - [03/Jan/2014:08:46:03 +0100] "GET /gast-fsw/fsw_update1024_v51k_jw.zip HTTP/1.1" 304 - "-" "Mozilla/4.0 (compatible; MSIE 8.0; Windows NT 5.1; Trident/4.0; .NET CLR 2.0.50727; .NET CLR 3.0.4506.2152; .NET CLR 3.5.30729; InfoPath.1; .NET4.0C; .NET4.0E)"
66.249.78.242 - - [03/Jan/2014:08:54:23 +0100] "GET /seiten/produkte.htm HTTP/1.1" 304 - "-" "Mozilla/5.0 (iPhone; CPU iPhone OS 6_0 like Mac OS X) AppleWebKit/536.26 (KHTML, like Gecko) Version/6.0 Mobile/10A5376e Safari/8536.25 (compatible; Googlebot-Mobile/2.1; +http://www.google.com/bot.html)"
123.125.71.53 - - [03/Jan/2014:09:33:04 +0100] "GET / HTTP/1.1" 200 7903 "-" "Mozilla/5.0 (compatible; Baiduspider/2.0; +http://www.baidu.com/search/spider.html)"
220.181.108.83 - - [03/Jan/2014:09:33:05 +0100] "GET / HTTP/1.1" 200 7903 "-" "Mozilla/5.0 (compatible; Baiduspider/2.0; +http://www.baidu.com/search/spider.html)"
157.55.32.236 - - [03/Jan/2014:09:54:34 +0100] "GET /robots.txt HTTP/1.1" 404 1256 "-" "Mozilla/5.0 (compatible; bingbot/2.0; +http://www.bing.com/bingbot.htm)"
157.55.32.236 - - [03/Jan/2014:09:55:19 +0100] "GET / HTTP/1.1" 200 7903 "-" "Mozilla/5.0 (compatible; bingbot/2.0; +http://www.bing.com/bingbot.htm)"
208.115.111.72 - - [03/Jan/2014:10:19:40 +0100] "GET /robots.txt HTTP/1.1" 404 1256 "-" "Mozilla/5.0 (compatible; Ezooms/1.0; help@moz.com)"
66.249.78.242 - - [03/Jan/2014:10:19:44 +0100] "GET /img/head03.jpg HTTP/1.1" 200 7610 "-" "Googlebot-Image/1.0"
157.55.33.77 - - [03/Jan/2014:10:29:57 +0100] "GET /scripte/basics.js HTTP/1.1" 200 198 "-" "Mozilla/5.0 (compatible; bingbot/2.0; +http://www.bing.com/bingbot.htm)"
157.55.34.171 - - [03/Jan/2014:10:38:21 +0100] "GET /css/style.css HTTP/1.1" 200 3549 "-" "Mozilla/5.0 (compatible; bingbot/2.0; +http://www.bing.com/bingbot.htm)"
220.132.123.88 - - [03/Jan/2014:10:39:13 +0100] "GET / HTTP/1.1" 200 7903 "http://www.cebit.de/exhibitor/prokommunal/N235918?source=akl" "Mozilla/5.0 (compatible; MSIE 9.0; Windows NT 6.1; Trident/5.0)"
220.132.123.88 - - [03/Jan/2014:10:39:13 +0100] "GET /css/style.css HTTP/1.1" 200 3549 "http://www.prokommunal.com/" "Mozilla/5.0 (compatible; MSIE 9.0; Windows NT 6.1; Trident/5.0)"
220.132.123.89 - - [03/Jan/2014:10:39:14 +0100] "GET /css/style.css HTTP/1.1" 200 3549 "http://www.prokommunal.com/" "Mozilla/5.0 (compatible; MSIE 9.0; Windows NT 6.1; Trident/5.0)"
220.132.123.89 - - [03/Jan/2014:10:39:15 +0100] "GET /scripte/basics.js HTTP/1.1" 200 198 "http://www.prokommunal.com/" "Mozilla/5.0 (compatible; MSIE 9.0; Windows NT 6.1; Trident/5.0)"
220.132.123.89 - - [03/Jan/2014:10:39:15 +0100] "GET /img/head01.jpg HTTP/1.1" 200 6350 "http://www.prokommunal.com/" "Mozilla/5.0 (compatible; MSIE 9.0; Windows NT 6.1; Trident/5.0)"
220.132.123.89 - - [03/Jan/2014:10:39:16 +0100] "GET /img/head02.jpg HTTP/1.1" 200 4929 "http://www.prokommunal.com/" "Mozilla/5.0 (compatible; MSIE 9.0; Windows NT 6.1; Trident/5.0)"
220.132.123.88 - - [03/Jan/2014:10:39:16 +0100] "GET /img/head03.jpg HTTP/1.1" 200 7610 "http://www.prokommunal.com/" "Mozilla/5.0 (compatible; MSIE 9.0; Windows NT 6.1; Trident/5.0)"
220.132.123.89 - - [03/Jan/2014:10:39:16 +0100] "GET /redesign/img/bg_gelb.jpg HTTP/1.1" 200 368 "http://www.prokommunal.com/" "Mozilla/5.0 (compatible; MSIE 9.0; Windows NT 6.1; Trident/5.0)"
220.132.123.89 - - [03/Jan/2014:10:39:16 +0100] "GET /redesign/img/bg_foot.gif HTTP/1.1" 200 286 "http://www.prokommunal.com/" "Mozilla/5.0 (compatible; MSIE 9.0; Windows NT 6.1; Trident/5.0)"
220.132.123.88 - - [03/Jan/2014:10:39:17 +0100] "GET /favicon.ico HTTP/1.1" 200 894 "-" "Mozilla/5.0 (compatible; MSIE 9.0; Windows NT 6.1; Trident/5.0)"
220.132.123.88 - - [03/Jan/2014:10:39:46 +0100] "GET /seiten/produkte.htm HTTP/1.1" 200 9105 "http://www.prokommunal.com/" "Mozilla/5.0 (compatible; MSIE 9.0; Windows NT 6.1; Trident/5.0)"
220.132.123.88 - - [03/Jan/2014:10:39:46 +0100] "GET /img/1px_tr.gif HTTP/1.1" 200 43 "http://www.prokommunal.com/seiten/produkte.htm" "Mozilla/5.0 (compatible; MSIE 9.0; Windows NT 6.1; Trident/5.0)"
220.132.123.88 - - [03/Jan/2014:10:39:47 +0100] "GET /img/top.gif HTTP/1.1" 200 96 "http://www.prokommunal.com/seiten/produkte.htm" "Mozilla/5.0 (compatible; MSIE 9.0; Windows NT 6.1; Trident/5.0)"
220.132.123.89 - - [03/Jan/2014:10:39:47 +0100] "GET /img/men_01.jpg HTTP/1.1" 200 713 "http://www.prokommunal.com/seiten/produkte.htm" "Mozilla/5.0 (compatible; MSIE 9.0; Windows NT 6.1; Trident/5.0)"
220.132.123.88 - - [03/Jan/2014:10:40:07 +0100] "GET /seiten/fsw.htm HTTP/1.1" 200 9961 "http://www.prokommunal.com/seiten/produkte.htm" "Mozilla/5.0 (compatible; MSIE 9.0; Windows NT 6.1; Trident/5.0)"
220.132.123.88 - - [03/Jan/2014:10:40:08 +0100] "GET /img/fsw.jpg HTTP/1.1" 200 10878 "http://www.prokommunal.com/seiten/fsw.htm" "Mozilla/5.0 (compatible; MSIE 9.0; Windows NT 6.1; Trident/5.0)"
220.132.123.88 - - [03/Jan/2014:10:40:15 +0100] "GET /seiten/fahrlehrerwesen.htm HTTP/1.1" 200 7168 "http://www.prokommunal.com/seiten/fsw.htm" "Mozilla/5.0 (compatible; MSIE 9.0; Windows NT 6.1; Trident/5.0)"
5.10.83.10 - - [03/Jan/2014:10:57:14 +0100] "GET /seiten/referenzen.htm HTTP/1.1" 200 40249 "-" "Mozilla/5.0 (compatible; AhrefsBot/5.0; +http://ahrefs.com/robot/)"
157.55.35.77 - - [03/Jan/2014:11:17:48 +0100] "GET /robots.txt HTTP/1.1" 404 1256 "-" "Mozilla/5.0 (compatible; bingbot/2.0; +http://www.bing.com/bingbot.htm)"
157.55.35.77 - - [03/Jan/2014:11:19:04 +0100] "GET / HTTP/1.1" 200 7903 "-" "Mozilla/5.0 (compatible; bingbot/2.0; +http://www.bing.com/bingbot.htm)"
195.145.216.1 - - [03/Jan/2014:11:33:30 +0100] "GET /seiten/service.htm HTTP/1.1" 304 - "-" "Mozilla/5.0 (compatible; MSIE 9.0; Windows NT 6.1; WOW64; Trident/5.0)"
195.145.216.1 - - [03/Jan/2014:11:33:30 +0100] "GET /css/style.css HTTP/1.1" 304 - "http://www.prokommunal.com/seiten/service.htm" "Mozilla/5.0 (compatible; MSIE 9.0; Windows NT 6.1; WOW64; Trident/5.0)"
195.145.216.1 - - [03/Jan/2014:11:33:30 +0100] "GET /img/head01.jpg HTTP/1.1" 304 - "http://www.prokommunal.com/seiten/service.htm" "Mozilla/5.0 (compatible; MSIE 9.0; Windows NT 6.1; WOW64; Trident/5.0)"
195.145.216.1 - - [03/Jan/2014:11:33:31 +0100] "GET /img/head02.jpg HTTP/1.1" 304 - "http://www.prokommunal.com/seiten/service.htm" "Mozilla/5.0 (compatible; MSIE 9.0; Windows NT 6.1; WOW64; Trident/5.0)"
195.145.216.1 - - [03/Jan/2014:11:33:31 +0100] "GET /img/head03.jpg HTTP/1.1" 304 - "http://www.prokommunal.com/seiten/service.htm" "Mozilla/5.0 (compatible; MSIE 9.0; Windows NT 6.1; WOW64; Trident/5.0)"
195.145.216.1 - - [03/Jan/2014:11:33:31 +0100] "GET /scripte/basics.js HTTP/1.1" 304 - "http://www.prokommunal.com/seiten/service.htm" "Mozilla/5.0 (compatible; MSIE 9.0; Windows NT 6.1; WOW64; Trident/5.0)"
195.145.216.1 - - [03/Jan/2014:11:33:31 +0100] "GET /css/style.css HTTP/1.1" 304 - "http://www.prokommunal.com/seiten/service.htm" "Mozilla/5.0 (compatible; MSIE 9.0; Windows NT 6.1; WOW64; Trident/5.0)"
195.145.216.1 - - [03/Jan/2014:11:33:31 +0100] "GET /img/head01.jpg HTTP/1.1" 304 - "http://www.prokommunal.com/seiten/service.htm" "Mozilla/5.0 (compatible; MSIE 9.0; Windows NT 6.1; WOW64; Trident/5.0)"
195.145.216.1 - - [03/Jan/2014:11:33:31 +0100] "GET /img/top.gif HTTP/1.1" 304 - "http://www.prokommunal.com/seiten/service.htm" "Mozilla/5.0 (compatible; MSIE 9.0; Windows NT 6.1; WOW64; Trident/5.0)"
195.145.216.1 - - [03/Jan/2014:11:33:31 +0100] "GET /redesign/img/bg_foot.gif HTTP/1.1" 304 - "http://www.prokommunal.com/seiten/service.htm" "Mozilla/5.0 (compatible; MSIE 9.0; Windows NT 6.1; WOW64; Trident/5.0)"
195.145.216.1 - - [03/Jan/2014:11:33:31 +0100] "GET /redesign/img/term.jpg HTTP/1.1" 304 - "http://www.prokommunal.com/seiten/service.htm" "Mozilla/5.0 (compatible; MSIE 9.0; Windows NT 6.1; WOW64; Trident/5.0)"
195.145.216.1 - - [03/Jan/2014:11:33:31 +0100] "GET /img/men_01.jpg HTTP/1.1" 304 - "http://www.prokommunal.com/seiten/service.htm" "Mozilla/5.0 (compatible; MSIE 9.0; Windows NT 6.1; WOW64; Trident/5.0)"
195.145.216.1 - - [03/Jan/2014:11:33:31 +0100] "GET /redesign/img/bg_gelb.jpg HTTP/1.1" 304 - "http://www.prokommunal.com/seiten/service.htm" "Mozilla/5.0 (compatible; MSIE 9.0; Windows NT 6.1; WOW64; Trident/5.0)"
195.145.216.1 - - [03/Jan/2014:11:33:31 +0100] "GET /favicon.ico HTTP/1.1" 304 - "-" "Mozilla/5.0 (compatible; MSIE 9.0; Windows NT 6.1; WOW64; Trident/5.0)"
195.145.216.1 - - [03/Jan/2014:11:33:42 +0100] "GET /seiten/produkte.htm HTTP/1.1" 200 9105 "http://www.prokommunal.com/seiten/service.htm" "Mozilla/5.0 (compatible; MSIE 9.0; Windows NT 6.1; WOW64; Trident/5.0)"
195.145.216.1 - - [03/Jan/2014:11:33:43 +0100] "GET /css/style.css HTTP/1.1" 304 - "http://www.prokommunal.com/seiten/produkte.htm" "Mozilla/5.0 (compatible; MSIE 9.0; Windows NT 6.1; WOW64; Trident/5.0)"
195.145.216.1 - - [03/Jan/2014:11:33:43 +0100] "GET /scripte/basics.js HTTP/1.1" 304 - "http://www.prokommunal.com/seiten/produkte.htm" "Mozilla/5.0 (compatible; MSIE 9.0; Windows NT 6.1; WOW64; Trident/5.0)"
195.145.216.1 - - [03/Jan/2014:11:33:43 +0100] "GET /img/head01.jpg HTTP/1.1" 304 - "http://www.prokommunal.com/seiten/produkte.htm" "Mozilla/5.0 (compatible; MSIE 9.0; Windows NT 6.1; WOW64; Trident/5.0)"
195.145.216.1 - - [03/Jan/2014:11:33:43 +0100] "GET /img/1px_tr.gif HTTP/1.1" 200 43 "http://www.prokommunal.com/seiten/produkte.htm" "Mozilla/5.0 (compatible; MSIE 9.0; Windows NT 6.1; WOW64; Trident/5.0)"
195.145.216.1 - - [03/Jan/2014:11:33:43 +0100] "GET /img/head02.jpg HTTP/1.1" 304 - "http://www.prokommunal.com/seiten/produkte.htm" "Mozilla/5.0 (compatible; MSIE 9.0; Windows NT 6.1; WOW64; Trident/5.0)"
195.145.216.1 - - [03/Jan/2014:11:33:43 +0100] "GET /img/head03.jpg HTTP/1.1" 304 - "http://www.prokommunal.com/seiten/produkte.htm" "Mozilla/5.0 (compatible; MSIE 9.0; Windows NT 6.1; WOW64; Trident/5.0)"
195.145.216.1 - - [03/Jan/2014:11:33:43 +0100] "GET /scripte/basics.js HTTP/1.1" 304 - "http://www.prokommunal.com/seiten/produkte.htm" "Mozilla/5.0 (compatible; MSIE 9.0; Windows NT 6.1; WOW64; Trident/5.0)"
195.145.216.1 - - [03/Jan/2014:11:33:43 +0100] "GET /img/top.gif HTTP/1.1" 304 - "http://www.prokommunal.com/seiten/produkte.htm" "Mozilla/5.0 (compatible; MSIE 9.0; Windows NT 6.1; WOW64; Trident/5.0)"
195.145.216.1 - - [03/Jan/2014:11:33:43 +0100] "GET /img/head03.jpg HTTP/1.1" 304 - "http://www.prokommunal.com/seiten/produkte.htm" "Mozilla/5.0 (compatible; MSIE 9.0; Windows NT 6.1; WOW64; Trident/5.0)"
195.145.216.1 - - [03/Jan/2014:11:33:43 +0100] "GET /img/1px_tr.gif HTTP/1.1" 200 43 "http://www.prokommunal.com/seiten/produkte.htm" "Mozilla/5.0 (compatible; MSIE 9.0; Windows NT 6.1; WOW64; Trident/5.0)"
195.145.216.1 - - [03/Jan/2014:11:33:43 +0100] "GET /css/style.css HTTP/1.1" 304 - "http://www.prokommunal.com/seiten/produkte.htm" "Mozilla/5.0 (compatible; MSIE 9.0; Windows NT 6.1; WOW64; Trident/5.0)"
195.145.216.1 - - [03/Jan/2014:11:33:43 +0100] "GET /img/head01.jpg HTTP/1.1" 304 - "http://www.prokommunal.com/seiten/produkte.htm" "Mozilla/5.0 (compatible; MSIE 9.0; Windows NT 6.1; WOW64; Trident/5.0)"
195.145.216.1 - - [03/Jan/2014:11:33:43 +0100] "GET /img/head02.jpg HTTP/1.1" 304 - "http://www.prokommunal.com/seiten/produkte.htm" "Mozilla/5.0 (compatible; MSIE 9.0; Windows NT 6.1; WOW64; Trident/5.0)"
195.145.216.1 - - [03/Jan/2014:11:33:43 +0100] "GET /redesign/img/bg_foot.gif HTTP/1.1" 304 - "http://www.prokommunal.com/seiten/produkte.htm" "Mozilla/5.0 (compatible; MSIE 9.0; Windows NT 6.1; WOW64; Trident/5.0)"
195.145.216.1 - - [03/Jan/2014:11:33:43 +0100] "GET /img/men_01.jpg HTTP/1.1" 304 - "http://www.prokommunal.com/seiten/produkte.htm" "Mozilla/5.0 (compatible; MSIE 9.0; Windows NT 6.1; WOW64; Trident/5.0)"
195.145.216.1 - - [03/Jan/2014:11:33:43 +0100] "GET /redesign/img/bg_gelb.jpg HTTP/1.1" 304 - "http://www.prokommunal.com/seiten/produkte.htm" "Mozilla/5.0 (compatible; MSIE 9.0; Windows NT 6.1; WOW64; Trident/5.0)"
195.145.216.1 - - [03/Jan/2014:11:34:04 +0100] "GET /seiten/partner.htm HTTP/1.1" 200 9458 "http://www.prokommunal.com/seiten/produkte.htm" "Mozilla/5.0 (compatible; MSIE 9.0; Windows NT 6.1; WOW64; Trident/5.0)"
195.145.216.1 - - [03/Jan/2014:11:34:05 +0100] "GET /scripte/basics.js HTTP/1.1" 304 - "http://www.prokommunal.com/seiten/partner.htm" "Mozilla/5.0 (compatible; MSIE 9.0; Windows NT 6.1; WOW64; Trident/5.0)"
195.145.216.1 - - [03/Jan/2014:11:34:05 +0100] "GET /css/style.css HTTP/1.1" 304 - "http://www.prokommunal.com/seiten/partner.htm" "Mozilla/5.0 (compatible; MSIE 9.0; Windows NT 6.1; WOW64; Trident/5.0)"
195.145.216.1 - - [03/Jan/2014:11:34:05 +0100] "GET /img/head01.jpg HTTP/1.1" 304 - "http://www.prokommunal.com/seiten/partner.htm" "Mozilla/5.0 (compatible; MSIE 9.0; Windows NT 6.1; WOW64; Trident/5.0)"
195.145.216.1 - - [03/Jan/2014:11:34:05 +0100] "GET /img/head03.jpg HTTP/1.1" 304 - "http://www.prokommunal.com/seiten/partner.htm" "Mozilla/5.0 (compatible; MSIE 9.0; Windows NT 6.1; WOW64; Trident/5.0)"
195.145.216.1 - - [03/Jan/2014:11:34:05 +0100] "GET /img/head02.jpg HTTP/1.1" 304 - "http://www.prokommunal.com/seiten/partner.htm" "Mozilla/5.0 (compatible; MSIE 9.0; Windows NT 6.1; WOW64; Trident/5.0)"
195.145.216.1 - - [03/Jan/2014:11:34:05 +0100] "GET /img/hsh.jpg HTTP/1.1" 200 5007 "http://www.prokommunal.com/seiten/partner.htm" "Mozilla/5.0 (compatible; MSIE 9.0; Windows NT 6.1; WOW64; Trident/5.0)"
195.145.216.1 - - [03/Jan/2014:11:34:05 +0100] "GET /img/hh.jpg HTTP/1.1" 200 5817 "http://www.prokommunal.com/seiten/partner.htm" "Mozilla/5.0 (compatible; MSIE 9.0; Windows NT 6.1; WOW64; Trident/5.0)"
195.145.216.1 - - [03/Jan/2014:11:34:05 +0100] "GET /scripte/basics.js HTTP/1.1" 304 - "http://www.prokommunal.com/seiten/partner.htm" "Mozilla/5.0 (compatible; MSIE 9.0; Windows NT 6.1; WOW64; Trident/5.0)"
195.145.216.1 - - [03/Jan/2014:11:34:05 +0100] "GET /img/head02.jpg HTTP/1.1" 304 - "http://www.prokommunal.com/seiten/partner.htm" "Mozilla/5.0 (compatible; MSIE 9.0; Windows NT 6.1; WOW64; Trident/5.0)"
195.145.216.1 - - [03/Jan/2014:11:34:05 +0100] "GET /img/head01.jpg HTTP/1.1" 304 - "http://www.prokommunal.com/seiten/partner.htm" "Mozilla/5.0 (compatible; MSIE 9.0; Windows NT 6.1; WOW64; Trident/5.0)"
195.145.216.1 - - [03/Jan/2014:11:34:05 +0100] "GET /img/databund.jpg HTTP/1.1" 404 1256 "http://www.prokommunal.com/seiten/partner.htm" "Mozilla/5.0 (compatible; MSIE 9.0; Windows NT 6.1; WOW64; Trident/5.0)"
195.145.216.1 - - [03/Jan/2014:11:34:05 +0100] "GET /css/style.css HTTP/1.1" 304 - "http://www.prokommunal.com/seiten/partner.htm" "Mozilla/5.0 (compatible; MSIE 9.0; Windows NT 6.1; WOW64; Trident/5.0)"
195.145.216.1 - - [03/Jan/2014:11:34:05 +0100] "GET /img/hk.jpg HTTP/1.1" 200 4852 "http://www.prokommunal.com/seiten/partner.htm" "Mozilla/5.0 (compatible; MSIE 9.0; Windows NT 6.1; WOW64; Trident/5.0)"
195.145.216.1 - - [03/Jan/2014:11:34:05 +0100] "GET /img/head03.jpg HTTP/1.1" 304 - "http://www.prokommunal.com/seiten/partner.htm" "Mozilla/5.0 (compatible; MSIE 9.0; Windows NT 6.1; WOW64; Trident/5.0)"
195.145.216.1 - - [03/Jan/2014:11:34:05 +0100] "GET /img/hsh.jpg HTTP/1.1" 200 5007 "http://www.prokommunal.com/seiten/partner.htm" "Mozilla/5.0 (compatible; MSIE 9.0; Windows NT 6.1; WOW64; Trident/5.0)"
195.145.216.1 - - [03/Jan/2014:11:34:05 +0100] "GET /img/komfa1_s.jpg HTTP/1.1" 404 1256 "http://www.prokommunal.com/seiten/partner.htm" "Mozilla/5.0 (compatible; MSIE 9.0; Windows NT 6.1; WOW64; Trident/5.0)"
195.145.216.1 - - [03/Jan/2014:11:34:05 +0100] "GET /img/gz.jpg HTTP/1.1" 200 7757 "http://www.prokommunal.com/seiten/partner.htm" "Mozilla/5.0 (compatible; MSIE 9.0; Windows NT 6.1; WOW64; Trident/5.0)"
195.145.216.1 - - [03/Jan/2014:11:34:05 +0100] "GET /redesign/img/bg_foot.gif HTTP/1.1" 304 - "http://www.prokommunal.com/seiten/partner.htm" "Mozilla/5.0 (compatible; MSIE 9.0; Windows NT 6.1; WOW64; Trident/5.0)"
195.145.216.1 - - [03/Jan/2014:11:34:05 +0100] "GET /redesign/img/bg_gelb.jpg HTTP/1.1" 304 - "http://www.prokommunal.com/seiten/partner.htm" "Mozilla/5.0 (compatible; MSIE 9.0; Windows NT 6.1; WOW64; Trident/5.0)"
195.145.216.1 - - [03/Jan/2014:11:34:05 +0100] "GET /img/men_01.jpg HTTP/1.1" 304 - "http://www.prokommunal.com/seiten/partner.htm" "Mozilla/5.0 (compatible; MSIE 9.0; Windows NT 6.1; WOW64; Trident/5.0)"
195.145.216.1 - - [03/Jan/2014:11:34:05 +0100] "GET /img/top.gif HTTP/1.1" 304 - "http://www.prokommunal.com/seiten/partner.htm" "Mozilla/5.0 (compatible; MSIE 9.0; Windows NT 6.1; WOW64; Trident/5.0)"
195.145.216.1 - - [03/Jan/2014:11:34:06 +0100] "GET /img/hh.jpg HTTP/1.1" 200 5817 "http://www.prokommunal.com/seiten/partner.htm" "Mozilla/5.0 (compatible; MSIE 9.0; Windows NT 6.1; WOW64; Trident/5.0)"
195.145.216.1 - - [03/Jan/2014:11:34:17 +0100] "GET /seiten/referenzen.htm HTTP/1.1" 200 40249 "http://www.prokommunal.com/seiten/partner.htm" "Mozilla/5.0 (compatible; MSIE 9.0; Windows NT 6.1; WOW64; Trident/5.0)"
195.145.216.1 - - [03/Jan/2014:11:34:17 +0100] "GET /css/style.css HTTP/1.1" 304 - "http://www.prokommunal.com/seiten/referenzen.htm" "Mozilla/5.0 (compatible; MSIE 9.0; Windows NT 6.1; WOW64; Trident/5.0)"
195.145.216.1 - - [03/Jan/2014:11:34:17 +0100] "GET /scripte/basics.js HTTP/1.1" 304 - "http://www.prokommunal.com/seiten/referenzen.htm" "Mozilla/5.0 (compatible; MSIE 9.0; Windows NT 6.1; WOW64; Trident/5.0)"
195.145.216.1 - - [03/Jan/2014:11:34:17 +0100] "GET /img/head03.jpg HTTP/1.1" 304 - "http://www.prokommunal.com/seiten/referenzen.htm" "Mozilla/5.0 (compatible; MSIE 9.0; Windows NT 6.1; WOW64; Trident/5.0)"
195.145.216.1 - - [03/Jan/2014:11:34:17 +0100] "GET /img/head01.jpg HTTP/1.1" 304 - "http://www.prokommunal.com/seiten/referenzen.htm" "Mozilla/5.0 (compatible; MSIE 9.0; Windows NT 6.1; WOW64; Trident/5.0)"
195.145.216.1 - - [03/Jan/2014:11:34:17 +0100] "GET /img/head02.jpg HTTP/1.1" 304 - "http://www.prokommunal.com/seiten/referenzen.htm" "Mozilla/5.0 (compatible; MSIE 9.0; Windows NT 6.1; WOW64; Trident/5.0)"
195.145.216.1 - - [03/Jan/2014:11:34:17 +0100] "GET /css/style.css HTTP/1.1" 304 - "http://www.prokommunal.com/seiten/referenzen.htm" "Mozilla/5.0 (compatible; MSIE 9.0; Windows NT 6.1; WOW64; Trident/5.0)"
195.145.216.1 - - [03/Jan/2014:11:34:17 +0100] "GET /scripte/basics.js HTTP/1.1" 304 - "http://www.prokommunal.com/seiten/referenzen.htm" "Mozilla/5.0 (compatible; MSIE 9.0; Windows NT 6.1; WOW64; Trident/5.0)"
195.145.216.1 - - [03/Jan/2014:11:34:17 +0100] "GET /img/head01.jpg HTTP/1.1" 304 - "http://www.prokommunal.com/seiten/referenzen.htm" "Mozilla/5.0 (compatible; MSIE 9.0; Windows NT 6.1; WOW64; Trident/5.0)"
195.145.216.1 - - [03/Jan/2014:11:34:17 +0100] "GET /img/head03.jpg HTTP/1.1" 304 - "http://www.prokommunal.com/seiten/referenzen.htm" "Mozilla/5.0 (compatible; MSIE 9.0; Windows NT 6.1; WOW64; Trident/5.0)"
195.145.216.1 - - [03/Jan/2014:11:34:17 +0100] "GET /img/head02.jpg HTTP/1.1" 304 - "http://www.prokommunal.com/seiten/referenzen.htm" "Mozilla/5.0 (compatible; MSIE 9.0; Windows NT 6.1; WOW64; Trident/5.0)"
195.145.216.1 - - [03/Jan/2014:11:34:18 +0100] "GET /img/top.gif HTTP/1.1" 304 - "http://www.prokommunal.com/seiten/referenzen.htm" "Mozilla/5.0 (compatible; MSIE 9.0; Windows NT 6.1; WOW64; Trident/5.0)"
195.145.216.1 - - [03/Jan/2014:11:34:18 +0100] "GET /redesign/img/bg_foot.gif HTTP/1.1" 304 - "http://www.prokommunal.com/seiten/referenzen.htm" "Mozilla/5.0 (compatible; MSIE 9.0; Windows NT 6.1; WOW64; Trident/5.0)"
195.145.216.1 - - [03/Jan/2014:11:34:18 +0100] "GET /redesign/img/bg_gelb.jpg HTTP/1.1" 304 - "http://www.prokommunal.com/seiten/referenzen.htm" "Mozilla/5.0 (compatible; MSIE 9.0; Windows NT 6.1; WOW64; Trident/5.0)"
195.145.216.1 - - [03/Jan/2014:11:34:18 +0100] "GET /img/men_01.jpg HTTP/1.1" 304 - "http://www.prokommunal.com/seiten/referenzen.htm" "Mozilla/5.0 (compatible; MSIE 9.0; Windows NT 6.1; WOW64; Trident/5.0)"
176.94.116.150 - - [03/Jan/2014:11:38:42 +0100] "GET / HTTP/1.1" 200 7903 "-" "Mozilla/5.0 (Windows NT 6.1; Trident/7.0; rv:11.0) like Gecko"
176.94.116.150 - - [03/Jan/2014:11:38:42 +0100] "GET /css/style.css HTTP/1.1" 200 3549 "http://www.prokommunal.com/" "Mozilla/5.0 (Windows NT 6.1; Trident/7.0; rv:11.0) like Gecko"
176.94.116.150 - - [03/Jan/2014:11:38:42 +0100] "GET /scripte/basics.js HTTP/1.1" 200 198 "http://www.prokommunal.com/" "Mozilla/5.0 (Windows NT 6.1; Trident/7.0; rv:11.0) like Gecko"
176.94.116.150 - - [03/Jan/2014:11:38:42 +0100] "GET /img/head01.jpg HTTP/1.1" 200 6350 "http://www.prokommunal.com/" "Mozilla/5.0 (Windows NT 6.1; Trident/7.0; rv:11.0) like Gecko"
176.94.116.150 - - [03/Jan/2014:11:38:42 +0100] "GET /img/head03.jpg HTTP/1.1" 200 7610 "http://www.prokommunal.com/" "Mozilla/5.0 (Windows NT 6.1; Trident/7.0; rv:11.0) like Gecko"
176.94.116.150 - - [03/Jan/2014:11:38:42 +0100] "GET /img/head02.jpg HTTP/1.1" 200 4929 "http://www.prokommunal.com/" "Mozilla/5.0 (Windows NT 6.1; Trident/7.0; rv:11.0) like Gecko"
176.94.116.150 - - [03/Jan/2014:11:38:42 +0100] "GET /redesign/img/bg_foot.gif HTTP/1.1" 200 286 "http://www.prokommunal.com/" "Mozilla/5.0 (Windows NT 6.1; Trident/7.0; rv:11.0) like Gecko"
176.94.116.150 - - [03/Jan/2014:11:38:42 +0100] "GET /redesign/img/bg_gelb.jpg HTTP/1.1" 200 368 "http://www.prokommunal.com/" "Mozilla/5.0 (Windows NT 6.1; Trident/7.0; rv:11.0) like Gecko"
176.94.116.150 - - [03/Jan/2014:11:38:42 +0100] "GET /favicon.ico HTTP/1.1" 200 894 "-" "Mozilla/5.0 (Windows NT 6.1; Trident/7.0; rv:11.0) like Gecko"
176.94.116.150 - - [03/Jan/2014:11:38:51 +0100] "GET /seiten/impr.htm HTTP/1.1" 200 8696 "http://www.prokommunal.com/" "Mozilla/5.0 (Windows NT 6.1; Trident/7.0; rv:11.0) like Gecko"
176.94.116.150 - - [03/Jan/2014:11:38:51 +0100] "GET /img/top.gif HTTP/1.1" 200 96 "http://www.prokommunal.com/seiten/impr.htm" "Mozilla/5.0 (Windows NT 6.1; Trident/7.0; rv:11.0) like Gecko"
176.94.116.150 - - [03/Jan/2014:11:38:51 +0100] "GET /img/men_01.jpg HTTP/1.1" 200 713 "http://www.prokommunal.com/seiten/impr.htm" "Mozilla/5.0 (Windows NT 6.1; Trident/7.0; rv:11.0) like Gecko"
176.94.116.150 - - [03/Jan/2014:11:38:58 +0100] "GET /seiten/kontakt.php HTTP/1.1" 200 12788 "http://www.prokommunal.com/seiten/impr.htm" "Mozilla/5.0 (Windows NT 6.1; Trident/7.0; rv:11.0) like Gecko"
176.94.116.150 - - [03/Jan/2014:11:38:58 +0100] "GET /img/1px_tr.gif HTTP/1.1" 200 43 "http://www.prokommunal.com/seiten/kontakt.php" "Mozilla/5.0 (Windows NT 6.1; Trident/7.0; rv:11.0) like Gecko"
176.94.116.150 - - [03/Jan/2014:11:39:01 +0100] "GET /seiten/service.htm HTTP/1.1" 200 9962 "http://www.prokommunal.com/seiten/kontakt.php" "Mozilla/5.0 (Windows NT 6.1; Trident/7.0; rv:11.0) like Gecko"
176.94.116.150 - - [03/Jan/2014:11:39:01 +0100] "GET /redesign/img/term.jpg HTTP/1.1" 200 498 "http://www.prokommunal.com/seiten/service.htm" "Mozilla/5.0 (Windows NT 6.1; Trident/7.0; rv:11.0) like Gecko"
176.94.116.150 - - [03/Jan/2014:11:39:02 +0100] "GET /seiten/kontakt.php HTTP/1.1" 200 12788 "http://www.prokommunal.com/seiten/service.htm" "Mozilla/5.0 (Windows NT 6.1; Trident/7.0; rv:11.0) like Gecko"
176.94.116.150 - - [03/Jan/2014:11:39:50 +0100] "GET /seiten/partner.htm HTTP/1.1" 200 9458 "http://www.prokommunal.com/seiten/kontakt.php" "Mozilla/5.0 (Windows NT 6.1; Trident/7.0; rv:11.0) like Gecko"
176.94.116.150 - - [03/Jan/2014:11:39:50 +0100] "GET /img/hsh.jpg HTTP/1.1" 200 5007 "http://www.prokommunal.com/seiten/partner.htm" "Mozilla/5.0 (Windows NT 6.1; Trident/7.0; rv:11.0) like Gecko"
176.94.116.150 - - [03/Jan/2014:11:39:50 +0100] "GET /img/hh.jpg HTTP/1.1" 200 5817 "http://www.prokommunal.com/seiten/partner.htm" "Mozilla/5.0 (Windows NT 6.1; Trident/7.0; rv:11.0) like Gecko"
176.94.116.150 - - [03/Jan/2014:11:39:50 +0100] "GET /img/gz.jpg HTTP/1.1" 200 7757 "http://www.prokommunal.com/seiten/partner.htm" "Mozilla/5.0 (Windows NT 6.1; Trident/7.0; rv:11.0) like Gecko"
176.94.116.150 - - [03/Jan/2014:11:39:50 +0100] "GET /img/hk.jpg HTTP/1.1" 200 4852 "http://www.prokommunal.com/seiten/partner.htm" "Mozilla/5.0 (Windows NT 6.1; Trident/7.0; rv:11.0) like Gecko"
176.94.116.150 - - [03/Jan/2014:11:39:50 +0100] "GET /img/komfa1_s.jpg HTTP/1.1" 404 1256 "http://www.prokommunal.com/seiten/partner.htm" "Mozilla/5.0 (Windows NT 6.1; Trident/7.0; rv:11.0) like Gecko"
176.94.116.150 - - [03/Jan/2014:11:39:50 +0100] "GET /img/databund.jpg HTTP/1.1" 404 1256 "http://www.prokommunal.com/seiten/partner.htm" "Mozilla/5.0 (Windows NT 6.1; Trident/7.0; rv:11.0) like Gecko"
176.94.116.150 - - [03/Jan/2014:11:39:53 +0100] "GET /seiten/referenzen.htm HTTP/1.1" 200 40249 "http://www.prokommunal.com/seiten/partner.htm" "Mozilla/5.0 (Windows NT 6.1; Trident/7.0; rv:11.0) like Gecko"
208.115.111.72 - - [03/Jan/2014:12:15:33 +0100] "GET /seiten/service.htm HTTP/1.1" 200 9962 "-" "Mozilla/5.0 (compatible; Ezooms/1.0; help@moz.com)"
208.115.113.88 - - [03/Jan/2014:12:15:56 +0100] "GET /robots.txt HTTP/1.1" 404 1256 "-" "Mozilla/5.0 (compatible; Ezooms/1.0; help@moz.com)"
84.76.100.195 - - [03/Jan/2014:13:53:27 +0100] "GET / HTTP/1.1" 200 7903 "http://www.cebit.de/exhibitor/prokommunal/N235918?source=akl" "Mozilla/5.0 (Windows NT 5.1) AppleWebKit/537.36 (KHTML, like Gecko) Chrome/31.0.1650.63 Safari/537.36"
84.76.100.195 - - [03/Jan/2014:13:53:27 +0100] "GET /css/style.css HTTP/1.1" 200 3549 "http://www.prokommunal.com/" "Mozilla/5.0 (Windows NT 5.1) AppleWebKit/537.36 (KHTML, like Gecko) Chrome/31.0.1650.63 Safari/537.36"
84.76.100.195 - - [03/Jan/2014:13:53:28 +0100] "GET /scripte/basics.js HTTP/1.1" 200 198 "http://www.prokommunal.com/" "Mozilla/5.0 (Windows NT 5.1) AppleWebKit/537.36 (KHTML, like Gecko) Chrome/31.0.1650.63 Safari/537.36"
84.76.100.195 - - [03/Jan/2014:13:53:28 +0100] "GET /img/head01.jpg HTTP/1.1" 200 6350 "http://www.prokommunal.com/" "Mozilla/5.0 (Windows NT 5.1) AppleWebKit/537.36 (KHTML, like Gecko) Chrome/31.0.1650.63 Safari/537.36"
84.76.100.195 - - [03/Jan/2014:13:53:28 +0100] "GET /img/head02.jpg HTTP/1.1" 200 4929 "http://www.prokommunal.com/" "Mozilla/5.0 (Windows NT 5.1) AppleWebKit/537.36 (KHTML, like Gecko) Chrome/31.0.1650.63 Safari/537.36"
84.76.100.195 - - [03/Jan/2014:13:53:28 +0100] "GET /img/head03.jpg HTTP/1.1" 200 7610 "http://www.prokommunal.com/" "Mozilla/5.0 (Windows NT 5.1) AppleWebKit/537.36 (KHTML, like Gecko) Chrome/31.0.1650.63 Safari/537.36"
84.76.100.195 - - [03/Jan/2014:13:53:28 +0100] "GET /redesign/img/bg_gelb.jpg HTTP/1.1" 200 368 "http://www.prokommunal.com/" "Mozilla/5.0 (Windows NT 5.1) AppleWebKit/537.36 (KHTML, like Gecko) Chrome/31.0.1650.63 Safari/537.36"
84.76.100.195 - - [03/Jan/2014:13:53:28 +0100] "GET /redesign/img/bg_foot.gif HTTP/1.1" 200 286 "http://www.prokommunal.com/" "Mozilla/5.0 (Windows NT 5.1) AppleWebKit/537.36 (KHTML, like Gecko) Chrome/31.0.1650.63 Safari/537.36"
84.76.100.195 - - [03/Jan/2014:13:53:28 +0100] "GET /favicon.ico HTTP/1.1" 200 894 "-" "Mozilla/5.0 (Windows NT 5.1) AppleWebKit/537.36 (KHTML, like Gecko) Chrome/31.0.1650.63 Safari/537.36"
84.76.100.195 - - [03/Jan/2014:13:53:30 +0100] "GET /seiten/produkte.htm HTTP/1.1" 200 9105 "http://www.prokommunal.com/" "Mozilla/5.0 (Windows NT 5.1) AppleWebKit/537.36 (KHTML, like Gecko) Chrome/31.0.1650.63 Safari/537.36"
84.76.100.195 - - [03/Jan/2014:13:53:30 +0100] "GET /img/1px_tr.gif HTTP/1.1" 200 43 "http://www.prokommunal.com/seiten/produkte.htm" "Mozilla/5.0 (Windows NT 5.1) AppleWebKit/537.36 (KHTML, like Gecko) Chrome/31.0.1650.63 Safari/537.36"
84.76.100.195 - - [03/Jan/2014:13:53:30 +0100] "GET /img/top.gif HTTP/1.1" 200 96 "http://www.prokommunal.com/seiten/produkte.htm" "Mozilla/5.0 (Windows NT 5.1) AppleWebKit/537.36 (KHTML, like Gecko) Chrome/31.0.1650.63 Safari/537.36"
84.76.100.195 - - [03/Jan/2014:13:53:30 +0100] "GET /img/men_01.jpg HTTP/1.1" 200 713 "http://www.prokommunal.com/seiten/produkte.htm" "Mozilla/5.0 (Windows NT 5.1) AppleWebKit/537.36 (KHTML, like Gecko) Chrome/31.0.1650.63 Safari/537.36"
208.115.113.88 - - [03/Jan/2014:14:15:56 +0100] "GET /seiten/referenzen.htm HTTP/1.1" 200 40249 "-" "Mozilla/5.0 (compatible; Ezooms/1.0; help@moz.com)"
66.249.78.242 - - [03/Jan/2014:15:07:50 +0100] "GET /robots.txt HTTP/1.1" 404 1256 "-" "Mozilla/5.0 (compatible; Googlebot/2.1; +http://www.google.com/bot.html)"
66.249.78.242 - - [03/Jan/2014:15:07:50 +0100] "GET /seiten/partner.htm HTTP/1.1" 304 - "-" "Mozilla/5.0 (iPhone; CPU iPhone OS 6_0 like Mac OS X) AppleWebKit/536.26 (KHTML, like Gecko) Version/6.0 Mobile/10A5376e Safari/8536.25 (compatible; Googlebot-Mobile/2.1; +http://www.google.com/bot.html)"
220.181.125.155 - - [03/Jan/2014:15:47:22 +0100] "GET /robots.txt HTTP/1.1" 404 1256 "-" "Sogou web spider/4.0(+http://www.sogou.com/docs/help/webmasters.htm#07)"
220.181.125.155 - - [03/Jan/2014:15:47:23 +0100] "GET / HTTP/1.1" 304 - "-" "Sogou web spider/4.0(+http://www.sogou.com/docs/help/webmasters.htm#07)"
5.10.83.56 - - [03/Jan/2014:15:58:12 +0100] "GET /seiten/kraftverkehr.htm HTTP/1.1" 200 9210 "-" "Mozilla/5.0 (compatible; AhrefsBot/5.0; +http://ahrefs.com/robot/)"
178.77.126.55 - - [03/Jan/2014:16:11:12 +0100] "GET /robots.txt HTTP/1.1" 404 1256 "-" "Mozilla/5.0 (compatible; CareerBot/1.1; +http://www.career-x.de/bot.html)"
178.77.126.55 - - [03/Jan/2014:16:11:12 +0100] "GET / HTTP/1.1" 200 7903 "-" "Mozilla/5.0 (compatible; CareerBot/1.1; +http://www.career-x.de/bot.html)"
117.78.13.18 - - [03/Jan/2014:16:20:08 +0100] "GET /robots.txt HTTP/1.0" 404 1256 "-" "nutch-1.4/Nutch-1.4"
117.78.13.18 - - [03/Jan/2014:16:20:09 +0100] "GET / HTTP/1.0" 200 7903 "-" "nutch-1.4/Nutch-1.4"
69.58.178.56 - - [03/Jan/2014:16:36:59 +0100] "GET /robots.txt HTTP/1.1" 404 1256 "-" "Mozilla/5.0 (X11; Ubuntu; Linux i686; rv:14.0; ips-agent) Gecko/20100101 Firefox/14.0.1"
69.58.178.56 - - [03/Jan/2014:16:37:00 +0100] "GET / HTTP/1.1" 200 7903 "-" "Mozilla/5.0 (X11; Ubuntu; Linux i686; rv:14.0; ips-agent) Gecko/20100101 Firefox/14.0.1"
69.58.178.56 - - [03/Jan/2014:16:37:02 +0100] "GET / HTTP/1.1" 200 7903 "-" "BlackBerry9000/4.6.0.167 Profile/MIDP-2.0 Configuration/CLDC-1.1 VendorID/102 ips-agent"
69.58.178.56 - - [03/Jan/2014:16:37:03 +0100] "GET /seiten/produkte.htm HTTP/1.1" 200 9105 "-" "Mozilla/5.0 (X11; Ubuntu; Linux i686; rv:14.0; ips-agent) Gecko/20100101 Firefox/14.0.1"
69.58.178.56 - - [03/Jan/2014:16:37:04 +0100] "GET /seiten/partner.htm HTTP/1.1" 200 9458 "-" "Mozilla/5.0 (X11; Ubuntu; Linux i686; rv:14.0; ips-agent) Gecko/20100101 Firefox/14.0.1"
69.58.178.56 - - [03/Jan/2014:16:37:05 +0100] "GET /seiten/referenzen.htm HTTP/1.1" 200 40249 "-" "Mozilla/5.0 (X11; Ubuntu; Linux i686; rv:14.0; ips-agent) Gecko/20100101 Firefox/14.0.1"
69.58.178.56 - - [03/Jan/2014:16:37:07 +0100] "GET /seiten/service.htm HTTP/1.1" 200 9962 "-" "Mozilla/5.0 (X11; Ubuntu; Linux i686; rv:14.0; ips-agent) Gecko/20100101 Firefox/14.0.1"
69.58.178.56 - - [03/Jan/2014:16:37:08 +0100] "GET /seiten/kontakt.php HTTP/1.1" 200 12788 "-" "Mozilla/5.0 (X11; Ubuntu; Linux i686; rv:14.0; ips-agent) Gecko/20100101 Firefox/14.0.1"
69.58.178.56 - - [03/Jan/2014:16:37:09 +0100] "GET /seiten/impr.htm HTTP/1.1" 200 8696 "-" "Mozilla/5.0 (X11; Ubuntu; Linux i686; rv:14.0; ips-agent) Gecko/20100101 Firefox/14.0.1"
69.58.178.56 - - [03/Jan/2014:16:37:11 +0100] "GET /seiten/databund.html HTTP/1.1" 200 9125 "-" "Mozilla/5.0 (X11; Ubuntu; Linux i686; rv:14.0; ips-agent) Gecko/20100101 Firefox/14.0.1"
69.58.178.56 - - [03/Jan/2014:16:37:12 +0100] "GET /seiten/fsw.htm HTTP/1.1" 200 9961 "-" "Mozilla/5.0 (X11; Ubuntu; Linux i686; rv:14.0; ips-agent) Gecko/20100101 Firefox/14.0.1"
69.58.178.56 - - [03/Jan/2014:16:37:13 +0100] "GET /seiten/fahrlehrerwesen.htm HTTP/1.1" 200 7168 "-" "Mozilla/5.0 (X11; Ubuntu; Linux i686; rv:14.0; ips-agent) Gecko/20100101 Firefox/14.0.1"
198.27.69.78 - - [03/Jan/2014:16:42:27 +0100] "GET / HTTP/1.1" 200 7903 "-" "Mozilla/5.0 (Windows NT 6.1; WOW64) AppleWebKit/537.36 (KHTML, like Gecko) Chrome/29.0.1547.66 Safari/537.36"
119.63.196.87 - - [03/Jan/2014:17:21:48 +0100] "GET / HTTP/1.1" 200 7903 "-" "Mozilla/5.0 (compatible; Baiduspider/2.0; +http://www.baidu.com/search/spider.html)"
157.56.229.247 - - [03/Jan/2014:17:55:25 +0100] "GET /robots.txt HTTP/1.1" 404 1256 "-" "Mozilla/5.0 (compatible; bingbot/2.0; +http://www.bing.com/bingbot.htm)"
157.56.229.247 - - [03/Jan/2014:17:59:48 +0100] "GET /seiten/impr.htm HTTP/1.1" 304 - "-" "Mozilla/5.0 (compatible; bingbot/2.0; +http://www.bing.com/bingbot.htm)"
5.10.83.89 - - [03/Jan/2014:19:43:10 +0100] "GET /seiten/fahrlehrerwesen.htm HTTP/1.1" 200 7168 "-" "Mozilla/5.0 (compatible; AhrefsBot/5.0; +http://ahrefs.com/robot/)"
208.115.113.88 - - [03/Jan/2014:20:05:16 +0100] "GET /robots.txt HTTP/1.1" 404 1256 "-" "Mozilla/5.0 (compatible; Ezooms/1.0; help@moz.com)"
64.246.165.210 - - [03/Jan/2014:20:32:38 +0100] "GET /robots.txt HTTP/1.0" 404 1256 "-" "Mozilla/5.0 (Windows; U; Windows NT 5.1; en; rv:1.9.0.13) Gecko/2009073022 Firefox/3.5.2 (.NET CLR 3.5.30729) SurveyBot/2.3 (DomainTools)"
64.246.165.210 - - [03/Jan/2014:20:32:39 +0100] "GET / HTTP/1.1" 200 7903 "http://whois.domaintools.com/kfz-zulassungswesen.de" "Mozilla/5.0 (Windows; U; Windows NT 5.1; en; rv:1.9.0.13) Gecko/2009073022 Firefox/3.5.2 (.NET CLR 3.5.30729) SurveyBot/2.3 (DomainTools)"
208.115.113.88 - - [03/Jan/2014:21:04:16 +0100] "GET /seiten/fsw.htm HTTP/1.1" 200 9961 "-" "Mozilla/5.0 (compatible; Ezooms/1.0; help@moz.com)"
208.115.111.72 - - [03/Jan/2014:22:14:45 +0100] "GET /robots.txt HTTP/1.1" 404 1256 "-" "Mozilla/5.0 (compatible; Ezooms/1.0; help@moz.com)"
208.115.111.72 - - [03/Jan/2014:22:30:05 +0100] "GET /robots.txt HTTP/1.1" 404 1256 "-" "Mozilla/5.0 (compatible; Ezooms/1.0; help@moz.com)"
66.249.78.242 - - [03/Jan/2014:22:31:47 +0100] "GET / HTTP/1.1" 200 7903 "-" "Mozilla/5.0 (iPhone; CPU iPhone OS 6_0 like Mac OS X) AppleWebKit/536.26 (KHTML, like Gecko) Version/6.0 Mobile/10A5376e Safari/8536.25 (compatible; Googlebot-Mobile/2.1; +http://www.google.com/bot.html)"
66.249.78.242 - - [03/Jan/2014:22:34:41 +0100] "GET /css/style.css HTTP/1.1" 200 3549 "-" "Mozilla/5.0 (compatible; Googlebot/2.1; +http://www.google.com/bot.html)"
66.249.78.242 - - [03/Jan/2014:22:34:41 +0100] "GET /scripte/basics.js HTTP/1.1" 200 198 "-" "Mozilla/5.0 (compatible; Googlebot/2.1; +http://www.google.com/bot.html)"
157.55.32.188 - - [03/Jan/2014:22:37:16 +0100] "GET /robots.txt HTTP/1.1" 404 1256 "-" "Mozilla/5.0 (compatible; bingbot/2.0; +http://www.bing.com/bingbot.htm)"
157.55.32.188 - - [03/Jan/2014:22:38:05 +0100] "GET /seiten/databund.html HTTP/1.1" 304 - "-" "Mozilla/5.0 (compatible; bingbot/2.0; +http://www.bing.com/bingbot.htm)"
220.181.108.75 - - [03/Jan/2014:22:40:34 +0100] "GET / HTTP/1.1" 200 7903 "-" "Mozilla/5.0 (compatible; Baiduspider/2.0; +http://www.baidu.com/search/spider.html)"
123.125.71.44 - - [03/Jan/2014:22:41:50 +0100] "GET / HTTP/1.1" 200 7903 "-" "Mozilla/5.0 (compatible; Baiduspider/2.0; +http://www.baidu.com/search/spider.html)"
208.115.111.72 - - [03/Jan/2014:22:56:43 +0100] "GET /seiten/partner.htm HTTP/1.1" 200 9458 "-" "Mozilla/5.0 (compatible; Ezooms/1.0; help@moz.com)"
157.55.32.100 - - [03/Jan/2014:23:33:23 +0100] "GET /robots.txt HTTP/1.1" 404 1256 "-" "Mozilla/5.0 (compatible; bingbot/2.0; +http://www.bing.com/bingbot.htm)"
157.55.32.100 - - [03/Jan/2014:23:37:32 +0100] "GET /seiten/referenzen.htm HTTP/1.1" 200 40249 "-" "Mozilla/5.0 (compatible; bingbot/2.0; +http://www.bing.com/bingbot.htm)"
157.56.93.154 - - [03/Jan/2014:23:38:21 +0100] "GET /css/style.css HTTP/1.1" 200 3549 "-" "Mozilla/5.0 (compatible; bingbot/2.0; +http://www.bing.com/bingbot.htm)"
157.56.93.154 - - [03/Jan/2014:23:38:22 +0100] "GET /scripte/basics.js HTTP/1.1" 200 198 "-" "Mozilla/5.0 (compatible; bingbot/2.0; +http://www.bing.com/bingbot.htm)"
208.115.111.72 - - [04/Jan/2014:00:26:08 +0100] "GET /seiten/fahrlehrerwesen.htm HTTP/1.1" 200 7168 "-" "Mozilla/5.0 (compatible; Ezooms/1.0; help@moz.com)"
80.190.97.212 - - [04/Jan/2014:00:41:06 +0100] "GET / HTTP/1.1" 200 7903 "-" "Mozilla/5.0 (X11; U; FreeBSD i386; en-US; rv:1.9.1.12) Gecko/20100912 Firefox/3.5.12"
157.55.32.186 - - [04/Jan/2014:01:09:54 +0100] "GET /robots.txt HTTP/1.1" 404 1256 "-" "Mozilla/5.0 (compatible; bingbot/2.0; +http://www.bing.com/bingbot.htm)"
157.55.32.186 - - [04/Jan/2014:01:10:18 +0100] "GET / HTTP/1.1" 200 7903 "-" "Mozilla/5.0 (compatible; bingbot/2.0; +http://www.bing.com/bingbot.htm)"
80.190.97.212 - - [04/Jan/2014:01:24:18 +0100] "GET / HTTP/1.1" 200 7903 "-" "Mozilla/5.0 (X11; U; FreeBSD i386; en-US; rv:1.9.1.12) Gecko/20100912 Firefox/3.5.12"
66.249.78.242 - - [04/Jan/2014:01:38:10 +0100] "GET /seiten/service.htm HTTP/1.1" 304 - "-" "Mozilla/5.0 (iPhone; CPU iPhone OS 6_0 like Mac OS X) AppleWebKit/536.26 (KHTML, like Gecko) Version/6.0 Mobile/10A5376e Safari/8536.25 (compatible; Googlebot-Mobile/2.1; +http://www.google.com/bot.html)"
80.190.97.212 - - [04/Jan/2014:02:09:48 +0100] "GET / HTTP/1.1" 200 7903 "-" "Mozilla/5.0 (X11; U; FreeBSD i386; en-US; rv:1.9.1.12) Gecko/20100912 Firefox/3.5.12"
208.115.111.71 - - [04/Jan/2014:02:16:03 +0100] "GET /robots.txt HTTP/1.1" 404 1256 "-" "Mozilla/5.0 (compatible; Ezooms/1.0; help@moz.com)"
