193.111.141.54 - - [01/Jan/2014:00:10:41 +0100] "GET / HTTP/1.1" 200 7903 "-" "Mozilla/5.0 (X11; Linux i686; rv:6.0) Gecko/20100101 Firefox/6.0"
193.111.141.54 - - [01/Jan/2014:00:12:09 +0100] "GET / HTTP/1.1" 200 7903 "-" "Mozilla/5.0 (X11; Linux i686; rv:6.0) Gecko/20100101 Firefox/6.0"
193.111.141.54 - - [01/Jan/2014:00:14:19 +0100] "GET /./seiten/impr.htm HTTP/1.1" 200 8696 "-" "Mozilla/5.0 (X11; Linux i686; rv:6.0) Gecko/20100101 Firefox/6.0"
80.190.97.212 - - [01/Jan/2014:00:40:53 +0100] "GET / HTTP/1.1" 200 7903 "-" "Mozilla/5.0 (X11; U; FreeBSD i386; en-US; rv:1.9.1.12) Gecko/20100912 Firefox/3.5.12"
208.115.111.68 - - [01/Jan/2014:01:07:44 +0100] "GET /robots.txt HTTP/1.1" 404 1256 "-" "Mozilla/5.0 (compatible; Ezooms/1.0; help@moz.com)"
80.190.97.212 - - [01/Jan/2014:01:19:53 +0100] "GET / HTTP/1.1" 200 7903 "-" "Mozilla/5.0 (X11; U; FreeBSD i386; en-US; rv:1.9.1.12) Gecko/20100912 Firefox/3.5.12"
80.190.97.212 - - [01/Jan/2014:02:04:13 +0100] "GET / HTTP/1.1" 200 7903 "-" "Mozilla/5.0 (X11; U; FreeBSD i386; en-US; rv:1.9.1.12) Gecko/20100912 Firefox/3.5.12"
80.190.97.212 - - [01/Jan/2014:02:42:54 +0100] "GET / HTTP/1.1" 200 7903 "-" "Mozilla/5.0 (X11; U; FreeBSD i386; en-US; rv:1.9.1.12) Gecko/20100912 Firefox/3.5.12"
208.115.111.68 - - [01/Jan/2014:03:22:13 +0100] "GET /seiten/impr.htm HTTP/1.1" 200 8696 "-" "Mozilla/5.0 (compatible; Ezooms/1.0; help@moz.com)"
5.10.83.82 - - [01/Jan/2014:04:12:53 +0100] "GET /seiten/kraftverkehr.htm HTTP/1.1" 200 9210 "-" "Mozilla/5.0 (compatible; AhrefsBot/5.0; +http://ahrefs.com/robot/)"
157.56.93.93 - - [01/Jan/2014:04:35:31 +0100] "GET /robots.txt HTTP/1.1" 404 1256 "-" "Mozilla/5.0 (compatible; bingbot/2.0; +http://www.bing.com/bingbot.htm)"
5.9.95.3 - - [01/Jan/2014:04:37:12 +0100] "GET /robots.txt HTTP/1.1" 404 1256 "http://www.prokommunal.com/" "Mozilla/5.0 (compatible; ltbot/1.3; bot@language-tools.com)"
5.9.95.3 - - [01/Jan/2014:04:37:13 +0100] "GET / HTTP/1.1" 200 7903 "http://www.prokommunal.com/" "Mozilla/5.0 (compatible; ltbot/1.3; bot@language-tools.com)"
5.9.95.3 - - [01/Jan/2014:04:37:15 +0100] "GET /seiten/impr.htm HTTP/1.1" 200 8696 "http://www.prokommunal.com/" "Mozilla/5.0 (compatible; ltbot/1.3; bot@language-tools.com)"
5.9.95.3 - - [01/Jan/2014:04:37:17 +0100] "GET /seiten/service.htm HTTP/1.1" 200 9962 "http://www.prokommunal.com/" "Mozilla/5.0 (compatible; ltbot/1.3; bot@language-tools.com)"
5.9.95.3 - - [01/Jan/2014:04:37:19 +0100] "GET /seiten/kontakt.php HTTP/1.1" 200 12788 "http://www.prokommunal.com/" "Mozilla/5.0 (compatible; ltbot/1.3; bot@language-tools.com)"
5.9.95.3 - - [01/Jan/2014:04:37:21 +0100] "GET /seiten/partner.htm HTTP/1.1" 200 9458 "http://www.prokommunal.com/" "Mozilla/5.0 (compatible; ltbot/1.3; bot@language-tools.com)"
5.9.95.3 - - [01/Jan/2014:04:37:22 +0100] "GET /seiten/produkte.htm HTTP/1.1" 200 9105 "http://www.prokommunal.com/" "Mozilla/5.0 (compatible; ltbot/1.3; bot@language-tools.com)"
65.55.52.89 - - [01/Jan/2014:04:46:05 +0100] "GET / HTTP/1.1" 200 7903 "-" "Mozilla/5.0 (compatible; bingbot/2.0; +http://www.bing.com/bingbot.htm)"
65.55.52.89 - - [01/Jan/2014:04:48:03 +0100] "GET / HTTP/1.1" 304 - "-" "Mozilla/5.0 (compatible; bingbot/2.0; +http://www.bing.com/bingbot.htm)"
80.190.97.212 - - [01/Jan/2014:04:48:12 +0100] "GET / HTTP/1.1" 200 7903 "-" "Mozilla/5.0 (X11; U; FreeBSD i386; en-US; rv:1.9.1.12) Gecko/20100912 Firefox/3.5.12"
80.190.97.212 - - [01/Jan/2014:04:48:12 +0100] "GET / HTTP/1.1" 200 7903 "-" "Mozilla/5.0 (X11; U; FreeBSD i386; en-US; rv:1.9.1.12) Gecko/20100912 Firefox/3.5.12"
157.56.93.93 - - [01/Jan/2014:04:49:17 +0100] "GET /seiten/fahrlehrerwesen.htm HTTP/1.1" 200 7168 "-" "Mozilla/5.0 (compatible; bingbot/2.0; +http://www.bing.com/bingbot.htm)"
157.55.33.182 - - [01/Jan/2014:05:18:43 +0100] "GET /css/style.css HTTP/1.1" 200 3549 "-" "Mozilla/5.0 (compatible; bingbot/2.0; +http://www.bing.com/bingbot.htm)"
157.55.33.182 - - [01/Jan/2014:05:54:43 +0100] "GET /scripte/basics.js HTTP/1.1" 200 198 "-" "Mozilla/5.0 (compatible; bingbot/2.0; +http://www.bing.com/bingbot.htm)"
5.10.83.49 - - [01/Jan/2014:07:19:52 +0100] "GET /seiten/fsw.htm HTTP/1.1" 200 9961 "-" "Mozilla/5.0 (compatible; AhrefsBot/5.0; +http://ahrefs.com/robot/)"
66.249.78.141 - - [01/Jan/2014:08:08:24 +0100] "GET /robots.txt HTTP/1.1" 404 1256 "-" "Mozilla/5.0 (compatible; Googlebot/2.1; +http://www.google.com/bot.html)"
66.249.78.141 - - [01/Jan/2014:08:08:25 +0100] "GET / HTTP/1.1" 200 7903 "-" "SAMSUNG-SGH-E250/1.0 Profile/MIDP-2.0 Configuration/CLDC-1.1 UP.Browser/6.2.3.3.c.1.101 (GUI) MMP/2.0 (compatible; Googlebot-Mobile/2.1; +http://www.google.com/bot.html)"
208.115.113.88 - - [01/Jan/2014:08:11:16 +0100] "GET /robots.txt HTTP/1.1" 404 1256 "-" "Mozilla/5.0 (compatible; Ezooms/1.0; help@moz.com)"
5.10.83.42 - - [01/Jan/2014:08:30:26 +0100] "GET /seiten/impr.htm HTTP/1.1" 200 8696 "-" "Mozilla/5.0 (compatible; AhrefsBot/5.0; +http://ahrefs.com/robot/)"
220.181.108.163 - - [01/Jan/2014:08:32:09 +0100] "GET / HTTP/1.1" 200 7903 "-" "Mozilla/5.0 (compatible; Baiduspider/2.0; +http://www.baidu.com/search/spider.html)"
123.125.71.40 - - [01/Jan/2014:08:32:12 +0100] "GET / HTTP/1.1" 200 7903 "-" "Mozilla/5.0 (compatible; Baiduspider/2.0; +http://www.baidu.com/search/spider.html)"
208.115.113.88 - - [01/Jan/2014:09:17:25 +0100] "GET /seiten/intern/logout.php HTTP/1.1" 302 - "-" "Mozilla/5.0 (compatible; Ezooms/1.0; help@moz.com)"
157.55.32.227 - - [01/Jan/2014:09:19:04 +0100] "GET /robots.txt HTTP/1.1" 404 1256 "-" "Mozilla/5.0 (compatible; bingbot/2.0; +http://www.bing.com/bingbot.htm)"
157.55.32.227 - - [01/Jan/2014:09:56:33 +0100] "GET /seiten/partner.htm HTTP/1.1" 304 - "-" "Mozilla/5.0 (compatible; bingbot/2.0; +http://www.bing.com/bingbot.htm)"
5.10.83.49 - - [01/Jan/2014:10:23:25 +0100] "GET /seiten/databund.html HTTP/1.1" 200 9125 "-" "Mozilla/5.0 (compatible; AhrefsBot/5.0; +http://ahrefs.com/robot/)"
193.111.141.134 - - [01/Jan/2014:10:58:07 +0100] "GET /seiten/impr.htm HTTP/1.1" 200 8696 "-" "Mozilla/5.0 (X11; Linux i686; rv:6.0) Gecko/20100101 Firefox/6.0"
85.214.138.248 - - [01/Jan/2014:11:15:30 +0100] "GET / HTTP/1.1" 200 7903 "-" "Mozilla/5.0 (compatible; LoadTimeBot/0.7; +http://www.load-time.com/bot.html)"
144.76.95.232 - - [01/Jan/2014:11:24:41 +0100] "GET /robots.txt HTTP/1.0" 404 1256 "-" "Mozilla/5.0 (compatible; MJ12bot/v1.4.4; http://www.majestic12.co.uk/bot.php?+)"
144.76.95.232 - - [01/Jan/2014:11:25:47 +0100] "GET /seiten/referenzen.htm HTTP/1.0" 200 40249 "-" "Mozilla/5.0 (compatible; MJ12bot/v1.4.4; http://www.majestic12.co.uk/bot.php?+)"
144.76.95.232 - - [01/Jan/2014:11:26:15 +0100] "GET /seiten/service.htm HTTP/1.0" 200 9962 "-" "Mozilla/5.0 (compatible; MJ12bot/v1.4.4; http://www.majestic12.co.uk/bot.php?+)"
5.10.83.35 - - [01/Jan/2014:13:10:50 +0100] "GET /robots.txt HTTP/1.1" 404 1256 "-" "Mozilla/5.0 (compatible; AhrefsBot/5.0; +http://ahrefs.com/robot/)"
5.10.83.72 - - [01/Jan/2014:13:29:45 +0100] "GET /seiten/referenzen.htm HTTP/1.1" 200 40249 "-" "Mozilla/5.0 (compatible; AhrefsBot/5.0; +http://ahrefs.com/robot/)"
65.55.52.96 - - [01/Jan/2014:13:53:49 +0100] "GET /robots.txt HTTP/1.1" 404 1256 "-" "Mozilla/5.0 (compatible; bingbot/2.0; +http://www.bing.com/bingbot.htm)"
65.55.52.96 - - [01/Jan/2014:14:00:05 +0100] "GET / HTTP/1.1" 200 7903 "-" "Mozilla/5.0 (compatible; bingbot/2.0; +http://www.bing.com/bingbot.htm)"
208.115.111.72 - - [01/Jan/2014:14:09:27 +0100] "GET /robots.txt HTTP/1.1" 404 1256 "-" "Mozilla/5.0 (compatible; Ezooms/1.0; help@moz.com)"
66.249.78.242 - - [01/Jan/2014:14:48:08 +0100] "GET /robots.txt HTTP/1.1" 404 1256 "-" "Mozilla/5.0 (compatible; Googlebot/2.1; +http://www.google.com/bot.html)"
66.249.78.242 - - [01/Jan/2014:14:48:08 +0100] "GET / HTTP/1.1" 200 7903 "-" "Mozilla/5.0 (iPhone; CPU iPhone OS 6_0 like Mac OS X) AppleWebKit/536.26 (KHTML, like Gecko) Version/6.0 Mobile/10A5376e Safari/8536.25 (compatible; Googlebot-Mobile/2.1; +http://www.google.com/bot.html)"
66.249.78.242 - - [01/Jan/2014:14:54:51 +0100] "GET /css/style.css HTTP/1.1" 200 3549 "-" "Mozilla/5.0 (compatible; Googlebot/2.1; +http://www.google.com/bot.html)"
208.115.111.72 - - [01/Jan/2014:15:12:19 +0100] "GET /seiten/produkte.htm HTTP/1.1" 200 9105 "-" "Mozilla/5.0 (compatible; Ezooms/1.0; help@moz.com)"
66.249.78.242 - - [01/Jan/2014:15:54:20 +0100] "GET /seiten/impr.htm HTTP/1.1" 304 - "-" "Mozilla/5.0 (iPhone; CPU iPhone OS 6_0 like Mac OS X) AppleWebKit/536.26 (KHTML, like Gecko) Version/6.0 Mobile/10A5376e Safari/8536.25 (compatible; Googlebot-Mobile/2.1; +http://www.google.com/bot.html)"
208.115.113.87 - - [01/Jan/2014:16:17:32 +0100] "GET /robots.txt HTTP/1.1" 404 1256 "-" "Mozilla/5.0 (compatible; Ezooms/1.0; help@moz.com)"
178.255.215.72 - - [01/Jan/2014:16:55:50 +0100] "GET / HTTP/1.1" 304 - "-" "Mozilla/5.0 (compatible; Exabot/3.0; +http://www.exabot.com/go/robot)"
5.10.83.98 - - [01/Jan/2014:17:21:19 +0100] "GET /robots.txt HTTP/1.1" 404 1256 "-" "Mozilla/5.0 (compatible; AhrefsBot/5.0; +http://ahrefs.com/robot/)"
119.63.196.103 - - [01/Jan/2014:17:21:45 +0100] "GET / HTTP/1.1" 200 7903 "-" "Mozilla/5.0 (compatible; Baiduspider/2.0; +http://www.baidu.com/search/spider.html)"
176.57.141.254 - - [01/Jan/2014:17:22:36 +0100] "GET /seiten/impr.htm HTTP/1.1" 200 8696 "-" "Mozilla/5.0 (X11; Linux i686; rv:6.0) Gecko/20100101 Firefox/6.0"
208.115.113.87 - - [01/Jan/2014:18:27:17 +0100] "GET /seiten/kraftverkehr.htm HTTP/1.1" 200 9210 "-" "Mozilla/5.0 (compatible; Ezooms/1.0; help@moz.com)"
5.10.83.82 - - [01/Jan/2014:19:49:28 +0100] "GET /seiten/fahrlehrerwesen.htm HTTP/1.1" 200 7168 "-" "Mozilla/5.0 (compatible; AhrefsBot/5.0; +http://ahrefs.com/robot/)"
88.72.241.250 - - [01/Jan/2014:20:59:12 +0100] "GET /seiten/impr.htm HTTP/1.1" 200 8696 "https://www.google.de/" "Mozilla/5.0 (iPhone; CPU iPhone OS 6_1_3 like Mac OS X) AppleWebKit/536.26 (KHTML, like Gecko) Version/6.0 Mobile/10B329 Safari/8536.25"
88.72.241.250 - - [01/Jan/2014:20:59:12 +0100] "GET /css/style.css HTTP/1.1" 200 3549 "http://www.prokommunal.com/seiten/impr.htm" "Mozilla/5.0 (iPhone; CPU iPhone OS 6_1_3 like Mac OS X) AppleWebKit/536.26 (KHTML, like Gecko) Version/6.0 Mobile/10B329 Safari/8536.25"
88.72.241.250 - - [01/Jan/2014:20:59:12 +0100] "GET /scripte/basics.js HTTP/1.1" 200 198 "http://www.prokommunal.com/seiten/impr.htm" "Mozilla/5.0 (iPhone; CPU iPhone OS 6_1_3 like Mac OS X) AppleWebKit/536.26 (KHTML, like Gecko) Version/6.0 Mobile/10B329 Safari/8536.25"
88.72.241.250 - - [01/Jan/2014:20:59:12 +0100] "GET /img/head01.jpg HTTP/1.1" 200 6350 "http://www.prokommunal.com/seiten/impr.htm" "Mozilla/5.0 (iPhone; CPU iPhone OS 6_1_3 like Mac OS X) AppleWebKit/536.26 (KHTML, like Gecko) Version/6.0 Mobile/10B329 Safari/8536.25"
88.72.241.250 - - [01/Jan/2014:20:59:12 +0100] "GET /img/head02.jpg HTTP/1.1" 200 4929 "http://www.prokommunal.com/seiten/impr.htm" "Mozilla/5.0 (iPhone; CPU iPhone OS 6_1_3 like Mac OS X) AppleWebKit/536.26 (KHTML, like Gecko) Version/6.0 Mobile/10B329 Safari/8536.25"
88.72.241.250 - - [01/Jan/2014:20:59:12 +0100] "GET /img/men_01.jpg HTTP/1.1" 200 713 "http://www.prokommunal.com/seiten/impr.htm" "Mozilla/5.0 (iPhone; CPU iPhone OS 6_1_3 like Mac OS X) AppleWebKit/536.26 (KHTML, like Gecko) Version/6.0 Mobile/10B329 Safari/8536.25"
88.72.241.250 - - [01/Jan/2014:20:59:12 +0100] "GET /redesign/img/bg_foot.gif HTTP/1.1" 200 286 "http://www.prokommunal.com/seiten/impr.htm" "Mozilla/5.0 (iPhone; CPU iPhone OS 6_1_3 like Mac OS X) AppleWebKit/536.26 (KHTML, like Gecko) Version/6.0 Mobile/10B329 Safari/8536.25"
88.72.241.250 - - [01/Jan/2014:20:59:12 +0100] "GET /img/top.gif HTTP/1.1" 200 96 "http://www.prokommunal.com/seiten/impr.htm" "Mozilla/5.0 (iPhone; CPU iPhone OS 6_1_3 like Mac OS X) AppleWebKit/536.26 (KHTML, like Gecko) Version/6.0 Mobile/10B329 Safari/8536.25"
88.72.241.250 - - [01/Jan/2014:20:59:12 +0100] "GET /img/head03.jpg HTTP/1.1" 200 7610 "http://www.prokommunal.com/seiten/impr.htm" "Mozilla/5.0 (iPhone; CPU iPhone OS 6_1_3 like Mac OS X) AppleWebKit/536.26 (KHTML, like Gecko) Version/6.0 Mobile/10B329 Safari/8536.25"
88.72.241.250 - - [01/Jan/2014:20:59:12 +0100] "GET /redesign/img/bg_gelb.jpg HTTP/1.1" 200 368 "http://www.prokommunal.com/seiten/impr.htm" "Mozilla/5.0 (iPhone; CPU iPhone OS 6_1_3 like Mac OS X) AppleWebKit/536.26 (KHTML, like Gecko) Version/6.0 Mobile/10B329 Safari/8536.25"
88.72.241.250 - - [01/Jan/2014:20:59:47 +0100] "GET /seiten/produkte.htm HTTP/1.1" 200 9105 "http://www.prokommunal.com/seiten/impr.htm" "Mozilla/5.0 (iPhone; CPU iPhone OS 6_1_3 like Mac OS X) AppleWebKit/536.26 (KHTML, like Gecko) Version/6.0 Mobile/10B329 Safari/8536.25"
88.72.241.250 - - [01/Jan/2014:20:59:47 +0100] "GET /img/1px_tr.gif HTTP/1.1" 200 43 "http://www.prokommunal.com/seiten/produkte.htm" "Mozilla/5.0 (iPhone; CPU iPhone OS 6_1_3 like Mac OS X) AppleWebKit/536.26 (KHTML, like Gecko) Version/6.0 Mobile/10B329 Safari/8536.25"
88.72.241.250 - - [01/Jan/2014:21:00:06 +0100] "GET /seiten/partner.htm HTTP/1.1" 200 9458 "http://www.prokommunal.com/seiten/produkte.htm" "Mozilla/5.0 (iPhone; CPU iPhone OS 6_1_3 like Mac OS X) AppleWebKit/536.26 (KHTML, like Gecko) Version/6.0 Mobile/10B329 Safari/8536.25"
88.72.241.250 - - [01/Jan/2014:21:00:07 +0100] "GET /img/databund.jpg HTTP/1.1" 404 1256 "http://www.prokommunal.com/seiten/partner.htm" "Mozilla/5.0 (iPhone; CPU iPhone OS 6_1_3 like Mac OS X) AppleWebKit/536.26 (KHTML, like Gecko) Version/6.0 Mobile/10B329 Safari/8536.25"
88.72.241.250 - - [01/Jan/2014:21:00:07 +0100] "GET /img/hsh.jpg HTTP/1.1" 200 5007 "http://www.prokommunal.com/seiten/partner.htm" "Mozilla/5.0 (iPhone; CPU iPhone OS 6_1_3 like Mac OS X) AppleWebKit/536.26 (KHTML, like Gecko) Version/6.0 Mobile/10B329 Safari/8536.25"
88.72.241.250 - - [01/Jan/2014:21:00:07 +0100] "GET /img/hh.jpg HTTP/1.1" 200 5817 "http://www.prokommunal.com/seiten/partner.htm" "Mozilla/5.0 (iPhone; CPU iPhone OS 6_1_3 like Mac OS X) AppleWebKit/536.26 (KHTML, like Gecko) Version/6.0 Mobile/10B329 Safari/8536.25"
88.72.241.250 - - [01/Jan/2014:21:00:07 +0100] "GET /img/gz.jpg HTTP/1.1" 200 7757 "http://www.prokommunal.com/seiten/partner.htm" "Mozilla/5.0 (iPhone; CPU iPhone OS 6_1_3 like Mac OS X) AppleWebKit/536.26 (KHTML, like Gecko) Version/6.0 Mobile/10B329 Safari/8536.25"
88.72.241.250 - - [01/Jan/2014:21:00:07 +0100] "GET /img/hk.jpg HTTP/1.1" 200 4852 "http://www.prokommunal.com/seiten/partner.htm" "Mozilla/5.0 (iPhone; CPU iPhone OS 6_1_3 like Mac OS X) AppleWebKit/536.26 (KHTML, like Gecko) Version/6.0 Mobile/10B329 Safari/8536.25"
88.72.241.250 - - [01/Jan/2014:21:00:07 +0100] "GET /img/komfa1_s.jpg HTTP/1.1" 404 1256 "http://www.prokommunal.com/seiten/partner.htm" "Mozilla/5.0 (iPhone; CPU iPhone OS 6_1_3 like Mac OS X) AppleWebKit/536.26 (KHTML, like Gecko) Version/6.0 Mobile/10B329 Safari/8536.25"
88.72.241.250 - - [01/Jan/2014:21:00:27 +0100] "GET /seiten/referenzen.htm HTTP/1.1" 200 40249 "http://www.prokommunal.com/seiten/partner.htm" "Mozilla/5.0 (iPhone; CPU iPhone OS 6_1_3 like Mac OS X) AppleWebKit/536.26 (KHTML, like Gecko) Version/6.0 Mobile/10B329 Safari/8536.25"
88.72.241.250 - - [01/Jan/2014:21:00:45 +0100] "GET /seiten/service.htm HTTP/1.1" 200 9962 "http://www.prokommunal.com/seiten/referenzen.htm" "Mozilla/5.0 (iPhone; CPU iPhone OS 6_1_3 like Mac OS X) AppleWebKit/536.26 (KHTML, like Gecko) Version/6.0 Mobile/10B329 Safari/8536.25"
88.72.241.250 - - [01/Jan/2014:21:00:45 +0100] "GET /redesign/img/term.jpg HTTP/1.1" 200 498 "http://www.prokommunal.com/seiten/service.htm" "Mozilla/5.0 (iPhone; CPU iPhone OS 6_1_3 like Mac OS X) AppleWebKit/536.26 (KHTML, like Gecko) Version/6.0 Mobile/10B329 Safari/8536.25"
88.72.241.250 - - [01/Jan/2014:21:01:13 +0100] "GET /seiten/kontakt.php HTTP/1.1" 200 12788 "http://www.prokommunal.com/seiten/service.htm" "Mozilla/5.0 (iPhone; CPU iPhone OS 6_1_3 like Mac OS X) AppleWebKit/536.26 (KHTML, like Gecko) Version/6.0 Mobile/10B329 Safari/8536.25"
162.243.207.215 - - [01/Jan/2014:23:04:55 +0100] "GET /robots.txt HTTP/1.1" 404 1256 "-" "Mozilla/5.0 (compatible; spbot/4.0.5; +http://www.seoprofiler.com/bot )"
162.243.207.215 - - [01/Jan/2014:23:05:00 +0100] "GET / HTTP/1.1" 200 7903 "-" "Mozilla/5.0 (compatible; spbot/4.0.5; +http://www.seoprofiler.com/bot )"
162.243.207.215 - - [01/Jan/2014:23:05:05 +0100] "GET /seiten/impr.htm HTTP/1.1" 200 8696 "http://www.prokommunal.com/" "Mozilla/5.0 (compatible; spbot/4.0.5; +http://www.seoprofiler.com/bot )"
162.243.207.215 - - [01/Jan/2014:23:05:09 +0100] "GET /seiten/partner.htm HTTP/1.1" 200 9458 "http://www.prokommunal.com/" "Mozilla/5.0 (compatible; spbot/4.0.5; +http://www.seoprofiler.com/bot )"
162.243.207.215 - - [01/Jan/2014:23:05:12 +0100] "GET /seiten/service.htm HTTP/1.1" 200 9962 "http://www.prokommunal.com/" "Mozilla/5.0 (compatible; spbot/4.0.5; +http://www.seoprofiler.com/bot )"
162.243.207.215 - - [01/Jan/2014:23:05:15 +0100] "GET /seiten/kontakt.php HTTP/1.1" 200 12788 "http://www.prokommunal.com/" "Mozilla/5.0 (compatible; spbot/4.0.5; +http://www.seoprofiler.com/bot )"
162.243.207.215 - - [01/Jan/2014:23:05:22 +0100] "GET /seiten/produkte.htm HTTP/1.1" 200 9105 "http://www.prokommunal.com/" "Mozilla/5.0 (compatible; spbot/4.0.5; +http://www.seoprofiler.com/bot )"
162.243.207.215 - - [01/Jan/2014:23:05:26 +0100] "GET /seiten/fsw.htm HTTP/1.1" 200 9961 "http://www.prokommunal.com/seiten/produkte.htm" "Mozilla/5.0 (compatible; spbot/4.0.5; +http://www.seoprofiler.com/bot )"
162.243.207.215 - - [01/Jan/2014:23:05:31 +0100] "GET /seiten/kontroll.htm HTTP/1.1" 200 6599 "http://www.prokommunal.com/seiten/produkte.htm" "Mozilla/5.0 (compatible; spbot/4.0.5; +http://www.seoprofiler.com/bot )"
162.243.207.215 - - [01/Jan/2014:23:05:36 +0100] "GET /seiten/databund.html HTTP/1.1" 200 9125 "http://www.prokommunal.com/" "Mozilla/5.0 (compatible; spbot/4.0.5; +http://www.seoprofiler.com/bot )"
162.243.207.215 - - [01/Jan/2014:23:05:40 +0100] "GET /seiten/referenzen.htm HTTP/1.1" 200 40249 "http://www.prokommunal.com/" "Mozilla/5.0 (compatible; spbot/4.0.5; +http://www.seoprofiler.com/bot )"
162.243.207.215 - - [01/Jan/2014:23:05:45 +0100] "GET /seiten/kraftverkehr.htm HTTP/1.1" 200 9210 "http://www.prokommunal.com/seiten/produkte.htm" "Mozilla/5.0 (compatible; spbot/4.0.5; +http://www.seoprofiler.com/bot )"
162.243.207.215 - - [01/Jan/2014:23:05:52 +0100] "GET /seiten/fahrlehrerwesen.htm HTTP/1.1" 200 7168 "http://www.prokommunal.com/seiten/produkte.htm" "Mozilla/5.0 (compatible; spbot/4.0.5; +http://www.seoprofiler.com/bot )"
66.249.78.242 - - [01/Jan/2014:23:57:43 +0100] "GET /robots.txt HTTP/1.1" 404 1256 "-" "Mozilla/5.0 (compatible; Googlebot/2.1; +http://www.google.com/bot.html)"
66.249.78.242 - - [01/Jan/2014:23:57:43 +0100] "GET /seiten/fsw.htm HTTP/1.1" 304 - "-" "SAMSUNG-SGH-E250/1.0 Profile/MIDP-2.0 Configuration/CLDC-1.1 UP.Browser/6.2.3.3.c.1.101 (GUI) MMP/2.0 (compatible; Googlebot-Mobile/2.1; +http://www.google.com/bot.html)"
66.249.78.242 - - [02/Jan/2014:00:09:58 +0100] "GET /seiten/service.htm HTTP/1.1" 304 - "-" "Mozilla/5.0 (iPhone; CPU iPhone OS 6_0 like Mac OS X) AppleWebKit/536.26 (KHTML, like Gecko) Version/6.0 Mobile/10A5376e Safari/8536.25 (compatible; Googlebot-Mobile/2.1; +http://www.google.com/bot.html)"
123.125.71.52 - - [02/Jan/2014:00:36:04 +0100] "GET / HTTP/1.1" 200 7903 "-" "Mozilla/5.0 (compatible; Baiduspider/2.0; +http://www.baidu.com/search/spider.html)"
220.181.108.88 - - [02/Jan/2014:00:36:04 +0100] "GET / HTTP/1.1" 200 7903 "-" "Mozilla/5.0 (compatible; Baiduspider/2.0; +http://www.baidu.com/search/spider.html)"
80.190.97.212 - - [02/Jan/2014:00:42:12 +0100] "GET / HTTP/1.1" 200 7903 "-" "Mozilla/5.0 (X11; U; FreeBSD i386; en-US; rv:1.9.1.12) Gecko/20100912 Firefox/3.5.12"
80.190.97.212 - - [02/Jan/2014:01:24:36 +0100] "GET / HTTP/1.1" 200 7903 "-" "Mozilla/5.0 (X11; U; FreeBSD i386; en-US; rv:1.9.1.12) Gecko/20100912 Firefox/3.5.12"
157.55.32.226 - - [02/Jan/2014:01:30:01 +0100] "GET /robots.txt HTTP/1.1" 404 1256 "-" "Mozilla/5.0 (compatible; bingbot/2.0; +http://www.bing.com/bingbot.htm)"
157.55.32.226 - - [02/Jan/2014:01:49:50 +0100] "GET / HTTP/1.1" 200 7903 "-" "Mozilla/5.0 (compatible; bingbot/2.0; +http://www.bing.com/bingbot.htm)"
80.190.97.212 - - [02/Jan/2014:02:11:37 +0100] "GET / HTTP/1.1" 200 7903 "-" "Mozilla/5.0 (X11; U; FreeBSD i386; en-US; rv:1.9.1.12) Gecko/20100912 Firefox/3.5.12"
141.8.147.12 - - [02/Jan/2014:02:48:38 +0100] "GET /robots.txt HTTP/1.1" 404 1256 "-" "Mozilla/5.0 (compatible; YandexBot/3.0; +http://yandex.com/bots)"
80.190.97.212 - - [02/Jan/2014:02:49:59 +0100] "GET / HTTP/1.1" 200 7903 "-" "Mozilla/5.0 (X11; U; FreeBSD i386; en-US; rv:1.9.1.12) Gecko/20100912 Firefox/3.5.12"
141.8.147.12 - - [02/Jan/2014:04:07:55 +0100] "GET /img/gz.jpg HTTP/1.1" 304 - "-" "Mozilla/5.0 (compatible; YandexImages/3.0; +http://yandex.com/bots)"
141.8.147.12 - - [02/Jan/2014:04:14:44 +0100] "GET /img/fsw.jpg HTTP/1.1" 304 - "-" "Mozilla/5.0 (compatible; YandexImages/3.0; +http://yandex.com/bots)"
80.190.97.212 - - [02/Jan/2014:04:47:35 +0100] "GET / HTTP/1.1" 200 7903 "-" "Mozilla/5.0 (X11; U; FreeBSD i386; en-US; rv:1.9.1.12) Gecko/20100912 Firefox/3.5.12"
80.190.97.212 - - [02/Jan/2014:04:47:35 +0100] "GET / HTTP/1.1" 200 7903 "-" "Mozilla/5.0 (X11; U; FreeBSD i386; en-US; rv:1.9.1.12) Gecko/20100912 Firefox/3.5.12"
141.8.147.12 - - [02/Jan/2014:04:57:19 +0100] "GET /img/hk.jpg HTTP/1.1" 304 - "-" "Mozilla/5.0 (compatible; YandexImages/3.0; +http://yandex.com/bots)"
5.10.83.32 - - [02/Jan/2014:05:04:35 +0100] "GET /seiten/kontakt.php HTTP/1.1" 200 12788 "-" "Mozilla/5.0 (compatible; AhrefsBot/5.0; +http://ahrefs.com/robot/)"
141.8.147.12 - - [02/Jan/2014:05:27:57 +0100] "GET /img/head01.jpg HTTP/1.1" 200 6350 "-" "Mozilla/5.0 (compatible; YandexImages/3.0; +http://yandex.com/bots)"
141.8.147.12 - - [02/Jan/2014:06:09:26 +0100] "GET /img/head03.jpg HTTP/1.1" 200 7610 "-" "Mozilla/5.0 (compatible; YandexImages/3.0; +http://yandex.com/bots)"
193.111.141.54 - - [02/Jan/2014:06:30:46 +0100] "GET /seiten/databund.html HTTP/1.1" 200 9125 "-" "Mozilla/5.0 (X11; Linux i686; rv:6.0) Gecko/20100101 Firefox/6.0"
66.249.78.242 - - [02/Jan/2014:06:53:55 +0100] "GET /seiten/kraftverkehr.htm HTTP/1.1" 304 - "-" "Mozilla/5.0 (iPhone; CPU iPhone OS 6_0 like Mac OS X) AppleWebKit/536.26 (KHTML, like Gecko) Version/6.0 Mobile/10A5376e Safari/8536.25 (compatible; Googlebot-Mobile/2.1; +http://www.google.com/bot.html)"
66.249.74.198 - - [02/Jan/2014:06:59:51 +0100] "GET /seiten/term13.pdf HTTP/1.1" 200 144911 "-" "DoCoMo/2.0 N905i(c100;TB;W24H16) (compatible; Googlebot-Mobile/2.1; +http://www.google.com/bot.html)"
194.76.64.12 - - [02/Jan/2014:07:19:08 +0100] "GET /gast-fsw/fsw_update1024_v51k_jw.zip HTTP/1.1" 200 2085870 "-" "Mozilla/5.0 (Windows NT 6.1; WOW64; rv:25.0) Gecko/20100101 Firefox/25.0"
208.115.113.84 - - [02/Jan/2014:07:21:29 +0100] "GET /robots.txt HTTP/1.1" 404 1256 "-" "Mozilla/5.0 (compatible; Ezooms/1.0; help@moz.com)"
213.168.210.75 - - [02/Jan/2014:07:24:02 +0100] "GET /gast-fsw/fsw_update1024_v51k_jw.zip HTTP/1.1" 200 2085870 "-" "Mozilla/4.0 (compatible; MSIE 8.0; Windows NT 5.1; Trident/4.0; .NET CLR 2.0.50727; .NET4.0C; .NET4.0E; .NET CLR 3.0.4506.2152; .NET CLR 3.5.30729)"
194.76.64.12 - - [02/Jan/2014:07:24:52 +0100] "GET /seiten/produkte.htm HTTP/1.1" 200 9105 "http://www.google.de/url?sa=t&rct=j&q=&esrc=s&source=web&cd=1&ved=0CDEQFjAA&url=http%3A%2F%2Fwww.prokommunal.com%2Fseiten%2Fprodukte.htm&ei=MgbFUoLMFYrTswaL7YG4BA&usg=AFQjCNHvjuoVUyTn7kloswPTner3pP8jKQ&bvm=bv.58187178,d.Yms" "Mozilla/5.0 (Windows NT 6.1; WOW64; rv:25.0) Gecko/20100101 Firefox/25.0"
194.76.64.12 - - [02/Jan/2014:07:24:52 +0100] "GET /favicon.ico HTTP/1.1" 200 894 "-" "Mozilla/5.0 (Windows NT 6.1; WOW64; rv:25.0) Gecko/20100101 Firefox/25.0"
194.76.64.12 - - [02/Jan/2014:07:24:52 +0100] "GET /css/style.css HTTP/1.1" 200 3549 "http://www.prokommunal.com/seiten/produkte.htm" "Mozilla/5.0 (Windows NT 6.1; WOW64; rv:25.0) Gecko/20100101 Firefox/25.0"
194.76.64.12 - - [02/Jan/2014:07:24:52 +0100] "GET /scripte/basics.js HTTP/1.1" 200 198 "http://www.prokommunal.com/seiten/produkte.htm" "Mozilla/5.0 (Windows NT 6.1; WOW64; rv:25.0) Gecko/20100101 Firefox/25.0"
194.76.64.12 - - [02/Jan/2014:07:24:52 +0100] "GET /img/head03.jpg HTTP/1.1" 200 7610 "http://www.prokommunal.com/seiten/produkte.htm" "Mozilla/5.0 (Windows NT 6.1; WOW64; rv:25.0) Gecko/20100101 Firefox/25.0"
194.76.64.12 - - [02/Jan/2014:07:24:52 +0100] "GET /img/head01.jpg HTTP/1.1" 200 6350 "http://www.prokommunal.com/seiten/produkte.htm" "Mozilla/5.0 (Windows NT 6.1; WOW64; rv:25.0) Gecko/20100101 Firefox/25.0"
194.76.64.12 - - [02/Jan/2014:07:24:52 +0100] "GET /img/head02.jpg HTTP/1.1" 200 4929 "http://www.prokommunal.com/seiten/produkte.htm" "Mozilla/5.0 (Windows NT 6.1; WOW64; rv:25.0) Gecko/20100101 Firefox/25.0"
194.76.64.12 - - [02/Jan/2014:07:24:52 +0100] "GET /img/top.gif HTTP/1.1" 200 96 "http://www.prokommunal.com/seiten/produkte.htm" "Mozilla/5.0 (Windows NT 6.1; WOW64; rv:25.0) Gecko/20100101 Firefox/25.0"
194.76.64.12 - - [02/Jan/2014:07:24:52 +0100] "GET /img/1px_tr.gif HTTP/1.1" 200 43 "http://www.prokommunal.com/seiten/produkte.htm" "Mozilla/5.0 (Windows NT 6.1; WOW64; rv:25.0) Gecko/20100101 Firefox/25.0"
194.76.64.12 - - [02/Jan/2014:07:24:52 +0100] "GET /img/men_01.jpg HTTP/1.1" 200 713 "http://www.prokommunal.com/seiten/produkte.htm" "Mozilla/5.0 (Windows NT 6.1; WOW64; rv:25.0) Gecko/20100101 Firefox/25.0"
194.76.64.12 - - [02/Jan/2014:07:24:52 +0100] "GET /redesign/img/bg_gelb.jpg HTTP/1.1" 200 368 "http://www.prokommunal.com/css/style.css" "Mozilla/5.0 (Windows NT 6.1; WOW64; rv:25.0) Gecko/20100101 Firefox/25.0"
194.76.64.12 - - [02/Jan/2014:07:24:52 +0100] "GET /redesign/img/bg_foot.gif HTTP/1.1" 200 286 "http://www.prokommunal.com/css/style.css" "Mozilla/5.0 (Windows NT 6.1; WOW64; rv:25.0) Gecko/20100101 Firefox/25.0"
194.76.64.12 - - [02/Jan/2014:07:24:54 +0100] "GET /seiten/fsw.htm HTTP/1.1" 200 9961 "http://www.prokommunal.com/seiten/produkte.htm" "Mozilla/5.0 (Windows NT 6.1; WOW64; rv:25.0) Gecko/20100101 Firefox/25.0"
194.76.64.12 - - [02/Jan/2014:07:24:54 +0100] "GET /img/fsw.jpg HTTP/1.1" 200 10878 "http://www.prokommunal.com/seiten/fsw.htm" "Mozilla/5.0 (Windows NT 6.1; WOW64; rv:25.0) Gecko/20100101 Firefox/25.0"
213.168.210.75 - - [02/Jan/2014:07:26:22 +0100] "GET /gast-fsw/fsw_update1024_v51k_jw.zip HTTP/1.1" 200 2085870 "-" "Mozilla/4.0 (compatible; MSIE 8.0; Windows NT 5.1; Trident/4.0; .NET CLR 2.0.50727; .NET4.0C; .NET4.0E; .NET CLR 3.0.4506.2152; .NET CLR 3.5.30729)"
46.115.45.240 - - [02/Jan/2014:08:20:19 +0100] "GET /css/style.css HTTP/1.1" 200 3549 "http://www.prokommunal.com/seiten/referenzen.htm" "Mozilla/5.0 (Windows NT 6.1; WOW64; rv:26.0) Gecko/20100101 Firefox/26.0"
46.115.45.240 - - [02/Jan/2014:08:20:19 +0100] "GET /scripte/basics.js HTTP/1.1" 200 198 "http://www.prokommunal.com/seiten/referenzen.htm" "Mozilla/5.0 (Windows NT 6.1; WOW64; rv:26.0) Gecko/20100101 Firefox/26.0"
46.115.45.240 - - [02/Jan/2014:08:20:19 +0100] "GET /favicon.ico HTTP/1.1" 200 894 "-" "Mozilla/5.0 (Windows NT 6.1; WOW64; rv:26.0) Gecko/20100101 Firefox/26.0"
46.115.45.240 - - [02/Jan/2014:08:20:19 +0100] "GET /img/head01.jpg HTTP/1.1" 200 6350 "http://www.prokommunal.com/seiten/referenzen.htm" "Mozilla/5.0 (Windows NT 6.1; WOW64; rv:26.0) Gecko/20100101 Firefox/26.0"
46.115.45.240 - - [02/Jan/2014:08:20:19 +0100] "GET /img/head02.jpg HTTP/1.1" 200 4929 "http://www.prokommunal.com/seiten/referenzen.htm" "Mozilla/5.0 (Windows NT 6.1; WOW64; rv:26.0) Gecko/20100101 Firefox/26.0"
46.115.45.240 - - [02/Jan/2014:08:20:19 +0100] "GET /img/head03.jpg HTTP/1.1" 200 7610 "http://www.prokommunal.com/seiten/referenzen.htm" "Mozilla/5.0 (Windows NT 6.1; WOW64; rv:26.0) Gecko/20100101 Firefox/26.0"
46.115.45.240 - - [02/Jan/2014:08:20:19 +0100] "GET /seiten/referenzen.htm HTTP/1.1" 200 40249 "http://www.google.de/url?sa=t&rct=j&q=&esrc=s&source=web&cd=7&ved=0CGMQFjAG&url=http%3A%2F%2Fwww.prokommunal.com%2Fseiten%2Freferenzen.htm&ei=8BLFUt3GOKqfyQPX5oGoBA&usg=AFQjCNFkgiXA2K-qnpOChU4qjRkFaABzmg&sig2=eiJah5ahF507hyoKLeeOWQ" "Mozilla/5.0 (Windows NT 6.1; WOW64; rv:26.0) Gecko/20100101 Firefox/26.0"
46.115.45.240 - - [02/Jan/2014:08:20:19 +0100] "GET /redesign/img/bg_gelb.jpg HTTP/1.1" 200 368 "http://www.prokommunal.com/css/style.css" "Mozilla/5.0 (Windows NT 6.1; WOW64; rv:26.0) Gecko/20100101 Firefox/26.0"
46.115.45.240 - - [02/Jan/2014:08:20:19 +0100] "GET /img/men_01.jpg HTTP/1.1" 200 713 "http://www.prokommunal.com/seiten/referenzen.htm" "Mozilla/5.0 (Windows NT 6.1; WOW64; rv:26.0) Gecko/20100101 Firefox/26.0"
46.115.45.240 - - [02/Jan/2014:08:20:19 +0100] "GET /img/top.gif HTTP/1.1" 200 96 "http://www.prokommunal.com/seiten/referenzen.htm" "Mozilla/5.0 (Windows NT 6.1; WOW64; rv:26.0) Gecko/20100101 Firefox/26.0"
46.115.45.240 - - [02/Jan/2014:08:20:19 +0100] "GET /redesign/img/bg_foot.gif HTTP/1.1" 200 286 "http://www.prokommunal.com/css/style.css" "Mozilla/5.0 (Windows NT 6.1; WOW64; rv:26.0) Gecko/20100101 Firefox/26.0"
123.125.71.59 - - [02/Jan/2014:08:32:58 +0100] "GET / HTTP/1.1" 200 7903 "-" "Mozilla/5.0 (compatible; Baiduspider/2.0; +http://www.baidu.com/search/spider.html)"
220.181.108.75 - - [02/Jan/2014:08:32:59 +0100] "GET / HTTP/1.1" 200 7903 "-" "Mozilla/5.0 (compatible; Baiduspider/2.0; +http://www.baidu.com/search/spider.html)"
5.10.83.104 - - [02/Jan/2014:09:00:56 +0100] "GET /seiten/service.htm HTTP/1.1" 200 9962 "-" "Mozilla/5.0 (compatible; AhrefsBot/5.0; +http://ahrefs.com/robot/)"
208.115.113.84 - - [02/Jan/2014:09:15:08 +0100] "GET /seiten/partner.htm HTTP/1.1" 200 9458 "-" "Mozilla/5.0 (compatible; Ezooms/1.0; help@moz.com)"
141.8.147.12 - - [02/Jan/2014:09:15:13 +0100] "GET /img/head02.jpg HTTP/1.1" 200 4929 "-" "Mozilla/5.0 (compatible; YandexImages/3.0; +http://yandex.com/bots)"
193.111.141.134 - - [02/Jan/2014:09:31:11 +0100] "GET /seiten/databund.html HTTP/1.1" 200 9125 "-" "Mozilla/5.0 (X11; Linux i686; rv:6.0) Gecko/20100101 Firefox/6.0"
5.10.83.72 - - [02/Jan/2014:09:41:49 +0100] "GET / HTTP/1.1" 200 7903 "-" "Mozilla/5.0 (compatible; AhrefsBot/5.0; +http://ahrefs.com/robot/)"
141.8.147.12 - - [02/Jan/2014:10:11:26 +0100] "GET /img/hh.jpg HTTP/1.1" 304 - "-" "Mozilla/5.0 (compatible; YandexImages/3.0; +http://yandex.com/bots)"
208.115.111.71 - - [02/Jan/2014:10:12:56 +0100] "GET /robots.txt HTTP/1.1" 404 1256 "-" "Mozilla/5.0 (compatible; Ezooms/1.0; help@moz.com)"
66.249.78.242 - - [02/Jan/2014:10:13:09 +0100] "GET /seiten/kontroll.htm HTTP/1.1" 304 - "-" "Mozilla/5.0 (iPhone; CPU iPhone OS 6_0 like Mac OS X) AppleWebKit/536.26 (KHTML, like Gecko) Version/6.0 Mobile/10A5376e Safari/8536.25 (compatible; Googlebot-Mobile/2.1; +http://www.google.com/bot.html)"
217.212.224.183 - - [02/Jan/2014:10:18:39 +0100] "GET /robots.txt HTTP/1.0" 404 1256 "-" "psbot/0.1 (+http://www.picsearch.com/bot.html)"
217.212.224.181 - - [02/Jan/2014:10:18:39 +0100] "GET /seiten/kraftverkehr.htm HTTP/1.0" 304 - "-" "psbot/0.1 (+http://www.picsearch.com/bot.html)"
141.8.147.12 - - [02/Jan/2014:11:12:32 +0100] "GET / HTTP/1.1" 200 7903 "-" "Mozilla/5.0 (compatible; YandexBot/3.0; +http://yandex.com/bots)"
5.10.83.82 - - [02/Jan/2014:11:42:10 +0100] "GET /seiten/partner.htm HTTP/1.1" 200 9458 "-" "Mozilla/5.0 (compatible; AhrefsBot/5.0; +http://ahrefs.com/robot/)"
208.115.111.71 - - [02/Jan/2014:12:06:26 +0100] "GET /seiten/ HTTP/1.1" 403 1222 "-" "Mozilla/5.0 (compatible; Ezooms/1.0; help@moz.com)"
157.55.33.37 - - [02/Jan/2014:12:13:37 +0100] "GET /robots.txt HTTP/1.1" 404 1256 "-" "Mozilla/5.0 (compatible; bingbot/2.0; +http://www.bing.com/bingbot.htm)"
157.55.33.37 - - [02/Jan/2014:12:16:46 +0100] "GET / HTTP/1.1" 200 7903 "-" "Mozilla/5.0 (compatible; bingbot/2.0; +http://www.bing.com/bingbot.htm)"
141.8.147.12 - - [02/Jan/2014:12:35:17 +0100] "GET /img/hsh.jpg HTTP/1.1" 304 - "-" "Mozilla/5.0 (compatible; YandexImages/3.0; +http://yandex.com/bots)"
141.8.147.12 - - [02/Jan/2014:13:07:13 +0100] "GET /img/head01.jpg HTTP/1.1" 200 6350 "-" "Mozilla/5.0 (compatible; YandexBot/3.0; +http://yandex.com/bots)"
5.10.83.104 - - [02/Jan/2014:13:11:12 +0100] "GET /seiten/produkte.htm HTTP/1.1" 200 9105 "-" "Mozilla/5.0 (compatible; AhrefsBot/5.0; +http://ahrefs.com/robot/)"
66.249.78.242 - - [02/Jan/2014:13:19:10 +0100] "GET /robots.txt HTTP/1.1" 404 1256 "-" "Mozilla/5.0 (compatible; Googlebot/2.1; +http://www.google.com/bot.html)"
66.249.78.242 - - [02/Jan/2014:13:19:10 +0100] "GET /seiten/kontroll.htm HTTP/1.1" 304 - "-" "Mozilla/5.0 (iPhone; CPU iPhone OS 6_0 like Mac OS X) AppleWebKit/536.26 (KHTML, like Gecko) Version/6.0 Mobile/10A5376e Safari/8536.25 (compatible; Googlebot-Mobile/2.1; +http://www.google.com/bot.html)"
162.243.110.67 - - [02/Jan/2014:14:52:54 +0100] "GET /robots.txt HTTP/1.1" 404 1256 "-" "Mozilla/5.0 (compatible; spbot/4.0.5; +http://www.seoprofiler.com/bot )"
162.243.110.67 - - [02/Jan/2014:14:52:59 +0100] "GET / HTTP/1.1" 200 7903 "-" "Mozilla/5.0 (compatible; spbot/4.0.5; +http://www.seoprofiler.com/bot )"
162.243.110.67 - - [02/Jan/2014:14:53:02 +0100] "GET /seiten/impr.htm HTTP/1.1" 200 8696 "http://www.prokommunal-berlin.de/" "Mozilla/5.0 (compatible; spbot/4.0.5; +http://www.seoprofiler.com/bot )"
162.243.110.67 - - [02/Jan/2014:14:53:05 +0100] "GET /seiten/partner.htm HTTP/1.1" 200 9458 "http://www.prokommunal-berlin.de/" "Mozilla/5.0 (compatible; spbot/4.0.5; +http://www.seoprofiler.com/bot )"
162.243.110.67 - - [02/Jan/2014:14:53:10 +0100] "GET /seiten/service.htm HTTP/1.1" 200 9962 "http://www.prokommunal-berlin.de/" "Mozilla/5.0 (compatible; spbot/4.0.5; +http://www.seoprofiler.com/bot )"
162.243.110.67 - - [02/Jan/2014:14:53:15 +0100] "GET /seiten/kontakt.php HTTP/1.1" 200 12788 "http://www.prokommunal-berlin.de/" "Mozilla/5.0 (compatible; spbot/4.0.5; +http://www.seoprofiler.com/bot )"
162.243.110.67 - - [02/Jan/2014:14:53:20 +0100] "GET /seiten/produkte.htm HTTP/1.1" 200 9105 "http://www.prokommunal-berlin.de/" "Mozilla/5.0 (compatible; spbot/4.0.5; +http://www.seoprofiler.com/bot )"
162.243.110.67 - - [02/Jan/2014:14:53:26 +0100] "GET /seiten/fsw.htm HTTP/1.1" 200 9961 "http://www.prokommunal-berlin.de/seiten/produkte.htm" "Mozilla/5.0 (compatible; spbot/4.0.5; +http://www.seoprofiler.com/bot )"
162.243.110.67 - - [02/Jan/2014:14:53:30 +0100] "GET /seiten/kontroll.htm HTTP/1.1" 200 6599 "http://www.prokommunal-berlin.de/seiten/produkte.htm" "Mozilla/5.0 (compatible; spbot/4.0.5; +http://www.seoprofiler.com/bot )"
162.243.110.67 - - [02/Jan/2014:14:53:34 +0100] "GET /seiten/databund.html HTTP/1.1" 200 9125 "http://www.prokommunal-berlin.de/" "Mozilla/5.0 (compatible; spbot/4.0.5; +http://www.seoprofiler.com/bot )"
162.243.110.67 - - [02/Jan/2014:14:53:40 +0100] "GET /seiten/referenzen.htm HTTP/1.1" 200 40249 "http://www.prokommunal-berlin.de/" "Mozilla/5.0 (compatible; spbot/4.0.5; +http://www.seoprofiler.com/bot )"
162.243.110.67 - - [02/Jan/2014:14:53:45 +0100] "GET /seiten/kraftverkehr.htm HTTP/1.1" 200 9210 "http://www.prokommunal-berlin.de/seiten/produkte.htm" "Mozilla/5.0 (compatible; spbot/4.0.5; +http://www.seoprofiler.com/bot )"
162.243.110.67 - - [02/Jan/2014:14:53:50 +0100] "GET /seiten/fahrlehrerwesen.htm HTTP/1.1" 200 7168 "http://www.prokommunal-berlin.de/seiten/produkte.htm" "Mozilla/5.0 (compatible; spbot/4.0.5; +http://www.seoprofiler.com/bot )"
217.6.63.154 - - [02/Jan/2014:15:16:01 +0100] "GET / HTTP/1.1" 200 7903 "http://www.google.de/url?sa=t&rct=j&q=&esrc=s&frm=1&source=web&cd=1&ved=0CDAQFjAA&url=http%3A%2F%2Fwww.prokommunal.com%2F&ei=mHTFUr-ZIfOg7AaftYB4&usg=AFQjCNF5ZvO5ecR3rprSCB3llFRGksZz8A&bvm=bv.58187178,d.bGE" "Mozilla/5.0 (compatible; MSIE 10.0; Windows NT 6.2; WOW64; Trident/6.0)"
217.6.63.154 - - [02/Jan/2014:15:16:01 +0100] "GET /css/style.css HTTP/1.1" 200 3549 "http://www.prokommunal.com/" "Mozilla/5.0 (compatible; MSIE 10.0; Windows NT 6.2; WOW64; Trident/6.0)"
217.6.63.154 - - [02/Jan/2014:15:16:01 +0100] "GET /scripte/basics.js HTTP/1.1" 200 198 "http://www.prokommunal.com/" "Mozilla/5.0 (compatible; MSIE 10.0; Windows NT 6.2; WOW64; Trident/6.0)"
217.6.63.154 - - [02/Jan/2014:15:16:01 +0100] "GET /img/head02.jpg HTTP/1.1" 200 4929 "http://www.prokommunal.com/" "Mozilla/5.0 (compatible; MSIE 10.0; Windows NT 6.2; WOW64; Trident/6.0)"
217.6.63.154 - - [02/Jan/2014:15:16:01 +0100] "GET /img/head01.jpg HTTP/1.1" 200 6350 "http://www.prokommunal.com/" "Mozilla/5.0 (compatible; MSIE 10.0; Windows NT 6.2; WOW64; Trident/6.0)"
217.6.63.154 - - [02/Jan/2014:15:16:01 +0100] "GET /img/head03.jpg HTTP/1.1" 200 7610 "http://www.prokommunal.com/" "Mozilla/5.0 (compatible; MSIE 10.0; Windows NT 6.2; WOW64; Trident/6.0)"
217.6.63.154 - - [02/Jan/2014:15:16:01 +0100] "GET /redesign/img/bg_foot.gif HTTP/1.1" 200 286 "http://www.prokommunal.com/" "Mozilla/5.0 (compatible; MSIE 10.0; Windows NT 6.2; WOW64; Trident/6.0)"
217.6.63.154 - - [02/Jan/2014:15:16:01 +0100] "GET /redesign/img/bg_gelb.jpg HTTP/1.1" 200 368 "http://www.prokommunal.com/" "Mozilla/5.0 (compatible; MSIE 10.0; Windows NT 6.2; WOW64; Trident/6.0)"
217.6.63.154 - - [02/Jan/2014:15:16:01 +0100] "GET /favicon.ico HTTP/1.1" 200 894 "-" "Mozilla/5.0 (compatible; MSIE 10.0; Windows NT 6.2; WOW64; Trident/6.0)"
217.6.63.154 - - [02/Jan/2014:15:16:15 +0100] "GET /seiten/produkte.htm HTTP/1.1" 200 9105 "http://www.prokommunal.com/" "Mozilla/5.0 (compatible; MSIE 10.0; Windows NT 6.2; WOW64; Trident/6.0)"
217.6.63.154 - - [02/Jan/2014:15:16:15 +0100] "GET /img/men_01.jpg HTTP/1.1" 200 713 "http://www.prokommunal.com/seiten/produkte.htm" "Mozilla/5.0 (compatible; MSIE 10.0; Windows NT 6.2; WOW64; Trident/6.0)"
217.6.63.154 - - [02/Jan/2014:15:16:16 +0100] "GET /img/1px_tr.gif HTTP/1.1" 200 43 "http://www.prokommunal.com/seiten/produkte.htm" "Mozilla/5.0 (compatible; MSIE 10.0; Windows NT 6.2; WOW64; Trident/6.0)"
217.6.63.154 - - [02/Jan/2014:15:16:16 +0100] "GET /img/top.gif HTTP/1.1" 200 96 "http://www.prokommunal.com/seiten/produkte.htm" "Mozilla/5.0 (compatible; MSIE 10.0; Windows NT 6.2; WOW64; Trident/6.0)"
217.6.63.154 - - [02/Jan/2014:15:16:23 +0100] "GET /seiten/referenzen.htm HTTP/1.1" 200 40249 "http://www.prokommunal.com/seiten/produkte.htm" "Mozilla/5.0 (compatible; MSIE 10.0; Windows NT 6.2; WOW64; Trident/6.0)"
217.6.63.154 - - [02/Jan/2014:15:17:23 +0100] "GET /seiten/impr.htm HTTP/1.1" 200 8696 "http://www.prokommunal.com/seiten/produkte.htm" "Mozilla/5.0 (compatible; MSIE 10.0; Windows NT 6.2; WOW64; Trident/6.0)"
162.243.110.67 - - [02/Jan/2014:15:34:05 +0100] "GET /robots.txt HTTP/1.1" 404 1256 "-" "Mozilla/5.0 (compatible; spbot/4.0.5; +http://www.seoprofiler.com/bot )"
162.243.110.67 - - [02/Jan/2014:15:34:11 +0100] "GET / HTTP/1.1" 200 7903 "-" "Mozilla/5.0 (compatible; spbot/4.0.5; +http://www.seoprofiler.com/bot )"
162.243.110.67 - - [02/Jan/2014:15:34:13 +0100] "GET /seiten/impr.htm HTTP/1.1" 200 8696 "http://www.prokommunal-berlin.de/" "Mozilla/5.0 (compatible; spbot/4.0.5; +http://www.seoprofiler.com/bot )"
162.243.110.67 - - [02/Jan/2014:15:34:16 +0100] "GET /seiten/partner.htm HTTP/1.1" 200 9458 "http://www.prokommunal-berlin.de/" "Mozilla/5.0 (compatible; spbot/4.0.5; +http://www.seoprofiler.com/bot )"
162.243.110.67 - - [02/Jan/2014:15:34:21 +0100] "GET /seiten/service.htm HTTP/1.1" 200 9962 "http://www.prokommunal-berlin.de/" "Mozilla/5.0 (compatible; spbot/4.0.5; +http://www.seoprofiler.com/bot )"
162.243.110.67 - - [02/Jan/2014:15:34:25 +0100] "GET /seiten/kontakt.php HTTP/1.1" 200 12788 "http://www.prokommunal-berlin.de/" "Mozilla/5.0 (compatible; spbot/4.0.5; +http://www.seoprofiler.com/bot )"
162.243.110.67 - - [02/Jan/2014:15:34:30 +0100] "GET /seiten/produkte.htm HTTP/1.1" 200 9105 "http://www.prokommunal-berlin.de/" "Mozilla/5.0 (compatible; spbot/4.0.5; +http://www.seoprofiler.com/bot )"
162.243.110.67 - - [02/Jan/2014:15:34:35 +0100] "GET /seiten/fsw.htm HTTP/1.1" 200 9961 "http://www.prokommunal-berlin.de/seiten/produkte.htm" "Mozilla/5.0 (compatible; spbot/4.0.5; +http://www.seoprofiler.com/bot )"
162.243.110.67 - - [02/Jan/2014:15:34:40 +0100] "GET /seiten/kontroll.htm HTTP/1.1" 200 6599 "http://www.prokommunal-berlin.de/seiten/produkte.htm" "Mozilla/5.0 (compatible; spbot/4.0.5; +http://www.seoprofiler.com/bot )"
162.243.110.67 - - [02/Jan/2014:15:34:45 +0100] "GET /seiten/databund.html HTTP/1.1" 200 9125 "http://www.prokommunal-berlin.de/" "Mozilla/5.0 (compatible; spbot/4.0.5; +http://www.seoprofiler.com/bot )"
162.243.110.67 - - [02/Jan/2014:15:34:51 +0100] "GET /seiten/referenzen.htm HTTP/1.1" 200 40249 "http://www.prokommunal-berlin.de/" "Mozilla/5.0 (compatible; spbot/4.0.5; +http://www.seoprofiler.com/bot )"
162.243.110.67 - - [02/Jan/2014:15:34:56 +0100] "GET /seiten/kraftverkehr.htm HTTP/1.1" 200 9210 "http://www.prokommunal-berlin.de/seiten/produkte.htm" "Mozilla/5.0 (compatible; spbot/4.0.5; +http://www.seoprofiler.com/bot )"
162.243.110.67 - - [02/Jan/2014:15:35:00 +0100] "GET /seiten/fahrlehrerwesen.htm HTTP/1.1" 200 7168 "http://www.prokommunal-berlin.de/seiten/produkte.htm" "Mozilla/5.0 (compatible; spbot/4.0.5; +http://www.seoprofiler.com/bot )"
64.246.165.180 - - [02/Jan/2014:16:03:42 +0100] "GET /robots.txt HTTP/1.0" 404 1256 "-" "Mozilla/5.0 (Windows; U; Windows NT 5.1; en; rv:1.9.0.13) Gecko/2009073022 Firefox/3.5.2 (.NET CLR 3.5.30729) SurveyBot/2.3 (DomainTools)"
64.246.165.180 - - [02/Jan/2014:16:03:42 +0100] "GET / HTTP/1.1" 200 7903 "http://whois.domaintools.com/fuehrerscheinwesen.de" "Mozilla/5.0 (Windows; U; Windows NT 5.1; en; rv:1.9.0.13) Gecko/2009073022 Firefox/3.5.2 (.NET CLR 3.5.30729) SurveyBot/2.3 (DomainTools)"
93.131.7.114 - - [02/Jan/2014:16:13:21 +0100] "GET /seiten/referenzen.htm HTTP/1.1" 200 40249 "https://www.google.de/" "Mozilla/5.0 (iPhone; CPU iPhone OS 7_0_4 like Mac OS X) AppleWebKit/537.51.1 (KHTML, like Gecko) Version/7.0 Mobile/11B554a Safari/9537.53"
93.131.7.114 - - [02/Jan/2014:16:13:21 +0100] "GET /css/style.css HTTP/1.1" 200 3549 "http://www.prokommunal.com/seiten/referenzen.htm" "Mozilla/5.0 (iPhone; CPU iPhone OS 7_0_4 like Mac OS X) AppleWebKit/537.51.1 (KHTML, like Gecko) Version/7.0 Mobile/11B554a Safari/9537.53"
93.131.7.114 - - [02/Jan/2014:16:13:21 +0100] "GET /scripte/basics.js HTTP/1.1" 200 198 "http://www.prokommunal.com/seiten/referenzen.htm" "Mozilla/5.0 (iPhone; CPU iPhone OS 7_0_4 like Mac OS X) AppleWebKit/537.51.1 (KHTML, like Gecko) Version/7.0 Mobile/11B554a Safari/9537.53"
93.131.7.114 - - [02/Jan/2014:16:13:21 +0100] "GET /img/head01.jpg HTTP/1.1" 200 6350 "http://www.prokommunal.com/seiten/referenzen.htm" "Mozilla/5.0 (iPhone; CPU iPhone OS 7_0_4 like Mac OS X) AppleWebKit/537.51.1 (KHTML, like Gecko) Version/7.0 Mobile/11B554a Safari/9537.53"
93.131.7.114 - - [02/Jan/2014:16:13:21 +0100] "GET /img/head03.jpg HTTP/1.1" 200 7610 "http://www.prokommunal.com/seiten/referenzen.htm" "Mozilla/5.0 (iPhone; CPU iPhone OS 7_0_4 like Mac OS X) AppleWebKit/537.51.1 (KHTML, like Gecko) Version/7.0 Mobile/11B554a Safari/9537.53"
93.131.7.114 - - [02/Jan/2014:16:13:22 +0100] "GET /img/top.gif HTTP/1.1" 200 96 "http://www.prokommunal.com/seiten/referenzen.htm" "Mozilla/5.0 (iPhone; CPU iPhone OS 7_0_4 like Mac OS X) AppleWebKit/537.51.1 (KHTML, like Gecko) Version/7.0 Mobile/11B554a Safari/9537.53"
93.131.7.114 - - [02/Jan/2014:16:13:22 +0100] "GET /img/head02.jpg HTTP/1.1" 200 4929 "http://www.prokommunal.com/seiten/referenzen.htm" "Mozilla/5.0 (iPhone; CPU iPhone OS 7_0_4 like Mac OS X) AppleWebKit/537.51.1 (KHTML, like Gecko) Version/7.0 Mobile/11B554a Safari/9537.53"
93.131.7.114 - - [02/Jan/2014:16:13:22 +0100] "GET /redesign/img/bg_gelb.jpg HTTP/1.1" 200 368 "http://www.prokommunal.com/seiten/referenzen.htm" "Mozilla/5.0 (iPhone; CPU iPhone OS 7_0_4 like Mac OS X) AppleWebKit/537.51.1 (KHTML, like Gecko) Version/7.0 Mobile/11B554a Safari/9537.53"
93.131.7.114 - - [02/Jan/2014:16:13:22 +0100] "GET /redesign/img/bg_foot.gif HTTP/1.1" 200 286 "http://www.prokommunal.com/seiten/referenzen.htm" "Mozilla/5.0 (iPhone; CPU iPhone OS 7_0_4 like Mac OS X) AppleWebKit/537.51.1 (KHTML, like Gecko) Version/7.0 Mobile/11B554a Safari/9537.53"
93.131.7.114 - - [02/Jan/2014:16:13:22 +0100] "GET /img/men_01.jpg HTTP/1.1" 200 713 "http://www.prokommunal.com/seiten/referenzen.htm" "Mozilla/5.0 (iPhone; CPU iPhone OS 7_0_4 like Mac OS X) AppleWebKit/537.51.1 (KHTML, like Gecko) Version/7.0 Mobile/11B554a Safari/9537.53"
178.27.96.198 - - [02/Jan/2014:16:46:55 +0100] "GET /seiten/databund.html HTTP/1.1" 200 9125 "https://www.google.de/" "Mozilla/5.0 (Windows NT 6.2) AppleWebKit/537.36 (KHTML, like Gecko) Chrome/31.0.1650.63 Safari/537.36"
178.27.96.198 - - [02/Jan/2014:16:46:58 +0100] "GET /css/style.css HTTP/1.1" 200 3549 "http://www.prokommunal.com/seiten/databund.html" "Mozilla/5.0 (Windows NT 6.2) AppleWebKit/537.36 (KHTML, like Gecko) Chrome/31.0.1650.63 Safari/537.36"
178.27.96.198 - - [02/Jan/2014:16:46:58 +0100] "GET /scripte/basics.js HTTP/1.1" 200 198 "http://www.prokommunal.com/seiten/databund.html" "Mozilla/5.0 (Windows NT 6.2) AppleWebKit/537.36 (KHTML, like Gecko) Chrome/31.0.1650.63 Safari/537.36"
178.27.96.198 - - [02/Jan/2014:16:46:58 +0100] "GET /img/head01.jpg HTTP/1.1" 200 6350 "http://www.prokommunal.com/seiten/databund.html" "Mozilla/5.0 (Windows NT 6.2) AppleWebKit/537.36 (KHTML, like Gecko) Chrome/31.0.1650.63 Safari/537.36"
178.27.96.198 - - [02/Jan/2014:16:46:58 +0100] "GET /img/head02.jpg HTTP/1.1" 200 4929 "http://www.prokommunal.com/seiten/databund.html" "Mozilla/5.0 (Windows NT 6.2) AppleWebKit/537.36 (KHTML, like Gecko) Chrome/31.0.1650.63 Safari/537.36"
178.27.96.198 - - [02/Jan/2014:16:46:58 +0100] "GET /img/head03.jpg HTTP/1.1" 200 7610 "http://www.prokommunal.com/seiten/databund.html" "Mozilla/5.0 (Windows NT 6.2) AppleWebKit/537.36 (KHTML, like Gecko) Chrome/31.0.1650.63 Safari/537.36"
178.27.96.198 - - [02/Jan/2014:16:46:58 +0100] "GET /redesign/img/bg_gelb.jpg HTTP/1.1" 200 368 "http://www.prokommunal.com/seiten/databund.html" "Mozilla/5.0 (Windows NT 6.2) AppleWebKit/537.36 (KHTML, like Gecko) Chrome/31.0.1650.63 Safari/537.36"
178.27.96.198 - - [02/Jan/2014:16:46:58 +0100] "GET /img/men_01.jpg HTTP/1.1" 200 713 "http://www.prokommunal.com/seiten/databund.html" "Mozilla/5.0 (Windows NT 6.2) AppleWebKit/537.36 (KHTML, like Gecko) Chrome/31.0.1650.63 Safari/537.36"
178.27.96.198 - - [02/Jan/2014:16:46:58 +0100] "GET /redesign/img/bg_foot.gif HTTP/1.1" 200 286 "http://www.prokommunal.com/seiten/databund.html" "Mozilla/5.0 (Windows NT 6.2) AppleWebKit/537.36 (KHTML, like Gecko) Chrome/31.0.1650.63 Safari/537.36"
178.27.96.198 - - [02/Jan/2014:16:46:58 +0100] "GET /favicon.ico HTTP/1.1" 200 894 "-" "Mozilla/5.0 (Windows NT 6.2) AppleWebKit/537.36 (KHTML, like Gecko) Chrome/31.0.1650.63 Safari/537.36"
5.10.83.75 - - [02/Jan/2014:16:57:17 +0100] "GET /seiten/kontakt.php HTTP/1.1" 200 12788 "-" "Mozilla/5.0 (compatible; AhrefsBot/5.0; +http://ahrefs.com/robot/)"
5.10.83.75 - - [02/Jan/2014:17:04:27 +0100] "GET /seiten/fsw.htm HTTP/1.1" 200 9961 "-" "Mozilla/5.0 (compatible; AhrefsBot/5.0; +http://ahrefs.com/robot/)"
66.249.78.242 - - [02/Jan/2014:17:09:40 +0100] "GET /robots.txt HTTP/1.1" 404 1256 "-" "Mozilla/5.0 (compatible; Googlebot/2.1; +http://www.google.com/bot.html)"
66.249.78.242 - - [02/Jan/2014:17:09:40 +0100] "GET / HTTP/1.1" 200 7903 "-" "Mozilla/5.0 (compatible; Googlebot/2.1; +http://www.google.com/bot.html)"
66.249.66.211 - - [02/Jan/2014:17:14:29 +0100] "GET /css/style.css HTTP/1.1" 200 3549 "-" "Mozilla/5.0 (compatible; Googlebot/2.1; +http://www.google.com/bot.html)"
119.63.196.119 - - [02/Jan/2014:17:21:42 +0100] "GET / HTTP/1.1" 200 7903 "-" "Mozilla/5.0 (compatible; Baiduspider/2.0; +http://www.baidu.com/search/spider.html)"
157.55.36.36 - - [02/Jan/2014:17:41:41 +0100] "GET /robots.txt HTTP/1.1" 404 1256 "-" "Mozilla/5.0 (compatible; bingbot/2.0; +http://www.bing.com/bingbot.htm)"
157.55.36.36 - - [02/Jan/2014:17:44:37 +0100] "GET / HTTP/1.1" 304 - "-" "Mozilla/5.0 (compatible; bingbot/2.0; +http://www.bing.com/bingbot.htm)"
78.48.43.172 - - [02/Jan/2014:18:07:08 +0100] "GET /seiten/referenzen.htm HTTP/1.1" 200 40249 "http://www.google.de/search?q=f%C3%BChrerscheinstelle+saarlouis+wein&revid=651785047&sa=X&ei=apzFUtukG4Xdswawj4CICw&ved=0CEkQ1QIoAA&biw=320&bih=533" "Mozilla/5.0 (Linux; U; Android 2.3.5; de-de; HTC_DesireHD_A9191 Build/GRJ90) AppleWebKit/533.1 (KHTML, like Gecko) Version/4.0 Mobile Safari/533.1"
78.48.43.172 - - [02/Jan/2014:18:07:08 +0100] "GET /css/style.css HTTP/1.1" 200 3549 "http://www.prokommunal.com/seiten/referenzen.htm" "Mozilla/5.0 (Linux; U; Android 2.3.5; de-de; HTC_DesireHD_A9191 Build/GRJ90) AppleWebKit/533.1 (KHTML, like Gecko) Version/4.0 Mobile Safari/533.1"
78.48.43.172 - - [02/Jan/2014:18:07:08 +0100] "GET /scripte/basics.js HTTP/1.1" 200 198 "http://www.prokommunal.com/seiten/referenzen.htm" "Mozilla/5.0 (Linux; U; Android 2.3.5; de-de; HTC_DesireHD_A9191 Build/GRJ90) AppleWebKit/533.1 (KHTML, like Gecko) Version/4.0 Mobile Safari/533.1"
78.48.43.172 - - [02/Jan/2014:18:07:08 +0100] "GET /img/head01.jpg HTTP/1.1" 200 6350 "http://www.prokommunal.com/seiten/referenzen.htm" "Mozilla/5.0 (Linux; U; Android 2.3.5; de-de; HTC_DesireHD_A9191 Build/GRJ90) AppleWebKit/533.1 (KHTML, like Gecko) Version/4.0 Mobile Safari/533.1"
78.48.43.172 - - [02/Jan/2014:18:07:08 +0100] "GET /img/head02.jpg HTTP/1.1" 200 4929 "http://www.prokommunal.com/seiten/referenzen.htm" "Mozilla/5.0 (Linux; U; Android 2.3.5; de-de; HTC_DesireHD_A9191 Build/GRJ90) AppleWebKit/533.1 (KHTML, like Gecko) Version/4.0 Mobile Safari/533.1"
78.48.43.172 - - [02/Jan/2014:18:07:08 +0100] "GET /img/head03.jpg HTTP/1.1" 200 7610 "http://www.prokommunal.com/seiten/referenzen.htm" "Mozilla/5.0 (Linux; U; Android 2.3.5; de-de; HTC_DesireHD_A9191 Build/GRJ90) AppleWebKit/533.1 (KHTML, like Gecko) Version/4.0 Mobile Safari/533.1"
