88.198.36.62 - - [18/Apr/2020:14:04:17 +0200] "GET /sonderthemen/oekt_extra1.pdf HTTP/1.1" 200 1849015 "-" "Mozilla/5.0 (Windows NT 10.0; Win64; x64) AppleWebKit/537.36 (KHTML, like Gecko) Chrome/64.0.3282.140 Safari/537.36"
157.55.39.31 - - [18/Apr/2020:15:48:17 +0200] "GET /robots.txt HTTP/1.1" 200 100 "-" "Mozilla/5.0 (compatible; bingbot/2.0; +http://www.bing.com/bingbot.htm)"
207.46.13.204 - - [18/Apr/2020:15:48:23 +0200] "GET /buecher/rezensionen_ignatius.html HTTP/1.1" 200 8182 "-" "Mozilla/5.0 (compatible; bingbot/2.0; +http://www.bing.com/bingbot.htm)"
144.76.102.243 - - [18/Apr/2020:16:12:11 +0200] "GET /buecher/ HTTP/1.1" 200 25885 "-" "Mozilla/5.0 (Macintosh; Intel Mac OS X 1084) AppleWebKit/536.28.10 (KHTML like Gecko) Version/6.0.3 Safari/536.28.10"
207.46.13.204 - - [18/Apr/2020:16:13:16 +0200] "GET /buecher/der_neunte_tag.html HTTP/1.1" 200 5820 "-" "Mozilla/5.0 (compatible; bingbot/2.0; +http://www.bing.com/bingbot.htm)"
212.86.109.31 - - [18/Apr/2020:17:36:20 +0200] "HEAD / HTTP/1.1" 200 - "https://zaokotak.ru/ovoschi-zelen/pravila-hranenija-ovoshhej.html/" "Mozilla/3.0 (compatible; MSIE6.00; Windows 2008)"
77.75.78.165 - - [18/Apr/2020:17:47:26 +0200] "GET /robots.txt HTTP/1.1" 200 100 "-" "Mozilla/5.0 (compatible; SeznamBot/3.2; +http://napoveda.seznam.cz/en/seznambot-intro/)"
77.75.78.165 - - [18/Apr/2020:17:47:27 +0200] "GET /gotteslob/index.html HTTP/1.1" 304 - "-" "Mozilla/5.0 (compatible; SeznamBot/3.2; +http://napoveda.seznam.cz/en/seznambot-intro/)"
185.203.240.129 - - [18/Apr/2020:17:50:21 +0200] "HEAD / HTTP/1.1" 200 - "http://101dinner.com/category/lidl-food-market" "Mozilla/3.0 (compatible; MSIE5.00; Windows 2008)"
77.220.215.153 - - [18/Apr/2020:17:50:22 +0200] "HEAD / HTTP/1.1" 200 - "http://bayswater-north.city-advisor.net/" "Mozilla/7.0 (compatible; MSIE4.00; Windows 2003)"
185.209.20.147 - - [18/Apr/2020:17:50:22 +0200] "HEAD / HTTP/1.1" 200 - "https://mmo-arena.ru/luchshie-onlayn-strategii" "Mozilla/3.0 (compatible; MSIE2.00; Windows 2003)"
85.209.89.216 - - [18/Apr/2020:17:50:22 +0200] "HEAD / HTTP/1.1" 200 - "https://woodbark.ru/products/karkasnyj-dom-proekt-12" "Mozilla/2.0 (compatible; MSIE5.00; Windows 2003)"
85.209.89.205 - - [18/Apr/2020:17:50:23 +0200] "HEAD / HTTP/1.1" 200 - "http://oliaus.ru/category/bez-rubriki/" "Mozilla/3.0 (compatible; MSIE2.00; Windows 2005)"
85.209.89.224 - - [18/Apr/2020:17:50:23 +0200] "HEAD / HTTP/1.1" 200 - "https://moskva.igosa.ru/?t=s&i=5046053004&k=504601001&p=1" "Mozilla/3.0 (compatible; MSIE7.00; Windows 2008)"
85.209.89.217 - - [18/Apr/2020:17:50:23 +0200] "HEAD / HTTP/1.1" 200 - "https://lookfort.com/aksessuari/" "Mozilla/3.0 (compatible; MSIE7.00; Windows 2005)"
85.209.89.241 - - [18/Apr/2020:17:50:24 +0200] "HEAD / HTTP/1.1" 200 - "https://remzona47.ru/g15088306-kuzovnye-raboty" "Mozilla/2.0 (compatible; MSIE2.00; Windows 2008)"
185.224.132.45 - - [18/Apr/2020:17:50:24 +0200] "HEAD / HTTP/1.1" 200 - "https://amkdoor.ru/furniture/" "Mozilla/5.0 (compatible; MSIE7.00; Windows 2008)"
54.36.148.116 - - [18/Apr/2020:17:50:31 +0200] "GET /buecher/veroeffentlichungsliste.html HTTP/1.1" 200 129779 "-" "Mozilla/5.0 (compatible; AhrefsBot/6.1; +http://ahrefs.com/robot/)"
157.55.39.31 - - [18/Apr/2020:17:59:00 +0200] "GET /robots.txt HTTP/1.1" 200 100 "-" "Mozilla/5.0 (compatible; bingbot/2.0; +http://www.bing.com/bingbot.htm)"
40.77.167.115 - - [18/Apr/2020:17:59:27 +0200] "GET /buecher/rezensionen_engel.html HTTP/1.1" 200 6598 "-" "Mozilla/5.0 (compatible; bingbot/2.0; +http://www.bing.com/bingbot.htm)"
78.46.94.83 - - [18/Apr/2020:18:11:30 +0200] "GET /sonderthemen/oekt_extra2.pdf HTTP/1.1" 200 1939949 "-" "Mozilla/5.0 (X11; Ubuntu; Linux x86_64; rv:57.0) Gecko/20100101 Firefox/57.0"
54.36.149.71 - - [18/Apr/2020:18:17:12 +0200] "GET /kontakt/index.html HTTP/1.1" 200 2896 "-" "Mozilla/5.0 (compatible; AhrefsBot/6.1; +http://ahrefs.com/robot/)"
193.124.188.83 - - [18/Apr/2020:18:30:48 +0200] "HEAD / HTTP/1.1" 200 - "https://metazentr.ru/katalog/medicinskaya-mebel-i-izdeliya/medicinskie-stoliki/" "Mozilla/8.0 (compatible; MSIE7.00; Windows 2007)"
193.124.190.18 - - [18/Apr/2020:18:30:48 +0200] "HEAD / HTTP/1.1" 200 - "https://ct-prom.ru/product-category/metizy/" "Mozilla/8.0 (compatible; MSIE7.00; Windows 2006)"
193.124.188.188 - - [18/Apr/2020:18:30:49 +0200] "HEAD / HTTP/1.1" 200 - "https://legins.ru/brands/" "Mozilla/8.0 (compatible; MSIE3.00; Windows 2004)"
185.5.249.185 - - [18/Apr/2020:18:30:50 +0200] "HEAD / HTTP/1.1" 200 - "https://stalnoyprokat.ru/listyi-riflenyie-alyuminievyie" "Mozilla/5.0 (compatible; MSIE6.00; Windows 2007)"
194.67.207.94 - - [18/Apr/2020:18:30:50 +0200] "HEAD / HTTP/1.1" 200 - "https://doktor.com.ru/speciality/okulist/" "Mozilla/6.0 (compatible; MSIE7.00; Windows 2007)"
194.67.207.9 - - [18/Apr/2020:18:30:51 +0200] "HEAD / HTTP/1.1" 200 - "https://promokodil.ru/pharmacosmetica/" "Mozilla/3.0 (compatible; MSIE5.00; Windows 2004)"
194.67.210.77 - - [18/Apr/2020:18:31:36 +0200] "HEAD / HTTP/1.1" 200 - "https://online-mults.ru/cat/499" "Mozilla/7.0 (compatible; MSIE3.00; Windows 2007)"
185.125.219.13 - - [18/Apr/2020:18:34:10 +0200] "HEAD / HTTP/1.1" 200 - "https://zvometall.ru/rezka-listovogo-metalla/" "Mozilla/4.0 (compatible; MSIE5.00; Windows 2009)"
46.229.168.145 - - [18/Apr/2020:18:55:40 +0200] "GET /robots.txt HTTP/1.1" 200 100 "-" "Mozilla/5.0 (compatible; SemrushBot/6~bl; +http://www.semrush.com/bot.html)"
46.229.168.140 - - [18/Apr/2020:18:55:41 +0200] "GET /buecher/rezensionen_le_saulchoir.html HTTP/1.1" 200 34009 "-" "Mozilla/5.0 (compatible; SemrushBot/6~bl; +http://www.semrush.com/bot.html)"
66.249.64.242 - - [18/Apr/2020:19:14:51 +0200] "GET /kontakt/ HTTP/1.1" 304 - "-" "Mozilla/5.0 (Linux; Android 6.0.1; Nexus 5X Build/MMB29P) AppleWebKit/537.36 (KHTML, like Gecko) Chrome/41.0.2272.96 Mobile Safari/537.36 (compatible; Googlebot/2.1; +http://www.google.com/bot.html)"
88.198.43.207 - - [18/Apr/2020:19:20:05 +0200] "GET /sonderthemen/oeaz2002.pdf HTTP/1.1" 200 3161455 "-" "Mozilla/5.0 (Windows NT 6.1; Win64; x64; rv:58.0) Gecko/20100101 Firefox/58.0"
46.4.83.150 - - [18/Apr/2020:19:20:05 +0200] "GET /sonderthemen/oekz2003.pdf?iframe=true&width=95%&height=95% HTTP/1.1" 200 4017017 "-" "Mozilla/5.0 (Windows; U; Windows NT 6.1; en-US) AppleWebKit/533.19.4 (KHTML, like Gecko) Version/5.0.2 Safari/533.18.5"
78.46.90.120 - - [18/Apr/2020:19:20:05 +0200] "GET /sonderthemen/oekz2003.pdf HTTP/1.1" 200 4017017 "-" "Mozilla/5.0 (Windows NT 10.0; Win64; x64; rv:58.0) Gecko/20100101 Firefox/58.0"
78.46.90.120 - - [18/Apr/2020:19:20:06 +0200] "GET /sonderthemen/oeaz2001.pdf HTTP/1.1" 200 4496626 "-" "Mozilla/5.0 (Windows NT 6.1; WOW64) AppleWebKit/537.36 (KHTML, like Gecko) Chrome/43.0.2357.134 Safari/537.36"
88.198.43.207 - - [18/Apr/2020:19:23:30 +0200] "GET /buecher/index.html HTTP/1.1" 200 25885 "-" "Mozilla/5.0 (Windows NT 10.0; Win64; x64) AppleWebKit/537.36 (KHTML, like Gecko) Chrome/63.0.3239.132 Safari/537.36"
54.36.148.117 - - [18/Apr/2020:19:28:56 +0200] "GET /sonderthemen/index.html HTTP/1.1" 200 7102 "-" "Mozilla/5.0 (compatible; AhrefsBot/6.1; +http://ahrefs.com/robot/)"
78.46.94.83 - - [18/Apr/2020:19:32:56 +0200] "GET /sonderthemen/sk2002.pdf HTTP/1.1" 200 2628923 "-" "Mozilla/5.0 (X11; Linux x86_64; rv:57.0) Gecko/20100101 Firefox/57.0"
78.46.90.120 - - [18/Apr/2020:19:32:57 +0200] "GET /sonderthemen/az1999.pdf HTTP/1.1" 200 1842982 "-" "Mozilla/5.0 (Windows NT 6.1; Win64; x64) AppleWebKit/537.36 (KHTML, like Gecko) Chrome/63.0.3239.84 Safari/537.36"
148.251.50.77 - - [18/Apr/2020:19:33:11 +0200] "GET /sonderthemen/az1999.pdf HTTP/1.1" 200 1842982 "-" "Mozilla/5.0 (Macintosh; Intel Mac OS X 10_11_6) AppleWebKit/604.5.6 (KHTML, like Gecko) Version/11.0.3 Safari/604.5.6"
148.251.50.77 - - [18/Apr/2020:19:33:26 +0200] "GET /sonderthemen/az1999.pdf HTTP/1.1" 200 1842982 "-" "Mozilla/5.0 (X11; Linux x86_64; rv:58.0) Gecko/20100101 Firefox/58.0"
54.36.148.20 - - [18/Apr/2020:19:42:57 +0200] "GET /impressum.html HTTP/1.1" 200 2808 "-" "Mozilla/5.0 (compatible; AhrefsBot/6.1; +http://ahrefs.com/robot/)"
46.229.168.144 - - [18/Apr/2020:19:45:51 +0200] "GET /robots.txt HTTP/1.1" 200 100 "-" "Mozilla/5.0 (compatible; SemrushBot/6~bl; +http://www.semrush.com/bot.html)"
46.229.168.139 - - [18/Apr/2020:19:45:52 +0200] "GET /aktuell.html HTTP/1.1" 404 2381 "-" "Mozilla/5.0 (compatible; SemrushBot/6~bl; +http://www.semrush.com/bot.html)"
54.36.148.145 - - [18/Apr/2020:19:55:21 +0200] "GET /buecher/rezensionen_chateaubriand.html HTTP/1.1" 200 47317 "-" "Mozilla/5.0 (compatible; AhrefsBot/6.1; +http://ahrefs.com/robot/)"
40.77.167.121 - - [18/Apr/2020:20:32:15 +0200] "GET /cds/lumina.html HTTP/1.1" 200 9000 "-" "Mozilla/5.0 (compatible; bingbot/2.0; +http://www.bing.com/bingbot.htm)"
207.46.13.204 - - [18/Apr/2020:20:43:44 +0200] "GET /cds/ignatius.html HTTP/1.1" 200 6576 "-" "Mozilla/5.0 (compatible; bingbot/2.0; +http://www.bing.com/bingbot.htm)"
54.36.149.88 - - [18/Apr/2020:20:44:40 +0200] "GET /cds/index.html HTTP/1.1" 200 7987 "-" "Mozilla/5.0 (compatible; AhrefsBot/6.1; +http://ahrefs.com/robot/)"
80.108.75.243 - - [18/Apr/2020:20:47:11 +0200] "GET /cds/hymnos_akathistos.html HTTP/1.1" 200 11061 "https://www.google.com/" "Mozilla/5.0 (Macintosh; Intel Mac OS X 10_15_3) AppleWebKit/605.1.15 (KHTML, like Gecko) Version/13.0.5 Safari/605.1.15"
80.108.75.243 - - [18/Apr/2020:20:47:11 +0200] "GET /main.css HTTP/1.1" 200 1439 "http://www.morusverlag.de/cds/hymnos_akathistos.html" "Mozilla/5.0 (Macintosh; Intel Mac OS X 10_15_3) AppleWebKit/605.1.15 (KHTML, like Gecko) Version/13.0.5 Safari/605.1.15"
80.108.75.243 - - [18/Apr/2020:20:47:11 +0200] "GET /m.gif HTTP/1.1" 200 95 "http://www.morusverlag.de/cds/hymnos_akathistos.html" "Mozilla/5.0 (Macintosh; Intel Mac OS X 10_15_3) AppleWebKit/605.1.15 (KHTML, like Gecko) Version/13.0.5 Safari/605.1.15"
80.108.75.243 - - [18/Apr/2020:20:47:11 +0200] "GET /logo_g.gif HTTP/1.1" 200 1301 "http://www.morusverlag.de/cds/hymnos_akathistos.html" "Mozilla/5.0 (Macintosh; Intel Mac OS X 10_15_3) AppleWebKit/605.1.15 (KHTML, like Gecko) Version/13.0.5 Safari/605.1.15"
80.108.75.243 - - [18/Apr/2020:20:47:11 +0200] "GET /mv_g.gif HTTP/1.1" 200 4070 "http://www.morusverlag.de/cds/hymnos_akathistos.html" "Mozilla/5.0 (Macintosh; Intel Mac OS X 10_15_3) AppleWebKit/605.1.15 (KHTML, like Gecko) Version/13.0.5 Safari/605.1.15"
80.108.75.243 - - [18/Apr/2020:20:47:11 +0200] "GET /cds/hymnos.jpg HTTP/1.1" 200 27752 "http://www.morusverlag.de/cds/hymnos_akathistos.html" "Mozilla/5.0 (Macintosh; Intel Mac OS X 10_15_3) AppleWebKit/605.1.15 (KHTML, like Gecko) Version/13.0.5 Safari/605.1.15"
80.108.75.243 - - [18/Apr/2020:20:47:11 +0200] "GET /pf.gif HTTP/1.1" 200 62 "http://www.morusverlag.de/cds/hymnos_akathistos.html" "Mozilla/5.0 (Macintosh; Intel Mac OS X 10_15_3) AppleWebKit/605.1.15 (KHTML, like Gecko) Version/13.0.5 Safari/605.1.15"
80.108.75.243 - - [18/Apr/2020:20:47:11 +0200] "GET /cds/hymnos_heft.jpg HTTP/1.1" 200 8653 "http://www.morusverlag.de/cds/hymnos_akathistos.html" "Mozilla/5.0 (Macintosh; Intel Mac OS X 10_15_3) AppleWebKit/605.1.15 (KHTML, like Gecko) Version/13.0.5 Safari/605.1.15"
80.108.75.243 - - [18/Apr/2020:20:47:11 +0200] "GET /strich.gif HTTP/1.1" 200 45 "http://www.morusverlag.de/cds/hymnos_akathistos.html" "Mozilla/5.0 (Macintosh; Intel Mac OS X 10_15_3) AppleWebKit/605.1.15 (KHTML, like Gecko) Version/13.0.5 Safari/605.1.15"
80.108.75.243 - - [18/Apr/2020:20:47:12 +0200] "GET /favicon.ico HTTP/1.1" 200 4286 "http://www.morusverlag.de/cds/hymnos_akathistos.html" "Mozilla/5.0 (Macintosh; Intel Mac OS X 10_15_3) AppleWebKit/605.1.15 (KHTML, like Gecko) Version/13.0.5 Safari/605.1.15"
54.36.148.126 - - [18/Apr/2020:20:47:41 +0200] "GET /jahrbuch/index.html HTTP/1.1" 200 3956 "-" "Mozilla/5.0 (compatible; AhrefsBot/6.1; +http://ahrefs.com/robot/)"
54.36.149.30 - - [18/Apr/2020:20:50:37 +0200] "GET /gotteslob/index.html HTTP/1.1" 200 2770 "-" "Mozilla/5.0 (compatible; AhrefsBot/6.1; +http://ahrefs.com/robot/)"
54.36.148.2 - - [18/Apr/2020:20:53:31 +0200] "GET /index.html HTTP/1.1" 200 9360 "-" "Mozilla/5.0 (compatible; AhrefsBot/6.1; +http://ahrefs.com/robot/)"
66.249.64.246 - - [18/Apr/2020:21:21:30 +0200] "GET / HTTP/1.1" 200 9360 "-" "Mozilla/5.0 (Linux; Android 6.0.1; Nexus 5X Build/MMB29P) AppleWebKit/537.36 (KHTML, like Gecko) Chrome/41.0.2272.96 Mobile Safari/537.36 (compatible; Googlebot/2.1; +http://www.google.com/bot.html)"
78.46.94.83 - - [18/Apr/2020:21:40:21 +0200] "GET /sonderthemen/az1999.pdf HTTP/1.1" 200 1842982 "-" "Mozilla/5.0 (Macintosh; Intel Mac OS X 10_6_8) AppleWebKit/537.13+ (KHTML, like Gecko) Version/5.1.7 Safari/534.57.2"
144.76.162.206 - - [18/Apr/2020:21:57:42 +0200] "GET /buecher/rezensionen_engel.html HTTP/1.1" 200 6598 "-" "Mozilla/5.0 (Windows NT 10.0; WOW64; Trident/7.0; rv:11.0) like Gecko"
66.249.64.242 - - [18/Apr/2020:23:06:56 +0200] "GET /cds/hymnos_akathistos.html HTTP/1.1" 304 - "-" "Mozilla/5.0 (Linux; Android 6.0.1; Nexus 5X Build/MMB29P) AppleWebKit/537.36 (KHTML, like Gecko) Chrome/41.0.2272.96 Mobile Safari/537.36 (compatible; Googlebot/2.1; +http://www.google.com/bot.html)"
78.46.90.120 - - [18/Apr/2020:23:28:32 +0200] "GET /sonderthemen/sk2004.pdf HTTP/1.1" 200 1967215 "-" "Mozilla/5.0 (X11; Ubuntu; Linux x86_64; rv:58.0) Gecko/20100101 Firefox/58.0"
2.42.95.24 - - [18/Apr/2020:23:42:56 +0200] "GET / HTTP/1.1" 200 9360 "-" "-"
88.198.90.9 - - [18/Apr/2020:23:46:11 +0200] "GET /buecher/rezensionen_le_saulchoir.html HTTP/1.1" 200 34009 "-" "Mozilla/5.0 (Macintosh; Intel Mac OS X 10.13; rv:58.0) Gecko/20100101 Firefox/58.0"
88.198.90.9 - - [19/Apr/2020:00:06:04 +0200] "GET /buecher/veroeffentlichungsliste.html HTTP/1.1" 200 129779 "-" "Mozilla/5.0 (Windows NT 6.1; Win64; x64) AppleWebKit/537.36 (KHTML, like Gecko) Chrome/63.0.3239.132 Safari/537.36"
144.76.162.206 - - [19/Apr/2020:00:06:19 +0200] "GET /buecher/veroeffentlichungsliste.html HTTP/1.1" 200 129779 "-" "Mozilla/5.0 (X11; Ubuntu; Linux x86_64; rv:58.0) Gecko/20100101 Firefox/58.0"
46.4.83.150 - - [19/Apr/2020:00:06:35 +0200] "GET /buecher/veroeffentlichungsliste.html HTTP/1.1" 200 129779 "-" "Mozilla/5.0 (Windows NT 6.3; Win64; x64) AppleWebKit/537.36 (KHTML, like Gecko) Chrome/63.0.3239.132 Safari/537.36"
46.119.89.233 - - [19/Apr/2020:00:13:25 +0200] "GET /buecher/ HTTP/1.1" 200 25885 "https://avrora-pansion.ru/" "Mozilla/4.0 (compatible; MSIE 6.0; Windows XP)"
46.119.89.233 - - [19/Apr/2020:00:13:26 +0200] "GET /buecher/ HTTP/1.1" 200 25885 "https://avrora-pansion.ru/" "Mozilla/4.0 (compatible; MSIE 6.0; Windows XP)"
46.119.89.233 - - [19/Apr/2020:00:13:26 +0200] "GET /buecher/ HTTP/1.1" 200 25885 "https://avrora-pansion.ru/" "Mozilla/4.0 (compatible; MSIE 6.0; Windows XP)"
79.225.33.205 - - [19/Apr/2020:00:19:47 +0200] "GET /cds/hymnos_akathistos.html HTTP/1.1" 200 11061 "-" "Mozilla/5.0 (Macintosh; Intel Mac OS X 10_15_4) AppleWebKit/605.1.15 (KHTML, like Gecko)"
79.225.33.205 - - [19/Apr/2020:00:19:47 +0200] "GET /apple-touch-icon-precomposed.png HTTP/1.1" 404 2381 "-" "Safari/15609.1.20.111.8 CFNetwork/1125.2 Darwin/19.4.0 (x86_64)"
79.225.33.205 - - [19/Apr/2020:00:19:47 +0200] "GET /apple-touch-icon.png HTTP/1.1" 404 2381 "-" "Safari/15609.1.20.111.8 CFNetwork/1125.2 Darwin/19.4.0 (x86_64)"
79.225.33.205 - - [19/Apr/2020:00:19:47 +0200] "GET /favicon.ico HTTP/1.1" 200 4286 "-" "Safari/15609.1.20.111.8 CFNetwork/1125.2 Darwin/19.4.0 (x86_64)"
79.225.33.205 - - [19/Apr/2020:00:19:48 +0200] "GET /cds/hymnos_akathistos.html HTTP/1.1" 200 11061 "-" "Mozilla/5.0 (iPhone; CPU iPhone OS 13_1_3 like Mac OS X) AppleWebKit/605.1.15 (KHTML, like Gecko) Version/13.0.1 Mobile/15E148 Safari/604.1"
40.77.167.121 - - [19/Apr/2020:00:27:26 +0200] "GET /buecher/rezensionen_preysing.html HTTP/1.1" 200 9502 "-" "Mozilla/5.0 (compatible; bingbot/2.0; +http://www.bing.com/bingbot.htm)"
85.25.177.219 - - [19/Apr/2020:00:27:40 +0200] "GET /robots.txt HTTP/1.1" 200 100 "-" "Mozilla/5.0 (compatible; adscanner/)/1.0 (http://seocompany.store; spider@seocompany.store)"
85.25.177.219 - - [19/Apr/2020:00:27:40 +0200] "GET /buecher/rezensionen.html HTTP/1.1" 200 6964 "-" "Mozilla/5.0 (compatible; adscanner/)/1.0 (http://seocompany.store; spider@seocompany.store)"
85.25.177.219 - - [19/Apr/2020:00:29:55 +0200] "GET /index.html HTTP/1.1" 200 9360 "-" "Mozilla/5.0 (compatible; adscanner/)/1.0 (http://seocompany.store; spider@seocompany.store)"
85.25.177.219 - - [19/Apr/2020:00:43:26 +0200] "GET /sonderthemen/archiv.html HTTP/1.1" 200 6959 "-" "Mozilla/5.0 (compatible; adscanner/)/1.0 (http://seocompany.store; spider@seocompany.store)"
85.25.177.219 - - [19/Apr/2020:00:45:42 +0200] "GET /sonderthemen/oekz2003_s01.pdf HTTP/1.1" 200 66807 "-" "Mozilla/5.0 (compatible; adscanner/)/1.0 (http://seocompany.store; spider@seocompany.store)"
85.25.177.219 - - [19/Apr/2020:00:47:54 +0200] "GET /sonderthemen/az2003_s01.pdf HTTP/1.1" 200 120642 "-" "Mozilla/5.0 (compatible; adscanner/)/1.0 (http://seocompany.store; spider@seocompany.store)"
85.25.177.219 - - [19/Apr/2020:00:50:05 +0200] "GET /sonderthemen/presse.html HTTP/1.1" 200 5772 "-" "Mozilla/5.0 (compatible; adscanner/)/1.0 (http://seocompany.store; spider@seocompany.store)"
85.25.177.219 - - [19/Apr/2020:00:52:14 +0200] "GET /sonderthemen/sk2004_s01.pdf HTTP/1.1" 200 162742 "-" "Mozilla/5.0 (compatible; adscanner/)/1.0 (http://seocompany.store; spider@seocompany.store)"
46.229.168.151 - - [19/Apr/2020:00:52:48 +0200] "GET /robots.txt HTTP/1.1" 200 100 "-" "Mozilla/5.0 (compatible; SemrushBot/6~bl; +http://www.semrush.com/bot.html)"
46.229.168.137 - - [19/Apr/2020:00:52:49 +0200] "GET /impressum.html HTTP/1.1" 200 2808 "-" "Mozilla/5.0 (compatible; SemrushBot/6~bl; +http://www.semrush.com/bot.html)"
85.25.177.219 - - [19/Apr/2020:00:54:21 +0200] "GET /sonderthemen/sk2004.pdf HTTP/1.1" 200 1967215 "-" "Mozilla/5.0 (compatible; adscanner/)/1.0 (http://seocompany.store; spider@seocompany.store)"
85.25.177.219 - - [19/Apr/2020:00:56:32 +0200] "GET /sonderthemen/oekt_extra2.pdf HTTP/1.1" 200 1939949 "-" "Mozilla/5.0 (compatible; adscanner/)/1.0 (http://seocompany.store; spider@seocompany.store)"
40.77.167.121 - - [19/Apr/2020:00:57:33 +0200] "GET /jahrbuch/titelseiten/1975.jpg HTTP/1.1" 200 9109 "-" "Mozilla/5.0 (compatible; bingbot/2.0; +http://www.bing.com/bingbot.htm)"
85.25.177.219 - - [19/Apr/2020:00:58:43 +0200] "GET /sonderthemen/az2003.pdf HTTP/1.1" 200 4864675 "-" "Mozilla/5.0 (compatible; adscanner/)/1.0 (http://seocompany.store; spider@seocompany.store)"
85.25.177.219 - - [19/Apr/2020:01:01:00 +0200] "GET /sonderthemen/oekz2003.pdf HTTP/1.1" 200 4017017 "-" "Mozilla/5.0 (compatible; adscanner/)/1.0 (http://seocompany.store; spider@seocompany.store)"
85.25.177.219 - - [19/Apr/2020:01:05:17 +0200] "GET /sonderthemen/oekt_extra1.pdf HTTP/1.1" 200 1849015 "-" "Mozilla/5.0 (compatible; adscanner/)/1.0 (http://seocompany.store; spider@seocompany.store)"
85.25.177.219 - - [19/Apr/2020:01:07:33 +0200] "GET /sonderthemen/oekt_extra3.pdf HTTP/1.1" 200 2109745 "-" "Mozilla/5.0 (compatible; adscanner/)/1.0 (http://seocompany.store; spider@seocompany.store)"
85.25.177.219 - - [19/Apr/2020:01:09:52 +0200] "GET /cds/lumina.html HTTP/1.1" 200 9000 "-" "Mozilla/5.0 (compatible; adscanner/)/1.0 (http://seocompany.store; spider@seocompany.store)"
85.25.177.219 - - [19/Apr/2020:01:12:12 +0200] "GET /cds/glockenspiel1.html HTTP/1.1" 200 9736 "-" "Mozilla/5.0 (compatible; adscanner/)/1.0 (http://seocompany.store; spider@seocompany.store)"
85.25.177.219 - - [19/Apr/2020:01:14:27 +0200] "GET /cds/astazi.html HTTP/1.1" 200 8453 "-" "Mozilla/5.0 (compatible; adscanner/)/1.0 (http://seocompany.store; spider@seocompany.store)"
85.25.177.219 - - [19/Apr/2020:01:16:44 +0200] "GET /cds/glockenspiel2.html HTTP/1.1" 200 9831 "-" "Mozilla/5.0 (compatible; adscanner/)/1.0 (http://seocompany.store; spider@seocompany.store)"
85.25.177.219 - - [19/Apr/2020:01:19:03 +0200] "GET /buecher/rezensionen_ignatius.html HTTP/1.1" 200 8182 "-" "Mozilla/5.0 (compatible; adscanner/)/1.0 (http://seocompany.store; spider@seocompany.store)"
85.25.177.219 - - [19/Apr/2020:01:21:19 +0200] "GET /buecher/diskussion.html HTTP/1.1" 200 9925 "-" "Mozilla/5.0 (compatible; adscanner/)/1.0 (http://seocompany.store; spider@seocompany.store)"
85.25.177.219 - - [19/Apr/2020:01:23:36 +0200] "GET /buecher/rezensionen_krise_zum_heil.html HTTP/1.1" 200 9828 "-" "Mozilla/5.0 (compatible; adscanner/)/1.0 (http://seocompany.store; spider@seocompany.store)"
85.25.177.219 - - [19/Apr/2020:01:25:51 +0200] "GET /buecher/bestellung.php HTTP/1.1" 200 10142 "-" "Mozilla/5.0 (compatible; adscanner/)/1.0 (http://seocompany.store; spider@seocompany.store)"
114.119.161.36 - - [19/Apr/2020:01:26:24 +0200] "GET /robots.txt HTTP/1.1" 200 100 "-" "Mozilla/5.0 (Linux; Android 7.0;) AppleWebKit/537.36 (KHTML, like Gecko) Mobile Safari/537.36 (compatible; AspiegelBot)"
85.25.177.219 - - [19/Apr/2020:01:30:28 +0200] "GET /buecher/rezension_gesichter_u_geschichten.pdf HTTP/1.1" 200 223287 "-" "Mozilla/5.0 (compatible; adscanner/)/1.0 (http://seocompany.store; spider@seocompany.store)"
85.25.177.219 - - [19/Apr/2020:01:32:46 +0200] "GET /buecher/rezensionen_leiblichkeit_und_zeitlichkeit.html HTTP/1.1" 200 8821 "-" "Mozilla/5.0 (compatible; adscanner/)/1.0 (http://seocompany.store; spider@seocompany.store)"
85.25.177.219 - - [19/Apr/2020:01:35:04 +0200] "GET /buecher/rezensionen_nicht_auf_sand_gebaut.html HTTP/1.1" 200 6594 "-" "Mozilla/5.0 (compatible; adscanner/)/1.0 (http://seocompany.store; spider@seocompany.store)"
85.25.177.219 - - [19/Apr/2020:01:37:26 +0200] "GET /buecher/rezensionen_psalmen.html HTTP/1.1" 200 6787 "-" "Mozilla/5.0 (compatible; adscanner/)/1.0 (http://seocompany.store; spider@seocompany.store)"
85.25.177.219 - - [19/Apr/2020:01:39:48 +0200] "GET /buecher/rezensionen_preysing.html HTTP/1.1" 200 9502 "-" "Mozilla/5.0 (compatible; adscanner/)/1.0 (http://seocompany.store; spider@seocompany.store)"
85.25.177.219 - - [19/Apr/2020:01:42:13 +0200] "GET /buecher/rezensionen_le_saulchoir.html HTTP/1.1" 200 34009 "-" "Mozilla/5.0 (compatible; adscanner/)/1.0 (http://seocompany.store; spider@seocompany.store)"
85.25.177.219 - - [19/Apr/2020:01:44:35 +0200] "GET /buecher/rezensionen_engel.html HTTP/1.1" 200 6598 "-" "Mozilla/5.0 (compatible; adscanner/)/1.0 (http://seocompany.store; spider@seocompany.store)"
85.25.177.219 - - [19/Apr/2020:01:46:56 +0200] "GET /jahrbuch/titelseiten/index.html HTTP/1.1" 200 6735 "-" "Mozilla/5.0 (compatible; adscanner/)/1.0 (http://seocompany.store; spider@seocompany.store)"
85.25.177.219 - - [19/Apr/2020:01:49:16 +0200] "GET /jahrbuch/bestellung.php HTTP/1.1" 200 10316 "-" "Mozilla/5.0 (compatible; adscanner/)/1.0 (http://seocompany.store; spider@seocompany.store)"
85.25.177.219 - - [19/Apr/2020:01:51:37 +0200] "GET / HTTP/1.1" 200 9360 "-" "Mozilla/5.0 (compatible; adscanner/)/1.0 (http://seocompany.store; spider@seocompany.store)"
17.58.102.76 - - [19/Apr/2020:02:20:37 +0200] "GET /robots.txt HTTP/1.1" 200 100 "-" "Mozilla/5.0 (Macintosh; Intel Mac OS X 10_10_1) AppleWebKit/600.2.5 (KHTML, like Gecko) Version/8.0.2 Safari/600.2.5 (Applebot/0.1; +http://www.apple.com/go/applebot)"
17.58.96.45 - - [19/Apr/2020:02:20:38 +0200] "GET / HTTP/1.1" 200 9360 "-" "Mozilla/5.0 (Macintosh; Intel Mac OS X 10_10_1) AppleWebKit/600.2.5 (KHTML, like Gecko) Version/8.0.2 Safari/600.2.5 (Applebot/0.1; +http://www.apple.com/go/applebot)"
40.77.167.121 - - [19/Apr/2020:03:13:37 +0200] "GET /buecher/gesichter/03.jpg HTTP/1.1" 200 10026 "-" "Mozilla/5.0 (compatible; bingbot/2.0; +http://www.bing.com/bingbot.htm)"
66.249.64.242 - - [19/Apr/2020:03:48:11 +0200] "GET /robots.txt HTTP/1.1" 200 100 "-" "Mozilla/5.0 (compatible; Googlebot/2.1; +http://www.google.com/bot.html)"
66.249.64.242 - - [19/Apr/2020:03:48:11 +0200] "GET /cds/lumina.html HTTP/1.1" 304 - "-" "Mozilla/5.0 (Linux; Android 6.0.1; Nexus 5X Build/MMB29P) AppleWebKit/537.36 (KHTML, like Gecko) Chrome/41.0.2272.96 Mobile Safari/537.36 (compatible; Googlebot/2.1; +http://www.google.com/bot.html)"
40.77.167.121 - - [19/Apr/2020:04:07:17 +0200] "GET /buecher/gesichter/27.jpg HTTP/1.1" 200 8110 "-" "Mozilla/5.0 (compatible; bingbot/2.0; +http://www.bing.com/bingbot.htm)"
40.77.167.121 - - [19/Apr/2020:04:13:23 +0200] "GET /kontakt/index.html HTTP/1.1" 200 2896 "-" "Mozilla/5.0 (compatible; bingbot/2.0; +http://www.bing.com/bingbot.htm)"
207.46.13.30 - - [19/Apr/2020:04:21:13 +0200] "GET /buecher/gesichter/28.jpg HTTP/1.1" 200 7684 "-" "Mozilla/5.0 (compatible; bingbot/2.0; +http://www.bing.com/bingbot.htm)"
140.203.12.9 - - [19/Apr/2020:04:27:59 +0200] "HEAD / HTTP/1.1" 200 - "-" "Java/1.6.0_23"
85.209.89.217 - - [19/Apr/2020:05:09:55 +0200] "HEAD / HTTP/1.1" 200 - "https://generals-cncgames.ru/training-vgeneralov/" "Mozilla/3.0 (compatible; MSIE7.00; Windows 2009)"
77.220.215.153 - - [19/Apr/2020:05:09:57 +0200] "HEAD / HTTP/1.1" 200 - "https://inzuro.ru/super-osago/" "Mozilla/3.0 (compatible; MSIE3.00; Windows 2002)"
185.203.240.129 - - [19/Apr/2020:05:09:57 +0200] "HEAD / HTTP/1.1" 200 - "https://my-stickers.ru/category/dostoprimechatelnosti/" "Mozilla/4.0 (compatible; MSIE7.00; Windows 2007)"
85.209.89.205 - - [19/Apr/2020:05:09:58 +0200] "HEAD / HTTP/1.1" 200 - "https://pandemiya-covid.ru/sredstva-zashhity/maski/" "Mozilla/4.0 (compatible; MSIE5.00; Windows 2003)"
85.209.89.224 - - [19/Apr/2020:05:09:58 +0200] "HEAD / HTTP/1.1" 200 - "https://ivanovopack.ru" "Mozilla/4.0 (compatible; MSIE4.00; Windows 2009)"
85.209.89.216 - - [19/Apr/2020:05:09:58 +0200] "HEAD / HTTP/1.1" 200 - "https://kupime.kz/detyam/detskaya-odezhda/" "Mozilla/5.0 (compatible; MSIE4.00; Windows 2004)"
85.209.89.241 - - [19/Apr/2020:05:09:59 +0200] "HEAD / HTTP/1.1" 200 - "https://www.perevod24.com" "Mozilla/2.0 (compatible; MSIE5.00; Windows 2007)"
185.224.132.45 - - [19/Apr/2020:05:09:59 +0200] "HEAD / HTTP/1.1" 200 - "https://panamka.by/promokody/" "Mozilla/4.0 (compatible; MSIE5.00; Windows 2007)"
193.124.188.188 - - [19/Apr/2020:05:19:19 +0200] "HEAD / HTTP/1.1" 200 - "https://russtaxi.ru/taksi-sochi-lazarevskoe" "Mozilla/5.0 (compatible; MSIE3.00; Windows 2009)"
193.124.190.18 - - [19/Apr/2020:05:19:20 +0200] "HEAD / HTTP/1.1" 200 - "https://coronavirus-prognozy.ru/kak-perezhit-samoizolyatsiyu" "Mozilla/3.0 (compatible; MSIE2.00; Windows 2009)"
194.67.207.94 - - [19/Apr/2020:05:19:20 +0200] "HEAD / HTTP/1.1" 200 - "https://velesritual.com.ua" "Mozilla/6.0 (compatible; MSIE4.00; Windows 2008)"
194.67.210.77 - - [19/Apr/2020:05:19:21 +0200] "HEAD / HTTP/1.1" 200 - "https://prjadko.com.ua/pamjatniki.html" "Mozilla/4.0 (compatible; MSIE5.00; Windows 2002)"
185.125.219.13 - - [19/Apr/2020:05:19:21 +0200] "HEAD / HTTP/1.1" 200 - "https://www.prjadko.kiev.ua/banners/215-astral-2r.html" "Mozilla/4.0 (compatible; MSIE3.00; Windows 2003)"
193.124.188.83 - - [19/Apr/2020:05:19:21 +0200] "HEAD / HTTP/1.1" 200 - "https://avtobesplatno.ru/" "Mozilla/4.0 (compatible; MSIE6.00; Windows 2003)"
185.5.249.185 - - [19/Apr/2020:05:19:22 +0200] "HEAD / HTTP/1.1" 200 - "https://promopulse.info/o-sajte/" "Mozilla/6.0 (compatible; MSIE6.00; Windows 2003)"
194.67.207.9 - - [19/Apr/2020:05:19:22 +0200] "HEAD / HTTP/1.1" 200 - "https://pamjatnik.com.ua/productions" "Mozilla/3.0 (compatible; MSIE7.00; Windows 2007)"
88.198.36.62 - - [19/Apr/2020:05:24:58 +0200] "GET /sonderthemen/oekt_extra1.pdf HTTP/1.1" 200 1849015 "-" "Mozilla/5.0 (X11; Linux x86_64; rv:57.0) Gecko/20100101 Firefox/57.0"
5.248.224.61 - - [19/Apr/2020:05:50:24 +0200] "GET /buecher/ HTTP/1.1" 200 25885 "https://deutsche-poesie.com/" "Mozilla/4.0 (compatible; MSIE 6.0; Windows XP)"
5.248.224.61 - - [19/Apr/2020:05:50:24 +0200] "GET /buecher/ HTTP/1.1" 200 25885 "https://deutsche-poesie.com/" "Mozilla/4.0 (compatible; MSIE 6.0; Windows XP)"
5.248.224.61 - - [19/Apr/2020:05:50:25 +0200] "GET /buecher/ HTTP/1.1" 200 25885 "https://deutsche-poesie.com/" "Mozilla/4.0 (compatible; MSIE 6.0; Windows XP)"
5.248.224.61 - - [19/Apr/2020:06:14:39 +0200] "GET /buecher/ HTTP/1.1" 200 25885 "https://agriculture.sel-hoz.com/" "Mozilla/4.0 (compatible; MSIE 6.0; Windows XP)"
5.248.224.61 - - [19/Apr/2020:06:14:40 +0200] "GET /buecher/ HTTP/1.1" 200 25885 "https://agriculture.sel-hoz.com/" "Mozilla/4.0 (compatible; MSIE 6.0; Windows XP)"
78.46.90.120 - - [19/Apr/2020:06:49:21 +0200] "GET /sonderthemen/oekt_extra3.pdf HTTP/1.1" 200 2109745 "-" "Mozilla/5.0 (Macintosh; Intel Mac OS X 10_13_1) AppleWebKit/604.3.5 (KHTML, like Gecko) Version/11.0.1 Safari/604.3.5"
193.124.191.92 - - [19/Apr/2020:07:08:44 +0200] "HEAD / HTTP/1.1" 200 - "https://prostozaim24.ru/kredity/" "Mozilla/8.0 (compatible; MSIE6.00; Windows 2009)"
54.36.148.177 - - [19/Apr/2020:07:39:18 +0200] "GET /buecher/index.html HTTP/1.1" 200 25885 "-" "Mozilla/5.0 (compatible; AhrefsBot/6.1; +http://ahrefs.com/robot/)"
46.4.83.150 - - [19/Apr/2020:07:44:04 +0200] "GET /buecher/ HTTP/1.1" 200 25885 "-" "Mozilla/5.0 (Windows NT 6.1; Win64; x64) AppleWebKit/537.36 (KHTML, like Gecko) Chrome/63.0.3239.132 Safari/537.36"
88.198.43.207 - - [19/Apr/2020:07:45:09 +0200] "GET /sonderthemen/az2003.pdf HTTP/1.1" 200 4864675 "-" "Mozilla/5.0 (Windows NT 6.3; Win64; x64) AppleWebKit/537.36 (KHTML, like Gecko) Chrome/63.0.3239.132 Safari/537.36"
5.248.224.61 - - [19/Apr/2020:08:02:46 +0200] "GET /buecher/ HTTP/1.1" 200 25885 "https://poesia-espanola.com/" "Mozilla/4.0 (compatible; MSIE 6.0; Windows XP)"
5.248.224.61 - - [19/Apr/2020:08:02:47 +0200] "GET /buecher/ HTTP/1.1" 200 25885 "https://poesia-espanola.com/" "Mozilla/4.0 (compatible; MSIE 6.0; Windows XP)"
5.248.224.61 - - [19/Apr/2020:08:02:48 +0200] "GET /buecher/ HTTP/1.1" 200 25885 "https://poesia-espanola.com/" "Mozilla/4.0 (compatible; MSIE 6.0; Windows XP)"
66.249.64.242 - - [19/Apr/2020:08:23:35 +0200] "GET /buecher/rezensionen_chateaubriand.html HTTP/1.1" 200 47317 "-" "Mozilla/5.0 (Linux; Android 6.0.1; Nexus 5X Build/MMB29P) AppleWebKit/537.36 (KHTML, like Gecko) Chrome/41.0.2272.96 Mobile Safari/537.36 (compatible; Googlebot/2.1; +http://www.google.com/bot.html)"
66.249.64.244 - - [19/Apr/2020:08:36:37 +0200] "GET /buecher/schenuit.jpg HTTP/1.1" 200 2024 "-" "Googlebot-Image/1.0"
46.229.168.131 - - [19/Apr/2020:08:41:24 +0200] "GET /robots.txt HTTP/1.1" 200 100 "-" "Mozilla/5.0 (compatible; SemrushBot/6~bl; +http://www.semrush.com/bot.html)"
46.229.168.142 - - [19/Apr/2020:08:41:25 +0200] "GET /buecher/rezensionen_psalmen.html HTTP/1.1" 200 6787 "-" "Mozilla/5.0 (compatible; SemrushBot/6~bl; +http://www.semrush.com/bot.html)"
88.198.36.62 - - [19/Apr/2020:09:57:08 +0200] "GET /sonderthemen/oekt_extra3.pdf HTTP/1.1" 200 2109745 "-" "Mozilla/5.0 (Windows NT 10.0; Win64; x64) AppleWebKit/537.36 (KHTML, like Gecko) Chrome/64.0.3282.167 Safari/537.36"
18.195.141.44 - - [19/Apr/2020:10:04:18 +0200] "GET /buecher/gesichter/05.jpg HTTP/1.1" 200 8981 "-" "willnorris/imageproxy"
157.230.107.180 - - [19/Apr/2020:10:06:46 +0200] "GET / HTTP/1.1" 200 9360 "-" "Mozilla/5.0"
157.230.107.180 - - [19/Apr/2020:10:06:46 +0200] "GET /buecher/index.html HTTP/1.1" 200 25885 "-" "Mozilla/5.0"
157.230.107.180 - - [19/Apr/2020:10:06:46 +0200] "GET /cds/index.html HTTP/1.1" 200 7987 "-" "Mozilla/5.0"
157.230.107.180 - - [19/Apr/2020:10:06:46 +0200] "GET /gotteslob/index.html HTTP/1.1" 200 2770 "-" "Mozilla/5.0"
157.230.107.180 - - [19/Apr/2020:10:06:46 +0200] "GET /jahrbuch/index.html HTTP/1.1" 200 3956 "-" "Mozilla/5.0"
157.230.107.180 - - [19/Apr/2020:10:06:46 +0200] "GET /sonderthemen/index.html HTTP/1.1" 200 7102 "-" "Mozilla/5.0"
157.230.107.180 - - [19/Apr/2020:10:06:46 +0200] "GET /kontakt/index.html HTTP/1.1" 200 2896 "-" "Mozilla/5.0"
157.230.107.180 - - [19/Apr/2020:10:06:51 +0200] "GET /impressum.html HTTP/1.1" 200 2808 "-" "Mozilla/5.0"
157.230.107.180 - - [19/Apr/2020:10:06:51 +0200] "GET /cds/rosarium.html HTTP/1.1" 200 6680 "-" "Mozilla/5.0"
157.230.107.180 - - [19/Apr/2020:10:06:51 +0200] "GET /cds/ignatius.html HTTP/1.1" 200 6576 "-" "Mozilla/5.0"
157.230.107.180 - - [19/Apr/2020:10:06:51 +0200] "GET /cds/hymnos_akathistos.html HTTP/1.1" 200 11061 "-" "Mozilla/5.0"
157.230.107.180 - - [19/Apr/2020:10:06:51 +0200] "GET /buecher/veroeffentlichungsliste.html HTTP/1.1" 200 129779 "-" "Mozilla/5.0"
46.118.122.69 - - [19/Apr/2020:10:22:36 +0200] "GET /buecher/ HTTP/1.1" 200 25885 "https://avtolombard-voronezh.ru/" "Mozilla/4.0 (compatible; MSIE 5.5; Windows 98)"
46.118.122.69 - - [19/Apr/2020:10:22:37 +0200] "GET /buecher/ HTTP/1.1" 200 25885 "https://avtolombard-voronezh.ru/" "Mozilla/4.0 (compatible; MSIE 5.5; Windows 98)"
46.118.122.69 - - [19/Apr/2020:10:22:37 +0200] "GET /buecher/ HTTP/1.1" 200 25885 "https://avtolombard-voronezh.ru/" "Mozilla/4.0 (compatible; MSIE 5.5; Windows 98)"
78.46.94.83 - - [19/Apr/2020:10:43:21 +0200] "GET /sonderthemen/az1999.pdf HTTP/1.1" 200 1842982 "-" "Mozilla/5.0 (Macintosh; Intel Mac OS X 1084) AppleWebKit/536.28.10 (KHTML like Gecko) Version/6.0.3 Safari/536.28.10"
144.76.162.206 - - [19/Apr/2020:10:43:34 +0200] "GET /sonderthemen/az1999.pdf HTTP/1.1" 200 1842982 "-" "Mozilla/5.0 (Macintosh; Intel Mac OS X 10_12_6) AppleWebKit/537.36 (KHTML, like Gecko) Chrome/64.0.3282.140 Safari/537.36"
88.198.36.62 - - [19/Apr/2020:10:43:46 +0200] "GET /sonderthemen/az1999.pdf HTTP/1.1" 200 1842982 "-" "Mozilla/5.0 (Macintosh; Intel Mac OS X 1084) AppleWebKit/536.29.13 (KHTML like Gecko) Version/6.0.4 Safari/536.29.13"
95.91.206.84 - - [19/Apr/2020:10:49:34 +0200] "GET /buecher/gesichter/25.jpg HTTP/1.1" 200 7280 "https://www.bing.com/" "Mozilla/5.0 (Macintosh; Intel Mac OS X 10_13_6) AppleWebKit/605.1.15 (KHTML, like Gecko) Version/11.1.2 Safari/605.1.15"
95.91.206.84 - - [19/Apr/2020:10:51:29 +0200] "GET /buecher/gesichter/06.jpg HTTP/1.1" 200 8732 "https://www.bing.com/" "Mozilla/5.0 (Macintosh; Intel Mac OS X 10_13_6) AppleWebKit/605.1.15 (KHTML, like Gecko) Version/11.1.2 Safari/605.1.15"
95.91.206.84 - - [19/Apr/2020:10:51:29 +0200] "GET /buecher/gesichter/01.jpg HTTP/1.1" 200 7981 "https://www.bing.com/" "Mozilla/5.0 (Macintosh; Intel Mac OS X 10_13_6) AppleWebKit/605.1.15 (KHTML, like Gecko) Version/11.1.2 Safari/605.1.15"
95.91.206.84 - - [19/Apr/2020:10:51:29 +0200] "GET /buecher/gesichter/23.jpg HTTP/1.1" 200 8706 "https://www.bing.com/" "Mozilla/5.0 (Macintosh; Intel Mac OS X 10_13_6) AppleWebKit/605.1.15 (KHTML, like Gecko) Version/11.1.2 Safari/605.1.15"
199.58.86.206 - - [19/Apr/2020:12:02:42 +0200] "GET /robots.txt HTTP/1.1" 200 100 "-" "Mozilla/5.0 (compatible; MJ12bot/v1.4.8; http://mj12bot.com/)"
199.58.86.206 - - [19/Apr/2020:12:02:44 +0200] "GET / HTTP/1.1" 200 9360 "-" "Mozilla/5.0 (compatible; MJ12bot/v1.4.8; http://mj12bot.com/)"
185.209.20.147 - - [19/Apr/2020:12:47:21 +0200] "HEAD / HTTP/1.1" 200 - "https://coronavirus-u-detei.ru" "Mozilla/8.0 (compatible; MSIE3.00; Windows 2004)"
212.86.109.31 - - [19/Apr/2020:12:47:21 +0200] "HEAD / HTTP/1.1" 200 - "https://www.alcoshop16.ru/" "Mozilla/4.0 (compatible; MSIE7.00; Windows 2005)"
66.249.64.242 - - [19/Apr/2020:12:56:38 +0200] "GET /logo_g.gif HTTP/1.1" 304 - "-" "Googlebot-Image/1.0"
40.77.167.9 - - [19/Apr/2020:13:40:47 +0200] "GET /buecher/gesichter/29.jpg HTTP/1.1" 200 9282 "-" "Mozilla/5.0 (compatible; bingbot/2.0; +http://www.bing.com/bingbot.htm)"
40.77.167.9 - - [19/Apr/2020:14:12:40 +0200] "GET /jahrbuch/titelseiten/1960.jpg HTTP/1.1" 200 10363 "-" "Mozilla/5.0 (compatible; bingbot/2.0; +http://www.bing.com/bingbot.htm)"
54.36.148.98 - - [19/Apr/2020:14:20:17 +0200] "GET /robots.txt HTTP/1.1" 200 100 "-" "Mozilla/5.0 (compatible; AhrefsBot/6.1; +http://ahrefs.com/robot/)"
88.198.36.62 - - [19/Apr/2020:14:57:46 +0200] "GET /sonderthemen/oeaz2001.pdf HTTP/1.1" 200 4496626 "-" "Mozilla/5.0 (Macintosh; Intel Mac OS X 10_13_3) AppleWebKit/537.36 (KHTML, like Gecko) Chrome/64.0.3282.140 Safari/537.36"
58.208.68.13 - - [19/Apr/2020:15:10:46 +0200] "GET / HTTP/1.1" 200 9360 "http://userpage.fu-berlin.de/~dittbern/WWW_Media/Germany1.html" "ia_archiver"
144.76.102.243 - - [19/Apr/2020:15:13:52 +0200] "GET /sonderthemen/oekt_extra3.pdf HTTP/1.1" 200 2109745 "-" "Mozilla/5.0 (Macintosh; Intel Mac OS X 10_13_2) AppleWebKit/604.4.7 (KHTML, like Gecko) Version/11.0.2 Safari/604.4.7"
88.198.43.207 - - [19/Apr/2020:15:14:05 +0200] "GET /sonderthemen/oekt_extra3.pdf HTTP/1.1" 200 2109745 "-" "Mozilla/5.0 (X11; Linux x86_64; rv:57.0) Gecko/20100101 Firefox/57.0"
40.77.167.121 - - [19/Apr/2020:15:47:31 +0200] "GET /kontakt/index.html HTTP/1.1" 200 2896 "-" "Mozilla/5.0 (compatible; bingbot/2.0; +http://www.bing.com/bingbot.htm)"
144.76.102.243 - - [19/Apr/2020:16:03:27 +0200] "GET /sonderthemen/oekz2003.pdf HTTP/1.1" 200 4017017 "-" "Mozilla/5.0 (Windows NT 10.0; Win64; x64) AppleWebKit/537.36 (KHTML, like Gecko) Chrome/64.0.3282.140 Safari/537.36"
46.4.83.150 - - [19/Apr/2020:16:04:00 +0200] "GET /sonderthemen/oekz2003.pdf HTTP/1.1" 200 4017017 "-" "Mozilla/5.0 (Macintosh; Intel Mac OS X 10_13_2) AppleWebKit/604.4.7 (KHTML, like Gecko) Version/11.0.2 Safari/604.4.7"
17.58.96.45 - - [19/Apr/2020:16:18:11 +0200] "GET /buecher/index.html HTTP/1.1" 200 25885 "-" "Mozilla/5.0 (Macintosh; Intel Mac OS X 10_10_1) AppleWebKit/600.2.5 (KHTML, like Gecko) Version/8.0.2 Safari/600.2.5 (Applebot/0.1; +http://www.apple.com/go/applebot)"
77.220.215.153 - - [19/Apr/2020:16:21:51 +0200] "HEAD / HTTP/1.1" 200 - "http://lodki-pvh.com.ua" "Mozilla/5.0 (compatible; MSIE4.00; Windows 2009)"
185.203.240.129 - - [19/Apr/2020:16:21:51 +0200] "HEAD / HTTP/1.1" 200 - "https://xn--80aaeb1aqsibk.xn--p1ai/p383732728-pakety-polietilenovye-logotipom.html" "Mozilla/4.0 (compatible; MSIE4.00; Windows 2005)"
85.209.89.224 - - [19/Apr/2020:16:21:52 +0200] "HEAD / HTTP/1.1" 200 - "https://sportyguru.ru/velotrenazher/top-velotrenazherov-dlya-detej.html" "Mozilla/4.0 (compatible; MSIE5.00; Windows 2004)"
85.209.89.216 - - [19/Apr/2020:16:21:52 +0200] "HEAD / HTTP/1.1" 200 - "https://www.obzorreziny.ru/avtomobilnye-tovary/avtomobilnye-akkumulyatory/avtomobilnye-akkumulyatory-varta.html" "Mozilla/4.0 (compatible; MSIE5.00; Windows 2008)"
85.209.89.205 - - [19/Apr/2020:16:21:52 +0200] "HEAD / HTTP/1.1" 200 - "https://www.brainymama.ru/detskie-kolyaski/rejting-luchshih-nedorogih-kolyasok.html" "Mozilla/3.0 (compatible; MSIE3.00; Windows 2005)"
85.209.89.217 - - [19/Apr/2020:16:21:52 +0200] "HEAD / HTTP/1.1" 200 - "https://www.obzormatrasov.ru/matrasy/lonax" "Mozilla/3.0 (compatible; MSIE7.00; Windows 2007)"
85.209.89.241 - - [19/Apr/2020:16:21:52 +0200] "HEAD / HTTP/1.1" 200 - "https://www.ratingfirmporemontu.ru/balkony/" "Mozilla/4.0 (compatible; MSIE2.00; Windows 2007)"
185.224.132.45 - - [19/Apr/2020:16:21:53 +0200] "HEAD / HTTP/1.1" 200 - "https://hotkitchenspb.ru/" "Mozilla/7.0 (compatible; MSIE6.00; Windows 2007)"
54.208.102.37 - - [19/Apr/2020:16:30:57 +0200] "GET / HTTP/1.1" 200 9360 "http://www.morusverlag.de/" "Mozilla/5.0 (compatible; DuckDuckGo-Favicons-Bot/1.0; +http://duckduckgo.com)"
54.208.102.37 - - [19/Apr/2020:16:30:57 +0200] "GET /favicon.ico HTTP/1.1" 200 4286 "http://www.morusverlag.de/favicon.ico" "Mozilla/5.0 (compatible; DuckDuckGo-Favicons-Bot/1.0; +http://duckduckgo.com)"
84.227.190.125 - - [19/Apr/2020:16:31:03 +0200] "GET /cds/hymnos_akathistos.html HTTP/1.1" 200 11061 "https://duckduckgo.com/" "Mozilla/5.0 (Windows NT 10.0; Win64; x64; rv:75.0) Gecko/20100101 Firefox/75.0"
84.227.190.125 - - [19/Apr/2020:16:31:04 +0200] "GET /main.css HTTP/1.1" 200 1439 "http://www.morusverlag.de/cds/hymnos_akathistos.html" "Mozilla/5.0 (Windows NT 10.0; Win64; x64; rv:75.0) Gecko/20100101 Firefox/75.0"
84.227.190.125 - - [19/Apr/2020:16:31:04 +0200] "GET /logo_g.gif HTTP/1.1" 200 1301 "http://www.morusverlag.de/cds/hymnos_akathistos.html" "Mozilla/5.0 (Windows NT 10.0; Win64; x64; rv:75.0) Gecko/20100101 Firefox/75.0"
84.227.190.125 - - [19/Apr/2020:16:31:04 +0200] "GET /mv_g.gif HTTP/1.1" 200 4070 "http://www.morusverlag.de/cds/hymnos_akathistos.html" "Mozilla/5.0 (Windows NT 10.0; Win64; x64; rv:75.0) Gecko/20100101 Firefox/75.0"
84.227.190.125 - - [19/Apr/2020:16:31:04 +0200] "GET /m.gif HTTP/1.1" 200 95 "http://www.morusverlag.de/cds/hymnos_akathistos.html" "Mozilla/5.0 (Windows NT 10.0; Win64; x64; rv:75.0) Gecko/20100101 Firefox/75.0"
84.227.190.125 - - [19/Apr/2020:16:31:04 +0200] "GET /pf.gif HTTP/1.1" 200 62 "http://www.morusverlag.de/cds/hymnos_akathistos.html" "Mozilla/5.0 (Windows NT 10.0; Win64; x64; rv:75.0) Gecko/20100101 Firefox/75.0"
84.227.190.125 - - [19/Apr/2020:16:31:04 +0200] "GET /cds/hymnos.jpg HTTP/1.1" 200 27752 "http://www.morusverlag.de/cds/hymnos_akathistos.html" "Mozilla/5.0 (Windows NT 10.0; Win64; x64; rv:75.0) Gecko/20100101 Firefox/75.0"
84.227.190.125 - - [19/Apr/2020:16:31:04 +0200] "GET /cds/hymnos_heft.jpg HTTP/1.1" 200 8653 "http://www.morusverlag.de/cds/hymnos_akathistos.html" "Mozilla/5.0 (Windows NT 10.0; Win64; x64; rv:75.0) Gecko/20100101 Firefox/75.0"
84.227.190.125 - - [19/Apr/2020:16:31:04 +0200] "GET /strich.gif HTTP/1.1" 200 45 "http://www.morusverlag.de/cds/hymnos_akathistos.html" "Mozilla/5.0 (Windows NT 10.0; Win64; x64; rv:75.0) Gecko/20100101 Firefox/75.0"
84.227.190.125 - - [19/Apr/2020:16:31:04 +0200] "GET /favicon.ico HTTP/1.1" 200 4286 "-" "Mozilla/5.0 (Windows NT 10.0; Win64; x64; rv:75.0) Gecko/20100101 Firefox/75.0"
84.227.190.125 - - [19/Apr/2020:16:32:36 +0200] "GET /buecher/veroeffentlichungsliste.html HTTP/1.1" 200 129779 "http://www.morusverlag.de/cds/hymnos_akathistos.html" "Mozilla/5.0 (Windows NT 10.0; Win64; x64; rv:75.0) Gecko/20100101 Firefox/75.0"
84.227.190.125 - - [19/Apr/2020:16:35:19 +0200] "GET /kontakt/index.html HTTP/1.1" 200 2896 "http://www.morusverlag.de/cds/hymnos_akathistos.html" "Mozilla/5.0 (Windows NT 10.0; Win64; x64; rv:75.0) Gecko/20100101 Firefox/75.0"
194.67.210.77 - - [19/Apr/2020:16:35:36 +0200] "HEAD / HTTP/1.1" 200 - "https://rfserials.online/kanal-ntv/dnk" "Mozilla/6.0 (compatible; MSIE3.00; Windows 2005)"
194.67.207.9 - - [19/Apr/2020:16:35:40 +0200] "HEAD / HTTP/1.1" 200 - "http://arenda-instrumenta-murmansk.ru" "Mozilla/3.0 (compatible; MSIE5.00; Windows 2004)"
194.67.207.94 - - [19/Apr/2020:16:35:40 +0200] "HEAD / HTTP/1.1" 200 - "https://www.infobus.top/v-rossiju-iz-ukrainy/v-petropavlovsk-kamchatskij/" "Mozilla/5.0 (compatible; MSIE7.00; Windows 2005)"
185.125.219.13 - - [19/Apr/2020:16:35:40 +0200] "HEAD / HTTP/1.1" 200 - "https://domashnii-ochag.ru/uslugi/dom-prestarelyh-dlya-lezhachih.html" "Mozilla/5.0 (compatible; MSIE3.00; Windows 2007)"
88.198.36.62 - - [19/Apr/2020:16:44:17 +0200] "GET /sonderthemen/az1999.pdf HTTP/1.1" 200 1842982 "-" "Mozilla/5.0 (compatible; MSIE 10.0; Windows NT 6.1; Trident/5.0)"
193.124.188.83 - - [19/Apr/2020:16:45:39 +0200] "HEAD / HTTP/1.1" 200 - "https://pokemondamagecalculator.com" "Mozilla/3.0 (compatible; MSIE7.00; Windows 2002)"
193.124.190.18 - - [19/Apr/2020:16:45:39 +0200] "HEAD / HTTP/1.1" 200 - "https://avto-second.com.ua/index.php?route=product/category&path=84_123" "Mozilla/2.0 (compatible; MSIE7.00; Windows 2004)"
193.124.188.188 - - [19/Apr/2020:16:45:39 +0200] "HEAD / HTTP/1.1" 200 - "https://apkinstallerr.com" "Mozilla/7.0 (compatible; MSIE7.00; Windows 2005)"
185.5.249.185 - - [19/Apr/2020:16:45:40 +0200] "HEAD / HTTP/1.1" 200 - "https://chey-telefon.ru" "Mozilla/5.0 (compatible; MSIE5.00; Windows 2006)"
66.249.64.242 - - [19/Apr/2020:16:56:38 +0200] "GET /buecher/gesichter/32.jpg HTTP/1.1" 200 8010 "-" "Googlebot-Image/1.0"
144.76.162.206 - - [19/Apr/2020:17:03:23 +0200] "GET /sonderthemen/az2000.pdf HTTP/1.1" 200 2253581 "-" "Mozilla/5.0 (Macintosh; Intel Mac OS X 1084) AppleWebKit/536.28.10 (KHTML like Gecko) Version/6.0.3 Safari/536.28.10"
78.46.94.83 - - [19/Apr/2020:17:03:23 +0200] "GET /sonderthemen/az2000.pdf HTTP/1.1" 200 2253581 "-" "Mozilla/5.0 (Macintosh; Intel Mac OS X 10_13_1) AppleWebKit/537.36 (KHTML, like Gecko) Chrome/63.0.3239.132 Safari/537.36"
88.198.43.207 - - [19/Apr/2020:17:03:47 +0200] "GET /sonderthemen/az2000.pdf HTTP/1.1" 200 2253581 "-" "Mozilla/5.0 (Macintosh; Intel Mac OS X 1084) AppleWebKit/536.29.13 (KHTML like Gecko) Version/6.0.4 Safari/536.29.13"
66.249.64.244 - - [19/Apr/2020:17:29:26 +0200] "GET /sonderthemen/sk2001.pdf HTTP/1.1" 304 - "-" "Mozilla/5.0 (Linux; Android 6.0.1; Nexus 5X Build/MMB29P) AppleWebKit/537.36 (KHTML, like Gecko) Chrome/41.0.2272.96 Mobile Safari/537.36 (compatible; Googlebot/2.1; +http://www.google.com/bot.html)"
144.76.102.243 - - [19/Apr/2020:18:03:41 +0200] "GET /sonderthemen/oekt_extra2.pdf HTTP/1.1" 200 1939949 "-" "Mozilla/5.0 (Macintosh; Intel Mac OS X 10_13_3) AppleWebKit/537.36 (KHTML, like Gecko) Chrome/63.0.3239.132 Safari/537.36"
88.198.43.207 - - [19/Apr/2020:18:04:02 +0200] "GET /sonderthemen/oekt_extra2.pdf HTTP/1.1" 200 1939949 "-" "Mozilla/5.0 (X11; Ubuntu; Linux x86_64; rv:57.0) Gecko/20100101 Firefox/57.0"
79.110.73.236 - - [19/Apr/2020:18:11:05 +0200] "GET /sonderthemen/sk2001.pdf HTTP/1.1" 200 3098589 "-" "Mozilla/5.0 (Windows NT 6.1) AppleWebKit/537.36 (KHTML, like Gecko) Chrome/72.0.3626.109 Safari/537.36"
213.83.37.145 - - [19/Apr/2020:18:47:57 +0200] "HEAD / HTTP/1.1" 200 - "-" "Mozilla/5.0 (Windows NT 6.1; rv:39.0) Gecko/20180101 Firefox/39.0"
213.83.37.145 - - [19/Apr/2020:18:47:57 +0200] "HEAD / HTTP/1.1" 200 - "-" "Mozilla/5.0 (Windows NT 6.1; rv:39.0) Gecko/20180101 Firefox/39.0"
213.83.37.145 - - [19/Apr/2020:18:47:57 +0200] "HEAD / HTTP/1.1" 200 - "-" "Mozilla/5.0 (Windows NT 6.1; rv:39.0) Gecko/20180101 Firefox/39.0"
213.83.37.145 - - [19/Apr/2020:18:47:57 +0200] "HEAD / HTTP/1.1" 200 - "-" "Mozilla/5.0 (Windows NT 6.1; rv:39.0) Gecko/20180101 Firefox/39.0"
66.249.64.244 - - [19/Apr/2020:19:51:17 +0200] "GET /sonderthemen/sk2002.pdf HTTP/1.1" 200 2628923 "-" "Mozilla/5.0 (Linux; Android 6.0.1; Nexus 5X Build/MMB29P) AppleWebKit/537.36 (KHTML, like Gecko) Chrome/41.0.2272.96 Mobile Safari/537.36 (compatible; Googlebot/2.1; +http://www.google.com/bot.html)"
88.198.36.62 - - [19/Apr/2020:20:01:39 +0200] "GET /sonderthemen/oeaz2001.pdf HTTP/1.1" 200 4496626 "-" "Mozilla/5.0 (X11; Ubuntu; Linux x86_64; rv:58.0) Gecko/20100101 Firefox/58.0"
144.76.162.206 - - [19/Apr/2020:20:01:43 +0200] "GET /sonderthemen/oeaz2001.pdf HTTP/1.1" 200 4496626 "-" "Mozilla/5.0 (Macintosh; Intel Mac OS X 10_13_3) AppleWebKit/537.36 (KHTML, like Gecko) Chrome/63.0.3239.132 Safari/537.36"
5.9.145.132 - - [19/Apr/2020:20:02:05 +0200] "GET /sonderthemen/oeaz2001.pdf HTTP/1.1" 200 4496626 "-" "Mozilla/5.0 (Windows NT 6.1; WOW64) AppleWebKit/537.36 (KHTML, like Gecko) Chrome/43.0.2357.134 Safari/537.36"
88.198.90.9 - - [19/Apr/2020:20:53:28 +0200] "GET /buecher/rezensionen_nicht_auf_sand_gebaut.html HTTP/1.1" 200 6594 "-" "Mozilla/5.0 (Windows NT 10.0; Win64; x64) AppleWebKit/537.36 (KHTML, like Gecko) Chrome/58.0.3029.110 Safari/537.36 Edge/16.16299"
77.88.9.132 - - [19/Apr/2020:20:55:43 +0200] "GET /robots.txt HTTP/1.1" 200 100 "-" "Mozilla/5.0 (compatible; YandexBot/3.0; +http://yandex.com/bots)"
77.88.9.132 - - [19/Apr/2020:20:55:47 +0200] "GET /buecher/rezensionen.html HTTP/1.1" 200 6964 "-" "Mozilla/5.0 (compatible; YandexBot/3.0; +http://yandex.com/bots)"
66.249.64.246 - - [19/Apr/2020:21:11:22 +0200] "GET /buecher/ HTTP/1.1" 304 - "-" "Mozilla/5.0 (Linux; Android 6.0.1; Nexus 5X Build/MMB29P) AppleWebKit/537.36 (KHTML, like Gecko) Chrome/41.0.2272.96 Mobile Safari/537.36 (compatible; Googlebot/2.1; +http://www.google.com/bot.html)"
206.253.224.75 - - [19/Apr/2020:21:32:05 +0200] "GET /robots.txt HTTP/1.1" 200 100 "-" "Mozilla/5.0 (compatible; oBot/2.3.1; http://www.xforce-security.com/crawler/)"
206.253.224.75 - - [19/Apr/2020:21:32:05 +0200] "GET / HTTP/1.1" 200 9360 "-" "Mozilla/5.0 (compatible; oBot/2.3.1; http://www.xforce-security.com/crawler/)"
40.77.167.77 - - [19/Apr/2020:21:33:59 +0200] "GET /cds/glockenspiel1.html HTTP/1.1" 200 9736 "-" "Mozilla/5.0 (compatible; bingbot/2.0; +http://www.bing.com/bingbot.htm)"
157.55.39.31 - - [19/Apr/2020:22:38:53 +0200] "GET /robots.txt HTTP/1.1" 200 100 "-" "Mozilla/5.0 (compatible; bingbot/2.0; +http://www.bing.com/bingbot.htm)"
40.77.167.9 - - [19/Apr/2020:22:39:07 +0200] "GET /sonderthemen/archiv.html HTTP/1.1" 200 6959 "-" "Mozilla/5.0 (compatible; bingbot/2.0; +http://www.bing.com/bingbot.htm)"
17.58.96.45 - - [19/Apr/2020:22:46:38 +0200] "GET /index.html HTTP/1.1" 200 9360 "-" "Mozilla/5.0 (Macintosh; Intel Mac OS X 10_10_1) AppleWebKit/600.2.5 (KHTML, like Gecko) Version/8.0.2 Safari/600.2.5 (Applebot/0.1; +http://www.apple.com/go/applebot)"
95.216.96.243 - - [19/Apr/2020:22:49:37 +0200] "GET /robots.txt HTTP/1.1" 200 100 "-" "Mozilla/5.0 (compatible; SEOkicks; +https://www.seokicks.de/robot.html)"
95.216.96.243 - - [19/Apr/2020:22:49:39 +0200] "GET / HTTP/1.1" 200 9360 "-" "Mozilla/5.0 (compatible; SEOkicks; +https://www.seokicks.de/robot.html)"
95.216.96.243 - - [19/Apr/2020:22:49:41 +0200] "GET /buecher/index.html HTTP/1.1" 200 25885 "http://www.morusverlag.de/" "Mozilla/5.0 (compatible; SEOkicks; +https://www.seokicks.de/robot.html)"
95.216.96.243 - - [19/Apr/2020:22:49:42 +0200] "GET /cds/index.html HTTP/1.1" 200 7987 "http://www.morusverlag.de/" "Mozilla/5.0 (compatible; SEOkicks; +https://www.seokicks.de/robot.html)"
95.216.96.243 - - [19/Apr/2020:22:49:44 +0200] "GET /gotteslob/index.html HTTP/1.1" 200 2770 "http://www.morusverlag.de/" "Mozilla/5.0 (compatible; SEOkicks; +https://www.seokicks.de/robot.html)"
95.216.96.243 - - [19/Apr/2020:22:49:46 +0200] "GET /jahrbuch/index.html HTTP/1.1" 200 3956 "http://www.morusverlag.de/" "Mozilla/5.0 (compatible; SEOkicks; +https://www.seokicks.de/robot.html)"
95.216.96.243 - - [19/Apr/2020:22:49:48 +0200] "GET /sonderthemen/index.html HTTP/1.1" 200 7102 "http://www.morusverlag.de/" "Mozilla/5.0 (compatible; SEOkicks; +https://www.seokicks.de/robot.html)"
95.216.96.243 - - [19/Apr/2020:22:49:49 +0200] "GET /kontakt/index.html HTTP/1.1" 200 2896 "http://www.morusverlag.de/" "Mozilla/5.0 (compatible; SEOkicks; +https://www.seokicks.de/robot.html)"
