141.89.47.13 - - [08/Apr/2020:09:52:23 +0200] "GET /jahrbuch/titelseiten/2012.jpg HTTP/1.1" 200 9619 "http://www.morusverlag.de/jahrbuch/titelseiten/index.html" "Mozilla/5.0 (Windows NT 6.3; Win64; x64; rv:74.0) Gecko/20100101 Firefox/74.0"
141.89.47.13 - - [08/Apr/2020:09:52:23 +0200] "GET /jahrbuch/titelseiten/2010.jpg HTTP/1.1" 200 9104 "http://www.morusverlag.de/jahrbuch/titelseiten/index.html" "Mozilla/5.0 (Windows NT 6.3; Win64; x64; rv:74.0) Gecko/20100101 Firefox/74.0"
141.89.47.13 - - [08/Apr/2020:09:52:23 +0200] "GET /jahrbuch/titelseiten/2008.jpg HTTP/1.1" 200 9787 "http://www.morusverlag.de/jahrbuch/titelseiten/index.html" "Mozilla/5.0 (Windows NT 6.3; Win64; x64; rv:74.0) Gecko/20100101 Firefox/74.0"
141.89.47.13 - - [08/Apr/2020:09:52:23 +0200] "GET /jahrbuch/titelseiten/2009.jpg HTTP/1.1" 200 10213 "http://www.morusverlag.de/jahrbuch/titelseiten/index.html" "Mozilla/5.0 (Windows NT 6.3; Win64; x64; rv:74.0) Gecko/20100101 Firefox/74.0"
141.89.47.13 - - [08/Apr/2020:09:52:23 +0200] "GET /jahrbuch/titelseiten/2007.jpg HTTP/1.1" 200 6748 "http://www.morusverlag.de/jahrbuch/titelseiten/index.html" "Mozilla/5.0 (Windows NT 6.3; Win64; x64; rv:74.0) Gecko/20100101 Firefox/74.0"
141.89.47.13 - - [08/Apr/2020:09:52:23 +0200] "GET /jahrbuch/titelseiten/2006.jpg HTTP/1.1" 200 9078 "http://www.morusverlag.de/jahrbuch/titelseiten/index.html" "Mozilla/5.0 (Windows NT 6.3; Win64; x64; rv:74.0) Gecko/20100101 Firefox/74.0"
141.89.47.13 - - [08/Apr/2020:09:52:23 +0200] "GET /jahrbuch/titelseiten/2005.jpg HTTP/1.1" 200 11448 "http://www.morusverlag.de/jahrbuch/titelseiten/index.html" "Mozilla/5.0 (Windows NT 6.3; Win64; x64; rv:74.0) Gecko/20100101 Firefox/74.0"
141.89.47.13 - - [08/Apr/2020:09:52:23 +0200] "GET /jahrbuch/titelseiten/2003.jpg HTTP/1.1" 200 9473 "http://www.morusverlag.de/jahrbuch/titelseiten/index.html" "Mozilla/5.0 (Windows NT 6.3; Win64; x64; rv:74.0) Gecko/20100101 Firefox/74.0"
141.89.47.13 - - [08/Apr/2020:09:52:23 +0200] "GET /jahrbuch/titelseiten/2004.jpg HTTP/1.1" 200 5386 "http://www.morusverlag.de/jahrbuch/titelseiten/index.html" "Mozilla/5.0 (Windows NT 6.3; Win64; x64; rv:74.0) Gecko/20100101 Firefox/74.0"
141.89.47.13 - - [08/Apr/2020:09:52:23 +0200] "GET /jahrbuch/titelseiten/2002.jpg HTTP/1.1" 200 11036 "http://www.morusverlag.de/jahrbuch/titelseiten/index.html" "Mozilla/5.0 (Windows NT 6.3; Win64; x64; rv:74.0) Gecko/20100101 Firefox/74.0"
141.89.47.13 - - [08/Apr/2020:09:52:23 +0200] "GET /jahrbuch/titelseiten/2001.jpg HTTP/1.1" 200 7909 "http://www.morusverlag.de/jahrbuch/titelseiten/index.html" "Mozilla/5.0 (Windows NT 6.3; Win64; x64; rv:74.0) Gecko/20100101 Firefox/74.0"
141.89.47.13 - - [08/Apr/2020:09:52:23 +0200] "GET /jahrbuch/titelseiten/2000.jpg HTTP/1.1" 200 8718 "http://www.morusverlag.de/jahrbuch/titelseiten/index.html" "Mozilla/5.0 (Windows NT 6.3; Win64; x64; rv:74.0) Gecko/20100101 Firefox/74.0"
141.89.47.13 - - [08/Apr/2020:09:52:23 +0200] "GET /jahrbuch/titelseiten/1999.jpg HTTP/1.1" 200 10450 "http://www.morusverlag.de/jahrbuch/titelseiten/index.html" "Mozilla/5.0 (Windows NT 6.3; Win64; x64; rv:74.0) Gecko/20100101 Firefox/74.0"
141.89.47.13 - - [08/Apr/2020:09:52:23 +0200] "GET /jahrbuch/titelseiten/1998.jpg HTTP/1.1" 200 8504 "http://www.morusverlag.de/jahrbuch/titelseiten/index.html" "Mozilla/5.0 (Windows NT 6.3; Win64; x64; rv:74.0) Gecko/20100101 Firefox/74.0"
141.89.47.13 - - [08/Apr/2020:09:52:23 +0200] "GET /jahrbuch/titelseiten/1997.jpg HTTP/1.1" 200 12043 "http://www.morusverlag.de/jahrbuch/titelseiten/index.html" "Mozilla/5.0 (Windows NT 6.3; Win64; x64; rv:74.0) Gecko/20100101 Firefox/74.0"
141.89.47.13 - - [08/Apr/2020:09:52:23 +0200] "GET /jahrbuch/titelseiten/1996.jpg HTTP/1.1" 200 11186 "http://www.morusverlag.de/jahrbuch/titelseiten/index.html" "Mozilla/5.0 (Windows NT 6.3; Win64; x64; rv:74.0) Gecko/20100101 Firefox/74.0"
141.89.47.13 - - [08/Apr/2020:09:52:23 +0200] "GET /jahrbuch/titelseiten/1995.jpg HTTP/1.1" 200 10632 "http://www.morusverlag.de/jahrbuch/titelseiten/index.html" "Mozilla/5.0 (Windows NT 6.3; Win64; x64; rv:74.0) Gecko/20100101 Firefox/74.0"
141.89.47.13 - - [08/Apr/2020:09:52:23 +0200] "GET /jahrbuch/titelseiten/1994.jpg HTTP/1.1" 200 12562 "http://www.morusverlag.de/jahrbuch/titelseiten/index.html" "Mozilla/5.0 (Windows NT 6.3; Win64; x64; rv:74.0) Gecko/20100101 Firefox/74.0"
141.89.47.13 - - [08/Apr/2020:09:52:23 +0200] "GET /jahrbuch/titelseiten/1993.jpg HTTP/1.1" 200 10788 "http://www.morusverlag.de/jahrbuch/titelseiten/index.html" "Mozilla/5.0 (Windows NT 6.3; Win64; x64; rv:74.0) Gecko/20100101 Firefox/74.0"
141.89.47.13 - - [08/Apr/2020:09:52:24 +0200] "GET /jahrbuch/titelseiten/1992.jpg HTTP/1.1" 200 8822 "http://www.morusverlag.de/jahrbuch/titelseiten/index.html" "Mozilla/5.0 (Windows NT 6.3; Win64; x64; rv:74.0) Gecko/20100101 Firefox/74.0"
141.89.47.13 - - [08/Apr/2020:09:52:24 +0200] "GET /jahrbuch/titelseiten/1991.jpg HTTP/1.1" 200 11857 "http://www.morusverlag.de/jahrbuch/titelseiten/index.html" "Mozilla/5.0 (Windows NT 6.3; Win64; x64; rv:74.0) Gecko/20100101 Firefox/74.0"
141.89.47.13 - - [08/Apr/2020:09:52:24 +0200] "GET /jahrbuch/titelseiten/1990.jpg HTTP/1.1" 200 11215 "http://www.morusverlag.de/jahrbuch/titelseiten/index.html" "Mozilla/5.0 (Windows NT 6.3; Win64; x64; rv:74.0) Gecko/20100101 Firefox/74.0"
141.89.47.13 - - [08/Apr/2020:09:52:24 +0200] "GET /jahrbuch/titelseiten/1989.jpg HTTP/1.1" 200 9555 "http://www.morusverlag.de/jahrbuch/titelseiten/index.html" "Mozilla/5.0 (Windows NT 6.3; Win64; x64; rv:74.0) Gecko/20100101 Firefox/74.0"
141.89.47.13 - - [08/Apr/2020:09:52:24 +0200] "GET /jahrbuch/titelseiten/1988.jpg HTTP/1.1" 200 11285 "http://www.morusverlag.de/jahrbuch/titelseiten/index.html" "Mozilla/5.0 (Windows NT 6.3; Win64; x64; rv:74.0) Gecko/20100101 Firefox/74.0"
141.89.47.13 - - [08/Apr/2020:09:52:24 +0200] "GET /jahrbuch/titelseiten/1987.jpg HTTP/1.1" 200 10876 "http://www.morusverlag.de/jahrbuch/titelseiten/index.html" "Mozilla/5.0 (Windows NT 6.3; Win64; x64; rv:74.0) Gecko/20100101 Firefox/74.0"
141.89.47.13 - - [08/Apr/2020:09:52:24 +0200] "GET /jahrbuch/titelseiten/1986.jpg HTTP/1.1" 200 11297 "http://www.morusverlag.de/jahrbuch/titelseiten/index.html" "Mozilla/5.0 (Windows NT 6.3; Win64; x64; rv:74.0) Gecko/20100101 Firefox/74.0"
141.89.47.13 - - [08/Apr/2020:09:52:24 +0200] "GET /jahrbuch/titelseiten/1985.jpg HTTP/1.1" 200 10221 "http://www.morusverlag.de/jahrbuch/titelseiten/index.html" "Mozilla/5.0 (Windows NT 6.3; Win64; x64; rv:74.0) Gecko/20100101 Firefox/74.0"
141.89.47.13 - - [08/Apr/2020:09:52:24 +0200] "GET /jahrbuch/titelseiten/1984.jpg HTTP/1.1" 200 10434 "http://www.morusverlag.de/jahrbuch/titelseiten/index.html" "Mozilla/5.0 (Windows NT 6.3; Win64; x64; rv:74.0) Gecko/20100101 Firefox/74.0"
141.89.47.13 - - [08/Apr/2020:09:52:24 +0200] "GET /jahrbuch/titelseiten/1983.jpg HTTP/1.1" 200 11695 "http://www.morusverlag.de/jahrbuch/titelseiten/index.html" "Mozilla/5.0 (Windows NT 6.3; Win64; x64; rv:74.0) Gecko/20100101 Firefox/74.0"
141.89.47.13 - - [08/Apr/2020:09:52:24 +0200] "GET /jahrbuch/titelseiten/1982.jpg HTTP/1.1" 200 9679 "http://www.morusverlag.de/jahrbuch/titelseiten/index.html" "Mozilla/5.0 (Windows NT 6.3; Win64; x64; rv:74.0) Gecko/20100101 Firefox/74.0"
141.89.47.13 - - [08/Apr/2020:09:52:24 +0200] "GET /jahrbuch/titelseiten/1981.jpg HTTP/1.1" 200 10407 "http://www.morusverlag.de/jahrbuch/titelseiten/index.html" "Mozilla/5.0 (Windows NT 6.3; Win64; x64; rv:74.0) Gecko/20100101 Firefox/74.0"
141.89.47.13 - - [08/Apr/2020:09:52:24 +0200] "GET /jahrbuch/titelseiten/1980.jpg HTTP/1.1" 200 9114 "http://www.morusverlag.de/jahrbuch/titelseiten/index.html" "Mozilla/5.0 (Windows NT 6.3; Win64; x64; rv:74.0) Gecko/20100101 Firefox/74.0"
141.89.47.13 - - [08/Apr/2020:09:52:24 +0200] "GET /jahrbuch/titelseiten/1978.jpg HTTP/1.1" 200 12057 "http://www.morusverlag.de/jahrbuch/titelseiten/index.html" "Mozilla/5.0 (Windows NT 6.3; Win64; x64; rv:74.0) Gecko/20100101 Firefox/74.0"
141.89.47.13 - - [08/Apr/2020:09:52:24 +0200] "GET /jahrbuch/titelseiten/1979.jpg HTTP/1.1" 200 12108 "http://www.morusverlag.de/jahrbuch/titelseiten/index.html" "Mozilla/5.0 (Windows NT 6.3; Win64; x64; rv:74.0) Gecko/20100101 Firefox/74.0"
141.89.47.13 - - [08/Apr/2020:09:52:24 +0200] "GET /jahrbuch/titelseiten/1977.jpg HTTP/1.1" 200 12115 "http://www.morusverlag.de/jahrbuch/titelseiten/index.html" "Mozilla/5.0 (Windows NT 6.3; Win64; x64; rv:74.0) Gecko/20100101 Firefox/74.0"
141.89.47.13 - - [08/Apr/2020:09:52:24 +0200] "GET /jahrbuch/titelseiten/1976.jpg HTTP/1.1" 200 8435 "http://www.morusverlag.de/jahrbuch/titelseiten/index.html" "Mozilla/5.0 (Windows NT 6.3; Win64; x64; rv:74.0) Gecko/20100101 Firefox/74.0"
141.89.47.13 - - [08/Apr/2020:09:52:24 +0200] "GET /jahrbuch/titelseiten/1975.jpg HTTP/1.1" 200 9109 "http://www.morusverlag.de/jahrbuch/titelseiten/index.html" "Mozilla/5.0 (Windows NT 6.3; Win64; x64; rv:74.0) Gecko/20100101 Firefox/74.0"
141.89.47.13 - - [08/Apr/2020:09:52:24 +0200] "GET /jahrbuch/titelseiten/1974.jpg HTTP/1.1" 200 8566 "http://www.morusverlag.de/jahrbuch/titelseiten/index.html" "Mozilla/5.0 (Windows NT 6.3; Win64; x64; rv:74.0) Gecko/20100101 Firefox/74.0"
141.89.47.13 - - [08/Apr/2020:09:52:24 +0200] "GET /jahrbuch/titelseiten/1972.jpg HTTP/1.1" 200 10862 "http://www.morusverlag.de/jahrbuch/titelseiten/index.html" "Mozilla/5.0 (Windows NT 6.3; Win64; x64; rv:74.0) Gecko/20100101 Firefox/74.0"
141.89.47.13 - - [08/Apr/2020:09:52:24 +0200] "GET /jahrbuch/titelseiten/1973.jpg HTTP/1.1" 200 7959 "http://www.morusverlag.de/jahrbuch/titelseiten/index.html" "Mozilla/5.0 (Windows NT 6.3; Win64; x64; rv:74.0) Gecko/20100101 Firefox/74.0"
141.89.47.13 - - [08/Apr/2020:09:52:24 +0200] "GET /jahrbuch/titelseiten/1971.jpg HTTP/1.1" 200 8908 "http://www.morusverlag.de/jahrbuch/titelseiten/index.html" "Mozilla/5.0 (Windows NT 6.3; Win64; x64; rv:74.0) Gecko/20100101 Firefox/74.0"
141.89.47.13 - - [08/Apr/2020:09:52:24 +0200] "GET /jahrbuch/titelseiten/1970.jpg HTTP/1.1" 200 8229 "http://www.morusverlag.de/jahrbuch/titelseiten/index.html" "Mozilla/5.0 (Windows NT 6.3; Win64; x64; rv:74.0) Gecko/20100101 Firefox/74.0"
141.89.47.13 - - [08/Apr/2020:09:52:24 +0200] "GET /jahrbuch/titelseiten/1969.jpg HTTP/1.1" 200 8422 "http://www.morusverlag.de/jahrbuch/titelseiten/index.html" "Mozilla/5.0 (Windows NT 6.3; Win64; x64; rv:74.0) Gecko/20100101 Firefox/74.0"
141.89.47.13 - - [08/Apr/2020:09:52:24 +0200] "GET /jahrbuch/titelseiten/1968.jpg HTTP/1.1" 200 10477 "http://www.morusverlag.de/jahrbuch/titelseiten/index.html" "Mozilla/5.0 (Windows NT 6.3; Win64; x64; rv:74.0) Gecko/20100101 Firefox/74.0"
141.89.47.13 - - [08/Apr/2020:09:52:24 +0200] "GET /jahrbuch/titelseiten/1967.jpg HTTP/1.1" 200 10004 "http://www.morusverlag.de/jahrbuch/titelseiten/index.html" "Mozilla/5.0 (Windows NT 6.3; Win64; x64; rv:74.0) Gecko/20100101 Firefox/74.0"
141.89.47.13 - - [08/Apr/2020:09:52:24 +0200] "GET /jahrbuch/titelseiten/1966.jpg HTTP/1.1" 200 12635 "http://www.morusverlag.de/jahrbuch/titelseiten/index.html" "Mozilla/5.0 (Windows NT 6.3; Win64; x64; rv:74.0) Gecko/20100101 Firefox/74.0"
141.89.47.13 - - [08/Apr/2020:09:52:24 +0200] "GET /jahrbuch/titelseiten/1965.jpg HTTP/1.1" 200 9478 "http://www.morusverlag.de/jahrbuch/titelseiten/index.html" "Mozilla/5.0 (Windows NT 6.3; Win64; x64; rv:74.0) Gecko/20100101 Firefox/74.0"
141.89.47.13 - - [08/Apr/2020:09:52:24 +0200] "GET /jahrbuch/titelseiten/1964.jpg HTTP/1.1" 200 8794 "http://www.morusverlag.de/jahrbuch/titelseiten/index.html" "Mozilla/5.0 (Windows NT 6.3; Win64; x64; rv:74.0) Gecko/20100101 Firefox/74.0"
141.89.47.13 - - [08/Apr/2020:09:52:24 +0200] "GET /jahrbuch/titelseiten/1963.jpg HTTP/1.1" 200 9118 "http://www.morusverlag.de/jahrbuch/titelseiten/index.html" "Mozilla/5.0 (Windows NT 6.3; Win64; x64; rv:74.0) Gecko/20100101 Firefox/74.0"
141.89.47.13 - - [08/Apr/2020:09:52:24 +0200] "GET /jahrbuch/titelseiten/1962.jpg HTTP/1.1" 200 9405 "http://www.morusverlag.de/jahrbuch/titelseiten/index.html" "Mozilla/5.0 (Windows NT 6.3; Win64; x64; rv:74.0) Gecko/20100101 Firefox/74.0"
141.89.47.13 - - [08/Apr/2020:09:52:24 +0200] "GET /jahrbuch/titelseiten/1961.jpg HTTP/1.1" 200 11188 "http://www.morusverlag.de/jahrbuch/titelseiten/index.html" "Mozilla/5.0 (Windows NT 6.3; Win64; x64; rv:74.0) Gecko/20100101 Firefox/74.0"
141.89.47.13 - - [08/Apr/2020:09:52:24 +0200] "GET /jahrbuch/titelseiten/1960.jpg HTTP/1.1" 200 10363 "http://www.morusverlag.de/jahrbuch/titelseiten/index.html" "Mozilla/5.0 (Windows NT 6.3; Win64; x64; rv:74.0) Gecko/20100101 Firefox/74.0"
141.89.47.13 - - [08/Apr/2020:09:52:24 +0200] "GET /jahrbuch/titelseiten/1959.jpg HTTP/1.1" 200 11387 "http://www.morusverlag.de/jahrbuch/titelseiten/index.html" "Mozilla/5.0 (Windows NT 6.3; Win64; x64; rv:74.0) Gecko/20100101 Firefox/74.0"
141.89.47.13 - - [08/Apr/2020:09:52:24 +0200] "GET /jahrbuch/titelseiten/1958.jpg HTTP/1.1" 200 11008 "http://www.morusverlag.de/jahrbuch/titelseiten/index.html" "Mozilla/5.0 (Windows NT 6.3; Win64; x64; rv:74.0) Gecko/20100101 Firefox/74.0"
141.89.47.13 - - [08/Apr/2020:09:52:24 +0200] "GET /jahrbuch/titelseiten/1957.jpg HTTP/1.1" 200 12765 "http://www.morusverlag.de/jahrbuch/titelseiten/index.html" "Mozilla/5.0 (Windows NT 6.3; Win64; x64; rv:74.0) Gecko/20100101 Firefox/74.0"
141.89.47.13 - - [08/Apr/2020:09:52:24 +0200] "GET /jahrbuch/titelseiten/1956.jpg HTTP/1.1" 200 12858 "http://www.morusverlag.de/jahrbuch/titelseiten/index.html" "Mozilla/5.0 (Windows NT 6.3; Win64; x64; rv:74.0) Gecko/20100101 Firefox/74.0"
141.89.47.13 - - [08/Apr/2020:09:52:24 +0200] "GET /jahrbuch/titelseiten/1955.jpg HTTP/1.1" 200 13277 "http://www.morusverlag.de/jahrbuch/titelseiten/index.html" "Mozilla/5.0 (Windows NT 6.3; Win64; x64; rv:74.0) Gecko/20100101 Firefox/74.0"
141.89.47.13 - - [08/Apr/2020:09:52:24 +0200] "GET /jahrbuch/titelseiten/1940.jpg HTTP/1.1" 200 10579 "http://www.morusverlag.de/jahrbuch/titelseiten/index.html" "Mozilla/5.0 (Windows NT 6.3; Win64; x64; rv:74.0) Gecko/20100101 Firefox/74.0"
141.89.47.13 - - [08/Apr/2020:09:52:24 +0200] "GET /jahrbuch/titelseiten/1939.jpg HTTP/1.1" 200 10519 "http://www.morusverlag.de/jahrbuch/titelseiten/index.html" "Mozilla/5.0 (Windows NT 6.3; Win64; x64; rv:74.0) Gecko/20100101 Firefox/74.0"
141.89.47.13 - - [08/Apr/2020:09:52:24 +0200] "GET /jahrbuch/titelseiten/1935.jpg HTTP/1.1" 200 9813 "http://www.morusverlag.de/jahrbuch/titelseiten/index.html" "Mozilla/5.0 (Windows NT 6.3; Win64; x64; rv:74.0) Gecko/20100101 Firefox/74.0"
5.9.145.132 - - [08/Apr/2020:09:58:12 +0200] "GET /sonderthemen/presse.html HTTP/1.1" 200 5772 "-" "Mozilla/5.0 (Macintosh; Intel Mac OS X 10_13_2) AppleWebKit/537.36 (KHTML, like Gecko) Chrome/64.0.3282.140 Safari/537.36"
144.76.102.243 - - [08/Apr/2020:09:58:13 +0200] "GET /sonderthemen/presse.html HTTP/1.1" 200 5772 "-" "Mozilla/5.0 (Macintosh; Intel Mac OS X 10_5_8) AppleWebKit/534.50.2 (KHTML, like Gecko) Version/5.0.6 Safari/533.22.3"
78.46.94.83 - - [08/Apr/2020:10:14:55 +0200] "GET /sonderthemen/az2003.pdf HTTP/1.1" 200 4864675 "-" "Mozilla/5.0 (Windows NT 6.1; Win64; x64; rv:58.0) Gecko/20100101 Firefox/58.0"
194.173.174.10 - - [08/Apr/2020:10:19:12 +0200] "HEAD / HTTP/1.1" 200 - "-" "Mozilla/5.0 (Windows NT 6.3; WOW64) AppleWebKit/537.36 (KHTML, like Gecko) Chrome/43.0.2357.134 Safari/537.36"
207.46.13.194 - - [08/Apr/2020:10:42:43 +0200] "GET /jahrbuch/titelseiten/1992.jpg HTTP/1.1" 200 8822 "-" "Mozilla/5.0 (compatible; bingbot/2.0; +http://www.bing.com/bingbot.htm)"
162.210.196.97 - - [08/Apr/2020:11:26:46 +0200] "GET /robots.txt HTTP/1.1" 200 100 "-" "Mozilla/5.0 (compatible; MJ12bot/v1.4.8; http://mj12bot.com/)"
162.210.196.97 - - [08/Apr/2020:11:26:48 +0200] "GET / HTTP/1.1" 200 9360 "-" "Mozilla/5.0 (compatible; MJ12bot/v1.4.8; http://mj12bot.com/)"
207.46.13.218 - - [08/Apr/2020:11:33:56 +0200] "GET / HTTP/1.1" 200 9360 "-" "Mozilla/5.0 (compatible; bingbot/2.0; +http://www.bing.com/bingbot.htm)"
207.46.13.194 - - [08/Apr/2020:11:56:49 +0200] "GET /cds/lumina.html HTTP/1.1" 200 9000 "-" "Mozilla/5.0 (compatible; bingbot/2.0; +http://www.bing.com/bingbot.htm)"
54.36.148.84 - - [08/Apr/2020:12:01:15 +0200] "GET /buecher/freiheit_und_sinnsucht.jpg HTTP/1.1" 200 4237 "-" "Mozilla/5.0 (compatible; AhrefsBot/6.1; +http://ahrefs.com/robot/)"
114.119.167.244 - - [08/Apr/2020:12:47:22 +0200] "GET /buecher/guardini HTTP/1.1" 404 2381 "-" "Mozilla/5.0 (Linux; Android 7.0;) AppleWebKit/537.36 (KHTML, like Gecko) Mobile Safari/537.36 (compatible; AspiegelBot)"
46.4.83.150 - - [08/Apr/2020:12:59:31 +0200] "GET /sonderthemen/oekt_extra3.pdf HTTP/1.1" 200 2109745 "-" "Mozilla/5.0 (Macintosh; Intel Mac OS X 10_13_3) AppleWebKit/537.36 (KHTML, like Gecko) Chrome/63.0.3239.132 Safari/537.36"
148.251.50.77 - - [08/Apr/2020:13:00:04 +0200] "GET /sonderthemen/oekt_extra3.pdf HTTP/1.1" 200 2109745 "-" "Mozilla/5.0 (Macintosh; U; Intel Mac OS X 10_5_8; zh-cn) AppleWebKit/533.18.1 (KHTML, like Gecko) Version/5.0.2 Safari/533.18.5"
40.77.167.205 - - [08/Apr/2020:13:10:27 +0200] "GET /buecher/gesichter/19.jpg HTTP/1.1" 200 8281 "-" "Mozilla/5.0 (compatible; bingbot/2.0; +http://www.bing.com/bingbot.htm)"
40.77.167.205 - - [08/Apr/2020:13:26:56 +0200] "GET /jahrbuch/titelseiten/1999.jpg HTTP/1.1" 200 10450 "-" "Mozilla/5.0 (compatible; bingbot/2.0; +http://www.bing.com/bingbot.htm)"
207.46.13.220 - - [08/Apr/2020:13:30:42 +0200] "GET /jahrbuch/titelseiten/1976.jpg HTTP/1.1" 200 8435 "-" "Mozilla/5.0 (compatible; bingbot/2.0; +http://www.bing.com/bingbot.htm)"
88.198.90.9 - - [08/Apr/2020:13:45:42 +0200] "GET /buecher/veroeffentlichungsliste.html HTTP/1.1" 200 129779 "-" "Mozilla/5.0 (Macintosh; Intel Mac OS X 107) AppleWebKit/534.48.3 (KHTML like Gecko) Version/5.1 Safari/534.48.3"
207.46.13.194 - - [08/Apr/2020:13:56:37 +0200] "GET /jahrbuch/titelseiten/2004.jpg HTTP/1.1" 200 5386 "-" "Mozilla/5.0 (compatible; bingbot/2.0; +http://www.bing.com/bingbot.htm)"
78.46.90.120 - - [08/Apr/2020:14:22:37 +0200] "GET /sonderthemen/oekt_extra3.pdf HTTP/1.1" 200 2109745 "-" "Mozilla/5.0 (Windows NT 6.1; Win64; x64) AppleWebKit/537.36 (KHTML, like Gecko) Chrome/64.0.3282.119 Safari/537.36"
144.76.102.243 - - [08/Apr/2020:14:22:42 +0200] "GET /sonderthemen/oekt_extra3.pdf HTTP/1.1" 200 2109745 "-" "Mozilla/5.0 (Macintosh; Intel Mac OS X 10_11_6) AppleWebKit/537.36 (KHTML, like Gecko) Chrome/63.0.3239.132 Safari/537.36"
144.76.102.243 - - [08/Apr/2020:14:24:46 +0200] "GET /sonderthemen/oekt_extra1.pdf HTTP/1.1" 200 1849015 "-" "Mozilla/5.0 (compatible; MSIE 10.0; Windows NT 6.1; Trident/4.0; InfoPath.2; SV1; .NET CLR 2.0.50727; WOW64)"
148.251.50.77 - - [08/Apr/2020:14:24:46 +0200] "GET /sonderthemen/oekt_extra3.pdf HTTP/1.1" 200 2109745 "-" "Mozilla/5.0 (Windows NT 6.1; WOW64; Trident/7.0; rv:11.0) like Gecko"
151.80.39.140 - - [08/Apr/2020:14:45:40 +0200] "GET /impressum.html HTTP/1.1" 200 2808 "-" "Mozilla/5.0 (compatible; AhrefsBot/6.1; +http://ahrefs.com/robot/)"
88.198.90.9 - - [08/Apr/2020:14:46:03 +0200] "GET /sonderthemen/az1999.pdf HTTP/1.1" 200 1842982 "-" "Mozilla/5.0 (Windows NT 10.0; Win64; x64) AppleWebKit/537.36 (KHTML, like Gecko) Chrome/63.0.3239.84 Safari/537.36"
77.220.215.153 - - [08/Apr/2020:15:12:13 +0200] "HEAD / HTTP/1.1" 200 - "http://stolovato.com.ua/katalog/multiklapan-/balloni-toroidalnie-vnutrennie" "Mozilla/7.0 (compatible; MSIE4.00; Windows 2005)"
85.209.89.224 - - [08/Apr/2020:15:14:53 +0200] "HEAD / HTTP/1.1" 200 - "https://topnewsrussia.ru/category/istoriya" "Mozilla/8.0 (compatible; MSIE5.00; Windows 2002)"
85.209.89.241 - - [08/Apr/2020:15:15:58 +0200] "HEAD / HTTP/1.1" 200 - "https://herbcart.ru" "Mozilla/6.0 (compatible; MSIE2.00; Windows 2009)"
185.224.132.45 - - [08/Apr/2020:15:16:10 +0200] "HEAD / HTTP/1.1" 200 - "https://daily-motor.ru/category/novosti-avtosporta" "Mozilla/5.0 (compatible; MSIE3.00; Windows 2008)"
151.80.39.140 - - [08/Apr/2020:15:22:25 +0200] "GET /buecher/index.html HTTP/1.1" 200 25885 "-" "Mozilla/5.0 (compatible; AhrefsBot/6.1; +http://ahrefs.com/robot/)"
194.67.210.77 - - [08/Apr/2020:15:26:26 +0200] "HEAD / HTTP/1.1" 200 - "https://partnerskie-rody.com/category/otzyvy-o-sovmestnyh-rodah/" "Mozilla/6.0 (compatible; MSIE3.00; Windows 2005)"
194.67.207.9 - - [08/Apr/2020:15:26:30 +0200] "HEAD / HTTP/1.1" 200 - "https://gofelicitari.com" "Mozilla/2.0 (compatible; MSIE6.00; Windows 2004)"
193.124.188.83 - - [08/Apr/2020:15:27:53 +0200] "HEAD / HTTP/1.1" 200 - "http://szto-barnaul.ru" "Mozilla/5.0 (compatible; MSIE6.00; Windows 2009)"
193.124.190.18 - - [08/Apr/2020:15:30:19 +0200] "HEAD / HTTP/1.1" 200 - "https://www.prjadko.com" "Mozilla/7.0 (compatible; MSIE3.00; Windows 2007)"
87.142.67.155 - - [08/Apr/2020:15:34:54 +0200] "GET /buecher/gesichter/17.jpg HTTP/1.1" 200 7587 "https://www.ecosia.org/" "Mozilla/5.0 (Windows NT 6.2; Win64; x64; rv:74.0) Gecko/20100101 Firefox/74.0"
87.142.67.155 - - [08/Apr/2020:15:34:57 +0200] "GET /buecher/gesichter/28.jpg HTTP/1.1" 200 7684 "https://www.ecosia.org/" "Mozilla/5.0 (Windows NT 6.2; Win64; x64; rv:74.0) Gecko/20100101 Firefox/74.0"
87.142.67.155 - - [08/Apr/2020:15:35:03 +0200] "GET /buecher/gesichter/23.jpg HTTP/1.1" 200 8706 "https://www.ecosia.org/" "Mozilla/5.0 (Windows NT 6.2; Win64; x64; rv:74.0) Gecko/20100101 Firefox/74.0"
144.76.102.243 - - [08/Apr/2020:15:35:48 +0200] "GET /sonderthemen/oekt_extra3.pdf HTTP/1.1" 200 2109745 "-" "Mozilla/5.0 (Macintosh; U; Intel Mac OS X 10_5_8; zh-cn) AppleWebKit/533.18.1 (KHTML, like Gecko) Version/5.0.2 Safari/533.18.5"
144.76.102.243 - - [08/Apr/2020:15:35:48 +0200] "GET /sonderthemen/oekz2003.pdf HTTP/1.1" 200 4017017 "-" "Mozilla/5.0 (Windows NT 6.1; Win64; x64) AppleWebKit/537.36 (KHTML, like Gecko) Chrome/63.0.3239.132 Safari/537.36"
78.46.90.120 - - [08/Apr/2020:15:35:53 +0200] "GET /sonderthemen/oekt_extra3.pdf HTTP/1.1" 200 2109745 "-" "Mozilla/5.0 (X11; Linux x86_64) AppleWebKit/537.36 (KHTML, like Gecko) Ubuntu Chromium/63.0.3239.84 Chrome/63.0.3239.84 Safari/537.36"
78.46.90.120 - - [08/Apr/2020:15:35:53 +0200] "GET /sonderthemen/oekz2003.pdf HTTP/1.1" 200 4017017 "-" "Mozilla/5.0 (Windows NT 6.1; Win64; x64; rv:52.0) Gecko/20100101 Firefox/52.0"
151.80.39.140 - - [08/Apr/2020:15:47:09 +0200] "GET /cds/index.html HTTP/1.1" 200 7987 "-" "Mozilla/5.0 (compatible; AhrefsBot/6.1; +http://ahrefs.com/robot/)"
151.80.39.140 - - [08/Apr/2020:16:08:34 +0200] "GET /buecher/rezensionen_chateaubriand.html HTTP/1.1" 200 47317 "-" "Mozilla/5.0 (compatible; AhrefsBot/6.1; +http://ahrefs.com/robot/)"
151.80.39.60 - - [08/Apr/2020:16:29:50 +0200] "GET /jahrbuch/index.html HTTP/1.1" 200 3956 "-" "Mozilla/5.0 (compatible; AhrefsBot/6.1; +http://ahrefs.com/robot/)"
114.119.167.32 - - [08/Apr/2020:16:59:18 +0200] "GET /buecher/guardini HTTP/1.1" 404 2381 "-" "Mozilla/5.0 (Linux; Android 7.0;) AppleWebKit/537.36 (KHTML, like Gecko) Mobile Safari/537.36 (compatible; AspiegelBot)"
151.80.39.140 - - [08/Apr/2020:17:00:43 +0200] "GET /gotteslob/index.html HTTP/1.1" 200 2770 "-" "Mozilla/5.0 (compatible; AhrefsBot/6.1; +http://ahrefs.com/robot/)"
17.58.102.76 - - [08/Apr/2020:17:13:25 +0200] "GET /robots.txt HTTP/1.1" 200 100 "-" "Mozilla/5.0 (Macintosh; Intel Mac OS X 10_10_1) AppleWebKit/600.2.5 (KHTML, like Gecko) Version/8.0.2 Safari/600.2.5 (Applebot/0.1; +http://www.apple.com/go/applebot)"
17.58.96.45 - - [08/Apr/2020:17:13:25 +0200] "GET /cds/rosarium.html HTTP/1.1" 200 6680 "-" "Mozilla/5.0 (Macintosh; Intel Mac OS X 10_10_1) AppleWebKit/600.2.5 (KHTML, like Gecko) Version/8.0.2 Safari/600.2.5 (Applebot/0.1; +http://www.apple.com/go/applebot)"
193.176.85.100 - - [08/Apr/2020:17:26:08 +0200] "GET / HTTP/1.0" 200 9360 "https://oqex.io/markets" "Mozilla/5.0 (Windows NT 6.3; Win64; x64) AppleWebKit/537.36 (KHTML, like Gecko) Chrome/65.0.3325.146 Safari/537.36"
193.176.85.100 - - [08/Apr/2020:17:27:13 +0200] "GET / HTTP/1.0" 200 9360 "https://oqex.io/exchange" "Mozilla/5.0 (Windows NT 6.1; Win64; x64) AppleWebKit/537.36 (KHTML, like Gecko) Chrome/66.0.3359.170 Safari/537.36 OPR/53.0.2907.99"
151.80.39.140 - - [08/Apr/2020:17:30:58 +0200] "GET /index.html HTTP/1.1" 200 9360 "-" "Mozilla/5.0 (compatible; AhrefsBot/6.1; +http://ahrefs.com/robot/)"
40.77.167.205 - - [08/Apr/2020:17:35:04 +0200] "GET /index.html HTTP/1.1" 200 9360 "-" "Mozilla/5.0 (compatible; bingbot/2.0; +http://www.bing.com/bingbot.htm)"
40.77.167.205 - - [08/Apr/2020:17:48:15 +0200] "GET /buecher/gesichter/08.jpg HTTP/1.1" 200 10437 "-" "Mozilla/5.0 (compatible; bingbot/2.0; +http://www.bing.com/bingbot.htm)"
46.229.168.140 - - [08/Apr/2020:18:14:58 +0200] "GET /robots.txt HTTP/1.1" 200 100 "-" "Mozilla/5.0 (compatible; SemrushBot/6~bl; +http://www.semrush.com/bot.html)"
46.229.168.133 - - [08/Apr/2020:18:14:59 +0200] "GET /buecher/diskussion.html HTTP/1.1" 200 9925 "-" "Mozilla/5.0 (compatible; SemrushBot/6~bl; +http://www.semrush.com/bot.html)"
40.77.167.130 - - [08/Apr/2020:18:23:37 +0200] "GET /jahrbuch/titelseiten/1990.jpg HTTP/1.1" 200 11215 "-" "Mozilla/5.0 (compatible; bingbot/2.0; +http://www.bing.com/bingbot.htm)"
144.76.162.206 - - [08/Apr/2020:18:34:36 +0200] "GET /sonderthemen/oekz2003.pdf HTTP/1.1" 200 4017017 "-" "Mozilla/5.0 (Windows NT 10.0; Win64; x64) AppleWebKit/537.36 (KHTML, like Gecko) Chrome/63.0.3239.84 Safari/537.36"
66.249.64.242 - - [08/Apr/2020:18:45:41 +0200] "GET /cds/hymnos_akathistos.html HTTP/1.1" 304 - "-" "Mozilla/5.0 (Linux; Android 6.0.1; Nexus 5X Build/MMB29P) AppleWebKit/537.36 (KHTML, like Gecko) Chrome/41.0.2272.96 Mobile Safari/537.36 (compatible; Googlebot/2.1; +http://www.google.com/bot.html)"
45.139.48.27 - - [08/Apr/2020:18:46:27 +0200] "GET / HTTP/1.0" 200 9360 "https://coleso.md/145_70_r12_anvelope/" "Mozilla/5.0 (Windows NT 10.0; Win64; x64) AppleWebKit/537.36 (KHTML, like Gecko) Chrome/66.0.3359.181 Safari/537.36"
42.236.10.90 - - [08/Apr/2020:19:01:28 +0200] "GET / HTTP/1.1" 200 9360 "http://www.morusverlag.de/" "Mozilla/5.0 (Windows NT 6.1; WOW64) AppleWebKit/537.36 (KHTML, like Gecko) Chrome/50.0.2661.102 Safari/537.36; 360Spider"
66.249.64.246 - - [08/Apr/2020:19:25:57 +0200] "GET /kontakt/ HTTP/1.1" 304 - "-" "Mozilla/5.0 (Linux; Android 6.0.1; Nexus 5X Build/MMB29P) AppleWebKit/537.36 (KHTML, like Gecko) Chrome/41.0.2272.96 Mobile Safari/537.36 (compatible; Googlebot/2.1; +http://www.google.com/bot.html)"
157.55.39.222 - - [08/Apr/2020:19:31:04 +0200] "GET /sonderthemen/sk2004.pdf HTTP/1.1" 200 1967215 "-" "Mozilla/5.0 (compatible; bingbot/2.0; +http://www.bing.com/bingbot.htm)"
77.220.215.153 - - [08/Apr/2020:19:31:21 +0200] "HEAD / HTTP/1.1" 200 - "https://kotruck-service.ru/services/ximchistka-salona/" "Mozilla/8.0 (compatible; MSIE5.00; Windows 2003)"
85.209.89.224 - - [08/Apr/2020:19:32:01 +0200] "HEAD / HTTP/1.1" 200 - "https://remont-instrumenta.su/remont-instrumenta/remont-motopompy.html" "Mozilla/4.0 (compatible; MSIE6.00; Windows 2006)"
85.209.89.241 - - [08/Apr/2020:19:33:35 +0200] "HEAD / HTTP/1.1" 200 - "https://rfserials.online/pervyj-kanal/davaj-pozhenimsya" "Mozilla/7.0 (compatible; MSIE7.00; Windows 2007)"
185.224.132.45 - - [08/Apr/2020:19:33:49 +0200] "HEAD / HTTP/1.1" 200 - "https://lifeinmsk.ru/ekonomika" "Mozilla/8.0 (compatible; MSIE7.00; Windows 2007)"
194.67.210.77 - - [08/Apr/2020:19:40:38 +0200] "HEAD / HTTP/1.1" 200 - "https://mmo-arena.ru/luchshie-onlayn-rpg" "Mozilla/6.0 (compatible; MSIE5.00; Windows 2006)"
194.67.207.9 - - [08/Apr/2020:19:40:58 +0200] "HEAD / HTTP/1.1" 200 - "https://avto-second.com.ua/index.php?route=product/category&path=70_146" "Mozilla/6.0 (compatible; MSIE7.00; Windows 2008)"
193.124.190.18 - - [08/Apr/2020:19:43:03 +0200] "HEAD / HTTP/1.1" 200 - "https://spb.findquiz.ru/quiz/quizfun-spb" "Mozilla/6.0 (compatible; MSIE6.00; Windows 2004)"
17.58.96.45 - - [08/Apr/2020:19:57:32 +0200] "GET /buecher/veroeffentlichungsliste.html HTTP/1.1" 200 129779 "-" "Mozilla/5.0 (Macintosh; Intel Mac OS X 10_10_1) AppleWebKit/600.2.5 (KHTML, like Gecko) Version/8.0.2 Safari/600.2.5 (Applebot/0.1; +http://www.apple.com/go/applebot)"
207.46.13.194 - - [08/Apr/2020:20:00:09 +0200] "GET /cds/lumina.html HTTP/1.1" 200 9000 "-" "Mozilla/5.0 (compatible; bingbot/2.0; +http://www.bing.com/bingbot.htm)"
46.118.126.244 - - [08/Apr/2020:20:02:57 +0200] "GET /buecher/ HTTP/1.1" 200 25885 "https://eldoradorent.az/" "Mozilla/4.0 (compatible; MSIE 5.0; Windows 2000) Opera 6.0 [en]"
46.118.126.244 - - [08/Apr/2020:20:02:58 +0200] "GET /buecher/ HTTP/1.1" 200 25885 "https://eldoradorent.az/" "Mozilla/4.0 (compatible; MSIE 5.0; Windows 2000) Opera 6.0 [en]"
46.118.126.244 - - [08/Apr/2020:20:02:58 +0200] "GET /buecher/ HTTP/1.1" 200 25885 "https://eldoradorent.az/" "Mozilla/4.0 (compatible; MSIE 5.0; Windows 2000) Opera 6.0 [en]"
54.36.148.4 - - [08/Apr/2020:20:05:41 +0200] "GET /robots.txt HTTP/1.1" 200 100 "-" "Mozilla/5.0 (compatible; AhrefsBot/6.1; +http://ahrefs.com/robot/)"
78.46.90.120 - - [08/Apr/2020:20:20:21 +0200] "GET /sonderthemen/az1999.pdf HTTP/1.1" 200 1842982 "-" "Mozilla/5.0 (Macintosh; Intel Mac OS X 1084) AppleWebKit/536.29.13 (KHTML like Gecko) Version/6.0.4 Safari/536.29.13"
157.55.39.222 - - [08/Apr/2020:20:29:32 +0200] "GET /jahrbuch/titelseiten/1995.jpg HTTP/1.1" 200 10632 "-" "Mozilla/5.0 (compatible; bingbot/2.0; +http://www.bing.com/bingbot.htm)"
193.124.188.83 - - [08/Apr/2020:20:38:02 +0200] "HEAD / HTTP/1.1" 200 - "https://www.alphaplatforms.com/our-equipment/truck-mounts/s-105/" "Mozilla/3.0 (compatible; MSIE2.00; Windows 2008)"
194.173.174.10 - - [08/Apr/2020:21:20:43 +0200] "HEAD / HTTP/1.1" 200 - "-" "Mozilla/5.0 (Windows NT 6.3; WOW64) AppleWebKit/537.36 (KHTML, like Gecko) Chrome/43.0.2357.134 Safari/537.36"
185.209.20.147 - - [08/Apr/2020:21:54:36 +0200] "HEAD / HTTP/1.1" 200 - "https://jetless.ru" "Mozilla/7.0 (compatible; MSIE5.00; Windows 2004)"
212.86.109.31 - - [08/Apr/2020:21:54:39 +0200] "HEAD / HTTP/1.1" 200 - "https://needmana.com/wow-gold/new-world-mmo/" "Mozilla/3.0 (compatible; MSIE4.00; Windows 2002)"
157.55.39.222 - - [08/Apr/2020:22:30:14 +0200] "GET /jahrbuch/titelseiten/1999.jpg HTTP/1.1" 200 10450 "-" "Mozilla/5.0 (compatible; bingbot/2.0; +http://www.bing.com/bingbot.htm)"
79.110.72.135 - - [08/Apr/2020:22:46:01 +0200] "GET /sonderthemen/az2000.pdf HTTP/1.1" 200 2253581 "-" "Mozilla/5.0 (Windows NT 6.1) AppleWebKit/537.36 (KHTML, like Gecko) Chrome/72.0.3626.109 Safari/537.36"
54.208.102.37 - - [08/Apr/2020:23:28:26 +0200] "GET / HTTP/1.1" 200 9360 "http://www.morusverlag.de/" "Mozilla/5.0 (compatible; DuckDuckGo-Favicons-Bot/1.0; +http://duckduckgo.com)"
54.208.102.37 - - [08/Apr/2020:23:28:27 +0200] "GET /favicon.ico HTTP/1.1" 200 4286 "http://www.morusverlag.de/favicon.ico" "Mozilla/5.0 (compatible; DuckDuckGo-Favicons-Bot/1.0; +http://duckduckgo.com)"
66.249.64.242 - - [09/Apr/2020:00:22:21 +0200] "GET /sonderthemen/oeaz2001.pdf HTTP/1.1" 304 - "-" "Mozilla/5.0 (Linux; Android 6.0.1; Nexus 5X Build/MMB29P) AppleWebKit/537.36 (KHTML, like Gecko) Chrome/41.0.2272.96 Mobile Safari/537.36 (compatible; Googlebot/2.1; +http://www.google.com/bot.html)"
107.21.1.8 - - [09/Apr/2020:01:20:17 +0200] "GET / HTTP/1.1" 200 9360 "http://www.morusverlag.de/" "Mozilla/5.0 (compatible; DuckDuckGo-Favicons-Bot/1.0; +http://duckduckgo.com)"
107.21.1.8 - - [09/Apr/2020:01:20:17 +0200] "GET /favicon.ico HTTP/1.1" 200 4286 "http://www.morusverlag.de/favicon.ico" "Mozilla/5.0 (compatible; DuckDuckGo-Favicons-Bot/1.0; +http://duckduckgo.com)"
40.77.167.7 - - [09/Apr/2020:01:20:30 +0200] "GET /jahrbuch/titelseiten/2004.jpg HTTP/1.1" 200 5386 "-" "Mozilla/5.0 (compatible; bingbot/2.0; +http://www.bing.com/bingbot.htm)"
54.36.148.178 - - [09/Apr/2020:01:36:52 +0200] "GET /impressum.html HTTP/1.1" 200 2808 "-" "Mozilla/5.0 (compatible; AhrefsBot/6.1; +http://ahrefs.com/robot/)"
157.55.39.222 - - [09/Apr/2020:02:00:15 +0200] "GET /jahrbuch/titelseiten/1995.jpg HTTP/1.1" 200 10632 "-" "Mozilla/5.0 (compatible; bingbot/2.0; +http://www.bing.com/bingbot.htm)"
46.118.127.218 - - [09/Apr/2020:02:13:57 +0200] "GET /buecher/ HTTP/1.1" 200 25885 "https://raymark.ru/" "Mozilla/4.0 (compatible; MSIE 6.0; Update a; AOL 6.0; Windows 98)"
46.118.127.218 - - [09/Apr/2020:02:13:57 +0200] "GET /buecher/ HTTP/1.1" 200 25885 "https://raymark.ru/" "Mozilla/4.0 (compatible; MSIE 6.0; Update a; AOL 6.0; Windows 98)"
46.118.127.218 - - [09/Apr/2020:02:13:58 +0200] "GET /buecher/ HTTP/1.1" 200 25885 "https://raymark.ru/" "Mozilla/4.0 (compatible; MSIE 6.0; Update a; AOL 6.0; Windows 98)"
148.251.50.77 - - [09/Apr/2020:03:15:16 +0200] "GET /cds/astazi.html HTTP/1.1" 200 8453 "-" "Mozilla/5.0 (Macintosh; Intel Mac OS X 10_12_6) AppleWebKit/604.4.7 (KHTML, like Gecko) Version/11.0.2 Safari/604.4.7"
140.203.12.8 - - [09/Apr/2020:04:30:37 +0200] "HEAD / HTTP/1.1" 200 - "-" "Java/1.6.0_23"
40.77.167.163 - - [09/Apr/2020:04:44:58 +0200] "GET /jahrbuch/titelseiten/1977.jpg HTTP/1.1" 200 12115 "-" "Mozilla/5.0 (compatible; bingbot/2.0; +http://www.bing.com/bingbot.htm)"
164.68.119.249 - - [09/Apr/2020:05:27:17 +0200] "GET /robots.txt HTTP/1.1" 200 100 "-" "Mozilla/5.0 (compatible; MJ12bot/v1.4.8; http://mj12bot.com/)"
164.68.119.249 - - [09/Apr/2020:05:27:51 +0200] "GET /buecher/ HTTP/1.1" 200 25885 "-" "Mozilla/5.0 (compatible; MJ12bot/v1.4.8; http://mj12bot.com/)"
85.209.89.224 - - [09/Apr/2020:05:46:08 +0200] "HEAD / HTTP/1.1" 200 - "https://hotkitchenspb.ru/" "Mozilla/5.0 (compatible; MSIE5.00; Windows 2002)"
85.209.89.241 - - [09/Apr/2020:05:46:09 +0200] "HEAD / HTTP/1.1" 200 - "https://domashnii-ochag.ru/uslugi/dom-internat-dlya-prestarelyh-i-invalidov.html" "Mozilla/8.0 (compatible; MSIE4.00; Windows 2008)"
85.209.89.217 - - [09/Apr/2020:05:46:09 +0200] "HEAD / HTTP/1.1" 200 - "https://disel-auto.ru/uslugi/" "Mozilla/2.0 (compatible; MSIE3.00; Windows 2007)"
85.209.89.216 - - [09/Apr/2020:05:46:09 +0200] "HEAD / HTTP/1.1" 200 - "https://skillers.tech/" "Mozilla/2.0 (compatible; MSIE3.00; Windows 2002)"
185.224.132.45 - - [09/Apr/2020:05:46:09 +0200] "HEAD / HTTP/1.1" 200 - "https://akloni.com/blog/posts/tag/8#cat" "Mozilla/6.0 (compatible; MSIE3.00; Windows 2009)"
193.124.190.18 - - [09/Apr/2020:05:46:09 +0200] "HEAD / HTTP/1.1" 200 - "https://kocos.kz/cat/cosmetics/cleansing/" "Mozilla/3.0 (compatible; MSIE2.00; Windows 2004)"
185.5.249.185 - - [09/Apr/2020:05:46:10 +0200] "HEAD / HTTP/1.1" 200 - "https://dymohod-m.ru/dymokhody/" "Mozilla/7.0 (compatible; MSIE5.00; Windows 2009)"
194.67.210.77 - - [09/Apr/2020:05:46:10 +0200] "HEAD / HTTP/1.1" 200 - "https://herbcart.ru/category/katalog-iv-roshe/" "Mozilla/7.0 (compatible; MSIE3.00; Windows 2002)"
185.125.219.13 - - [09/Apr/2020:05:46:10 +0200] "HEAD / HTTP/1.1" 200 - "https://daily-motor.ru/category/autonews/test-drajvy" "Mozilla/7.0 (compatible; MSIE3.00; Windows 2003)"
193.124.188.188 - - [09/Apr/2020:05:46:11 +0200] "HEAD / HTTP/1.1" 200 - "https://radiogo.ru/retro/" "Mozilla/4.0 (compatible; MSIE3.00; Windows 2004)"
194.67.207.9 - - [09/Apr/2020:05:46:11 +0200] "HEAD / HTTP/1.1" 200 - "https://www.gudzik.kiev.ua/pryazhki" "Mozilla/8.0 (compatible; MSIE7.00; Windows 2007)"
194.67.207.94 - - [09/Apr/2020:05:46:11 +0200] "HEAD / HTTP/1.1" 200 - "https://topnewsrussia.ru/category/zdorove" "Mozilla/7.0 (compatible; MSIE4.00; Windows 2009)"
144.76.162.206 - - [09/Apr/2020:05:50:19 +0200] "GET /sonderthemen/oekt_extra3.pdf HTTP/1.1" 200 2109745 "-" "Mozilla/5.0 (compatible; MSIE 10.0; Windows NT 6.1; Trident/4.0; InfoPath.2; SV1; .NET CLR 2.0.50727; WOW64)"
193.124.188.83 - - [09/Apr/2020:06:36:33 +0200] "HEAD / HTTP/1.1" 200 - "http://stolovato.com.ua/service" "Mozilla/7.0 (compatible; MSIE4.00; Windows 2005)"
193.124.191.92 - - [09/Apr/2020:07:27:26 +0200] "HEAD / HTTP/1.1" 200 - "https://xn--80aaeb1aqsibk.xn--p1ai" "Mozilla/3.0 (compatible; MSIE7.00; Windows 2004)"
95.216.96.242 - - [09/Apr/2020:08:15:20 +0200] "GET /robots.txt HTTP/1.1" 200 100 "-" "Mozilla/5.0 (compatible; SEOkicks; +https://www.seokicks.de/robot.html)"
95.216.96.242 - - [09/Apr/2020:08:15:22 +0200] "GET / HTTP/1.1" 200 9360 "-" "Mozilla/5.0 (compatible; SEOkicks; +https://www.seokicks.de/robot.html)"
95.216.96.242 - - [09/Apr/2020:08:15:24 +0200] "GET /buecher/index.html HTTP/1.1" 200 25885 "http://www.morusverlag.de/" "Mozilla/5.0 (compatible; SEOkicks; +https://www.seokicks.de/robot.html)"
95.216.96.242 - - [09/Apr/2020:08:15:25 +0200] "GET /cds/index.html HTTP/1.1" 200 7987 "http://www.morusverlag.de/" "Mozilla/5.0 (compatible; SEOkicks; +https://www.seokicks.de/robot.html)"
95.216.96.242 - - [09/Apr/2020:08:15:26 +0200] "GET /gotteslob/index.html HTTP/1.1" 200 2770 "http://www.morusverlag.de/" "Mozilla/5.0 (compatible; SEOkicks; +https://www.seokicks.de/robot.html)"
95.216.96.242 - - [09/Apr/2020:08:15:29 +0200] "GET /jahrbuch/index.html HTTP/1.1" 200 3956 "http://www.morusverlag.de/" "Mozilla/5.0 (compatible; SEOkicks; +https://www.seokicks.de/robot.html)"
95.216.96.242 - - [09/Apr/2020:08:15:31 +0200] "GET /sonderthemen/index.html HTTP/1.1" 200 7102 "http://www.morusverlag.de/" "Mozilla/5.0 (compatible; SEOkicks; +https://www.seokicks.de/robot.html)"
95.216.96.242 - - [09/Apr/2020:08:15:32 +0200] "GET /kontakt/index.html HTTP/1.1" 200 2896 "http://www.morusverlag.de/" "Mozilla/5.0 (compatible; SEOkicks; +https://www.seokicks.de/robot.html)"
95.216.96.242 - - [09/Apr/2020:08:15:33 +0200] "GET /impressum.html HTTP/1.1" 200 2808 "http://www.morusverlag.de/" "Mozilla/5.0 (compatible; SEOkicks; +https://www.seokicks.de/robot.html)"
17.58.96.45 - - [09/Apr/2020:09:39:15 +0200] "GET /cds/glockenspiel2.html HTTP/1.1" 200 9831 "-" "Mozilla/5.0 (Macintosh; Intel Mac OS X 10_10_1) AppleWebKit/600.2.5 (KHTML, like Gecko) Version/8.0.2 Safari/600.2.5 (Applebot/0.1; +http://www.apple.com/go/applebot)"
185.203.240.129 - - [09/Apr/2020:09:55:25 +0200] "HEAD / HTTP/1.1" 200 - "https://zaokotak.ru/category/myaso-ryba/" "Mozilla/5.0 (compatible; MSIE6.00; Windows 2007)"
85.209.89.205 - - [09/Apr/2020:09:55:26 +0200] "HEAD / HTTP/1.1" 200 - "https://priliv.com.ua" "Mozilla/2.0 (compatible; MSIE2.00; Windows 2008)"
46.118.126.244 - - [09/Apr/2020:10:01:20 +0200] "GET /buecher/ HTTP/1.1" 200 25885 "https://mskritual.ru/" "Mozilla/4.0 (compatible; MSIE 5.5; Windows 98)"
46.118.126.244 - - [09/Apr/2020:10:01:20 +0200] "GET /buecher/ HTTP/1.1" 200 25885 "https://mskritual.ru/" "Mozilla/4.0 (compatible; MSIE 5.5; Windows 98)"
46.118.126.244 - - [09/Apr/2020:10:01:20 +0200] "GET /buecher/ HTTP/1.1" 200 25885 "https://mskritual.ru/" "Mozilla/4.0 (compatible; MSIE 5.5; Windows 98)"
46.118.126.244 - - [09/Apr/2020:10:10:12 +0200] "GET /buecher/ HTTP/1.1" 200 25885 "https://publichnaya-kadastrovaja-karta.ru/" "Mozilla/4.0 (compatible; MSIE 6.0; Windows NT 5.1)"
46.118.126.244 - - [09/Apr/2020:10:10:12 +0200] "GET /buecher/ HTTP/1.1" 200 25885 "https://publichnaya-kadastrovaja-karta.ru/" "Mozilla/4.0 (compatible; MSIE 6.0; Windows NT 5.1)"
46.118.126.244 - - [09/Apr/2020:10:10:13 +0200] "GET /buecher/ HTTP/1.1" 200 25885 "https://publichnaya-kadastrovaja-karta.ru/" "Mozilla/4.0 (compatible; MSIE 6.0; Windows NT 5.1)"
78.46.90.120 - - [09/Apr/2020:10:21:16 +0200] "GET /sonderthemen/az2003.pdf HTTP/1.1" 200 4864675 "-" "Mozilla/5.0 (Windows NT 10.0; Win64; x64) AppleWebKit/537.36 (KHTML, like Gecko) Chrome/64.0.3282.167 Safari/537.36"
88.198.43.207 - - [09/Apr/2020:10:28:25 +0200] "GET /sonderthemen/sk2002.pdf HTTP/1.1" 200 2628923 "-" "Mozilla/5.0 (Macintosh; Intel Mac OS X 1084) AppleWebKit/536.29.13 (KHTML like Gecko) Version/6.0.4 Safari/536.29.13"
114.119.167.244 - - [09/Apr/2020:10:35:12 +0200] "GET /cds/hymnos_akathistos.html HTTP/1.1" 200 11061 "-" "Mozilla/5.0 (Linux; Android 7.0;) AppleWebKit/537.36 (KHTML, like Gecko) Mobile Safari/537.36 (compatible; AspiegelBot)"
114.119.161.128 - - [09/Apr/2020:10:44:54 +0200] "GET / HTTP/1.1" 200 9360 "-" "Mozilla/5.0 (Linux; Android 7.0;) AppleWebKit/537.36 (KHTML, like Gecko) Mobile Safari/537.36 (compatible; AspiegelBot)"
79.110.72.71 - - [09/Apr/2020:10:46:41 +0200] "GET /sonderthemen/az1999.pdf HTTP/1.1" 200 1842982 "-" "Mozilla/5.0 (Windows NT 6.1) AppleWebKit/537.36 (KHTML, like Gecko) Chrome/72.0.3626.109 Safari/537.36"
88.198.36.62 - - [09/Apr/2020:11:02:14 +0200] "GET /sonderthemen/az2000.pdf HTTP/1.1" 200 2253581 "-" "Mozilla/5.0 (X11; Linux x86_64) AppleWebKit/537.36 (KHTML, like Gecko) Chrome/64.0.3282.140 Safari/537.36"
88.198.36.62 - - [09/Apr/2020:11:28:42 +0200] "GET /sonderthemen/oekt_extra1.pdf HTTP/1.1" 200 1849015 "-" "Mozilla/5.0 (Windows NT 10.0; Win64; x64; rv:58.0) Gecko/20100101 Firefox/58.0"
108.59.8.70 - - [09/Apr/2020:12:47:28 +0200] "GET /robots.txt HTTP/1.1" 200 100 "-" "Mozilla/5.0 (compatible; MJ12bot/v1.4.8; http://mj12bot.com/)"
108.59.8.70 - - [09/Apr/2020:12:47:30 +0200] "GET / HTTP/1.1" 200 9360 "-" "Mozilla/5.0 (compatible; MJ12bot/v1.4.8; http://mj12bot.com/)"
157.55.39.222 - - [09/Apr/2020:13:06:00 +0200] "GET /sonderthemen/oeaz2001.pdf HTTP/1.1" 304 - "-" "Mozilla/5.0 (compatible; bingbot/2.0; +http://www.bing.com/bingbot.htm)"
77.220.215.153 - - [09/Apr/2020:14:47:17 +0200] "HEAD / HTTP/1.1" 200 - "http://lodki-pvh.com.ua" "Mozilla/4.0 (compatible; MSIE5.00; Windows 2007)"
77.75.79.36 - - [09/Apr/2020:14:49:50 +0200] "GET /robots.txt HTTP/1.1" 200 100 "-" "Mozilla/5.0 (compatible; SeznamBot/3.2; +http://napoveda.seznam.cz/en/seznambot-intro/)"
77.75.79.36 - - [09/Apr/2020:14:49:56 +0200] "GET /buecher/bestellung.php HTTP/1.1" 200 10142 "-" "Mozilla/5.0 (compatible; SeznamBot/3.2; +http://napoveda.seznam.cz/en/seznambot-intro/)"
185.209.20.147 - - [09/Apr/2020:14:53:56 +0200] "HEAD / HTTP/1.1" 200 - "https://www.ratingfirmporemontu.ru/doma/" "Mozilla/5.0 (compatible; MSIE2.00; Windows 2005)"
85.209.89.224 - - [09/Apr/2020:14:53:58 +0200] "HEAD / HTTP/1.1" 200 - "https://www.pamyatinet.ru/dlya-pamyati-mozga/rejting-sosudistyh-preparatov-dlya-uluchsheniya-krovoobrashheniya-golovnogo-mozga.html" "Mozilla/8.0 (compatible; MSIE7.00; Windows 2002)"
85.209.89.216 - - [09/Apr/2020:14:53:59 +0200] "HEAD / HTTP/1.1" 200 - "https://sportyguru.ru/velotrenazher/top-domashnih-velotrenazherov.html" "Mozilla/2.0 (compatible; MSIE3.00; Windows 2008)"
212.86.109.31 - - [09/Apr/2020:14:53:59 +0200] "HEAD / HTTP/1.1" 200 - "https://www.obzorreziny.ru/avtomobilnye-tovary/avtomobilnye-motornye-masla/sinteticheskie-motornye-masla.html" "Mozilla/4.0 (compatible; MSIE4.00; Windows 2002)"
85.209.89.217 - - [09/Apr/2020:14:54:00 +0200] "HEAD / HTTP/1.1" 200 - "https://www.obzormatrasov.ru/matrasy/konkord" "Mozilla/6.0 (compatible; MSIE5.00; Windows 2004)"
185.224.132.45 - - [09/Apr/2020:14:54:01 +0200] "HEAD / HTTP/1.1" 200 - "https://www.goodroofing.ru/products/metallicheskie-vodostoki/" "Mozilla/6.0 (compatible; MSIE4.00; Windows 2008)"
85.209.89.241 - - [09/Apr/2020:14:54:12 +0200] "HEAD / HTTP/1.1" 200 - "https://www.brainymama.ru/detskie-kolyaski/rejting-luchshih-nedorogih-kolyasok.html" "Mozilla/6.0 (compatible; MSIE5.00; Windows 2006)"
40.77.167.3 - - [09/Apr/2020:15:00:58 +0200] "GET /jahrbuch/titelseiten/1958.jpg HTTP/1.1" 200 11008 "-" "Mozilla/5.0 (compatible; bingbot/2.0; +http://www.bing.com/bingbot.htm)"
185.125.219.13 - - [09/Apr/2020:15:05:43 +0200] "HEAD / HTTP/1.1" 200 - "https://krovlin-dom.ru/catalog/elementi-besopasnosti/snegozaderzhateli/dlya-gibkoy-cherepitsy/" "Mozilla/6.0 (compatible; MSIE7.00; Windows 2004)"
194.67.207.9 - - [09/Apr/2020:15:07:08 +0200] "HEAD / HTTP/1.1" 200 - "https://besplatnye-programmy.com/shifrovanie/142-shifrovschik-dannyh-truecrypt.html" "Mozilla/4.0 (compatible; MSIE2.00; Windows 2005)"
194.67.207.94 - - [09/Apr/2020:15:07:08 +0200] "HEAD / HTTP/1.1" 200 - "https://wise.promo/articles/sprint/" "Mozilla/6.0 (compatible; MSIE4.00; Windows 2004)"
194.67.210.77 - - [09/Apr/2020:15:11:18 +0200] "HEAD / HTTP/1.1" 200 - "https://www.infobus.top/v-rossiju-iz-ukrainy/v-penzu/" "Mozilla/4.0 (compatible; MSIE4.00; Windows 2002)"
46.229.168.130 - - [09/Apr/2020:15:17:05 +0200] "GET /robots.txt HTTP/1.1" 200 100 "-" "Mozilla/5.0 (compatible; SemrushBot/6~bl; +http://www.semrush.com/bot.html)"
46.229.168.138 - - [09/Apr/2020:15:17:05 +0200] "GET /cds/astazi.html HTTP/1.1" 200 8453 "-" "Mozilla/5.0 (compatible; SemrushBot/6~bl; +http://www.semrush.com/bot.html)"
193.124.190.18 - - [09/Apr/2020:15:17:26 +0200] "HEAD / HTTP/1.1" 200 - "https://xn---78-6cde3a8a8babx9i.xn--p1ai/" "Mozilla/7.0 (compatible; MSIE7.00; Windows 2007)"
185.5.249.185 - - [09/Apr/2020:15:17:27 +0200] "HEAD / HTTP/1.1" 200 - "https://steam-helper.ru" "Mozilla/3.0 (compatible; MSIE7.00; Windows 2009)"
193.124.188.188 - - [09/Apr/2020:15:22:31 +0200] "HEAD / HTTP/1.1" 200 - "https://mywasher.ru/selection" "Mozilla/6.0 (compatible; MSIE4.00; Windows 2008)"
79.110.73.10 - - [09/Apr/2020:15:38:44 +0200] "GET /sonderthemen/az2000.pdf HTTP/1.1" 200 2253581 "-" "Mozilla/5.0 (Windows NT 6.1) AppleWebKit/537.36 (KHTML, like Gecko) Chrome/72.0.3626.109 Safari/537.36"
85.25.177.187 - - [09/Apr/2020:15:47:53 +0200] "GET /cds/hymnos_heft.jpg HTTP/1.1" 200 8653 "-" "Mozilla/5.0 (compatible; adscanner/)/1.0 (Mozilla/5.0 (compatible; seoscanners.net/1.0; +spider@seoscanners.net); http://seoscanners.net; spider@seoscanners.net)"
85.25.185.103 - - [09/Apr/2020:15:47:58 +0200] "GET /cds/hymnos.jpg HTTP/1.1" 200 27752 "-" "Mozilla/5.0 (compatible; adscanner/)/1.0 (Mozilla/5.0 (compatible; seoscanners.net/1.0; +spider@seoscanners.net); http://seoscanners.net; spider@seoscanners.net)"
40.77.167.7 - - [09/Apr/2020:16:01:46 +0200] "GET /buecher/veroeffentlichungsliste.html HTTP/1.1" 200 129779 "-" "Mozilla/5.0 (compatible; bingbot/2.0; +http://www.bing.com/bingbot.htm)"
85.25.185.103 - - [09/Apr/2020:16:11:18 +0200] "GET /gotteslob/gotteslob_alle.jpg HTTP/1.1" 200 24560 "-" "Mozilla/5.0 (compatible; adscanner/)/1.0 (Mozilla/5.0 (compatible; seoscanners.net/1.0; +spider@seoscanners.net); http://seoscanners.net; spider@seoscanners.net)"
85.25.177.219 - - [09/Apr/2020:16:13:47 +0200] "GET /jahrbuch/jahrbuch.jpg HTTP/1.1" 200 11282 "-" "Mozilla/5.0 (compatible; adscanner/)/1.0 (Mozilla/5.0 (compatible; seoscanners.net/1.0; +spider@seoscanners.net); http://seoscanners.net; spider@seoscanners.net)"
85.25.177.219 - - [09/Apr/2020:16:16:23 +0200] "GET /buecher/gesichter/13.jpg HTTP/1.1" 200 8373 "-" "Mozilla/5.0 (compatible; adscanner/)/1.0 (Mozilla/5.0 (compatible; seoscanners.net/1.0; +spider@seoscanners.net); http://seoscanners.net; spider@seoscanners.net)"
85.25.177.187 - - [09/Apr/2020:16:16:24 +0200] "GET /buecher/gesichter/04.jpg HTTP/1.1" 200 7078 "-" "Mozilla/5.0 (compatible; adscanner/)/1.0 (Mozilla/5.0 (compatible; seoscanners.net/1.0; +spider@seoscanners.net); http://seoscanners.net; spider@seoscanners.net)"
85.25.177.187 - - [09/Apr/2020:16:16:25 +0200] "GET /buecher/staatsaufgaben.jpg HTTP/1.1" 200 2204 "-" "Mozilla/5.0 (compatible; adscanner/)/1.0 (Mozilla/5.0 (compatible; seoscanners.net/1.0; +spider@seoscanners.net); http://seoscanners.net; spider@seoscanners.net)"
85.25.185.196 - - [09/Apr/2020:16:16:26 +0200] "GET /buecher/gesichter/19.jpg HTTP/1.1" 200 8281 "-" "Mozilla/5.0 (compatible; adscanner/)/1.0 (Mozilla/5.0 (compatible; seoscanners.net/1.0; +spider@seoscanners.net); http://seoscanners.net; spider@seoscanners.net)"
85.25.185.103 - - [09/Apr/2020:16:16:28 +0200] "GET /buecher/gesichter/22.jpg HTTP/1.1" 200 8837 "-" "Mozilla/5.0 (compatible; adscanner/)/1.0 (Mozilla/5.0 (compatible; seoscanners.net/1.0; +spider@seoscanners.net); http://seoscanners.net; spider@seoscanners.net)"
85.25.177.219 - - [09/Apr/2020:16:16:29 +0200] "GET /buecher/gesichter/15.jpg HTTP/1.1" 200 7253 "-" "Mozilla/5.0 (compatible; adscanner/)/1.0 (Mozilla/5.0 (compatible; seoscanners.net/1.0; +spider@seoscanners.net); http://seoscanners.net; spider@seoscanners.net)"
85.25.177.187 - - [09/Apr/2020:16:16:29 +0200] "GET /buecher/mein_atem.jpg HTTP/1.1" 200 4118 "-" "Mozilla/5.0 (compatible; adscanner/)/1.0 (Mozilla/5.0 (compatible; seoscanners.net/1.0; +spider@seoscanners.net); http://seoscanners.net; spider@seoscanners.net)"
85.25.177.187 - - [09/Apr/2020:16:16:29 +0200] "GET /buecher/gesichter/31.jpg HTTP/1.1" 200 8424 "-" "Mozilla/5.0 (compatible; adscanner/)/1.0 (Mozilla/5.0 (compatible; seoscanners.net/1.0; +spider@seoscanners.net); http://seoscanners.net; spider@seoscanners.net)"
85.25.177.219 - - [09/Apr/2020:16:16:29 +0200] "GET /buecher/gesichter/06.jpg HTTP/1.1" 200 8732 "-" "Mozilla/5.0 (compatible; adscanner/)/1.0 (Mozilla/5.0 (compatible; seoscanners.net/1.0; +spider@seoscanners.net); http://seoscanners.net; spider@seoscanners.net)"
85.25.177.187 - - [09/Apr/2020:16:16:29 +0200] "GET /buecher/gesichter/24.jpg HTTP/1.1" 200 8021 "-" "Mozilla/5.0 (compatible; adscanner/)/1.0 (Mozilla/5.0 (compatible; seoscanners.net/1.0; +spider@seoscanners.net); http://seoscanners.net; spider@seoscanners.net)"
85.25.177.219 - - [09/Apr/2020:16:16:44 +0200] "GET /buecher/gesichter/28.jpg HTTP/1.1" 200 7684 "-" "Mozilla/5.0 (compatible; adscanner/)/1.0 (Mozilla/5.0 (compatible; seoscanners.net/1.0; +spider@seoscanners.net); http://seoscanners.net; spider@seoscanners.net)"
85.25.177.219 - - [09/Apr/2020:16:17:56 +0200] "GET /buecher/gesichter/14.jpg HTTP/1.1" 200 7847 "-" "Mozilla/5.0 (compatible; adscanner/)/1.0 (Mozilla/5.0 (compatible; seoscanners.net/1.0; +spider@seoscanners.net); http://seoscanners.net; spider@seoscanners.net)"
85.25.185.196 - - [09/Apr/2020:16:18:07 +0200] "GET /buecher/gesichter/32.jpg HTTP/1.1" 200 8010 "-" "Mozilla/5.0 (compatible; adscanner/)/1.0 (Mozilla/5.0 (compatible; seoscanners.net/1.0; +spider@seoscanners.net); http://seoscanners.net; spider@seoscanners.net)"
85.25.177.187 - - [09/Apr/2020:16:18:18 +0200] "GET /buecher/gesichter/05.jpg HTTP/1.1" 200 8981 "-" "Mozilla/5.0 (compatible; adscanner/)/1.0 (Mozilla/5.0 (compatible; seoscanners.net/1.0; +spider@seoscanners.net); http://seoscanners.net; spider@seoscanners.net)"
85.25.185.196 - - [09/Apr/2020:16:18:29 +0200] "GET /buecher/gesichter/29.jpg HTTP/1.1" 200 9282 "-" "Mozilla/5.0 (compatible; adscanner/)/1.0 (Mozilla/5.0 (compatible; seoscanners.net/1.0; +spider@seoscanners.net); http://seoscanners.net; spider@seoscanners.net)"
