88.198.43.207 - - [17/Apr/2020:08:23:00 +0200] "GET /sonderthemen/oeaz2001.pdf HTTP/1.1" 200 4496626 "-" "Mozilla/5.0 (Windows NT 10.0; Win64; x64) AppleWebKit/537.36 (KHTML, like Gecko) Chrome/63.0.3239.84 Safari/537.36"
88.198.90.9 - - [17/Apr/2020:08:24:05 +0200] "GET /sonderthemen/oeaz2001.pdf HTTP/1.1" 200 4496626 "-" "Mozilla/5.0 (Macintosh; Intel Mac OS X 10_13_1) AppleWebKit/604.3.5 (KHTML, like Gecko) Version/11.0.1 Safari/604.3.5"
40.77.167.50 - - [17/Apr/2020:09:59:57 +0200] "GET /search.php HTTP/1.1" 200 2027 "-" "Mozilla/5.0 (compatible; bingbot/2.0; +http://www.bing.com/bingbot.htm)"
95.216.96.170 - - [17/Apr/2020:10:02:50 +0200] "GET /robots.txt HTTP/1.1" 200 100 "-" "Mozilla/5.0 (compatible; SEOkicks; +https://www.seokicks.de/robot.html)"
95.216.96.170 - - [17/Apr/2020:10:02:51 +0200] "GET / HTTP/1.1" 200 9360 "-" "Mozilla/5.0 (compatible; SEOkicks; +https://www.seokicks.de/robot.html)"
95.216.96.170 - - [17/Apr/2020:10:02:52 +0200] "GET /buecher/index.html HTTP/1.1" 200 25885 "http://www.morusverlag.de/" "Mozilla/5.0 (compatible; SEOkicks; +https://www.seokicks.de/robot.html)"
95.216.96.170 - - [17/Apr/2020:10:02:54 +0200] "GET /cds/index.html HTTP/1.1" 200 7987 "http://www.morusverlag.de/" "Mozilla/5.0 (compatible; SEOkicks; +https://www.seokicks.de/robot.html)"
95.216.96.170 - - [17/Apr/2020:10:02:55 +0200] "GET /gotteslob/index.html HTTP/1.1" 200 2770 "http://www.morusverlag.de/" "Mozilla/5.0 (compatible; SEOkicks; +https://www.seokicks.de/robot.html)"
95.216.96.170 - - [17/Apr/2020:10:02:56 +0200] "GET /jahrbuch/index.html HTTP/1.1" 200 3956 "http://www.morusverlag.de/" "Mozilla/5.0 (compatible; SEOkicks; +https://www.seokicks.de/robot.html)"
95.216.96.170 - - [17/Apr/2020:10:02:57 +0200] "GET /sonderthemen/index.html HTTP/1.1" 200 7102 "http://www.morusverlag.de/" "Mozilla/5.0 (compatible; SEOkicks; +https://www.seokicks.de/robot.html)"
95.216.96.170 - - [17/Apr/2020:10:02:58 +0200] "GET /kontakt/index.html HTTP/1.1" 200 2896 "http://www.morusverlag.de/" "Mozilla/5.0 (compatible; SEOkicks; +https://www.seokicks.de/robot.html)"
95.216.96.170 - - [17/Apr/2020:10:02:59 +0200] "GET /impressum.html HTTP/1.1" 200 2808 "http://www.morusverlag.de/" "Mozilla/5.0 (compatible; SEOkicks; +https://www.seokicks.de/robot.html)"
88.198.90.9 - - [17/Apr/2020:10:25:08 +0200] "GET /buecher/rezensionen_psalmen.html HTTP/1.1" 200 6787 "-" "Mozilla/5.0 (Macintosh; Intel Mac OS X 10.12; rv:57.0) Gecko/20100101 Firefox/57.0"
88.198.90.9 - - [17/Apr/2020:10:26:08 +0200] "GET /buecher/rezension_gesichter_u_geschichten.pdf HTTP/1.1" 200 223287 "-" "Mozilla/5.0 (compatible; MSIE 10.0; Windows NT 6.1; Trident/6.0)"
88.198.90.9 - - [17/Apr/2020:10:26:09 +0200] "GET /sonderthemen/az2003_s01.pdf HTTP/1.1" 200 120642 "-" "Mozilla/5.0 (Macintosh; Intel Mac OS X 10_5_8) AppleWebKit/534.50.2 (KHTML, like Gecko) Version/5.0.6 Safari/533.22.3"
88.198.90.9 - - [17/Apr/2020:10:26:07 +0200] "GET /sonderthemen/az2003.pdf HTTP/1.1" 200 4864675 "-" "Mozilla/5.0 (Macintosh; Intel Mac OS X 10_13_2) AppleWebKit/604.4.7 (KHTML, like Gecko) Version/11.0.2 Safari/604.4.7"
144.76.102.243 - - [17/Apr/2020:10:26:22 +0200] "GET /sonderthemen/az2003_s01.pdf HTTP/1.1" 200 120642 "-" "Mozilla/5.0 (Macintosh; Intel Mac OS X 10_8) AppleWebKit/536.25 (KHTML, like Gecko) Version/6.0 Safari/536.25"
144.76.102.243 - - [17/Apr/2020:10:26:22 +0200] "GET /buecher/rezension_gesichter_u_geschichten.pdf HTTP/1.1" 200 223287 "-" "Mozilla/5.0 (Windows NT 6.1; WOW64) AppleWebKit/537.36 (KHTML, like Gecko) Chrome/43.0.2357.134 Safari/537.36"
144.76.102.243 - - [17/Apr/2020:10:26:28 +0200] "GET /buecher/rezensionen_psalmen.html HTTP/1.1" 200 6787 "-" "Mozilla/5.0 (Windows NT 10.0; Win64; x64) AppleWebKit/537.36 (KHTML, like Gecko) Chrome/58.0.3029.110 Safari/537.36 Edge/16.16299"
144.76.102.243 - - [17/Apr/2020:10:26:28 +0200] "GET /sonderthemen/az2003.pdf HTTP/1.1" 200 4864675 "-" "Mozilla/5.0 (Macintosh; Intel Mac OS X 1084) AppleWebKit/536.29.13 (KHTML like Gecko) Version/6.0.4 Safari/536.29.13"
54.36.149.50 - - [17/Apr/2020:11:13:40 +0200] "GET /robots.txt HTTP/1.1" 200 100 "-" "Mozilla/5.0 (compatible; AhrefsBot/6.1; +http://ahrefs.com/robot/)"
157.55.39.31 - - [17/Apr/2020:11:15:01 +0200] "GET /robots.txt HTTP/1.1" 200 100 "-" "Mozilla/5.0 (compatible; bingbot/2.0; +http://www.bing.com/bingbot.htm)"
40.77.167.115 - - [17/Apr/2020:11:15:07 +0200] "GET /kontakt/index.html HTTP/1.1" 200 2896 "-" "Mozilla/5.0 (compatible; bingbot/2.0; +http://www.bing.com/bingbot.htm)"
31.148.131.120 - - [17/Apr/2020:11:28:52 +0200] "GET /sonderthemen/az2000.pdf HTTP/1.1" 200 2253581 "-" "Mozilla/5.0 (Windows NT 6.1) AppleWebKit/537.36 (KHTML, like Gecko) Chrome/72.0.3626.109 Safari/537.36"
141.20.228.197 - - [17/Apr/2020:12:02:31 +0200] "GET /buecher/rezensionen_le_saulchoir.html HTTP/1.1" 200 34009 "https://www.google.de/" "Mozilla/5.0 (Macintosh; Intel Mac OS X 10_11_6) AppleWebKit/605.1.15 (KHTML, like Gecko) Version/11.1.2 Safari/605.1.15"
141.20.228.197 - - [17/Apr/2020:12:02:32 +0200] "GET /buecher/le_saulchoir.jpg HTTP/1.1" 200 2734 "http://www.morusverlag.de/buecher/rezensionen_le_saulchoir.html" "Mozilla/5.0 (Macintosh; Intel Mac OS X 10_11_6) AppleWebKit/605.1.15 (KHTML, like Gecko) Version/11.1.2 Safari/605.1.15"
141.20.228.197 - - [17/Apr/2020:12:02:32 +0200] "GET /logo_g.gif HTTP/1.1" 200 1301 "http://www.morusverlag.de/buecher/rezensionen_le_saulchoir.html" "Mozilla/5.0 (Macintosh; Intel Mac OS X 10_11_6) AppleWebKit/605.1.15 (KHTML, like Gecko) Version/11.1.2 Safari/605.1.15"
141.20.228.197 - - [17/Apr/2020:12:02:32 +0200] "GET /main.css HTTP/1.1" 200 1439 "http://www.morusverlag.de/buecher/rezensionen_le_saulchoir.html" "Mozilla/5.0 (Macintosh; Intel Mac OS X 10_11_6) AppleWebKit/605.1.15 (KHTML, like Gecko) Version/11.1.2 Safari/605.1.15"
141.20.228.197 - - [17/Apr/2020:12:02:32 +0200] "GET /pf.gif HTTP/1.1" 200 62 "http://www.morusverlag.de/buecher/rezensionen_le_saulchoir.html" "Mozilla/5.0 (Macintosh; Intel Mac OS X 10_11_6) AppleWebKit/605.1.15 (KHTML, like Gecko) Version/11.1.2 Safari/605.1.15"
141.20.228.197 - - [17/Apr/2020:12:02:32 +0200] "GET /mv_g.gif HTTP/1.1" 200 4070 "http://www.morusverlag.de/buecher/rezensionen_le_saulchoir.html" "Mozilla/5.0 (Macintosh; Intel Mac OS X 10_11_6) AppleWebKit/605.1.15 (KHTML, like Gecko) Version/11.1.2 Safari/605.1.15"
141.20.228.197 - - [17/Apr/2020:12:02:32 +0200] "GET /m.gif HTTP/1.1" 200 95 "http://www.morusverlag.de/buecher/rezensionen_le_saulchoir.html" "Mozilla/5.0 (Macintosh; Intel Mac OS X 10_11_6) AppleWebKit/605.1.15 (KHTML, like Gecko) Version/11.1.2 Safari/605.1.15"
141.20.228.197 - - [17/Apr/2020:12:02:32 +0200] "GET /strich.gif HTTP/1.1" 200 45 "http://www.morusverlag.de/buecher/rezensionen_le_saulchoir.html" "Mozilla/5.0 (Macintosh; Intel Mac OS X 10_11_6) AppleWebKit/605.1.15 (KHTML, like Gecko) Version/11.1.2 Safari/605.1.15"
141.20.228.197 - - [17/Apr/2020:12:02:32 +0200] "GET /favicon.ico HTTP/1.1" 200 4286 "http://www.morusverlag.de/buecher/rezensionen_le_saulchoir.html" "Mozilla/5.0 (Macintosh; Intel Mac OS X 10_11_6) AppleWebKit/605.1.15 (KHTML, like Gecko) Version/11.1.2 Safari/605.1.15"
37.115.207.60 - - [17/Apr/2020:12:02:37 +0200] "GET /buecher/ HTTP/1.1" 200 25885 "https://erotag.com/" "Mozilla/4.0 (compatible; MSIE 6.0; Windows XP)"
37.115.207.60 - - [17/Apr/2020:12:02:37 +0200] "GET /buecher/ HTTP/1.1" 200 25885 "https://erotag.com/" "Mozilla/4.0 (compatible; MSIE 6.0; Windows XP)"
37.115.207.60 - - [17/Apr/2020:12:02:38 +0200] "GET /buecher/ HTTP/1.1" 200 25885 "https://erotag.com/" "Mozilla/4.0 (compatible; MSIE 6.0; Windows XP)"
144.76.162.206 - - [17/Apr/2020:12:44:15 +0200] "GET /sonderthemen/oeaz2002.pdf HTTP/1.1" 200 3161455 "-" "Mozilla/5.0 (X11; Linux x86_64) AppleWebKit/537.36 (KHTML, like Gecko) Chrome/64.0.3282.140 Safari/537.36"
78.46.94.83 - - [17/Apr/2020:12:58:13 +0200] "GET /sonderthemen/sk2001.pdf HTTP/1.1" 200 3098589 "-" "Mozilla/5.0 (Macintosh; Intel Mac OS X 10_13_3) AppleWebKit/537.36 (KHTML, like Gecko) Chrome/63.0.3239.132 Safari/537.36"
85.209.89.241 - - [17/Apr/2020:13:03:39 +0200] "HEAD / HTTP/1.1" 200 - "https://www.perevod24.com/notarialnyj-perevod" "Mozilla/7.0 (compatible; MSIE6.00; Windows 2004)"
85.209.89.216 - - [17/Apr/2020:13:03:39 +0200] "HEAD / HTTP/1.1" 200 - "https://kupime.kz/rabota/torgovlya-prodazhi/" "Mozilla/5.0 (compatible; MSIE4.00; Windows 2002)"
157.55.39.241 - - [17/Apr/2020:13:28:24 +0200] "GET /cds/hymnos.jpg HTTP/1.1" 200 27752 "-" "Mozilla/5.0 (compatible; bingbot/2.0; +http://www.bing.com/bingbot.htm)"
46.229.168.151 - - [17/Apr/2020:13:28:38 +0200] "GET /robots.txt HTTP/1.1" 200 100 "-" "Mozilla/5.0 (compatible; SemrushBot/6~bl; +http://www.semrush.com/bot.html)"
46.229.168.138 - - [17/Apr/2020:13:28:38 +0200] "GET /buecher/rezensionen_ungeteilt.html HTTP/1.1" 200 9764 "-" "Mozilla/5.0 (compatible; SemrushBot/6~bl; +http://www.semrush.com/bot.html)"
46.229.168.152 - - [17/Apr/2020:13:28:41 +0200] "GET /sitemap.xml HTTP/1.1" 404 2381 "-" "Mozilla/5.0 (compatible; SemrushBot/6~bl; +http://www.semrush.com/bot.html)"
46.118.122.69 - - [17/Apr/2020:14:49:46 +0200] "GET /buecher/ HTTP/1.1" 200 25885 "https://vulkan-platinym24.ru/" "Mozilla/4.0 (compatible; MSIE 5.0; Windows 3.1)"
46.118.122.69 - - [17/Apr/2020:14:49:46 +0200] "GET /buecher/ HTTP/1.1" 200 25885 "https://vulkan-platinym24.ru/" "Mozilla/4.0 (compatible; MSIE 5.0; Windows 3.1)"
46.118.122.69 - - [17/Apr/2020:14:49:47 +0200] "GET /buecher/ HTTP/1.1" 200 25885 "https://vulkan-platinym24.ru/" "Mozilla/4.0 (compatible; MSIE 5.0; Windows 3.1)"
46.118.122.69 - - [17/Apr/2020:15:02:06 +0200] "GET /buecher/ HTTP/1.1" 200 25885 "http://xn----7sbafcvrd1a5e1e.xn--80adxhks/" "Opera/9.0 (Windows NT 5.1; U; en)"
46.118.122.69 - - [17/Apr/2020:15:02:07 +0200] "GET /buecher/ HTTP/1.1" 200 25885 "http://xn----7sbafcvrd1a5e1e.xn--80adxhks/" "Opera/9.0 (Windows NT 5.1; U; en)"
46.118.122.69 - - [17/Apr/2020:15:02:07 +0200] "GET /buecher/ HTTP/1.1" 200 25885 "http://xn----7sbafcvrd1a5e1e.xn--80adxhks/" "Opera/9.0 (Windows NT 5.1; U; en)"
46.229.168.151 - - [17/Apr/2020:15:20:29 +0200] "GET /robots.txt HTTP/1.1" 200 100 "-" "Mozilla/5.0 (compatible; SemrushBot/6~bl; +http://www.semrush.com/bot.html)"
46.229.168.133 - - [17/Apr/2020:15:20:29 +0200] "GET /buecher/rezensionen_leiblichkeit_und_zeitlichkeit.html HTTP/1.1" 200 8821 "-" "Mozilla/5.0 (compatible; SemrushBot/6~bl; +http://www.semrush.com/bot.html)"
157.55.39.31 - - [17/Apr/2020:15:24:28 +0200] "GET /robots.txt HTTP/1.1" 200 100 "-" "Mozilla/5.0 (compatible; bingbot/2.0; +http://www.bing.com/bingbot.htm)"
40.77.167.115 - - [17/Apr/2020:15:24:57 +0200] "GET /jahrbuch/titelseiten/1962.jpg HTTP/1.1" 200 9405 "-" "Mozilla/5.0 (compatible; bingbot/2.0; +http://www.bing.com/bingbot.htm)"
40.77.167.50 - - [17/Apr/2020:15:38:35 +0200] "GET / HTTP/1.1" 200 9360 "-" "Mozilla/5.0 (compatible; bingbot/2.0; +http://www.bing.com/bingbot.htm)"
40.77.167.178 - - [17/Apr/2020:15:38:39 +0200] "GET /robots.txt HTTP/1.1" 200 100 "-" "msnbot/2.0b (+http://search.msn.com/msnbot.htm)"
157.55.39.241 - - [17/Apr/2020:15:38:49 +0200] "GET /main.css HTTP/1.1" 200 1439 "-" "msnbot/2.0b (+http://search.msn.com/msnbot.htm)"
40.77.167.178 - - [17/Apr/2020:15:38:53 +0200] "GET /jahrbuch_k.jpg HTTP/1.1" 200 3719 "-" "msnbot/2.0b (+http://search.msn.com/msnbot.htm)"
40.77.167.178 - - [17/Apr/2020:15:38:53 +0200] "GET /mv_g.gif HTTP/1.1" 200 4070 "-" "msnbot/2.0b (+http://search.msn.com/msnbot.htm)"
40.77.167.178 - - [17/Apr/2020:15:38:53 +0200] "GET /mv_gr_w.gif HTTP/1.1" 200 2005 "-" "msnbot/2.0b (+http://search.msn.com/msnbot.htm)"
40.77.167.178 - - [17/Apr/2020:15:38:53 +0200] "GET /strich.gif HTTP/1.1" 200 45 "-" "msnbot/2.0b (+http://search.msn.com/msnbot.htm)"
37.115.207.60 - - [17/Apr/2020:16:02:14 +0200] "GET /buecher/ HTTP/1.1" 200 25885 "https://volcable.ru/" "Mozilla/4.0 (compatible; MSIE 6.0; Windows XP)"
37.115.207.60 - - [17/Apr/2020:16:02:14 +0200] "GET /buecher/ HTTP/1.1" 200 25885 "https://volcable.ru/" "Mozilla/4.0 (compatible; MSIE 6.0; Windows XP)"
37.115.207.60 - - [17/Apr/2020:16:02:14 +0200] "GET /buecher/ HTTP/1.1" 200 25885 "https://volcable.ru/" "Mozilla/4.0 (compatible; MSIE 6.0; Windows XP)"
162.210.196.129 - - [17/Apr/2020:16:08:47 +0200] "GET /robots.txt HTTP/1.1" 200 100 "-" "Mozilla/5.0 (compatible; MJ12bot/v1.4.8; http://mj12bot.com/)"
162.210.196.129 - - [17/Apr/2020:16:08:51 +0200] "GET / HTTP/1.1" 200 9360 "-" "Mozilla/5.0 (compatible; MJ12bot/v1.4.8; http://mj12bot.com/)"
85.25.185.103 - - [17/Apr/2020:16:27:37 +0200] "GET /robots.txt HTTP/1.1" 200 100 "-" "Mozilla/5.0 (compatible; adscanner/)/1.0 (http://seocompany.store; spider@seocompany.store)"
85.25.185.103 - - [17/Apr/2020:16:27:37 +0200] "GET /buecher/rezensionen_chateaubriand.html HTTP/1.1" 200 47317 "-" "Mozilla/5.0 (compatible; adscanner/)/1.0 (http://seocompany.store; spider@seocompany.store)"
85.25.185.103 - - [17/Apr/2020:16:31:44 +0200] "GET /cds/hymnos_akathistos.html HTTP/1.1" 200 11061 "-" "Mozilla/5.0 (compatible; adscanner/)/1.0 (http://seocompany.store; spider@seocompany.store)"
85.25.185.103 - - [17/Apr/2020:16:35:37 +0200] "GET /sonderthemen/index.html HTTP/1.1" 200 7102 "-" "Mozilla/5.0 (compatible; adscanner/)/1.0 (http://seocompany.store; spider@seocompany.store)"
85.25.185.103 - - [17/Apr/2020:16:39:35 +0200] "GET /buecher/veroeffentlichungsliste.html HTTP/1.1" 200 129779 "-" "Mozilla/5.0 (compatible; adscanner/)/1.0 (http://seocompany.store; spider@seocompany.store)"
157.55.39.31 - - [17/Apr/2020:16:40:20 +0200] "GET /robots.txt HTTP/1.1" 200 100 "-" "Mozilla/5.0 (compatible; bingbot/2.0; +http://www.bing.com/bingbot.htm)"
40.77.167.115 - - [17/Apr/2020:16:40:23 +0200] "GET /gotteslob.jpg HTTP/1.1" 200 9390 "-" "msnbot/2.0b (+http://search.msn.com/msnbot.htm)"
40.77.167.115 - - [17/Apr/2020:16:40:23 +0200] "GET /logo_g.gif HTTP/1.1" 200 1301 "-" "msnbot/2.0b (+http://search.msn.com/msnbot.htm)"
178.137.16.132 - - [17/Apr/2020:16:41:30 +0200] "GET /buecher/ HTTP/1.1" 200 25885 "https://olimp-sp.ru/" "Mozilla/4.0 (compatible; MSIE 6.0; America Online Browser 1.1; rev1.2; Windows NT 5.1; SV1; .NET CLR 1.1.4322)"
178.137.16.132 - - [17/Apr/2020:16:41:30 +0200] "GET /buecher/ HTTP/1.1" 200 25885 "https://olimp-sp.ru/" "Mozilla/4.0 (compatible; MSIE 6.0; America Online Browser 1.1; rev1.2; Windows NT 5.1; SV1; .NET CLR 1.1.4322)"
178.137.16.132 - - [17/Apr/2020:16:41:30 +0200] "GET /buecher/ HTTP/1.1" 200 25885 "https://olimp-sp.ru/" "Mozilla/4.0 (compatible; MSIE 6.0; America Online Browser 1.1; rev1.2; Windows NT 5.1; SV1; .NET CLR 1.1.4322)"
85.25.185.103 - - [17/Apr/2020:16:43:38 +0200] "GET /cds/index.html HTTP/1.1" 200 7987 "-" "Mozilla/5.0 (compatible; adscanner/)/1.0 (http://seocompany.store; spider@seocompany.store)"
85.25.185.103 - - [17/Apr/2020:16:47:43 +0200] "GET /cds/rosarium.html HTTP/1.1" 200 6680 "-" "Mozilla/5.0 (compatible; adscanner/)/1.0 (http://seocompany.store; spider@seocompany.store)"
85.25.185.103 - - [17/Apr/2020:16:51:41 +0200] "GET /cds/ignatius.html HTTP/1.1" 200 6576 "-" "Mozilla/5.0 (compatible; adscanner/)/1.0 (http://seocompany.store; spider@seocompany.store)"
42.236.54.22 - - [17/Apr/2020:16:53:51 +0200] "GET / HTTP/1.1" 200 9360 "http://www.morusverlag.de/" "Mozilla/5.0 (Windows NT 6.1; WOW64) AppleWebKit/537.36 (KHTML, like Gecko) Chrome/50.4.2661.102 Safari/537.36; 360Spider"
85.25.185.103 - - [17/Apr/2020:16:55:40 +0200] "GET /buecher/index.html HTTP/1.1" 200 25885 "-" "Mozilla/5.0 (compatible; adscanner/)/1.0 (http://seocompany.store; spider@seocompany.store)"
85.25.185.103 - - [17/Apr/2020:16:59:25 +0200] "GET /gotteslob/index.html HTTP/1.1" 200 2770 "-" "Mozilla/5.0 (compatible; adscanner/)/1.0 (http://seocompany.store; spider@seocompany.store)"
157.55.39.241 - - [17/Apr/2020:17:02:00 +0200] "GET /impressum.html HTTP/1.1" 200 2808 "-" "Mozilla/5.0 (compatible; bingbot/2.0; +http://www.bing.com/bingbot.htm)"
85.25.185.103 - - [17/Apr/2020:17:03:25 +0200] "GET /jahrbuch/index.html HTTP/1.1" 200 3956 "-" "Mozilla/5.0 (compatible; adscanner/)/1.0 (http://seocompany.store; spider@seocompany.store)"
85.25.185.103 - - [17/Apr/2020:17:07:21 +0200] "GET /impressum.html HTTP/1.1" 200 2808 "-" "Mozilla/5.0 (compatible; adscanner/)/1.0 (http://seocompany.store; spider@seocompany.store)"
207.46.13.16 - - [17/Apr/2020:17:09:19 +0200] "GET /cds/hymnos_akathistos.html HTTP/1.1" 200 11061 "-" "Mozilla/5.0 (compatible; bingbot/2.0; +http://www.bing.com/bingbot.htm)"
85.25.185.103 - - [17/Apr/2020:17:10:54 +0200] "GET /kontakt/index.html HTTP/1.1" 200 2896 "-" "Mozilla/5.0 (compatible; adscanner/)/1.0 (http://seocompany.store; spider@seocompany.store)"
40.77.167.115 - - [17/Apr/2020:17:11:10 +0200] "GET /jahrbuch/titelseiten/1962.jpg HTTP/1.1" 200 9405 "-" "Mozilla/5.0 (compatible; bingbot/2.0; +http://www.bing.com/bingbot.htm)"
157.55.39.241 - - [17/Apr/2020:17:20:37 +0200] "GET /buecher/rezensionen_chateaubriand.html HTTP/1.1" 200 47317 "-" "Mozilla/5.0 (compatible; bingbot/2.0; +http://www.bing.com/bingbot.htm)"
79.110.72.207 - - [17/Apr/2020:17:41:07 +0200] "GET /sonderthemen/az2000.pdf HTTP/1.1" 200 2253581 "-" "Mozilla/5.0 (Windows NT 6.1) AppleWebKit/537.36 (KHTML, like Gecko) Chrome/72.0.3626.109 Safari/537.36"
207.46.13.16 - - [17/Apr/2020:18:05:04 +0200] "GET /search.php HTTP/1.1" 200 2027 "-" "Mozilla/5.0 (compatible; bingbot/2.0; +http://www.bing.com/bingbot.htm)"
40.77.167.115 - - [17/Apr/2020:18:40:16 +0200] "GET /kontakt/index.html HTTP/1.1" 200 2896 "-" "Mozilla/5.0 (compatible; bingbot/2.0; +http://www.bing.com/bingbot.htm)"
46.229.168.152 - - [17/Apr/2020:18:44:05 +0200] "GET /robots.txt HTTP/1.1" 200 100 "-" "Mozilla/5.0 (compatible; SemrushBot/6~bl; +http://www.semrush.com/bot.html)"
46.229.168.137 - - [17/Apr/2020:18:44:05 +0200] "GET /buecher/rezensionen.html HTTP/1.1" 200 6964 "-" "Mozilla/5.0 (compatible; SemrushBot/6~bl; +http://www.semrush.com/bot.html)"
157.55.39.241 - - [17/Apr/2020:19:03:00 +0200] "GET /cds/hymnos.jpg HTTP/1.1" 200 27752 "-" "Mozilla/5.0 (compatible; bingbot/2.0; +http://www.bing.com/bingbot.htm)"
40.77.167.169 - - [17/Apr/2020:19:20:56 +0200] "GET /buecher/bestellung.php HTTP/1.1" 200 10142 "-" "Mozilla/5.0 (compatible; bingbot/2.0; +http://www.bing.com/bingbot.htm)"
157.55.39.31 - - [17/Apr/2020:19:52:55 +0200] "GET /robots.txt HTTP/1.1" 200 100 "-" "Mozilla/5.0 (compatible; bingbot/2.0; +http://www.bing.com/bingbot.htm)"
40.77.167.169 - - [17/Apr/2020:19:52:59 +0200] "GET /gotteslob/index.html HTTP/1.1" 200 2770 "-" "Mozilla/5.0 (compatible; bingbot/2.0; +http://www.bing.com/bingbot.htm)"
85.209.89.205 - - [17/Apr/2020:20:48:39 +0200] "HEAD / HTTP/1.1" 200 - "https://xn---78-6cde3a8a8babx9i.xn--p1ai/" "Mozilla/5.0 (compatible; MSIE7.00; Windows 2006)"
85.209.89.217 - - [17/Apr/2020:20:48:39 +0200] "HEAD / HTTP/1.1" 200 - "https://detkamkolyaski.ru/detskie-aksessuary-dlya-krovatok_15/" "Mozilla/6.0 (compatible; MSIE5.00; Windows 2003)"
185.224.132.45 - - [17/Apr/2020:20:48:40 +0200] "HEAD / HTTP/1.1" 200 - "https://lk-tricolor.ru/" "Mozilla/4.0 (compatible; MSIE6.00; Windows 2006)"
193.124.188.83 - - [17/Apr/2020:21:00:15 +0200] "HEAD / HTTP/1.1" 200 - "https://applepharma.su/products/zoldria-4mg" "Mozilla/7.0 (compatible; MSIE4.00; Windows 2008)"
185.125.219.13 - - [17/Apr/2020:21:00:21 +0200] "HEAD / HTTP/1.1" 200 - "https://themagican.pro/tovary/" "Mozilla/3.0 (compatible; MSIE6.00; Windows 2005)"
194.67.210.77 - - [17/Apr/2020:21:01:09 +0200] "HEAD / HTTP/1.1" 200 - "http://pelican-motors.ru" "Mozilla/8.0 (compatible; MSIE7.00; Windows 2005)"
194.67.207.9 - - [17/Apr/2020:21:01:30 +0200] "HEAD / HTTP/1.1" 200 - "https://sensmarket.com.ua/napitki/kofe/" "Mozilla/6.0 (compatible; MSIE3.00; Windows 2002)"
194.67.207.94 - - [17/Apr/2020:21:01:31 +0200] "HEAD / HTTP/1.1" 200 - "https://xn--80aaedbehtd0dfafhnt.xn--p1ai" "Mozilla/4.0 (compatible; MSIE3.00; Windows 2004)"
185.5.249.185 - - [17/Apr/2020:21:02:18 +0200] "HEAD / HTTP/1.1" 200 - "https://turbovector.by" "Mozilla/3.0 (compatible; MSIE5.00; Windows 2004)"
54.36.149.106 - - [17/Apr/2020:21:11:15 +0200] "GET /aktuell.html HTTP/1.1" 404 2381 "-" "Mozilla/5.0 (compatible; AhrefsBot/6.1; +http://ahrefs.com/robot/)"
193.124.190.18 - - [17/Apr/2020:21:14:24 +0200] "HEAD / HTTP/1.1" 200 - "https://beautysalon.academy/blog/molchalivoe-nedovolstvo.html" "Mozilla/5.0 (compatible; MSIE6.00; Windows 2002)"
193.124.191.92 - - [17/Apr/2020:21:14:25 +0200] "HEAD / HTTP/1.1" 200 - "https://xn----ctbjaeie4crd3j.xn--p1ai/category/rozy-ekvador-keniya-gollandiya-rossiya-v-permi/" "Mozilla/7.0 (compatible; MSIE7.00; Windows 2003)"
193.124.188.188 - - [17/Apr/2020:21:14:25 +0200] "HEAD / HTTP/1.1" 200 - "https://raketta.ru/autobus-gubkin-moskva.php" "Mozilla/8.0 (compatible; MSIE4.00; Windows 2003)"
80.139.24.81 - - [17/Apr/2020:22:07:16 +0200] "GET / HTTP/1.1" 200 9360 "-" "Mozilla/5.0 (iPhone; CPU iPhone OS 13_3_1 like Mac OS X) AppleWebKit/605.1.15 (KHTML, like Gecko) Version/13.0.5 Mobile/15E148 Safari/604.1"
80.139.24.81 - - [17/Apr/2020:22:07:16 +0200] "GET /main.css HTTP/1.1" 200 1439 "http://www.morusverlag.de/" "Mozilla/5.0 (iPhone; CPU iPhone OS 13_3_1 like Mac OS X) AppleWebKit/605.1.15 (KHTML, like Gecko) Version/13.0.5 Mobile/15E148 Safari/604.1"
80.139.24.81 - - [17/Apr/2020:22:07:16 +0200] "GET /mv_g.gif HTTP/1.1" 200 4070 "http://www.morusverlag.de/" "Mozilla/5.0 (iPhone; CPU iPhone OS 13_3_1 like Mac OS X) AppleWebKit/605.1.15 (KHTML, like Gecko) Version/13.0.5 Mobile/15E148 Safari/604.1"
80.139.24.81 - - [17/Apr/2020:22:07:16 +0200] "GET /logo_g.gif HTTP/1.1" 200 1301 "http://www.morusverlag.de/" "Mozilla/5.0 (iPhone; CPU iPhone OS 13_3_1 like Mac OS X) AppleWebKit/605.1.15 (KHTML, like Gecko) Version/13.0.5 Mobile/15E148 Safari/604.1"
80.139.24.81 - - [17/Apr/2020:22:07:16 +0200] "GET /mv_gr_w.gif HTTP/1.1" 200 2005 "http://www.morusverlag.de/" "Mozilla/5.0 (iPhone; CPU iPhone OS 13_3_1 like Mac OS X) AppleWebKit/605.1.15 (KHTML, like Gecko) Version/13.0.5 Mobile/15E148 Safari/604.1"
80.139.24.81 - - [17/Apr/2020:22:07:16 +0200] "GET /jahrbuch_k.jpg HTTP/1.1" 200 3719 "http://www.morusverlag.de/" "Mozilla/5.0 (iPhone; CPU iPhone OS 13_3_1 like Mac OS X) AppleWebKit/605.1.15 (KHTML, like Gecko) Version/13.0.5 Mobile/15E148 Safari/604.1"
80.139.24.81 - - [17/Apr/2020:22:07:16 +0200] "GET /pf.gif HTTP/1.1" 200 62 "http://www.morusverlag.de/" "Mozilla/5.0 (iPhone; CPU iPhone OS 13_3_1 like Mac OS X) AppleWebKit/605.1.15 (KHTML, like Gecko) Version/13.0.5 Mobile/15E148 Safari/604.1"
80.139.24.81 - - [17/Apr/2020:22:07:16 +0200] "GET /buecher/gesichter.jpg HTTP/1.1" 200 7271 "http://www.morusverlag.de/" "Mozilla/5.0 (iPhone; CPU iPhone OS 13_3_1 like Mac OS X) AppleWebKit/605.1.15 (KHTML, like Gecko) Version/13.0.5 Mobile/15E148 Safari/604.1"
80.139.24.81 - - [17/Apr/2020:22:07:17 +0200] "GET /cds/rosarium_k.jpg HTTP/1.1" 200 3972 "http://www.morusverlag.de/" "Mozilla/5.0 (iPhone; CPU iPhone OS 13_3_1 like Mac OS X) AppleWebKit/605.1.15 (KHTML, like Gecko) Version/13.0.5 Mobile/15E148 Safari/604.1"
80.139.24.81 - - [17/Apr/2020:22:07:17 +0200] "GET /strich.gif HTTP/1.1" 200 45 "http://www.morusverlag.de/" "Mozilla/5.0 (iPhone; CPU iPhone OS 13_3_1 like Mac OS X) AppleWebKit/605.1.15 (KHTML, like Gecko) Version/13.0.5 Mobile/15E148 Safari/604.1"
77.75.77.36 - - [17/Apr/2020:22:23:28 +0200] "GET /robots.txt HTTP/1.1" 200 100 "-" "Mozilla/5.0 (compatible; SeznamBot/3.2; +http://napoveda.seznam.cz/en/seznambot-intro/)"
77.75.77.36 - - [17/Apr/2020:22:23:28 +0200] "GET /cds/hymnos_akathistos.html HTTP/1.1" 304 - "-" "Mozilla/5.0 (compatible; SeznamBot/3.2; +http://napoveda.seznam.cz/en/seznambot-intro/)"
17.58.102.76 - - [17/Apr/2020:22:23:32 +0200] "GET /robots.txt HTTP/1.1" 200 100 "-" "Mozilla/5.0 (Macintosh; Intel Mac OS X 10_10_1) AppleWebKit/600.2.5 (KHTML, like Gecko) Version/8.0.2 Safari/600.2.5 (Applebot/0.1; +http://www.apple.com/go/applebot)"
17.58.96.45 - - [17/Apr/2020:22:23:32 +0200] "GET /buecher/rezensionen_chateaubriand.html HTTP/1.1" 200 47317 "-" "Mozilla/5.0 (Macintosh; Intel Mac OS X 10_10_1) AppleWebKit/600.2.5 (KHTML, like Gecko) Version/8.0.2 Safari/600.2.5 (Applebot/0.1; +http://www.apple.com/go/applebot)"
17.58.96.45 - - [17/Apr/2020:22:40:48 +0200] "GET /cds/hymnos_akathistos.html HTTP/1.1" 200 11061 "-" "Mozilla/5.0 (Macintosh; Intel Mac OS X 10_10_1) AppleWebKit/600.2.5 (KHTML, like Gecko) Version/8.0.2 Safari/600.2.5 (Applebot/0.1; +http://www.apple.com/go/applebot)"
157.55.39.31 - - [17/Apr/2020:22:42:07 +0200] "GET /robots.txt HTTP/1.1" 200 100 "-" "Mozilla/5.0 (compatible; bingbot/2.0; +http://www.bing.com/bingbot.htm)"
40.77.167.115 - - [17/Apr/2020:22:42:12 +0200] "GET /cds/glockenspiel2.html HTTP/1.1" 200 9831 "-" "Mozilla/5.0 (compatible; bingbot/2.0; +http://www.bing.com/bingbot.htm)"
144.76.102.243 - - [18/Apr/2020:00:09:56 +0200] "GET /buecher/rezensionen_nicht_auf_sand_gebaut.html HTTP/1.1" 200 6594 "-" "Mozilla/5.0 (Windows NT 10.0; Win64; x64) AppleWebKit/537.36 (KHTML, like Gecko) Chrome/63.0.3239.84 Safari/537.36"
144.76.102.243 - - [18/Apr/2020:00:09:58 +0200] "GET /buecher/ HTTP/1.1" 200 25885 "-" "Mozilla/5.0 (X11; Linux x86_64) AppleWebKit/537.36 (KHTML, like Gecko) Chrome/63.0.3239.132 Safari/537.36"
88.198.90.9 - - [18/Apr/2020:00:11:08 +0200] "GET /buecher/ HTTP/1.1" 200 25885 "-" "Mozilla/5.0 (Macintosh; Intel Mac OS X 10_13_3) AppleWebKit/537.36 (KHTML, like Gecko) Chrome/63.0.3239.132 Safari/537.36"
88.198.90.9 - - [18/Apr/2020:00:11:10 +0200] "GET /buecher/rezensionen_nicht_auf_sand_gebaut.html HTTP/1.1" 200 6594 "-" "Mozilla/5.0 (Windows NT 10.0; Win64; x64) AppleWebKit/537.36 (KHTML, like Gecko) Chrome/64.0.3282.140 Safari/537.36"
80.187.104.127 - - [18/Apr/2020:00:15:06 +0200] "GET /cds/hymnos_akathistos.html HTTP/1.1" 200 11061 "https://de.m.wikipedia.org/" "Mozilla/5.0 (Linux; Android 9; EML-L29) AppleWebKit/537.36 (KHTML, like Gecko) Chrome/81.0.4044.111 Mobile Safari/537.36"
80.187.104.127 - - [18/Apr/2020:00:15:07 +0200] "GET /main.css HTTP/1.1" 200 1439 "http://www.morusverlag.de/cds/hymnos_akathistos.html" "Mozilla/5.0 (Linux; Android 9; EML-L29) AppleWebKit/537.36 (KHTML, like Gecko) Chrome/81.0.4044.111 Mobile Safari/537.36"
80.187.104.127 - - [18/Apr/2020:00:15:07 +0200] "GET /logo_g.gif HTTP/1.1" 200 1301 "http://www.morusverlag.de/cds/hymnos_akathistos.html" "Mozilla/5.0 (Linux; Android 9; EML-L29) AppleWebKit/537.36 (KHTML, like Gecko) Chrome/81.0.4044.111 Mobile Safari/537.36"
80.187.104.127 - - [18/Apr/2020:00:15:07 +0200] "GET /mv_g.gif HTTP/1.1" 200 4070 "http://www.morusverlag.de/cds/hymnos_akathistos.html" "Mozilla/5.0 (Linux; Android 9; EML-L29) AppleWebKit/537.36 (KHTML, like Gecko) Chrome/81.0.4044.111 Mobile Safari/537.36"
80.187.104.127 - - [18/Apr/2020:00:15:07 +0200] "GET /m.gif HTTP/1.1" 200 95 "http://www.morusverlag.de/cds/hymnos_akathistos.html" "Mozilla/5.0 (Linux; Android 9; EML-L29) AppleWebKit/537.36 (KHTML, like Gecko) Chrome/81.0.4044.111 Mobile Safari/537.36"
80.187.104.127 - - [18/Apr/2020:00:15:07 +0200] "GET /pf.gif HTTP/1.1" 200 62 "http://www.morusverlag.de/cds/hymnos_akathistos.html" "Mozilla/5.0 (Linux; Android 9; EML-L29) AppleWebKit/537.36 (KHTML, like Gecko) Chrome/81.0.4044.111 Mobile Safari/537.36"
80.187.104.127 - - [18/Apr/2020:00:15:07 +0200] "GET /cds/hymnos.jpg HTTP/1.1" 200 27752 "http://www.morusverlag.de/cds/hymnos_akathistos.html" "Mozilla/5.0 (Linux; Android 9; EML-L29) AppleWebKit/537.36 (KHTML, like Gecko) Chrome/81.0.4044.111 Mobile Safari/537.36"
80.187.104.127 - - [18/Apr/2020:00:15:07 +0200] "GET /strich.gif HTTP/1.1" 200 45 "http://www.morusverlag.de/cds/hymnos_akathistos.html" "Mozilla/5.0 (Linux; Android 9; EML-L29) AppleWebKit/537.36 (KHTML, like Gecko) Chrome/81.0.4044.111 Mobile Safari/537.36"
80.187.104.127 - - [18/Apr/2020:00:15:07 +0200] "GET /cds/hymnos_heft.jpg HTTP/1.1" 200 8653 "http://www.morusverlag.de/cds/hymnos_akathistos.html" "Mozilla/5.0 (Linux; Android 9; EML-L29) AppleWebKit/537.36 (KHTML, like Gecko) Chrome/81.0.4044.111 Mobile Safari/537.36"
80.187.104.127 - - [18/Apr/2020:00:15:07 +0200] "GET /favicon.ico HTTP/1.1" 200 4286 "http://www.morusverlag.de/cds/hymnos_akathistos.html" "Mozilla/5.0 (Linux; Android 9; EML-L29) AppleWebKit/537.36 (KHTML, like Gecko) Chrome/81.0.4044.111 Mobile Safari/537.36"
207.46.13.204 - - [18/Apr/2020:00:33:34 +0200] "GET /buecher/rezensionen.html HTTP/1.1" 200 6964 "-" "Mozilla/5.0 (compatible; bingbot/2.0; +http://www.bing.com/bingbot.htm)"
40.77.167.115 - - [18/Apr/2020:01:14:11 +0200] "GET /kontakt/index.html HTTP/1.1" 200 2896 "-" "Mozilla/5.0 (compatible; bingbot/2.0; +http://www.bing.com/bingbot.htm)"
77.220.215.153 - - [18/Apr/2020:01:20:37 +0200] "HEAD / HTTP/1.1" 200 - "https://pamjatnik.com.ua/productions" "Mozilla/6.0 (compatible; MSIE7.00; Windows 2003)"
185.209.20.147 - - [18/Apr/2020:01:20:37 +0200] "HEAD / HTTP/1.1" 200 - "https://www.prjadko.kiev.ua/banners/215-astral-2r.html" "Mozilla/2.0 (compatible; MSIE7.00; Windows 2009)"
85.209.89.224 - - [18/Apr/2020:01:20:38 +0200] "HEAD / HTTP/1.1" 200 - "https://prjadko.com.ua/pamjatniki.html" "Mozilla/2.0 (compatible; MSIE4.00; Windows 2005)"
185.203.240.129 - - [18/Apr/2020:01:20:38 +0200] "HEAD / HTTP/1.1" 200 - "https://velesritual.com.ua/funeral.html" "Mozilla/6.0 (compatible; MSIE5.00; Windows 2005)"
212.86.109.31 - - [18/Apr/2020:01:20:38 +0200] "HEAD / HTTP/1.1" 200 - "https://xn--80ajljfinhdg8e1b.xn--p1ai/karetka-traktora-dt-75/" "Mozilla/4.0 (compatible; MSIE5.00; Windows 2009)"
46.229.168.154 - - [18/Apr/2020:01:52:34 +0200] "GET /robots.txt HTTP/1.1" 200 100 "-" "Mozilla/5.0 (compatible; SemrushBot/6~bl; +http://www.semrush.com/bot.html)"
46.229.168.136 - - [18/Apr/2020:01:52:34 +0200] "GET /index.html HTTP/1.1" 200 9360 "-" "Mozilla/5.0 (compatible; SemrushBot/6~bl; +http://www.semrush.com/bot.html)"
80.187.104.127 - - [18/Apr/2020:01:56:01 +0200] "GET / HTTP/1.1" 200 9360 "https://de.m.wikipedia.org/" "Mozilla/5.0 (Linux; Android 9; EML-L29) AppleWebKit/537.36 (KHTML, like Gecko) Chrome/81.0.4044.111 Mobile Safari/537.36"
80.187.104.127 - - [18/Apr/2020:01:56:01 +0200] "GET /mv_gr_w.gif HTTP/1.1" 200 2005 "http://www.morusverlag.de/" "Mozilla/5.0 (Linux; Android 9; EML-L29) AppleWebKit/537.36 (KHTML, like Gecko) Chrome/81.0.4044.111 Mobile Safari/537.36"
80.187.104.127 - - [18/Apr/2020:01:56:01 +0200] "GET /jahrbuch_k.jpg HTTP/1.1" 200 3719 "http://www.morusverlag.de/" "Mozilla/5.0 (Linux; Android 9; EML-L29) AppleWebKit/537.36 (KHTML, like Gecko) Chrome/81.0.4044.111 Mobile Safari/537.36"
80.187.104.127 - - [18/Apr/2020:01:56:01 +0200] "GET /buecher/gesichter.jpg HTTP/1.1" 200 7271 "http://www.morusverlag.de/" "Mozilla/5.0 (Linux; Android 9; EML-L29) AppleWebKit/537.36 (KHTML, like Gecko) Chrome/81.0.4044.111 Mobile Safari/537.36"
80.187.104.127 - - [18/Apr/2020:01:56:01 +0200] "GET /cds/rosarium_k.jpg HTTP/1.1" 200 3972 "http://www.morusverlag.de/" "Mozilla/5.0 (Linux; Android 9; EML-L29) AppleWebKit/537.36 (KHTML, like Gecko) Chrome/81.0.4044.111 Mobile Safari/537.36"
80.187.104.127 - - [18/Apr/2020:01:56:01 +0200] "GET /cds/ignatius_k.jpg HTTP/1.1" 200 3965 "http://www.morusverlag.de/" "Mozilla/5.0 (Linux; Android 9; EML-L29) AppleWebKit/537.36 (KHTML, like Gecko) Chrome/81.0.4044.111 Mobile Safari/537.36"
80.187.104.127 - - [18/Apr/2020:01:56:01 +0200] "GET /cds/hymnos_k.jpg HTTP/1.1" 200 4986 "http://www.morusverlag.de/" "Mozilla/5.0 (Linux; Android 9; EML-L29) AppleWebKit/537.36 (KHTML, like Gecko) Chrome/81.0.4044.111 Mobile Safari/537.36"
80.187.104.127 - - [18/Apr/2020:01:56:01 +0200] "GET /cds/astazi_k.jpg HTTP/1.1" 200 6049 "http://www.morusverlag.de/" "Mozilla/5.0 (Linux; Android 9; EML-L29) AppleWebKit/537.36 (KHTML, like Gecko) Chrome/81.0.4044.111 Mobile Safari/537.36"
80.187.104.127 - - [18/Apr/2020:01:56:01 +0200] "GET /gotteslob.jpg HTTP/1.1" 200 9390 "http://www.morusverlag.de/" "Mozilla/5.0 (Linux; Android 9; EML-L29) AppleWebKit/537.36 (KHTML, like Gecko) Chrome/81.0.4044.111 Mobile Safari/537.36"
80.187.104.127 - - [18/Apr/2020:01:56:01 +0200] "GET /buecher/chateaubriand.jpg HTTP/1.1" 200 2272 "http://www.morusverlag.de/" "Mozilla/5.0 (Linux; Android 9; EML-L29) AppleWebKit/537.36 (KHTML, like Gecko) Chrome/81.0.4044.111 Mobile Safari/537.36"
80.187.104.127 - - [18/Apr/2020:01:56:01 +0200] "GET /buecher/engel.jpg HTTP/1.1" 200 5414 "http://www.morusverlag.de/" "Mozilla/5.0 (Linux; Android 9; EML-L29) AppleWebKit/537.36 (KHTML, like Gecko) Chrome/81.0.4044.111 Mobile Safari/537.36"
80.187.104.127 - - [18/Apr/2020:01:56:02 +0200] "GET /buch_k.jpg HTTP/1.1" 200 4591 "http://www.morusverlag.de/" "Mozilla/5.0 (Linux; Android 9; EML-L29) AppleWebKit/537.36 (KHTML, like Gecko) Chrome/81.0.4044.111 Mobile Safari/537.36"
66.249.75.179 - - [18/Apr/2020:02:08:29 +0200] "GET /robots.txt HTTP/1.1" 200 100 "-" "Mozilla/5.0 (compatible; Googlebot/2.1; +http://www.google.com/bot.html)"
66.249.75.179 - - [18/Apr/2020:02:08:29 +0200] "GET /buecher/bestellung.php HTTP/1.1" 200 10142 "-" "Mozilla/5.0 (Linux; Android 6.0.1; Nexus 5X Build/MMB29P) AppleWebKit/537.36 (KHTML, like Gecko) Chrome/41.0.2272.96 Mobile Safari/537.36 (compatible; Googlebot/2.1; +http://www.google.com/bot.html)"
157.55.39.31 - - [18/Apr/2020:02:18:58 +0200] "GET /robots.txt HTTP/1.1" 200 100 "-" "Mozilla/5.0 (compatible; bingbot/2.0; +http://www.bing.com/bingbot.htm)"
207.46.13.16 - - [18/Apr/2020:02:19:22 +0200] "GET /buecher/gesichter/07.jpg HTTP/1.1" 200 7301 "-" "Mozilla/5.0 (compatible; bingbot/2.0; +http://www.bing.com/bingbot.htm)"
5.9.145.132 - - [18/Apr/2020:02:42:08 +0200] "GET /sonderthemen/az1999.pdf HTTP/1.1" 200 1842982 "-" "Mozilla/5.0 (Windows NT 6.1; Win64; x64) AppleWebKit/537.36 (KHTML, like Gecko) Chrome/63.0.3239.132 Safari/537.36"
66.249.69.156 - - [18/Apr/2020:02:51:43 +0200] "GET / HTTP/1.1" 200 9360 "-" "Mozilla/5.0 (Linux; Android 6.0.1; Nexus 5X Build/MMB29P) AppleWebKit/537.36 (KHTML, like Gecko) Chrome/41.0.2272.96 Mobile Safari/537.36 (compatible; Googlebot/2.1; +http://www.google.com/bot.html)"
77.75.77.101 - - [18/Apr/2020:03:12:40 +0200] "GET /robots.txt HTTP/1.1" 200 100 "-" "Mozilla/5.0 (compatible; SeznamBot/3.2; +http://napoveda.seznam.cz/en/seznambot-intro/)"
77.75.77.101 - - [18/Apr/2020:03:12:41 +0200] "GET /cds/hymnos_akathistos.html HTTP/1.1" 304 - "-" "Mozilla/5.0 (compatible; SeznamBot/3.2; +http://napoveda.seznam.cz/en/seznambot-intro/)"
40.77.167.169 - - [18/Apr/2020:03:24:33 +0200] "GET /jahrbuch/titelseiten/1995.jpg HTTP/1.1" 200 10632 "-" "Mozilla/5.0 (compatible; bingbot/2.0; +http://www.bing.com/bingbot.htm)"
47.56.199.24 - - [18/Apr/2020:03:28:22 +0200] "GET / HTTP/1.1" 200 9360 "-" "Mozilla/5.0 (Windows NT 6.1; Win64; x64) AppleWebKit/537.36 (KHTML, like Gecko) Chrome/79.0.3945.88 Safari/537.36"
216.244.66.237 - - [18/Apr/2020:03:41:30 +0200] "GET /robots.txt HTTP/1.1" 200 100 "-" "Mozilla/5.0 (compatible; DotBot/1.1; http://www.opensiteexplorer.org/dotbot, help@moz.com)"
216.244.66.237 - - [18/Apr/2020:03:42:44 +0200] "GET /gotteslob/index.html HTTP/1.1" 200 2770 "-" "Mozilla/5.0 (compatible; DotBot/1.1; http://www.opensiteexplorer.org/dotbot, help@moz.com)"
207.46.13.204 - - [18/Apr/2020:03:53:50 +0200] "GET /impressum.html HTTP/1.1" 200 2808 "-" "Mozilla/5.0 (compatible; bingbot/2.0; +http://www.bing.com/bingbot.htm)"
139.59.235.149 - - [18/Apr/2020:04:20:34 +0200] "GET /wp-login.php HTTP/1.1" 404 2381 "-" "Mozilla/5.0 (X11; Ubuntu; Linux x86_64; rv:62.0) Gecko/20100101 Firefox/62.0"
140.203.12.8 - - [18/Apr/2020:04:28:02 +0200] "HEAD / HTTP/1.1" 200 - "-" "Java/1.6.0_23"
46.229.168.130 - - [18/Apr/2020:04:32:04 +0200] "GET /robots.txt HTTP/1.1" 200 100 "-" "Mozilla/5.0 (compatible; SemrushBot/6~bl; +http://www.semrush.com/bot.html)"
46.229.168.147 - - [18/Apr/2020:04:32:04 +0200] "GET /jahrbuch/index.html HTTP/1.1" 200 3956 "-" "Mozilla/5.0 (compatible; SemrushBot/6~bl; +http://www.semrush.com/bot.html)"
85.209.89.216 - - [18/Apr/2020:04:34:12 +0200] "HEAD / HTTP/1.1" 200 - "https://avtobesplatno.ru/" "Mozilla/8.0 (compatible; MSIE7.00; Windows 2004)"
85.209.89.217 - - [18/Apr/2020:04:34:12 +0200] "HEAD / HTTP/1.1" 200 - "https://my-stickers.ru/category/vse-nakleyki/" "Mozilla/7.0 (compatible; MSIE4.00; Windows 2003)"
85.209.89.241 - - [18/Apr/2020:04:34:12 +0200] "HEAD / HTTP/1.1" 200 - "https://inzuro.ru" "Mozilla/6.0 (compatible; MSIE2.00; Windows 2009)"
85.209.89.205 - - [18/Apr/2020:04:34:12 +0200] "HEAD / HTTP/1.1" 200 - "https://infection-covid.ru/" "Mozilla/5.0 (compatible; MSIE4.00; Windows 2007)"
185.224.132.45 - - [18/Apr/2020:04:34:12 +0200] "HEAD / HTTP/1.1" 200 - "https://ivanovopack.ru" "Mozilla/7.0 (compatible; MSIE6.00; Windows 2007)"
193.124.191.92 - - [18/Apr/2020:04:38:35 +0200] "HEAD / HTTP/1.1" 200 - "https://mirbankrot.ru/" "Mozilla/8.0 (compatible; MSIE4.00; Windows 2005)"
193.124.190.18 - - [18/Apr/2020:04:38:43 +0200] "HEAD / HTTP/1.1" 200 - "https://promopulse.info/o-sajte/" "Mozilla/7.0 (compatible; MSIE4.00; Windows 2004)"
193.124.188.83 - - [18/Apr/2020:04:38:44 +0200] "HEAD / HTTP/1.1" 200 - "https://kupime.kz/elektronika/noutbuki-i-kompyutery/" "Mozilla/5.0 (compatible; MSIE6.00; Windows 2009)"
193.124.188.188 - - [18/Apr/2020:04:38:44 +0200] "HEAD / HTTP/1.1" 200 - "https://panamka.by/obzory/" "Mozilla/7.0 (compatible; MSIE6.00; Windows 2007)"
185.5.249.185 - - [18/Apr/2020:04:38:49 +0200] "HEAD / HTTP/1.1" 200 - "https://www.perevod24.com/pismennyj-perevod" "Mozilla/7.0 (compatible; MSIE5.00; Windows 2002)"
194.67.207.94 - - [18/Apr/2020:04:38:50 +0200] "HEAD / HTTP/1.1" 200 - "https://coronavirus-prognozy.ru/prognoz-koronavirusa-dlya-rossii-na-leto-2020" "Mozilla/8.0 (compatible; MSIE3.00; Windows 2005)"
194.67.207.9 - - [18/Apr/2020:04:39:00 +0200] "HEAD / HTTP/1.1" 200 - "https://pandemiya-covid.ru/novosti/" "Mozilla/2.0 (compatible; MSIE3.00; Windows 2004)"
194.67.210.77 - - [18/Apr/2020:04:40:46 +0200] "HEAD / HTTP/1.1" 200 - "https://advocat-auto78.ru/" "Mozilla/5.0 (compatible; MSIE2.00; Windows 2003)"
185.125.219.13 - - [18/Apr/2020:04:43:17 +0200] "HEAD / HTTP/1.1" 200 - "https://russtaxi.ru/taksi-anapa-kabardinka" "Mozilla/4.0 (compatible; MSIE2.00; Windows 2005)"
95.216.96.242 - - [18/Apr/2020:04:49:47 +0200] "GET /robots.txt HTTP/1.1" 200 100 "-" "Mozilla/5.0 (compatible; SEOkicks; +https://www.seokicks.de/robot.html)"
95.216.96.242 - - [18/Apr/2020:04:49:48 +0200] "GET / HTTP/1.1" 200 9360 "-" "Mozilla/5.0 (compatible; SEOkicks; +https://www.seokicks.de/robot.html)"
95.216.96.242 - - [18/Apr/2020:04:49:50 +0200] "GET /buecher/index.html HTTP/1.1" 200 25885 "http://www.morusverlag.de/" "Mozilla/5.0 (compatible; SEOkicks; +https://www.seokicks.de/robot.html)"
95.216.96.242 - - [18/Apr/2020:04:49:51 +0200] "GET /cds/index.html HTTP/1.1" 200 7987 "http://www.morusverlag.de/" "Mozilla/5.0 (compatible; SEOkicks; +https://www.seokicks.de/robot.html)"
95.216.96.242 - - [18/Apr/2020:04:49:52 +0200] "GET /gotteslob/index.html HTTP/1.1" 200 2770 "http://www.morusverlag.de/" "Mozilla/5.0 (compatible; SEOkicks; +https://www.seokicks.de/robot.html)"
95.216.96.242 - - [18/Apr/2020:04:49:54 +0200] "GET /jahrbuch/index.html HTTP/1.1" 200 3956 "http://www.morusverlag.de/" "Mozilla/5.0 (compatible; SEOkicks; +https://www.seokicks.de/robot.html)"
95.216.96.242 - - [18/Apr/2020:04:49:56 +0200] "GET /sonderthemen/index.html HTTP/1.1" 200 7102 "http://www.morusverlag.de/" "Mozilla/5.0 (compatible; SEOkicks; +https://www.seokicks.de/robot.html)"
95.216.96.242 - - [18/Apr/2020:04:49:59 +0200] "GET /kontakt/index.html HTTP/1.1" 200 2896 "http://www.morusverlag.de/" "Mozilla/5.0 (compatible; SEOkicks; +https://www.seokicks.de/robot.html)"
95.216.96.242 - - [18/Apr/2020:04:50:00 +0200] "GET /impressum.html HTTP/1.1" 200 2808 "http://www.morusverlag.de/" "Mozilla/5.0 (compatible; SEOkicks; +https://www.seokicks.de/robot.html)"
144.76.162.206 - - [18/Apr/2020:05:19:12 +0200] "GET /sonderthemen/oeaz2001.pdf HTTP/1.1" 200 4496626 "-" "Mozilla/5.0 (Macintosh; Intel Mac OS X 10_6_8) AppleWebKit/534.58.2 (KHTML, like Gecko) Version/5.1.8 Safari/534.58.2"
157.55.39.31 - - [18/Apr/2020:06:26:49 +0200] "GET /robots.txt HTTP/1.1" 200 100 "-" "Mozilla/5.0 (compatible; bingbot/2.0; +http://www.bing.com/bingbot.htm)"
148.251.50.77 - - [18/Apr/2020:07:27:19 +0200] "GET /buecher/index.html HTTP/1.1" 200 25885 "-" "Mozilla/5.0 (Macintosh; Intel Mac OS X 10_12_6) AppleWebKit/604.4.7 (KHTML, like Gecko) Version/11.0.2 Safari/604.4.7"
5.9.145.132 - - [18/Apr/2020:07:28:19 +0200] "GET /buecher/index.html HTTP/1.1" 200 25885 "-" "Mozilla/5.0 (Windows NT 6.1; WOW64) AppleWebKit/537.36 (KHTML, like Gecko) Chrome/43.0.2357.134 Safari/537.36"
77.75.77.72 - - [18/Apr/2020:07:53:55 +0200] "GET /robots.txt HTTP/1.1" 200 100 "-" "Mozilla/5.0 (compatible; SeznamBot/3.2; +http://napoveda.seznam.cz/en/seznambot-intro/)"
77.75.77.72 - - [18/Apr/2020:07:53:55 +0200] "GET /cds/hymnos_akathistos.html HTTP/1.1" 304 - "-" "Mozilla/5.0 (compatible; SeznamBot/3.2; +http://napoveda.seznam.cz/en/seznambot-intro/)"
207.46.13.204 - - [18/Apr/2020:07:57:05 +0200] "GET /buecher/rezensionen_le_saulchoir.html HTTP/1.1" 304 - "-" "Mozilla/5.0 (compatible; bingbot/2.0; +http://www.bing.com/bingbot.htm)"
162.210.196.98 - - [18/Apr/2020:09:26:42 +0200] "GET /robots.txt HTTP/1.1" 200 100 "-" "Mozilla/5.0 (compatible; MJ12bot/v1.4.8; http://mj12bot.com/)"
162.210.196.98 - - [18/Apr/2020:09:26:47 +0200] "GET / HTTP/1.1" 200 9360 "-" "Mozilla/5.0 (compatible; MJ12bot/v1.4.8; http://mj12bot.com/)"
157.55.39.31 - - [18/Apr/2020:09:43:02 +0200] "GET /robots.txt HTTP/1.1" 200 100 "-" "Mozilla/5.0 (compatible; bingbot/2.0; +http://www.bing.com/bingbot.htm)"
40.77.167.169 - - [18/Apr/2020:09:43:33 +0200] "GET /jahrbuch/titelseiten/1974.jpg HTTP/1.1" 200 8566 "-" "Mozilla/5.0 (compatible; bingbot/2.0; +http://www.bing.com/bingbot.htm)"
88.198.36.62 - - [18/Apr/2020:09:47:12 +0200] "GET /sonderthemen/oekz2003.pdf HTTP/1.1" 200 4017017 "-" "Mozilla/5.0 (X11; Linux x86_64) AppleWebKit/537.36 (KHTML, like Gecko) Chrome/64.0.3282.119 Safari/537.36"
88.198.36.62 - - [18/Apr/2020:10:10:13 +0200] "GET /sonderthemen/sk2002.pdf HTTP/1.1" 200 2628923 "-" "Mozilla/5.0 (Macintosh; Intel Mac OS X 10.13; rv:58.0) Gecko/20100101 Firefox/58.0"
77.75.78.171 - - [18/Apr/2020:10:52:32 +0200] "GET /robots.txt HTTP/1.1" 200 100 "-" "Mozilla/5.0 (compatible; SeznamBot/3.2; +http://napoveda.seznam.cz/en/seznambot-intro/)"
77.75.78.171 - - [18/Apr/2020:10:52:32 +0200] "GET /cds/index.html HTTP/1.1" 304 - "-" "Mozilla/5.0 (compatible; SeznamBot/3.2; +http://napoveda.seznam.cz/en/seznambot-intro/)"
207.46.13.204 - - [18/Apr/2020:10:54:06 +0200] "GET /cds/hymnos.jpg HTTP/1.1" 200 27752 "-" "Mozilla/5.0 (compatible; bingbot/2.0; +http://www.bing.com/bingbot.htm)"
216.244.66.237 - - [18/Apr/2020:10:54:42 +0200] "GET /cds/index.html HTTP/1.1" 200 7987 "-" "Mozilla/5.0 (compatible; DotBot/1.1; http://www.opensiteexplorer.org/dotbot, help@moz.com)"
79.230.55.108 - - [18/Apr/2020:10:57:26 +0200] "GET /cds/hymnos_akathistos.html HTTP/1.1" 200 11061 "-" "Mozilla/5.0 (Macintosh; Intel Mac OS X 10.9; rv:75.0) Gecko/20100101 Firefox/75.0"
79.230.55.108 - - [18/Apr/2020:10:57:26 +0200] "GET /main.css HTTP/1.1" 200 1439 "http://www.morusverlag.de/cds/hymnos_akathistos.html" "Mozilla/5.0 (Macintosh; Intel Mac OS X 10.9; rv:75.0) Gecko/20100101 Firefox/75.0"
79.230.55.108 - - [18/Apr/2020:10:57:26 +0200] "GET /logo_g.gif HTTP/1.1" 200 1301 "http://www.morusverlag.de/cds/hymnos_akathistos.html" "Mozilla/5.0 (Macintosh; Intel Mac OS X 10.9; rv:75.0) Gecko/20100101 Firefox/75.0"
79.230.55.108 - - [18/Apr/2020:10:57:26 +0200] "GET /mv_g.gif HTTP/1.1" 200 4070 "http://www.morusverlag.de/cds/hymnos_akathistos.html" "Mozilla/5.0 (Macintosh; Intel Mac OS X 10.9; rv:75.0) Gecko/20100101 Firefox/75.0"
79.230.55.108 - - [18/Apr/2020:10:57:26 +0200] "GET /m.gif HTTP/1.1" 200 95 "http://www.morusverlag.de/cds/hymnos_akathistos.html" "Mozilla/5.0 (Macintosh; Intel Mac OS X 10.9; rv:75.0) Gecko/20100101 Firefox/75.0"
79.230.55.108 - - [18/Apr/2020:10:57:26 +0200] "GET /strich.gif HTTP/1.1" 200 45 "http://www.morusverlag.de/cds/hymnos_akathistos.html" "Mozilla/5.0 (Macintosh; Intel Mac OS X 10.9; rv:75.0) Gecko/20100101 Firefox/75.0"
79.230.55.108 - - [18/Apr/2020:10:57:26 +0200] "GET /cds/hymnos.jpg HTTP/1.1" 200 27752 "http://www.morusverlag.de/cds/hymnos_akathistos.html" "Mozilla/5.0 (Macintosh; Intel Mac OS X 10.9; rv:75.0) Gecko/20100101 Firefox/75.0"
79.230.55.108 - - [18/Apr/2020:10:57:26 +0200] "GET /pf.gif HTTP/1.1" 200 62 "http://www.morusverlag.de/cds/hymnos_akathistos.html" "Mozilla/5.0 (Macintosh; Intel Mac OS X 10.9; rv:75.0) Gecko/20100101 Firefox/75.0"
79.230.55.108 - - [18/Apr/2020:10:57:26 +0200] "GET /cds/hymnos_heft.jpg HTTP/1.1" 200 8653 "http://www.morusverlag.de/cds/hymnos_akathistos.html" "Mozilla/5.0 (Macintosh; Intel Mac OS X 10.9; rv:75.0) Gecko/20100101 Firefox/75.0"
79.230.55.108 - - [18/Apr/2020:10:57:26 +0200] "GET /favicon.ico HTTP/1.1" 200 4286 "-" "Mozilla/5.0 (Macintosh; Intel Mac OS X 10.9; rv:75.0) Gecko/20100101 Firefox/75.0"
79.230.55.108 - - [18/Apr/2020:10:57:56 +0200] "GET /buecher/veroeffentlichungsliste.html HTTP/1.1" 200 129779 "http://www.morusverlag.de/cds/hymnos_akathistos.html" "Mozilla/5.0 (Macintosh; Intel Mac OS X 10.9; rv:75.0) Gecko/20100101 Firefox/75.0"
207.46.13.204 - - [18/Apr/2020:11:14:54 +0200] "GET /buecher/rezensionen_chateaubriand.html HTTP/1.1" 200 47317 "-" "Mozilla/5.0 (compatible; bingbot/2.0; +http://www.bing.com/bingbot.htm)"
79.230.55.108 - - [18/Apr/2020:11:15:25 +0200] "GET /cds/index.html HTTP/1.1" 200 7987 "http://www.morusverlag.de/cds/hymnos_akathistos.html" "Mozilla/5.0 (Macintosh; Intel Mac OS X 10.9; rv:75.0) Gecko/20100101 Firefox/75.0"
79.230.55.108 - - [18/Apr/2020:11:15:25 +0200] "GET /cds/ignatius_k.jpg HTTP/1.1" 200 3965 "http://www.morusverlag.de/cds/index.html" "Mozilla/5.0 (Macintosh; Intel Mac OS X 10.9; rv:75.0) Gecko/20100101 Firefox/75.0"
79.230.55.108 - - [18/Apr/2020:11:15:25 +0200] "GET /cds/rosarium_k.jpg HTTP/1.1" 200 3972 "http://www.morusverlag.de/cds/index.html" "Mozilla/5.0 (Macintosh; Intel Mac OS X 10.9; rv:75.0) Gecko/20100101 Firefox/75.0"
79.230.55.108 - - [18/Apr/2020:11:15:25 +0200] "GET /cds/hymnos_k.jpg HTTP/1.1" 200 4986 "http://www.morusverlag.de/cds/index.html" "Mozilla/5.0 (Macintosh; Intel Mac OS X 10.9; rv:75.0) Gecko/20100101 Firefox/75.0"
79.230.55.108 - - [18/Apr/2020:11:15:25 +0200] "GET /cds/glockenspiel1_k.jpg HTTP/1.1" 200 5641 "http://www.morusverlag.de/cds/index.html" "Mozilla/5.0 (Macintosh; Intel Mac OS X 10.9; rv:75.0) Gecko/20100101 Firefox/75.0"
79.230.55.108 - - [18/Apr/2020:11:15:25 +0200] "GET /cds/glockenspiel2_k.jpg HTTP/1.1" 200 5265 "http://www.morusverlag.de/cds/index.html" "Mozilla/5.0 (Macintosh; Intel Mac OS X 10.9; rv:75.0) Gecko/20100101 Firefox/75.0"
79.230.55.108 - - [18/Apr/2020:11:15:25 +0200] "GET /cds/lumina_k.jpg HTTP/1.1" 200 6053 "http://www.morusverlag.de/cds/index.html" "Mozilla/5.0 (Macintosh; Intel Mac OS X 10.9; rv:75.0) Gecko/20100101 Firefox/75.0"
79.230.55.108 - - [18/Apr/2020:11:15:25 +0200] "GET /cds/astazi_k.jpg HTTP/1.1" 200 6049 "http://www.morusverlag.de/cds/index.html" "Mozilla/5.0 (Macintosh; Intel Mac OS X 10.9; rv:75.0) Gecko/20100101 Firefox/75.0"
79.230.55.108 - - [18/Apr/2020:11:15:25 +0200] "GET /favicon.ico HTTP/1.1" 200 4286 "-" "Mozilla/5.0 (Macintosh; Intel Mac OS X 10.9; rv:75.0) Gecko/20100101 Firefox/75.0"
79.230.55.108 - - [18/Apr/2020:11:15:45 +0200] "GET /favicon.ico HTTP/1.1" 200 4286 "-" "Mozilla/5.0 (Macintosh; Intel Mac OS X 10.9; rv:75.0) Gecko/20100101 Firefox/75.0"
40.77.167.115 - - [18/Apr/2020:12:00:45 +0200] "GET /kontakt/index.html HTTP/1.1" 200 2896 "-" "Mozilla/5.0 (compatible; bingbot/2.0; +http://www.bing.com/bingbot.htm)"
148.251.50.77 - - [18/Apr/2020:12:23:03 +0200] "GET /sonderthemen/oekt_extra1.pdf HTTP/1.1" 200 1849015 "-" "Mozilla/5.0 (X11; Ubuntu; Linux x86_64; rv:57.0) Gecko/20100101 Firefox/57.0"
66.249.75.181 - - [18/Apr/2020:12:24:28 +0200] "GET / HTTP/1.1" 200 9360 "-" "Mozilla/5.0 (Linux; Android 6.0.1; Nexus 5X Build/MMB29P) AppleWebKit/537.36 (KHTML, like Gecko) Chrome/41.0.2272.96 Mobile Safari/537.36 (compatible; Googlebot/2.1; +http://www.google.com/bot.html)"
77.75.79.11 - - [18/Apr/2020:12:39:38 +0200] "GET /robots.txt HTTP/1.1" 200 100 "-" "Mozilla/5.0 (compatible; SeznamBot/3.2; +http://napoveda.seznam.cz/en/seznambot-intro/)"
77.75.79.11 - - [18/Apr/2020:12:39:39 +0200] "GET /sonderthemen/sk2004.pdf HTTP/1.1" 304 - "-" "Mozilla/5.0 (compatible; SeznamBot/3.2; +http://napoveda.seznam.cz/en/seznambot-intro/)"
46.229.168.153 - - [18/Apr/2020:12:45:13 +0200] "GET /robots.txt HTTP/1.1" 200 100 "-" "Mozilla/5.0 (compatible; SemrushBot/6~bl; +http://www.semrush.com/bot.html)"
46.229.168.140 - - [18/Apr/2020:12:45:14 +0200] "GET /cds/index.html HTTP/1.1" 200 7987 "-" "Mozilla/5.0 (compatible; SemrushBot/6~bl; +http://www.semrush.com/bot.html)"
88.198.43.207 - - [18/Apr/2020:13:07:00 +0200] "GET /buecher/veroeffentlichungsliste.html HTTP/1.1" 200 129779 "-" "Mozilla/5.0 (Windows NT 6.1; Win64; x64) AppleWebKit/537.36 (KHTML, like Gecko) Chrome/64.0.3282.119 Safari/537.36"
148.251.50.77 - - [18/Apr/2020:13:35:01 +0200] "GET /sonderthemen/az2003.pdf HTTP/1.1" 200 4864675 "-" "Mozilla/5.0 (Macintosh; Intel Mac OS X 10_13_2) AppleWebKit/537.36 (KHTML, like Gecko) Chrome/63.0.3239.132 Safari/537.36"
144.76.162.206 - - [18/Apr/2020:13:35:15 +0200] "GET /sonderthemen/az2003.pdf HTTP/1.1" 200 4864675 "-" "Mozilla/5.0 (Windows NT 6.1; Win64; x64; rv:58.0) Gecko/20100101 Firefox/58.0"
54.36.148.210 - - [18/Apr/2020:13:41:47 +0200] "GET /robots.txt HTTP/1.1" 200 100 "-" "Mozilla/5.0 (compatible; AhrefsBot/6.1; +http://ahrefs.com/robot/)"
78.46.94.83 - - [18/Apr/2020:13:49:47 +0200] "GET /sonderthemen/az1999.pdf HTTP/1.1" 200 1842982 "-" "Mozilla/5.0 (Macintosh; Intel Mac OS X 107) AppleWebKit/534.48.3 (KHTML like Gecko) Version/5.1 Safari/534.48.3"
