194.67.207.94 - - [03/Apr/2020:14:45:07 +0200] "HEAD / HTTP/1.1" 200 - "https://zvezda-fc.ru/okolofytbola" "Mozilla/5.0 (compatible; MSIE5.00; Windows 2005)"
194.67.207.9 - - [03/Apr/2020:14:45:09 +0200] "HEAD / HTTP/1.1" 200 - "https://dontimes.news/donbass/dnr/" "Mozilla/6.0 (compatible; MSIE7.00; Windows 2008)"
193.124.188.188 - - [03/Apr/2020:14:47:27 +0200] "HEAD / HTTP/1.1" 200 - "https://vlasova-tanya.ru/kopirajting-rerajt/s-chego-nachat-kopirajteru.html" "Mozilla/2.0 (compatible; MSIE7.00; Windows 2007)"
207.46.13.203 - - [03/Apr/2020:15:12:24 +0200] "GET /buecher/rezension_gesichter_u_geschichten.pdf HTTP/1.1" 304 - "-" "Mozilla/5.0 (compatible; bingbot/2.0; +http://www.bing.com/bingbot.htm)"
66.249.65.133 - - [03/Apr/2020:15:35:53 +0200] "GET /robots.txt HTTP/1.1" 200 100 "-" "Mozilla/5.0 (compatible; Googlebot/2.1; +http://www.google.com/bot.html)"
66.249.65.135 - - [03/Apr/2020:15:35:53 +0200] "GET / HTTP/1.1" 200 9360 "-" "Mozilla/5.0 (compatible; Googlebot/2.1; +http://www.google.com/bot.html)"
95.216.96.254 - - [03/Apr/2020:15:47:50 +0200] "GET /robots.txt HTTP/1.1" 200 100 "-" "Mozilla/5.0 (compatible; SEOkicks; +https://www.seokicks.de/robot.html)"
95.216.96.254 - - [03/Apr/2020:15:47:51 +0200] "GET / HTTP/1.1" 200 9360 "-" "Mozilla/5.0 (compatible; SEOkicks; +https://www.seokicks.de/robot.html)"
95.216.96.254 - - [03/Apr/2020:15:47:53 +0200] "GET /buecher/index.html HTTP/1.1" 200 25885 "http://www.morusverlag.de/" "Mozilla/5.0 (compatible; SEOkicks; +https://www.seokicks.de/robot.html)"
95.216.96.254 - - [03/Apr/2020:15:47:55 +0200] "GET /cds/index.html HTTP/1.1" 200 7987 "http://www.morusverlag.de/" "Mozilla/5.0 (compatible; SEOkicks; +https://www.seokicks.de/robot.html)"
95.216.96.254 - - [03/Apr/2020:15:47:56 +0200] "GET /gotteslob/index.html HTTP/1.1" 200 2770 "http://www.morusverlag.de/" "Mozilla/5.0 (compatible; SEOkicks; +https://www.seokicks.de/robot.html)"
95.216.96.254 - - [03/Apr/2020:15:47:58 +0200] "GET /jahrbuch/index.html HTTP/1.1" 200 3956 "http://www.morusverlag.de/" "Mozilla/5.0 (compatible; SEOkicks; +https://www.seokicks.de/robot.html)"
95.216.96.254 - - [03/Apr/2020:15:47:59 +0200] "GET /sonderthemen/index.html HTTP/1.1" 200 7102 "http://www.morusverlag.de/" "Mozilla/5.0 (compatible; SEOkicks; +https://www.seokicks.de/robot.html)"
95.216.96.254 - - [03/Apr/2020:15:48:00 +0200] "GET /kontakt/index.html HTTP/1.1" 200 2896 "http://www.morusverlag.de/" "Mozilla/5.0 (compatible; SEOkicks; +https://www.seokicks.de/robot.html)"
95.216.96.254 - - [03/Apr/2020:15:48:02 +0200] "GET /impressum.html HTTP/1.1" 200 2808 "http://www.morusverlag.de/" "Mozilla/5.0 (compatible; SEOkicks; +https://www.seokicks.de/robot.html)"
114.119.161.36 - - [03/Apr/2020:16:15:55 +0200] "GET /robots.txt HTTP/1.1" 200 100 "-" "Mozilla/5.0 (Linux; Android 7.0;) AppleWebKit/537.36 (KHTML, like Gecko) Mobile Safari/537.36 (compatible; AspiegelBot)"
114.119.163.96 - - [03/Apr/2020:16:22:14 +0200] "GET /buecher/rezensionen_engel.html HTTP/1.1" 200 6598 "-" "Mozilla/5.0 (Linux; Android 7.0;) AppleWebKit/537.36 (KHTML, like Gecko) Mobile Safari/537.36 (compatible; AspiegelBot)"
78.46.94.83 - - [03/Apr/2020:16:37:26 +0200] "GET /sonderthemen/sk2001.pdf HTTP/1.1" 200 3098589 "-" "Mozilla/5.0 (Windows NT 6.1; WOW64) AppleWebKit/537.36 (KHTML, like Gecko) Chrome/63.0.3239.132 Safari/537.36"
114.119.161.158 - - [03/Apr/2020:16:46:29 +0200] "GET /gotteslob/ HTTP/1.1" 200 2770 "-" "Mozilla/5.0 (Linux; Android 7.0;) AppleWebKit/537.36 (KHTML, like Gecko) Mobile Safari/537.36 (compatible; AspiegelBot)"
114.119.167.244 - - [03/Apr/2020:16:59:33 +0200] "GET /buecher/ HTTP/1.1" 200 25885 "-" "Mozilla/5.0 (Linux; Android 7.0;) AppleWebKit/537.36 (KHTML, like Gecko) Mobile Safari/537.36 (compatible; AspiegelBot)"
73.222.140.106 - - [03/Apr/2020:17:18:33 +0200] "GET /cds/hymnos_akathistos.html HTTP/1.1" 200 11061 "https://de.wikipedia.org/" "Mozilla/5.0 (Macintosh; Intel Mac OS X 10_14_6) AppleWebKit/537.36 (KHTML, like Gecko) Chrome/80.0.3987.149 Safari/537.36"
73.222.140.106 - - [03/Apr/2020:17:18:33 +0200] "GET /main.css HTTP/1.1" 200 1439 "http://www.morusverlag.de/cds/hymnos_akathistos.html" "Mozilla/5.0 (Macintosh; Intel Mac OS X 10_14_6) AppleWebKit/537.36 (KHTML, like Gecko) Chrome/80.0.3987.149 Safari/537.36"
73.222.140.106 - - [03/Apr/2020:17:18:33 +0200] "GET /logo_g.gif HTTP/1.1" 200 1301 "http://www.morusverlag.de/cds/hymnos_akathistos.html" "Mozilla/5.0 (Macintosh; Intel Mac OS X 10_14_6) AppleWebKit/537.36 (KHTML, like Gecko) Chrome/80.0.3987.149 Safari/537.36"
73.222.140.106 - - [03/Apr/2020:17:18:33 +0200] "GET /mv_g.gif HTTP/1.1" 200 4070 "http://www.morusverlag.de/cds/hymnos_akathistos.html" "Mozilla/5.0 (Macintosh; Intel Mac OS X 10_14_6) AppleWebKit/537.36 (KHTML, like Gecko) Chrome/80.0.3987.149 Safari/537.36"
73.222.140.106 - - [03/Apr/2020:17:18:33 +0200] "GET /m.gif HTTP/1.1" 200 95 "http://www.morusverlag.de/cds/hymnos_akathistos.html" "Mozilla/5.0 (Macintosh; Intel Mac OS X 10_14_6) AppleWebKit/537.36 (KHTML, like Gecko) Chrome/80.0.3987.149 Safari/537.36"
73.222.140.106 - - [03/Apr/2020:17:18:33 +0200] "GET /pf.gif HTTP/1.1" 200 62 "http://www.morusverlag.de/cds/hymnos_akathistos.html" "Mozilla/5.0 (Macintosh; Intel Mac OS X 10_14_6) AppleWebKit/537.36 (KHTML, like Gecko) Chrome/80.0.3987.149 Safari/537.36"
73.222.140.106 - - [03/Apr/2020:17:18:33 +0200] "GET /cds/hymnos.jpg HTTP/1.1" 200 27752 "http://www.morusverlag.de/cds/hymnos_akathistos.html" "Mozilla/5.0 (Macintosh; Intel Mac OS X 10_14_6) AppleWebKit/537.36 (KHTML, like Gecko) Chrome/80.0.3987.149 Safari/537.36"
73.222.140.106 - - [03/Apr/2020:17:18:33 +0200] "GET /strich.gif HTTP/1.1" 200 45 "http://www.morusverlag.de/cds/hymnos_akathistos.html" "Mozilla/5.0 (Macintosh; Intel Mac OS X 10_14_6) AppleWebKit/537.36 (KHTML, like Gecko) Chrome/80.0.3987.149 Safari/537.36"
73.222.140.106 - - [03/Apr/2020:17:18:33 +0200] "GET /cds/hymnos_heft.jpg HTTP/1.1" 200 8653 "http://www.morusverlag.de/cds/hymnos_akathistos.html" "Mozilla/5.0 (Macintosh; Intel Mac OS X 10_14_6) AppleWebKit/537.36 (KHTML, like Gecko) Chrome/80.0.3987.149 Safari/537.36"
73.222.140.106 - - [03/Apr/2020:17:18:34 +0200] "GET /favicon.ico HTTP/1.1" 200 4286 "http://www.morusverlag.de/cds/hymnos_akathistos.html" "Mozilla/5.0 (Macintosh; Intel Mac OS X 10_14_6) AppleWebKit/537.36 (KHTML, like Gecko) Chrome/80.0.3987.149 Safari/537.36"
88.198.36.62 - - [03/Apr/2020:17:24:21 +0200] "GET /sonderthemen/az1999.pdf HTTP/1.1" 200 1842982 "-" "Mozilla/5.0 (Macintosh; Intel Mac OS X 10.13; rv:58.0) Gecko/20100101 Firefox/58.0"
66.249.65.135 - - [03/Apr/2020:17:26:16 +0200] "GET /sonderthemen/sk2004.pdf HTTP/1.1" 304 - "-" "Mozilla/5.0 (Linux; Android 6.0.1; Nexus 5X Build/MMB29P) AppleWebKit/537.36 (KHTML, like Gecko) Chrome/41.0.2272.96 Mobile Safari/537.36 (compatible; Googlebot/2.1; +http://www.google.com/bot.html)"
85.209.89.205 - - [03/Apr/2020:17:44:14 +0200] "HEAD / HTTP/1.1" 200 - "https://medclinic-tour.com/resorts" "Mozilla/4.0 (compatible; MSIE6.00; Windows 2009)"
77.220.215.153 - - [03/Apr/2020:17:44:14 +0200] "HEAD / HTTP/1.1" 200 - "https://xn--80aabqzts.su/tury-po-rossii/ekskursionnyj-tur-v-groznyj.html" "Mozilla/2.0 (compatible; MSIE7.00; Windows 2004)"
85.209.89.217 - - [03/Apr/2020:17:44:38 +0200] "HEAD / HTTP/1.1" 200 - "https://gazmgn.ru/" "Mozilla/4.0 (compatible; MSIE3.00; Windows 2008)"
85.209.89.216 - - [03/Apr/2020:17:46:25 +0200] "HEAD / HTTP/1.1" 200 - "https://magnews.live/category/world-news/" "Mozilla/4.0 (compatible; MSIE2.00; Windows 2007)"
213.87.153.8 - - [03/Apr/2020:17:52:19 +0200] "GET /cds/hymnos_akathistos.html HTTP/1.1" 200 11061 "https://de.m.wikipedia.org/" "Mozilla/5.0 (iPhone; CPU iPhone OS 11_4_1 like Mac OS X) AppleWebKit/605.1.15 (KHTML, like Gecko) Version/11.0 Mobile/15E148 Safari/604.1"
213.87.153.8 - - [03/Apr/2020:17:52:19 +0200] "GET /main.css HTTP/1.1" 200 1439 "http://www.morusverlag.de/cds/hymnos_akathistos.html" "Mozilla/5.0 (iPhone; CPU iPhone OS 11_4_1 like Mac OS X) AppleWebKit/605.1.15 (KHTML, like Gecko) Version/11.0 Mobile/15E148 Safari/604.1"
213.87.153.8 - - [03/Apr/2020:17:52:19 +0200] "GET /logo_g.gif HTTP/1.1" 200 1301 "http://www.morusverlag.de/cds/hymnos_akathistos.html" "Mozilla/5.0 (iPhone; CPU iPhone OS 11_4_1 like Mac OS X) AppleWebKit/605.1.15 (KHTML, like Gecko) Version/11.0 Mobile/15E148 Safari/604.1"
213.87.153.8 - - [03/Apr/2020:17:52:19 +0200] "GET /m.gif HTTP/1.1" 200 95 "http://www.morusverlag.de/cds/hymnos_akathistos.html" "Mozilla/5.0 (iPhone; CPU iPhone OS 11_4_1 like Mac OS X) AppleWebKit/605.1.15 (KHTML, like Gecko) Version/11.0 Mobile/15E148 Safari/604.1"
213.87.153.8 - - [03/Apr/2020:17:52:19 +0200] "GET /mv_g.gif HTTP/1.1" 200 4070 "http://www.morusverlag.de/cds/hymnos_akathistos.html" "Mozilla/5.0 (iPhone; CPU iPhone OS 11_4_1 like Mac OS X) AppleWebKit/605.1.15 (KHTML, like Gecko) Version/11.0 Mobile/15E148 Safari/604.1"
213.87.153.8 - - [03/Apr/2020:17:52:19 +0200] "GET /pf.gif HTTP/1.1" 200 62 "http://www.morusverlag.de/cds/hymnos_akathistos.html" "Mozilla/5.0 (iPhone; CPU iPhone OS 11_4_1 like Mac OS X) AppleWebKit/605.1.15 (KHTML, like Gecko) Version/11.0 Mobile/15E148 Safari/604.1"
213.87.153.8 - - [03/Apr/2020:17:52:19 +0200] "GET /cds/hymnos.jpg HTTP/1.1" 200 27752 "http://www.morusverlag.de/cds/hymnos_akathistos.html" "Mozilla/5.0 (iPhone; CPU iPhone OS 11_4_1 like Mac OS X) AppleWebKit/605.1.15 (KHTML, like Gecko) Version/11.0 Mobile/15E148 Safari/604.1"
213.87.153.8 - - [03/Apr/2020:17:52:19 +0200] "GET /cds/hymnos_heft.jpg HTTP/1.1" 200 8653 "http://www.morusverlag.de/cds/hymnos_akathistos.html" "Mozilla/5.0 (iPhone; CPU iPhone OS 11_4_1 like Mac OS X) AppleWebKit/605.1.15 (KHTML, like Gecko) Version/11.0 Mobile/15E148 Safari/604.1"
213.87.153.8 - - [03/Apr/2020:17:52:19 +0200] "GET /strich.gif HTTP/1.1" 200 45 "http://www.morusverlag.de/cds/hymnos_akathistos.html" "Mozilla/5.0 (iPhone; CPU iPhone OS 11_4_1 like Mac OS X) AppleWebKit/605.1.15 (KHTML, like Gecko) Version/11.0 Mobile/15E148 Safari/604.1"
42.236.10.109 - - [03/Apr/2020:17:54:28 +0200] "GET / HTTP/1.1" 200 9360 "http://www.morusverlag.de/" "Mozilla/5.0 (Windows NT 6.1; WOW64) AppleWebKit/537.36 (KHTML, like Gecko) Chrome/50.0.2661.102 Safari/537.36; 360Spider"
185.125.219.13 - - [03/Apr/2020:17:54:37 +0200] "HEAD / HTTP/1.1" 200 - "http://energia63.ru/teplovizionnoe-obsledovane" "Mozilla/2.0 (compatible; MSIE7.00; Windows 2009)"
185.5.249.185 - - [03/Apr/2020:17:59:08 +0200] "HEAD / HTTP/1.1" 200 - "https://oscarhotels.ru" "Mozilla/3.0 (compatible; MSIE3.00; Windows 2002)"
194.67.207.94 - - [03/Apr/2020:17:59:27 +0200] "HEAD / HTTP/1.1" 200 - "https://chipideil.ru/%D0%A1%D0%BC%D0%BE%D0%BB%D0%B5%D0%BD%D1%81%D0%BA/remont/" "Mozilla/5.0 (compatible; MSIE4.00; Windows 2004)"
193.124.191.92 - - [03/Apr/2020:18:01:03 +0200] "HEAD / HTTP/1.1" 200 - "https://www.alphaplatforms.com/our-equipment/truck-mounts/s-92/" "Mozilla/8.0 (compatible; MSIE6.00; Windows 2006)"
193.124.188.188 - - [03/Apr/2020:18:01:14 +0200] "HEAD / HTTP/1.1" 200 - "https://oleum.kz/" "Mozilla/4.0 (compatible; MSIE3.00; Windows 2004)"
46.185.119.151 - - [03/Apr/2020:18:14:18 +0200] "GET /buecher/ HTTP/1.1" 200 25885 "https://home-task.com/" "Mozilla/4.0 (compatible; MSIE 6.0; Windows XP)"
46.185.119.151 - - [03/Apr/2020:18:14:18 +0200] "GET /buecher/ HTTP/1.1" 200 25885 "https://home-task.com/" "Mozilla/4.0 (compatible; MSIE 6.0; Windows XP)"
46.185.119.151 - - [03/Apr/2020:18:14:19 +0200] "GET /buecher/ HTTP/1.1" 200 25885 "https://home-task.com/" "Mozilla/4.0 (compatible; MSIE 6.0; Windows XP)"
66.249.65.133 - - [03/Apr/2020:18:16:26 +0200] "GET /impressum.html HTTP/1.1" 304 - "-" "Mozilla/5.0 (Linux; Android 6.0.1; Nexus 5X Build/MMB29P) AppleWebKit/537.36 (KHTML, like Gecko) Chrome/41.0.2272.96 Mobile Safari/537.36 (compatible; Googlebot/2.1; +http://www.google.com/bot.html)"
194.153.113.101 - - [03/Apr/2020:18:51:09 +0200] "GET /robots.txt HTTP/1.1" 200 100 "-" "Mozilla/5.0 (compatible; oBot/2.3.1; http://www.xforce-security.com/crawler/)"
194.153.113.101 - - [03/Apr/2020:18:51:09 +0200] "GET / HTTP/1.1" 200 9360 "-" "Mozilla/5.0 (compatible; oBot/2.3.1; http://www.xforce-security.com/crawler/)"
134.3.240.99 - - [03/Apr/2020:19:13:42 +0200] "GET /cds/hymnos_akathistos.html HTTP/1.1" 200 11061 "https://www.google.de/" "Mozilla/5.0 (X11; Linux x86_64) AppleWebKit/537.36 (KHTML, like Gecko) Chrome/73.0.3683.103 Safari/537.36"
134.3.240.99 - - [03/Apr/2020:19:13:42 +0200] "GET /main.css HTTP/1.1" 200 1439 "http://www.morusverlag.de/cds/hymnos_akathistos.html" "Mozilla/5.0 (X11; Linux x86_64) AppleWebKit/537.36 (KHTML, like Gecko) Chrome/73.0.3683.103 Safari/537.36"
134.3.240.99 - - [03/Apr/2020:19:13:42 +0200] "GET /logo_g.gif HTTP/1.1" 200 1301 "http://www.morusverlag.de/cds/hymnos_akathistos.html" "Mozilla/5.0 (X11; Linux x86_64) AppleWebKit/537.36 (KHTML, like Gecko) Chrome/73.0.3683.103 Safari/537.36"
134.3.240.99 - - [03/Apr/2020:19:13:42 +0200] "GET /m.gif HTTP/1.1" 200 95 "http://www.morusverlag.de/cds/hymnos_akathistos.html" "Mozilla/5.0 (X11; Linux x86_64) AppleWebKit/537.36 (KHTML, like Gecko) Chrome/73.0.3683.103 Safari/537.36"
134.3.240.99 - - [03/Apr/2020:19:13:42 +0200] "GET /mv_g.gif HTTP/1.1" 200 4070 "http://www.morusverlag.de/cds/hymnos_akathistos.html" "Mozilla/5.0 (X11; Linux x86_64) AppleWebKit/537.36 (KHTML, like Gecko) Chrome/73.0.3683.103 Safari/537.36"
134.3.240.99 - - [03/Apr/2020:19:13:42 +0200] "GET /pf.gif HTTP/1.1" 200 62 "http://www.morusverlag.de/cds/hymnos_akathistos.html" "Mozilla/5.0 (X11; Linux x86_64) AppleWebKit/537.36 (KHTML, like Gecko) Chrome/73.0.3683.103 Safari/537.36"
134.3.240.99 - - [03/Apr/2020:19:13:42 +0200] "GET /cds/hymnos_heft.jpg HTTP/1.1" 200 8653 "http://www.morusverlag.de/cds/hymnos_akathistos.html" "Mozilla/5.0 (X11; Linux x86_64) AppleWebKit/537.36 (KHTML, like Gecko) Chrome/73.0.3683.103 Safari/537.36"
134.3.240.99 - - [03/Apr/2020:19:13:42 +0200] "GET /cds/hymnos.jpg HTTP/1.1" 200 27752 "http://www.morusverlag.de/cds/hymnos_akathistos.html" "Mozilla/5.0 (X11; Linux x86_64) AppleWebKit/537.36 (KHTML, like Gecko) Chrome/73.0.3683.103 Safari/537.36"
134.3.240.99 - - [03/Apr/2020:19:13:42 +0200] "GET /strich.gif HTTP/1.1" 200 45 "http://www.morusverlag.de/cds/hymnos_akathistos.html" "Mozilla/5.0 (X11; Linux x86_64) AppleWebKit/537.36 (KHTML, like Gecko) Chrome/73.0.3683.103 Safari/537.36"
134.3.240.99 - - [03/Apr/2020:19:13:42 +0200] "GET /favicon.ico HTTP/1.1" 200 4286 "http://www.morusverlag.de/cds/hymnos_akathistos.html" "Mozilla/5.0 (X11; Linux x86_64) AppleWebKit/537.36 (KHTML, like Gecko) Chrome/73.0.3683.103 Safari/537.36"
207.46.13.107 - - [03/Apr/2020:20:14:11 +0200] "GET /cds/astazi.html HTTP/1.1" 200 8453 "-" "Mozilla/5.0 (compatible; bingbot/2.0; +http://www.bing.com/bingbot.htm)"
78.46.94.83 - - [03/Apr/2020:20:36:06 +0200] "GET /sonderthemen/sk2000.pdf HTTP/1.1" 200 2925489 "-" "Mozilla/5.0 (Windows NT 10.0; Win64; x64) AppleWebKit/537.36 (KHTML, like Gecko) Chrome/63.0.3239.84 Safari/537.36"
17.58.96.45 - - [03/Apr/2020:20:55:45 +0200] "GET /buecher/rezensionen_chateaubriand.html HTTP/1.1" 200 47317 "-" "Mozilla/5.0 (Macintosh; Intel Mac OS X 10_10_1) AppleWebKit/600.2.5 (KHTML, like Gecko) Version/8.0.2 Safari/600.2.5 (Applebot/0.1; +http://www.apple.com/go/applebot)"
157.55.39.247 - - [03/Apr/2020:21:24:51 +0200] "GET /buecher/rezensionen_chateaubriand.html HTTP/1.1" 200 47317 "-" "Mozilla/5.0 (compatible; bingbot/2.0; +http://www.bing.com/bingbot.htm)"
114.119.163.32 - - [03/Apr/2020:21:37:38 +0200] "GET /robots.txt HTTP/1.1" 200 100 "-" "Mozilla/5.0 (Linux; Android 7.0;) AppleWebKit/537.36 (KHTML, like Gecko) Mobile Safari/537.36 (compatible; AspiegelBot)"
66.249.64.244 - - [03/Apr/2020:22:19:15 +0200] "GET / HTTP/1.1" 200 9360 "-" "Mozilla/5.0 (Linux; Android 6.0.1; Nexus 5X Build/MMB29P) AppleWebKit/537.36 (KHTML, like Gecko) Chrome/41.0.2272.96 Mobile Safari/537.36 (compatible; Googlebot/2.1; +http://www.google.com/bot.html)"
2.203.67.189 - - [03/Apr/2020:22:56:25 +0200] "GET /cds/hymnos_akathistos.html HTTP/1.1" 200 11061 "https://www.google.de/" "Mozilla/5.0 (iPhone; CPU iPhone OS 13_3_1 like Mac OS X) AppleWebKit/605.1.15 (KHTML, like Gecko) Version/13.0.5 Mobile/15E148 Safari/604.1"
2.203.67.189 - - [03/Apr/2020:22:56:25 +0200] "GET /main.css HTTP/1.1" 200 1439 "http://www.morusverlag.de/cds/hymnos_akathistos.html" "Mozilla/5.0 (iPhone; CPU iPhone OS 13_3_1 like Mac OS X) AppleWebKit/605.1.15 (KHTML, like Gecko) Version/13.0.5 Mobile/15E148 Safari/604.1"
2.203.67.189 - - [03/Apr/2020:22:56:25 +0200] "GET /logo_g.gif HTTP/1.1" 200 1301 "http://www.morusverlag.de/cds/hymnos_akathistos.html" "Mozilla/5.0 (iPhone; CPU iPhone OS 13_3_1 like Mac OS X) AppleWebKit/605.1.15 (KHTML, like Gecko) Version/13.0.5 Mobile/15E148 Safari/604.1"
2.203.67.189 - - [03/Apr/2020:22:56:25 +0200] "GET /mv_g.gif HTTP/1.1" 200 4070 "http://www.morusverlag.de/cds/hymnos_akathistos.html" "Mozilla/5.0 (iPhone; CPU iPhone OS 13_3_1 like Mac OS X) AppleWebKit/605.1.15 (KHTML, like Gecko) Version/13.0.5 Mobile/15E148 Safari/604.1"
2.203.67.189 - - [03/Apr/2020:22:56:25 +0200] "GET /pf.gif HTTP/1.1" 200 62 "http://www.morusverlag.de/cds/hymnos_akathistos.html" "Mozilla/5.0 (iPhone; CPU iPhone OS 13_3_1 like Mac OS X) AppleWebKit/605.1.15 (KHTML, like Gecko) Version/13.0.5 Mobile/15E148 Safari/604.1"
2.203.67.189 - - [03/Apr/2020:22:56:25 +0200] "GET /m.gif HTTP/1.1" 200 95 "http://www.morusverlag.de/cds/hymnos_akathistos.html" "Mozilla/5.0 (iPhone; CPU iPhone OS 13_3_1 like Mac OS X) AppleWebKit/605.1.15 (KHTML, like Gecko) Version/13.0.5 Mobile/15E148 Safari/604.1"
2.203.67.189 - - [03/Apr/2020:22:56:25 +0200] "GET /cds/hymnos.jpg HTTP/1.1" 200 27752 "http://www.morusverlag.de/cds/hymnos_akathistos.html" "Mozilla/5.0 (iPhone; CPU iPhone OS 13_3_1 like Mac OS X) AppleWebKit/605.1.15 (KHTML, like Gecko) Version/13.0.5 Mobile/15E148 Safari/604.1"
2.203.67.189 - - [03/Apr/2020:22:56:25 +0200] "GET /cds/hymnos_heft.jpg HTTP/1.1" 200 8653 "http://www.morusverlag.de/cds/hymnos_akathistos.html" "Mozilla/5.0 (iPhone; CPU iPhone OS 13_3_1 like Mac OS X) AppleWebKit/605.1.15 (KHTML, like Gecko) Version/13.0.5 Mobile/15E148 Safari/604.1"
2.203.67.189 - - [03/Apr/2020:22:56:25 +0200] "GET /strich.gif HTTP/1.1" 200 45 "http://www.morusverlag.de/cds/hymnos_akathistos.html" "Mozilla/5.0 (iPhone; CPU iPhone OS 13_3_1 like Mac OS X) AppleWebKit/605.1.15 (KHTML, like Gecko) Version/13.0.5 Mobile/15E148 Safari/604.1"
2.203.67.189 - - [03/Apr/2020:22:56:25 +0200] "GET /favicon.ico HTTP/1.1" 200 4286 "http://www.morusverlag.de/cds/hymnos_akathistos.html" "Mozilla/5.0 (iPhone; CPU iPhone OS 13_3_1 like Mac OS X) AppleWebKit/605.1.15 (KHTML, like Gecko) Version/13.0.5 Mobile/15E148 Safari/604.1"
79.110.72.72 - - [03/Apr/2020:23:07:55 +0200] "GET /sonderthemen/sk2002.pdf HTTP/1.1" 200 2628923 "-" "Mozilla/5.0 (Windows NT 6.1) AppleWebKit/537.36 (KHTML, like Gecko) Chrome/72.0.3626.109 Safari/537.36"
66.249.64.244 - - [03/Apr/2020:23:33:28 +0200] "GET /gotteslob/ HTTP/1.1" 304 - "-" "Mozilla/5.0 (Linux; Android 6.0.1; Nexus 5X Build/MMB29P) AppleWebKit/537.36 (KHTML, like Gecko) Chrome/41.0.2272.96 Mobile Safari/537.36 (compatible; Googlebot/2.1; +http://www.google.com/bot.html)"
207.46.13.203 - - [03/Apr/2020:23:37:35 +0200] "GET /jahrbuch/titelseiten/1992.jpg HTTP/1.1" 200 8822 "-" "Mozilla/5.0 (compatible; bingbot/2.0; +http://www.bing.com/bingbot.htm)"
207.46.13.203 - - [03/Apr/2020:23:51:52 +0200] "GET /buecher/veroeffentlichungsliste.html HTTP/1.1" 200 129779 "-" "Mozilla/5.0 (compatible; bingbot/2.0; +http://www.bing.com/bingbot.htm)"
45.147.231.35 - - [04/Apr/2020:00:17:59 +0200] "GET /sonderthemen/oekz2003.pdf&spec=ft100x75 HTTP/1.1" 404 2381 "http://www.1.cz/s/Ha-meem%20mail/?p=19" "Mozilla/5.0 (Windows NT 10.0; Win64; x64) AppleWebKit/537.36 (KHTML, like Gecko) Chrome/79.0.3945.88 Safari/537.36"
45.147.231.35 - - [04/Apr/2020:00:17:59 +0200] "GET /sonderthemen/oekz2003.pdf HTTP/1.1" 200 4017017 "http://www.1.cz/s/Ha-meem%20mail/?p=19" "Mozilla/5.0 (Windows NT 10.0; Win64; x64) AppleWebKit/537.36 (KHTML, like Gecko) Chrome/79.0.3945.88 Safari/537.36"
66.249.64.244 - - [04/Apr/2020:01:16:54 +0200] "GET / HTTP/1.1" 200 9360 "-" "Mozilla/5.0 (compatible; Googlebot/2.1; +http://www.google.com/bot.html)"
207.46.13.68 - - [04/Apr/2020:01:41:04 +0200] "GET /buecher/bestellung.php HTTP/1.1" 200 10142 "-" "Mozilla/5.0 (compatible; bingbot/2.0; +http://www.bing.com/bingbot.htm)"
207.46.13.203 - - [04/Apr/2020:01:42:09 +0200] "GET /buecher/veroeffentlichungsliste.html HTTP/1.1" 200 129779 "-" "Mozilla/5.0 (compatible; bingbot/2.0; +http://www.bing.com/bingbot.htm)"
46.118.127.218 - - [04/Apr/2020:01:55:09 +0200] "GET /buecher/ HTTP/1.1" 200 25885 "http://xxxsiterips.xyz/" "Mozilla/4.0 (compatible; MSIE 6.0; Windows NT 5.1; SV1; InfoPath.1)"
46.118.127.218 - - [04/Apr/2020:01:55:09 +0200] "GET /buecher/ HTTP/1.1" 200 25885 "http://cryptomixer.tech/" "Mozilla/4.0 (compatible; MSIE 6.0; Windows NT 5.1; MRA 4.6 (build 01425))"
46.118.127.218 - - [04/Apr/2020:01:55:09 +0200] "GET /buecher/ HTTP/1.1" 200 25885 "https://pizdeishn.net/" "Opera/9.00 (Windows NT 5.1; U; ru)"
46.118.127.218 - - [04/Apr/2020:01:55:10 +0200] "GET /buecher/ HTTP/1.1" 200 25885 "http://xxxsiterips.xyz/" "Mozilla/4.0 (compatible; MSIE 6.0; Windows NT 5.1; SV1; InfoPath.1)"
46.118.127.218 - - [04/Apr/2020:01:55:10 +0200] "GET /buecher/ HTTP/1.1" 200 25885 "http://cryptomixer.tech/" "Mozilla/4.0 (compatible; MSIE 6.0; Windows NT 5.1; MRA 4.6 (build 01425))"
46.118.127.218 - - [04/Apr/2020:01:55:10 +0200] "GET /buecher/ HTTP/1.1" 200 25885 "https://pizdeishn.net/" "Opera/9.00 (Windows NT 5.1; U; ru)"
46.118.127.218 - - [04/Apr/2020:01:55:10 +0200] "GET /buecher/ HTTP/1.1" 200 25885 "http://cryptomixer.tech/" "Mozilla/4.0 (compatible; MSIE 6.0; Windows NT 5.1; MRA 4.6 (build 01425))"
46.118.127.218 - - [04/Apr/2020:01:55:10 +0200] "GET /buecher/ HTTP/1.1" 200 25885 "http://xxxsiterips.xyz/" "Mozilla/4.0 (compatible; MSIE 6.0; Windows NT 5.1; SV1; InfoPath.1)"
46.118.127.218 - - [04/Apr/2020:01:55:10 +0200] "GET /buecher/ HTTP/1.1" 200 25885 "https://pizdeishn.net/" "Opera/9.00 (Windows NT 5.1; U; ru)"
114.119.164.167 - - [04/Apr/2020:02:02:04 +0200] "GET /jahrbuch/titelseiten/1984.jpg HTTP/1.1" 200 10434 "-" "Mozilla/5.0 (Linux; Android 7.0;) AppleWebKit/537.36 (KHTML, like Gecko) Mobile Safari/537.36 (compatible; AspiegelBot)"
114.119.160.34 - - [04/Apr/2020:02:26:16 +0200] "GET /buecher/bestellung.php HTTP/1.1" 200 10142 "-" "Mozilla/5.0 (Linux; Android 7.0;) AppleWebKit/537.36 (KHTML, like Gecko) Mobile Safari/537.36 (compatible; AspiegelBot)"
157.55.39.90 - - [04/Apr/2020:02:40:06 +0200] "GET /jahrbuch/titelseiten/1981.jpg HTTP/1.1" 200 10407 "-" "Mozilla/5.0 (compatible; bingbot/2.0; +http://www.bing.com/bingbot.htm)"
114.119.167.32 - - [04/Apr/2020:02:40:08 +0200] "GET /jahrbuch/titelseiten/1980.jpg HTTP/1.1" 200 9114 "-" "Mozilla/5.0 (Linux; Android 7.0;) AppleWebKit/537.36 (KHTML, like Gecko) Mobile Safari/537.36 (compatible; AspiegelBot)"
46.118.126.244 - - [04/Apr/2020:03:16:45 +0200] "GET /buecher/ HTTP/1.1" 200 25885 "https://publichnaya-kadastrovaja-karta.ru/" "Mozilla/4.0 (compatible; MSIE 6.0; Windows NT 5.2; Win64; x64; SV1; .NET CLR 2.0.50727)"
46.118.126.244 - - [04/Apr/2020:03:16:45 +0200] "GET /buecher/ HTTP/1.1" 200 25885 "https://publichnaya-kadastrovaja-karta.ru/" "Mozilla/4.0 (compatible; MSIE 6.0; Windows NT 5.2; Win64; x64; SV1; .NET CLR 2.0.50727)"
46.118.126.244 - - [04/Apr/2020:03:16:45 +0200] "GET /buecher/ HTTP/1.1" 200 25885 "https://publichnaya-kadastrovaja-karta.ru/" "Mozilla/4.0 (compatible; MSIE 6.0; Windows NT 5.2; Win64; x64; SV1; .NET CLR 2.0.50727)"
46.118.239.91 - - [04/Apr/2020:03:27:47 +0200] "GET /buecher/ HTTP/1.1" 200 25885 "https://predmety.in.ua/" "Mozilla/4.0 (compatible; MSIE 6.0; Windows NT 5.1) Opera 7.54 [en]"
46.118.239.91 - - [04/Apr/2020:03:27:48 +0200] "GET /buecher/ HTTP/1.1" 200 25885 "https://predmety.in.ua/" "Mozilla/4.0 (compatible; MSIE 6.0; Windows NT 5.1) Opera 7.54 [en]"
46.118.239.91 - - [04/Apr/2020:03:27:48 +0200] "GET /buecher/ HTTP/1.1" 200 25885 "https://predmety.in.ua/" "Mozilla/4.0 (compatible; MSIE 6.0; Windows NT 5.1) Opera 7.54 [en]"
84.17.47.77 - - [04/Apr/2020:03:42:47 +0200] "GET / HTTP/1.0" 200 9360 "https://crypto-mining.club/en/" "Mozilla/5.0 (Windows NT 6.3; Win64; x64) AppleWebKit/537.36 (KHTML, like Gecko) Chrome/67.0.3396.79 Safari/537.36"
84.17.47.77 - - [04/Apr/2020:03:42:47 +0200] "GET / HTTP/1.0" 200 9360 "https://crazy-mining.org/en/" "Mozilla/5.0 (Windows NT 6.1; Win64; x64) AppleWebKit/537.36 (KHTML, like Gecko) Chrome/67.0.3396.79 Safari/537.36"
84.17.47.77 - - [04/Apr/2020:03:42:49 +0200] "GET / HTTP/1.0" 200 9360 "https://cool-mining.com/" "Mozilla/5.0 (Windows NT 10.0; Win64; x64) AppleWebKit/537.36 (KHTML, like Gecko) Chrome/68.0.3440.106 Safari/537.36 OPR/55.0.2994.44"
114.119.163.32 - - [04/Apr/2020:04:00:44 +0200] "GET /jahrbuch/titelseiten/2005.jpg HTTP/1.1" 200 11448 "-" "Mozilla/5.0 (Linux; Android 7.0;) AppleWebKit/537.36 (KHTML, like Gecko) Mobile Safari/537.36 (compatible; AspiegelBot)"
178.137.162.71 - - [04/Apr/2020:04:19:15 +0200] "GET /buecher/ HTTP/1.1" 200 25885 "https://vulkan-on-line.ru/" "Mozilla/4.0 (compatible; MSIE 6.0; Windows NT 5.1; MRA 4.6 (build 01425))"
178.137.162.71 - - [04/Apr/2020:04:19:15 +0200] "GET /buecher/ HTTP/1.1" 200 25885 "https://ukr-lit.com/" "Mozilla/4.0 (compatible; MSIE 6.0; Windows NT 5.1; MRA 4.6 (build 01425))"
178.137.162.71 - - [04/Apr/2020:04:19:15 +0200] "GET /buecher/ HTTP/1.1" 200 25885 "https://vulkan-on-line.ru/" "Mozilla/4.0 (compatible; MSIE 6.0; Windows NT 5.1; MRA 4.6 (build 01425))"
178.137.162.71 - - [04/Apr/2020:04:19:15 +0200] "GET /buecher/ HTTP/1.1" 200 25885 "https://ukr-lit.com/" "Mozilla/4.0 (compatible; MSIE 6.0; Windows NT 5.1; MRA 4.6 (build 01425))"
178.137.162.71 - - [04/Apr/2020:04:19:16 +0200] "GET /buecher/ HTTP/1.1" 200 25885 "https://vulkan-on-line.ru/" "Mozilla/4.0 (compatible; MSIE 6.0; Windows NT 5.1; MRA 4.6 (build 01425))"
178.137.162.71 - - [04/Apr/2020:04:19:16 +0200] "GET /buecher/ HTTP/1.1" 200 25885 "https://ukr-lit.com/" "Mozilla/4.0 (compatible; MSIE 6.0; Windows NT 5.1; MRA 4.6 (build 01425))"
178.137.162.71 - - [04/Apr/2020:04:19:18 +0200] "GET /buecher/ HTTP/1.1" 200 25885 "https://stopnarco.ru/" "Mozilla/4.0 (compatible; MSIE 6.0; Windows NT 5.1)"
178.137.162.71 - - [04/Apr/2020:04:19:18 +0200] "GET /buecher/ HTTP/1.1" 200 25885 "https://stopnarco.ru/" "Mozilla/4.0 (compatible; MSIE 6.0; Windows NT 5.1)"
178.137.162.71 - - [04/Apr/2020:04:19:20 +0200] "GET /buecher/ HTTP/1.1" 200 25885 "https://stopnarco.ru/" "Mozilla/4.0 (compatible; MSIE 6.0; Windows NT 5.1)"
66.220.149.38 - - [04/Apr/2020:04:22:33 +0200] "HEAD / HTTP/1.1" 206 - "-" "facebookexternalhit/1.1 (+http://www.facebook.com/externalhit_uatext.php)"
66.220.149.19 - - [04/Apr/2020:04:22:39 +0200] "GET / HTTP/1.1" 206 9360 "-" "facebookexternalhit/1.1 (+http://www.facebook.com/externalhit_uatext.php)"
140.203.12.8 - - [04/Apr/2020:04:28:47 +0200] "HEAD / HTTP/1.1" 200 - "-" "Java/1.6.0_23"
46.4.83.150 - - [04/Apr/2020:04:34:55 +0200] "GET /sonderthemen/az2003.pdf HTTP/1.1" 200 4864675 "-" "Mozilla/5.0 (Windows NT 6.3; Win64; x64) AppleWebKit/537.36 (KHTML, like Gecko) Chrome/63.0.3239.132 Safari/537.36"
88.198.90.9 - - [04/Apr/2020:04:35:06 +0200] "GET /sonderthemen/az2003.pdf HTTP/1.1" 200 4864675 "-" "Mozilla/5.0 (Macintosh; Intel Mac OS X 10_6_8) AppleWebKit/534.59.8 (KHTML, like Gecko) Version/5.1.9 Safari/534.59.8"
114.119.160.34 - - [04/Apr/2020:04:38:28 +0200] "GET /robots.txt HTTP/1.1" 200 100 "-" "Mozilla/5.0 (Linux; Android 7.0;) AppleWebKit/537.36 (KHTML, like Gecko) Mobile Safari/537.36 (compatible; AspiegelBot)"
88.198.43.207 - - [04/Apr/2020:04:40:41 +0200] "GET /sonderthemen/sk2000.pdf HTTP/1.1" 200 2925489 "-" "Mozilla/5.0 (Macintosh; Intel Mac OS X 1084) AppleWebKit/536.29.13 (KHTML like Gecko) Version/6.0.4 Safari/536.29.13"
88.198.43.207 - - [04/Apr/2020:04:40:42 +0200] "GET /sonderthemen/oeaz2001.pdf HTTP/1.1" 200 4496626 "-" "Mozilla/5.0 (X11; Linux x86_64) AppleWebKit/537.36 (KHTML, like Gecko) Chrome/64.0.3282.140 Safari/537.36"
148.251.50.77 - - [04/Apr/2020:04:40:48 +0200] "GET /sonderthemen/oeaz2001.pdf HTTP/1.1" 200 4496626 "-" "Mozilla/5.0 (Macintosh; Intel Mac OS X 10_12_6) AppleWebKit/604.5.6 (KHTML, like Gecko) Version/11.0.3 Safari/604.5.6"
148.251.50.77 - - [04/Apr/2020:04:40:48 +0200] "GET /sonderthemen/sk2000.pdf HTTP/1.1" 200 2925489 "-" "Mozilla/5.0 (Macintosh; Intel Mac OS X 10_6_8) AppleWebKit/534.58.2 (KHTML, like Gecko) Version/5.1.8 Safari/534.58.2"
114.119.162.222 - - [04/Apr/2020:04:53:42 +0200] "GET /jahrbuch/titelseiten/1996.jpg HTTP/1.1" 200 11186 "-" "Mozilla/5.0 (Linux; Android 7.0;) AppleWebKit/537.36 (KHTML, like Gecko) Mobile Safari/537.36 (compatible; AspiegelBot)"
207.46.13.68 - - [04/Apr/2020:05:00:40 +0200] "GET /sonderthemen/sk2002.pdf HTTP/1.1" 304 - "-" "Mozilla/5.0 (compatible; bingbot/2.0; +http://www.bing.com/bingbot.htm)"
114.119.164.167 - - [04/Apr/2020:05:14:50 +0200] "GET /jahrbuch/titelseiten/1988.jpg HTTP/1.1" 200 11285 "-" "Mozilla/5.0 (Linux; Android 7.0;) AppleWebKit/537.36 (KHTML, like Gecko) Mobile Safari/537.36 (compatible; AspiegelBot)"
207.46.13.203 - - [04/Apr/2020:05:29:12 +0200] "GET /jahrbuch/titelseiten/1957.jpg HTTP/1.1" 200 12765 "-" "Mozilla/5.0 (compatible; bingbot/2.0; +http://www.bing.com/bingbot.htm)"
144.76.102.243 - - [04/Apr/2020:05:47:16 +0200] "GET /sonderthemen/sk2004_s01.pdf HTTP/1.1" 200 162742 "-" "Mozilla/5.0 (Macintosh; Intel Mac OS X 10_13_2) AppleWebKit/537.36 (KHTML, like Gecko) Chrome/63.0.3239.132 Safari/537.36"
77.220.215.153 - - [04/Apr/2020:05:56:01 +0200] "HEAD / HTTP/1.1" 200 - "https://rfserials.online/pervyj-kanal/muzhskoe-zhenskoe" "Mozilla/7.0 (compatible; MSIE2.00; Windows 2009)"
85.209.89.216 - - [04/Apr/2020:05:56:01 +0200] "HEAD / HTTP/1.1" 200 - "https://lviv.sq.com.ua" "Mozilla/8.0 (compatible; MSIE2.00; Windows 2003)"
85.209.89.224 - - [04/Apr/2020:05:56:01 +0200] "HEAD / HTTP/1.1" 200 - "https://metaphysican.com/rukodelie/" "Mozilla/5.0 (compatible; MSIE3.00; Windows 2003)"
85.209.89.241 - - [04/Apr/2020:05:56:01 +0200] "HEAD / HTTP/1.1" 200 - "https://zvezda-fc.ru/lyga-chempionov" "Mozilla/8.0 (compatible; MSIE7.00; Windows 2008)"
85.209.89.217 - - [04/Apr/2020:05:56:01 +0200] "HEAD / HTTP/1.1" 200 - "https://dontimes.news/ukraina/" "Mozilla/7.0 (compatible; MSIE5.00; Windows 2008)"
85.209.89.205 - - [04/Apr/2020:05:56:01 +0200] "HEAD / HTTP/1.1" 200 - "https://freesmi.by/category/politika" "Mozilla/7.0 (compatible; MSIE2.00; Windows 2007)"
185.209.20.147 - - [04/Apr/2020:05:56:02 +0200] "HEAD / HTTP/1.1" 200 - "https://kotruck-service.ru/technique/avtobusy/" "Mozilla/4.0 (compatible; MSIE6.00; Windows 2003)"
185.203.240.129 - - [04/Apr/2020:05:56:02 +0200] "HEAD / HTTP/1.1" 200 - "https://mistore-russia.ru/catalog/smartfony-xiaomi-redmi-note-8-pro/" "Mozilla/6.0 (compatible; MSIE4.00; Windows 2003)"
185.224.132.45 - - [04/Apr/2020:05:56:02 +0200] "HEAD / HTTP/1.1" 200 - "https://www.alphaplatforms.com/our-equipment/truck-mounts/s-120/" "Mozilla/3.0 (compatible; MSIE7.00; Windows 2006)"
212.86.109.31 - - [04/Apr/2020:05:56:03 +0200] "HEAD / HTTP/1.1" 200 - "https://kabinet-bank.ru/" "Mozilla/5.0 (compatible; MSIE6.00; Windows 2004)"
114.119.163.96 - - [04/Apr/2020:06:00:41 +0200] "GET /buecher/gesichter/08.jpg HTTP/1.1" 200 10437 "-" "Mozilla/5.0 (Linux; Android 7.0;) AppleWebKit/537.36 (KHTML, like Gecko) Mobile Safari/537.36 (compatible; AspiegelBot)"
185.125.219.13 - - [04/Apr/2020:06:08:43 +0200] "HEAD / HTTP/1.1" 200 - "https://gofelicitari.com/sfintul-petru-si-pavel.html" "Mozilla/3.0 (compatible; MSIE5.00; Windows 2003)"
185.5.249.185 - - [04/Apr/2020:06:09:31 +0200] "HEAD / HTTP/1.1" 200 - "https://www.best-drinks.com.ua/vina-ru/" "Mozilla/5.0 (compatible; MSIE6.00; Windows 2004)"
193.124.188.83 - - [04/Apr/2020:06:21:18 +0200] "HEAD / HTTP/1.1" 200 - "https://snab.kiev.ua/laser-gravirovka" "Mozilla/2.0 (compatible; MSIE2.00; Windows 2006)"
193.124.190.18 - - [04/Apr/2020:06:21:19 +0200] "HEAD / HTTP/1.1" 200 - "https://www.gudzik.kiev.ua/businy" "Mozilla/4.0 (compatible; MSIE2.00; Windows 2004)"
193.124.188.188 - - [04/Apr/2020:06:21:19 +0200] "HEAD / HTTP/1.1" 200 - "https://www.komplaens-audit.top/stat-komplaens-audit/audit-i-suputni-auditi-poslugi.html" "Mozilla/2.0 (compatible; MSIE4.00; Windows 2002)"
194.67.210.77 - - [04/Apr/2020:06:21:19 +0200] "HEAD / HTTP/1.1" 200 - "https://infertility.su/services/artificial_insemination/" "Mozilla/8.0 (compatible; MSIE5.00; Windows 2004)"
193.124.191.92 - - [04/Apr/2020:06:21:19 +0200] "HEAD / HTTP/1.1" 200 - "https://prodaiteego.ru/metallicheskie-bytovki/" "Mozilla/4.0 (compatible; MSIE2.00; Windows 2006)"
194.67.207.94 - - [04/Apr/2020:06:21:20 +0200] "HEAD / HTTP/1.1" 200 - "https://dymohod-m.ru/dymokhody/promyshlennye-dymokhody/" "Mozilla/4.0 (compatible; MSIE3.00; Windows 2007)"
194.67.207.9 - - [04/Apr/2020:06:21:22 +0200] "HEAD / HTTP/1.1" 200 - "https://alum.moscow/doors/" "Mozilla/8.0 (compatible; MSIE6.00; Windows 2003)"
114.119.161.158 - - [04/Apr/2020:06:27:59 +0200] "GET /jahrbuch/titelseiten/1964.jpg HTTP/1.1" 200 8794 "-" "Mozilla/5.0 (Linux; Android 7.0;) AppleWebKit/537.36 (KHTML, like Gecko) Mobile Safari/537.36 (compatible; AspiegelBot)"
114.119.162.222 - - [04/Apr/2020:06:42:29 +0200] "GET /buecher/gesichter/03.jpg HTTP/1.1" 200 10026 "-" "Mozilla/5.0 (Linux; Android 7.0;) AppleWebKit/537.36 (KHTML, like Gecko) Mobile Safari/537.36 (compatible; AspiegelBot)"
54.36.149.103 - - [04/Apr/2020:07:09:10 +0200] "GET /robots.txt HTTP/1.1" 200 100 "-" "Mozilla/5.0 (compatible; AhrefsBot/6.1; +http://ahrefs.com/robot/)"
66.249.64.244 - - [04/Apr/2020:07:18:57 +0200] "GET / HTTP/1.1" 200 9360 "-" "Mozilla/5.0 (Linux; Android 6.0.1; Nexus 5X Build/MMB29P) AppleWebKit/537.36 (KHTML, like Gecko) Chrome/41.0.2272.96 Mobile Safari/537.36 (compatible; Googlebot/2.1; +http://www.google.com/bot.html)"
216.244.66.237 - - [04/Apr/2020:07:43:33 +0200] "GET /robots.txt HTTP/1.1" 200 100 "-" "Mozilla/5.0 (compatible; DotBot/1.1; http://www.opensiteexplorer.org/dotbot, help@moz.com)"
78.46.94.83 - - [04/Apr/2020:07:46:47 +0200] "GET /sonderthemen/az2000.pdf HTTP/1.1" 200 2253581 "-" "Mozilla/5.0 (X11; Linux x86_64) AppleWebKit/537.36 (KHTML, like Gecko) Chrome/63.0.3239.132 Safari/537.36"
216.244.66.237 - - [04/Apr/2020:07:48:51 +0200] "GET /sonderthemen/oekt_extra3.pdf HTTP/1.1" 200 2109745 "-" "Mozilla/5.0 (compatible; DotBot/1.1; http://www.opensiteexplorer.org/dotbot, help@moz.com)"
114.119.163.32 - - [04/Apr/2020:08:03:32 +0200] "GET /jahrbuch/titelseiten/1990.jpg HTTP/1.1" 200 11215 "-" "Mozilla/5.0 (Linux; Android 7.0;) AppleWebKit/537.36 (KHTML, like Gecko) Mobile Safari/537.36 (compatible; AspiegelBot)"
114.119.163.96 - - [04/Apr/2020:08:09:32 +0200] "GET /buecher/gesichter/17.jpg HTTP/1.1" 200 7587 "-" "Mozilla/5.0 (Linux; Android 7.0;) AppleWebKit/537.36 (KHTML, like Gecko) Mobile Safari/537.36 (compatible; AspiegelBot)"
114.119.167.32 - - [04/Apr/2020:08:15:34 +0200] "GET /jahrbuch/titelseiten/2007.jpg HTTP/1.1" 200 6748 "-" "Mozilla/5.0 (Linux; Android 7.0;) AppleWebKit/537.36 (KHTML, like Gecko) Mobile Safari/537.36 (compatible; AspiegelBot)"
114.119.167.244 - - [04/Apr/2020:08:33:43 +0200] "GET /jahrbuch/titelseiten/1995.jpg HTTP/1.1" 200 10632 "-" "Mozilla/5.0 (Linux; Android 7.0;) AppleWebKit/537.36 (KHTML, like Gecko) Mobile Safari/537.36 (compatible; AspiegelBot)"
114.119.161.158 - - [04/Apr/2020:09:12:36 +0200] "GET /jahrbuch/titelseiten/1969.jpg HTTP/1.1" 200 8422 "-" "Mozilla/5.0 (Linux; Android 7.0;) AppleWebKit/537.36 (KHTML, like Gecko) Mobile Safari/537.36 (compatible; AspiegelBot)"
216.244.66.237 - - [04/Apr/2020:09:16:14 +0200] "GET /buecher/rezensionen_krise_zum_heil.html HTTP/1.1" 200 9828 "-" "Mozilla/5.0 (compatible; DotBot/1.1; http://www.opensiteexplorer.org/dotbot, help@moz.com)"
114.119.163.96 - - [04/Apr/2020:09:18:35 +0200] "GET /buecher/gesichter/20.jpg HTTP/1.1" 200 8785 "-" "Mozilla/5.0 (Linux; Android 7.0;) AppleWebKit/537.36 (KHTML, like Gecko) Mobile Safari/537.36 (compatible; AspiegelBot)"
114.119.163.32 - - [04/Apr/2020:09:24:33 +0200] "GET /buecher/gesichter/26.jpg HTTP/1.1" 200 8027 "-" "Mozilla/5.0 (Linux; Android 7.0;) AppleWebKit/537.36 (KHTML, like Gecko) Mobile Safari/537.36 (compatible; AspiegelBot)"
114.119.163.96 - - [04/Apr/2020:09:30:29 +0200] "GET /buecher/gesichter/14.jpg HTTP/1.1" 200 7847 "-" "Mozilla/5.0 (Linux; Android 7.0;) AppleWebKit/537.36 (KHTML, like Gecko) Mobile Safari/537.36 (compatible; AspiegelBot)"
77.88.9.132 - - [04/Apr/2020:09:31:27 +0200] "GET /robots.txt HTTP/1.1" 200 100 "-" "Mozilla/5.0 (compatible; YandexBot/3.0; +http://yandex.com/bots)"
77.88.9.132 - - [04/Apr/2020:09:31:31 +0200] "GET /buecher/veroeffentlichungsliste.html HTTP/1.1" 200 129779 "-" "Mozilla/5.0 (compatible; YandexBot/3.0; +http://yandex.com/bots)"
114.119.164.167 - - [04/Apr/2020:09:36:28 +0200] "GET /jahrbuch/titelseiten/1968.jpg HTTP/1.1" 200 10477 "-" "Mozilla/5.0 (Linux; Android 7.0;) AppleWebKit/537.36 (KHTML, like Gecko) Mobile Safari/537.36 (compatible; AspiegelBot)"
95.216.96.245 - - [04/Apr/2020:09:41:20 +0200] "GET /robots.txt HTTP/1.1" 200 100 "-" "Mozilla/5.0 (compatible; SEOkicks; +https://www.seokicks.de/robot.html)"
95.216.96.245 - - [04/Apr/2020:09:41:21 +0200] "GET / HTTP/1.1" 200 9360 "-" "Mozilla/5.0 (compatible; SEOkicks; +https://www.seokicks.de/robot.html)"
95.216.96.245 - - [04/Apr/2020:09:41:22 +0200] "GET /buecher/index.html HTTP/1.1" 200 25885 "http://www.morusverlag.de/" "Mozilla/5.0 (compatible; SEOkicks; +https://www.seokicks.de/robot.html)"
95.216.96.245 - - [04/Apr/2020:09:41:23 +0200] "GET /cds/index.html HTTP/1.1" 200 7987 "http://www.morusverlag.de/" "Mozilla/5.0 (compatible; SEOkicks; +https://www.seokicks.de/robot.html)"
95.216.96.245 - - [04/Apr/2020:09:41:24 +0200] "GET /gotteslob/index.html HTTP/1.1" 200 2770 "http://www.morusverlag.de/" "Mozilla/5.0 (compatible; SEOkicks; +https://www.seokicks.de/robot.html)"
95.216.96.245 - - [04/Apr/2020:09:41:26 +0200] "GET /jahrbuch/index.html HTTP/1.1" 200 3956 "http://www.morusverlag.de/" "Mozilla/5.0 (compatible; SEOkicks; +https://www.seokicks.de/robot.html)"
95.216.96.245 - - [04/Apr/2020:09:41:28 +0200] "GET /sonderthemen/index.html HTTP/1.1" 200 7102 "http://www.morusverlag.de/" "Mozilla/5.0 (compatible; SEOkicks; +https://www.seokicks.de/robot.html)"
95.216.96.245 - - [04/Apr/2020:09:41:31 +0200] "GET /kontakt/index.html HTTP/1.1" 200 2896 "http://www.morusverlag.de/" "Mozilla/5.0 (compatible; SEOkicks; +https://www.seokicks.de/robot.html)"
95.216.96.245 - - [04/Apr/2020:09:41:32 +0200] "GET /impressum.html HTTP/1.1" 200 2808 "http://www.morusverlag.de/" "Mozilla/5.0 (compatible; SEOkicks; +https://www.seokicks.de/robot.html)"
66.249.64.246 - - [04/Apr/2020:09:49:25 +0200] "GET / HTTP/1.1" 200 9360 "-" "Mozilla/5.0 (compatible; Googlebot/2.1; +http://www.google.com/bot.html)"
157.55.39.72 - - [04/Apr/2020:10:32:34 +0200] "GET /cds/hymnos.jpg HTTP/1.1" 200 27752 "-" "Mozilla/5.0 (compatible; bingbot/2.0; +http://www.bing.com/bingbot.htm)"
216.244.66.237 - - [04/Apr/2020:10:41:37 +0200] "GET /sonderthemen/sk2002.pdf HTTP/1.1" 200 2628923 "-" "Mozilla/5.0 (compatible; DotBot/1.1; http://www.opensiteexplorer.org/dotbot, help@moz.com)"
207.46.13.203 - - [04/Apr/2020:11:42:37 +0200] "GET /jahrbuch/titelseiten/1964.jpg HTTP/1.1" 200 8794 "-" "Mozilla/5.0 (compatible; bingbot/2.0; +http://www.bing.com/bingbot.htm)"
114.119.167.32 - - [04/Apr/2020:11:44:12 +0200] "GET /robots.txt HTTP/1.1" 200 100 "-" "Mozilla/5.0 (Linux; Android 7.0;) AppleWebKit/537.36 (KHTML, like Gecko) Mobile Safari/537.36 (compatible; AspiegelBot)"
114.119.163.96 - - [04/Apr/2020:12:16:27 +0200] "GET /buecher/gesichter/18.jpg HTTP/1.1" 200 8757 "-" "Mozilla/5.0 (Linux; Android 7.0;) AppleWebKit/537.36 (KHTML, like Gecko) Mobile Safari/537.36 (compatible; AspiegelBot)"
114.119.161.36 - - [04/Apr/2020:12:22:24 +0200] "GET /jahrbuch/titelseiten/2011.jpg HTTP/1.1" 200 8403 "-" "Mozilla/5.0 (Linux; Android 7.0;) AppleWebKit/537.36 (KHTML, like Gecko) Mobile Safari/537.36 (compatible; AspiegelBot)"
17.58.102.76 - - [04/Apr/2020:12:25:13 +0200] "GET /robots.txt HTTP/1.1" 200 100 "-" "Mozilla/5.0 (Macintosh; Intel Mac OS X 10_10_1) AppleWebKit/600.2.5 (KHTML, like Gecko) Version/8.0.2 Safari/600.2.5 (Applebot/0.1; +http://www.apple.com/go/applebot)"
17.58.96.45 - - [04/Apr/2020:12:25:14 +0200] "GET / HTTP/1.1" 200 9360 "-" "Mozilla/5.0 (Macintosh; Intel Mac OS X 10_10_1) AppleWebKit/600.2.5 (KHTML, like Gecko) Version/8.0.2 Safari/600.2.5 (Applebot/0.1; +http://www.apple.com/go/applebot)"
108.59.8.70 - - [04/Apr/2020:12:41:21 +0200] "GET /robots.txt HTTP/1.1" 200 100 "-" "Mozilla/5.0 (compatible; MJ12bot/v1.4.8; http://mj12bot.com/)"
108.59.8.70 - - [04/Apr/2020:12:41:54 +0200] "GET / HTTP/1.1" 200 9360 "-" "Mozilla/5.0 (compatible; MJ12bot/v1.4.8; http://mj12bot.com/)"
46.229.168.130 - - [04/Apr/2020:12:53:20 +0200] "GET /robots.txt HTTP/1.1" 200 100 "-" "Mozilla/5.0 (compatible; SemrushBot/6~bl; +http://www.semrush.com/bot.html)"
46.229.168.149 - - [04/Apr/2020:12:53:23 +0200] "GET /buecher/rezensionen_leiblichkeit_und_zeitlichkeit.html HTTP/1.1" 200 8821 "-" "Mozilla/5.0 (compatible; SemrushBot/6~bl; +http://www.semrush.com/bot.html)"
46.229.168.138 - - [04/Apr/2020:12:59:55 +0200] "GET /buecher/rezensionen.html HTTP/1.1" 200 6964 "-" "Mozilla/5.0 (compatible; SemrushBot/6~bl; +http://www.semrush.com/bot.html)"
78.46.94.83 - - [04/Apr/2020:13:39:54 +0200] "GET /buecher/ HTTP/1.1" 200 25885 "-" "Mozilla/5.0 (Windows NT 6.1; WOW64; Trident/7.0; rv:11.0) like Gecko"
114.119.163.96 - - [04/Apr/2020:13:56:26 +0200] "GET /jahrbuch/titelseiten/2001.jpg HTTP/1.1" 200 7909 "-" "Mozilla/5.0 (Linux; Android 7.0;) AppleWebKit/537.36 (KHTML, like Gecko) Mobile Safari/537.36 (compatible; AspiegelBot)"
144.76.102.243 - - [04/Apr/2020:14:07:57 +0200] "GET /sonderthemen/sk2002.pdf HTTP/1.1" 200 2628923 "-" "Mozilla/5.0 (Windows NT 6.1; Win64; x64) AppleWebKit/537.36 (KHTML, like Gecko) Chrome/64.0.3282.119 Safari/537.36"
207.46.13.91 - - [04/Apr/2020:14:07:59 +0200] "GET /index.html HTTP/1.1" 200 9360 "-" "Mozilla/5.0 (compatible; bingbot/2.0; +http://www.bing.com/bingbot.htm)"
88.198.90.9 - - [04/Apr/2020:14:08:14 +0200] "GET /sonderthemen/sk2002.pdf HTTP/1.1" 200 2628923 "-" "Mozilla/5.0 (Windows NT 10.0; Win64; x64) AppleWebKit/537.36 (KHTML, like Gecko) Chrome/63.0.3239.132 Safari/537.36 OPR/50.0.2762.58"
78.46.90.120 - - [04/Apr/2020:14:08:48 +0200] "GET /sonderthemen/sk2002.pdf HTTP/1.1" 200 2628923 "-" "Mozilla/5.0 (Windows NT 10.0; Win64; x64) AppleWebKit/537.36 (KHTML, like Gecko) Chrome/63.0.3239.132 Safari/537.36 OPR/50.0.2762.67"
209.17.96.234 - - [04/Apr/2020:14:13:33 +0200] "GET / HTTP/1.1" 200 9360 "-" "Mozilla/5.0 (compatible; Nimbostratus-Bot/v1.3.2; http://cloudsystemnetworks.com)"
85.209.89.224 - - [04/Apr/2020:14:28:09 +0200] "HEAD / HTTP/1.1" 200 - "https://partnerskie-rody.com/category/obzory-metodik-dlya-rodov/" "Mozilla/8.0 (compatible; MSIE7.00; Windows 2003)"
185.209.20.147 - - [04/Apr/2020:14:28:10 +0200] "HEAD / HTTP/1.1" 200 - "https://akloni.com/blog/posts/tag/1#cat" "Mozilla/5.0 (compatible; MSIE2.00; Windows 2009)"
185.203.240.129 - - [04/Apr/2020:14:28:10 +0200] "HEAD / HTTP/1.1" 200 - "https://kocos.kz/ingredienty-v-kosmetike/isohexadecane/" "Mozilla/2.0 (compatible; MSIE7.00; Windows 2007)"
85.209.89.241 - - [04/Apr/2020:14:28:26 +0200] "HEAD / HTTP/1.1" 200 - "https://ag4x4.ru/" "Mozilla/6.0 (compatible; MSIE3.00; Windows 2004)"
185.224.132.45 - - [04/Apr/2020:14:30:30 +0200] "HEAD / HTTP/1.1" 200 - "https://www.penza-press.ru/aktualno-na-segodnya" "Mozilla/7.0 (compatible; MSIE5.00; Windows 2008)"
194.67.210.77 - - [04/Apr/2020:14:38:35 +0200] "HEAD / HTTP/1.1" 200 - "https://www.sq.com.ua/rus/news/energonezavisimost/" "Mozilla/8.0 (compatible; MSIE6.00; Windows 2003)"
194.67.207.9 - - [04/Apr/2020:14:38:37 +0200] "HEAD / HTTP/1.1" 200 - "http://pr.ua/catalog/news/108" "Mozilla/4.0 (compatible; MSIE5.00; Windows 2003)"
66.249.64.246 - - [04/Apr/2020:14:41:06 +0200] "GET /sonderthemen/oeaz2002.pdf HTTP/1.1" 304 - "-" "Mozilla/5.0 (Linux; Android 6.0.1; Nexus 5X Build/MMB29P) AppleWebKit/537.36 (KHTML, like Gecko) Chrome/41.0.2272.96 Mobile Safari/537.36 (compatible; Googlebot/2.1; +http://www.google.com/bot.html)"
193.124.188.83 - - [04/Apr/2020:14:44:06 +0200] "HEAD / HTTP/1.1" 200 - "https://avto-second.com.ua/index.php?route=product/product&path=63_187&product_id=168" "Mozilla/3.0 (compatible; MSIE2.00; Windows 2009)"
193.124.190.18 - - [04/Apr/2020:14:45:27 +0200] "HEAD / HTTP/1.1" 200 - "https://mmo-arena.ru/luchshie-onlajn-igry" "Mozilla/2.0 (compatible; MSIE6.00; Windows 2007)"
114.119.161.128 - - [04/Apr/2020:15:16:09 +0200] "GET /buecher/gesichter/27.jpg HTTP/1.1" 200 8110 "-" "Mozilla/5.0 (Linux; Android 7.0;) AppleWebKit/537.36 (KHTML, like Gecko) Mobile Safari/537.36 (compatible; AspiegelBot)"
114.119.167.32 - - [04/Apr/2020:15:22:10 +0200] "GET /buecher/gesichter/11.jpg HTTP/1.1" 200 6175 "-" "Mozilla/5.0 (Linux; Android 7.0;) AppleWebKit/537.36 (KHTML, like Gecko) Mobile Safari/537.36 (compatible; AspiegelBot)"
109.102.111.63 - - [04/Apr/2020:15:26:09 +0200] "GET / HTTP/1.1" 200 9360 "-" "Mozilla/5.0 (Windows NT 10.0; WOW64) AppleWebKit/537.36 (KHTML, like Gecko) Chrome/67.0.3396.18 Safari/537.36"
109.102.111.63 - - [04/Apr/2020:15:26:10 +0200] "GET /kontakt/index.html HTTP/1.1" 200 2896 "http://www.morusverlag.de" "Mozilla/5.0 (Windows NT 10.0; WOW64) AppleWebKit/537.36 (KHTML, like Gecko) Chrome/67.0.3396.18 Safari/537.36"
109.102.111.63 - - [04/Apr/2020:15:26:10 +0200] "GET /impressum.html HTTP/1.1" 200 2808 "http://www.morusverlag.de" "Mozilla/5.0 (Windows NT 10.0; WOW64) AppleWebKit/537.36 (KHTML, like Gecko) Chrome/67.0.3396.18 Safari/537.36"
114.119.161.36 - - [04/Apr/2020:15:28:08 +0200] "GET /jahrbuch/titelseiten/2002.jpg HTTP/1.1" 200 11036 "-" "Mozilla/5.0 (Linux; Android 7.0;) AppleWebKit/537.36 (KHTML, like Gecko) Mobile Safari/537.36 (compatible; AspiegelBot)"
84.17.47.77 - - [04/Apr/2020:15:37:43 +0200] "GET / HTTP/1.0" 200 9360 "https://shopsellcardsdumps.com" "Mozilla/5.0 (Windows NT 6.3; Win64; x64) AppleWebKit/537.36 (KHTML, like Gecko) Chrome/67.0.3396.79 Safari/537.36"
84.17.47.77 - - [04/Apr/2020:15:37:44 +0200] "GET / HTTP/1.0" 200 9360 "https://valid-cc.com" "Mozilla/5.0 (Windows NT 6.1) AppleWebKit/537.36 (KHTML, like Gecko) Chrome/67.0.3396.99 Safari/537.36"
84.17.47.77 - - [04/Apr/2020:15:38:33 +0200] "GET / HTTP/1.0" 200 9360 "https://www.affiliate-programs.biz/how-to-sell-in-affiliate-marketing/" "Mozilla/5.0 (Windows NT 6.1) AppleWebKit/537.36 (KHTML, like Gecko) Chrome/67.0.3396.99 Safari/537.36 Kinza/4.8.2"
114.119.163.32 - - [04/Apr/2020:16:28:05 +0200] "GET /jahrbuch/titelseiten/1979.jpg HTTP/1.1" 200 12108 "-" "Mozilla/5.0 (Linux; Android 7.0;) AppleWebKit/537.36 (KHTML, like Gecko) Mobile Safari/537.36 (compatible; AspiegelBot)"
114.119.164.167 - - [04/Apr/2020:16:39:18 +0200] "GET /buecher/gesichter/16.jpg HTTP/1.1" 200 8367 "-" "Mozilla/5.0 (Linux; Android 7.0;) AppleWebKit/537.36 (KHTML, like Gecko) Mobile Safari/537.36 (compatible; AspiegelBot)"
114.119.163.32 - - [04/Apr/2020:18:27:15 +0200] "GET /jahrbuch/titelseiten/2010.jpg HTTP/1.1" 200 9104 "-" "Mozilla/5.0 (Linux; Android 7.0;) AppleWebKit/537.36 (KHTML, like Gecko) Mobile Safari/537.36 (compatible; AspiegelBot)"
148.251.50.77 - - [04/Apr/2020:18:34:00 +0200] "GET /sonderthemen/az2003.pdf HTTP/1.1" 200 4864675 "-" "Mozilla/5.0 (X11; Linux x86_64; rv:58.0) Gecko/20100101 Firefox/58.0"
114.119.162.222 - - [04/Apr/2020:18:37:20 +0200] "GET /robots.txt HTTP/1.1" 200 100 "-" "Mozilla/5.0 (Linux; Android 7.0;) AppleWebKit/537.36 (KHTML, like Gecko) Mobile Safari/537.36 (compatible; AspiegelBot)"
185.209.20.147 - - [04/Apr/2020:18:42:31 +0200] "HEAD / HTTP/1.1" 200 - "https://radiogo.ru/rock/" "Mozilla/4.0 (compatible; MSIE6.00; Windows 2006)"
77.220.215.153 - - [04/Apr/2020:18:44:26 +0200] "HEAD / HTTP/1.1" 200 - "https://lanet.tv/" "Mozilla/7.0 (compatible; MSIE2.00; Windows 2008)"
157.55.39.90 - - [04/Apr/2020:18:44:52 +0200] "GET /sonderthemen/sk2001.pdf HTTP/1.1" 200 3098589 "-" "Mozilla/5.0 (compatible; bingbot/2.0; +http://www.bing.com/bingbot.htm)"
88.198.90.9 - - [04/Apr/2020:18:48:03 +0200] "GET /sonderthemen/sk2000.pdf HTTP/1.1" 200 2925489 "-" "Mozilla/5.0 (Macintosh; Intel Mac OS X 10_13_1) AppleWebKit/537.36 (KHTML, like Gecko) Chrome/63.0.3239.132 Safari/537.36"
85.209.89.224 - - [04/Apr/2020:18:50:00 +0200] "HEAD / HTTP/1.1" 200 - "https://esthete-cleaning.ru/uslugi/" "Mozilla/6.0 (compatible; MSIE2.00; Windows 2008)"
85.209.89.241 - - [04/Apr/2020:18:52:05 +0200] "HEAD / HTTP/1.1" 200 - "https://spb.findquiz.ru" "Mozilla/6.0 (compatible; MSIE5.00; Windows 2004)"
185.224.132.45 - - [04/Apr/2020:18:53:36 +0200] "HEAD / HTTP/1.1" 200 - "https://good-com.ru/articles/krysha-svoimi-rukami.html" "Mozilla/2.0 (compatible; MSIE5.00; Windows 2007)"
114.119.161.128 - - [04/Apr/2020:18:54:32 +0200] "GET / HTTP/1.1" 200 9360 "-" "Mozilla/5.0 (Linux; Android 7.0;) AppleWebKit/537.36 (KHTML, like Gecko) Mobile Safari/537.36 (compatible; AspiegelBot)"
66.249.64.242 - - [04/Apr/2020:19:02:59 +0200] "GET /robots.txt HTTP/1.1" 200 100 "-" "Mozilla/5.0 (compatible; Googlebot/2.1; +http://www.google.com/bot.html)"
66.249.64.244 - - [04/Apr/2020:19:02:59 +0200] "GET / HTTP/1.1" 200 9360 "-" "Mozilla/5.0 (Linux; Android 6.0.1; Nexus 5X Build/MMB29P) AppleWebKit/537.36 (KHTML, like Gecko) Chrome/41.0.2272.96 Mobile Safari/537.36 (compatible; Googlebot/2.1; +http://www.google.com/bot.html)"
194.67.210.77 - - [04/Apr/2020:19:14:07 +0200] "HEAD / HTTP/1.1" 200 - "https://www.alcoshop15.ru/vodka/vodka-carskaya-original-naya-1l" "Mozilla/6.0 (compatible; MSIE2.00; Windows 2008)"
