193.110.207.78 - - [06/Jan/2014:11:03:38 +0100] "GET /images/layout/nav-hover-end.jpg HTTP/1.1" 200 780 "http://www.modeinstitut-berlin.de/" "Mozilla/4.0 (compatible; MSIE 7.0; Windows NT 5.1; .NET CLR 2.0.50727; .NET CLR 3.0.04506.30; .NET CLR 3.0.04506.648)"
193.110.207.78 - - [06/Jan/2014:11:03:43 +0100] "GET /bestellsystem/kundenlogin/ HTTP/1.1" 200 4528 "http://www.modeinstitut-berlin.de/" "Mozilla/4.0 (compatible; MSIE 7.0; Windows NT 5.1; .NET CLR 2.0.50727; .NET CLR 3.0.04506.30; .NET CLR 3.0.04506.648)"
91.65.199.1 - - [06/Jan/2014:11:03:45 +0100] "GET /unternehmen/aktuelles/ HTTP/1.1" 200 5767 "http://www.modeinstitut-berlin.de/unternehmen/servicecenter/Service-Center-Berlin-Schoeneberg/" "Mozilla/5.0 (Windows NT 6.1; WOW64; rv:26.0) Gecko/20100101 Firefox/26.0"
193.110.207.78 - - [06/Jan/2014:11:03:51 +0100] "GET / HTTP/1.1" 200 2050 "http://www.modeinstitut-berlin.de/" "Mozilla/4.0 (compatible; MSIE 7.0; Windows NT 5.1; .NET CLR 2.0.50727; .NET CLR 3.0.04506.30; .NET CLR 3.0.04506.648)"
193.110.207.78 - - [06/Jan/2014:11:04:02 +0100] "GET /unternehmen/servicecenter/ HTTP/1.1" 200 5785 "http://www.modeinstitut-berlin.de/" "Mozilla/4.0 (compatible; MSIE 7.0; Windows NT 5.1; .NET CLR 2.0.50727; .NET CLR 3.0.04506.30; .NET CLR 3.0.04506.648)"
193.110.207.78 - - [06/Jan/2014:11:04:02 +0100] "GET /images/layout/spc.gif HTTP/1.1" 200 43 "http://www.modeinstitut-berlin.de/unternehmen/servicecenter/" "Mozilla/4.0 (compatible; MSIE 7.0; Windows NT 5.1; .NET CLR 2.0.50727; .NET CLR 3.0.04506.30; .NET CLR 3.0.04506.648)"
193.110.207.78 - - [06/Jan/2014:11:04:02 +0100] "GET /images/motive/image-sidebox_deutschland.jpg HTTP/1.1" 200 30846 "http://www.modeinstitut-berlin.de/unternehmen/servicecenter/" "Mozilla/4.0 (compatible; MSIE 7.0; Windows NT 5.1; .NET CLR 2.0.50727; .NET CLR 3.0.04506.30; .NET CLR 3.0.04506.648)"
91.65.199.1 - - [06/Jan/2014:11:04:13 +0100] "GET /impressum/ HTTP/1.1" 200 5301 "http://www.modeinstitut-berlin.de/unternehmen/servicecenter/Service-Center-Berlin-Schoeneberg/" "Mozilla/5.0 (Windows NT 6.1; WOW64; rv:26.0) Gecko/20100101 Firefox/26.0"
193.110.207.78 - - [06/Jan/2014:11:04:18 +0100] "GET /unternehmen/aktuelles/ HTTP/1.1" 200 5767 "http://www.modeinstitut-berlin.de/unternehmen/servicecenter/" "Mozilla/4.0 (compatible; MSIE 7.0; Windows NT 5.1; .NET CLR 2.0.50727; .NET CLR 3.0.04506.30; .NET CLR 3.0.04506.648)"
193.110.207.78 - - [06/Jan/2014:11:04:29 +0100] "GET /unternehmen/aktuelles/ HTTP/1.1" 200 5767 "http://www.modeinstitut-berlin.de/unternehmen/aktuelles/" "Mozilla/4.0 (compatible; MSIE 7.0; Windows NT 5.1; .NET CLR 2.0.50727; .NET CLR 3.0.04506.30; .NET CLR 3.0.04506.648)"
91.65.199.1 - - [06/Jan/2014:11:04:35 +0100] "GET /kontakt/kontaktdaten/ HTTP/1.1" 200 6304 "http://www.modeinstitut-berlin.de/impressum/" "Mozilla/5.0 (Windows NT 6.1; WOW64; rv:26.0) Gecko/20100101 Firefox/26.0"
5.10.83.14 - - [06/Jan/2014:11:04:42 +0100] "GET /unternehmen/aktuelles/wowereit/ HTTP/1.1" 200 7480 "-" "Mozilla/5.0 (compatible; AhrefsBot/5.0; +http://ahrefs.com/robot/)"
91.65.199.1 - - [06/Jan/2014:11:04:51 +0100] "GET /referenzen/auszug/ HTTP/1.1" 200 6434 "http://www.modeinstitut-berlin.de/kontakt/kontaktdaten/" "Mozilla/5.0 (Windows NT 6.1; WOW64; rv:26.0) Gecko/20100101 Firefox/26.0"
91.65.199.1 - - [06/Jan/2014:11:04:51 +0100] "GET /images/motive/logos/Pin-Mail.jpg HTTP/1.1" 200 18155 "http://www.modeinstitut-berlin.de/referenzen/auszug/" "Mozilla/5.0 (Windows NT 6.1; WOW64; rv:26.0) Gecko/20100101 Firefox/26.0"
91.65.199.1 - - [06/Jan/2014:11:04:51 +0100] "GET /images/motive/logos/bvg.jpg HTTP/1.1" 200 17033 "http://www.modeinstitut-berlin.de/referenzen/auszug/" "Mozilla/5.0 (Windows NT 6.1; WOW64; rv:26.0) Gecko/20100101 Firefox/26.0"
91.65.199.1 - - [06/Jan/2014:11:04:51 +0100] "GET /images/motive/logos/bayrischer.jpg HTTP/1.1" 200 15953 "http://www.modeinstitut-berlin.de/referenzen/auszug/" "Mozilla/5.0 (Windows NT 6.1; WOW64; rv:26.0) Gecko/20100101 Firefox/26.0"
91.65.199.1 - - [06/Jan/2014:11:04:51 +0100] "GET /images/motive/logos/mvg.jpg HTTP/1.1" 200 16049 "http://www.modeinstitut-berlin.de/referenzen/auszug/" "Mozilla/5.0 (Windows NT 6.1; WOW64; rv:26.0) Gecko/20100101 Firefox/26.0"
91.65.199.1 - - [06/Jan/2014:11:04:51 +0100] "GET /images/motive/logos/frasec.jpg HTTP/1.1" 200 19377 "http://www.modeinstitut-berlin.de/referenzen/auszug/" "Mozilla/5.0 (Windows NT 6.1; WOW64; rv:26.0) Gecko/20100101 Firefox/26.0"
91.65.199.1 - - [06/Jan/2014:11:04:51 +0100] "GET /images/motive/logos/deutschepost.gif HTTP/1.1" 200 1468 "http://www.modeinstitut-berlin.de/referenzen/auszug/" "Mozilla/5.0 (Windows NT 6.1; WOW64; rv:26.0) Gecko/20100101 Firefox/26.0"
91.65.199.1 - - [06/Jan/2014:11:04:51 +0100] "GET /images/motive/logos/globeground.jpg HTTP/1.1" 200 16348 "http://www.modeinstitut-berlin.de/referenzen/auszug/" "Mozilla/5.0 (Windows NT 6.1; WOW64; rv:26.0) Gecko/20100101 Firefox/26.0"
91.65.199.1 - - [06/Jan/2014:11:04:51 +0100] "GET /images/motive/logos/BT-Logo.png HTTP/1.1" 200 8730 "http://www.modeinstitut-berlin.de/referenzen/auszug/" "Mozilla/5.0 (Windows NT 6.1; WOW64; rv:26.0) Gecko/20100101 Firefox/26.0"
91.65.199.1 - - [06/Jan/2014:11:04:51 +0100] "GET /images/motive/logos/Logo-Kameha-Grand-Bonn.jpg HTTP/1.1" 200 17221 "http://www.modeinstitut-berlin.de/referenzen/auszug/" "Mozilla/5.0 (Windows NT 6.1; WOW64; rv:26.0) Gecko/20100101 Firefox/26.0"
91.65.199.1 - - [06/Jan/2014:11:04:51 +0100] "GET /images/motive/logos/melia2.jpg HTTP/1.1" 200 6337 "http://www.modeinstitut-berlin.de/referenzen/auszug/" "Mozilla/5.0 (Windows NT 6.1; WOW64; rv:26.0) Gecko/20100101 Firefox/26.0"
91.65.199.1 - - [06/Jan/2014:11:04:51 +0100] "GET /images/motive/logos/mvb.jpg HTTP/1.1" 200 20330 "http://www.modeinstitut-berlin.de/referenzen/auszug/" "Mozilla/5.0 (Windows NT 6.1; WOW64; rv:26.0) Gecko/20100101 Firefox/26.0"
91.65.199.1 - - [06/Jan/2014:11:04:51 +0100] "GET /images/motive/logos/rnv-logo.jpg HTTP/1.1" 200 13013 "http://www.modeinstitut-berlin.de/referenzen/auszug/" "Mozilla/5.0 (Windows NT 6.1; WOW64; rv:26.0) Gecko/20100101 Firefox/26.0"
91.65.199.1 - - [06/Jan/2014:11:04:51 +0100] "GET /images/motive/logos/vgf.jpg HTTP/1.1" 200 14122 "http://www.modeinstitut-berlin.de/referenzen/auszug/" "Mozilla/5.0 (Windows NT 6.1; WOW64; rv:26.0) Gecko/20100101 Firefox/26.0"
91.65.199.1 - - [06/Jan/2014:11:04:51 +0100] "GET /images/motive/logos/fis.jpg HTTP/1.1" 200 20913 "http://www.modeinstitut-berlin.de/referenzen/auszug/" "Mozilla/5.0 (Windows NT 6.1; WOW64; rv:26.0) Gecko/20100101 Firefox/26.0"
91.65.199.1 - - [06/Jan/2014:11:04:51 +0100] "GET /images/motive/logos/bundestag.jpg HTTP/1.1" 200 18038 "http://www.modeinstitut-berlin.de/referenzen/auszug/" "Mozilla/5.0 (Windows NT 6.1; WOW64; rv:26.0) Gecko/20100101 Firefox/26.0"
91.65.199.1 - - [06/Jan/2014:11:04:51 +0100] "GET /images/motive/logos/gegenbauer.jpg HTTP/1.1" 200 15498 "http://www.modeinstitut-berlin.de/referenzen/auszug/" "Mozilla/5.0 (Windows NT 6.1; WOW64; rv:26.0) Gecko/20100101 Firefox/26.0"
91.65.199.1 - - [06/Jan/2014:11:04:51 +0100] "GET /images/motive/logos/lvb.jpg HTTP/1.1" 200 24555 "http://www.modeinstitut-berlin.de/referenzen/auszug/" "Mozilla/5.0 (Windows NT 6.1; WOW64; rv:26.0) Gecko/20100101 Firefox/26.0"
91.65.199.1 - - [06/Jan/2014:11:04:51 +0100] "GET /images/motive/logos/vag.jpg HTTP/1.1" 200 13744 "http://www.modeinstitut-berlin.de/referenzen/auszug/" "Mozilla/5.0 (Windows NT 6.1; WOW64; rv:26.0) Gecko/20100101 Firefox/26.0"
91.65.199.1 - - [06/Jan/2014:11:04:51 +0100] "GET /images/layout/bg-content-refs1.jpg HTTP/1.1" 200 39149 "http://www.modeinstitut-berlin.de/css/newstyles.css" "Mozilla/5.0 (Windows NT 6.1; WOW64; rv:26.0) Gecko/20100101 Firefox/26.0"
193.110.207.78 - - [06/Jan/2014:11:05:01 +0100] "GET /impressum/ HTTP/1.1" 200 5301 "http://www.modeinstitut-berlin.de/" "Mozilla/4.0 (compatible; MSIE 7.0; Windows NT 5.1; .NET CLR 2.0.50727; .NET CLR 3.0.04506.30; .NET CLR 3.0.04506.648)"
91.65.199.1 - - [06/Jan/2014:11:05:15 +0100] "GET /produkt/service/ HTTP/1.1" 200 6034 "http://www.modeinstitut-berlin.de/referenzen/auszug/" "Mozilla/5.0 (Windows NT 6.1; WOW64; rv:26.0) Gecko/20100101 Firefox/26.0"
91.65.199.1 - - [06/Jan/2014:11:05:15 +0100] "GET /images/flash/service.swf HTTP/1.1" 200 170498 "http://www.modeinstitut-berlin.de/produkt/service/" "Mozilla/5.0 (Windows NT 6.1; WOW64; rv:26.0) Gecko/20100101 Firefox/26.0"
193.110.207.78 - - [06/Jan/2014:11:05:19 +0100] "GET /produkt/logistik/ HTTP/1.1" 200 6302 "http://www.modeinstitut-berlin.de/impressum/" "Mozilla/4.0 (compatible; MSIE 7.0; Windows NT 5.1; .NET CLR 2.0.50727; .NET CLR 3.0.04506.30; .NET CLR 3.0.04506.648)"
91.65.199.1 - - [06/Jan/2014:11:05:35 +0100] "GET /unternehmen/firmenprofil/ HTTP/1.1" 200 1948 "http://www.modeinstitut-berlin.de/produkt/service/" "Mozilla/5.0 (Windows NT 6.1; WOW64; rv:26.0) Gecko/20100101 Firefox/26.0"
193.110.207.78 - - [06/Jan/2014:11:05:35 +0100] "GET /produkt/service/ HTTP/1.1" 200 6034 "http://www.modeinstitut-berlin.de/produkt/logistik/" "Mozilla/4.0 (compatible; MSIE 7.0; Windows NT 5.1; .NET CLR 2.0.50727; .NET CLR 3.0.04506.30; .NET CLR 3.0.04506.648)"
193.110.207.78 - - [06/Jan/2014:11:06:00 +0100] "GET /produkt/logistik/ HTTP/1.1" 200 6302 "http://www.modeinstitut-berlin.de/produkt/service/" "Mozilla/4.0 (compatible; MSIE 7.0; Windows NT 5.1; .NET CLR 2.0.50727; .NET CLR 3.0.04506.30; .NET CLR 3.0.04506.648)"
91.65.199.1 - - [06/Jan/2014:11:06:05 +0100] "GET /referenzen/referenzstatements/ HTTP/1.1" 200 4884 "http://www.modeinstitut-berlin.de/unternehmen/firmenprofil/" "Mozilla/5.0 (Windows NT 6.1; WOW64; rv:26.0) Gecko/20100101 Firefox/26.0"
91.65.199.1 - - [06/Jan/2014:11:06:05 +0100] "GET /js/swfobject.js HTTP/1.1" 200 10220 "http://www.modeinstitut-berlin.de/referenzen/referenzstatements/" "Mozilla/5.0 (Windows NT 6.1; WOW64; rv:26.0) Gecko/20100101 Firefox/26.0"
91.65.199.1 - - [06/Jan/2014:11:06:05 +0100] "GET /images/layout/bg-content-refs2.jpg HTTP/1.1" 200 28935 "http://www.modeinstitut-berlin.de/css/newstyles.css" "Mozilla/5.0 (Windows NT 6.1; WOW64; rv:26.0) Gecko/20100101 Firefox/26.0"
91.65.199.1 - - [06/Jan/2014:11:06:05 +0100] "GET /images/flash/monoslideshow.swf HTTP/1.1" 200 107761 "http://www.modeinstitut-berlin.de/referenzen/referenzstatements/" "Mozilla/5.0 (Windows NT 6.1; WOW64; rv:26.0) Gecko/20100101 Firefox/26.0"
91.65.199.1 - - [06/Jan/2014:11:06:06 +0100] "GET /images/flash/monoslideshow-statements.xml HTTP/1.1" 200 2118 "http://www.modeinstitut-berlin.de/images/flash/monoslideshow.swf" "Mozilla/5.0 (Windows NT 6.1; WOW64; rv:26.0) Gecko/20100101 Firefox/26.0"
91.65.199.1 - - [06/Jan/2014:11:06:06 +0100] "GET /images/motive/slideshow/thumbnails/statements-arosa.jpg HTTP/1.1" 200 14748 "http://www.modeinstitut-berlin.de/images/flash/monoslideshow.swf" "Mozilla/5.0 (Windows NT 6.1; WOW64; rv:26.0) Gecko/20100101 Firefox/26.0"
91.65.199.1 - - [06/Jan/2014:11:06:06 +0100] "GET /images/motive/slideshow/thumbnails/statements-bt.jpg HTTP/1.1" 200 17133 "http://www.modeinstitut-berlin.de/images/flash/monoslideshow.swf" "Mozilla/5.0 (Windows NT 6.1; WOW64; rv:26.0) Gecko/20100101 Firefox/26.0"
91.65.199.1 - - [06/Jan/2014:11:06:06 +0100] "GET /images/motive/slideshow/thumbnails/statements-bvg.jpg HTTP/1.1" 200 15367 "http://www.modeinstitut-berlin.de/images/flash/monoslideshow.swf" "Mozilla/5.0 (Windows NT 6.1; WOW64; rv:26.0) Gecko/20100101 Firefox/26.0"
91.65.199.1 - - [06/Jan/2014:11:06:06 +0100] "GET /images/motive/slideshow/thumbnails/statements-frasec.jpg HTTP/1.1" 200 17134 "http://www.modeinstitut-berlin.de/images/flash/monoslideshow.swf" "Mozilla/5.0 (Windows NT 6.1; WOW64; rv:26.0) Gecko/20100101 Firefox/26.0"
91.65.199.1 - - [06/Jan/2014:11:06:06 +0100] "GET /images/motive/slideshow/thumbnails/statements-kameha.jpg HTTP/1.1" 200 14980 "http://www.modeinstitut-berlin.de/images/flash/monoslideshow.swf" "Mozilla/5.0 (Windows NT 6.1; WOW64; rv:26.0) Gecko/20100101 Firefox/26.0"
91.65.199.1 - - [06/Jan/2014:11:06:06 +0100] "GET /images/motive/slideshow/thumbnails/statements-melia.jpg HTTP/1.1" 200 15576 "http://www.modeinstitut-berlin.de/images/flash/monoslideshow.swf" "Mozilla/5.0 (Windows NT 6.1; WOW64; rv:26.0) Gecko/20100101 Firefox/26.0"
91.65.199.1 - - [06/Jan/2014:11:06:06 +0100] "GET /images/motive/slideshow/thumbnails/statements-vag.jpg HTTP/1.1" 200 17367 "http://www.modeinstitut-berlin.de/images/flash/monoslideshow.swf" "Mozilla/5.0 (Windows NT 6.1; WOW64; rv:26.0) Gecko/20100101 Firefox/26.0"
91.65.199.1 - - [06/Jan/2014:11:06:06 +0100] "GET /images/motive/slideshow/thumbnails/statements-vgf.jpg HTTP/1.1" 200 15000 "http://www.modeinstitut-berlin.de/images/flash/monoslideshow.swf" "Mozilla/5.0 (Windows NT 6.1; WOW64; rv:26.0) Gecko/20100101 Firefox/26.0"
193.110.207.78 - - [06/Jan/2014:11:06:06 +0100] "GET / HTTP/1.1" 200 2050 "http://www.modeinstitut-berlin.de/produkt/logistik/" "Mozilla/4.0 (compatible; MSIE 7.0; Windows NT 5.1; .NET CLR 2.0.50727; .NET CLR 3.0.04506.30; .NET CLR 3.0.04506.648)"
91.65.199.1 - - [06/Jan/2014:11:06:14 +0100] "GET /images/motive/slideshow/images/statements-bvg.jpg HTTP/1.1" 200 130858 "http://www.modeinstitut-berlin.de/images/flash/monoslideshow.swf" "Mozilla/5.0 (Windows NT 6.1; WOW64; rv:26.0) Gecko/20100101 Firefox/26.0"
91.65.199.1 - - [06/Jan/2014:11:06:15 +0100] "GET /images/motive/slideshow/images/statements-frasec.jpg HTTP/1.1" 200 120800 "http://www.modeinstitut-berlin.de/images/flash/monoslideshow.swf" "Mozilla/5.0 (Windows NT 6.1; WOW64; rv:26.0) Gecko/20100101 Firefox/26.0"
91.65.199.1 - - [06/Jan/2014:11:06:15 +0100] "GET /images/motive/slideshow/images/statements-kameha.jpg HTTP/1.1" 200 149922 "http://www.modeinstitut-berlin.de/images/flash/monoslideshow.swf" "Mozilla/5.0 (Windows NT 6.1; WOW64; rv:26.0) Gecko/20100101 Firefox/26.0"
91.65.199.1 - - [06/Jan/2014:11:06:27 +0100] "GET /images/motive/slideshow/images/statements-melia.jpg HTTP/1.1" 200 131384 "http://www.modeinstitut-berlin.de/images/flash/monoslideshow.swf" "Mozilla/5.0 (Windows NT 6.1; WOW64; rv:26.0) Gecko/20100101 Firefox/26.0"
91.65.199.1 - - [06/Jan/2014:11:06:50 +0100] "GET /images/motive/slideshow/images/statements-bt.jpg HTTP/1.1" 200 95027 "http://www.modeinstitut-berlin.de/images/flash/monoslideshow.swf" "Mozilla/5.0 (Windows NT 6.1; WOW64; rv:26.0) Gecko/20100101 Firefox/26.0"
195.88.117.170 - - [06/Jan/2014:11:06:52 +0100] "GET /unternehmen/servicecenter/ HTTP/1.1" 200 5785 "-" "-"
195.88.117.170 - - [06/Jan/2014:11:06:52 +0100] "GET /unternehmen/servicecenter/ HTTP/1.1" 200 5785 "http://www.google.de/url?sa=t&rct=j&q=&esrc=s&frm=1&source=web&cd=2&ved=0CDUQFjAB&url=http%3A%2F%2Fwww.modeinstitut-berlin.de%2Funternehmen%2Fservicecenter%2F&ei=MYDKUrD8D8OSywPj5oLQCw&usg=AFQjCNFBkCj8nyzgR7co684nk5M-w_mM6Q&bvm=bv.58187178,d.bGE" "Mozilla/5.0 (compatible; MSIE 9.0; Windows NT 6.1; WOW64; Trident/5.0)"
195.88.117.170 - - [06/Jan/2014:11:06:52 +0100] "GET /css/newstyles.css HTTP/1.1" 304 - "http://www.modeinstitut-berlin.de/unternehmen/servicecenter/" "Mozilla/5.0 (compatible; MSIE 9.0; Windows NT 6.1; WOW64; Trident/5.0)"
195.88.117.170 - - [06/Jan/2014:11:06:52 +0100] "GET /images/motive/image-sidebox_deutschland.jpg HTTP/1.1" 200 30846 "http://www.modeinstitut-berlin.de/unternehmen/servicecenter/" "Mozilla/5.0 (compatible; MSIE 9.0; Windows NT 6.1; WOW64; Trident/5.0)"
195.88.117.170 - - [06/Jan/2014:11:06:53 +0100] "GET /Scripts/AC_RunActiveContent.js HTTP/1.1" 304 - "http://www.modeinstitut-berlin.de/unternehmen/servicecenter/" "Mozilla/5.0 (compatible; MSIE 9.0; Windows NT 6.1; WOW64; Trident/5.0)"
195.88.117.170 - - [06/Jan/2014:11:06:53 +0100] "GET /images/layout/spc.gif HTTP/1.1" 304 - "http://www.modeinstitut-berlin.de/unternehmen/servicecenter/" "Mozilla/5.0 (compatible; MSIE 9.0; Windows NT 6.1; WOW64; Trident/5.0)"
195.88.117.170 - - [06/Jan/2014:11:06:53 +0100] "GET /images/layout/global-bg.jpg HTTP/1.1" 304 - "http://www.modeinstitut-berlin.de/unternehmen/servicecenter/" "Mozilla/5.0 (compatible; MSIE 9.0; Windows NT 6.1; WOW64; Trident/5.0)"
195.88.117.170 - - [06/Jan/2014:11:06:53 +0100] "GET /includes/hover.js HTTP/1.1" 304 - "http://www.modeinstitut-berlin.de/unternehmen/servicecenter/" "Mozilla/5.0 (compatible; MSIE 9.0; Windows NT 6.1; WOW64; Trident/5.0)"
195.88.117.170 - - [06/Jan/2014:11:06:53 +0100] "GET /images/layout/wrapper-bg.jpg HTTP/1.1" 304 - "http://www.modeinstitut-berlin.de/unternehmen/servicecenter/" "Mozilla/5.0 (compatible; MSIE 9.0; Windows NT 6.1; WOW64; Trident/5.0)"
195.88.117.170 - - [06/Jan/2014:11:06:53 +0100] "GET /css/iepngfix.htc HTTP/1.1" 304 - "-" "Mozilla/5.0 (compatible; MSIE 9.0; Windows NT 6.1; WOW64; Trident/5.0)"
195.88.117.170 - - [06/Jan/2014:11:06:53 +0100] "GET /images/layout/link.gif HTTP/1.1" 304 - "http://www.modeinstitut-berlin.de/unternehmen/servicecenter/" "Mozilla/5.0 (compatible; MSIE 9.0; Windows NT 6.1; WOW64; Trident/5.0)"
195.88.117.170 - - [06/Jan/2014:11:06:53 +0100] "GET /images/layout/bg-content-big-1.jpg HTTP/1.1" 304 - "http://www.modeinstitut-berlin.de/unternehmen/servicecenter/" "Mozilla/5.0 (compatible; MSIE 9.0; Windows NT 6.1; WOW64; Trident/5.0)"
195.88.117.170 - - [06/Jan/2014:11:06:53 +0100] "GET /images/layout/bg-navi.jpg HTTP/1.1" 304 - "http://www.modeinstitut-berlin.de/unternehmen/servicecenter/" "Mozilla/5.0 (compatible; MSIE 9.0; Windows NT 6.1; WOW64; Trident/5.0)"
195.88.117.170 - - [06/Jan/2014:11:06:53 +0100] "GET /images/layout/nav-drop-foot.png HTTP/1.1" 304 - "http://www.modeinstitut-berlin.de/unternehmen/servicecenter/" "Mozilla/5.0 (compatible; MSIE 9.0; Windows NT 6.1; WOW64; Trident/5.0)"
195.88.117.170 - - [06/Jan/2014:11:06:53 +0100] "GET /favicon.ico HTTP/1.1" 404 1256 "-" "Mozilla/5.0 (compatible; MSIE 9.0; Windows NT 6.1; WOW64; Trident/5.0)"
195.88.117.170 - - [06/Jan/2014:11:06:58 +0100] "GET /images/layout/nav-hover-all.jpg HTTP/1.1" 304 - "http://www.modeinstitut-berlin.de/unternehmen/servicecenter/" "Mozilla/5.0 (compatible; MSIE 9.0; Windows NT 6.1; WOW64; Trident/5.0)"
91.65.199.1 - - [06/Jan/2014:11:07:01 +0100] "GET /images/motive/slideshow/images/statements-arosa.jpg HTTP/1.1" 200 146457 "http://www.modeinstitut-berlin.de/images/flash/monoslideshow.swf" "Mozilla/5.0 (Windows NT 6.1; WOW64; rv:26.0) Gecko/20100101 Firefox/26.0"
195.88.117.170 - - [06/Jan/2014:11:07:02 +0100] "GET /unternehmen/stellenangebote/ HTTP/1.1" 200 5152 "-" "-"
195.88.117.170 - - [06/Jan/2014:11:07:03 +0100] "GET /unternehmen/stellenangebote/ HTTP/1.1" 200 5152 "http://www.modeinstitut-berlin.de/unternehmen/servicecenter/" "Mozilla/5.0 (compatible; MSIE 9.0; Windows NT 6.1; WOW64; Trident/5.0)"
195.88.117.170 - - [06/Jan/2014:11:07:03 +0100] "GET /favicon.ico HTTP/1.1" 404 1256 "-" "Mozilla/5.0 (compatible; MSIE 9.0; Windows NT 6.1; WOW64; Trident/5.0)"
195.88.117.170 - - [06/Jan/2014:11:07:06 +0100] "GET /images/layout/nav-hover-1.jpg HTTP/1.1" 200 746 "http://www.modeinstitut-berlin.de/unternehmen/stellenangebote/" "Mozilla/5.0 (compatible; MSIE 9.0; Windows NT 6.1; WOW64; Trident/5.0)"
195.88.117.170 - - [06/Jan/2014:11:07:06 +0100] "GET / HTTP/1.1" 200 6854 "-" "-"
195.88.117.170 - - [06/Jan/2014:11:07:06 +0100] "GET / HTTP/1.1" 200 6854 "http://www.modeinstitut-berlin.de/unternehmen/stellenangebote/" "Mozilla/5.0 (compatible; MSIE 9.0; Windows NT 6.1; WOW64; Trident/5.0)"
195.88.117.170 - - [06/Jan/2014:11:07:06 +0100] "GET /video/video.swf HTTP/1.1" 304 - "http://www.modeinstitut-berlin.de/" "Mozilla/5.0 (compatible; MSIE 9.0; Windows NT 6.1; WOW64; Trident/5.0)"
195.88.117.170 - - [06/Jan/2014:11:07:06 +0100] "GET /images/layout/bg-sidebox-plain1.jpg HTTP/1.1" 304 - "http://www.modeinstitut-berlin.de/" "Mozilla/5.0 (compatible; MSIE 9.0; Windows NT 6.1; WOW64; Trident/5.0)"
195.88.117.170 - - [06/Jan/2014:11:07:06 +0100] "GET /images/motive/Logo9001_5.png HTTP/1.1" 304 - "http://www.modeinstitut-berlin.de/" "Mozilla/5.0 (compatible; MSIE 9.0; Windows NT 6.1; WOW64; Trident/5.0)"
91.65.199.1 - - [06/Jan/2014:11:07:11 +0100] "GET /images/motive/slideshow/images/statements-vgf.jpg HTTP/1.1" 200 178720 "http://www.modeinstitut-berlin.de/images/flash/monoslideshow.swf" "Mozilla/5.0 (Windows NT 6.1; WOW64; rv:26.0) Gecko/20100101 Firefox/26.0"
91.65.199.1 - - [06/Jan/2014:11:07:21 +0100] "GET /images/motive/slideshow/images/statements-vag.jpg HTTP/1.1" 200 134074 "http://www.modeinstitut-berlin.de/images/flash/monoslideshow.swf" "Mozilla/5.0 (Windows NT 6.1; WOW64; rv:26.0) Gecko/20100101 Firefox/26.0"
195.88.117.170 - - [06/Jan/2014:11:07:30 +0100] "GET /images/layout/nav-hover-end.jpg HTTP/1.1" 200 780 "http://www.modeinstitut-berlin.de/" "Mozilla/5.0 (compatible; MSIE 9.0; Windows NT 6.1; WOW64; Trident/5.0)"
195.88.117.170 - - [06/Jan/2014:11:07:31 +0100] "GET /impressum/ HTTP/1.1" 200 5301 "-" "-"
195.88.117.170 - - [06/Jan/2014:11:07:31 +0100] "GET /impressum/ HTTP/1.1" 200 5301 "http://www.modeinstitut-berlin.de/" "Mozilla/5.0 (compatible; MSIE 9.0; Windows NT 6.1; WOW64; Trident/5.0)"
195.88.117.170 - - [06/Jan/2014:11:07:52 +0100] "GET /unternehmen/firmenprofil/ HTTP/1.1" 200 6712 "-" "-"
195.88.117.170 - - [06/Jan/2014:11:07:52 +0100] "GET /unternehmen/firmenprofil/ HTTP/1.1" 200 6712 "http://www.modeinstitut-berlin.de/impressum/" "Mozilla/5.0 (compatible; MSIE 9.0; Windows NT 6.1; WOW64; Trident/5.0)"
195.88.117.170 - - [06/Jan/2014:11:07:52 +0100] "GET /images/motive/image-sidebox_gsg.jpg HTTP/1.1" 200 165404 "http://www.modeinstitut-berlin.de/unternehmen/firmenprofil/" "Mozilla/5.0 (compatible; MSIE 9.0; Windows NT 6.1; WOW64; Trident/5.0)"
195.88.117.170 - - [06/Jan/2014:11:08:05 +0100] "GET /kontakt/kontaktdaten/ HTTP/1.1" 200 6304 "-" "-"
195.88.117.170 - - [06/Jan/2014:11:08:05 +0100] "GET /kontakt/kontaktdaten/ HTTP/1.1" 200 6304 "http://www.modeinstitut-berlin.de/unternehmen/firmenprofil/" "Mozilla/5.0 (compatible; MSIE 9.0; Windows NT 6.1; WOW64; Trident/5.0)"
150.70.173.58 - - [06/Jan/2014:11:08:19 +0100] "GET /includes/hover.js HTTP/1.1" 200 411 "-" "Mozilla/4.0 (compatible; MSIE 8.0; Windows NT 5.1; Trident/4.0)"
91.65.199.1 - - [06/Jan/2014:11:08:26 +0100] "GET /produkt/design/ HTTP/1.1" 200 6495 "http://www.modeinstitut-berlin.de/referenzen/referenzstatements/" "Mozilla/5.0 (Windows NT 6.1; WOW64; rv:26.0) Gecko/20100101 Firefox/26.0"
91.65.199.1 - - [06/Jan/2014:11:08:26 +0100] "GET /images/layout/bg-content-big-2.jpg HTTP/1.1" 200 38423 "http://www.modeinstitut-berlin.de/css/newstyles.css" "Mozilla/5.0 (Windows NT 6.1; WOW64; rv:26.0) Gecko/20100101 Firefox/26.0"
91.65.199.1 - - [06/Jan/2014:11:08:26 +0100] "GET /images/flash/design.swf HTTP/1.1" 200 210329 "http://www.modeinstitut-berlin.de/produkt/design/" "Mozilla/5.0 (Windows NT 6.1; WOW64; rv:26.0) Gecko/20100101 Firefox/26.0"
91.65.199.1 - - [06/Jan/2014:11:08:33 +0100] "GET /produkt/produktion/ HTTP/1.1" 200 6399 "http://www.modeinstitut-berlin.de/produkt/design/" "Mozilla/5.0 (Windows NT 6.1; WOW64; rv:26.0) Gecko/20100101 Firefox/26.0"
91.65.199.1 - - [06/Jan/2014:11:08:34 +0100] "GET /images/flash/produktion.swf HTTP/1.1" 200 426162 "http://www.modeinstitut-berlin.de/produkt/produktion/" "Mozilla/5.0 (Windows NT 6.1; WOW64; rv:26.0) Gecko/20100101 Firefox/26.0"
91.65.199.1 - - [06/Jan/2014:11:08:52 +0100] "GET /produkt/service/ HTTP/1.1" 200 6034 "http://www.modeinstitut-berlin.de/produkt/produktion/" "Mozilla/5.0 (Windows NT 6.1; WOW64; rv:26.0) Gecko/20100101 Firefox/26.0"
91.65.199.1 - - [06/Jan/2014:11:09:01 +0100] "GET /produkt/logistik/ HTTP/1.1" 200 6302 "http://www.modeinstitut-berlin.de/produkt/service/" "Mozilla/5.0 (Windows NT 6.1; WOW64; rv:26.0) Gecko/20100101 Firefox/26.0"
91.65.199.1 - - [06/Jan/2014:11:09:01 +0100] "GET /images/flash/logistik.swf HTTP/1.1" 200 419069 "http://www.modeinstitut-berlin.de/produkt/logistik/" "Mozilla/5.0 (Windows NT 6.1; WOW64; rv:26.0) Gecko/20100101 Firefox/26.0"
150.70.172.111 - - [06/Jan/2014:11:09:13 +0100] "GET /includes/hover.js HTTP/1.0" 200 411 "-" "Mozilla/4.0 (compatible; MSIE 6.0; Windows NT 5.1)"
91.65.199.1 - - [06/Jan/2014:11:09:24 +0100] "GET /unternehmen/firmenprofil/ HTTP/1.1" 200 1948 "http://www.modeinstitut-berlin.de/produkt/logistik/" "Mozilla/5.0 (Windows NT 6.1; WOW64; rv:26.0) Gecko/20100101 Firefox/26.0"
91.65.199.1 - - [06/Jan/2014:11:09:38 +0100] "GET /unternehmen/zertifizierung/ HTTP/1.1" 200 5619 "http://www.modeinstitut-berlin.de/unternehmen/firmenprofil/" "Mozilla/5.0 (Windows NT 6.1; WOW64; rv:26.0) Gecko/20100101 Firefox/26.0"
91.65.199.1 - - [06/Jan/2014:11:09:38 +0100] "GET /images/motive/iso-9001.jpg HTTP/1.1" 200 23239 "http://www.modeinstitut-berlin.de/unternehmen/zertifizierung/" "Mozilla/5.0 (Windows NT 6.1; WOW64; rv:26.0) Gecko/20100101 Firefox/26.0"
91.65.199.1 - - [06/Jan/2014:11:09:38 +0100] "GET /images/motive/iso-40001.jpg HTTP/1.1" 200 23088 "http://www.modeinstitut-berlin.de/unternehmen/zertifizierung/" "Mozilla/5.0 (Windows NT 6.1; WOW64; rv:26.0) Gecko/20100101 Firefox/26.0"
91.65.199.1 - - [06/Jan/2014:11:09:38 +0100] "GET /images/motive/nachhaltigkeit.jpg HTTP/1.1" 200 23775 "http://www.modeinstitut-berlin.de/unternehmen/zertifizierung/" "Mozilla/5.0 (Windows NT 6.1; WOW64; rv:26.0) Gecko/20100101 Firefox/26.0"
91.65.199.1 - - [06/Jan/2014:11:09:50 +0100] "GET /unternehmen/aktuelles/ HTTP/1.1" 200 5767 "http://www.modeinstitut-berlin.de/unternehmen/zertifizierung/" "Mozilla/5.0 (Windows NT 6.1; WOW64; rv:26.0) Gecko/20100101 Firefox/26.0"
91.65.199.1 - - [06/Jan/2014:11:10:18 +0100] "GET /unternehmen/aktuelles/familienfreundlicher_betrieb/ HTTP/1.1" 200 5456 "http://www.modeinstitut-berlin.de/unternehmen/aktuelles/" "Mozilla/5.0 (Windows NT 6.1; WOW64; rv:26.0) Gecko/20100101 Firefox/26.0"
91.65.199.1 - - [06/Jan/2014:11:11:03 +0100] "GET /bestellsystem/kundenlogin/ HTTP/1.1" 200 4528 "http://www.modeinstitut-berlin.de/unternehmen/aktuelles/familienfreundlicher_betrieb/" "Mozilla/5.0 (Windows NT 6.1; WOW64; rv:26.0) Gecko/20100101 Firefox/26.0"
91.65.199.1 - - [06/Jan/2014:11:11:17 +0100] "GET /impressum/ HTTP/1.1" 200 5301 "http://www.modeinstitut-berlin.de/bestellsystem/kundenlogin/" "Mozilla/5.0 (Windows NT 6.1; WOW64; rv:26.0) Gecko/20100101 Firefox/26.0"
182.118.25.239 - - [06/Jan/2014:11:13:27 +0100] "GET / HTTP/1.1" 200 2050 "http://www.modeinstitut-berlin.de/" "Mozilla/5.0 (Windows; U; Windows NT 5.1; zh-CN; ) Firefox/1.5.0.11; 360Spider"
85.233.38.208 - - [06/Jan/2014:11:17:09 +0100] "GET / HTTP/1.1" 200 2050 "-" "Mozilla/4.0 (compatible; MSIE 8.0; Windows NT 5.1; Trident/4.0; OfficeLiveConnector.1.5; OfficeLivePatch.1.3)"
85.233.38.208 - - [06/Jan/2014:11:17:09 +0100] "GET /css/newstyles.css HTTP/1.1" 200 9734 "http://www.modeinstitut-berlin.de/" "Mozilla/4.0 (compatible; MSIE 8.0; Windows NT 5.1; Trident/4.0; OfficeLiveConnector.1.5; OfficeLivePatch.1.3)"
85.233.38.208 - - [06/Jan/2014:11:17:09 +0100] "GET /images/layout/global-bg.jpg HTTP/1.1" 200 917 "http://www.modeinstitut-berlin.de/" "Mozilla/4.0 (compatible; MSIE 8.0; Windows NT 5.1; Trident/4.0; OfficeLiveConnector.1.5; OfficeLivePatch.1.3)"
85.233.38.208 - - [06/Jan/2014:11:17:09 +0100] "GET /includes/hover.js HTTP/1.1" 200 411 "http://www.modeinstitut-berlin.de/" "Mozilla/4.0 (compatible; MSIE 8.0; Windows NT 5.1; Trident/4.0; OfficeLiveConnector.1.5; OfficeLivePatch.1.3)"
85.233.38.208 - - [06/Jan/2014:11:17:09 +0100] "GET /Scripts/AC_RunActiveContent.js HTTP/1.1" 200 8029 "http://www.modeinstitut-berlin.de/" "Mozilla/4.0 (compatible; MSIE 8.0; Windows NT 5.1; Trident/4.0; OfficeLiveConnector.1.5; OfficeLivePatch.1.3)"
85.233.38.208 - - [06/Jan/2014:11:17:09 +0100] "GET /images/layout/bg-navi.jpg HTTP/1.1" 200 3342 "http://www.modeinstitut-berlin.de/" "Mozilla/4.0 (compatible; MSIE 8.0; Windows NT 5.1; Trident/4.0; OfficeLiveConnector.1.5; OfficeLivePatch.1.3)"
85.233.38.208 - - [06/Jan/2014:11:17:09 +0100] "GET /images/motive/Logo9001_5.png HTTP/1.1" 200 19358 "http://www.modeinstitut-berlin.de/" "Mozilla/4.0 (compatible; MSIE 8.0; Windows NT 5.1; Trident/4.0; OfficeLiveConnector.1.5; OfficeLivePatch.1.3)"
85.233.38.208 - - [06/Jan/2014:11:17:09 +0100] "GET /images/layout/wrapper-bg.jpg HTTP/1.1" 200 126878 "http://www.modeinstitut-berlin.de/" "Mozilla/4.0 (compatible; MSIE 8.0; Windows NT 5.1; Trident/4.0; OfficeLiveConnector.1.5; OfficeLivePatch.1.3)"
85.233.38.208 - - [06/Jan/2014:11:17:11 +0100] "GET /images/layout/bg-sidebox-plain1.jpg HTTP/1.1" 200 10064 "http://www.modeinstitut-berlin.de/" "Mozilla/4.0 (compatible; MSIE 8.0; Windows NT 5.1; Trident/4.0; OfficeLiveConnector.1.5; OfficeLivePatch.1.3)"
85.233.38.208 - - [06/Jan/2014:11:17:10 +0100] "GET /images/layout/bg-content-big-1.jpg HTTP/1.1" 200 46493 "http://www.modeinstitut-berlin.de/" "Mozilla/4.0 (compatible; MSIE 8.0; Windows NT 5.1; Trident/4.0; OfficeLiveConnector.1.5; OfficeLivePatch.1.3)"
85.233.38.208 - - [06/Jan/2014:11:17:11 +0100] "GET /css/iepngfix.htc HTTP/1.1" 200 2995 "-" "Mozilla/4.0 (compatible; MSIE 8.0; Windows NT 5.1; Trident/4.0; OfficeLiveConnector.1.5; OfficeLivePatch.1.3)"
85.233.38.208 - - [06/Jan/2014:11:17:11 +0100] "GET /images/layout/link.gif HTTP/1.1" 200 52 "http://www.modeinstitut-berlin.de/" "Mozilla/4.0 (compatible; MSIE 8.0; Windows NT 5.1; Trident/4.0; OfficeLiveConnector.1.5; OfficeLivePatch.1.3)"
85.233.38.208 - - [06/Jan/2014:11:17:11 +0100] "GET /images/layout/nav-drop-foot.png HTTP/1.1" 200 42670 "http://www.modeinstitut-berlin.de/" "Mozilla/4.0 (compatible; MSIE 8.0; Windows NT 5.1; Trident/4.0; OfficeLiveConnector.1.5; OfficeLivePatch.1.3)"
85.233.38.208 - - [06/Jan/2014:11:17:15 +0100] "GET /images/layout/nav-hover-all.jpg HTTP/1.1" 200 332 "http://www.modeinstitut-berlin.de/" "Mozilla/4.0 (compatible; MSIE 8.0; Windows NT 5.1; Trident/4.0; OfficeLiveConnector.1.5; OfficeLivePatch.1.3)"
85.233.38.208 - - [06/Jan/2014:11:17:17 +0100] "GET /bestellsystem/kundenlogin/ HTTP/1.1" 200 4528 "http://www.modeinstitut-berlin.de/" "Mozilla/4.0 (compatible; MSIE 8.0; Windows NT 5.1; Trident/4.0; OfficeLiveConnector.1.5; OfficeLivePatch.1.3)"
85.233.38.208 - - [06/Jan/2014:11:17:10 +0100] "GET /video/video.swf HTTP/1.1" 200 3107187 "http://www.modeinstitut-berlin.de/" "Mozilla/4.0 (compatible; MSIE 8.0; Windows NT 5.1; Trident/4.0; OfficeLiveConnector.1.5; OfficeLivePatch.1.3)"
85.233.38.208 - - [06/Jan/2014:11:17:18 +0100] "GET /favicon.ico HTTP/1.1" 404 1256 "-" "Mozilla/4.0 (compatible; MSIE 8.0; Windows NT 5.1; Trident/4.0; OfficeLiveConnector.1.5; OfficeLivePatch.1.3)"
157.56.93.74 - - [06/Jan/2014:11:19:32 +0100] "GET /robots.txt HTTP/1.1" 200 317 "-" "Mozilla/5.0 (compatible; bingbot/2.0; +http://www.bing.com/bingbot.htm)"
157.56.93.74 - - [06/Jan/2014:11:20:25 +0100] "GET /produkt/design/industrie/ HTTP/1.1" 200 6419 "-" "Mozilla/5.0 (compatible; bingbot/2.0; +http://www.bing.com/bingbot.htm)"
213.178.74.26 - - [06/Jan/2014:11:24:09 +0100] "GET /retourenbeleg/ HTTP/1.1" 200 1600 "-" "Mozilla/5.0 (Windows NT 5.1; rv:7.0) Gecko/20100101 Firefox/7.0"
213.178.74.26 - - [06/Jan/2014:11:24:11 +0100] "GET /images/layout/nav-hover-all.jpg HTTP/1.1" 200 332 "http://www.modeinstitut-berlin.de/css/newstyles.css" "Mozilla/5.0 (Windows NT 5.1; rv:7.0) Gecko/20100101 Firefox/7.0"
213.178.74.26 - - [06/Jan/2014:11:24:11 +0100] "GET /images/layout/nav-drop-foot.png HTTP/1.1" 200 42670 "http://www.modeinstitut-berlin.de/css/newstyles.css" "Mozilla/5.0 (Windows NT 5.1; rv:7.0) Gecko/20100101 Firefox/7.0"
85.233.38.208 - - [06/Jan/2014:11:24:20 +0100] "GET /images/layout/nav-hover-all.jpg HTTP/1.1" 304 - "http://www.modeinstitut-berlin.de/bestellsystem/kundenlogin/" "Mozilla/4.0 (compatible; MSIE 8.0; Windows NT 5.1; Trident/4.0; OfficeLiveConnector.1.5; OfficeLivePatch.1.3)"
157.56.229.244 - - [06/Jan/2014:11:24:38 +0100] "GET /includes/hover.js HTTP/1.1" 200 411 "-" "Mozilla/5.0 (compatible; bingbot/2.0; +http://www.bing.com/bingbot.htm)"
92.229.242.123 - - [06/Jan/2014:11:24:51 +0100] "GET / HTTP/1.1" 200 2050 "http://www.google.de/url?sa=t&rct=j&q=&esrc=s&source=web&cd=1&sqi=2&ved=0CDAQFjAA&url=http%3A%2F%2Fwww.modeinstitut-berlin.de%2F&ei=ZYTKUtjsJczQsgamq4GwDQ&usg=AFQjCNGV1Fr5FizdOKg_EBKnjKkFrlfWEQ&bvm=bv.58187178,d.Yms" "Mozilla/5.0 (Windows NT 6.1; Trident/7.0; rv:11.0) like Gecko"
92.229.242.123 - - [06/Jan/2014:11:24:51 +0100] "GET /Scripts/AC_RunActiveContent.js HTTP/1.1" 200 8029 "http://www.modeinstitut-berlin.de/" "Mozilla/5.0 (Windows NT 6.1; Trident/7.0; rv:11.0) like Gecko"
92.229.242.123 - - [06/Jan/2014:11:24:51 +0100] "GET /css/newstyles.css HTTP/1.1" 200 9734 "http://www.modeinstitut-berlin.de/" "Mozilla/5.0 (Windows NT 6.1; Trident/7.0; rv:11.0) like Gecko"
92.229.242.123 - - [06/Jan/2014:11:24:51 +0100] "GET /images/motive/Logo9001_5.png HTTP/1.1" 200 19358 "http://www.modeinstitut-berlin.de/" "Mozilla/5.0 (Windows NT 6.1; Trident/7.0; rv:11.0) like Gecko"
92.229.242.123 - - [06/Jan/2014:11:24:51 +0100] "GET /includes/hover.js HTTP/1.1" 200 411 "http://www.modeinstitut-berlin.de/" "Mozilla/5.0 (Windows NT 6.1; Trident/7.0; rv:11.0) like Gecko"
92.229.242.123 - - [06/Jan/2014:11:24:51 +0100] "GET /images/layout/global-bg.jpg HTTP/1.1" 200 917 "http://www.modeinstitut-berlin.de/" "Mozilla/5.0 (Windows NT 6.1; Trident/7.0; rv:11.0) like Gecko"
92.229.242.123 - - [06/Jan/2014:11:24:51 +0100] "GET /images/layout/bg-sidebox-plain1.jpg HTTP/1.1" 200 10064 "http://www.modeinstitut-berlin.de/" "Mozilla/5.0 (Windows NT 6.1; Trident/7.0; rv:11.0) like Gecko"
92.229.242.123 - - [06/Jan/2014:11:24:51 +0100] "GET /images/layout/link.gif HTTP/1.1" 200 52 "http://www.modeinstitut-berlin.de/" "Mozilla/5.0 (Windows NT 6.1; Trident/7.0; rv:11.0) like Gecko"
92.229.242.123 - - [06/Jan/2014:11:24:51 +0100] "GET /images/layout/bg-navi.jpg HTTP/1.1" 200 3342 "http://www.modeinstitut-berlin.de/" "Mozilla/5.0 (Windows NT 6.1; Trident/7.0; rv:11.0) like Gecko"
92.229.242.123 - - [06/Jan/2014:11:24:51 +0100] "GET /images/layout/bg-content-big-1.jpg HTTP/1.1" 200 46493 "http://www.modeinstitut-berlin.de/" "Mozilla/5.0 (Windows NT 6.1; Trident/7.0; rv:11.0) like Gecko"
92.229.242.123 - - [06/Jan/2014:11:24:51 +0100] "GET /images/layout/wrapper-bg.jpg HTTP/1.1" 200 126878 "http://www.modeinstitut-berlin.de/" "Mozilla/5.0 (Windows NT 6.1; Trident/7.0; rv:11.0) like Gecko"
92.229.242.123 - - [06/Jan/2014:11:24:52 +0100] "GET /favicon.ico HTTP/1.1" 404 1256 "-" "Mozilla/5.0 (Windows NT 6.1; Trident/7.0; rv:11.0) like Gecko"
92.229.242.123 - - [06/Jan/2014:11:24:55 +0100] "GET /dienstkleidung/ HTTP/1.1" 200 10206 "http://www.modeinstitut-berlin.de/" "Mozilla/5.0 (Windows NT 6.1; Trident/7.0; rv:11.0) like Gecko"
92.229.242.123 - - [06/Jan/2014:11:24:55 +0100] "GET /js/dw_scroll_c.js HTTP/1.1" 200 36858 "http://www.modeinstitut-berlin.de/dienstkleidung/" "Mozilla/5.0 (Windows NT 6.1; Trident/7.0; rv:11.0) like Gecko"
92.229.242.123 - - [06/Jan/2014:11:24:55 +0100] "GET /css/scroll_v.css HTTP/1.1" 200 1437 "http://www.modeinstitut-berlin.de/dienstkleidung/" "Mozilla/5.0 (Windows NT 6.1; Trident/7.0; rv:11.0) like Gecko"
92.229.242.123 - - [06/Jan/2014:11:24:55 +0100] "GET /favicon.ico HTTP/1.1" 404 1256 "-" "Mozilla/5.0 (Windows NT 6.1; Trident/7.0; rv:11.0) like Gecko"
92.229.242.123 - - [06/Jan/2014:11:24:55 +0100] "GET /images/tri-up.gif HTTP/1.1" 200 62 "http://www.modeinstitut-berlin.de/dienstkleidung/" "Mozilla/5.0 (Windows NT 6.1; Trident/7.0; rv:11.0) like Gecko"
92.229.242.123 - - [06/Jan/2014:11:24:55 +0100] "GET /images/tri-dn.gif HTTP/1.1" 200 63 "http://www.modeinstitut-berlin.de/dienstkleidung/" "Mozilla/5.0 (Windows NT 6.1; Trident/7.0; rv:11.0) like Gecko"
92.229.242.123 - - [06/Jan/2014:11:25:00 +0100] "GET /images/layout/nav-hover-all.jpg HTTP/1.1" 200 332 "http://www.modeinstitut-berlin.de/dienstkleidung/" "Mozilla/5.0 (Windows NT 6.1; Trident/7.0; rv:11.0) like Gecko"
92.229.242.123 - - [06/Jan/2014:11:25:00 +0100] "GET /images/layout/nav-drop-foot.png HTTP/1.1" 200 42670 "http://www.modeinstitut-berlin.de/dienstkleidung/" "Mozilla/5.0 (Windows NT 6.1; Trident/7.0; rv:11.0) like Gecko"
92.229.242.123 - - [06/Jan/2014:11:25:00 +0100] "GET /images/layout/nav-hover-1.jpg HTTP/1.1" 200 746 "http://www.modeinstitut-berlin.de/dienstkleidung/" "Mozilla/5.0 (Windows NT 6.1; Trident/7.0; rv:11.0) like Gecko"
92.229.242.123 - - [06/Jan/2014:11:25:10 +0100] "GET /images/layout/nav-hover-end.jpg HTTP/1.1" 200 780 "http://www.modeinstitut-berlin.de/dienstkleidung/" "Mozilla/5.0 (Windows NT 6.1; Trident/7.0; rv:11.0) like Gecko"
92.229.242.123 - - [06/Jan/2014:11:25:23 +0100] "GET /bestellsystem/kundenlogin/ HTTP/1.1" 200 4528 "http://www.modeinstitut-berlin.de/dienstkleidung/" "Mozilla/5.0 (Windows NT 6.1; Trident/7.0; rv:11.0) like Gecko"
92.229.242.123 - - [06/Jan/2014:11:25:52 +0100] "GET /referenzen/galerie/ HTTP/1.1" 200 4854 "http://www.modeinstitut-berlin.de/dienstkleidung/" "Mozilla/5.0 (Windows NT 6.1; Trident/7.0; rv:11.0) like Gecko"
92.229.242.123 - - [06/Jan/2014:11:25:52 +0100] "GET /js/swfobject.js HTTP/1.1" 200 10220 "http://www.modeinstitut-berlin.de/referenzen/galerie/" "Mozilla/5.0 (Windows NT 6.1; Trident/7.0; rv:11.0) like Gecko"
92.229.242.123 - - [06/Jan/2014:11:25:53 +0100] "GET /images/layout/bg-content-refs2.jpg HTTP/1.1" 200 28935 "http://www.modeinstitut-berlin.de/referenzen/galerie/" "Mozilla/5.0 (Windows NT 6.1; Trident/7.0; rv:11.0) like Gecko"
92.229.242.123 - - [06/Jan/2014:11:26:59 +0100] "GET / HTTP/1.1" 200 2050 "https://www.google.de/" "Mozilla/5.0 (Windows NT 6.1) AppleWebKit/537.36 (KHTML, like Gecko) Chrome/31.0.1650.63 Safari/537.36"
92.229.242.123 - - [06/Jan/2014:11:26:59 +0100] "GET /css/newstyles.css HTTP/1.1" 200 9734 "http://www.modeinstitut-berlin.de/" "Mozilla/5.0 (Windows NT 6.1) AppleWebKit/537.36 (KHTML, like Gecko) Chrome/31.0.1650.63 Safari/537.36"
92.229.242.123 - - [06/Jan/2014:11:26:59 +0100] "GET /Scripts/AC_RunActiveContent.js HTTP/1.1" 200 8029 "http://www.modeinstitut-berlin.de/" "Mozilla/5.0 (Windows NT 6.1) AppleWebKit/537.36 (KHTML, like Gecko) Chrome/31.0.1650.63 Safari/537.36"
92.229.242.123 - - [06/Jan/2014:11:26:59 +0100] "GET /includes/hover.js HTTP/1.1" 200 411 "http://www.modeinstitut-berlin.de/" "Mozilla/5.0 (Windows NT 6.1) AppleWebKit/537.36 (KHTML, like Gecko) Chrome/31.0.1650.63 Safari/537.36"
92.229.242.123 - - [06/Jan/2014:11:26:59 +0100] "GET /images/motive/Logo9001_5.png HTTP/1.1" 200 19358 "http://www.modeinstitut-berlin.de/" "Mozilla/5.0 (Windows NT 6.1) AppleWebKit/537.36 (KHTML, like Gecko) Chrome/31.0.1650.63 Safari/537.36"
92.229.242.123 - - [06/Jan/2014:11:26:59 +0100] "GET /images/layout/global-bg.jpg HTTP/1.1" 200 917 "http://www.modeinstitut-berlin.de/" "Mozilla/5.0 (Windows NT 6.1) AppleWebKit/537.36 (KHTML, like Gecko) Chrome/31.0.1650.63 Safari/537.36"
92.229.242.123 - - [06/Jan/2014:11:26:59 +0100] "GET /images/layout/bg-navi.jpg HTTP/1.1" 200 3342 "http://www.modeinstitut-berlin.de/" "Mozilla/5.0 (Windows NT 6.1) AppleWebKit/537.36 (KHTML, like Gecko) Chrome/31.0.1650.63 Safari/537.36"
92.229.242.123 - - [06/Jan/2014:11:26:59 +0100] "GET /images/layout/bg-sidebox-plain1.jpg HTTP/1.1" 200 10064 "http://www.modeinstitut-berlin.de/" "Mozilla/5.0 (Windows NT 6.1) AppleWebKit/537.36 (KHTML, like Gecko) Chrome/31.0.1650.63 Safari/537.36"
92.229.242.123 - - [06/Jan/2014:11:26:59 +0100] "GET /images/layout/bg-content-big-1.jpg HTTP/1.1" 200 46493 "http://www.modeinstitut-berlin.de/" "Mozilla/5.0 (Windows NT 6.1) AppleWebKit/537.36 (KHTML, like Gecko) Chrome/31.0.1650.63 Safari/537.36"
92.229.242.123 - - [06/Jan/2014:11:26:59 +0100] "GET /images/layout/wrapper-bg.jpg HTTP/1.1" 200 126878 "http://www.modeinstitut-berlin.de/" "Mozilla/5.0 (Windows NT 6.1) AppleWebKit/537.36 (KHTML, like Gecko) Chrome/31.0.1650.63 Safari/537.36"
92.229.242.123 - - [06/Jan/2014:11:27:00 +0100] "GET /images/layout/link.gif HTTP/1.1" 200 52 "http://www.modeinstitut-berlin.de/" "Mozilla/5.0 (Windows NT 6.1) AppleWebKit/537.36 (KHTML, like Gecko) Chrome/31.0.1650.63 Safari/537.36"
92.229.242.123 - - [06/Jan/2014:11:27:00 +0100] "GET /favicon.ico HTTP/1.1" 404 1256 "-" "Mozilla/5.0 (Windows NT 6.1) AppleWebKit/537.36 (KHTML, like Gecko) Chrome/31.0.1650.63 Safari/537.36"
92.229.242.123 - - [06/Jan/2014:11:26:59 +0100] "GET /video/video.swf HTTP/1.1" 200 3107187 "http://www.modeinstitut-berlin.de/" "Mozilla/5.0 (Windows NT 6.1) AppleWebKit/537.36 (KHTML, like Gecko) Chrome/31.0.1650.63 Safari/537.36"
92.229.242.123 - - [06/Jan/2014:11:27:03 +0100] "GET /images/layout/nav-drop-foot.png HTTP/1.1" 200 42670 "http://www.modeinstitut-berlin.de/" "Mozilla/5.0 (Windows NT 6.1) AppleWebKit/537.36 (KHTML, like Gecko) Chrome/31.0.1650.63 Safari/537.36"
92.229.242.123 - - [06/Jan/2014:11:27:03 +0100] "GET /images/layout/nav-hover-all.jpg HTTP/1.1" 200 332 "http://www.modeinstitut-berlin.de/" "Mozilla/5.0 (Windows NT 6.1) AppleWebKit/537.36 (KHTML, like Gecko) Chrome/31.0.1650.63 Safari/537.36"
92.229.242.123 - - [06/Jan/2014:11:27:07 +0100] "GET /referenzen/galerie/ HTTP/1.1" 200 4854 "http://www.modeinstitut-berlin.de/" "Mozilla/5.0 (Windows NT 6.1) AppleWebKit/537.36 (KHTML, like Gecko) Chrome/31.0.1650.63 Safari/537.36"
92.229.242.123 - - [06/Jan/2014:11:27:07 +0100] "GET /js/swfobject.js HTTP/1.1" 200 10220 "http://www.modeinstitut-berlin.de/referenzen/galerie/" "Mozilla/5.0 (Windows NT 6.1) AppleWebKit/537.36 (KHTML, like Gecko) Chrome/31.0.1650.63 Safari/537.36"
92.229.242.123 - - [06/Jan/2014:11:27:07 +0100] "GET /images/layout/bg-content-refs2.jpg HTTP/1.1" 200 28935 "http://www.modeinstitut-berlin.de/referenzen/galerie/" "Mozilla/5.0 (Windows NT 6.1) AppleWebKit/537.36 (KHTML, like Gecko) Chrome/31.0.1650.63 Safari/537.36"
92.229.242.123 - - [06/Jan/2014:11:27:07 +0100] "GET /images/flash/monoslideshow.swf HTTP/1.1" 200 107761 "http://www.modeinstitut-berlin.de/referenzen/galerie/" "Mozilla/5.0 (Windows NT 6.1) AppleWebKit/537.36 (KHTML, like Gecko) Chrome/31.0.1650.63 Safari/537.36"
92.229.242.123 - - [06/Jan/2014:11:27:07 +0100] "GET /images/flash/monoslideshow.xml HTTP/1.1" 200 3149 "http://www.modeinstitut-berlin.de/referenzen/galerie/" "Mozilla/5.0 (Windows NT 6.1) AppleWebKit/537.36 (KHTML, like Gecko) Chrome/31.0.1650.63 Safari/537.36"
92.229.242.123 - - [06/Jan/2014:11:27:07 +0100] "GET /images/motive/slideshow/images/084-A-Design-Award-2013.jpg HTTP/1.1" 200 232895 "http://www.modeinstitut-berlin.de/referenzen/galerie/" "Mozilla/5.0 (Windows NT 6.1) AppleWebKit/537.36 (KHTML, like Gecko) Chrome/31.0.1650.63 Safari/537.36"
92.229.242.123 - - [06/Jan/2014:11:27:08 +0100] "GET /images/motive/slideshow/images/085-A-Design-Award-2013.jpg HTTP/1.1" 200 251517 "http://www.modeinstitut-berlin.de/referenzen/galerie/" "Mozilla/5.0 (Windows NT 6.1) AppleWebKit/537.36 (KHTML, like Gecko) Chrome/31.0.1650.63 Safari/537.36"
92.229.242.123 - - [06/Jan/2014:11:27:08 +0100] "GET /images/motive/slideshow/images/087.jpg HTTP/1.1" 200 225348 "http://www.modeinstitut-berlin.de/referenzen/galerie/" "Mozilla/5.0 (Windows NT 6.1) AppleWebKit/537.36 (KHTML, like Gecko) Chrome/31.0.1650.63 Safari/537.36"
88.75.155.215 - - [06/Jan/2014:11:27:09 +0100] "GET / HTTP/1.1" 200 2050 "https://www.google.de/" "Mozilla/5.0 (Windows NT 6.0) AppleWebKit/537.36 (KHTML, like Gecko) Chrome/31.0.1650.63 Safari/537.36"
88.75.155.215 - - [06/Jan/2014:11:27:09 +0100] "GET /css/newstyles.css HTTP/1.1" 200 9734 "http://www.modeinstitut-berlin.de/" "Mozilla/5.0 (Windows NT 6.0) AppleWebKit/537.36 (KHTML, like Gecko) Chrome/31.0.1650.63 Safari/537.36"
88.75.155.215 - - [06/Jan/2014:11:27:09 +0100] "GET /Scripts/AC_RunActiveContent.js HTTP/1.1" 200 8029 "http://www.modeinstitut-berlin.de/" "Mozilla/5.0 (Windows NT 6.0) AppleWebKit/537.36 (KHTML, like Gecko) Chrome/31.0.1650.63 Safari/537.36"
88.75.155.215 - - [06/Jan/2014:11:27:09 +0100] "GET /includes/hover.js HTTP/1.1" 200 411 "http://www.modeinstitut-berlin.de/" "Mozilla/5.0 (Windows NT 6.0) AppleWebKit/537.36 (KHTML, like Gecko) Chrome/31.0.1650.63 Safari/537.36"
88.75.155.215 - - [06/Jan/2014:11:27:09 +0100] "GET /images/motive/Logo9001_5.png HTTP/1.1" 200 19358 "http://www.modeinstitut-berlin.de/" "Mozilla/5.0 (Windows NT 6.0) AppleWebKit/537.36 (KHTML, like Gecko) Chrome/31.0.1650.63 Safari/537.36"
88.75.155.215 - - [06/Jan/2014:11:27:10 +0100] "GET /images/layout/global-bg.jpg HTTP/1.1" 200 917 "http://www.modeinstitut-berlin.de/" "Mozilla/5.0 (Windows NT 6.0) AppleWebKit/537.36 (KHTML, like Gecko) Chrome/31.0.1650.63 Safari/537.36"
88.75.155.215 - - [06/Jan/2014:11:27:10 +0100] "GET /images/layout/bg-navi.jpg HTTP/1.1" 200 3342 "http://www.modeinstitut-berlin.de/" "Mozilla/5.0 (Windows NT 6.0) AppleWebKit/537.36 (KHTML, like Gecko) Chrome/31.0.1650.63 Safari/537.36"
88.75.155.215 - - [06/Jan/2014:11:27:10 +0100] "GET /images/layout/bg-sidebox-plain1.jpg HTTP/1.1" 200 10064 "http://www.modeinstitut-berlin.de/" "Mozilla/5.0 (Windows NT 6.0) AppleWebKit/537.36 (KHTML, like Gecko) Chrome/31.0.1650.63 Safari/537.36"
88.75.155.215 - - [06/Jan/2014:11:27:10 +0100] "GET /images/layout/link.gif HTTP/1.1" 200 52 "http://www.modeinstitut-berlin.de/" "Mozilla/5.0 (Windows NT 6.0) AppleWebKit/537.36 (KHTML, like Gecko) Chrome/31.0.1650.63 Safari/537.36"
88.75.155.215 - - [06/Jan/2014:11:27:10 +0100] "GET /images/layout/wrapper-bg.jpg HTTP/1.1" 200 126878 "http://www.modeinstitut-berlin.de/" "Mozilla/5.0 (Windows NT 6.0) AppleWebKit/537.36 (KHTML, like Gecko) Chrome/31.0.1650.63 Safari/537.36"
88.75.155.215 - - [06/Jan/2014:11:27:10 +0100] "GET /images/layout/bg-content-big-1.jpg HTTP/1.1" 200 46493 "http://www.modeinstitut-berlin.de/" "Mozilla/5.0 (Windows NT 6.0) AppleWebKit/537.36 (KHTML, like Gecko) Chrome/31.0.1650.63 Safari/537.36"
88.75.155.215 - - [06/Jan/2014:11:27:10 +0100] "GET /images/layout/nav-drop-foot.png HTTP/1.1" 200 42670 "http://www.modeinstitut-berlin.de/" "Mozilla/5.0 (Windows NT 6.0) AppleWebKit/537.36 (KHTML, like Gecko) Chrome/31.0.1650.63 Safari/537.36"
88.75.155.215 - - [06/Jan/2014:11:27:12 +0100] "GET /favicon.ico HTTP/1.1" 404 1256 "-" "Mozilla/5.0 (Windows NT 6.0) AppleWebKit/537.36 (KHTML, like Gecko) Chrome/31.0.1650.63 Safari/537.36"
88.75.155.215 - - [06/Jan/2014:11:27:12 +0100] "GET /favicon.ico HTTP/1.1" 404 1256 "-" "Mozilla/5.0 (Windows NT 6.0) AppleWebKit/537.36 (KHTML, like Gecko) Chrome/31.0.1650.63 Safari/537.36"
88.75.155.215 - - [06/Jan/2014:11:27:12 +0100] "GET /favicon.ico HTTP/1.1" 404 1256 "-" "Mozilla/5.0 (Windows NT 6.0) AppleWebKit/537.36 (KHTML, like Gecko) Chrome/31.0.1650.63 Safari/537.36"
88.75.155.215 - - [06/Jan/2014:11:27:12 +0100] "GET /favicon.ico HTTP/1.1" 404 1256 "-" "Mozilla/5.0 (Windows NT 6.0) AppleWebKit/537.36 (KHTML, like Gecko) Chrome/31.0.1650.63 Safari/537.36"
88.75.155.215 - - [06/Jan/2014:11:27:12 +0100] "GET /favicon.ico HTTP/1.1" 404 1256 "-" "Mozilla/5.0 (Windows NT 6.0) AppleWebKit/537.36 (KHTML, like Gecko) Chrome/31.0.1650.63 Safari/537.36"
92.229.242.123 - - [06/Jan/2014:11:27:13 +0100] "GET /images/motive/slideshow/images/088.jpg HTTP/1.1" 200 136016 "http://www.modeinstitut-berlin.de/referenzen/galerie/" "Mozilla/5.0 (Windows NT 6.1) AppleWebKit/537.36 (KHTML, like Gecko) Chrome/31.0.1650.63 Safari/537.36"
92.229.242.123 - - [06/Jan/2014:11:27:14 +0100] "GET /images/motive/slideshow/images/089.jpg HTTP/1.1" 200 212364 "http://www.modeinstitut-berlin.de/referenzen/galerie/" "Mozilla/5.0 (Windows NT 6.1) AppleWebKit/537.36 (KHTML, like Gecko) Chrome/31.0.1650.63 Safari/537.36"
88.75.155.215 - - [06/Jan/2014:11:27:10 +0100] "GET /video/video.swf HTTP/1.1" 200 3107187 "http://www.modeinstitut-berlin.de/" "Mozilla/5.0 (Windows NT 6.0) AppleWebKit/537.36 (KHTML, like Gecko) Chrome/31.0.1650.63 Safari/537.36"
92.229.242.123 - - [06/Jan/2014:11:27:18 +0100] "GET /bestellsystem/kundenlogin/ HTTP/1.1" 200 4528 "http://www.modeinstitut-berlin.de/referenzen/galerie/" "Mozilla/5.0 (Windows NT 6.1) AppleWebKit/537.36 (KHTML, like Gecko) Chrome/31.0.1650.63 Safari/537.36"
88.75.155.215 - - [06/Jan/2014:11:27:24 +0100] "GET /images/layout/nav-hover-1.jpg HTTP/1.1" 200 746 "http://www.modeinstitut-berlin.de/" "Mozilla/5.0 (Windows NT 6.0) AppleWebKit/537.36 (KHTML, like Gecko) Chrome/31.0.1650.63 Safari/537.36"
88.75.155.215 - - [06/Jan/2014:11:27:25 +0100] "GET /images/layout/nav-hover-all.jpg HTTP/1.1" 200 332 "http://www.modeinstitut-berlin.de/" "Mozilla/5.0 (Windows NT 6.0) AppleWebKit/537.36 (KHTML, like Gecko) Chrome/31.0.1650.63 Safari/537.36"
88.75.155.215 - - [06/Jan/2014:11:27:29 +0100] "GET /bestellsystem/kundenlogin/ HTTP/1.1" 200 4528 "http://www.modeinstitut-berlin.de/" "Mozilla/5.0 (Windows NT 6.0) AppleWebKit/537.36 (KHTML, like Gecko) Chrome/31.0.1650.63 Safari/537.36"
5.10.83.32 - - [06/Jan/2014:11:36:03 +0100] "GET /bestellsystem/kundenlogin/ HTTP/1.1" 200 4528 "-" "Mozilla/5.0 (compatible; AhrefsBot/5.0; +http://ahrefs.com/robot/)"
195.243.126.34 - - [06/Jan/2014:11:39:41 +0100] "GET /bestellsystem/kundenlogin/ HTTP/1.1" 200 4528 "http://www.bing.com/search?q=modeinstitut+berlin&form=MSNH15&mkt=de-de&qs=AS&sk=&pq=modein&sp=1&sc=8-6" "Mozilla/5.0 (compatible; MSIE 9.0; Windows NT 6.1; Trident/5.0)"
195.243.126.34 - - [06/Jan/2014:11:39:41 +0100] "GET /css/newstyles.css HTTP/1.1" 304 - "http://www.modeinstitut-berlin.de/bestellsystem/kundenlogin/" "Mozilla/5.0 (compatible; MSIE 9.0; Windows NT 6.1; Trident/5.0)"
195.243.126.34 - - [06/Jan/2014:11:39:41 +0100] "GET /images/layout/global-bg.jpg HTTP/1.1" 304 - "http://www.modeinstitut-berlin.de/bestellsystem/kundenlogin/" "Mozilla/5.0 (compatible; MSIE 9.0; Windows NT 6.1; Trident/5.0)"
195.243.126.34 - - [06/Jan/2014:11:39:41 +0100] "GET /includes/hover.js HTTP/1.1" 304 - "http://www.modeinstitut-berlin.de/bestellsystem/kundenlogin/" "Mozilla/5.0 (compatible; MSIE 9.0; Windows NT 6.1; Trident/5.0)"
195.243.126.34 - - [06/Jan/2014:11:39:41 +0100] "GET /Scripts/AC_RunActiveContent.js HTTP/1.1" 304 - "http://www.modeinstitut-berlin.de/bestellsystem/kundenlogin/" "Mozilla/5.0 (compatible; MSIE 9.0; Windows NT 6.1; Trident/5.0)"
195.243.126.34 - - [06/Jan/2014:11:39:41 +0100] "GET /images/layout/wrapper-bg.jpg HTTP/1.1" 304 - "http://www.modeinstitut-berlin.de/bestellsystem/kundenlogin/" "Mozilla/5.0 (compatible; MSIE 9.0; Windows NT 6.1; Trident/5.0)"
