14.150.73.48 - - [18/Dec/2013:20:59:27 +0100] "GET /news.php?cs_go=archiv&cs_id=4734 HTTP/1.1" 200 7777 "http://www.mink-gmbh.de/" "Mozilla/5.0 (X11; Ubuntu; Linux x86_64; rv:20.0) Gecko/20100101 Firefox/20.0"
14.150.73.48 - - [18/Dec/2013:20:59:27 +0100] "GET /about:blank HTTP/1.1" 404 - "http://www.mink-gmbh.de/" "Mozilla/5.0 (X11; Ubuntu; Linux x86_64; rv:20.0) Gecko/20100101 Firefox/20.0"
5.10.83.50 - - [18/Dec/2013:21:09:42 +0100] "GET /news.php?cs_go=archiv&cs_id=4750&cs_search= HTTP/1.1" 200 7665 "-" "Mozilla/5.0 (compatible; AhrefsBot/5.0; +http://ahrefs.com/robot/)"
14.150.73.48 - - [18/Dec/2013:21:12:00 +0100] "GET /news.php?cs_go=archiv&cs_id=4732 HTTP/1.1" 200 7555 "http://www.mink-gmbh.de/" "Mozilla/5.0 (X11; Ubuntu; Linux x86_64; rv:20.0) Gecko/20100101 Firefox/20.0"
14.150.73.48 - - [18/Dec/2013:21:12:01 +0100] "GET /about:blank HTTP/1.1" 404 - "http://www.mink-gmbh.de/" "Mozilla/5.0 (X11; Ubuntu; Linux x86_64; rv:20.0) Gecko/20100101 Firefox/20.0"
141.8.147.12 - - [18/Dec/2013:21:18:35 +0100] "GET /news.php?cs_go=archiv&cs_id=4772 HTTP/1.1" 200 8278 "-" "Mozilla/5.0 (compatible; YandexBot/3.0; +http://yandex.com/bots)"
5.10.83.101 - - [18/Dec/2013:21:35:28 +0100] "GET /lexikon.php?cs_go=2&cs_char=p HTTP/1.1" 200 6730 "-" "Mozilla/5.0 (compatible; AhrefsBot/5.0; +http://ahrefs.com/robot/)"
5.10.83.33 - - [18/Dec/2013:21:35:58 +0100] "GET /news.php?cs_go=archiv&cs_id=4657&cs_search= HTTP/1.1" 200 9059 "-" "Mozilla/5.0 (compatible; AhrefsBot/5.0; +http://ahrefs.com/robot/)"
5.10.83.33 - - [18/Dec/2013:21:42:12 +0100] "GET /news.php?cs_go=archiv&cs_startpos=231 HTTP/1.1" 200 5966 "-" "Mozilla/5.0 (compatible; AhrefsBot/5.0; +http://ahrefs.com/robot/)"
208.115.111.75 - - [18/Dec/2013:21:45:51 +0100] "GET /robots.txt HTTP/1.1" 200 177 "-" "Mozilla/5.0 (compatible; Ezooms/1.0; help@moz.com)"
65.36.241.79 - - [18/Dec/2013:21:56:27 +0100] "HEAD / HTTP/1.1" 200 - "-" "InternetSeer.com"
5.10.83.101 - - [18/Dec/2013:22:00:21 +0100] "GET /news.php?cs_go=archiv&cs_id=4555&cs_search= HTTP/1.1" 200 9452 "-" "Mozilla/5.0 (compatible; AhrefsBot/5.0; +http://ahrefs.com/robot/)"
5.10.83.38 - - [18/Dec/2013:22:07:17 +0100] "GET /energiesparcheck.php HTTP/1.1" 200 11144 "-" "Mozilla/5.0 (compatible; AhrefsBot/5.0; +http://ahrefs.com/robot/)"
5.10.83.35 - - [18/Dec/2013:22:23:21 +0100] "GET /lexikon.php?cs_go=2&cs_char=t HTTP/1.1" 200 6526 "-" "Mozilla/5.0 (compatible; AhrefsBot/5.0; +http://ahrefs.com/robot/)"
66.249.78.46 - - [18/Dec/2013:22:35:08 +0100] "GET /preisanfrage.php HTTP/1.1" 200 8502 "-" "Mozilla/5.0 (compatible; Googlebot/2.1; +http://www.google.com/bot.html)"
5.10.83.37 - - [18/Dec/2013:22:35:24 +0100] "GET /news.php?cs_go=archiv&cs_id=4588&cs_search= HTTP/1.1" 200 9557 "-" "Mozilla/5.0 (compatible; AhrefsBot/5.0; +http://ahrefs.com/robot/)"
5.10.83.40 - - [18/Dec/2013:22:45:05 +0100] "GET /news.php?cs_go=archiv&cs_id=4641&cs_search= HTTP/1.1" 200 7634 "-" "Mozilla/5.0 (compatible; AhrefsBot/5.0; +http://ahrefs.com/robot/)"
5.10.83.33 - - [18/Dec/2013:22:45:38 +0100] "GET /news.php?cs_go=archiv&cs_id=4698&cs_search= HTTP/1.1" 200 7476 "-" "Mozilla/5.0 (compatible; AhrefsBot/5.0; +http://ahrefs.com/robot/)"
130.149.225.146 - - [18/Dec/2013:22:47:24 +0100] "GET /diesel.php HTTP/1.0" 200 8192 "-" "MiaDev/0.0.1 (MIA Bot for research project MIA (www.MIA-marktplatz.de); http://www.mia-marktplatz.de/spider; spider@mia-marktplatz.de)"
5.10.83.42 - - [18/Dec/2013:22:50:34 +0100] "GET /news.php?cs_go=archiv&cs_id=4726&cs_search= HTTP/1.1" 200 11408 "-" "Mozilla/5.0 (compatible; AhrefsBot/5.0; +http://ahrefs.com/robot/)"
5.10.83.58 - - [18/Dec/2013:22:51:08 +0100] "GET /news.php?cs_go=archiv&cs_startpos=50 HTTP/1.1" 200 20479 "-" "Mozilla/5.0 (compatible; AhrefsBot/5.0; +http://ahrefs.com/robot/)"
5.10.83.33 - - [18/Dec/2013:22:51:11 +0100] "GET /lexikon.php?cs_go=3&cs_id=117 HTTP/1.1" 200 5933 "-" "Mozilla/5.0 (compatible; AhrefsBot/5.0; +http://ahrefs.com/robot/)"
141.8.147.12 - - [18/Dec/2013:22:59:25 +0100] "GET /index.php HTTP/1.1" 200 12329 "-" "Mozilla/5.0 (compatible; YandexBot/3.0; +http://yandex.com/bots)"
66.249.78.46 - - [18/Dec/2013:23:00:51 +0100] "GET /kontakt.php HTTP/1.1" 200 6966 "-" "Mozilla/5.0 (compatible; Googlebot/2.1; +http://www.google.com/bot.html)"
5.10.83.37 - - [18/Dec/2013:23:01:22 +0100] "GET /news.php?cs_go=archiv&cs_id=4739&cs_search= HTTP/1.1" 200 9839 "-" "Mozilla/5.0 (compatible; AhrefsBot/5.0; +http://ahrefs.com/robot/)"
187.60.36.218 - - [18/Dec/2013:23:24:53 +0100] "GET / HTTP/1.1" 200 12329 "-" "Mozilla/5.0 (compatible; Googlebot/2.1; +http://www.google.com/bot.html)"
14.150.73.48 - - [18/Dec/2013:23:30:18 +0100] "GET /news.php HTTP/1.1" 200 19727 "http://www.mink-gmbh.de/" "Mozilla/5.0 (X11; Ubuntu; Linux x86_64; rv:20.0) Gecko/20100101 Firefox/20.0"
14.150.73.48 - - [18/Dec/2013:23:30:18 +0100] "GET /about:blank HTTP/1.1" 404 - "http://www.mink-gmbh.de/" "Mozilla/5.0 (X11; Ubuntu; Linux x86_64; rv:20.0) Gecko/20100101 Firefox/20.0"
66.249.78.46 - - [19/Dec/2013:00:16:45 +0100] "GET /rueckrufservice.php HTTP/1.1" 200 8300 "-" "SAMSUNG-SGH-E250/1.0 Profile/MIDP-2.0 Configuration/CLDC-1.1 UP.Browser/6.2.3.3.c.1.101 (GUI) MMP/2.0 (compatible; Googlebot-Mobile/2.1; +http://www.google.com/bot.html)"
66.249.78.46 - - [19/Dec/2013:00:26:35 +0100] "GET /news.php?cs_go=archiv&cs_id=4769 HTTP/1.1" 200 7668 "-" "Mozilla/5.0 (compatible; Googlebot/2.1; +http://www.google.com/bot.html)"
208.115.111.75 - - [19/Dec/2013:00:29:24 +0100] "GET /modernisierung.php HTTP/1.1" 200 9252 "-" "Mozilla/5.0 (compatible; Ezooms/1.0; help@moz.com)"
66.249.78.46 - - [19/Dec/2013:00:35:13 +0100] "GET /style.css HTTP/1.1" 200 8402 "-" "Mozilla/5.0 (compatible; Googlebot/2.1; +http://www.google.com/bot.html)"
157.56.92.165 - - [19/Dec/2013:00:39:53 +0100] "GET /robots.txt HTTP/1.1" 200 177 "-" "Mozilla/5.0 (compatible; bingbot/2.0; +http://www.bing.com/bingbot.htm)"
157.56.92.165 - - [19/Dec/2013:00:41:12 +0100] "GET /news.php?cs_go=archiv&cs_startpos=630 HTTP/1.1" 200 5690 "-" "Mozilla/5.0 (compatible; bingbot/2.0; +http://www.bing.com/bingbot.htm)"
141.8.147.12 - - [19/Dec/2013:01:10:32 +0100] "GET /news.php HTTP/1.1" 200 19727 "-" "Mozilla/5.0 (compatible; YandexBot/3.0; +http://yandex.com/bots)"
141.8.147.12 - - [19/Dec/2013:01:18:46 +0100] "GET /news.php?cs_go=archiv&cs_id=4771 HTTP/1.1" 200 7613 "-" "Mozilla/5.0 (compatible; YandexBot/3.0; +http://yandex.com/bots)"
82.94.179.38 - - [19/Dec/2013:01:27:03 +0100] "GET /robots.txt HTTP/1.0" 200 177 "-" "Mozilla/4.0 (compatible; Freshbot/1.0/EU; http://webagent.wise-guys.nl/)"
82.94.179.38 - - [19/Dec/2013:01:27:03 +0100] "GET / HTTP/1.1" 200 12329 "-" "Mozilla/5.0 (X11; Linux i686; rv:6.0) Gecko/20100101 Firefox/6.0 (Freshbot/1.0/EU; http://webagent.wise-guys.nl/)"
82.94.179.38 - - [19/Dec/2013:01:27:28 +0100] "GET /news.php?cs_go=archiv&cs_id=4781 HTTP/1.1" 200 11111 "-" "Mozilla/5.0 (X11; Linux i686; rv:6.0) Gecko/20100101 Firefox/6.0 (Freshbot/1.0/EU; http://webagent.wise-guys.nl/)"
82.94.179.38 - - [19/Dec/2013:01:27:51 +0100] "GET /news.php?cs_go=archiv&cs_id=4755 HTTP/1.1" 200 10039 "-" "Mozilla/5.0 (X11; Linux i686; rv:6.0) Gecko/20100101 Firefox/6.0 (Freshbot/1.0/EU; http://webagent.wise-guys.nl/)"
82.94.179.38 - - [19/Dec/2013:01:28:15 +0100] "GET /news.php?cs_go=archiv&cs_id=4780 HTTP/1.1" 200 7672 "-" "Mozilla/5.0 (X11; Linux i686; rv:6.0) Gecko/20100101 Firefox/6.0 (Freshbot/1.0/EU; http://webagent.wise-guys.nl/)"
66.249.78.46 - - [19/Dec/2013:01:43:44 +0100] "GET /news.php?cs_go=archiv&cs_id=4746 HTTP/1.1" 200 7720 "-" "Mozilla/5.0 (compatible; Googlebot/2.1; +http://www.google.com/bot.html)"
66.249.78.46 - - [19/Dec/2013:02:26:36 +0100] "GET /kwk.php HTTP/1.1" 200 8447 "-" "Mozilla/5.0 (compatible; Googlebot/2.1; +http://www.google.com/bot.html)"
66.249.78.46 - - [19/Dec/2013:02:30:10 +0100] "GET /images/logos.jpg?cache2041 HTTP/1.1" 200 35043 "-" "Googlebot-Image/1.0"
65.36.241.79 - - [19/Dec/2013:03:59:00 +0100] "HEAD / HTTP/1.1" 200 - "-" "InternetSeer.com"
66.249.78.46 - - [19/Dec/2013:04:14:59 +0100] "GET / HTTP/1.1" 200 12329 "-" "Mozilla/5.0 (iPhone; CPU iPhone OS 6_0 like Mac OS X) AppleWebKit/536.26 (KHTML, like Gecko) Version/6.0 Mobile/10A5376e Safari/8536.25 (compatible; Googlebot-Mobile/2.1; +http://www.google.com/bot.html)"
141.8.147.12 - - [19/Dec/2013:04:33:18 +0100] "GET /news.php?cs_go=archiv&cs_startpos=51 HTTP/1.1" 200 20491 "-" "Mozilla/5.0 (compatible; YandexBot/3.0; +http://yandex.com/bots)"
141.8.147.12 - - [19/Dec/2013:05:16:14 +0100] "GET /robots.txt HTTP/1.1" 200 177 "-" "Mozilla/5.0 (compatible; YandexBot/3.0; +http://yandex.com/bots)"
157.56.92.146 - - [19/Dec/2013:05:19:07 +0100] "GET /robots.txt HTTP/1.1" 200 177 "-" "Mozilla/5.0 (compatible; bingbot/2.0; +http://www.bing.com/bingbot.htm)"
157.56.92.146 - - [19/Dec/2013:05:21:05 +0100] "GET / HTTP/1.1" 200 12329 "-" "Mozilla/5.0 (compatible; bingbot/2.0; +http://www.bing.com/bingbot.htm)"
208.43.225.84 - - [19/Dec/2013:05:49:04 +0100] "GET /robots.txt HTTP/1.1" 200 177 "-" "Mozilla/5.0 (compatible; SiteExplorer/1.0b; +http://siteexplorer.info/)"
208.43.225.84 - - [19/Dec/2013:05:49:08 +0100] "GET / HTTP/1.1" 200 12329 "-" "Mozilla/5.0 (compatible; SiteExplorer/1.0b; +http://siteexplorer.info/)"
157.56.92.146 - - [19/Dec/2013:06:11:43 +0100] "GET / HTTP/1.1" 200 12329 "-" "Mozilla/5.0 (compatible; bingbot/2.0; +http://www.bing.com/bingbot.htm)"
84.19.190.55 - - [19/Dec/2013:06:21:52 +0100] "GET /robots.txt HTTP/1.1" 200 177 "-" "Mozilla/5.0 (compatible; UnisterBot; crawler@unister.de)"
84.19.190.55 - - [19/Dec/2013:06:21:52 +0100] "GET /agb.php HTTP/1.1" 200 17543 "-" "Mozilla/5.0 (compatible; UnisterBot; crawler@unister.de)"
84.19.190.55 - - [19/Dec/2013:06:23:37 +0100] "GET /rueckrufservice.php HTTP/1.1" 200 8300 "-" "Mozilla/5.0 (compatible; UnisterBot; crawler@unister.de)"
84.19.190.55 - - [19/Dec/2013:06:24:23 +0100] "GET /kontakt.php HTTP/1.1" 200 6966 "-" "Mozilla/5.0 (compatible; UnisterBot; crawler@unister.de)"
84.19.190.55 - - [19/Dec/2013:06:25:07 +0100] "GET /news.php?cs_go=archiv&cs_id=4675 HTTP/1.1" 200 8871 "-" "Mozilla/5.0 (compatible; UnisterBot; crawler@unister.de)"
66.249.78.46 - - [19/Dec/2013:06:25:22 +0100] "GET /images/logos.jpg?cache8449 HTTP/1.1" 200 35043 "-" "Googlebot-Image/1.0"
84.19.190.55 - - [19/Dec/2013:06:25:49 +0100] "GET /news.php HTTP/1.1" 200 19727 "-" "Mozilla/5.0 (compatible; UnisterBot; crawler@unister.de)"
84.19.190.55 - - [19/Dec/2013:06:26:46 +0100] "GET /edl.php HTTP/1.1" 200 8596 "-" "Mozilla/5.0 (compatible; UnisterBot; crawler@unister.de)"
84.19.190.55 - - [19/Dec/2013:06:28:11 +0100] "GET /foerdermittel.php HTTP/1.1" 200 10473 "-" "Mozilla/5.0 (compatible; UnisterBot; crawler@unister.de)"
84.19.190.55 - - [19/Dec/2013:06:29:25 +0100] "GET /news.php?cs_go=archiv&cs_id=4676 HTTP/1.1" 200 11598 "-" "Mozilla/5.0 (compatible; UnisterBot; crawler@unister.de)"
84.19.190.55 - - [19/Dec/2013:06:30:39 +0100] "GET / HTTP/1.1" 200 12329 "-" "Mozilla/5.0 (compatible; UnisterBot; crawler@unister.de)"
84.19.190.55 - - [19/Dec/2013:06:31:49 +0100] "GET /news.php?cs_go=archiv HTTP/1.1" 200 19727 "-" "Mozilla/5.0 (compatible; UnisterBot; crawler@unister.de)"
84.19.190.55 - - [19/Dec/2013:06:33:01 +0100] "GET /newsletter.php HTTP/1.1" 200 6492 "-" "Mozilla/5.0 (compatible; UnisterBot; crawler@unister.de)"
84.19.190.55 - - [19/Dec/2013:06:34:08 +0100] "GET /faq.php HTTP/1.1" 200 216831 "-" "Mozilla/5.0 (compatible; UnisterBot; crawler@unister.de)"
84.19.190.55 - - [19/Dec/2013:06:35:22 +0100] "GET /news.php?cs_go=archiv&cs_id=4678 HTTP/1.1" 200 7591 "-" "Mozilla/5.0 (compatible; UnisterBot; crawler@unister.de)"
84.19.190.55 - - [19/Dec/2013:06:36:50 +0100] "GET /lexikon.php HTTP/1.1" 200 8115 "-" "Mozilla/5.0 (compatible; UnisterBot; crawler@unister.de)"
80.187.108.151 - - [19/Dec/2013:06:37:20 +0100] "GET /news.php?cs_go=archiv&cs_id=4629&cs_search= HTTP/1.1" 200 8923 "-" "Mozilla/5.0 (Linux; Android 4.2.2; de-de; SAMSUNG GT-I9195 Build/JDQ39) AppleWebKit/535.19 (KHTML, like Gecko) Version/1.0 Chrome/18.0.1025.308 Mobile Safari/535.19"
80.187.108.151 - - [19/Dec/2013:06:37:21 +0100] "GET /style.css HTTP/1.1" 200 8402 "-" "Mozilla/5.0 (Linux; Android 4.2.2; de-de; SAMSUNG GT-I9195 Build/JDQ39) AppleWebKit/535.19 (KHTML, like Gecko) Version/1.0 Chrome/18.0.1025.308 Mobile Safari/535.19"
80.187.108.151 - - [19/Dec/2013:06:37:21 +0100] "GET /modul.css HTTP/1.1" 200 35038 "-" "Mozilla/5.0 (Linux; Android 4.2.2; de-de; SAMSUNG GT-I9195 Build/JDQ39) AppleWebKit/535.19 (KHTML, like Gecko) Version/1.0 Chrome/18.0.1025.308 Mobile Safari/535.19"
80.187.108.151 - - [19/Dec/2013:06:37:31 +0100] "GET /images/bg.png HTTP/1.1" 200 922 "http://www.mink-gmbh.de/news.php?cs_go=archiv&cs_id=4629&cs_search=" "Mozilla/5.0 (Linux; Android 4.2.2; de-de; SAMSUNG GT-I9195 Build/JDQ39) AppleWebKit/535.19 (KHTML, like Gecko) Version/1.0 Chrome/18.0.1025.308 Mobile Safari/535.19"
80.187.108.151 - - [19/Dec/2013:06:37:31 +0100] "GET /images/freecall.jpg HTTP/1.1" 200 39195 "http://www.mink-gmbh.de/news.php?cs_go=archiv&cs_id=4629&cs_search=" "Mozilla/5.0 (Linux; Android 4.2.2; de-de; SAMSUNG GT-I9195 Build/JDQ39) AppleWebKit/535.19 (KHTML, like Gecko) Version/1.0 Chrome/18.0.1025.308 Mobile Safari/535.19"
80.187.108.151 - - [19/Dec/2013:06:37:31 +0100] "GET /images/wunschpreis.jpg HTTP/1.1" 200 16767 "http://www.mink-gmbh.de/news.php?cs_go=archiv&cs_id=4629&cs_search=" "Mozilla/5.0 (Linux; Android 4.2.2; de-de; SAMSUNG GT-I9195 Build/JDQ39) AppleWebKit/535.19 (KHTML, like Gecko) Version/1.0 Chrome/18.0.1025.308 Mobile Safari/535.19"
80.187.108.151 - - [19/Dec/2013:06:37:31 +0100] "GET /images/kwk.gif HTTP/1.1" 200 6403 "http://www.mink-gmbh.de/news.php?cs_go=archiv&cs_id=4629&cs_search=" "Mozilla/5.0 (Linux; Android 4.2.2; de-de; SAMSUNG GT-I9195 Build/JDQ39) AppleWebKit/535.19 (KHTML, like Gecko) Version/1.0 Chrome/18.0.1025.308 Mobile Safari/535.19"
80.187.108.151 - - [19/Dec/2013:06:37:31 +0100] "GET /images/logos.jpg HTTP/1.1" 200 35043 "http://www.mink-gmbh.de/news.php?cs_go=archiv&cs_id=4629&cs_search=" "Mozilla/5.0 (Linux; Android 4.2.2; de-de; SAMSUNG GT-I9195 Build/JDQ39) AppleWebKit/535.19 (KHTML, like Gecko) Version/1.0 Chrome/18.0.1025.308 Mobile Safari/535.19"
80.187.108.151 - - [19/Dec/2013:06:37:31 +0100] "GET /images/newsletter.png HTTP/1.1" 200 14619 "http://www.mink-gmbh.de/news.php?cs_go=archiv&cs_id=4629&cs_search=" "Mozilla/5.0 (Linux; Android 4.2.2; de-de; SAMSUNG GT-I9195 Build/JDQ39) AppleWebKit/535.19 (KHTML, like Gecko) Version/1.0 Chrome/18.0.1025.308 Mobile Safari/535.19"
80.187.108.151 - - [19/Dec/2013:06:37:31 +0100] "GET /images/header.jpg HTTP/1.1" 200 25189 "http://www.mink-gmbh.de/news.php?cs_go=archiv&cs_id=4629&cs_search=" "Mozilla/5.0 (Linux; Android 4.2.2; de-de; SAMSUNG GT-I9195 Build/JDQ39) AppleWebKit/535.19 (KHTML, like Gecko) Version/1.0 Chrome/18.0.1025.308 Mobile Safari/535.19"
80.187.108.151 - - [19/Dec/2013:06:37:31 +0100] "GET /images/wrapperbg.jpg HTTP/1.1" 200 27465 "http://www.mink-gmbh.de/news.php?cs_go=archiv&cs_id=4629&cs_search=" "Mozilla/5.0 (Linux; Android 4.2.2; de-de; SAMSUNG GT-I9195 Build/JDQ39) AppleWebKit/535.19 (KHTML, like Gecko) Version/1.0 Chrome/18.0.1025.308 Mobile Safari/535.19"
80.187.108.151 - - [19/Dec/2013:06:37:32 +0100] "GET /images/navibg.png HTTP/1.1" 200 2803 "http://www.mink-gmbh.de/news.php?cs_go=archiv&cs_id=4629&cs_search=" "Mozilla/5.0 (Linux; Android 4.2.2; de-de; SAMSUNG GT-I9195 Build/JDQ39) AppleWebKit/535.19 (KHTML, like Gecko) Version/1.0 Chrome/18.0.1025.308 Mobile Safari/535.19"
80.187.108.151 - - [19/Dec/2013:06:37:32 +0100] "GET /images/footerbg.jpg HTTP/1.1" 200 2184 "http://www.mink-gmbh.de/news.php?cs_go=archiv&cs_id=4629&cs_search=" "Mozilla/5.0 (Linux; Android 4.2.2; de-de; SAMSUNG GT-I9195 Build/JDQ39) AppleWebKit/535.19 (KHTML, like Gecko) Version/1.0 Chrome/18.0.1025.308 Mobile Safari/535.19"
84.19.190.55 - - [19/Dec/2013:06:38:06 +0100] "GET /kwk.php HTTP/1.1" 200 8447 "-" "Mozilla/5.0 (compatible; UnisterBot; crawler@unister.de)"
84.19.190.55 - - [19/Dec/2013:06:39:12 +0100] "GET /energiesparcheck.php HTTP/1.1" 200 11144 "-" "Mozilla/5.0 (compatible; UnisterBot; crawler@unister.de)"
84.19.190.55 - - [19/Dec/2013:06:40:28 +0100] "GET /standard.php HTTP/1.1" 200 6770 "-" "Mozilla/5.0 (compatible; UnisterBot; crawler@unister.de)"
141.8.147.12 - - [19/Dec/2013:06:41:15 +0100] "GET /news.php?cs_go=archiv&cs_id=4768&cs_search= HTTP/1.1" 200 11681 "-" "Mozilla/5.0 (compatible; YandexBot/3.0; +http://yandex.com/bots)"
84.19.190.55 - - [19/Dec/2013:06:41:31 +0100] "GET /optiplus.php HTTP/1.1" 200 8639 "-" "Mozilla/5.0 (compatible; UnisterBot; crawler@unister.de)"
84.19.190.55 - - [19/Dec/2013:06:42:41 +0100] "GET /news.php?cs_go=archiv&cs_id=4679 HTTP/1.1" 200 11686 "-" "Mozilla/5.0 (compatible; UnisterBot; crawler@unister.de)"
84.19.190.55 - - [19/Dec/2013:06:43:56 +0100] "GET /wunschpreis.php HTTP/1.1" 200 10237 "-" "Mozilla/5.0 (compatible; UnisterBot; crawler@unister.de)"
84.19.190.55 - - [19/Dec/2013:06:45:05 +0100] "GET /modernisierung.php HTTP/1.1" 200 9252 "-" "Mozilla/5.0 (compatible; UnisterBot; crawler@unister.de)"
84.19.190.55 - - [19/Dec/2013:06:46:28 +0100] "GET /preisanfrage.php HTTP/1.1" 200 8502 "-" "Mozilla/5.0 (compatible; UnisterBot; crawler@unister.de)"
109.206.182.48 - - [19/Dec/2013:06:52:19 +0100] "GET /kontakt.php HTTP/1.1" 200 6966 "-" "Mozilla/5.0 (Windows NT 6.1; WOW64; rv:2.0b7) Gecko/20100101 Firefox/4.0b7"
66.249.78.46 - - [19/Dec/2013:06:55:22 +0100] "GET /news.php?cs_go=archiv&cs_id=4770&cs_search= HTTP/1.1" 200 11527 "-" "Mozilla/5.0 (iPhone; CPU iPhone OS 6_0 like Mac OS X) AppleWebKit/536.26 (KHTML, like Gecko) Version/6.0 Mobile/10A5376e Safari/8536.25 (compatible; Googlebot-Mobile/2.1; +http://www.google.com/bot.html)"
66.249.78.46 - - [19/Dec/2013:07:05:28 +0100] "GET /modul.css HTTP/1.1" 200 35038 "http://www.mink-gmbh.de/news.php?cs_go=archiv&cs_id=4770&cs_search=" "Mozilla/5.0 (compatible; Googlebot/2.1; +http://www.google.com/bot.html)"
110.89.8.208 - - [19/Dec/2013:07:21:00 +0100] "GET /news.php?cs_go=archiv&cs_id=4545 HTTP/1.0" 200 9724 "http://www.mink-gmbh.de/news.php?cs_go=archiv&cs_id=4545" "Opera/9.80 (Windows NT 6.1; WOW64; U; ru) Presto/2.10.289 Version/12.00"
131.253.24.38 - - [19/Dec/2013:07:32:13 +0100] "GET /schwefelarmstandard.php HTTP/1.1" 200 10730 "-" "Mozilla/5.0 (compatible; MSIE 9.0; Windows NT 6.1; Trident/5.0; WOW64; Trident/5.0)"
131.253.24.38 - - [19/Dec/2013:07:32:14 +0100] "GET /style.css HTTP/1.1" 200 8402 "http://www.mink-gmbh.de/schwefelarmstandard.php" "Mozilla/5.0 (compatible; MSIE 9.0; Windows NT 6.1; Trident/5.0; WOW64; Trident/5.0)"
131.253.24.38 - - [19/Dec/2013:07:32:15 +0100] "GET /modul.css HTTP/1.1" 200 35038 "http://www.mink-gmbh.de/schwefelarmstandard.php" "Mozilla/5.0 (compatible; MSIE 9.0; Windows NT 6.1; Trident/5.0; WOW64; Trident/5.0)"
5.255.253.79 - - [19/Dec/2013:07:38:27 +0100] "GET /robots.txt HTTP/1.1" 200 177 "-" "Mozilla/5.0 (compatible; YandexImages/3.0; +http://yandex.com/bots)"
66.249.75.49 - - [19/Dec/2013:07:42:43 +0100] "GET /news.php?cs_go=archiv&cs_id=3925 HTTP/1.1" 200 7673 "-" "SAMSUNG-SGH-E250/1.0 Profile/MIDP-2.0 Configuration/CLDC-1.1 UP.Browser/6.2.3.3.c.1.101 (GUI) MMP/2.0 (compatible; Googlebot-Mobile/2.1; +http://www.google.com/bot.html)"
141.8.147.12 - - [19/Dec/2013:07:54:21 +0100] "GET /news.php?cs_go=archiv&cs_id=4767&cs_search= HTTP/1.1" 200 7638 "-" "Mozilla/5.0 (compatible; YandexBot/3.0; +http://yandex.com/bots)"
87.139.86.163 - - [19/Dec/2013:07:58:22 +0100] "GET / HTTP/1.1" 200 12369 "http://www.google.de/url?sa=t&rct=j&q=&esrc=s&source=web&cd=4&ved=0CE0QFjAD&url=http%3A%2F%2Fwww.mink-gmbh.de%2F&ei=4ZiyUsTGK8XGswaj44CIAw&usg=AFQjCNFHX4Iglls9oo-KYXTmDUV_5KOVIg&bvm=bv.58187178,d.Yms" "Mozilla/5.0 (Windows NT 6.1; rv:22.0) Gecko/20100101 Firefox/22.0"
87.139.86.163 - - [19/Dec/2013:07:58:23 +0100] "GET /style.css HTTP/1.1" 200 8402 "http://www.mink-gmbh.de/" "Mozilla/5.0 (Windows NT 6.1; rv:22.0) Gecko/20100101 Firefox/22.0"
87.139.86.163 - - [19/Dec/2013:07:58:23 +0100] "GET /js_contentserver24_greybox/gb_styles.css HTTP/1.1" 200 2302 "http://www.mink-gmbh.de/" "Mozilla/5.0 (Windows NT 6.1; rv:22.0) Gecko/20100101 Firefox/22.0"
87.139.86.163 - - [19/Dec/2013:07:58:23 +0100] "GET /favicon.ico HTTP/1.1" 200 3638 "-" "Mozilla/5.0 (Windows NT 6.1; rv:22.0) Gecko/20100101 Firefox/22.0"
87.139.86.163 - - [19/Dec/2013:07:58:23 +0100] "GET /images/wunschpreis.jpg HTTP/1.1" 200 16767 "http://www.mink-gmbh.de/" "Mozilla/5.0 (Windows NT 6.1; rv:22.0) Gecko/20100101 Firefox/22.0"
87.139.86.163 - - [19/Dec/2013:07:58:23 +0100] "GET /images/mail.jpg HTTP/1.1" 200 12099 "http://www.mink-gmbh.de/" "Mozilla/5.0 (Windows NT 6.1; rv:22.0) Gecko/20100101 Firefox/22.0"
87.139.86.163 - - [19/Dec/2013:07:58:23 +0100] "GET /images/kwk.gif HTTP/1.1" 200 6403 "http://www.mink-gmbh.de/" "Mozilla/5.0 (Windows NT 6.1; rv:22.0) Gecko/20100101 Firefox/22.0"
87.139.86.163 - - [19/Dec/2013:07:58:23 +0100] "GET /images/team-energie.png HTTP/1.1" 200 17383 "http://www.mink-gmbh.de/" "Mozilla/5.0 (Windows NT 6.1; rv:22.0) Gecko/20100101 Firefox/22.0"
87.139.86.163 - - [19/Dec/2013:07:58:23 +0100] "GET /images/logos.jpg?cache8092 HTTP/1.1" 200 35043 "http://www.mink-gmbh.de/" "Mozilla/5.0 (Windows NT 6.1; rv:22.0) Gecko/20100101 Firefox/22.0"
87.139.86.163 - - [19/Dec/2013:07:58:23 +0100] "GET /images/freecall.jpg HTTP/1.1" 200 39195 "http://www.mink-gmbh.de/" "Mozilla/5.0 (Windows NT 6.1; rv:22.0) Gecko/20100101 Firefox/22.0"
87.139.86.163 - - [19/Dec/2013:07:58:23 +0100] "GET /images/tkw.jpg HTTP/1.1" 200 64031 "http://www.mink-gmbh.de/" "Mozilla/5.0 (Windows NT 6.1; rv:22.0) Gecko/20100101 Firefox/22.0"
87.139.86.163 - - [19/Dec/2013:07:58:23 +0100] "GET /modul.css HTTP/1.1" 200 35038 "http://www.mink-gmbh.de/" "Mozilla/5.0 (Windows NT 6.1; rv:22.0) Gecko/20100101 Firefox/22.0"
208.115.113.91 - - [19/Dec/2013:08:51:33 +0100] "GET /robots.txt HTTP/1.1" 200 177 "-" "Mozilla/5.0 (compatible; Ezooms/1.0; help@moz.com)"
5.199.136.130 - - [19/Dec/2013:08:58:12 +0100] "GET /robots.txt HTTP/1.1" 200 177 "-" "Mozilla/5.0 (compatible; waybackarchive.org/1.0; +spider@waybackarchive.org)"
5.199.136.130 - - [19/Dec/2013:08:58:12 +0100] "GET /content/encyclopedia/images/1_023.jpg HTTP/1.1" 404 - "-" "Mozilla/5.0 (compatible; waybackarchive.org/1.0; +spider@waybackarchive.org)"
141.8.147.12 - - [19/Dec/2013:09:28:17 +0100] "GET /news.php?cs_go=archiv&cs_id=4735&cs_search= HTTP/1.1" 200 8277 "-" "Mozilla/5.0 (compatible; YandexBot/3.0; +http://yandex.com/bots)"
66.249.75.49 - - [19/Dec/2013:09:30:38 +0100] "GET /kwk.php HTTP/1.1" 200 8447 "-" "DoCoMo/2.0 N905i(c100;TB;W24H16) (compatible; Googlebot-Mobile/2.1; +http://www.google.com/bot.html)"
31.13.97.117 - - [19/Dec/2013:09:43:22 +0100] "GET /news.php?cs_go=archiv&cs_startpos=0 HTTP/1.1" 200 19751 "-" "facebookexternalhit/1.1 (+http://www.facebook.com/externalhit_uatext.php)"
31.13.97.113 - - [19/Dec/2013:09:43:23 +0100] "GET /news.php?cs_go=archiv&cs_startpos=0&fb_locale=de_DE HTTP/1.1" 200 19751 "-" "facebookexternalhit/1.1 (+http://www.facebook.com/externalhit_uatext.php)"
31.13.97.113 - - [19/Dec/2013:09:43:25 +0100] "GET /images/wunschpreis.jpg HTTP/1.1" 206 9000 "http://www.mink-gmbh.de/news.php?cs_go=archiv&cs_startpos=0&fb_locale=de_DE" "facebookexternalhit/1.1 (+http://www.facebook.com/externalhit_uatext.php)"
31.13.97.115 - - [19/Dec/2013:09:43:26 +0100] "GET /images/kwk.gif HTTP/1.1" 206 6403 "http://www.mink-gmbh.de/news.php?cs_go=archiv&cs_startpos=0" "facebookexternalhit/1.1 (+http://www.facebook.com/externalhit_uatext.php)"
31.13.97.118 - - [19/Dec/2013:09:43:26 +0100] "GET /images/logos.jpg HTTP/1.1" 206 9000 "http://www.mink-gmbh.de/news.php?cs_go=archiv&cs_startpos=0" "facebookexternalhit/1.1 (+http://www.facebook.com/externalhit_uatext.php)"
31.13.97.116 - - [19/Dec/2013:09:43:26 +0100] "GET /images/freecall.jpg HTTP/1.1" 206 9000 "http://www.mink-gmbh.de/news.php?cs_go=archiv&cs_startpos=0" "facebookexternalhit/1.1 (+http://www.facebook.com/externalhit_uatext.php)"
31.13.97.112 - - [19/Dec/2013:09:43:26 +0100] "GET /images/freecall.jpg HTTP/1.1" 206 9000 "http://www.mink-gmbh.de/news.php?cs_go=archiv&cs_startpos=0&fb_locale=de_DE" "facebookexternalhit/1.1 (+http://www.facebook.com/externalhit_uatext.php)"
31.13.97.115 - - [19/Dec/2013:09:43:26 +0100] "GET /images/logos.jpg HTTP/1.1" 206 9000 "http://www.mink-gmbh.de/news.php?cs_go=archiv&cs_startpos=0&fb_locale=de_DE" "facebookexternalhit/1.1 (+http://www.facebook.com/externalhit_uatext.php)"
31.13.97.118 - - [19/Dec/2013:09:43:26 +0100] "GET /images/kwk.gif HTTP/1.1" 206 6403 "http://www.mink-gmbh.de/news.php?cs_go=archiv&cs_startpos=0&fb_locale=de_DE" "facebookexternalhit/1.1 (+http://www.facebook.com/externalhit_uatext.php)"
31.13.97.114 - - [19/Dec/2013:09:43:26 +0100] "GET /images/wunschpreis.jpg HTTP/1.1" 206 9000 "http://www.mink-gmbh.de/news.php?cs_go=archiv&cs_startpos=0" "facebookexternalhit/1.1 (+http://www.facebook.com/externalhit_uatext.php)"
69.171.245.6 - - [19/Dec/2013:09:43:28 +0100] "GET /images/kwk.gif HTTP/1.1" 206 6403 "-" "facebookexternalhit/1.1 (+http://www.facebook.com/externalhit_uatext.php)"
69.171.245.6 - - [19/Dec/2013:09:43:28 +0100] "GET /images/logos.jpg HTTP/1.1" 206 35043 "-" "facebookexternalhit/1.1 (+http://www.facebook.com/externalhit_uatext.php)"
69.171.245.6 - - [19/Dec/2013:09:43:29 +0100] "GET /images/wunschpreis.jpg HTTP/1.1" 206 16767 "-" "facebookexternalhit/1.1 (+http://www.facebook.com/externalhit_uatext.php)"
173.252.113.116 - - [19/Dec/2013:09:43:29 +0100] "GET /images/wunschpreis.jpg HTTP/1.1" 206 16767 "-" "facebookexternalhit/1.1 (+http://www.facebook.com/externalhit_uatext.php)"
173.252.113.117 - - [19/Dec/2013:09:43:29 +0100] "GET /images/kwk.gif HTTP/1.1" 206 6403 "-" "facebookexternalhit/1.1 (+http://www.facebook.com/externalhit_uatext.php)"
173.252.113.119 - - [19/Dec/2013:09:43:29 +0100] "GET /images/logos.jpg HTTP/1.1" 206 35043 "-" "facebookexternalhit/1.1 (+http://www.facebook.com/externalhit_uatext.php)"
69.171.245.0 - - [19/Dec/2013:09:43:29 +0100] "GET /images/freecall.jpg HTTP/1.1" 206 39195 "-" "facebookexternalhit/1.1 (+http://www.facebook.com/externalhit_uatext.php)"
173.252.113.119 - - [19/Dec/2013:09:43:29 +0100] "GET /images/freecall.jpg HTTP/1.1" 206 39195 "-" "facebookexternalhit/1.1 (+http://www.facebook.com/externalhit_uatext.php)"
109.236.82.202 - - [19/Dec/2013:09:57:59 +0100] "GET /news.php HTTP/1.1" 200 19751 "-" "Mozilla/5.0 (Windows NT 6.1; WOW64; en) Gecko/20100101 Firefox/16.0"
109.236.82.202 - - [19/Dec/2013:09:58:03 +0100] "GET /index.php HTTP/1.1" 200 12369 "-" "Mozilla/5.0 (Windows NT 6.1; WOW64; en) Gecko/20100101 Firefox/16.0"
109.236.82.202 - - [19/Dec/2013:09:58:04 +0100] "GET /wunschpreis.php HTTP/1.1" 200 10237 "-" "Mozilla/5.0 (Windows NT 6.1; WOW64; en) Gecko/20100101 Firefox/16.0"
109.236.82.202 - - [19/Dec/2013:09:58:05 +0100] "GET /preisanfrage.php HTTP/1.1" 200 8502 "-" "Mozilla/5.0 (Windows NT 6.1; WOW64; en) Gecko/20100101 Firefox/16.0"
109.236.82.202 - - [19/Dec/2013:09:58:05 +0100] "GET /news.php HTTP/1.1" 200 19751 "-" "Mozilla/5.0 (Windows NT 6.1; WOW64; en) Gecko/20100101 Firefox/16.0"
109.236.82.202 - - [19/Dec/2013:09:58:06 +0100] "GET /faq.php HTTP/1.1" 200 216831 "-" "Mozilla/5.0 (Windows NT 6.1; WOW64; en) Gecko/20100101 Firefox/16.0"
109.236.82.202 - - [19/Dec/2013:09:58:07 +0100] "GET /lexikon.php HTTP/1.1" 200 8115 "-" "Mozilla/5.0 (Windows NT 6.1; WOW64; en) Gecko/20100101 Firefox/16.0"
109.236.82.202 - - [19/Dec/2013:09:58:07 +0100] "GET /energiesparcheck.php HTTP/1.1" 200 11144 "-" "Mozilla/5.0 (Windows NT 6.1; WOW64; en) Gecko/20100101 Firefox/16.0"
109.236.82.202 - - [19/Dec/2013:09:58:08 +0100] "GET /foerdermittel.php HTTP/1.1" 200 10473 "-" "Mozilla/5.0 (Windows NT 6.1; WOW64; en) Gecko/20100101 Firefox/16.0"
109.236.82.202 - - [19/Dec/2013:09:58:08 +0100] "GET /modernisierung.php HTTP/1.1" 200 9252 "-" "Mozilla/5.0 (Windows NT 6.1; WOW64; en) Gecko/20100101 Firefox/16.0"
109.236.82.202 - - [19/Dec/2013:09:58:09 +0100] "GET /edl.php HTTP/1.1" 200 8596 "-" "Mozilla/5.0 (Windows NT 6.1; WOW64; en) Gecko/20100101 Firefox/16.0"
109.236.82.202 - - [19/Dec/2013:09:58:09 +0100] "GET /newsletter.php HTTP/1.1" 200 6492 "-" "Mozilla/5.0 (Windows NT 6.1; WOW64; en) Gecko/20100101 Firefox/16.0"
109.236.82.202 - - [19/Dec/2013:09:58:09 +0100] "GET /kontakt.php HTTP/1.1" 200 6966 "-" "Mozilla/5.0 (Windows NT 6.1; WOW64; en) Gecko/20100101 Firefox/16.0"
109.236.82.202 - - [19/Dec/2013:09:58:10 +0100] "GET /impressum.php HTTP/1.1" 200 6306 "-" "Mozilla/5.0 (Windows NT 6.1; WOW64; en) Gecko/20100101 Firefox/16.0"
109.236.82.202 - - [19/Dec/2013:09:58:10 +0100] "GET /news.php?cs_go=archiv&cs_id=4782&cs_search= HTTP/1.1" 200 7501 "-" "Mozilla/5.0 (Windows NT 6.1; WOW64; en) Gecko/20100101 Firefox/16.0"
109.236.82.202 - - [19/Dec/2013:09:58:11 +0100] "GET /news.php?cs_go=archiv&cs_id=4781&cs_search= HTTP/1.1" 200 11111 "-" "Mozilla/5.0 (Windows NT 6.1; WOW64; en) Gecko/20100101 Firefox/16.0"
109.236.82.202 - - [19/Dec/2013:09:58:11 +0100] "GET /news.php?cs_go=archiv&cs_id=4755&cs_search= HTTP/1.1" 200 10039 "-" "Mozilla/5.0 (Windows NT 6.1; WOW64; en) Gecko/20100101 Firefox/16.0"
109.236.82.202 - - [19/Dec/2013:09:58:12 +0100] "GET /news.php?cs_go=archiv&cs_id=4780&cs_search= HTTP/1.1" 200 7672 "-" "Mozilla/5.0 (Windows NT 6.1; WOW64; en) Gecko/20100101 Firefox/16.0"
109.236.82.202 - - [19/Dec/2013:09:58:12 +0100] "GET /news.php?cs_go=archiv&cs_id=4779&cs_search= HTTP/1.1" 200 11223 "-" "Mozilla/5.0 (Windows NT 6.1; WOW64; en) Gecko/20100101 Firefox/16.0"
109.236.82.202 - - [19/Dec/2013:09:58:12 +0100] "GET /news.php?cs_go=archiv&cs_id=4744&cs_search= HTTP/1.1" 200 9246 "-" "Mozilla/5.0 (Windows NT 6.1; WOW64; en) Gecko/20100101 Firefox/16.0"
109.236.82.202 - - [19/Dec/2013:09:58:13 +0100] "GET /news.php?cs_go=archiv&cs_id=4778&cs_search= HTTP/1.1" 200 7637 "-" "Mozilla/5.0 (Windows NT 6.1; WOW64; en) Gecko/20100101 Firefox/16.0"
109.236.82.202 - - [19/Dec/2013:09:58:13 +0100] "GET /news.php?cs_go=archiv&cs_id=4777&cs_search= HTTP/1.1" 200 11430 "-" "Mozilla/5.0 (Windows NT 6.1; WOW64; en) Gecko/20100101 Firefox/16.0"
109.236.82.202 - - [19/Dec/2013:09:58:14 +0100] "GET /news.php?cs_go=archiv&cs_id=4751&cs_search= HTTP/1.1" 200 10507 "-" "Mozilla/5.0 (Windows NT 6.1; WOW64; en) Gecko/20100101 Firefox/16.0"
109.236.82.202 - - [19/Dec/2013:09:58:14 +0100] "GET /news.php?cs_go=archiv&cs_id=4776&cs_search= HTTP/1.1" 200 7526 "-" "Mozilla/5.0 (Windows NT 6.1; WOW64; en) Gecko/20100101 Firefox/16.0"
109.236.82.202 - - [19/Dec/2013:09:58:15 +0100] "GET /news.php?cs_go=archiv&cs_startpos=0 HTTP/1.1" 200 19751 "-" "Mozilla/5.0 (Windows NT 6.1; WOW64; en) Gecko/20100101 Firefox/16.0"
109.236.82.202 - - [19/Dec/2013:09:58:16 +0100] "GET /news.php?cs_go=archiv&cs_startpos=10 HTTP/1.1" 200 20138 "-" "Mozilla/5.0 (Windows NT 6.1; WOW64; en) Gecko/20100101 Firefox/16.0"
109.236.82.202 - - [19/Dec/2013:09:58:16 +0100] "GET /news.php?cs_go=archiv&cs_startpos=20 HTTP/1.1" 200 20100 "-" "Mozilla/5.0 (Windows NT 6.1; WOW64; en) Gecko/20100101 Firefox/16.0"
109.236.82.202 - - [19/Dec/2013:09:58:17 +0100] "GET /news.php?cs_go=archiv&cs_startpos=30 HTTP/1.1" 200 20381 "-" "Mozilla/5.0 (Windows NT 6.1; WOW64; en) Gecko/20100101 Firefox/16.0"
109.236.82.202 - - [19/Dec/2013:09:58:18 +0100] "GET /news.php?cs_go=archiv&cs_startpos=40 HTTP/1.1" 200 20721 "-" "Mozilla/5.0 (Windows NT 6.1; WOW64; en) Gecko/20100101 Firefox/16.0"
109.236.82.202 - - [19/Dec/2013:09:58:18 +0100] "GET /news.php?cs_go=archiv&cs_startpos=50 HTTP/1.1" 200 20500 "-" "Mozilla/5.0 (Windows NT 6.1; WOW64; en) Gecko/20100101 Firefox/16.0"
109.236.82.202 - - [19/Dec/2013:09:58:19 +0100] "GET /news.php?cs_go=archiv&cs_startpos=200 HTTP/1.1" 200 17233 "-" "Mozilla/5.0 (Windows NT 6.1; WOW64; en) Gecko/20100101 Firefox/16.0"
109.236.82.202 - - [19/Dec/2013:09:58:20 +0100] "GET /optiplus.php HTTP/1.1" 200 8639 "-" "Mozilla/5.0 (Windows NT 6.1; WOW64; en) Gecko/20100101 Firefox/16.0"
109.236.82.202 - - [19/Dec/2013:09:58:20 +0100] "GET /agb.php HTTP/1.1" 200 17543 "-" "Mozilla/5.0 (Windows NT 6.1; WOW64; en) Gecko/20100101 Firefox/16.0"
109.236.82.202 - - [19/Dec/2013:09:58:23 +0100] "GET /standard.php HTTP/1.1" 200 6770 "-" "Mozilla/5.0 (Windows NT 6.1; WOW64; en) Gecko/20100101 Firefox/16.0"
109.236.82.202 - - [19/Dec/2013:09:58:24 +0100] "GET /images/RAL_Guetezeichen_Energiehandel.pdf HTTP/1.1" 200 288367 "-" "Mozilla/5.0 (Windows NT 6.1; WOW64; en) Gecko/20100101 Firefox/16.0"
109.236.82.202 - - [19/Dec/2013:09:58:26 +0100] "GET /kwk.php HTTP/1.1" 200 8447 "-" "Mozilla/5.0 (Windows NT 6.1; WOW64; en) Gecko/20100101 Firefox/16.0"
109.236.82.202 - - [19/Dec/2013:09:58:26 +0100] "GET /rueckrufservice.php HTTP/1.1" 200 8300 "-" "Mozilla/5.0 (Windows NT 6.1; WOW64; en) Gecko/20100101 Firefox/16.0"
5.255.253.79 - - [19/Dec/2013:10:09:02 +0100] "GET /images/mail.jpg HTTP/1.1" 304 - "-" "Mozilla/5.0 (compatible; YandexImages/3.0; +http://yandex.com/bots)"
65.36.241.79 - - [19/Dec/2013:10:27:49 +0100] "HEAD / HTTP/1.1" 200 - "-" "InternetSeer.com"
66.249.78.46 - - [19/Dec/2013:10:30:13 +0100] "GET /lexikon.php?cs_go=2&cs_char=w HTTP/1.1" 200 6151 "-" "Mozilla/5.0 (iPhone; CPU iPhone OS 6_0 like Mac OS X) AppleWebKit/536.26 (KHTML, like Gecko) Version/6.0 Mobile/10A5376e Safari/8536.25 (compatible; Googlebot-Mobile/2.1; +http://www.google.com/bot.html)"
141.8.147.12 - - [19/Dec/2013:10:41:43 +0100] "GET /news.php?cs_go=archiv&cs_id=4710&cs_search= HTTP/1.1" 200 10767 "-" "Mozilla/5.0 (compatible; YandexBot/3.0; +http://yandex.com/bots)"
113.119.54.251 - - [19/Dec/2013:10:43:17 +0100] "GET /news.php HTTP/1.1" 200 19751 "http://www.mink-gmbh.de/" "Mozilla/5.0 (X11; Ubuntu; Linux x86_64; rv:20.0) Gecko/20100101 Firefox/20.0"
113.119.54.251 - - [19/Dec/2013:10:43:20 +0100] "GET /kwk.php HTTP/1.1" 200 8447 "http://www.mink-gmbh.de/" "Mozilla/5.0 (X11; Ubuntu; Linux x86_64; rv:20.0) Gecko/20100101 Firefox/20.0"
208.115.113.91 - - [19/Dec/2013:10:46:57 +0100] "GET /news.php?cs_go=archiv&cs_id=4672&cs_search= HTTP/1.1" 200 11387 "-" "Mozilla/5.0 (compatible; Ezooms/1.0; help@moz.com)"
113.119.54.251 - - [19/Dec/2013:10:53:44 +0100] "GET /news.php?cs_go=archiv&cs_id=4732 HTTP/1.1" 200 7555 "http://www.mink-gmbh.de/" "Mozilla/5.0 (X11; Ubuntu; Linux x86_64; rv:20.0) Gecko/20100101 Firefox/20.0"
113.119.54.251 - - [19/Dec/2013:10:53:46 +0100] "GET /kwk.php HTTP/1.1" 200 8447 "http://www.mink-gmbh.de/" "Mozilla/5.0 (X11; Ubuntu; Linux x86_64; rv:20.0) Gecko/20100101 Firefox/20.0"
141.8.147.12 - - [19/Dec/2013:11:17:08 +0100] "GET /news.php?cs_go=archiv&cs_id=4761&cs_search= HTTP/1.1" 200 8283 "-" "Mozilla/5.0 (compatible; YandexBot/3.0; +http://yandex.com/bots)"
5.9.110.79 - - [19/Dec/2013:11:34:55 +0100] "GET /robots.txt HTTP/1.0" 200 177 "-" "Mozilla/5.0 (compatible; MJ12bot/v1.4.4; http://www.majestic12.co.uk/bot.php?+)"
5.9.110.79 - - [19/Dec/2013:11:34:56 +0100] "GET /additive.php HTTP/1.0" 200 5937 "-" "Mozilla/5.0 (compatible; MJ12bot/v1.4.4; http://www.majestic12.co.uk/bot.php?+)"
5.9.110.79 - - [19/Dec/2013:11:34:58 +0100] "GET /diesel.php HTTP/1.0" 200 8192 "-" "Mozilla/5.0 (compatible; MJ12bot/v1.4.4; http://www.majestic12.co.uk/bot.php?+)"
66.249.78.46 - - [19/Dec/2013:11:50:26 +0100] "GET /images/logos.jpg?cache6210 HTTP/1.1" 200 35043 "-" "Googlebot-Image/1.0"
192.99.12.128 - - [19/Dec/2013:11:58:25 +0100] "GET /news.php?cs_go=archiv&cs_id=4775 HTTP/1.1" 200 11726 "http://www.mink-gmbh.de/" "Mozilla/5.0 (X11; Ubuntu; Linux x86_64; rv:20.0) Gecko/20100101 Firefox/20.0"
192.99.12.128 - - [19/Dec/2013:11:58:25 +0100] "GET /kwk.php HTTP/1.1" 200 8447 "http://www.mink-gmbh.de/" "Mozilla/5.0 (X11; Ubuntu; Linux x86_64; rv:20.0) Gecko/20100101 Firefox/20.0"
141.8.147.12 - - [19/Dec/2013:12:44:34 +0100] "GET /news.php?cs_go=archiv&cs_id=4741&cs_search= HTTP/1.1" 200 11697 "-" "Mozilla/5.0 (compatible; YandexBot/3.0; +http://yandex.com/bots)"
157.55.32.141 - - [19/Dec/2013:12:50:23 +0100] "GET /robots.txt HTTP/1.1" 200 177 "-" "Mozilla/5.0 (compatible; bingbot/2.0; +http://www.bing.com/bingbot.htm)"
157.55.32.141 - - [19/Dec/2013:13:05:31 +0100] "GET / HTTP/1.1" 200 12365 "-" "Mozilla/5.0 (compatible; bingbot/2.0; +http://www.bing.com/bingbot.htm)"
66.249.78.46 - - [19/Dec/2013:13:07:19 +0100] "GET /news.php?cs_go=archiv&cs_id=4635 HTTP/1.1" 200 7647 "-" "Mozilla/5.0 (compatible; Googlebot/2.1; +http://www.google.com/bot.html)"
66.249.78.46 - - [19/Dec/2013:13:26:00 +0100] "GET /lexikon.php?cs_go=3&cs_id=210 HTTP/1.1" 200 7108 "-" "Mozilla/5.0 (compatible; Googlebot/2.1; +http://www.google.com/bot.html)"
157.56.93.187 - - [19/Dec/2013:13:36:09 +0100] "GET /index.php HTTP/1.1" 200 12365 "-" "Mozilla/5.0 (compatible; bingbot/2.0; +http://www.bing.com/bingbot.htm)"
157.56.93.187 - - [19/Dec/2013:13:37:13 +0100] "GET /js_contentserver24_greybox/gb_styles.css HTTP/1.1" 200 2302 "-" "Mozilla/5.0 (compatible; bingbot/2.0; +http://www.bing.com/bingbot.htm)"
157.55.32.141 - - [19/Dec/2013:13:48:18 +0100] "GET / HTTP/1.1" 200 12365 "-" "Mozilla/5.0 (compatible; bingbot/2.0; +http://www.bing.com/bingbot.htm)"
66.249.78.46 - - [19/Dec/2013:13:51:35 +0100] "GET /news.php?cs_go=archiv&cs_id=4060&cs_search= HTTP/1.1" 200 7898 "-" "Mozilla/5.0 (compatible; Googlebot/2.1; +http://www.google.com/bot.html)"
66.249.78.46 - - [19/Dec/2013:14:03:36 +0100] "GET /news.php?cs_go=archiv&cs_id=2949 HTTP/1.1" 200 9141 "-" "Mozilla/5.0 (compatible; Googlebot/2.1; +http://www.google.com/bot.html)"
141.8.147.12 - - [19/Dec/2013:14:04:05 +0100] "GET /news.php?cs_go=archiv&cs_id=4719&cs_search= HTTP/1.1" 200 7642 "-" "Mozilla/5.0 (compatible; YandexBot/3.0; +http://yandex.com/bots)"
141.8.147.12 - - [19/Dec/2013:14:08:04 +0100] "GET /news.php?cs_go=archiv&cs_id=4752&cs_search= HTTP/1.1" 200 11598 "-" "Mozilla/5.0 (compatible; YandexBot/3.0; +http://yandex.com/bots)"
54.247.56.0 - - [19/Dec/2013:14:13:51 +0100] "GET / HTTP/1.1" 200 12365 "-" "Mozilla/5.0 (Windows NT 6.2; WOW64; rv:21.0) Gecko/20100101 Firefox/21.0"
5.199.143.12 - - [19/Dec/2013:14:16:50 +0100] "GET /robots.txt HTTP/1.0" 200 177 "-" "Mozilla/5.0 (compatible; MJ12bot/v1.4.4; http://www.majestic12.co.uk/bot.php?+)"
5.199.143.12 - - [19/Dec/2013:14:16:57 +0100] "GET /news.php?cs_go=archiv&cs_id=4354 HTTP/1.0" 200 7757 "-" "Mozilla/5.0 (compatible; MJ12bot/v1.4.4; http://www.majestic12.co.uk/bot.php?+)"
5.199.143.12 - - [19/Dec/2013:14:17:06 +0100] "GET /news.php?cs_go=archiv&cs_id=4355 HTTP/1.0" 200 11487 "-" "Mozilla/5.0 (compatible; MJ12bot/v1.4.4; http://www.majestic12.co.uk/bot.php?+)"
5.199.143.12 - - [19/Dec/2013:14:17:15 +0100] "GET /news.php?cs_go=archiv&cs_id=4356 HTTP/1.0" 200 7749 "-" "Mozilla/5.0 (compatible; MJ12bot/v1.4.4; http://www.majestic12.co.uk/bot.php?+)"
5.199.143.12 - - [19/Dec/2013:14:17:22 +0100] "GET /news.php?cs_go=archiv&cs_id=4357 HTTP/1.0" 200 11124 "-" "Mozilla/5.0 (compatible; MJ12bot/v1.4.4; http://www.majestic12.co.uk/bot.php?+)"
178.77.126.55 - - [19/Dec/2013:14:21:42 +0100] "GET /robots.txt HTTP/1.1" 200 177 "-" "Mozilla/5.0 (compatible; CareerBot/1.1; +http://www.career-x.de/bot.html)"
178.77.126.55 - - [19/Dec/2013:14:21:42 +0100] "GET / HTTP/1.1" 200 12365 "-" "Mozilla/5.0 (compatible; CareerBot/1.1; +http://www.career-x.de/bot.html)"
178.77.126.55 - - [19/Dec/2013:14:21:43 +0100] "GET /news.php?cs_go=archiv&cs_id=4756 HTTP/1.1" 200 7769 "-" "Mozilla/5.0 (compatible; CareerBot/1.1; +http://www.career-x.de/bot.html)"
62.96.67.77 - - [19/Dec/2013:14:29:22 +0100] "GET / HTTP/1.1" 200 12365 "-" "Mozilla/5.0 (Windows NT 6.1; rv:25.0) Gecko/20100101 Firefox/25.0"
62.96.67.77 - - [19/Dec/2013:14:29:22 +0100] "GET /style.css HTTP/1.1" 200 8402 "http://www.mink-gmbh.de/" "Mozilla/5.0 (Windows NT 6.1; rv:25.0) Gecko/20100101 Firefox/25.0"
62.96.67.77 - - [19/Dec/2013:14:29:22 +0100] "GET /js_contentserver24_greybox/gb_styles.css HTTP/1.1" 200 2302 "http://www.mink-gmbh.de/" "Mozilla/5.0 (Windows NT 6.1; rv:25.0) Gecko/20100101 Firefox/25.0"
62.96.67.77 - - [19/Dec/2013:14:29:22 +0100] "GET /favicon.ico HTTP/1.1" 200 3638 "-" "Mozilla/5.0 (Windows NT 6.1; rv:25.0) Gecko/20100101 Firefox/25.0"
62.96.67.77 - - [19/Dec/2013:14:29:22 +0100] "GET /modul.css HTTP/1.1" 200 35038 "http://www.mink-gmbh.de/" "Mozilla/5.0 (Windows NT 6.1; rv:25.0) Gecko/20100101 Firefox/25.0"
62.96.67.77 - - [19/Dec/2013:14:29:23 +0100] "GET /js_contentserver24_greybox/AJS_fx.js HTTP/1.1" 200 3192 "http://www.mink-gmbh.de/" "Mozilla/5.0 (Windows NT 6.1; rv:25.0) Gecko/20100101 Firefox/25.0"
62.96.67.77 - - [19/Dec/2013:14:29:23 +0100] "GET /js_contentserver24_greybox/AJS.js HTTP/1.1" 200 10396 "http://www.mink-gmbh.de/" "Mozilla/5.0 (Windows NT 6.1; rv:25.0) Gecko/20100101 Firefox/25.0"
62.96.67.77 - - [19/Dec/2013:14:29:23 +0100] "GET /js_contentserver24_greybox/gb_scripts.js HTTP/1.1" 200 11913 "http://www.mink-gmbh.de/" "Mozilla/5.0 (Windows NT 6.1; rv:25.0) Gecko/20100101 Firefox/25.0"
62.96.67.77 - - [19/Dec/2013:14:29:23 +0100] "GET /images/mail.jpg HTTP/1.1" 200 12099 "http://www.mink-gmbh.de/" "Mozilla/5.0 (Windows NT 6.1; rv:25.0) Gecko/20100101 Firefox/25.0"
62.96.67.77 - - [19/Dec/2013:14:29:23 +0100] "GET /images/team-energie.png HTTP/1.1" 200 17383 "http://www.mink-gmbh.de/" "Mozilla/5.0 (Windows NT 6.1; rv:25.0) Gecko/20100101 Firefox/25.0"
62.96.67.77 - - [19/Dec/2013:14:29:23 +0100] "GET /images/kwk.gif HTTP/1.1" 200 6403 "http://www.mink-gmbh.de/" "Mozilla/5.0 (Windows NT 6.1; rv:25.0) Gecko/20100101 Firefox/25.0"
62.96.67.77 - - [19/Dec/2013:14:29:23 +0100] "GET /images/wunschpreis.jpg HTTP/1.1" 200 16767 "http://www.mink-gmbh.de/" "Mozilla/5.0 (Windows NT 6.1; rv:25.0) Gecko/20100101 Firefox/25.0"
62.96.67.77 - - [19/Dec/2013:14:29:23 +0100] "GET /images/logos.jpg?cache8959 HTTP/1.1" 200 35043 "http://www.mink-gmbh.de/" "Mozilla/5.0 (Windows NT 6.1; rv:25.0) Gecko/20100101 Firefox/25.0"
62.96.67.77 - - [19/Dec/2013:14:29:23 +0100] "GET /images/bg.png HTTP/1.1" 200 922 "http://www.mink-gmbh.de/style.css" "Mozilla/5.0 (Windows NT 6.1; rv:25.0) Gecko/20100101 Firefox/25.0"
62.96.67.77 - - [19/Dec/2013:14:29:23 +0100] "GET /images/tkw.jpg HTTP/1.1" 200 64031 "http://www.mink-gmbh.de/" "Mozilla/5.0 (Windows NT 6.1; rv:25.0) Gecko/20100101 Firefox/25.0"
62.96.67.77 - - [19/Dec/2013:14:29:23 +0100] "GET /js_contentserver24_greybox/w_close.gif HTTP/1.1" 200 74 "http://www.mink-gmbh.de/" "Mozilla/5.0 (Windows NT 6.1; rv:25.0) Gecko/20100101 Firefox/25.0"
62.96.67.77 - - [19/Dec/2013:14:29:23 +0100] "GET /images/close.png HTTP/1.1" 200 703 "http://www.mink-gmbh.de/" "Mozilla/5.0 (Windows NT 6.1; rv:25.0) Gecko/20100101 Firefox/25.0"
62.96.67.77 - - [19/Dec/2013:14:29:23 +0100] "GET /images/newsletter_bg.jpg HTTP/1.1" 200 33610 "http://www.mink-gmbh.de/" "Mozilla/5.0 (Windows NT 6.1; rv:25.0) Gecko/20100101 Firefox/25.0"
62.96.67.77 - - [19/Dec/2013:14:29:23 +0100] "GET /images/newsletter.png HTTP/1.1" 200 14619 "http://www.mink-gmbh.de/style.css" "Mozilla/5.0 (Windows NT 6.1; rv:25.0) Gecko/20100101 Firefox/25.0"
62.96.67.77 - - [19/Dec/2013:14:29:23 +0100] "GET /images/wrapperbg.jpg HTTP/1.1" 200 27465 "http://www.mink-gmbh.de/style.css" "Mozilla/5.0 (Windows NT 6.1; rv:25.0) Gecko/20100101 Firefox/25.0"
62.96.67.77 - - [19/Dec/2013:14:29:23 +0100] "GET /images/header.jpg HTTP/1.1" 200 25189 "http://www.mink-gmbh.de/style.css" "Mozilla/5.0 (Windows NT 6.1; rv:25.0) Gecko/20100101 Firefox/25.0"
62.96.67.77 - - [19/Dec/2013:14:29:23 +0100] "GET /images/freecall.jpg HTTP/1.1" 200 39195 "http://www.mink-gmbh.de/" "Mozilla/5.0 (Windows NT 6.1; rv:25.0) Gecko/20100101 Firefox/25.0"
62.96.67.77 - - [19/Dec/2013:14:29:23 +0100] "GET /images/navibg.png HTTP/1.1" 200 2803 "http://www.mink-gmbh.de/style.css" "Mozilla/5.0 (Windows NT 6.1; rv:25.0) Gecko/20100101 Firefox/25.0"
62.96.67.77 - - [19/Dec/2013:14:29:24 +0100] "GET /images/steigend.png HTTP/1.1" 200 688 "http://www.mink-gmbh.de/modul.css" "Mozilla/5.0 (Windows NT 6.1; rv:25.0) Gecko/20100101 Firefox/25.0"
62.96.67.77 - - [19/Dec/2013:14:29:24 +0100] "GET /images/mobil.jpg HTTP/1.1" 200 25293 "http://www.mink-gmbh.de/style.css" "Mozilla/5.0 (Windows NT 6.1; rv:25.0) Gecko/20100101 Firefox/25.0"
62.96.67.77 - - [19/Dec/2013:14:29:24 +0100] "GET /images/footerbg.jpg HTTP/1.1" 200 2184 "http://www.mink-gmbh.de/style.css" "Mozilla/5.0 (Windows NT 6.1; rv:25.0) Gecko/20100101 Firefox/25.0"
62.96.67.77 - - [19/Dec/2013:14:29:24 +0100] "GET /js_contentserver24_greybox/loader_frame.html?s=0 HTTP/1.1" 200 2084 "http://www.mink-gmbh.de/" "Mozilla/5.0 (Windows NT 6.1; rv:25.0) Gecko/20100101 Firefox/25.0"
62.96.67.77 - - [19/Dec/2013:14:29:24 +0100] "GET /images/newsletter.jpg HTTP/1.1" 200 13130 "http://www.mink-gmbh.de/style.css" "Mozilla/5.0 (Windows NT 6.1; rv:25.0) Gecko/20100101 Firefox/25.0"
62.96.67.77 - - [19/Dec/2013:14:29:24 +0100] "GET /js_contentserver24_greybox/header_bg.gif HTTP/1.1" 200 1188 "http://www.mink-gmbh.de/" "Mozilla/5.0 (Windows NT 6.1; rv:25.0) Gecko/20100101 Firefox/25.0"
62.96.67.77 - - [19/Dec/2013:14:29:24 +0100] "GET /js_contentserver24_greybox/indicator.gif HTTP/1.1" 200 8238 "http://www.mink-gmbh.de/js_contentserver24_greybox/loader_frame.html?s=0" "Mozilla/5.0 (Windows NT 6.1; rv:25.0) Gecko/20100101 Firefox/25.0"
62.96.67.77 - - [19/Dec/2013:14:29:24 +0100] "GET /js_contentserver24_greybox/g_close.gif HTTP/1.1" 200 541 "http://www.mink-gmbh.de/" "Mozilla/5.0 (Windows NT 6.1; rv:25.0) Gecko/20100101 Firefox/25.0"
62.96.67.77 - - [19/Dec/2013:14:29:47 +0100] "GET /impressum.php HTTP/1.1" 200 6306 "http://www.mink-gmbh.de/" "Mozilla/5.0 (Windows NT 6.1; rv:25.0) Gecko/20100101 Firefox/25.0"
62.96.67.77 - - [19/Dec/2013:14:29:47 +0100] "GET /impressum.php HTTP/1.1" 200 6306 "http://www.mink-gmbh.de/" "Mozilla/5.0 (Windows NT 6.1; rv:25.0) Gecko/20100101 Firefox/25.0"
62.96.67.77 - - [19/Dec/2013:14:29:48 +0100] "GET /images/logos.jpg HTTP/1.1" 200 35043 "http://www.mink-gmbh.de/impressum.php" "Mozilla/5.0 (Windows NT 6.1; rv:25.0) Gecko/20100101 Firefox/25.0"
66.249.78.46 - - [19/Dec/2013:14:31:01 +0100] "GET /images/tkw.jpg HTTP/1.1" 304 - "-" "Googlebot-Image/1.0"
217.230.188.238 - - [19/Dec/2013:14:34:05 +0100] "GET / HTTP/1.1" 200 3979 "http://www.bigfinder.de/?c=ws&q=online&v=1" "Mozilla/4.0 (compatible; MSIE 8.0; Windows NT 5.1; Trident/4.0; FBSMTWB; ATC/1.0; .NET CLR 1.1.4322; ATC/1.0; .NET CLR 2.0.50727; .NET CLR 3.0.4506.2152; .NET CLR 3.5.30729)"
157.55.35.35 - - [19/Dec/2013:14:37:52 +0100] "GET /robots.txt HTTP/1.1" 200 177 "-" "Mozilla/5.0 (compatible; bingbot/2.0; +http://www.bing.com/bingbot.htm)"
157.55.32.141 - - [19/Dec/2013:14:37:52 +0100] "GET /robots.txt HTTP/1.1" 200 177 "-" "Mozilla/5.0 (compatible; bingbot/2.0; +http://www.bing.com/bingbot.htm)"
157.55.35.35 - - [19/Dec/2013:14:38:30 +0100] "GET /js_contentserver24_greybox/gb_scripts.js HTTP/1.1" 200 11913 "-" "Mozilla/5.0 (compatible; bingbot/2.0; +http://www.bing.com/bingbot.htm)"
157.55.32.141 - - [19/Dec/2013:14:38:50 +0100] "GET /modul.css HTTP/1.1" 200 35038 "-" "Mozilla/5.0 (compatible; bingbot/2.0; +http://www.bing.com/bingbot.htm)"
66.249.75.49 - - [19/Dec/2013:14:42:13 +0100] "GET /news.php?cs_go=archiv&cs_id=4096&cs_search= HTTP/1.1" 200 7567 "-" "DoCoMo/2.0 N905i(c100;TB;W24H16) (compatible; Googlebot-Mobile/2.1; +http://www.google.com/bot.html)"
157.55.35.35 - - [19/Dec/2013:14:43:50 +0100] "GET /js_contentserver24_greybox/AJS_fx.js HTTP/1.1" 200 3192 "-" "Mozilla/5.0 (compatible; bingbot/2.0; +http://www.bing.com/bingbot.htm)"
157.55.32.141 - - [19/Dec/2013:14:44:30 +0100] "GET /style.css HTTP/1.1" 200 8402 "-" "Mozilla/5.0 (compatible; bingbot/2.0; +http://www.bing.com/bingbot.htm)"
66.249.78.46 - - [19/Dec/2013:14:51:36 +0100] "GET /news.php?cs_go=archiv&cs_id=3939 HTTP/1.1" 200 7866 "-" "Mozilla/5.0 (compatible; Googlebot/2.1; +http://www.google.com/bot.html)"
65.55.215.248 - - [19/Dec/2013:14:54:02 +0100] "GET / HTTP/1.1" 200 12365 "-" "Mozilla/5.0 (compatible; MSIE 9.0; Windows NT 6.1; Trident/5.0; WOW64; Trident/5.0)"
65.55.215.248 - - [19/Dec/2013:14:54:03 +0100] "GET /style.css HTTP/1.1" 200 8402 "http://www.mink-gmbh.de/" "Mozilla/5.0 (compatible; MSIE 9.0; Windows NT 6.1; Trident/5.0; WOW64; Trident/5.0)"
65.55.215.248 - - [19/Dec/2013:14:54:04 +0100] "GET /modul.css HTTP/1.1" 200 35038 "http://www.mink-gmbh.de/" "Mozilla/5.0 (compatible; MSIE 9.0; Windows NT 6.1; Trident/5.0; WOW64; Trident/5.0)"
65.55.215.248 - - [19/Dec/2013:14:54:04 +0100] "GET /js_contentserver24_greybox/gb_styles.css HTTP/1.1" 200 2302 "http://www.mink-gmbh.de/" "Mozilla/5.0 (compatible; MSIE 9.0; Windows NT 6.1; Trident/5.0; WOW64; Trident/5.0)"
65.55.215.248 - - [19/Dec/2013:14:54:05 +0100] "GET /js_contentserver24_greybox/AJS.js HTTP/1.1" 200 10396 "http://www.mink-gmbh.de/" "Mozilla/5.0 (compatible; MSIE 9.0; Windows NT 6.1; Trident/5.0; WOW64; Trident/5.0)"
65.55.215.248 - - [19/Dec/2013:14:54:05 +0100] "GET /js_contentserver24_greybox/AJS_fx.js HTTP/1.1" 200 3192 "http://www.mink-gmbh.de/" "Mozilla/5.0 (compatible; MSIE 9.0; Windows NT 6.1; Trident/5.0; WOW64; Trident/5.0)"
65.55.215.248 - - [19/Dec/2013:14:54:05 +0100] "GET /js_contentserver24_greybox/gb_scripts.js HTTP/1.1" 200 11913 "http://www.mink-gmbh.de/" "Mozilla/5.0 (compatible; MSIE 9.0; Windows NT 6.1; Trident/5.0; WOW64; Trident/5.0)"
65.55.215.248 - - [19/Dec/2013:14:54:05 +0100] "GET /images/logos.jpg?cache7642 HTTP/1.1" 200 35043 "http://www.mink-gmbh.de/" "Mozilla/5.0 (compatible; MSIE 9.0; Windows NT 6.1; Trident/5.0; WOW64; Trident/5.0)"
65.55.215.248 - - [19/Dec/2013:14:54:09 +0100] "GET /js_contentserver24_greybox/loader_frame.html?s=0 HTTP/1.1" 200 2084 "http://www.mink-gmbh.de/" "Mozilla/5.0 (compatible; MSIE 9.0; Windows NT 6.1; Trident/5.0; WOW64; Trident/5.0)"
65.55.215.248 - - [19/Dec/2013:14:54:09 +0100] "GET /js_contentserver24_greybox/AJS.js HTTP/1.1" 304 - "http://www.mink-gmbh.de/js_contentserver24_greybox/loader_frame.html?s=0" "Mozilla/5.0 (compatible; MSIE 9.0; Windows NT 6.1; Trident/5.0; WOW64; Trident/5.0)"
