65.36.241.79 - - [01/Dec/2013:00:17:58 +0100] "HEAD / HTTP/1.1" 200 - "-" "InternetSeer.com"
208.115.111.75 - - [01/Dec/2013:00:37:54 +0100] "GET /news.php?cs_go=archiv&cs_id=4551&cs_search= HTTP/1.1" 200 9648 "-" "Mozilla/5.0 (compatible; Ezooms/1.0; ezooms.bot@gmail.com)"
208.115.111.75 - - [01/Dec/2013:00:37:57 +0100] "GET /news.php?cs_go=archiv&cs_id=4653 HTTP/1.1" 200 7521 "-" "Mozilla/5.0 (compatible; Ezooms/1.0; ezooms.bot@gmail.com)"
66.249.78.46 - - [01/Dec/2013:00:39:29 +0100] "GET /news.php HTTP/1.1" 200 20147 "-" "SAMSUNG-SGH-E250/1.0 Profile/MIDP-2.0 Configuration/CLDC-1.1 UP.Browser/6.2.3.3.c.1.101 (GUI) MMP/2.0 (compatible; Googlebot-Mobile/2.1; +http://www.google.com/bot.html)"
5.9.113.3 - - [01/Dec/2013:00:42:53 +0100] "GET /robots.txt HTTP/1.1" 200 177 "-" "Apache-HttpClient/4.3 (java 1.5)"
5.9.113.3 - - [01/Dec/2013:00:42:53 +0100] "GET / HTTP/1.1" 200 12489 "-" "Apache-HttpClient/4.3 (java 1.5)"
46.161.41.24 - - [01/Dec/2013:00:53:26 +0100] "GET /news.php?cs_go=archiv&cs_id=4511&cs_search= HTTP/1.1" 200 13818 "-" "Mozilla/4.0 (compatible; MSIE 6.0; MSIE 5.5; Windows 95) Opera 7.03 [de]"
66.249.78.46 - - [01/Dec/2013:01:17:56 +0100] "GET /news.php HTTP/1.1" 200 20147 "-" "Mozilla/5.0 (iPhone; CPU iPhone OS 6_0 like Mac OS X) AppleWebKit/536.26 (KHTML, like Gecko) Version/6.0 Mobile/10A5376e Safari/8536.25 (compatible; Googlebot-Mobile/2.1; +http://www.google.com/bot.html)"
5.10.83.97 - - [01/Dec/2013:02:11:26 +0100] "GET /news.php?cs_go=archiv&cs_id=4705&cs_search= HTTP/1.1" 200 7771 "-" "Mozilla/5.0 (compatible; AhrefsBot/5.0; +http://ahrefs.com/robot/)"
5.10.83.101 - - [01/Dec/2013:02:12:18 +0100] "GET /news.php?cs_go=archiv&cs_id=4721&cs_search= HTTP/1.1" 200 7818 "-" "Mozilla/5.0 (compatible; AhrefsBot/5.0; +http://ahrefs.com/robot/)"
5.10.83.99 - - [01/Dec/2013:02:20:24 +0100] "GET /news.php?cs_go=archiv&cs_id=4667&cs_search= HTTP/1.1" 200 7519 "-" "Mozilla/5.0 (compatible; AhrefsBot/5.0; +http://ahrefs.com/robot/)"
5.10.83.11 - - [01/Dec/2013:02:27:55 +0100] "GET /lexikon.php?cs_go=3&cs_id=214 HTTP/1.1" 200 5703 "-" "Mozilla/5.0 (compatible; AhrefsBot/5.0; +http://ahrefs.com/robot/)"
141.8.147.12 - - [01/Dec/2013:02:34:17 +0100] "GET /robots.txt HTTP/1.1" 200 177 "-" "Mozilla/5.0 (compatible; YandexBot/3.0; +http://yandex.com/bots)"
5.10.83.99 - - [01/Dec/2013:02:35:16 +0100] "GET /wunschpreis.php HTTP/1.1" 200 10237 "-" "Mozilla/5.0 (compatible; AhrefsBot/5.0; +http://ahrefs.com/robot/)"
5.10.83.42 - - [01/Dec/2013:02:44:50 +0100] "GET /news.php?cs_go=archiv&cs_id=4677&cs_search= HTTP/1.1" 200 9937 "-" "Mozilla/5.0 (compatible; AhrefsBot/5.0; +http://ahrefs.com/robot/)"
5.10.83.47 - - [01/Dec/2013:02:45:04 +0100] "GET /news.php?cs_go=archiv&cs_startpos=240 HTTP/1.1" 200 6058 "-" "Mozilla/5.0 (compatible; AhrefsBot/5.0; +http://ahrefs.com/robot/)"
5.10.83.47 - - [01/Dec/2013:02:46:46 +0100] "GET /news.php?cs_go=archiv&cs_id=4699&cs_search= HTTP/1.1" 200 10031 "-" "Mozilla/5.0 (compatible; AhrefsBot/5.0; +http://ahrefs.com/robot/)"
157.55.35.97 - - [01/Dec/2013:02:58:27 +0100] "GET /robots.txt HTTP/1.1" 200 177 "-" "Mozilla/5.0 (compatible; bingbot/2.0; +http://www.bing.com/bingbot.htm)"
5.10.83.53 - - [01/Dec/2013:02:58:28 +0100] "GET /lexikon.php?cs_go=3&cs_id=104 HTTP/1.1" 200 6038 "-" "Mozilla/5.0 (compatible; AhrefsBot/5.0; +http://ahrefs.com/robot/)"
157.55.35.97 - - [01/Dec/2013:02:59:17 +0100] "GET / HTTP/1.1" 200 12489 "-" "Mozilla/5.0 (compatible; bingbot/2.0; +http://www.bing.com/bingbot.htm)"
5.10.83.99 - - [01/Dec/2013:03:04:37 +0100] "GET /\"http://www.brennstoffboerse.de/index.php?go=fluessiggas_tank\" HTTP/1.1" 404 - "-" "Mozilla/5.0 (compatible; AhrefsBot/5.0; +http://ahrefs.com/robot/)"
5.10.83.47 - - [01/Dec/2013:03:06:01 +0100] "GET /news.php?cs_go=archiv&cs_id=4726&cs_search= HTTP/1.1" 200 11408 "-" "Mozilla/5.0 (compatible; AhrefsBot/5.0; +http://ahrefs.com/robot/)"
5.10.83.47 - - [01/Dec/2013:03:17:25 +0100] "GET /news.php HTTP/1.1" 200 20147 "-" "Mozilla/5.0 (compatible; AhrefsBot/5.0; +http://ahrefs.com/robot/)"
5.10.83.42 - - [01/Dec/2013:03:19:11 +0100] "GET /news.php?cs_go=archiv&cs_id=4620&cs_search= HTTP/1.1" 200 7854 "-" "Mozilla/5.0 (compatible; AhrefsBot/5.0; +http://ahrefs.com/robot/)"
5.10.83.69 - - [01/Dec/2013:03:27:18 +0100] "GET /news.php?cs_go=archiv&cs_id=4663&cs_search= HTTP/1.1" 200 7755 "-" "Mozilla/5.0 (compatible; AhrefsBot/5.0; +http://ahrefs.com/robot/)"
66.249.78.46 - - [01/Dec/2013:03:29:51 +0100] "GET /news.php?cs_go=archiv&cs_id=4736 HTTP/1.1" 200 11535 "-" "Mozilla/5.0 (iPhone; CPU iPhone OS 6_0 like Mac OS X) AppleWebKit/536.26 (KHTML, like Gecko) Version/6.0 Mobile/10A5376e Safari/8536.25 (compatible; Googlebot-Mobile/2.1; +http://www.google.com/bot.html)"
5.10.83.11 - - [01/Dec/2013:03:41:52 +0100] "GET /lexikon.php?cs_go=2&cs_char=j HTTP/1.1" 200 6174 "-" "Mozilla/5.0 (compatible; AhrefsBot/5.0; +http://ahrefs.com/robot/)"
46.161.41.24 - - [01/Dec/2013:03:46:08 +0100] "GET /news.php?cs_go=archiv&cs_id=4506&cs_search= HTTP/1.1" 200 8011 "-" "Mozilla/4.0 (compatible; MSIE 6.0; MSIE 5.5; Windows 95) Opera 7.03 [de]"
5.10.83.29 - - [01/Dec/2013:03:49:00 +0100] "GET /lexikon.php?cs_go=3&cs_id=109 HTTP/1.1" 200 7065 "-" "Mozilla/5.0 (compatible; AhrefsBot/5.0; +http://ahrefs.com/robot/)"
5.10.83.56 - - [01/Dec/2013:03:51:01 +0100] "GET /news.php?cs_go=archiv&cs_id=4666&cs_search= HTTP/1.1" 200 11770 "-" "Mozilla/5.0 (compatible; AhrefsBot/5.0; +http://ahrefs.com/robot/)"
141.8.147.12 - - [01/Dec/2013:03:55:27 +0100] "GET / HTTP/1.1" 200 12489 "-" "Mozilla/5.0 (compatible; YandexBot/3.0; +http://yandex.com/bots)"
5.10.83.56 - - [01/Dec/2013:04:04:23 +0100] "GET /lexikon.php?cs_go=3&cs_id=106 HTTP/1.1" 200 6024 "-" "Mozilla/5.0 (compatible; AhrefsBot/5.0; +http://ahrefs.com/robot/)"
5.10.83.11 - - [01/Dec/2013:04:15:11 +0100] "GET /news.php?cs_go=archiv&cs_id=4525&cs_search= HTTP/1.1" 200 7488 "-" "Mozilla/5.0 (compatible; AhrefsBot/5.0; +http://ahrefs.com/robot/)"
5.10.83.101 - - [01/Dec/2013:04:17:23 +0100] "GET /news.php?cs_go=archiv&cs_id=4703&cs_search= HTTP/1.1" 200 10966 "-" "Mozilla/5.0 (compatible; AhrefsBot/5.0; +http://ahrefs.com/robot/)"
5.10.83.32 - - [01/Dec/2013:04:22:26 +0100] "GET /lexikon.php?cs_go=2&cs_char=v HTTP/1.1" 200 6681 "-" "Mozilla/5.0 (compatible; AhrefsBot/5.0; +http://ahrefs.com/robot/)"
5.10.83.69 - - [01/Dec/2013:04:27:41 +0100] "GET /lexikon.php?cs_go=3&cs_id=41 HTTP/1.1" 200 5917 "-" "Mozilla/5.0 (compatible; AhrefsBot/5.0; +http://ahrefs.com/robot/)"
5.10.83.29 - - [01/Dec/2013:04:27:45 +0100] "GET /lexikon.php?cs_go=2&cs_char=f HTTP/1.1" 200 7159 "-" "Mozilla/5.0 (compatible; AhrefsBot/5.0; +http://ahrefs.com/robot/)"
5.10.83.11 - - [01/Dec/2013:04:30:05 +0100] "GET /lexikon.php?cs_go=3&cs_id=42 HTTP/1.1" 200 5936 "-" "Mozilla/5.0 (compatible; AhrefsBot/5.0; +http://ahrefs.com/robot/)"
5.10.83.69 - - [01/Dec/2013:04:32:02 +0100] "GET /news.php?cs_go=archiv&cs_id=4669&cs_search= HTTP/1.1" 200 11689 "-" "Mozilla/5.0 (compatible; AhrefsBot/5.0; +http://ahrefs.com/robot/)"
66.249.66.49 - - [01/Dec/2013:04:34:38 +0100] "GET /impressum.php HTTP/1.1" 200 6306 "-" "DoCoMo/2.0 N905i(c100;TB;W24H16) (compatible; Googlebot-Mobile/2.1; +http://www.google.com/bot.html)"
82.94.179.38 - - [01/Dec/2013:04:43:25 +0100] "GET /robots.txt HTTP/1.0" 200 177 "-" "Mozilla/4.0 (compatible; Freshbot/1.0/EU; http://webagent.wise-guys.nl/)"
82.94.179.38 - - [01/Dec/2013:04:43:25 +0100] "GET / HTTP/1.1" 200 12489 "-" "Mozilla/5.0 (X11; Linux i686; rv:6.0) Gecko/20100101 Firefox/6.0 (Freshbot/1.0/EU; http://webagent.wise-guys.nl/)"
157.56.92.161 - - [01/Dec/2013:04:45:04 +0100] "GET /robots.txt HTTP/1.1" 200 177 "-" "Mozilla/5.0 (compatible; bingbot/2.0; +http://www.bing.com/bingbot.htm)"
5.10.83.97 - - [01/Dec/2013:04:46:03 +0100] "GET /lexikon.php?cs_go=3&cs_id=123 HTTP/1.1" 200 5620 "-" "Mozilla/5.0 (compatible; AhrefsBot/5.0; +http://ahrefs.com/robot/)"
157.56.92.161 - - [01/Dec/2013:04:48:59 +0100] "GET /kwk.php?cs_go=1 HTTP/1.1" 200 8447 "-" "Mozilla/5.0 (compatible; bingbot/2.0; +http://www.bing.com/bingbot.htm)"
5.10.83.11 - - [01/Dec/2013:04:58:20 +0100] "GET /lexikon.php?cs_go=2&cs_char=e HTTP/1.1" 200 6643 "-" "Mozilla/5.0 (compatible; AhrefsBot/5.0; +http://ahrefs.com/robot/)"
5.10.83.101 - - [01/Dec/2013:04:58:29 +0100] "GET /news.php?cs_go=archiv&cs_startpos=41 HTTP/1.1" 200 20436 "-" "Mozilla/5.0 (compatible; AhrefsBot/5.0; +http://ahrefs.com/robot/)"
5.10.83.11 - - [01/Dec/2013:05:04:28 +0100] "GET /lexikon.php?cs_go=3&cs_id=90 HTTP/1.1" 200 7129 "-" "Mozilla/5.0 (compatible; AhrefsBot/5.0; +http://ahrefs.com/robot/)"
5.10.83.69 - - [01/Dec/2013:05:04:33 +0100] "GET /kwk.php?cs_go=4 HTTP/1.1" 200 7818 "-" "Mozilla/5.0 (compatible; AhrefsBot/5.0; +http://ahrefs.com/robot/)"
5.10.83.101 - - [01/Dec/2013:05:13:12 +0100] "GET /news.php?cs_go=archiv&cs_id=4509&cs_search= HTTP/1.1" 200 7860 "-" "Mozilla/5.0 (compatible; AhrefsBot/5.0; +http://ahrefs.com/robot/)"
5.10.83.2 - - [01/Dec/2013:05:14:20 +0100] "GET /lexikon.php?cs_go=3&cs_id=155 HTTP/1.1" 200 5561 "-" "Mozilla/5.0 (compatible; AhrefsBot/5.0; +http://ahrefs.com/robot/)"
141.8.147.12 - - [01/Dec/2013:05:29:43 +0100] "GET /news.php?cs_go=archiv&cs_id=4725 HTTP/1.1" 200 8987 "-" "Mozilla/5.0 (compatible; YandexBot/3.0; +http://yandex.com/bots)"
5.10.83.32 - - [01/Dec/2013:05:42:29 +0100] "GET /news.php?cs_go=archiv&cs_startpos=160 HTTP/1.1" 200 20465 "-" "Mozilla/5.0 (compatible; AhrefsBot/5.0; +http://ahrefs.com/robot/)"
5.10.83.99 - - [01/Dec/2013:05:45:52 +0100] "GET / HTTP/1.1" 200 12489 "-" "Mozilla/5.0 (compatible; AhrefsBot/5.0; +http://ahrefs.com/robot/)"
5.10.83.42 - - [01/Dec/2013:05:49:25 +0100] "GET /lexikon.php?cs_go=3&cs_id=77 HTTP/1.1" 200 6236 "-" "Mozilla/5.0 (compatible; AhrefsBot/5.0; +http://ahrefs.com/robot/)"
66.249.78.46 - - [01/Dec/2013:05:51:34 +0100] "GET / HTTP/1.1" 200 12489 "-" "Mozilla/5.0 (compatible; Googlebot/2.1; +http://www.google.com/bot.html)"
157.55.35.97 - - [01/Dec/2013:05:51:36 +0100] "GET /robots.txt HTTP/1.1" 200 177 "-" "Mozilla/5.0 (compatible; bingbot/2.0; +http://www.bing.com/bingbot.htm)"
157.55.35.97 - - [01/Dec/2013:05:52:41 +0100] "GET / HTTP/1.1" 200 12489 "-" "Mozilla/5.0 (compatible; bingbot/2.0; +http://www.bing.com/bingbot.htm)"
66.249.78.46 - - [01/Dec/2013:05:52:50 +0100] "GET /js_contentserver24_greybox/gb_styles.css HTTP/1.1" 200 2302 "-" "Mozilla/5.0 (compatible; Googlebot/2.1; +http://www.google.com/bot.html)"
5.10.83.99 - - [01/Dec/2013:06:01:23 +0100] "GET /lexikon.php?cs_go=2&cs_char=z HTTP/1.1" 200 5825 "-" "Mozilla/5.0 (compatible; AhrefsBot/5.0; +http://ahrefs.com/robot/)"
5.10.83.56 - - [01/Dec/2013:06:28:02 +0100] "GET /lexikon.php?cs_go=3&cs_id=55 HTTP/1.1" 200 5581 "-" "Mozilla/5.0 (compatible; AhrefsBot/5.0; +http://ahrefs.com/robot/)"
66.249.78.46 - - [01/Dec/2013:06:36:19 +0100] "GET /news.php?cs_go=archiv&cs_id=4476 HTTP/1.1" 200 9124 "-" "Mozilla/5.0 (iPhone; CPU iPhone OS 6_0 like Mac OS X) AppleWebKit/536.26 (KHTML, like Gecko) Version/6.0 Mobile/10A5376e Safari/8536.25 (compatible; Googlebot-Mobile/2.1; +http://www.google.com/bot.html)"
199.30.20.137 - - [01/Dec/2013:06:42:06 +0100] "GET /robots.txt HTTP/1.1" 200 177 "-" "msnbot-media/1.1 (+http://search.msn.com/msnbot.htm)"
199.30.20.137 - - [01/Dec/2013:06:42:06 +0100] "GET /images/kwk.gif HTTP/1.1" 200 6403 "-" "msnbot-media/1.1 (+http://search.msn.com/msnbot.htm)"
208.115.111.75 - - [01/Dec/2013:06:45:15 +0100] "GET /robots.txt HTTP/1.1" 200 177 "-" "Mozilla/5.0 (compatible; Ezooms/1.0; ezooms.bot@gmail.com)"
5.10.83.11 - - [01/Dec/2013:06:47:45 +0100] "GET /newsletter.php HTTP/1.1" 200 6492 "-" "Mozilla/5.0 (compatible; AhrefsBot/5.0; +http://ahrefs.com/robot/)"
5.10.83.53 - - [01/Dec/2013:06:51:07 +0100] "GET /lexikon.php?cs_go=3&cs_id=215 HTTP/1.1" 200 6196 "-" "Mozilla/5.0 (compatible; AhrefsBot/5.0; +http://ahrefs.com/robot/)"
141.8.147.12 - - [01/Dec/2013:06:57:18 +0100] "GET /index.php HTTP/1.1" 200 12489 "-" "Mozilla/5.0 (compatible; YandexBot/3.0; +http://yandex.com/bots)"
5.10.83.11 - - [01/Dec/2013:06:58:57 +0100] "GET /preisanfrage.php HTTP/1.1" 200 8502 "-" "Mozilla/5.0 (compatible; AhrefsBot/5.0; +http://ahrefs.com/robot/)"
5.10.83.101 - - [01/Dec/2013:07:01:41 +0100] "GET /lexikon.php?cs_go=3&cs_id=76 HTTP/1.1" 200 6087 "-" "Mozilla/5.0 (compatible; AhrefsBot/5.0; +http://ahrefs.com/robot/)"
5.10.83.97 - - [01/Dec/2013:07:06:27 +0100] "GET /lexikon.php?cs_go=2&cs_char=d HTTP/1.1" 200 6985 "-" "Mozilla/5.0 (compatible; AhrefsBot/5.0; +http://ahrefs.com/robot/)"
65.36.241.79 - - [01/Dec/2013:07:09:34 +0100] "HEAD / HTTP/1.1" 200 - "-" "InternetSeer.com"
136.169.10.10 - - [01/Dec/2013:07:13:13 +0100] "GET / HTTP/1.1" 200 12489 "-" "Mozilla/5.0 (Windows; U; Windows NT 5.1; en-US; rv:1.9.0.5) Gecko/2008120122 Firefox/3.0.5"
136.169.10.10 - - [01/Dec/2013:07:13:14 +0100] "GET /robots.txt HTTP/1.1" 200 177 "-" "Mozilla/5.0 (Windows; U; Windows NT 5.1; en-US; rv:1.9.0.5) Gecko/2008120122 Firefox/3.0.5"
136.169.10.10 - - [01/Dec/2013:07:13:14 +0100] "GET /sitemap.xml HTTP/1.1" 404 - "-" "Mozilla/5.0 (Windows; U; Windows NT 5.1; en-US; rv:1.9.0.5) Gecko/2008120122 Firefox/3.0.5"
136.169.10.10 - - [01/Dec/2013:07:13:14 +0100] "GET /favicon.ico HTTP/1.1" 200 3638 "-" "Mozilla/5.0 (Windows; U; Windows NT 5.1; en-US; rv:1.9.0.5) Gecko/2008120122 Firefox/3.0.5"
5.10.83.29 - - [01/Dec/2013:07:15:44 +0100] "GET /news.php?cs_go=archiv&cs_id=4657&cs_search= HTTP/1.1" 200 9059 "-" "Mozilla/5.0 (compatible; AhrefsBot/5.0; +http://ahrefs.com/robot/)"
5.10.83.97 - - [01/Dec/2013:07:43:01 +0100] "GET /news.php?cs_go=archiv&cs_id=4707&cs_search= HTTP/1.1" 200 7623 "-" "Mozilla/5.0 (compatible; AhrefsBot/5.0; +http://ahrefs.com/robot/)"
5.10.83.56 - - [01/Dec/2013:07:44:29 +0100] "GET /kwk.php HTTP/1.1" 200 8447 "-" "Mozilla/5.0 (compatible; AhrefsBot/5.0; +http://ahrefs.com/robot/)"
5.10.83.53 - - [01/Dec/2013:07:45:24 +0100] "GET /news.php?cs_go=archiv&cs_id=4579&cs_search= HTTP/1.1" 200 8969 "-" "Mozilla/5.0 (compatible; AhrefsBot/5.0; +http://ahrefs.com/robot/)"
5.10.83.53 - - [01/Dec/2013:07:45:33 +0100] "GET /news.php?cs_go=archiv&cs_id=4482&cs_search= HTTP/1.1" 200 8913 "-" "Mozilla/5.0 (compatible; AhrefsBot/5.0; +http://ahrefs.com/robot/)"
141.8.147.12 - - [01/Dec/2013:07:47:51 +0100] "GET /news.php HTTP/1.1" 200 20147 "-" "Mozilla/5.0 (compatible; YandexBot/3.0; +http://yandex.com/bots)"
5.10.83.32 - - [01/Dec/2013:07:58:47 +0100] "GET /lexikon.php?cs_go=3&cs_id=70 HTTP/1.1" 200 5925 "-" "Mozilla/5.0 (compatible; AhrefsBot/5.0; +http://ahrefs.com/robot/)"
5.10.83.11 - - [01/Dec/2013:08:02:01 +0100] "GET /news.php?cs_go=archiv&cs_id=4591&cs_search= HTTP/1.1" 200 8426 "-" "Mozilla/5.0 (compatible; AhrefsBot/5.0; +http://ahrefs.com/robot/)"
5.10.83.97 - - [01/Dec/2013:08:12:47 +0100] "GET /lexikon.php?cs_go=3&cs_id=19 HTTP/1.1" 200 7531 "-" "Mozilla/5.0 (compatible; AhrefsBot/5.0; +http://ahrefs.com/robot/)"
46.161.41.24 - - [01/Dec/2013:08:27:29 +0100] "GET /news.php?cs_go=archiv&cs_id=4499&cs_search= HTTP/1.1" 200 8910 "-" "Mozilla/4.0 (compatible; MSIE 6.0; MSIE 5.5; Windows 95) Opera 7.03 [de]"
208.115.111.75 - - [01/Dec/2013:08:32:58 +0100] "GET /news.php?cs_go=archiv&cs_startpos=70 HTTP/1.1" 200 20144 "-" "Mozilla/5.0 (compatible; Ezooms/1.0; ezooms.bot@gmail.com)"
208.115.113.91 - - [01/Dec/2013:08:43:20 +0100] "GET /robots.txt HTTP/1.1" 200 177 "-" "Mozilla/5.0 (compatible; Ezooms/1.0; ezooms.bot@gmail.com)"
5.10.83.99 - - [01/Dec/2013:08:48:19 +0100] "GET /lexikon.php?cs_go=2&cs_char=g HTTP/1.1" 200 6690 "-" "Mozilla/5.0 (compatible; AhrefsBot/5.0; +http://ahrefs.com/robot/)"
5.10.83.29 - - [01/Dec/2013:08:48:43 +0100] "GET /lexikon.php?cs_go=3&cs_id=74 HTTP/1.1" 200 6233 "-" "Mozilla/5.0 (compatible; AhrefsBot/5.0; +http://ahrefs.com/robot/)"
5.10.83.101 - - [01/Dec/2013:08:56:19 +0100] "GET /news.php?cs_go=archiv&cs_startpos=10 HTTP/1.1" 200 20115 "-" "Mozilla/5.0 (compatible; AhrefsBot/5.0; +http://ahrefs.com/robot/)"
5.10.83.2 - - [01/Dec/2013:08:58:19 +0100] "GET /lexikon.php?cs_go=3&cs_id=114 HTTP/1.1" 200 6248 "-" "Mozilla/5.0 (compatible; AhrefsBot/5.0; +http://ahrefs.com/robot/)"
5.10.83.69 - - [01/Dec/2013:08:59:40 +0100] "GET /lexikon.php?cs_go=3&cs_id=27 HTTP/1.1" 200 6080 "-" "Mozilla/5.0 (compatible; AhrefsBot/5.0; +http://ahrefs.com/robot/)"
5.10.83.29 - - [01/Dec/2013:08:59:52 +0100] "GET /lexikon.php?cs_go=3&cs_id=156 HTTP/1.1" 200 6285 "-" "Mozilla/5.0 (compatible; AhrefsBot/5.0; +http://ahrefs.com/robot/)"
208.115.113.91 - - [01/Dec/2013:09:03:35 +0100] "GET /news.php?cs_go=archiv&cs_id=4680 HTTP/1.1" 200 7520 "-" "Mozilla/5.0 (compatible; Ezooms/1.0; ezooms.bot@gmail.com)"
66.249.78.46 - - [01/Dec/2013:09:05:58 +0100] "GET /images/RAL_Guetezeichen_Energiehandel.pdf HTTP/1.1" 304 - "-" "Mozilla/5.0 (iPhone; CPU iPhone OS 6_0 like Mac OS X) AppleWebKit/536.26 (KHTML, like Gecko) Version/6.0 Mobile/10A5376e Safari/8536.25 (compatible; Googlebot-Mobile/2.1; +http://www.google.com/bot.html)"
5.10.83.69 - - [01/Dec/2013:09:18:19 +0100] "GET /lexikon.php?cs_go=2&cs_char=c HTTP/1.1" 200 6400 "-" "Mozilla/5.0 (compatible; AhrefsBot/5.0; +http://ahrefs.com/robot/)"
207.241.226.232 - - [01/Dec/2013:09:38:51 +0100] "GET /robots.txt HTTP/1.1" 200 177 "-" "Mozilla/5.0 (compatible; archive.org_bot; Wayback Machine Live Record; +http://archive.org/details/archive.org_bot)"
141.8.147.12 - - [01/Dec/2013:09:41:39 +0100] "GET /news.php?cs_go=archiv&cs_id=4731 HTTP/1.1" 200 11616 "-" "Mozilla/5.0 (compatible; YandexBot/3.0; +http://yandex.com/bots)"
5.10.83.99 - - [01/Dec/2013:09:59:33 +0100] "GET /news.php?cs_go=archiv&cs_id=4527&cs_search= HTTP/1.1" 200 11897 "-" "Mozilla/5.0 (compatible; AhrefsBot/5.0; +http://ahrefs.com/robot/)"
5.10.83.42 - - [01/Dec/2013:10:12:01 +0100] "GET /lexikon.php?cs_go=3&cs_id=107 HTTP/1.1" 200 5953 "-" "Mozilla/5.0 (compatible; AhrefsBot/5.0; +http://ahrefs.com/robot/)"
5.10.83.99 - - [01/Dec/2013:10:13:40 +0100] "GET /news.php?cs_go=archiv&cs_id=4580&cs_search= HTTP/1.1" 200 11460 "-" "Mozilla/5.0 (compatible; AhrefsBot/5.0; +http://ahrefs.com/robot/)"
5.10.83.99 - - [01/Dec/2013:10:20:07 +0100] "GET /news.php?cs_go=archiv&cs_id=4690&cs_search= HTTP/1.1" 200 9659 "-" "Mozilla/5.0 (compatible; AhrefsBot/5.0; +http://ahrefs.com/robot/)"
5.10.83.97 - - [01/Dec/2013:10:29:08 +0100] "GET /news.php?cs_go=archiv&cs_id=4626&cs_search= HTTP/1.1" 200 9083 "-" "Mozilla/5.0 (compatible; AhrefsBot/5.0; +http://ahrefs.com/robot/)"
208.115.113.91 - - [01/Dec/2013:10:39:40 +0100] "GET /news.php?cs_go=archiv&cs_startpos=120 HTTP/1.1" 200 20627 "-" "Mozilla/5.0 (compatible; Ezooms/1.0; ezooms.bot@gmail.com)"
5.10.83.69 - - [01/Dec/2013:10:45:29 +0100] "GET /news.php?cs_go=archiv&cs_id=4519&cs_search= HTTP/1.1" 200 7898 "-" "Mozilla/5.0 (compatible; AhrefsBot/5.0; +http://ahrefs.com/robot/)"
5.10.83.2 - - [01/Dec/2013:10:47:37 +0100] "GET /lexikon.php?cs_go=3&cs_id=234 HTTP/1.1" 200 6290 "-" "Mozilla/5.0 (compatible; AhrefsBot/5.0; +http://ahrefs.com/robot/)"
5.10.83.69 - - [01/Dec/2013:10:48:04 +0100] "GET /news.php?cs_go=archiv&cs_id=4723 HTTP/1.1" 200 7554 "-" "Mozilla/5.0 (compatible; AhrefsBot/5.0; +http://ahrefs.com/robot/)"
5.10.83.2 - - [01/Dec/2013:10:48:34 +0100] "GET /lexikon.php?cs_go=3&cs_id=47 HTTP/1.1" 200 8723 "-" "Mozilla/5.0 (compatible; AhrefsBot/5.0; +http://ahrefs.com/robot/)"
141.8.147.12 - - [01/Dec/2013:10:54:12 +0100] "GET /news.php?cs_go=archiv&cs_id=4721&cs_search= HTTP/1.1" 200 7818 "-" "Mozilla/5.0 (compatible; YandexBot/3.0; +http://yandex.com/bots)"
5.10.83.29 - - [01/Dec/2013:11:13:00 +0100] "GET /lexikon.php?cs_go=3&cs_id=227 HTTP/1.1" 200 6241 "-" "Mozilla/5.0 (compatible; AhrefsBot/5.0; +http://ahrefs.com/robot/)"
5.10.83.97 - - [01/Dec/2013:11:13:53 +0100] "GET /lexikon.php?cs_go=2&cs_char=t HTTP/1.1" 200 6526 "-" "Mozilla/5.0 (compatible; AhrefsBot/5.0; +http://ahrefs.com/robot/)"
5.10.83.29 - - [01/Dec/2013:11:17:13 +0100] "GET /news.php?cs_go=archiv&cs_id=4709&cs_search= HTTP/1.1" 200 7939 "-" "Mozilla/5.0 (compatible; AhrefsBot/5.0; +http://ahrefs.com/robot/)"
5.10.83.56 - - [01/Dec/2013:11:18:32 +0100] "GET /news.php?cs_go=archiv&cs_id=4586&cs_search= HTTP/1.1" 200 8879 "-" "Mozilla/5.0 (compatible; AhrefsBot/5.0; +http://ahrefs.com/robot/)"
5.10.83.32 - - [01/Dec/2013:11:32:35 +0100] "GET /lexikon.php?cs_go=2&cs_char=q HTTP/1.1" 200 5726 "-" "Mozilla/5.0 (compatible; AhrefsBot/5.0; +http://ahrefs.com/robot/)"
5.10.83.29 - - [01/Dec/2013:11:33:28 +0100] "GET /foerdermittel.php HTTP/1.1" 200 10473 "-" "Mozilla/5.0 (compatible; AhrefsBot/5.0; +http://ahrefs.com/robot/)"
141.8.147.12 - - [01/Dec/2013:11:34:31 +0100] "GET /news.php?cs_go=archiv&cs_id=4727 HTTP/1.1" 200 7729 "-" "Mozilla/5.0 (compatible; YandexBot/3.0; +http://yandex.com/bots)"
5.10.83.42 - - [01/Dec/2013:11:35:51 +0100] "GET /news.php?cs_go=archiv&cs_id=4688&cs_search= HTTP/1.1" 200 8556 "-" "Mozilla/5.0 (compatible; AhrefsBot/5.0; +http://ahrefs.com/robot/)"
66.249.78.46 - - [01/Dec/2013:11:36:13 +0100] "GET /news.php?cs_go=archiv&cs_id=4046 HTTP/1.1" 200 9873 "-" "Mozilla/5.0 (iPhone; CPU iPhone OS 6_0 like Mac OS X) AppleWebKit/536.26 (KHTML, like Gecko) Version/6.0 Mobile/10A5376e Safari/8536.25 (compatible; Googlebot-Mobile/2.1; +http://www.google.com/bot.html)"
5.10.83.11 - - [01/Dec/2013:11:43:32 +0100] "GET /lexikon.php?cs_go=3&cs_id=16 HTTP/1.1" 200 6494 "-" "Mozilla/5.0 (compatible; AhrefsBot/5.0; +http://ahrefs.com/robot/)"
5.10.83.99 - - [01/Dec/2013:11:43:59 +0100] "GET /modernisierung.php?cs_gp_go=description HTTP/1.1" 200 8408 "-" "Mozilla/5.0 (compatible; AhrefsBot/5.0; +http://ahrefs.com/robot/)"
5.10.83.11 - - [01/Dec/2013:11:49:24 +0100] "GET /news.php?cs_go=archiv&cs_id=4671&cs_search= HTTP/1.1" 200 12539 "-" "Mozilla/5.0 (compatible; AhrefsBot/5.0; +http://ahrefs.com/robot/)"
5.10.83.69 - - [01/Dec/2013:11:58:49 +0100] "GET /news.php?cs_go=archiv&cs_id=4554&cs_search= HTTP/1.1" 200 9166 "-" "Mozilla/5.0 (compatible; AhrefsBot/5.0; +http://ahrefs.com/robot/)"
5.10.83.53 - - [01/Dec/2013:12:06:11 +0100] "GET /lexikon.php?cs_go=3&cs_id=142 HTTP/1.1" 200 6145 "-" "Mozilla/5.0 (compatible; AhrefsBot/5.0; +http://ahrefs.com/robot/)"
5.10.83.42 - - [01/Dec/2013:12:13:50 +0100] "GET /lexikon.php?cs_go=3&cs_id=138 HTTP/1.1" 200 6468 "-" "Mozilla/5.0 (compatible; AhrefsBot/5.0; +http://ahrefs.com/robot/)"
5.10.83.97 - - [01/Dec/2013:12:14:36 +0100] "GET /lexikon.php?cs_go=3&cs_id=202 HTTP/1.1" 200 6083 "-" "Mozilla/5.0 (compatible; AhrefsBot/5.0; +http://ahrefs.com/robot/)"
5.10.83.69 - - [01/Dec/2013:12:19:47 +0100] "GET /news.php?cs_go=archiv&cs_id=4723&cs_search= HTTP/1.1" 200 7554 "-" "Mozilla/5.0 (compatible; AhrefsBot/5.0; +http://ahrefs.com/robot/)"
141.8.147.12 - - [01/Dec/2013:12:23:35 +0100] "GET /news.php?cs_go=archiv&cs_id=4723&cs_search= HTTP/1.1" 200 7554 "-" "Mozilla/5.0 (compatible; YandexBot/3.0; +http://yandex.com/bots)"
65.36.241.79 - - [01/Dec/2013:12:24:54 +0100] "HEAD / HTTP/1.1" 200 - "-" "InternetSeer.com"
178.77.126.55 - - [01/Dec/2013:12:30:00 +0100] "GET /robots.txt HTTP/1.1" 200 177 "-" "Mozilla/5.0 (compatible; CareerBot/1.1; +http://www.career-x.de/bot.html)"
178.77.126.55 - - [01/Dec/2013:12:30:00 +0100] "GET / HTTP/1.1" 200 12489 "-" "Mozilla/5.0 (compatible; CareerBot/1.1; +http://www.career-x.de/bot.html)"
178.77.126.55 - - [01/Dec/2013:12:30:00 +0100] "GET /news.php?cs_go=archiv&cs_id=4729 HTTP/1.1" 200 8331 "-" "Mozilla/5.0 (compatible; CareerBot/1.1; +http://www.career-x.de/bot.html)"
208.115.113.91 - - [01/Dec/2013:12:45:52 +0100] "GET /robots.txt HTTP/1.1" 200 177 "-" "Mozilla/5.0 (compatible; Ezooms/1.0; ezooms.bot@gmail.com)"
5.10.83.42 - - [01/Dec/2013:12:47:56 +0100] "GET /lexikon.php HTTP/1.1" 200 8115 "-" "Mozilla/5.0 (compatible; AhrefsBot/5.0; +http://ahrefs.com/robot/)"
66.249.78.46 - - [01/Dec/2013:12:58:30 +0100] "GET /news.php?cs_go=archiv&cs_startpos=80 HTTP/1.1" 200 20186 "-" "SAMSUNG-SGH-E250/1.0 Profile/MIDP-2.0 Configuration/CLDC-1.1 UP.Browser/6.2.3.3.c.1.101 (GUI) MMP/2.0 (compatible; Googlebot-Mobile/2.1; +http://www.google.com/bot.html)"
66.249.66.49 - - [01/Dec/2013:13:05:38 +0100] "GET /news.php?cs_go=archiv&cs_id=4405 HTTP/1.1" 200 8832 "-" "DoCoMo/2.0 N905i(c100;TB;W24H16) (compatible; Googlebot-Mobile/2.1; +http://www.google.com/bot.html)"
5.10.83.47 - - [01/Dec/2013:13:07:09 +0100] "GET /news.php?cs_go=archiv&cs_startpos=20 HTTP/1.1" 200 20177 "-" "Mozilla/5.0 (compatible; AhrefsBot/5.0; +http://ahrefs.com/robot/)"
5.10.83.69 - - [01/Dec/2013:13:15:37 +0100] "GET /lexikon.php?cs_go=3&cs_id=30 HTTP/1.1" 200 5561 "-" "Mozilla/5.0 (compatible; AhrefsBot/5.0; +http://ahrefs.com/robot/)"
5.10.83.2 - - [01/Dec/2013:13:19:00 +0100] "GET /energiesparcheck.php HTTP/1.1" 200 11144 "-" "Mozilla/5.0 (compatible; AhrefsBot/5.0; +http://ahrefs.com/robot/)"
5.10.83.35 - - [01/Dec/2013:13:19:48 +0100] "GET /robots.txt HTTP/1.1" 200 177 "-" "Mozilla/5.0 (compatible; AhrefsBot/5.0; +http://ahrefs.com/robot/)"
5.10.83.47 - - [01/Dec/2013:13:30:44 +0100] "GET /lexikon.php?cs_go=3&cs_id=31 HTTP/1.1" 200 5601 "-" "Mozilla/5.0 (compatible; AhrefsBot/5.0; +http://ahrefs.com/robot/)"
157.55.35.97 - - [01/Dec/2013:13:31:29 +0100] "GET /robots.txt HTTP/1.1" 200 177 "-" "Mozilla/5.0 (compatible; bingbot/2.0; +http://www.bing.com/bingbot.htm)"
5.10.83.97 - - [01/Dec/2013:13:31:49 +0100] "GET /news.php?cs_go=archiv&cs_id=4588&cs_search= HTTP/1.1" 200 9557 "-" "Mozilla/5.0 (compatible; AhrefsBot/5.0; +http://ahrefs.com/robot/)"
157.55.35.97 - - [01/Dec/2013:13:33:50 +0100] "GET / HTTP/1.1" 200 12489 "-" "Mozilla/5.0 (compatible; bingbot/2.0; +http://www.bing.com/bingbot.htm)"
5.10.83.32 - - [01/Dec/2013:13:43:57 +0100] "GET /news.php?cs_go=archiv&cs_id=4680&cs_search= HTTP/1.1" 200 7520 "-" "Mozilla/5.0 (compatible; AhrefsBot/5.0; +http://ahrefs.com/robot/)"
5.10.83.11 - - [01/Dec/2013:13:44:07 +0100] "GET /news.php?cs_go=archiv&cs_startpos=11 HTTP/1.1" 200 20127 "-" "Mozilla/5.0 (compatible; AhrefsBot/5.0; +http://ahrefs.com/robot/)"
123.125.71.56 - - [01/Dec/2013:13:57:12 +0100] "GET / HTTP/1.1" 200 6600 "-" "Mozilla/5.0 (compatible; Baiduspider/2.0; +http://www.baidu.com/search/spider.html)"
220.181.108.75 - - [01/Dec/2013:13:57:22 +0100] "GET / HTTP/1.1" 200 6600 "-" "Mozilla/5.0 (compatible; Baiduspider/2.0; +http://www.baidu.com/search/spider.html)"
5.10.83.53 - - [01/Dec/2013:13:59:03 +0100] "GET /news.php?cs_go=archiv&cs_id=4495&cs_search= HTTP/1.1" 200 7960 "-" "Mozilla/5.0 (compatible; AhrefsBot/5.0; +http://ahrefs.com/robot/)"
5.10.83.97 - - [01/Dec/2013:14:02:20 +0100] "GET /news.php?cs_go=archiv&cs_id=4510&cs_search= HTTP/1.1" 200 8899 "-" "Mozilla/5.0 (compatible; AhrefsBot/5.0; +http://ahrefs.com/robot/)"
5.10.83.32 - - [01/Dec/2013:14:15:48 +0100] "GET /lexikon.php?cs_go=3&cs_id=122 HTTP/1.1" 200 5783 "-" "Mozilla/5.0 (compatible; AhrefsBot/5.0; +http://ahrefs.com/robot/)"
5.10.83.47 - - [01/Dec/2013:14:33:05 +0100] "GET /news.php?cs_go=archiv&cs_id=4724&cs_search= HTTP/1.1" 200 9026 "-" "Mozilla/5.0 (compatible; AhrefsBot/5.0; +http://ahrefs.com/robot/)"
5.10.83.56 - - [01/Dec/2013:14:34:26 +0100] "GET /lexikon.php?cs_go=2&cs_char=l HTTP/1.1" 200 6337 "-" "Mozilla/5.0 (compatible; AhrefsBot/5.0; +http://ahrefs.com/robot/)"
5.10.83.97 - - [01/Dec/2013:14:34:43 +0100] "GET /news.php?cs_go=archiv&cs_startpos=0 HTTP/1.1" 200 20147 "-" "Mozilla/5.0 (compatible; AhrefsBot/5.0; +http://ahrefs.com/robot/)"
208.115.113.91 - - [01/Dec/2013:14:39:17 +0100] "GET /kontakt.php HTTP/1.1" 200 6966 "-" "Mozilla/5.0 (compatible; Ezooms/1.0; ezooms.bot@gmail.com)"
208.115.113.91 - - [01/Dec/2013:14:39:20 +0100] "GET /news.php?cs_go=archiv&cs_id=4587&cs_search= HTTP/1.1" 200 10134 "-" "Mozilla/5.0 (compatible; Ezooms/1.0; ezooms.bot@gmail.com)"
208.115.113.91 - - [01/Dec/2013:14:39:22 +0100] "GET /newsletter.php HTTP/1.1" 200 6492 "-" "Mozilla/5.0 (compatible; Ezooms/1.0; ezooms.bot@gmail.com)"
5.10.83.29 - - [01/Dec/2013:14:48:02 +0100] "GET /news.php?cs_go=archiv&cs_id=4628&cs_search= HTTP/1.1" 200 9351 "-" "Mozilla/5.0 (compatible; AhrefsBot/5.0; +http://ahrefs.com/robot/)"
220.181.108.84 - - [01/Dec/2013:14:53:44 +0100] "GET / HTTP/1.1" 200 6597 "-" "Mozilla/5.0 (compatible; Baiduspider/2.0; +http://www.baidu.com/search/spider.html)"
123.125.71.47 - - [01/Dec/2013:14:56:40 +0100] "GET / HTTP/1.1" 200 6597 "-" "Mozilla/5.0 (compatible; Baiduspider/2.0; +http://www.baidu.com/search/spider.html)"
5.10.83.29 - - [01/Dec/2013:14:58:35 +0100] "GET /lexikon.php?cs_go=3&cs_id=35 HTTP/1.1" 200 6048 "-" "Mozilla/5.0 (compatible; AhrefsBot/5.0; +http://ahrefs.com/robot/)"
66.249.78.46 - - [01/Dec/2013:15:00:31 +0100] "GET /robots.txt HTTP/1.1" 200 177 "-" "Mozilla/5.0 (compatible; Googlebot/2.1; +http://www.google.com/bot.html)"
66.249.78.46 - - [01/Dec/2013:15:00:31 +0100] "GET /news.php?cs_go=archiv&cs_id=4728&cs_search= HTTP/1.1" 200 9648 "-" "Mozilla/5.0 (iPhone; CPU iPhone OS 6_0 like Mac OS X) AppleWebKit/536.26 (KHTML, like Gecko) Version/6.0 Mobile/10A5376e Safari/8536.25 (compatible; Googlebot-Mobile/2.1; +http://www.google.com/bot.html)"
5.10.83.42 - - [01/Dec/2013:15:04:22 +0100] "GET /news.php?cs_go=archiv&cs_id=4479&cs_search= HTTP/1.1" 200 8330 "-" "Mozilla/5.0 (compatible; AhrefsBot/5.0; +http://ahrefs.com/robot/)"
5.10.83.32 - - [01/Dec/2013:15:07:23 +0100] "GET /news.php?cs_go=archiv&cs_id=4715&cs_search= HTTP/1.1" 200 10717 "-" "Mozilla/5.0 (compatible; AhrefsBot/5.0; +http://ahrefs.com/robot/)"
5.10.83.53 - - [01/Dec/2013:15:18:00 +0100] "GET /news.php?cs_go=archiv&cs_startpos=170 HTTP/1.1" 200 20484 "-" "Mozilla/5.0 (compatible; AhrefsBot/5.0; +http://ahrefs.com/robot/)"
5.10.83.101 - - [01/Dec/2013:15:20:23 +0100] "GET /news.php?cs_go=archiv&cs_id=4670&cs_search= HTTP/1.1" 200 7530 "-" "Mozilla/5.0 (compatible; AhrefsBot/5.0; +http://ahrefs.com/robot/)"
5.10.83.11 - - [01/Dec/2013:15:21:06 +0100] "GET /lexikon.php?cs_go=3&cs_id=163 HTTP/1.1" 200 5794 "-" "Mozilla/5.0 (compatible; AhrefsBot/5.0; +http://ahrefs.com/robot/)"
66.249.78.46 - - [01/Dec/2013:15:22:48 +0100] "GET / HTTP/1.1" 200 12486 "-" "Mozilla/5.0 (compatible; Googlebot/2.1; +http://www.google.com/bot.html)"
5.10.83.32 - - [01/Dec/2013:15:31:52 +0100] "GET /news.php?cs_go=archiv&cs_id=4491&cs_search= HTTP/1.1" 200 8426 "-" "Mozilla/5.0 (compatible; AhrefsBot/5.0; +http://ahrefs.com/robot/)"
5.10.83.29 - - [01/Dec/2013:15:34:45 +0100] "GET /news.php?cs_go=archiv&cs_id=4515&cs_search= HTTP/1.1" 200 9278 "-" "Mozilla/5.0 (compatible; AhrefsBot/5.0; +http://ahrefs.com/robot/)"
5.10.83.11 - - [01/Dec/2013:15:37:02 +0100] "GET /news.php?cs_go=archiv&cs_startpos=220 HTTP/1.1" 200 10330 "-" "Mozilla/5.0 (compatible; AhrefsBot/5.0; +http://ahrefs.com/robot/)"
5.10.83.101 - - [01/Dec/2013:15:44:17 +0100] "GET /lexikon.php?cs_go=3&cs_id=208 HTTP/1.1" 200 5921 "-" "Mozilla/5.0 (compatible; AhrefsBot/5.0; +http://ahrefs.com/robot/)"
5.10.83.56 - - [01/Dec/2013:15:45:51 +0100] "GET /news.php?cs_go=archiv&cs_id=4675&cs_search= HTTP/1.1" 200 8871 "-" "Mozilla/5.0 (compatible; AhrefsBot/5.0; +http://ahrefs.com/robot/)"
5.10.83.2 - - [01/Dec/2013:15:50:19 +0100] "GET /news.php?cs_go=archiv&cs_id=4717&cs_search= HTTP/1.1" 200 7684 "-" "Mozilla/5.0 (compatible; AhrefsBot/5.0; +http://ahrefs.com/robot/)"
5.10.83.29 - - [01/Dec/2013:15:51:56 +0100] "GET /news.php?cs_go=archiv&cs_id=4533&cs_search= HTTP/1.1" 200 11566 "-" "Mozilla/5.0 (compatible; AhrefsBot/5.0; +http://ahrefs.com/robot/)"
5.10.83.97 - - [01/Dec/2013:15:55:35 +0100] "GET /news.php?cs_go=archiv&cs_id=4517&cs_search= HTTP/1.1" 200 10944 "-" "Mozilla/5.0 (compatible; AhrefsBot/5.0; +http://ahrefs.com/robot/)"
5.10.83.97 - - [01/Dec/2013:15:59:30 +0100] "GET /news.php?cs_go=archiv&cs_id=4583&cs_search= HTTP/1.1" 200 13188 "-" "Mozilla/5.0 (compatible; AhrefsBot/5.0; +http://ahrefs.com/robot/)"
5.10.83.2 - - [01/Dec/2013:16:03:23 +0100] "GET /news.php?cs_go=archiv&cs_startpos=130 HTTP/1.1" 200 20765 "-" "Mozilla/5.0 (compatible; AhrefsBot/5.0; +http://ahrefs.com/robot/)"
5.10.83.69 - - [01/Dec/2013:16:06:06 +0100] "GET /news.php?cs_go=archiv&cs_startpos=70 HTTP/1.1" 200 20144 "-" "Mozilla/5.0 (compatible; AhrefsBot/5.0; +http://ahrefs.com/robot/)"
5.10.83.97 - - [01/Dec/2013:16:06:07 +0100] "GET /news.php?cs_go=archiv&cs_id=4513&cs_search= HTTP/1.1" 200 7689 "-" "Mozilla/5.0 (compatible; AhrefsBot/5.0; +http://ahrefs.com/robot/)"
66.249.78.46 - - [01/Dec/2013:16:10:21 +0100] "GET /news.php HTTP/1.1" 200 20147 "-" "Mozilla/5.0 (compatible; Googlebot/2.1; +http://www.google.com/bot.html)"
5.10.83.101 - - [01/Dec/2013:16:14:41 +0100] "GET /news.php?cs_go=archiv&cs_id=4481&cs_search= HTTP/1.1" 200 9240 "-" "Mozilla/5.0 (compatible; AhrefsBot/5.0; +http://ahrefs.com/robot/)"
5.10.83.99 - - [01/Dec/2013:16:16:17 +0100] "GET /lexikon.php?cs_go=3&cs_id=158 HTTP/1.1" 200 5918 "-" "Mozilla/5.0 (compatible; AhrefsBot/5.0; +http://ahrefs.com/robot/)"
5.10.83.2 - - [01/Dec/2013:16:21:02 +0100] "GET /news.php?cs_go=archiv&cs_startpos=60 HTTP/1.1" 200 20575 "-" "Mozilla/5.0 (compatible; AhrefsBot/5.0; +http://ahrefs.com/robot/)"
5.10.83.97 - - [01/Dec/2013:16:30:45 +0100] "GET /lexikon.php?cs_go=3&cs_id=164 HTTP/1.1" 200 5823 "-" "Mozilla/5.0 (compatible; AhrefsBot/5.0; +http://ahrefs.com/robot/)"
5.10.83.32 - - [01/Dec/2013:16:43:49 +0100] "GET /modernisierung.php?cs_gp_go=coupon HTTP/1.1" 200 7829 "-" "Mozilla/5.0 (compatible; AhrefsBot/5.0; +http://ahrefs.com/robot/)"
5.10.83.47 - - [01/Dec/2013:16:45:49 +0100] "GET /news.php?cs_go=archiv&cs_id=4710 HTTP/1.1" 200 10767 "-" "Mozilla/5.0 (compatible; AhrefsBot/5.0; +http://ahrefs.com/robot/)"
66.249.78.46 - - [01/Dec/2013:16:51:07 +0100] "GET /optiplus.php HTTP/1.1" 200 8639 "-" "Mozilla/5.0 (compatible; Googlebot/2.1; +http://www.google.com/bot.html)"
66.249.78.46 - - [01/Dec/2013:16:55:48 +0100] "GET /modul.css HTTP/1.1" 200 35038 "-" "Mozilla/5.0 (compatible; Googlebot/2.1; +http://www.google.com/bot.html)"
66.249.78.46 - - [01/Dec/2013:16:55:49 +0100] "GET /style.css HTTP/1.1" 200 8402 "-" "Mozilla/5.0 (compatible; Googlebot/2.1; +http://www.google.com/bot.html)"
5.10.83.2 - - [01/Dec/2013:16:59:22 +0100] "GET /news.php?cs_go=archiv&cs_id=4589&cs_search= HTTP/1.1" 200 11787 "-" "Mozilla/5.0 (compatible; AhrefsBot/5.0; +http://ahrefs.com/robot/)"
5.10.83.2 - - [01/Dec/2013:17:00:47 +0100] "GET /lexikon.php?cs_go=3&cs_id=167 HTTP/1.1" 200 5566 "-" "Mozilla/5.0 (compatible; AhrefsBot/5.0; +http://ahrefs.com/robot/)"
5.10.83.99 - - [01/Dec/2013:17:02:04 +0100] "GET /lexikon.php?cs_go=3&cs_id=211 HTTP/1.1" 200 6127 "-" "Mozilla/5.0 (compatible; AhrefsBot/5.0; +http://ahrefs.com/robot/)"
157.55.35.97 - - [01/Dec/2013:17:13:05 +0100] "GET /robots.txt HTTP/1.1" 200 177 "-" "Mozilla/5.0 (compatible; bingbot/2.0; +http://www.bing.com/bingbot.htm)"
157.55.35.97 - - [01/Dec/2013:17:15:25 +0100] "GET / HTTP/1.1" 200 12486 "-" "Mozilla/5.0 (compatible; bingbot/2.0; +http://www.bing.com/bingbot.htm)"
5.10.83.29 - - [01/Dec/2013:17:27:19 +0100] "GET /news.php?cs_go=archiv&cs_startpos=80 HTTP/1.1" 200 20186 "-" "Mozilla/5.0 (compatible; AhrefsBot/5.0; +http://ahrefs.com/robot/)"
5.10.83.2 - - [01/Dec/2013:17:27:57 +0100] "GET /lexikon.php?cs_go=3&cs_id=68 HTTP/1.1" 200 6064 "-" "Mozilla/5.0 (compatible; AhrefsBot/5.0; +http://ahrefs.com/robot/)"
66.249.78.46 - - [01/Dec/2013:17:45:28 +0100] "GET /jobs.php HTTP/1.1" 200 4965 "-" "Mozilla/5.0 (compatible; Googlebot/2.1; +http://www.google.com/bot.html)"
66.249.78.46 - - [01/Dec/2013:17:45:47 +0100] "GET /news.php?cs_go=archiv&cs_id=4477 HTTP/1.1" 200 11818 "-" "Mozilla/5.0 (iPhone; CPU iPhone OS 6_0 like Mac OS X) AppleWebKit/536.26 (KHTML, like Gecko) Version/6.0 Mobile/10A5376e Safari/8536.25 (compatible; Googlebot-Mobile/2.1; +http://www.google.com/bot.html)"
5.10.83.56 - - [01/Dec/2013:17:58:13 +0100] "GET /lexikon.php?cs_go=3&cs_id=23 HTTP/1.1" 200 7033 "-" "Mozilla/5.0 (compatible; AhrefsBot/5.0; +http://ahrefs.com/robot/)"
5.10.83.99 - - [01/Dec/2013:17:59:05 +0100] "GET /kwk.php?cs_go=3 HTTP/1.1" 200 7848 "-" "Mozilla/5.0 (compatible; AhrefsBot/5.0; +http://ahrefs.com/robot/)"
5.10.83.97 - - [01/Dec/2013:18:04:14 +0100] "GET /\"http://www.brennstoffboerse.de/index.php?go=fluessiggas_pruefung\" HTTP/1.1" 404 - "-" "Mozilla/5.0 (compatible; AhrefsBot/5.0; +http://ahrefs.com/robot/)"
5.10.83.29 - - [01/Dec/2013:18:11:50 +0100] "GET /lexikon.php?cs_go=2&cs_char=m HTTP/1.1" 200 6637 "-" "Mozilla/5.0 (compatible; AhrefsBot/5.0; +http://ahrefs.com/robot/)"
5.10.83.2 - - [01/Dec/2013:18:18:52 +0100] "GET /lexikon.php?cs_go=3&cs_id=95 HTTP/1.1" 200 6298 "-" "Mozilla/5.0 (compatible; AhrefsBot/5.0; +http://ahrefs.com/robot/)"
5.10.83.69 - - [01/Dec/2013:18:19:29 +0100] "GET /lexikon.php?cs_go=3&cs_id=83 HTTP/1.1" 200 5999 "-" "Mozilla/5.0 (compatible; AhrefsBot/5.0; +http://ahrefs.com/robot/)"
157.55.35.97 - - [01/Dec/2013:18:21:04 +0100] "GET /news.php?cs_go=archiv&cs_id=4573&cs_search= HTTP/1.1" 200 7523 "-" "Mozilla/5.0 (compatible; bingbot/2.0; +http://www.bing.com/bingbot.htm)"
157.55.35.97 - - [01/Dec/2013:18:21:05 +0100] "GET /news.php?cs_go=archiv&cs_id=4568 HTTP/1.1" 200 9631 "-" "Mozilla/5.0 (compatible; bingbot/2.0; +http://www.bing.com/bingbot.htm)"
157.55.35.97 - - [01/Dec/2013:18:21:05 +0100] "GET /news.php?cs_go=archiv&cs_id=4567&cs_search= HTTP/1.1" 200 9128 "-" "Mozilla/5.0 (compatible; bingbot/2.0; +http://www.bing.com/bingbot.htm)"
157.55.35.97 - - [01/Dec/2013:18:21:06 +0100] "GET /news.php?cs_go=archiv&cs_id=4565&cs_search= HTTP/1.1" 200 9153 "-" "Mozilla/5.0 (compatible; bingbot/2.0; +http://www.bing.com/bingbot.htm)"
157.55.35.97 - - [01/Dec/2013:18:21:06 +0100] "GET / HTTP/1.1" 200 12486 "-" "Mozilla/5.0 (compatible; bingbot/2.0; +http://www.bing.com/bingbot.htm)"
157.55.35.97 - - [01/Dec/2013:18:21:07 +0100] "GET /preisanfrage.php HTTP/1.1" 200 8502 "-" "Mozilla/5.0 (compatible; bingbot/2.0; +http://www.bing.com/bingbot.htm)"
157.55.35.97 - - [01/Dec/2013:18:21:07 +0100] "GET /wunschpreis.php HTTP/1.1" 200 10237 "-" "Mozilla/5.0 (compatible; bingbot/2.0; +http://www.bing.com/bingbot.htm)"
157.55.35.97 - - [01/Dec/2013:18:21:08 +0100] "GET / HTTP/1.1" 200 12486 "-" "Mozilla/5.0 (compatible; bingbot/2.0; +http://www.bing.com/bingbot.htm)"
157.55.35.97 - - [01/Dec/2013:18:21:09 +0100] "GET /Heizoel-Berlin.html HTTP/1.1" 404 - "-" "Mozilla/5.0 (compatible; bingbot/2.0; +http://www.bing.com/bingbot.htm)"
157.55.35.97 - - [01/Dec/2013:18:21:09 +0100] "GET /faq.php HTTP/1.1" 200 216831 "-" "Mozilla/5.0 (compatible; bingbot/2.0; +http://www.bing.com/bingbot.htm)"
157.55.35.97 - - [01/Dec/2013:18:21:10 +0100] "GET /kontakt.php HTTP/1.1" 200 6966 "-" "Mozilla/5.0 (compatible; bingbot/2.0; +http://www.bing.com/bingbot.htm)"
157.55.32.97 - - [01/Dec/2013:18:22:45 +0100] "GET /rueckrufservice.php HTTP/1.1" 200 8300 "-" "Mozilla/5.0 (compatible; bingbot/2.0; +http://www.bing.com/bingbot.htm)"
157.55.32.97 - - [01/Dec/2013:18:22:46 +0100] "GET /lexikon.php HTTP/1.1" 200 8115 "-" "Mozilla/5.0 (compatible; bingbot/2.0; +http://www.bing.com/bingbot.htm)"
157.55.32.97 - - [01/Dec/2013:18:22:46 +0100] "GET /news.php?cs_go=archiv&cs_id=4557&cs_search= HTTP/1.1" 200 7784 "-" "Mozilla/5.0 (compatible; bingbot/2.0; +http://www.bing.com/bingbot.htm)"
157.56.93.63 - - [01/Dec/2013:18:26:18 +0100] "GET /optiplus.php HTTP/1.1" 200 8639 "-" "Mozilla/5.0 (compatible; bingbot/2.0; +http://www.bing.com/bingbot.htm)"
157.56.93.63 - - [01/Dec/2013:18:26:18 +0100] "GET /newsletter.php HTTP/1.1" 200 6492 "-" "Mozilla/5.0 (compatible; bingbot/2.0; +http://www.bing.com/bingbot.htm)"
157.56.93.63 - - [01/Dec/2013:18:26:19 +0100] "GET /news.php?cs_go=archiv&cs_id=4568&cs_search= HTTP/1.1" 200 9631 "-" "Mozilla/5.0 (compatible; bingbot/2.0; +http://www.bing.com/bingbot.htm)"
157.56.93.63 - - [01/Dec/2013:18:26:19 +0100] "GET /news.php?cs_go=archiv&cs_id=4567 HTTP/1.1" 200 9128 "-" "Mozilla/5.0 (compatible; bingbot/2.0; +http://www.bing.com/bingbot.htm)"
157.56.93.63 - - [01/Dec/2013:18:26:19 +0100] "GET /schwefelarmstandard.php HTTP/1.1" 200 10730 "-" "Mozilla/5.0 (compatible; bingbot/2.0; +http://www.bing.com/bingbot.htm)"
157.56.92.161 - - [01/Dec/2013:18:30:08 +0100] "GET /news.php?cs_go=archiv&cs_id=4572&cs_search= HTTP/1.1" 200 11817 "-" "Mozilla/5.0 (compatible; bingbot/2.0; +http://www.bing.com/bingbot.htm)"
157.56.92.161 - - [01/Dec/2013:18:30:08 +0100] "GET /kwk.php HTTP/1.1" 200 8447 "-" "Mozilla/5.0 (compatible; bingbot/2.0; +http://www.bing.com/bingbot.htm)"
157.56.92.161 - - [01/Dec/2013:18:30:09 +0100] "GET /standard.php HTTP/1.1" 200 6770 "-" "Mozilla/5.0 (compatible; bingbot/2.0; +http://www.bing.com/bingbot.htm)"
157.56.92.161 - - [01/Dec/2013:18:30:09 +0100] "GET /Heizoel-Berlin.htm HTTP/1.1" 404 - "-" "Mozilla/5.0 (compatible; bingbot/2.0; +http://www.bing.com/bingbot.htm)"
157.56.92.161 - - [01/Dec/2013:18:30:09 +0100] "GET /Schmierstoffe.htm HTTP/1.1" 404 - "-" "Mozilla/5.0 (compatible; bingbot/2.0; +http://www.bing.com/bingbot.htm)"
157.56.92.161 - - [01/Dec/2013:18:30:10 +0100] "GET /index.php HTTP/1.1" 200 12486 "-" "Mozilla/5.0 (compatible; bingbot/2.0; +http://www.bing.com/bingbot.htm)"
157.56.92.161 - - [01/Dec/2013:18:30:10 +0100] "GET /jobs.php HTTP/1.1" 200 4965 "-" "Mozilla/5.0 (compatible; bingbot/2.0; +http://www.bing.com/bingbot.htm)"
157.56.92.161 - - [01/Dec/2013:18:30:11 +0100] "GET /modernisierung.php HTTP/1.1" 200 9252 "-" "Mozilla/5.0 (compatible; bingbot/2.0; +http://www.bing.com/bingbot.htm)"
157.56.93.63 - - [01/Dec/2013:18:31:28 +0100] "GET /modernisierung.php?cs_gp_go=plus HTTP/1.1" 200 9252 "-" "Mozilla/5.0 (compatible; bingbot/2.0; +http://www.bing.com/bingbot.htm)"
157.56.93.63 - - [01/Dec/2013:18:31:28 +0100] "GET /news.php HTTP/1.1" 200 20147 "-" "Mozilla/5.0 (compatible; bingbot/2.0; +http://www.bing.com/bingbot.htm)"
157.56.93.63 - - [01/Dec/2013:18:31:29 +0100] "GET /news.php?cs_go=archiv&cs_id=4556&cs_search= HTTP/1.1" 200 7824 "-" "Mozilla/5.0 (compatible; bingbot/2.0; +http://www.bing.com/bingbot.htm)"
212.255.227.44 - - [01/Dec/2013:18:33:10 +0100] "GET /style.css HTTP/1.1" 200 8402 "http://www.mink-gmbh.de/index.php" "Mozilla/5.0 (Windows NT 6.0; rv:25.0) Gecko/20100101 Firefox/25.0"
212.255.227.44 - - [01/Dec/2013:18:33:10 +0100] "GET /modul.css HTTP/1.1" 200 35038 "http://www.mink-gmbh.de/index.php" "Mozilla/5.0 (Windows NT 6.0; rv:25.0) Gecko/20100101 Firefox/25.0"
212.255.227.44 - - [01/Dec/2013:18:33:10 +0100] "GET /js_contentserver24_greybox/gb_styles.css HTTP/1.1" 200 2302 "http://www.mink-gmbh.de/index.php" "Mozilla/5.0 (Windows NT 6.0; rv:25.0) Gecko/20100101 Firefox/25.0"
212.255.227.44 - - [01/Dec/2013:18:33:10 +0100] "GET /favicon.ico HTTP/1.1" 200 3638 "-" "Mozilla/5.0 (Windows NT 6.0; rv:25.0) Gecko/20100101 Firefox/25.0"
212.255.227.44 - - [01/Dec/2013:18:33:09 +0100] "GET /index.php HTTP/1.1" 200 12486 "-" "Mozilla/5.0 (Windows NT 6.0; rv:25.0) Gecko/20100101 Firefox/25.0"
212.255.227.44 - - [01/Dec/2013:18:33:10 +0100] "GET /js_contentserver24_greybox/AJS.js HTTP/1.1" 200 10396 "http://www.mink-gmbh.de/index.php" "Mozilla/5.0 (Windows NT 6.0; rv:25.0) Gecko/20100101 Firefox/25.0"
212.255.227.44 - - [01/Dec/2013:18:33:10 +0100] "GET /js_contentserver24_greybox/AJS_fx.js HTTP/1.1" 200 3192 "http://www.mink-gmbh.de/index.php" "Mozilla/5.0 (Windows NT 6.0; rv:25.0) Gecko/20100101 Firefox/25.0"
212.255.227.44 - - [01/Dec/2013:18:33:10 +0100] "GET /js_contentserver24_greybox/gb_scripts.js HTTP/1.1" 200 11913 "http://www.mink-gmbh.de/index.php" "Mozilla/5.0 (Windows NT 6.0; rv:25.0) Gecko/20100101 Firefox/25.0"
212.255.227.44 - - [01/Dec/2013:18:33:10 +0100] "GET /images/mail.jpg HTTP/1.1" 200 12099 "http://www.mink-gmbh.de/index.php" "Mozilla/5.0 (Windows NT 6.0; rv:25.0) Gecko/20100101 Firefox/25.0"
212.255.227.44 - - [01/Dec/2013:18:33:10 +0100] "GET /images/team-energie.png HTTP/1.1" 200 17383 "http://www.mink-gmbh.de/index.php" "Mozilla/5.0 (Windows NT 6.0; rv:25.0) Gecko/20100101 Firefox/25.0"
212.255.227.44 - - [01/Dec/2013:18:33:10 +0100] "GET /images/freecall.jpg HTTP/1.1" 200 39195 "http://www.mink-gmbh.de/index.php" "Mozilla/5.0 (Windows NT 6.0; rv:25.0) Gecko/20100101 Firefox/25.0"
212.255.227.44 - - [01/Dec/2013:18:33:10 +0100] "GET /images/tkw.jpg HTTP/1.1" 200 64031 "http://www.mink-gmbh.de/index.php" "Mozilla/5.0 (Windows NT 6.0; rv:25.0) Gecko/20100101 Firefox/25.0"
212.255.227.44 - - [01/Dec/2013:18:33:10 +0100] "GET /images/kwk.gif HTTP/1.1" 200 6403 "http://www.mink-gmbh.de/index.php" "Mozilla/5.0 (Windows NT 6.0; rv:25.0) Gecko/20100101 Firefox/25.0"
212.255.227.44 - - [01/Dec/2013:18:33:10 +0100] "GET /images/wunschpreis.jpg HTTP/1.1" 200 16767 "http://www.mink-gmbh.de/index.php" "Mozilla/5.0 (Windows NT 6.0; rv:25.0) Gecko/20100101 Firefox/25.0"
212.255.227.44 - - [01/Dec/2013:18:33:11 +0100] "GET /images/bg.png HTTP/1.1" 200 922 "http://www.mink-gmbh.de/style.css" "Mozilla/5.0 (Windows NT 6.0; rv:25.0) Gecko/20100101 Firefox/25.0"
212.255.227.44 - - [01/Dec/2013:18:33:11 +0100] "GET /js_contentserver24_greybox/w_close.gif HTTP/1.1" 200 74 "http://www.mink-gmbh.de/index.php" "Mozilla/5.0 (Windows NT 6.0; rv:25.0) Gecko/20100101 Firefox/25.0"
212.255.227.44 - - [01/Dec/2013:18:33:11 +0100] "GET /images/close.png HTTP/1.1" 200 703 "http://www.mink-gmbh.de/index.php" "Mozilla/5.0 (Windows NT 6.0; rv:25.0) Gecko/20100101 Firefox/25.0"
212.255.227.44 - - [01/Dec/2013:18:33:11 +0100] "GET /images/newsletter_bg.jpg HTTP/1.1" 200 33610 "http://www.mink-gmbh.de/index.php" "Mozilla/5.0 (Windows NT 6.0; rv:25.0) Gecko/20100101 Firefox/25.0"
212.255.227.44 - - [01/Dec/2013:18:33:11 +0100] "GET /images/logos.jpg?cache8423 HTTP/1.1" 200 35043 "http://www.mink-gmbh.de/index.php" "Mozilla/5.0 (Windows NT 6.0; rv:25.0) Gecko/20100101 Firefox/25.0"
212.255.227.44 - - [01/Dec/2013:18:33:11 +0100] "GET /images/newsletter.png HTTP/1.1" 200 14619 "http://www.mink-gmbh.de/style.css" "Mozilla/5.0 (Windows NT 6.0; rv:25.0) Gecko/20100101 Firefox/25.0"
212.255.227.44 - - [01/Dec/2013:18:33:11 +0100] "GET /images/wrapperbg.jpg HTTP/1.1" 200 27465 "http://www.mink-gmbh.de/style.css" "Mozilla/5.0 (Windows NT 6.0; rv:25.0) Gecko/20100101 Firefox/25.0"
212.255.227.44 - - [01/Dec/2013:18:33:11 +0100] "GET /images/header.jpg HTTP/1.1" 200 25189 "http://www.mink-gmbh.de/style.css" "Mozilla/5.0 (Windows NT 6.0; rv:25.0) Gecko/20100101 Firefox/25.0"
212.255.227.44 - - [01/Dec/2013:18:33:11 +0100] "GET /images/navibg.png HTTP/1.1" 200 2803 "http://www.mink-gmbh.de/style.css" "Mozilla/5.0 (Windows NT 6.0; rv:25.0) Gecko/20100101 Firefox/25.0"
212.255.227.44 - - [01/Dec/2013:18:33:11 +0100] "GET /images/steigend.png HTTP/1.1" 200 688 "http://www.mink-gmbh.de/modul.css" "Mozilla/5.0 (Windows NT 6.0; rv:25.0) Gecko/20100101 Firefox/25.0"
212.255.227.44 - - [01/Dec/2013:18:33:11 +0100] "GET /images/fallend.png HTTP/1.1" 200 713 "http://www.mink-gmbh.de/modul.css" "Mozilla/5.0 (Windows NT 6.0; rv:25.0) Gecko/20100101 Firefox/25.0"
212.255.227.44 - - [01/Dec/2013:18:33:11 +0100] "GET /images/mobil.jpg HTTP/1.1" 200 25293 "http://www.mink-gmbh.de/style.css" "Mozilla/5.0 (Windows NT 6.0; rv:25.0) Gecko/20100101 Firefox/25.0"
212.255.227.44 - - [01/Dec/2013:18:33:11 +0100] "GET /images/newsletter.jpg HTTP/1.1" 200 13130 "http://www.mink-gmbh.de/style.css" "Mozilla/5.0 (Windows NT 6.0; rv:25.0) Gecko/20100101 Firefox/25.0"
212.255.227.44 - - [01/Dec/2013:18:33:11 +0100] "GET /images/footerbg.jpg HTTP/1.1" 200 2184 "http://www.mink-gmbh.de/style.css" "Mozilla/5.0 (Windows NT 6.0; rv:25.0) Gecko/20100101 Firefox/25.0"
212.255.227.44 - - [01/Dec/2013:18:33:11 +0100] "GET /js_contentserver24_greybox/loader_frame.html?s=0 HTTP/1.1" 200 2084 "http://www.mink-gmbh.de/index.php" "Mozilla/5.0 (Windows NT 6.0; rv:25.0) Gecko/20100101 Firefox/25.0"
212.255.227.44 - - [01/Dec/2013:18:33:11 +0100] "GET /js_contentserver24_greybox/header_bg.gif HTTP/1.1" 200 1188 "http://www.mink-gmbh.de/index.php" "Mozilla/5.0 (Windows NT 6.0; rv:25.0) Gecko/20100101 Firefox/25.0"
212.255.227.44 - - [01/Dec/2013:18:33:11 +0100] "GET /js_contentserver24_greybox/indicator.gif HTTP/1.1" 200 8238 "http://www.mink-gmbh.de/js_contentserver24_greybox/loader_frame.html?s=0" "Mozilla/5.0 (Windows NT 6.0; rv:25.0) Gecko/20100101 Firefox/25.0"
212.255.227.44 - - [01/Dec/2013:18:33:12 +0100] "GET /js_contentserver24_greybox/g_close.gif HTTP/1.1" 200 541 "http://www.mink-gmbh.de/index.php" "Mozilla/5.0 (Windows NT 6.0; rv:25.0) Gecko/20100101 Firefox/25.0"
212.255.227.44 - - [01/Dec/2013:18:34:51 +0100] "GET /preisanfrage.php HTTP/1.1" 200 8502 "http://www.mink-gmbh.de/index.php" "Mozilla/5.0 (Windows NT 6.0; rv:25.0) Gecko/20100101 Firefox/25.0"
212.255.227.44 - - [01/Dec/2013:18:34:51 +0100] "GET /images/logos.jpg HTTP/1.1" 200 35043 "http://www.mink-gmbh.de/preisanfrage.php" "Mozilla/5.0 (Windows NT 6.0; rv:25.0) Gecko/20100101 Firefox/25.0"
212.255.227.44 - - [01/Dec/2013:18:35:00 +0100] "GET /index.php HTTP/1.1" 200 11746 "http://www.mink-gmbh.de/preisanfrage.php" "Mozilla/5.0 (Windows NT 6.0; rv:25.0) Gecko/20100101 Firefox/25.0"
212.255.227.44 - - [01/Dec/2013:18:35:00 +0100] "GET /images/logos.jpg?cache6175 HTTP/1.1" 200 35043 "http://www.mink-gmbh.de/index.php" "Mozilla/5.0 (Windows NT 6.0; rv:25.0) Gecko/20100101 Firefox/25.0"
87.166.63.76 - - [01/Dec/2013:18:46:16 +0100] "GET /modul.css HTTP/1.1" 200 35038 "http://www.mink-gmbh.de/" "Mozilla/5.0 (Macintosh; U; Intel Mac OS X 10_6_8; de-de) AppleWebKit/533.21.1 (KHTML, like Gecko) Version/5.0.5 Safari/533.21.1"
87.166.63.76 - - [01/Dec/2013:18:46:16 +0100] "GET /style.css HTTP/1.1" 200 8402 "http://www.mink-gmbh.de/" "Mozilla/5.0 (Macintosh; U; Intel Mac OS X 10_6_8; de-de) AppleWebKit/533.21.1 (KHTML, like Gecko) Version/5.0.5 Safari/533.21.1"
87.166.63.76 - - [01/Dec/2013:18:46:15 +0100] "GET / HTTP/1.1" 200 12486 "http://www.google.de/url?sa=t&rct=j&q=mink&source=web&cd=5&ved=0CFQQFjAE&url=http%3A%2F%2Fwww.mink-gmbh.de%2F&ei=hnWbUsWhCYSQtAaf34DYBw&usg=AFQjCNFHX4Iglls9oo-KYXTmDUV_5KOVIg&bvm=bv.57155469,d.Yms" "Mozilla/5.0 (Macintosh; U; Intel Mac OS X 10_6_8; de-de) AppleWebKit/533.21.1 (KHTML, like Gecko) Version/5.0.5 Safari/533.21.1"
