79.247.120.194 - - [06/Dec/2013:06:42:58 +0100] "GET /news.php?cs_go=archiv&cs_id=4759&cs_search= HTTP/1.1" 200 11550 "-" "Mozilla/5.0 (X11; U; Linux x86_64; en-US; rv:1.9.0.19) Gecko/2010102809 Iceweasel/3.0.6 (Debian-3.0.6-3)"
92.225.37.159 - - [06/Dec/2013:06:42:58 +0100] "GET /news.php?cs_go=archiv&cs_id=4752&cs_search= HTTP/1.1" 200 11598 "-" "Mozilla/5.0 (Windows; U; Windows NT 5.1; de; rv:1.9.0.10) Gecko/2009042316 Firefox/3.0.10"
79.247.120.194 - - [06/Dec/2013:06:42:58 +0100] "GET /news.php?cs_go=archiv&cs_id=4753&cs_search= HTTP/1.1" 200 7689 "-" "Mozilla/5.0 (Windows; U; Windows NT 6.1; en-US; rv:1.9.2.2) Gecko/20100316 Firefox/3.6.2"
84.191.150.168 - - [06/Dec/2013:06:42:58 +0100] "GET /news.php?cs_go=archiv&cs_id=4750&cs_search= HTTP/1.1" 200 7665 "-" "Mozilla/5.0 (X11; U; Linux x86_64; en-US; rv:1.9.0.19) Gecko/2010102809 Iceweasel/3.0.6 (Debian-3.0.6-3)"
79.247.124.134 - - [06/Dec/2013:06:42:57 +0100] "GET /index.php HTTP/1.1" 200 12409 "-" "Mozilla/5.0 (X11; U; Linux x86_64; en-US; rv:1.9.0.19) Gecko/2010102809 Iceweasel/3.0.6 (Debian-3.0.6-3)"
79.247.124.134 - - [06/Dec/2013:06:42:58 +0100] "GET /news.php?cs_go=archiv&cs_id=4761&cs_search= HTTP/1.1" 200 8283 "-" "Mozilla/5.0 (Windows; U; Windows NT 6.1; en-US; rv:1.9.2.2) Gecko/20100316 Firefox/3.6.2"
92.225.33.16 - - [06/Dec/2013:06:42:58 +0100] "GET /news.php?cs_go=archiv&cs_startpos=20 HTTP/1.1" 200 20414 "-" "Mozilla/5.0 (Windows; U; Windows NT 5.1; de; rv:1.9.0.10) Gecko/2009042316 Firefox/3.0.10"
79.247.120.194 - - [06/Dec/2013:06:42:58 +0100] "GET /news.php?cs_go=archiv&cs_startpos=30 HTTP/1.1" 200 20107 "-" "Mozilla/5.0 (X11; U; Linux x86_64; en-US; rv:1.9.0.19) Gecko/2010102809 Iceweasel/3.0.6 (Debian-3.0.6-3)"
84.191.150.168 - - [06/Dec/2013:06:42:58 +0100] "GET /news.php?cs_go=archiv&cs_startpos=40 HTTP/1.1" 200 20229 "-" "Mozilla/5.0 (Windows; U; Windows NT 5.1; de; rv:1.9.0.10) Gecko/2009042316 Firefox/3.0.10"
77.12.93.71 - - [06/Dec/2013:06:42:59 +0100] "GET /news.php?cs_go=archiv&cs_startpos=50 HTTP/1.1" 200 20436 "-" "Mozilla/5.0 (X11; U; Linux x86_64; en-US; rv:1.9.0.19) Gecko/2010102809 Iceweasel/3.0.6 (Debian-3.0.6-3)"
91.23.10.67 - - [06/Dec/2013:06:42:59 +0100] "GET /news.php?cs_go=archiv&cs_startpos=210 HTTP/1.1" 200 17107 "-" "Mozilla/5.0 (Windows; U; Windows NT 5.1; de; rv:1.9.0.10) Gecko/2009042316 Firefox/3.0.10"
77.12.93.71 - - [06/Dec/2013:06:42:59 +0100] "GET /news.php?cs_go=archiv&cs_id=4760&cs_search= HTTP/1.1" 200 7631 "-" "Mozilla/5.0 (Windows; U; Windows NT 6.1; en-US; rv:1.9.2.2) Gecko/20100316 Firefox/3.6.2"
79.247.124.134 - - [06/Dec/2013:06:42:59 +0100] "GET /news.php?cs_go=archiv&cs_id=4741&cs_search= HTTP/1.1" 200 11697 "-" "Mozilla/5.0 (Windows; U; Windows NT 6.1; en-US; rv:1.9.2.2) Gecko/20100316 Firefox/3.6.2"
92.225.34.83 - - [06/Dec/2013:06:43:00 +0100] "GET /optiplus.php HTTP/1.1" 200 8639 "-" "Mozilla/5.0 (X11; U; Linux x86_64; en-US; rv:1.9.0.19) Gecko/2010102809 Iceweasel/3.0.6 (Debian-3.0.6-3)"
79.247.120.194 - - [06/Dec/2013:06:43:00 +0100] "GET /news.php?cs_go=archiv&cs_id=4730&cs_search= HTTP/1.1" 200 9134 "-" "Mozilla/5.0 (Windows; U; Windows NT 6.1; en-US; rv:1.9.2.2) Gecko/20100316 Firefox/3.6.2"
92.225.34.83 - - [06/Dec/2013:06:43:00 +0100] "GET /news.php?cs_go=archiv&cs_startpos=0 HTTP/1.1" 200 19868 "-" "Mozilla/5.0 (Windows; U; Windows NT 6.1; en-US; rv:1.9.2.2) Gecko/20100316 Firefox/3.6.2"
92.225.34.83 - - [06/Dec/2013:06:43:00 +0100] "GET /news.php?cs_go=archiv&cs_startpos=10 HTTP/1.1" 200 20377 "-" "Mozilla/5.0 (Windows; U; Windows NT 5.1; de; rv:1.9.0.10) Gecko/2009042316 Firefox/3.0.10"
208.115.113.91 - - [06/Dec/2013:06:59:40 +0100] "GET /lexikon.php?cs_go=2&cs_char=g HTTP/1.1" 200 6690 "-" "Mozilla/5.0 (compatible; Ezooms/1.0; help@moz.com)"
208.115.113.91 - - [06/Dec/2013:06:59:43 +0100] "GET /news.php?cs_go=archiv&cs_id=4649 HTTP/1.1" 200 10312 "-" "Mozilla/5.0 (compatible; Ezooms/1.0; help@moz.com)"
208.115.113.91 - - [06/Dec/2013:06:59:46 +0100] "GET /news.php?cs_go=archiv&cs_startpos=40 HTTP/1.1" 200 20229 "-" "Mozilla/5.0 (compatible; Ezooms/1.0; help@moz.com)"
157.55.34.27 - - [06/Dec/2013:07:08:39 +0100] "GET / HTTP/1.1" 200 12409 "-" "Mozilla/5.0 (compatible; bingbot/2.0; +http://www.bing.com/bingbot.htm)"
65.55.52.86 - - [06/Dec/2013:07:24:19 +0100] "GET /robots.txt HTTP/1.1" 200 177 "-" "Mozilla/5.0 (compatible; bingbot/2.0; +http://www.bing.com/bingbot.htm)"
65.55.52.86 - - [06/Dec/2013:07:27:02 +0100] "GET /news.php?cs_go=archiv HTTP/1.1" 200 19868 "-" "Mozilla/5.0 (compatible; bingbot/2.0; +http://www.bing.com/bingbot.htm)"
65.36.241.79 - - [06/Dec/2013:07:43:54 +0100] "HEAD / HTTP/1.1" 200 - "-" "InternetSeer.com"
87.156.60.194 - - [06/Dec/2013:08:45:37 +0100] "GET /kwk.php HTTP/1.1" 200 8447 "https://www.google.de/url?sa=t&rct=j&q=&esrc=s&source=web&cd=10&ved=0CIYBEBYwCQ&url=http%3A%2F%2Fwww.mink-gmbh.de%2Fkwk.php&ei=MoChUpWeIIjMsgbmp4DQBw&usg=AFQjCNGJX9pmJcxX74rgu0xR5BtEnG4u2w" "Mozilla/5.0 (Windows NT 6.1; WOW64) AppleWebKit/537.36 (KHTML, like Gecko) Chrome/31.0.1650.57 Safari/537.36"
87.156.60.194 - - [06/Dec/2013:08:45:38 +0100] "GET /style.css HTTP/1.1" 200 8402 "http://www.mink-gmbh.de/kwk.php" "Mozilla/5.0 (Windows NT 6.1; WOW64) AppleWebKit/537.36 (KHTML, like Gecko) Chrome/31.0.1650.57 Safari/537.36"
87.156.60.194 - - [06/Dec/2013:08:45:38 +0100] "GET /modul.css HTTP/1.1" 200 35038 "http://www.mink-gmbh.de/kwk.php" "Mozilla/5.0 (Windows NT 6.1; WOW64) AppleWebKit/537.36 (KHTML, like Gecko) Chrome/31.0.1650.57 Safari/537.36"
87.156.60.194 - - [06/Dec/2013:08:45:38 +0100] "GET /images/kwk.gif HTTP/1.1" 200 6403 "http://www.mink-gmbh.de/kwk.php" "Mozilla/5.0 (Windows NT 6.1; WOW64) AppleWebKit/537.36 (KHTML, like Gecko) Chrome/31.0.1650.57 Safari/537.36"
87.156.60.194 - - [06/Dec/2013:08:45:38 +0100] "GET /images/wunschpreis.jpg HTTP/1.1" 200 16767 "http://www.mink-gmbh.de/kwk.php" "Mozilla/5.0 (Windows NT 6.1; WOW64) AppleWebKit/537.36 (KHTML, like Gecko) Chrome/31.0.1650.57 Safari/537.36"
87.156.60.194 - - [06/Dec/2013:08:45:38 +0100] "GET /images/freecall.jpg HTTP/1.1" 200 39195 "http://www.mink-gmbh.de/kwk.php" "Mozilla/5.0 (Windows NT 6.1; WOW64) AppleWebKit/537.36 (KHTML, like Gecko) Chrome/31.0.1650.57 Safari/537.36"
87.156.60.194 - - [06/Dec/2013:08:45:38 +0100] "GET /images/bg.png HTTP/1.1" 200 922 "http://www.mink-gmbh.de/kwk.php" "Mozilla/5.0 (Windows NT 6.1; WOW64) AppleWebKit/537.36 (KHTML, like Gecko) Chrome/31.0.1650.57 Safari/537.36"
87.156.60.194 - - [06/Dec/2013:08:45:38 +0100] "GET /images/newsletter.png HTTP/1.1" 200 14619 "http://www.mink-gmbh.de/kwk.php" "Mozilla/5.0 (Windows NT 6.1; WOW64) AppleWebKit/537.36 (KHTML, like Gecko) Chrome/31.0.1650.57 Safari/537.36"
87.156.60.194 - - [06/Dec/2013:08:45:38 +0100] "GET /images/wrapperbg.jpg HTTP/1.1" 200 27465 "http://www.mink-gmbh.de/kwk.php" "Mozilla/5.0 (Windows NT 6.1; WOW64) AppleWebKit/537.36 (KHTML, like Gecko) Chrome/31.0.1650.57 Safari/537.36"
87.156.60.194 - - [06/Dec/2013:08:45:38 +0100] "GET /images/header.jpg HTTP/1.1" 200 25189 "http://www.mink-gmbh.de/kwk.php" "Mozilla/5.0 (Windows NT 6.1; WOW64) AppleWebKit/537.36 (KHTML, like Gecko) Chrome/31.0.1650.57 Safari/537.36"
87.156.60.194 - - [06/Dec/2013:08:45:38 +0100] "GET /images/navibg.png HTTP/1.1" 200 2803 "http://www.mink-gmbh.de/kwk.php" "Mozilla/5.0 (Windows NT 6.1; WOW64) AppleWebKit/537.36 (KHTML, like Gecko) Chrome/31.0.1650.57 Safari/537.36"
87.156.60.194 - - [06/Dec/2013:08:45:38 +0100] "GET /images/footerbg.jpg HTTP/1.1" 200 2184 "http://www.mink-gmbh.de/kwk.php" "Mozilla/5.0 (Windows NT 6.1; WOW64) AppleWebKit/537.36 (KHTML, like Gecko) Chrome/31.0.1650.57 Safari/537.36"
87.156.60.194 - - [06/Dec/2013:08:45:38 +0100] "GET /images/logos.jpg HTTP/1.1" 200 35043 "http://www.mink-gmbh.de/kwk.php" "Mozilla/5.0 (Windows NT 6.1; WOW64) AppleWebKit/537.36 (KHTML, like Gecko) Chrome/31.0.1650.57 Safari/537.36"
87.156.60.194 - - [06/Dec/2013:08:45:38 +0100] "GET /favicon.ico HTTP/1.1" 200 3638 "-" "Mozilla/5.0 (Windows NT 6.1; WOW64) AppleWebKit/537.36 (KHTML, like Gecko) Chrome/31.0.1650.57 Safari/537.36"
66.249.74.81 - - [06/Dec/2013:08:47:23 +0100] "GET /news.php?cs_go=archiv&cs_id=4238 HTTP/1.1" 200 11373 "-" "Mozilla/5.0 (iPhone; CPU iPhone OS 6_0 like Mac OS X) AppleWebKit/536.26 (KHTML, like Gecko) Version/6.0 Mobile/10A5376e Safari/8536.25 (compatible; Googlebot-Mobile/2.1; +http://www.google.com/bot.html)"
217.69.133.221 - - [06/Dec/2013:08:58:09 +0100] "GET /robots.txt HTTP/1.1" 200 177 "-" "Mozilla/5.0 (compatible; Linux x86_64; Mail.RU_Bot/2.0; +http://go.mail.ru/help/robots)"
217.69.133.221 - - [06/Dec/2013:08:58:10 +0100] "GET /kwk.php HTTP/1.1" 200 8447 "-" "Mozilla/5.0 (compatible; Linux x86_64; Mail.RU_Bot/2.0; +http://go.mail.ru/help/robots)"
5.10.83.34 - - [06/Dec/2013:09:47:58 +0100] "GET /modernisierung.php HTTP/1.1" 200 9252 "-" "Mozilla/5.0 (compatible; AhrefsBot/5.0; +http://ahrefs.com/robot/)"
5.10.83.49 - - [06/Dec/2013:09:48:24 +0100] "GET /lexikon.php?cs_go=3&cs_id=119 HTTP/1.1" 200 5706 "-" "Mozilla/5.0 (compatible; AhrefsBot/5.0; +http://ahrefs.com/robot/)"
5.10.83.105 - - [06/Dec/2013:09:49:57 +0100] "GET /lexikon.php?cs_go=3&cs_id=13 HTTP/1.1" 200 5626 "-" "Mozilla/5.0 (compatible; AhrefsBot/5.0; +http://ahrefs.com/robot/)"
176.9.53.170 - - [06/Dec/2013:09:59:58 +0100] "GET /robots.txt HTTP/1.0" 200 177 "-" "Mozilla/5.0 (compatible; MJ12bot/v1.4.4; http://www.majestic12.co.uk/bot.php?+)"
176.9.53.170 - - [06/Dec/2013:09:59:59 +0100] "GET /news.php?cs_go=archiv&cs_id=4321 HTTP/1.0" 200 7576 "-" "Mozilla/5.0 (compatible; MJ12bot/v1.4.4; http://www.majestic12.co.uk/bot.php?+)"
176.9.53.170 - - [06/Dec/2013:10:00:01 +0100] "GET /news.php?cs_go=archiv&cs_id=4549 HTTP/1.0" 200 7599 "-" "Mozilla/5.0 (compatible; MJ12bot/v1.4.4; http://www.majestic12.co.uk/bot.php?+)"
176.9.53.170 - - [06/Dec/2013:10:00:02 +0100] "GET /news.php?cs_go=archiv&cs_id=4550 HTTP/1.0" 200 8187 "-" "Mozilla/5.0 (compatible; MJ12bot/v1.4.4; http://www.majestic12.co.uk/bot.php?+)"
176.9.53.170 - - [06/Dec/2013:10:00:04 +0100] "GET /news.php?cs_go=archiv&cs_id=4551 HTTP/1.0" 200 9648 "-" "Mozilla/5.0 (compatible; MJ12bot/v1.4.4; http://www.majestic12.co.uk/bot.php?+)"
176.9.53.170 - - [06/Dec/2013:10:00:05 +0100] "GET /news.php?cs_go=archiv&cs_id=4558 HTTP/1.0" 200 11595 "-" "Mozilla/5.0 (compatible; MJ12bot/v1.4.4; http://www.majestic12.co.uk/bot.php?+)"
5.10.83.49 - - [06/Dec/2013:10:10:17 +0100] "GET /news.php?cs_go=archiv&cs_id=4714&cs_search= HTTP/1.1" 200 7445 "-" "Mozilla/5.0 (compatible; AhrefsBot/5.0; +http://ahrefs.com/robot/)"
5.10.83.34 - - [06/Dec/2013:10:24:34 +0100] "GET /news.php?cs_go=archiv&cs_id=4523&cs_search= HTTP/1.1" 200 9394 "-" "Mozilla/5.0 (compatible; AhrefsBot/5.0; +http://ahrefs.com/robot/)"
66.249.74.81 - - [06/Dec/2013:10:29:21 +0100] "GET /news.php?cs_go=archiv&cs_id=4736&cs_search= HTTP/1.1" 200 11535 "-" "Mozilla/5.0 (iPhone; CPU iPhone OS 6_0 like Mac OS X) AppleWebKit/536.26 (KHTML, like Gecko) Version/6.0 Mobile/10A5376e Safari/8536.25 (compatible; Googlebot-Mobile/2.1; +http://www.google.com/bot.html)"
5.10.83.2 - - [06/Dec/2013:10:30:55 +0100] "GET /news.php?cs_go=archiv&cs_id=4486&cs_search= HTTP/1.1" 200 11582 "-" "Mozilla/5.0 (compatible; AhrefsBot/5.0; +http://ahrefs.com/robot/)"
208.115.111.75 - - [06/Dec/2013:10:48:24 +0100] "GET /robots.txt HTTP/1.1" 200 177 "-" "Mozilla/5.0 (compatible; Ezooms/1.0; help@moz.com)"
5.10.83.71 - - [06/Dec/2013:10:52:48 +0100] "GET /news.php?cs_go=archiv&cs_id=4581&cs_search= HTTP/1.1" 200 7633 "-" "Mozilla/5.0 (compatible; AhrefsBot/5.0; +http://ahrefs.com/robot/)"
5.10.83.49 - - [06/Dec/2013:11:03:46 +0100] "GET /news.php?cs_go=archiv&cs_startpos=141 HTTP/1.1" 200 20652 "-" "Mozilla/5.0 (compatible; AhrefsBot/5.0; +http://ahrefs.com/robot/)"
5.10.83.49 - - [06/Dec/2013:11:10:57 +0100] "GET /lexikon.php?cs_go=3&cs_id=177 HTTP/1.1" 200 5546 "-" "Mozilla/5.0 (compatible; AhrefsBot/5.0; +http://ahrefs.com/robot/)"
5.10.83.11 - - [06/Dec/2013:11:20:00 +0100] "GET /news.php?cs_go=archiv&cs_id=4521&cs_search= HTTP/1.1" 200 7745 "-" "Mozilla/5.0 (compatible; AhrefsBot/5.0; +http://ahrefs.com/robot/)"
182.118.20.219 - - [06/Dec/2013:11:21:03 +0100] "GET /robots.txt HTTP/1.1" 200 177 "http://www.mink-gmbh.de/robots.txt" "Mozilla/5.0 (Windows; U; Windows NT 5.1; zh-CN; ) Firefox/1.5.0.11; 360Spider"
5.10.83.97 - - [06/Dec/2013:11:25:07 +0100] "GET /news.php?cs_go=archiv&cs_startpos=40 HTTP/1.1" 200 20295 "-" "Mozilla/5.0 (compatible; AhrefsBot/5.0; +http://ahrefs.com/robot/)"
5.10.83.34 - - [06/Dec/2013:11:25:09 +0100] "GET /news.php?cs_go=archiv&cs_startpos=0 HTTP/1.1" 200 19816 "-" "Mozilla/5.0 (compatible; AhrefsBot/5.0; +http://ahrefs.com/robot/)"
157.55.35.86 - - [06/Dec/2013:11:26:37 +0100] "GET /robots.txt HTTP/1.1" 200 177 "-" "Mozilla/5.0 (compatible; bingbot/2.0; +http://www.bing.com/bingbot.htm)"
157.55.35.86 - - [06/Dec/2013:11:34:40 +0100] "GET / HTTP/1.1" 200 12355 "-" "Mozilla/5.0 (compatible; bingbot/2.0; +http://www.bing.com/bingbot.htm)"
5.10.83.71 - - [06/Dec/2013:11:37:50 +0100] "GET /lexikon.php?cs_go=3&cs_id=161 HTTP/1.1" 200 5604 "-" "Mozilla/5.0 (compatible; AhrefsBot/5.0; +http://ahrefs.com/robot/)"
5.10.83.97 - - [06/Dec/2013:11:47:09 +0100] "GET /lexikon.php?cs_go=3&cs_id=198 HTTP/1.1" 200 6586 "-" "Mozilla/5.0 (compatible; AhrefsBot/5.0; +http://ahrefs.com/robot/)"
5.10.83.29 - - [06/Dec/2013:11:51:31 +0100] "GET /news.php?cs_go=archiv&cs_id=4691&cs_search= HTTP/1.1" 200 9443 "-" "Mozilla/5.0 (compatible; AhrefsBot/5.0; +http://ahrefs.com/robot/)"
5.10.83.90 - - [06/Dec/2013:11:53:59 +0100] "GET /lexikon.php?cs_go=3&cs_id=52 HTTP/1.1" 200 6317 "-" "Mozilla/5.0 (compatible; AhrefsBot/5.0; +http://ahrefs.com/robot/)"
5.10.83.29 - - [06/Dec/2013:11:54:30 +0100] "GET /news.php?cs_go=archiv&cs_id=4554&cs_search= HTTP/1.1" 200 9166 "-" "Mozilla/5.0 (compatible; AhrefsBot/5.0; +http://ahrefs.com/robot/)"
5.10.83.71 - - [06/Dec/2013:12:00:50 +0100] "GET /news.php?cs_go=archiv&cs_id=4575&cs_search= HTTP/1.1" 200 8368 "-" "Mozilla/5.0 (compatible; AhrefsBot/5.0; +http://ahrefs.com/robot/)"
5.10.83.103 - - [06/Dec/2013:12:03:49 +0100] "GET /news.php?cs_go=archiv&cs_startpos=80 HTTP/1.1" 200 20498 "-" "Mozilla/5.0 (compatible; AhrefsBot/5.0; +http://ahrefs.com/robot/)"
5.10.83.11 - - [06/Dec/2013:12:07:24 +0100] "GET /lexikon.php?cs_go=3&cs_id=117 HTTP/1.1" 200 5933 "-" "Mozilla/5.0 (compatible; AhrefsBot/5.0; +http://ahrefs.com/robot/)"
5.10.83.2 - - [06/Dec/2013:12:07:54 +0100] "GET /lexikon.php?cs_go=3&cs_id=89 HTTP/1.1" 200 5959 "-" "Mozilla/5.0 (compatible; AhrefsBot/5.0; +http://ahrefs.com/robot/)"
5.10.83.29 - - [06/Dec/2013:12:09:45 +0100] "GET /lexikon.php?cs_go=3&cs_id=122 HTTP/1.1" 200 5783 "-" "Mozilla/5.0 (compatible; AhrefsBot/5.0; +http://ahrefs.com/robot/)"
5.10.83.103 - - [06/Dec/2013:12:19:08 +0100] "GET /lexikon.php?cs_go=3&cs_id=42 HTTP/1.1" 200 5936 "-" "Mozilla/5.0 (compatible; AhrefsBot/5.0; +http://ahrefs.com/robot/)"
5.10.83.2 - - [06/Dec/2013:12:22:10 +0100] "GET /lexikon.php?cs_go=2&cs_char=j HTTP/1.1" 200 6174 "-" "Mozilla/5.0 (compatible; AhrefsBot/5.0; +http://ahrefs.com/robot/)"
5.10.83.79 - - [06/Dec/2013:12:30:38 +0100] "GET /lexikon.php?cs_go=3&cs_id=90 HTTP/1.1" 200 7129 "-" "Mozilla/5.0 (compatible; AhrefsBot/5.0; +http://ahrefs.com/robot/)"
66.249.74.81 - - [06/Dec/2013:12:37:00 +0100] "GET /news.php?cs_go=archiv&cs_id=4434 HTTP/1.1" 200 10177 "-" "Mozilla/5.0 (iPhone; CPU iPhone OS 6_0 like Mac OS X) AppleWebKit/536.26 (KHTML, like Gecko) Version/6.0 Mobile/10A5376e Safari/8536.25 (compatible; Googlebot-Mobile/2.1; +http://www.google.com/bot.html)"
208.115.111.75 - - [06/Dec/2013:12:39:33 +0100] "GET /news.php?cs_go=archiv&cs_id=4549&cs_search= HTTP/1.1" 200 7599 "-" "Mozilla/5.0 (compatible; Ezooms/1.0; help@moz.com)"
5.10.83.2 - - [06/Dec/2013:12:46:58 +0100] "GET /news.php?cs_go=archiv&cs_id=4687&cs_search= HTTP/1.1" 200 9041 "-" "Mozilla/5.0 (compatible; AhrefsBot/5.0; +http://ahrefs.com/robot/)"
208.115.113.91 - - [06/Dec/2013:12:52:07 +0100] "GET /robots.txt HTTP/1.1" 200 177 "-" "Mozilla/5.0 (compatible; Ezooms/1.0; help@moz.com)"
5.10.83.11 - - [06/Dec/2013:12:52:52 +0100] "GET /lexikon.php?cs_go=3&cs_id=120 HTTP/1.1" 200 6081 "-" "Mozilla/5.0 (compatible; AhrefsBot/5.0; +http://ahrefs.com/robot/)"
66.249.74.81 - - [06/Dec/2013:13:02:40 +0100] "GET /news.php?cs_go=archiv&cs_id=4203&cs_search= HTTP/1.1" 200 7657 "-" "DoCoMo/2.0 N905i(c100;TB;W24H16) (compatible; Googlebot-Mobile/2.1; +http://www.google.com/bot.html)"
65.36.241.79 - - [06/Dec/2013:13:13:03 +0100] "HEAD / HTTP/1.1" 200 - "-" "InternetSeer.com"
5.10.83.97 - - [06/Dec/2013:13:18:31 +0100] "GET /lexikon.php?cs_go=3&cs_id=49 HTTP/1.1" 200 6699 "-" "Mozilla/5.0 (compatible; AhrefsBot/5.0; +http://ahrefs.com/robot/)"
5.10.83.103 - - [06/Dec/2013:13:26:00 +0100] "GET /lexikon.php?cs_go=2&cs_char=c HTTP/1.1" 200 6400 "-" "Mozilla/5.0 (compatible; AhrefsBot/5.0; +http://ahrefs.com/robot/)"
217.69.133.225 - - [06/Dec/2013:13:29:12 +0100] "GET /robots.txt HTTP/1.1" 200 177 "-" "Mozilla/5.0 (compatible; Linux x86_64; Mail.RU_Bot/2.0; +http://go.mail.ru/help/robots)"
217.69.133.223 - - [06/Dec/2013:13:29:13 +0100] "GET /wunschpreis.php HTTP/1.1" 200 10237 "-" "Mozilla/5.0 (compatible; Linux x86_64; Mail.RU_Bot/2.0; +http://go.mail.ru/help/robots)"
5.10.83.71 - - [06/Dec/2013:13:31:42 +0100] "GET /news.php?cs_go=archiv&cs_startpos=231 HTTP/1.1" 200 6058 "-" "Mozilla/5.0 (compatible; AhrefsBot/5.0; +http://ahrefs.com/robot/)"
5.10.83.11 - - [06/Dec/2013:13:33:10 +0100] "GET /news.php?cs_go=archiv&cs_id=4690&cs_search= HTTP/1.1" 200 9659 "-" "Mozilla/5.0 (compatible; AhrefsBot/5.0; +http://ahrefs.com/robot/)"
69.64.58.114 - - [06/Dec/2013:13:46:21 +0100] "GET / HTTP/1.0" 200 8841 "-" "-"
69.64.58.114 - - [06/Dec/2013:13:46:22 +0100] "GET / HTTP/1.0" 200 8841 "-" "-"
5.10.83.34 - - [06/Dec/2013:13:47:35 +0100] "GET /lexikon.php?cs_go=3&cs_id=210 HTTP/1.1" 200 7108 "-" "Mozilla/5.0 (compatible; AhrefsBot/5.0; +http://ahrefs.com/robot/)"
144.76.137.226 - - [06/Dec/2013:14:29:56 +0100] "GET /robots.txt HTTP/1.0" 200 177 "-" "Mozilla/5.0 (compatible; MJ12bot/v1.4.4; http://www.majestic12.co.uk/bot.php?+)"
144.76.137.226 - - [06/Dec/2013:14:29:57 +0100] "GET /news.php?cs_go=archiv&cs_id=2678 HTTP/1.0" 200 5452 "-" "Mozilla/5.0 (compatible; MJ12bot/v1.4.4; http://www.majestic12.co.uk/bot.php?+)"
144.76.137.226 - - [06/Dec/2013:14:29:58 +0100] "GET /news.php?cs_go=archiv&cs_id=2679 HTTP/1.0" 200 5452 "-" "Mozilla/5.0 (compatible; MJ12bot/v1.4.4; http://www.majestic12.co.uk/bot.php?+)"
144.76.137.226 - - [06/Dec/2013:14:30:00 +0100] "GET /news.php?cs_go=archiv&cs_id=2680 HTTP/1.0" 200 5452 "-" "Mozilla/5.0 (compatible; MJ12bot/v1.4.4; http://www.majestic12.co.uk/bot.php?+)"
144.76.137.226 - - [06/Dec/2013:14:30:02 +0100] "GET /news.php?cs_go=archiv&cs_id=2681 HTTP/1.0" 200 5452 "-" "Mozilla/5.0 (compatible; MJ12bot/v1.4.4; http://www.majestic12.co.uk/bot.php?+)"
144.76.137.226 - - [06/Dec/2013:14:30:04 +0100] "GET /news.php?cs_go=archiv&cs_id=2682 HTTP/1.0" 200 5452 "-" "Mozilla/5.0 (compatible; MJ12bot/v1.4.4; http://www.majestic12.co.uk/bot.php?+)"
144.76.137.226 - - [06/Dec/2013:14:30:05 +0100] "GET /news.php?cs_go=archiv&cs_id=2683 HTTP/1.0" 200 5452 "-" "Mozilla/5.0 (compatible; MJ12bot/v1.4.4; http://www.majestic12.co.uk/bot.php?+)"
144.76.137.226 - - [06/Dec/2013:14:30:07 +0100] "GET /news.php?cs_go=archiv&cs_id=2684 HTTP/1.0" 200 5452 "-" "Mozilla/5.0 (compatible; MJ12bot/v1.4.4; http://www.majestic12.co.uk/bot.php?+)"
144.76.137.226 - - [06/Dec/2013:14:30:08 +0100] "GET /news.php?cs_go=archiv&cs_id=2685 HTTP/1.0" 200 5452 "-" "Mozilla/5.0 (compatible; MJ12bot/v1.4.4; http://www.majestic12.co.uk/bot.php?+)"
144.76.137.226 - - [06/Dec/2013:14:30:10 +0100] "GET /news.php?cs_go=archiv&cs_id=2686 HTTP/1.0" 200 5452 "-" "Mozilla/5.0 (compatible; MJ12bot/v1.4.4; http://www.majestic12.co.uk/bot.php?+)"
144.76.137.226 - - [06/Dec/2013:14:30:11 +0100] "GET /news.php?cs_go=archiv&cs_id=2687 HTTP/1.0" 200 5452 "-" "Mozilla/5.0 (compatible; MJ12bot/v1.4.4; http://www.majestic12.co.uk/bot.php?+)"
144.76.137.226 - - [06/Dec/2013:14:30:13 +0100] "GET /news.php?cs_go=archiv&cs_id=2688 HTTP/1.0" 200 5452 "-" "Mozilla/5.0 (compatible; MJ12bot/v1.4.4; http://www.majestic12.co.uk/bot.php?+)"
144.76.137.226 - - [06/Dec/2013:14:30:14 +0100] "GET /news.php?cs_go=archiv&cs_id=2689 HTTP/1.0" 200 5452 "-" "Mozilla/5.0 (compatible; MJ12bot/v1.4.4; http://www.majestic12.co.uk/bot.php?+)"
144.76.137.226 - - [06/Dec/2013:14:30:16 +0100] "GET /news.php?cs_go=archiv&cs_id=2690 HTTP/1.0" 200 5452 "-" "Mozilla/5.0 (compatible; MJ12bot/v1.4.4; http://www.majestic12.co.uk/bot.php?+)"
144.76.137.226 - - [06/Dec/2013:14:30:17 +0100] "GET /news.php?cs_go=archiv&cs_id=2691 HTTP/1.0" 200 5452 "-" "Mozilla/5.0 (compatible; MJ12bot/v1.4.4; http://www.majestic12.co.uk/bot.php?+)"
5.10.83.11 - - [06/Dec/2013:14:37:20 +0100] "GET /lexikon.php?cs_go=3&cs_id=139 HTTP/1.1" 200 5758 "-" "Mozilla/5.0 (compatible; AhrefsBot/5.0; +http://ahrefs.com/robot/)"
5.10.83.34 - - [06/Dec/2013:14:37:49 +0100] "GET /news.php?cs_go=archiv&cs_startpos=180 HTTP/1.1" 200 20207 "-" "Mozilla/5.0 (compatible; AhrefsBot/5.0; +http://ahrefs.com/robot/)"
5.10.83.105 - - [06/Dec/2013:14:38:10 +0100] "GET /news.php?cs_go=archiv&cs_id=4735&cs_search= HTTP/1.1" 200 8277 "-" "Mozilla/5.0 (compatible; AhrefsBot/5.0; +http://ahrefs.com/robot/)"
5.10.83.29 - - [06/Dec/2013:14:40:36 +0100] "GET /lexikon.php?cs_go=3&cs_id=194 HTTP/1.1" 200 5574 "-" "Mozilla/5.0 (compatible; AhrefsBot/5.0; +http://ahrefs.com/robot/)"
208.115.111.75 - - [06/Dec/2013:14:48:41 +0100] "GET /robots.txt HTTP/1.1" 200 177 "-" "Mozilla/5.0 (compatible; Ezooms/1.0; help@moz.com)"
5.10.83.29 - - [06/Dec/2013:14:52:38 +0100] "GET /news.php?cs_go=archiv&cs_id=4723&cs_search= HTTP/1.1" 200 7554 "-" "Mozilla/5.0 (compatible; AhrefsBot/5.0; +http://ahrefs.com/robot/)"
5.10.83.103 - - [06/Dec/2013:14:52:43 +0100] "GET /lexikon.php?cs_go=3&cs_id=67 HTTP/1.1" 200 6190 "-" "Mozilla/5.0 (compatible; AhrefsBot/5.0; +http://ahrefs.com/robot/)"
208.115.113.91 - - [06/Dec/2013:14:52:47 +0100] "GET /index.php HTTP/1.1" 200 12355 "-" "Mozilla/5.0 (compatible; Ezooms/1.0; help@moz.com)"
208.115.113.91 - - [06/Dec/2013:14:52:52 +0100] "GET /news.php?cs_go=archiv&cs_id=4639&cs_search= HTTP/1.1" 200 7647 "-" "Mozilla/5.0 (compatible; Ezooms/1.0; help@moz.com)"
93.205.123.103 - - [06/Dec/2013:14:54:37 +0100] "GET /style.css HTTP/1.1" 304 - "http://www.mink-gmbh.de/" "Mozilla/5.0 (Windows NT 6.1; rv:25.0) Gecko/20100101 Firefox/25.0"
93.205.123.103 - - [06/Dec/2013:14:54:37 +0100] "GET /modul.css HTTP/1.1" 304 - "http://www.mink-gmbh.de/" "Mozilla/5.0 (Windows NT 6.1; rv:25.0) Gecko/20100101 Firefox/25.0"
93.205.123.103 - - [06/Dec/2013:14:54:38 +0100] "GET /images/bg.png HTTP/1.1" 304 - "http://www.mink-gmbh.de/style.css" "Mozilla/5.0 (Windows NT 6.1; rv:25.0) Gecko/20100101 Firefox/25.0"
93.205.123.103 - - [06/Dec/2013:14:54:38 +0100] "GET /images/close.png HTTP/1.1" 304 - "http://www.mink-gmbh.de/" "Mozilla/5.0 (Windows NT 6.1; rv:25.0) Gecko/20100101 Firefox/25.0"
93.205.123.103 - - [06/Dec/2013:14:54:38 +0100] "GET /images/wrapperbg.jpg HTTP/1.1" 304 - "http://www.mink-gmbh.de/style.css" "Mozilla/5.0 (Windows NT 6.1; rv:25.0) Gecko/20100101 Firefox/25.0"
93.205.123.103 - - [06/Dec/2013:14:54:38 +0100] "GET /images/header.jpg HTTP/1.1" 304 - "http://www.mink-gmbh.de/style.css" "Mozilla/5.0 (Windows NT 6.1; rv:25.0) Gecko/20100101 Firefox/25.0"
93.205.123.103 - - [06/Dec/2013:14:54:38 +0100] "GET /images/newsletter_bg.jpg HTTP/1.1" 304 - "http://www.mink-gmbh.de/" "Mozilla/5.0 (Windows NT 6.1; rv:25.0) Gecko/20100101 Firefox/25.0"
93.205.123.103 - - [06/Dec/2013:14:54:38 +0100] "GET /images/newsletter.png HTTP/1.1" 304 - "http://www.mink-gmbh.de/style.css" "Mozilla/5.0 (Windows NT 6.1; rv:25.0) Gecko/20100101 Firefox/25.0"
93.205.123.103 - - [06/Dec/2013:14:54:38 +0100] "GET /images/navibg.png HTTP/1.1" 304 - "http://www.mink-gmbh.de/style.css" "Mozilla/5.0 (Windows NT 6.1; rv:25.0) Gecko/20100101 Firefox/25.0"
93.205.123.103 - - [06/Dec/2013:14:54:37 +0100] "GET / HTTP/1.1" 200 12355 "-" "Mozilla/5.0 (Windows NT 6.1; rv:25.0) Gecko/20100101 Firefox/25.0"
93.205.123.103 - - [06/Dec/2013:14:54:38 +0100] "GET /images/fallend.png HTTP/1.1" 304 - "http://www.mink-gmbh.de/modul.css" "Mozilla/5.0 (Windows NT 6.1; rv:25.0) Gecko/20100101 Firefox/25.0"
93.205.123.103 - - [06/Dec/2013:14:54:38 +0100] "GET /images/steigend.png HTTP/1.1" 304 - "http://www.mink-gmbh.de/modul.css" "Mozilla/5.0 (Windows NT 6.1; rv:25.0) Gecko/20100101 Firefox/25.0"
93.205.123.103 - - [06/Dec/2013:14:54:38 +0100] "GET /images/tkw.jpg HTTP/1.1" 304 - "http://www.mink-gmbh.de/" "Mozilla/5.0 (Windows NT 6.1; rv:25.0) Gecko/20100101 Firefox/25.0"
93.205.123.103 - - [06/Dec/2013:14:54:38 +0100] "GET /images/mail.jpg HTTP/1.1" 304 - "http://www.mink-gmbh.de/" "Mozilla/5.0 (Windows NT 6.1; rv:25.0) Gecko/20100101 Firefox/25.0"
93.205.123.103 - - [06/Dec/2013:14:54:38 +0100] "GET /images/team-energie.png HTTP/1.1" 304 - "http://www.mink-gmbh.de/" "Mozilla/5.0 (Windows NT 6.1; rv:25.0) Gecko/20100101 Firefox/25.0"
93.205.123.103 - - [06/Dec/2013:14:54:38 +0100] "GET /images/freecall.jpg HTTP/1.1" 304 - "http://www.mink-gmbh.de/" "Mozilla/5.0 (Windows NT 6.1; rv:25.0) Gecko/20100101 Firefox/25.0"
93.205.123.103 - - [06/Dec/2013:14:54:38 +0100] "GET /images/wunschpreis.jpg HTTP/1.1" 304 - "http://www.mink-gmbh.de/" "Mozilla/5.0 (Windows NT 6.1; rv:25.0) Gecko/20100101 Firefox/25.0"
93.205.123.103 - - [06/Dec/2013:14:54:38 +0100] "GET /images/kwk.gif HTTP/1.1" 304 - "http://www.mink-gmbh.de/" "Mozilla/5.0 (Windows NT 6.1; rv:25.0) Gecko/20100101 Firefox/25.0"
93.205.123.103 - - [06/Dec/2013:14:54:38 +0100] "GET /images/logos.jpg?cache4014 HTTP/1.1" 200 35043 "http://www.mink-gmbh.de/" "Mozilla/5.0 (Windows NT 6.1; rv:25.0) Gecko/20100101 Firefox/25.0"
93.205.123.103 - - [06/Dec/2013:14:54:38 +0100] "GET /js_contentserver24_greybox/loader_frame.html?s=0 HTTP/1.1" 304 - "http://www.mink-gmbh.de/" "Mozilla/5.0 (Windows NT 6.1; rv:25.0) Gecko/20100101 Firefox/25.0"
93.205.123.103 - - [06/Dec/2013:14:54:38 +0100] "GET /images/newsletter.jpg HTTP/1.1" 304 - "http://www.mink-gmbh.de/style.css" "Mozilla/5.0 (Windows NT 6.1; rv:25.0) Gecko/20100101 Firefox/25.0"
93.205.123.103 - - [06/Dec/2013:14:54:38 +0100] "GET /images/mobil.jpg HTTP/1.1" 304 - "http://www.mink-gmbh.de/style.css" "Mozilla/5.0 (Windows NT 6.1; rv:25.0) Gecko/20100101 Firefox/25.0"
93.205.123.103 - - [06/Dec/2013:14:54:38 +0100] "GET /images/footerbg.jpg HTTP/1.1" 304 - "http://www.mink-gmbh.de/style.css" "Mozilla/5.0 (Windows NT 6.1; rv:25.0) Gecko/20100101 Firefox/25.0"
5.10.83.71 - - [06/Dec/2013:15:01:59 +0100] "GET /news.php?cs_go=archiv&cs_id=4649&cs_search= HTTP/1.1" 200 10312 "-" "Mozilla/5.0 (compatible; AhrefsBot/5.0; +http://ahrefs.com/robot/)"
5.10.83.68 - - [06/Dec/2013:15:02:19 +0100] "GET /news.php?cs_go=archiv&cs_startpos=111 HTTP/1.1" 200 20361 "-" "Mozilla/5.0 (compatible; AhrefsBot/5.0; +http://ahrefs.com/robot/)"
5.10.83.103 - - [06/Dec/2013:15:06:19 +0100] "GET /lexikon.php?cs_go=3&cs_id=66 HTTP/1.1" 200 5561 "-" "Mozilla/5.0 (compatible; AhrefsBot/5.0; +http://ahrefs.com/robot/)"
5.10.83.11 - - [06/Dec/2013:15:08:17 +0100] "GET /lexikon.php?cs_go=3&cs_id=21 HTTP/1.1" 200 6669 "-" "Mozilla/5.0 (compatible; AhrefsBot/5.0; +http://ahrefs.com/robot/)"
5.10.83.49 - - [06/Dec/2013:15:08:37 +0100] "GET /lexikon.php?cs_go=3&cs_id=184 HTTP/1.1" 200 5560 "-" "Mozilla/5.0 (compatible; AhrefsBot/5.0; +http://ahrefs.com/robot/)"
5.10.83.34 - - [06/Dec/2013:15:15:21 +0100] "GET /news.php?cs_go=archiv&cs_id=4558&cs_search= HTTP/1.1" 200 11595 "-" "Mozilla/5.0 (compatible; AhrefsBot/5.0; +http://ahrefs.com/robot/)"
66.249.74.81 - - [06/Dec/2013:15:15:45 +0100] "GET / HTTP/1.1" 200 12355 "-" "Mozilla/5.0 (iPhone; CPU iPhone OS 6_0 like Mac OS X) AppleWebKit/536.26 (KHTML, like Gecko) Version/6.0 Mobile/10A5376e Safari/8536.25 (compatible; Googlebot-Mobile/2.1; +http://www.google.com/bot.html)"
5.10.83.103 - - [06/Dec/2013:15:24:30 +0100] "GET /news.php?cs_go=archiv&cs_id=4563&cs_search= HTTP/1.1" 200 7524 "-" "Mozilla/5.0 (compatible; AhrefsBot/5.0; +http://ahrefs.com/robot/)"
66.249.74.81 - - [06/Dec/2013:15:25:48 +0100] "GET /js_contentserver24_greybox/gb_styles.css HTTP/1.1" 200 2302 "-" "Mozilla/5.0 (compatible; Googlebot/2.1; +http://www.google.com/bot.html)"
5.10.83.90 - - [06/Dec/2013:15:30:13 +0100] "GET /lexikon.php?cs_go=2&cs_char=v HTTP/1.1" 200 6681 "-" "Mozilla/5.0 (compatible; AhrefsBot/5.0; +http://ahrefs.com/robot/)"
5.10.83.90 - - [06/Dec/2013:15:30:40 +0100] "GET /lexikon.php?cs_go=3&cs_id=121 HTTP/1.1" 200 5937 "-" "Mozilla/5.0 (compatible; AhrefsBot/5.0; +http://ahrefs.com/robot/)"
5.10.83.97 - - [06/Dec/2013:15:36:24 +0100] "GET /news.php?cs_go=archiv&cs_id=4560&cs_search= HTTP/1.1" 200 9041 "-" "Mozilla/5.0 (compatible; AhrefsBot/5.0; +http://ahrefs.com/robot/)"
217.247.77.76 - - [06/Dec/2013:15:36:54 +0100] "GET /style.css HTTP/1.1" 200 8402 "http://www.mink-gmbh.de/" "Mozilla/5.0 (Windows NT 5.1; rv:25.0) Gecko/20100101 Firefox/25.0"
217.247.77.76 - - [06/Dec/2013:15:36:54 +0100] "GET /favicon.ico HTTP/1.1" 200 3638 "-" "Mozilla/5.0 (Windows NT 5.1; rv:25.0) Gecko/20100101 Firefox/25.0"
217.247.77.76 - - [06/Dec/2013:15:36:54 +0100] "GET /js_contentserver24_greybox/gb_styles.css HTTP/1.1" 200 2302 "http://www.mink-gmbh.de/" "Mozilla/5.0 (Windows NT 5.1; rv:25.0) Gecko/20100101 Firefox/25.0"
217.247.77.76 - - [06/Dec/2013:15:36:54 +0100] "GET /modul.css HTTP/1.1" 200 35038 "http://www.mink-gmbh.de/" "Mozilla/5.0 (Windows NT 5.1; rv:25.0) Gecko/20100101 Firefox/25.0"
217.247.77.76 - - [06/Dec/2013:15:36:54 +0100] "GET /js_contentserver24_greybox/AJS_fx.js HTTP/1.1" 200 3192 "http://www.mink-gmbh.de/" "Mozilla/5.0 (Windows NT 5.1; rv:25.0) Gecko/20100101 Firefox/25.0"
217.247.77.76 - - [06/Dec/2013:15:36:54 +0100] "GET /js_contentserver24_greybox/AJS.js HTTP/1.1" 200 10396 "http://www.mink-gmbh.de/" "Mozilla/5.0 (Windows NT 5.1; rv:25.0) Gecko/20100101 Firefox/25.0"
217.247.77.76 - - [06/Dec/2013:15:36:54 +0100] "GET /js_contentserver24_greybox/gb_scripts.js HTTP/1.1" 200 11913 "http://www.mink-gmbh.de/" "Mozilla/5.0 (Windows NT 5.1; rv:25.0) Gecko/20100101 Firefox/25.0"
217.247.77.76 - - [06/Dec/2013:15:36:54 +0100] "GET / HTTP/1.1" 200 12355 "http://www.google.de/url?sa=t&rct=j&q=&esrc=s&source=web&cd=1&ved=0CFEQFjAA&url=http%3A%2F%2Fwww.mink-gmbh.de%2F&ei=xeChUtvsOYPHtQb_94D4Dw&usg=AFQjCNFHX4Iglls9oo-KYXTmDUV_5KOVIg&bvm=bv.57752919,d.Yms" "Mozilla/5.0 (Windows NT 5.1; rv:25.0) Gecko/20100101 Firefox/25.0"
217.247.77.76 - - [06/Dec/2013:15:36:55 +0100] "GET /js_contentserver24_greybox/w_close.gif HTTP/1.1" 200 74 "http://www.mink-gmbh.de/" "Mozilla/5.0 (Windows NT 5.1; rv:25.0) Gecko/20100101 Firefox/25.0"
217.247.77.76 - - [06/Dec/2013:15:36:55 +0100] "GET /images/bg.png HTTP/1.1" 200 922 "http://www.mink-gmbh.de/style.css" "Mozilla/5.0 (Windows NT 5.1; rv:25.0) Gecko/20100101 Firefox/25.0"
217.247.77.76 - - [06/Dec/2013:15:36:55 +0100] "GET /images/close.png HTTP/1.1" 200 703 "http://www.mink-gmbh.de/" "Mozilla/5.0 (Windows NT 5.1; rv:25.0) Gecko/20100101 Firefox/25.0"
217.247.77.76 - - [06/Dec/2013:15:36:55 +0100] "GET /images/newsletter_bg.jpg HTTP/1.1" 200 33610 "http://www.mink-gmbh.de/" "Mozilla/5.0 (Windows NT 5.1; rv:25.0) Gecko/20100101 Firefox/25.0"
217.247.77.76 - - [06/Dec/2013:15:36:55 +0100] "GET /images/newsletter.png HTTP/1.1" 200 14619 "http://www.mink-gmbh.de/style.css" "Mozilla/5.0 (Windows NT 5.1; rv:25.0) Gecko/20100101 Firefox/25.0"
217.247.77.76 - - [06/Dec/2013:15:36:55 +0100] "GET /images/wrapperbg.jpg HTTP/1.1" 200 27465 "http://www.mink-gmbh.de/style.css" "Mozilla/5.0 (Windows NT 5.1; rv:25.0) Gecko/20100101 Firefox/25.0"
217.247.77.76 - - [06/Dec/2013:15:36:55 +0100] "GET /images/header.jpg HTTP/1.1" 200 25189 "http://www.mink-gmbh.de/style.css" "Mozilla/5.0 (Windows NT 5.1; rv:25.0) Gecko/20100101 Firefox/25.0"
217.247.77.76 - - [06/Dec/2013:15:36:55 +0100] "GET /images/navibg.png HTTP/1.1" 200 2803 "http://www.mink-gmbh.de/style.css" "Mozilla/5.0 (Windows NT 5.1; rv:25.0) Gecko/20100101 Firefox/25.0"
217.247.77.76 - - [06/Dec/2013:15:36:55 +0100] "GET /images/fallend.png HTTP/1.1" 200 713 "http://www.mink-gmbh.de/modul.css" "Mozilla/5.0 (Windows NT 5.1; rv:25.0) Gecko/20100101 Firefox/25.0"
217.247.77.76 - - [06/Dec/2013:15:36:55 +0100] "GET /images/steigend.png HTTP/1.1" 200 688 "http://www.mink-gmbh.de/modul.css" "Mozilla/5.0 (Windows NT 5.1; rv:25.0) Gecko/20100101 Firefox/25.0"
217.247.77.76 - - [06/Dec/2013:15:36:55 +0100] "GET /images/team-energie.png HTTP/1.1" 200 17383 "http://www.mink-gmbh.de/" "Mozilla/5.0 (Windows NT 5.1; rv:25.0) Gecko/20100101 Firefox/25.0"
217.247.77.76 - - [06/Dec/2013:15:36:55 +0100] "GET /images/tkw.jpg HTTP/1.1" 200 64031 "http://www.mink-gmbh.de/" "Mozilla/5.0 (Windows NT 5.1; rv:25.0) Gecko/20100101 Firefox/25.0"
217.247.77.76 - - [06/Dec/2013:15:36:55 +0100] "GET /images/freecall.jpg HTTP/1.1" 200 39195 "http://www.mink-gmbh.de/" "Mozilla/5.0 (Windows NT 5.1; rv:25.0) Gecko/20100101 Firefox/25.0"
217.247.77.76 - - [06/Dec/2013:15:36:55 +0100] "GET /images/kwk.gif HTTP/1.1" 200 6403 "http://www.mink-gmbh.de/" "Mozilla/5.0 (Windows NT 5.1; rv:25.0) Gecko/20100101 Firefox/25.0"
217.247.77.76 - - [06/Dec/2013:15:36:55 +0100] "GET /images/mail.jpg HTTP/1.1" 200 12099 "http://www.mink-gmbh.de/" "Mozilla/5.0 (Windows NT 5.1; rv:25.0) Gecko/20100101 Firefox/25.0"
217.247.77.76 - - [06/Dec/2013:15:36:55 +0100] "GET /images/wunschpreis.jpg HTTP/1.1" 200 16767 "http://www.mink-gmbh.de/" "Mozilla/5.0 (Windows NT 5.1; rv:25.0) Gecko/20100101 Firefox/25.0"
217.247.77.76 - - [06/Dec/2013:15:36:55 +0100] "GET /images/logos.jpg?cache9187 HTTP/1.1" 200 35043 "http://www.mink-gmbh.de/" "Mozilla/5.0 (Windows NT 5.1; rv:25.0) Gecko/20100101 Firefox/25.0"
217.247.77.76 - - [06/Dec/2013:15:36:55 +0100] "GET /images/mobil.jpg HTTP/1.1" 200 25293 "http://www.mink-gmbh.de/style.css" "Mozilla/5.0 (Windows NT 5.1; rv:25.0) Gecko/20100101 Firefox/25.0"
217.247.77.76 - - [06/Dec/2013:15:36:55 +0100] "GET /images/newsletter.jpg HTTP/1.1" 200 13130 "http://www.mink-gmbh.de/style.css" "Mozilla/5.0 (Windows NT 5.1; rv:25.0) Gecko/20100101 Firefox/25.0"
217.247.77.76 - - [06/Dec/2013:15:36:55 +0100] "GET /images/footerbg.jpg HTTP/1.1" 200 2184 "http://www.mink-gmbh.de/style.css" "Mozilla/5.0 (Windows NT 5.1; rv:25.0) Gecko/20100101 Firefox/25.0"
217.247.77.76 - - [06/Dec/2013:15:36:55 +0100] "GET /js_contentserver24_greybox/loader_frame.html?s=0 HTTP/1.1" 200 2084 "http://www.mink-gmbh.de/" "Mozilla/5.0 (Windows NT 5.1; rv:25.0) Gecko/20100101 Firefox/25.0"
217.247.77.76 - - [06/Dec/2013:15:36:55 +0100] "GET /js_contentserver24_greybox/header_bg.gif HTTP/1.1" 200 1188 "http://www.mink-gmbh.de/" "Mozilla/5.0 (Windows NT 5.1; rv:25.0) Gecko/20100101 Firefox/25.0"
217.247.77.76 - - [06/Dec/2013:15:36:55 +0100] "GET /js_contentserver24_greybox/indicator.gif HTTP/1.1" 200 8238 "http://www.mink-gmbh.de/js_contentserver24_greybox/loader_frame.html?s=0" "Mozilla/5.0 (Windows NT 5.1; rv:25.0) Gecko/20100101 Firefox/25.0"
217.247.77.76 - - [06/Dec/2013:15:36:56 +0100] "GET /js_contentserver24_greybox/g_close.gif HTTP/1.1" 200 541 "http://www.mink-gmbh.de/" "Mozilla/5.0 (Windows NT 5.1; rv:25.0) Gecko/20100101 Firefox/25.0"
157.55.35.53 - - [06/Dec/2013:15:37:34 +0100] "GET /robots.txt HTTP/1.1" 200 177 "-" "Mozilla/5.0 (compatible; bingbot/2.0; +http://www.bing.com/bingbot.htm)"
217.247.77.76 - - [06/Dec/2013:15:39:09 +0100] "GET / HTTP/1.1" 200 11615 "http://www.google.de/url?sa=t&rct=j&q=&esrc=s&source=web&cd=1&ved=0CFEQFjAA&url=http%3A%2F%2Fwww.mink-gmbh.de%2F&ei=xeChUtvsOYPHtQb_94D4Dw&usg=AFQjCNFHX4Iglls9oo-KYXTmDUV_5KOVIg&bvm=bv.57752919,d.Yms" "Mozilla/5.0 (Windows NT 5.1; rv:25.0) Gecko/20100101 Firefox/25.0"
217.247.77.76 - - [06/Dec/2013:15:39:10 +0100] "GET /images/logos.jpg?cache2717 HTTP/1.1" 200 35043 "http://www.mink-gmbh.de/" "Mozilla/5.0 (Windows NT 5.1; rv:25.0) Gecko/20100101 Firefox/25.0"
5.10.83.71 - - [06/Dec/2013:15:39:14 +0100] "GET /news.php?cs_go=archiv&cs_id=4500&cs_search= HTTP/1.1" 200 10508 "-" "Mozilla/5.0 (compatible; AhrefsBot/5.0; +http://ahrefs.com/robot/)"
217.247.77.76 - - [06/Dec/2013:15:39:22 +0100] "GET /kontakt.php HTTP/1.1" 200 6966 "http://www.mink-gmbh.de/" "Mozilla/5.0 (Windows NT 5.1; rv:25.0) Gecko/20100101 Firefox/25.0"
217.247.77.76 - - [06/Dec/2013:15:39:22 +0100] "GET /images/logos.jpg HTTP/1.1" 200 35043 "http://www.mink-gmbh.de/kontakt.php" "Mozilla/5.0 (Windows NT 5.1; rv:25.0) Gecko/20100101 Firefox/25.0"
217.247.77.76 - - [06/Dec/2013:15:39:26 +0100] "GET /impressum.php HTTP/1.1" 200 6306 "http://www.mink-gmbh.de/kontakt.php" "Mozilla/5.0 (Windows NT 5.1; rv:25.0) Gecko/20100101 Firefox/25.0"
157.55.35.53 - - [06/Dec/2013:15:43:15 +0100] "GET /news.php?cs_go=archiv&cs_id=4616 HTTP/1.1" 200 9397 "-" "Mozilla/5.0 (compatible; bingbot/2.0; +http://www.bing.com/bingbot.htm)"
157.55.35.53 - - [06/Dec/2013:15:43:15 +0100] "GET /news.php?cs_go=archiv&cs_id=4235 HTTP/1.1" 200 9120 "-" "Mozilla/5.0 (compatible; bingbot/2.0; +http://www.bing.com/bingbot.htm)"
157.55.35.53 - - [06/Dec/2013:15:43:16 +0100] "GET /news.php?cs_go=archiv&cs_id=4572&cs_search= HTTP/1.1" 200 11817 "-" "Mozilla/5.0 (compatible; bingbot/2.0; +http://www.bing.com/bingbot.htm)"
157.55.35.53 - - [06/Dec/2013:15:43:16 +0100] "GET /modernisierung.php HTTP/1.1" 200 9252 "-" "Mozilla/5.0 (compatible; bingbot/2.0; +http://www.bing.com/bingbot.htm)"
157.55.35.53 - - [06/Dec/2013:15:43:16 +0100] "GET /standard.php HTTP/1.1" 200 6770 "-" "Mozilla/5.0 (compatible; bingbot/2.0; +http://www.bing.com/bingbot.htm)"
157.55.35.53 - - [06/Dec/2013:15:43:17 +0100] "GET /index.php HTTP/1.1" 200 12355 "-" "Mozilla/5.0 (compatible; bingbot/2.0; +http://www.bing.com/bingbot.htm)"
157.55.35.53 - - [06/Dec/2013:15:43:18 +0100] "GET /jobs.php HTTP/1.1" 200 4965 "-" "Mozilla/5.0 (compatible; bingbot/2.0; +http://www.bing.com/bingbot.htm)"
157.55.35.53 - - [06/Dec/2013:15:43:18 +0100] "GET /kwk.php HTTP/1.1" 200 8447 "-" "Mozilla/5.0 (compatible; bingbot/2.0; +http://www.bing.com/bingbot.htm)"
66.249.74.81 - - [06/Dec/2013:15:45:46 +0100] "GET /standard.php HTTP/1.1" 200 6770 "-" "SAMSUNG-SGH-E250/1.0 Profile/MIDP-2.0 Configuration/CLDC-1.1 UP.Browser/6.2.3.3.c.1.101 (GUI) MMP/2.0 (compatible; Googlebot-Mobile/2.1; +http://www.google.com/bot.html)"
157.55.35.86 - - [06/Dec/2013:15:46:59 +0100] "GET /news.php?cs_go=archiv&cs_id=4568 HTTP/1.1" 200 9631 "-" "Mozilla/5.0 (compatible; bingbot/2.0; +http://www.bing.com/bingbot.htm)"
157.55.35.86 - - [06/Dec/2013:15:46:59 +0100] "GET /news.php?cs_go=archiv&cs_id=4567&cs_search= HTTP/1.1" 200 9128 "-" "Mozilla/5.0 (compatible; bingbot/2.0; +http://www.bing.com/bingbot.htm)"
157.55.35.86 - - [06/Dec/2013:15:47:00 +0100] "GET /news.php?cs_go=archiv&cs_id=4565&cs_search= HTTP/1.1" 200 9153 "-" "Mozilla/5.0 (compatible; bingbot/2.0; +http://www.bing.com/bingbot.htm)"
157.55.35.86 - - [06/Dec/2013:15:47:00 +0100] "GET /news.php?cs_go=archiv&cs_id=3696 HTTP/1.1" 200 11101 "-" "Mozilla/5.0 (compatible; bingbot/2.0; +http://www.bing.com/bingbot.htm)"
157.55.35.86 - - [06/Dec/2013:15:47:01 +0100] "GET /news.php?cs_go=archiv&cs_id=3446 HTTP/1.1" 200 7475 "-" "Mozilla/5.0 (compatible; bingbot/2.0; +http://www.bing.com/bingbot.htm)"
157.55.35.86 - - [06/Dec/2013:15:47:01 +0100] "GET /wunschpreis.php HTTP/1.1" 200 10237 "-" "Mozilla/5.0 (compatible; bingbot/2.0; +http://www.bing.com/bingbot.htm)"
157.55.35.86 - - [06/Dec/2013:15:47:01 +0100] "GET / HTTP/1.1" 200 12355 "-" "Mozilla/5.0 (compatible; bingbot/2.0; +http://www.bing.com/bingbot.htm)"
157.55.35.86 - - [06/Dec/2013:15:47:02 +0100] "GET /news.php?cs_go=archiv&cs_id=4573&cs_search= HTTP/1.1" 200 7523 "-" "Mozilla/5.0 (compatible; bingbot/2.0; +http://www.bing.com/bingbot.htm)"
157.55.35.86 - - [06/Dec/2013:15:47:03 +0100] "GET /faq.php HTTP/1.1" 200 216831 "-" "Mozilla/5.0 (compatible; bingbot/2.0; +http://www.bing.com/bingbot.htm)"
157.55.35.86 - - [06/Dec/2013:15:47:04 +0100] "GET /preisanfrage.php HTTP/1.1" 200 8502 "-" "Mozilla/5.0 (compatible; bingbot/2.0; +http://www.bing.com/bingbot.htm)"
157.55.35.86 - - [06/Dec/2013:15:47:04 +0100] "GET /kontakt.php HTTP/1.1" 200 6966 "-" "Mozilla/5.0 (compatible; bingbot/2.0; +http://www.bing.com/bingbot.htm)"
157.55.35.86 - - [06/Dec/2013:15:47:04 +0100] "GET /news.php?cs_go=archiv&cs_id=4600 HTTP/1.1" 200 11530 "-" "Mozilla/5.0 (compatible; bingbot/2.0; +http://www.bing.com/bingbot.htm)"
157.55.32.104 - - [06/Dec/2013:15:53:58 +0100] "GET /news.php?cs_go=archiv&cs_id=4567 HTTP/1.1" 200 9128 "-" "Mozilla/5.0 (compatible; bingbot/2.0; +http://www.bing.com/bingbot.htm)"
157.55.32.104 - - [06/Dec/2013:15:53:58 +0100] "GET /news.php?cs_go=archiv&cs_id=4568&cs_search= HTTP/1.1" 200 9631 "-" "Mozilla/5.0 (compatible; bingbot/2.0; +http://www.bing.com/bingbot.htm)"
157.55.32.104 - - [06/Dec/2013:15:53:59 +0100] "GET /news.php?cs_go=archiv&cs_id=4351 HTTP/1.1" 200 11029 "-" "Mozilla/5.0 (compatible; bingbot/2.0; +http://www.bing.com/bingbot.htm)"
157.55.32.104 - - [06/Dec/2013:15:53:59 +0100] "GET /optiplus.php HTTP/1.1" 200 8639 "-" "Mozilla/5.0 (compatible; bingbot/2.0; +http://www.bing.com/bingbot.htm)"
157.55.32.104 - - [06/Dec/2013:15:53:59 +0100] "GET /news.php HTTP/1.1" 200 19810 "-" "Mozilla/5.0 (compatible; bingbot/2.0; +http://www.bing.com/bingbot.htm)"
157.55.32.104 - - [06/Dec/2013:15:54:00 +0100] "GET /news.php?cs_go=archiv&cs_id=4615&cs_search= HTTP/1.1" 200 7657 "-" "Mozilla/5.0 (compatible; bingbot/2.0; +http://www.bing.com/bingbot.htm)"
157.55.32.104 - - [06/Dec/2013:15:54:00 +0100] "GET /newsletter.php HTTP/1.1" 200 6492 "-" "Mozilla/5.0 (compatible; bingbot/2.0; +http://www.bing.com/bingbot.htm)"
157.55.32.104 - - [06/Dec/2013:15:54:01 +0100] "GET /news.php?cs_go=archiv&cs_id=4556&cs_search= HTTP/1.1" 200 7824 "-" "Mozilla/5.0 (compatible; bingbot/2.0; +http://www.bing.com/bingbot.htm)"
157.55.32.104 - - [06/Dec/2013:15:54:01 +0100] "GET /schwefelarmstandard.php HTTP/1.1" 200 10730 "-" "Mozilla/5.0 (compatible; bingbot/2.0; +http://www.bing.com/bingbot.htm)"
157.55.32.104 - - [06/Dec/2013:15:54:02 +0100] "GET /news.php?cs_go=archiv&cs_id=4613&cs_search= HTTP/1.1" 200 8795 "-" "Mozilla/5.0 (compatible; bingbot/2.0; +http://www.bing.com/bingbot.htm)"
66.249.74.81 - - [06/Dec/2013:15:54:05 +0100] "GET / HTTP/1.1" 200 12355 "-" "Mozilla/5.0 (compatible; Googlebot/2.1; +http://www.google.com/bot.html)"
66.249.74.81 - - [06/Dec/2013:15:55:21 +0100] "GET /news.php?cs_go=archiv&cs_id=4758 HTTP/1.1" 200 8181 "-" "Mozilla/5.0 (compatible; Googlebot/2.1; +http://www.google.com/bot.html)"
66.249.74.81 - - [06/Dec/2013:15:55:22 +0100] "GET /news.php?cs_go=archiv&cs_id=4764 HTTP/1.1" 200 11663 "-" "Mozilla/5.0 (compatible; Googlebot/2.1; +http://www.google.com/bot.html)"
66.249.74.81 - - [06/Dec/2013:15:55:23 +0100] "GET /news.php?cs_go=archiv&cs_id=4762 HTTP/1.1" 200 11485 "-" "Mozilla/5.0 (compatible; Googlebot/2.1; +http://www.google.com/bot.html)"
66.249.74.81 - - [06/Dec/2013:15:55:23 +0100] "GET /news.php?cs_go=archiv&cs_id=4763 HTTP/1.1" 200 7481 "-" "Mozilla/5.0 (compatible; Googlebot/2.1; +http://www.google.com/bot.html)"
5.10.83.49 - - [06/Dec/2013:16:02:02 +0100] "GET /lexikon.php?cs_go=3&cs_id=81 HTTP/1.1" 200 5984 "-" "Mozilla/5.0 (compatible; AhrefsBot/5.0; +http://ahrefs.com/robot/)"
5.10.83.29 - - [06/Dec/2013:16:02:59 +0100] "GET /news.php?cs_go=archiv&cs_startpos=130 HTTP/1.1" 200 20539 "-" "Mozilla/5.0 (compatible; AhrefsBot/5.0; +http://ahrefs.com/robot/)"
5.10.83.11 - - [06/Dec/2013:16:05:43 +0100] "GET /news.php?cs_go=archiv&cs_startpos=170 HTTP/1.1" 200 20490 "-" "Mozilla/5.0 (compatible; AhrefsBot/5.0; +http://ahrefs.com/robot/)"
5.10.83.11 - - [06/Dec/2013:16:08:26 +0100] "GET /news.php?cs_go=archiv&cs_id=4709&cs_search= HTTP/1.1" 200 7939 "-" "Mozilla/5.0 (compatible; AhrefsBot/5.0; +http://ahrefs.com/robot/)"
5.10.83.90 - - [06/Dec/2013:16:17:26 +0100] "GET /news.php?cs_go=archiv&cs_id=4546&cs_search= HTTP/1.1" 200 8177 "-" "Mozilla/5.0 (compatible; AhrefsBot/5.0; +http://ahrefs.com/robot/)"
5.10.83.34 - - [06/Dec/2013:16:21:08 +0100] "GET /news.php?cs_go=archiv&cs_id=4669&cs_search= HTTP/1.1" 200 11689 "-" "Mozilla/5.0 (compatible; AhrefsBot/5.0; +http://ahrefs.com/robot/)"
66.249.74.81 - - [06/Dec/2013:16:22:33 +0100] "GET /images/logos.jpg?cache1804 HTTP/1.1" 200 35043 "-" "Googlebot-Image/1.0"
5.10.83.68 - - [06/Dec/2013:16:22:59 +0100] "GET /newsletter.php HTTP/1.1" 200 6492 "-" "Mozilla/5.0 (compatible; AhrefsBot/5.0; +http://ahrefs.com/robot/)"
5.10.83.2 - - [06/Dec/2013:16:23:17 +0100] "GET /impressum.php HTTP/1.1" 200 6306 "-" "Mozilla/5.0 (compatible; AhrefsBot/5.0; +http://ahrefs.com/robot/)"
208.115.111.75 - - [06/Dec/2013:16:36:05 +0100] "GET /news.php?cs_go=archiv&cs_id=4546&cs_search= HTTP/1.1" 200 8177 "-" "Mozilla/5.0 (compatible; Ezooms/1.0; help@moz.com)"
64.246.161.30 - - [06/Dec/2013:16:45:28 +0100] "GET /robots.txt HTTP/1.0" 200 177 "-" "Mozilla/5.0 (Windows; U; Windows NT 5.1; en; rv:1.9.0.13) Gecko/2009073022 Firefox/3.5.2 (.NET CLR 3.5.30729) SurveyBot/2.3 (DomainTools)"
64.246.161.30 - - [06/Dec/2013:16:45:28 +0100] "GET / HTTP/1.1" 200 12355 "http://whois.domaintools.com/mink-gmbh.de" "Mozilla/5.0 (Windows; U; Windows NT 5.1; en; rv:1.9.0.13) Gecko/2009073022 Firefox/3.5.2 (.NET CLR 3.5.30729) SurveyBot/2.3 (DomainTools)"
5.10.83.79 - - [06/Dec/2013:16:46:10 +0100] "GET /lexikon.php?cs_go=3&cs_id=213 HTTP/1.1" 200 6056 "-" "Mozilla/5.0 (compatible; AhrefsBot/5.0; +http://ahrefs.com/robot/)"
5.10.83.97 - - [06/Dec/2013:16:48:16 +0100] "GET /news.php?cs_go=archiv&cs_id=4572&cs_search= HTTP/1.1" 200 11817 "-" "Mozilla/5.0 (compatible; AhrefsBot/5.0; +http://ahrefs.com/robot/)"
46.229.164.102 - - [06/Dec/2013:16:55:43 +0100] "GET / HTTP/1.1" 200 12355 "-" "Mozilla/5.0 (compatible; SemrushBot/0.97; +http://www.semrush.com/bot.html)"
66.249.74.81 - - [06/Dec/2013:17:05:03 +0100] "GET /news.php?cs_go=archiv&cs_id=4729 HTTP/1.1" 200 8331 "-" "Mozilla/5.0 (iPhone; CPU iPhone OS 6_0 like Mac OS X) AppleWebKit/536.26 (KHTML, like Gecko) Version/6.0 Mobile/10A5376e Safari/8536.25 (compatible; Googlebot-Mobile/2.1; +http://www.google.com/bot.html)"
5.10.83.97 - - [06/Dec/2013:17:16:18 +0100] "GET /lexikon.php?cs_go=3&cs_id=88 HTTP/1.1" 200 6380 "-" "Mozilla/5.0 (compatible; AhrefsBot/5.0; +http://ahrefs.com/robot/)"
5.10.83.90 - - [06/Dec/2013:17:16:31 +0100] "GET /news.php?cs_go=archiv&cs_id=4738 HTTP/1.1" 200 11728 "-" "Mozilla/5.0 (compatible; AhrefsBot/5.0; +http://ahrefs.com/robot/)"
5.10.83.103 - - [06/Dec/2013:17:23:26 +0100] "GET /news.php?cs_go=archiv&cs_id=4471&cs_search= HTTP/1.1" 200 11752 "-" "Mozilla/5.0 (compatible; AhrefsBot/5.0; +http://ahrefs.com/robot/)"
5.10.83.34 - - [06/Dec/2013:17:37:06 +0100] "GET /news.php?cs_go=archiv&cs_id=4736 HTTP/1.1" 200 11535 "-" "Mozilla/5.0 (compatible; AhrefsBot/5.0; +http://ahrefs.com/robot/)"
66.249.74.81 - - [06/Dec/2013:17:37:35 +0100] "GET /images/logos.jpg?cache7183 HTTP/1.1" 200 35043 "-" "Googlebot-Image/1.0"
5.10.83.71 - - [06/Dec/2013:17:39:35 +0100] "GET /lexikon.php?cs_go=3&cs_id=165 HTTP/1.1" 200 5850 "-" "Mozilla/5.0 (compatible; AhrefsBot/5.0; +http://ahrefs.com/robot/)"
5.10.83.29 - - [06/Dec/2013:17:48:54 +0100] "GET /lexikon.php?cs_go=3&cs_id=173 HTTP/1.1" 200 6223 "-" "Mozilla/5.0 (compatible; AhrefsBot/5.0; +http://ahrefs.com/robot/)"
141.8.147.12 - - [06/Dec/2013:17:57:27 +0100] "GET /robots.txt HTTP/1.1" 200 177 "-" "Mozilla/5.0 (compatible; YandexBot/3.0; +http://yandex.com/bots)"
5.10.83.105 - - [06/Dec/2013:18:00:31 +0100] "GET /news.php HTTP/1.1" 200 19810 "-" "Mozilla/5.0 (compatible; AhrefsBot/5.0; +http://ahrefs.com/robot/)"
5.10.83.97 - - [06/Dec/2013:18:02:29 +0100] "GET /news.php?cs_go=archiv&cs_id=4738&cs_search= HTTP/1.1" 200 11728 "-" "Mozilla/5.0 (compatible; AhrefsBot/5.0; +http://ahrefs.com/robot/)"
5.10.83.97 - - [06/Dec/2013:18:07:54 +0100] "GET /index.php HTTP/1.1" 200 12355 "-" "Mozilla/5.0 (compatible; AhrefsBot/5.0; +http://ahrefs.com/robot/)"
66.249.74.81 - - [06/Dec/2013:18:12:27 +0100] "GET /images/Optiseite.jpg HTTP/1.1" 304 - "-" "Googlebot-Image/1.0"
5.10.83.11 - - [06/Dec/2013:18:22:14 +0100] "GET /news.php?cs_go=archiv&cs_id=4718&cs_search= HTTP/1.1" 200 8151 "-" "Mozilla/5.0 (compatible; AhrefsBot/5.0; +http://ahrefs.com/robot/)"
5.10.83.2 - - [06/Dec/2013:18:24:12 +0100] "GET /news.php?cs_go=archiv&cs_id=4634&cs_search= HTTP/1.1" 200 7809 "-" "Mozilla/5.0 (compatible; AhrefsBot/5.0; +http://ahrefs.com/robot/)"
5.10.83.105 - - [06/Dec/2013:18:25:59 +0100] "GET /news.php?cs_go=archiv&cs_id=4686&cs_search= HTTP/1.1" 200 7513 "-" "Mozilla/5.0 (compatible; AhrefsBot/5.0; +http://ahrefs.com/robot/)"
5.10.83.49 - - [06/Dec/2013:18:30:33 +0100] "GET /news.php?cs_go=archiv HTTP/1.1" 200 19810 "-" "Mozilla/5.0 (compatible; AhrefsBot/5.0; +http://ahrefs.com/robot/)"
5.10.83.68 - - [06/Dec/2013:18:34:33 +0100] "GET /news.php?cs_go=archiv&cs_id=4520&cs_search= HTTP/1.1" 200 12057 "-" "Mozilla/5.0 (compatible; AhrefsBot/5.0; +http://ahrefs.com/robot/)"
157.55.34.94 - - [06/Dec/2013:18:36:20 +0100] "GET /robots.txt HTTP/1.1" 200 177 "-" "Mozilla/5.0 (compatible; bingbot/2.0; +http://www.bing.com/bingbot.htm)"
157.55.34.94 - - [06/Dec/2013:18:44:48 +0100] "GET / HTTP/1.1" 200 12355 "-" "Mozilla/5.0 (compatible; bingbot/2.0; +http://www.bing.com/bingbot.htm)"
5.10.83.105 - - [06/Dec/2013:18:46:31 +0100] "GET /news.php?cs_go=archiv&cs_id=4533&cs_search= HTTP/1.1" 200 11566 "-" "Mozilla/5.0 (compatible; AhrefsBot/5.0; +http://ahrefs.com/robot/)"
5.10.83.34 - - [06/Dec/2013:18:46:39 +0100] "GET /lexikon.php?cs_go=3&cs_id=185 HTTP/1.1" 200 5910 "-" "Mozilla/5.0 (compatible; AhrefsBot/5.0; +http://ahrefs.com/robot/)"
208.115.111.75 - - [06/Dec/2013:18:47:05 +0100] "GET /robots.txt HTTP/1.1" 200 177 "-" "Mozilla/5.0 (compatible; Ezooms/1.0; help@moz.com)"
