77.245.45.86 - - [11/Dec/2013:09:22:05 +0100] "GET /images/newsletter.png HTTP/1.1" 200 14619 "http://www.mink-gmbh.de/" "Mozilla/5.0 (Windows NT 6.1; Trident/7.0; rv:11.0) like Gecko"
77.245.45.86 - - [11/Dec/2013:09:22:05 +0100] "GET /images/wrapperbg.jpg HTTP/1.1" 200 27465 "http://www.mink-gmbh.de/" "Mozilla/5.0 (Windows NT 6.1; Trident/7.0; rv:11.0) like Gecko"
77.245.45.86 - - [11/Dec/2013:09:22:05 +0100] "GET /images/header.jpg HTTP/1.1" 200 25189 "http://www.mink-gmbh.de/" "Mozilla/5.0 (Windows NT 6.1; Trident/7.0; rv:11.0) like Gecko"
77.245.45.86 - - [11/Dec/2013:09:22:05 +0100] "GET /images/navibg.png HTTP/1.1" 200 2803 "http://www.mink-gmbh.de/" "Mozilla/5.0 (Windows NT 6.1; Trident/7.0; rv:11.0) like Gecko"
77.245.45.86 - - [11/Dec/2013:09:22:05 +0100] "GET /images/steigend.png HTTP/1.1" 200 688 "http://www.mink-gmbh.de/" "Mozilla/5.0 (Windows NT 6.1; Trident/7.0; rv:11.0) like Gecko"
77.245.45.86 - - [11/Dec/2013:09:22:05 +0100] "GET /images/fallend.png HTTP/1.1" 200 713 "http://www.mink-gmbh.de/" "Mozilla/5.0 (Windows NT 6.1; Trident/7.0; rv:11.0) like Gecko"
77.245.45.86 - - [11/Dec/2013:09:22:05 +0100] "GET / HTTP/1.1" 200 12395 "http://www.google.de/url?sa=t&rct=j&q=&esrc=s&source=web&cd=1&ved=0CDIQFjAA&url=http%3A%2F%2Fwww.mink-gmbh.de%2F&ei=kCCoUv2uBsrDtQbhxICYBw&usg=AFQjCNFHX4Iglls9oo-KYXTmDUV_5KOVIg&sig2=sEhZrlTHJ3aX66PaXFkOwg&bvm=bv.57799294,d.Yms" "Mozilla/5.0 (Windows NT 6.1; Trident/7.0; rv:11.0) like Gecko"
77.245.45.86 - - [11/Dec/2013:09:22:05 +0100] "GET /images/team-energie.png HTTP/1.1" 200 17383 "http://www.mink-gmbh.de/" "Mozilla/5.0 (Windows NT 6.1; Trident/7.0; rv:11.0) like Gecko"
77.245.45.86 - - [11/Dec/2013:09:22:05 +0100] "GET /images/mail.jpg HTTP/1.1" 200 12099 "http://www.mink-gmbh.de/" "Mozilla/5.0 (Windows NT 6.1; Trident/7.0; rv:11.0) like Gecko"
77.245.45.86 - - [11/Dec/2013:09:22:05 +0100] "GET /images/kwk.gif HTTP/1.1" 200 6403 "http://www.mink-gmbh.de/" "Mozilla/5.0 (Windows NT 6.1; Trident/7.0; rv:11.0) like Gecko"
77.245.45.86 - - [11/Dec/2013:09:22:05 +0100] "GET /images/wunschpreis.jpg HTTP/1.1" 200 16767 "http://www.mink-gmbh.de/" "Mozilla/5.0 (Windows NT 6.1; Trident/7.0; rv:11.0) like Gecko"
77.245.45.86 - - [11/Dec/2013:09:22:05 +0100] "GET /images/tkw.jpg HTTP/1.1" 200 64031 "http://www.mink-gmbh.de/" "Mozilla/5.0 (Windows NT 6.1; Trident/7.0; rv:11.0) like Gecko"
77.245.45.86 - - [11/Dec/2013:09:22:05 +0100] "GET /images/footerbg.jpg HTTP/1.1" 200 2184 "http://www.mink-gmbh.de/" "Mozilla/5.0 (Windows NT 6.1; Trident/7.0; rv:11.0) like Gecko"
77.245.45.86 - - [11/Dec/2013:09:22:05 +0100] "GET /images/mobil.jpg HTTP/1.1" 200 25293 "http://www.mink-gmbh.de/" "Mozilla/5.0 (Windows NT 6.1; Trident/7.0; rv:11.0) like Gecko"
77.245.45.86 - - [11/Dec/2013:09:22:06 +0100] "GET /images/newsletter.jpg HTTP/1.1" 200 13130 "http://www.mink-gmbh.de/" "Mozilla/5.0 (Windows NT 6.1; Trident/7.0; rv:11.0) like Gecko"
77.245.45.86 - - [11/Dec/2013:09:22:05 +0100] "GET /images/freecall.jpg HTTP/1.1" 200 39195 "http://www.mink-gmbh.de/" "Mozilla/5.0 (Windows NT 6.1; Trident/7.0; rv:11.0) like Gecko"
77.245.45.86 - - [11/Dec/2013:09:22:06 +0100] "GET /images/logos.jpg?cache9510 HTTP/1.1" 200 35043 "http://www.mink-gmbh.de/" "Mozilla/5.0 (Windows NT 6.1; Trident/7.0; rv:11.0) like Gecko"
77.245.45.86 - - [11/Dec/2013:09:22:06 +0100] "GET /js_contentserver24_greybox/loader_frame.html?s=0 HTTP/1.1" 200 2084 "http://www.mink-gmbh.de/" "Mozilla/5.0 (Windows NT 6.1; Trident/7.0; rv:11.0) like Gecko"
77.245.45.86 - - [11/Dec/2013:09:22:06 +0100] "GET /js_contentserver24_greybox/indicator.gif HTTP/1.1" 200 8238 "http://www.mink-gmbh.de/js_contentserver24_greybox/loader_frame.html?s=0" "Mozilla/5.0 (Windows NT 6.1; Trident/7.0; rv:11.0) like Gecko"
77.245.45.86 - - [11/Dec/2013:09:22:06 +0100] "GET /js_contentserver24_greybox/g_close.gif HTTP/1.1" 200 541 "http://www.mink-gmbh.de/" "Mozilla/5.0 (Windows NT 6.1; Trident/7.0; rv:11.0) like Gecko"
77.245.45.86 - - [11/Dec/2013:09:22:06 +0100] "GET /favicon.ico HTTP/1.1" 200 3638 "-" "Mozilla/5.0 (Windows NT 6.1; Trident/7.0; rv:11.0) like Gecko"
77.245.45.86 - - [11/Dec/2013:09:23:14 +0100] "GET /preisanfrage.php HTTP/1.1" 200 8502 "http://www.mink-gmbh.de/" "Mozilla/5.0 (Windows NT 6.1; Trident/7.0; rv:11.0) like Gecko"
77.245.45.86 - - [11/Dec/2013:09:23:14 +0100] "GET /images/logos.jpg HTTP/1.1" 200 35043 "http://www.mink-gmbh.de/preisanfrage.php" "Mozilla/5.0 (Windows NT 6.1; Trident/7.0; rv:11.0) like Gecko"
77.245.45.86 - - [11/Dec/2013:09:23:19 +0100] "GET /kontakt.php HTTP/1.1" 200 6966 "http://www.mink-gmbh.de/preisanfrage.php" "Mozilla/5.0 (Windows NT 6.1; Trident/7.0; rv:11.0) like Gecko"
77.245.45.86 - - [11/Dec/2013:09:23:24 +0100] "GET /standard.php HTTP/1.1" 200 6770 "http://www.mink-gmbh.de/kontakt.php" "Mozilla/5.0 (Windows NT 6.1; Trident/7.0; rv:11.0) like Gecko"
77.245.45.86 - - [11/Dec/2013:09:23:28 +0100] "GET /wunschpreis.php HTTP/1.1" 200 10237 "http://www.mink-gmbh.de/standard.php" "Mozilla/5.0 (Windows NT 6.1; Trident/7.0; rv:11.0) like Gecko"
66.249.76.225 - - [11/Dec/2013:09:23:36 +0100] "GET /news.php?cs_go=archiv&cs_id=4317 HTTP/1.1" 200 9409 "-" "Mozilla/5.0 (iPhone; CPU iPhone OS 6_0 like Mac OS X) AppleWebKit/536.26 (KHTML, like Gecko) Version/6.0 Mobile/10A5376e Safari/8536.25 (compatible; Googlebot-Mobile/2.1; +http://www.google.com/bot.html)"
66.249.76.225 - - [11/Dec/2013:09:35:47 +0100] "GET /news.php?cs_go=archiv&cs_id=4763 HTTP/1.1" 200 7481 "-" "Mozilla/5.0 (iPhone; CPU iPhone OS 6_0 like Mac OS X) AppleWebKit/536.26 (KHTML, like Gecko) Version/6.0 Mobile/10A5376e Safari/8536.25 (compatible; Googlebot-Mobile/2.1; +http://www.google.com/bot.html)"
5.10.83.66 - - [11/Dec/2013:09:36:10 +0100] "GET /news.php?cs_go=archiv&cs_id=4580&cs_search= HTTP/1.1" 200 11460 "-" "Mozilla/5.0 (compatible; AhrefsBot/5.0; +http://ahrefs.com/robot/)"
5.10.83.38 - - [11/Dec/2013:09:45:11 +0100] "GET /news.php?cs_go=archiv&cs_id=4551&cs_search= HTTP/1.1" 200 9648 "-" "Mozilla/5.0 (compatible; AhrefsBot/5.0; +http://ahrefs.com/robot/)"
66.249.76.225 - - [11/Dec/2013:09:50:20 +0100] "GET /news.php?cs_go=archiv&cs_id=4470&cs_search= HTTP/1.1" 200 8303 "-" "Mozilla/5.0 (compatible; Googlebot/2.1; +http://www.google.com/bot.html)"
141.8.147.12 - - [11/Dec/2013:09:51:24 +0100] "GET /news.php?cs_go=archiv&cs_id=4749&cs_search= HTTP/1.1" 200 11351 "-" "Mozilla/5.0 (compatible; YandexBot/3.0; +http://yandex.com/bots)"
66.249.76.225 - - [11/Dec/2013:09:57:55 +0100] "GET /news.php?cs_go=archiv&cs_id=4741&cs_search= HTTP/1.1" 200 11697 "-" "Mozilla/5.0 (compatible; Googlebot/2.1; +http://www.google.com/bot.html)"
5.10.83.10 - - [11/Dec/2013:10:00:57 +0100] "GET /modernisierung.php?cs_gp_go=coupon HTTP/1.1" 200 7829 "-" "Mozilla/5.0 (compatible; AhrefsBot/5.0; +http://ahrefs.com/robot/)"
5.10.83.28 - - [11/Dec/2013:10:03:44 +0100] "GET /news.php?cs_go=archiv&cs_id=4615&cs_search= HTTP/1.1" 200 7657 "-" "Mozilla/5.0 (compatible; AhrefsBot/5.0; +http://ahrefs.com/robot/)"
144.76.95.232 - - [11/Dec/2013:10:13:58 +0100] "GET /robots.txt HTTP/1.0" 200 177 "-" "Mozilla/5.0 (compatible; MJ12bot/v1.4.4; http://www.majestic12.co.uk/bot.php?+)"
5.10.83.38 - - [11/Dec/2013:10:16:50 +0100] "GET /news.php?cs_go=archiv&cs_id=4657&cs_search= HTTP/1.1" 200 9059 "-" "Mozilla/5.0 (compatible; AhrefsBot/5.0; +http://ahrefs.com/robot/)"
5.10.83.16 - - [11/Dec/2013:10:20:03 +0100] "GET /news.php?cs_go=archiv&cs_id=4579&cs_search= HTTP/1.1" 200 8969 "-" "Mozilla/5.0 (compatible; AhrefsBot/5.0; +http://ahrefs.com/robot/)"
5.10.83.86 - - [11/Dec/2013:10:27:08 +0100] "GET /lexikon.php?cs_go=3&cs_id=226 HTTP/1.1" 200 6317 "-" "Mozilla/5.0 (compatible; AhrefsBot/5.0; +http://ahrefs.com/robot/)"
66.249.76.225 - - [11/Dec/2013:10:28:14 +0100] "GET /news.php?cs_go=archiv&cs_id=2832&cs_search= HTTP/1.1" 200 7630 "-" "Mozilla/5.0 (compatible; Googlebot/2.1; +http://www.google.com/bot.html)"
5.10.83.102 - - [11/Dec/2013:10:34:10 +0100] "GET /lexikon.php?cs_go=3&cs_id=103 HTTP/1.1" 200 6781 "-" "Mozilla/5.0 (compatible; AhrefsBot/5.0; +http://ahrefs.com/robot/)"
82.94.179.38 - - [11/Dec/2013:10:35:16 +0100] "GET /robots.txt HTTP/1.0" 200 177 "-" "Mozilla/4.0 (compatible; Freshbot/1.0/EU; http://webagent.wise-guys.nl/)"
82.94.179.38 - - [11/Dec/2013:10:35:16 +0100] "GET /news.php?cs_go=archiv&cs_id=4766 HTTP/1.1" 200 11327 "-" "Mozilla/5.0 (X11; Linux i686; rv:6.0) Gecko/20100101 Firefox/6.0 (Freshbot/1.0/EU; http://webagent.wise-guys.nl/)"
82.94.179.38 - - [11/Dec/2013:10:35:33 +0100] "GET /news.php?cs_go=archiv&cs_id=4743 HTTP/1.1" 200 12376 "-" "Mozilla/5.0 (X11; Linux i686; rv:6.0) Gecko/20100101 Firefox/6.0 (Freshbot/1.0/EU; http://webagent.wise-guys.nl/)"
82.94.179.38 - - [11/Dec/2013:10:35:49 +0100] "GET /news.php?cs_go=archiv&cs_id=4765 HTTP/1.1" 200 7522 "-" "Mozilla/5.0 (X11; Linux i686; rv:6.0) Gecko/20100101 Firefox/6.0 (Freshbot/1.0/EU; http://webagent.wise-guys.nl/)"
66.249.76.225 - - [11/Dec/2013:10:35:49 +0100] "GET /news.php?cs_go=archiv&cs_id=4758&cs_search= HTTP/1.1" 200 8181 "-" "Mozilla/5.0 (compatible; Googlebot/2.1; +http://www.google.com/bot.html)"
82.94.179.38 - - [11/Dec/2013:10:36:06 +0100] "GET /news.php?cs_go=archiv&cs_id=4764 HTTP/1.1" 200 11663 "-" "Mozilla/5.0 (X11; Linux i686; rv:6.0) Gecko/20100101 Firefox/6.0 (Freshbot/1.0/EU; http://webagent.wise-guys.nl/)"
208.115.113.91 - - [11/Dec/2013:10:42:30 +0100] "GET /news.php?cs_go=archiv&cs_startpos=260 HTTP/1.1" 200 5782 "-" "Mozilla/5.0 (compatible; Ezooms/1.0; help@moz.com)"
144.76.95.232 - - [11/Dec/2013:10:44:13 +0100] "GET /news.php?cs_go=archiv&cs_startpos=250 HTTP/1.0" 200 5874 "-" "Mozilla/5.0 (compatible; MJ12bot/v1.4.4; http://www.majestic12.co.uk/bot.php?+)"
208.115.111.75 - - [11/Dec/2013:10:44:37 +0100] "GET /robots.txt HTTP/1.1" 200 177 "-" "Mozilla/5.0 (compatible; Ezooms/1.0; help@moz.com)"
5.10.83.82 - - [11/Dec/2013:11:03:57 +0100] "GET /news.php?cs_go=archiv&cs_id=4590&cs_search= HTTP/1.1" 200 7746 "-" "Mozilla/5.0 (compatible; AhrefsBot/5.0; +http://ahrefs.com/robot/)"
66.249.76.225 - - [11/Dec/2013:11:09:56 +0100] "GET /news.php?cs_go=archiv&cs_id=4132 HTTP/1.1" 200 10065 "-" "Mozilla/5.0 (compatible; Googlebot/2.1; +http://www.google.com/bot.html)"
66.249.76.225 - - [11/Dec/2013:11:25:05 +0100] "GET /news.php?cs_go=archiv&cs_id=4737&cs_search= HTTP/1.1" 200 7515 "-" "Mozilla/5.0 (compatible; Googlebot/2.1; +http://www.google.com/bot.html)"
80.156.23.50 - - [11/Dec/2013:11:27:49 +0100] "GET / HTTP/1.1" 200 12395 "https://www.google.de/url?sa=t&rct=j&q=&esrc=s&source=web&cd=6&ved=0CFoQFjAF&url=http%3A%2F%2Fwww.mink-gmbh.de%2F&ei=zD2oUuadN4-RswbspICoBw&usg=AFQjCNFHX4Iglls9oo-KYXTmDUV_5KOVIg&bvm=bv.57799294,d.Yms" "Mozilla/5.0 (Windows NT 6.1; WOW64) AppleWebKit/537.36 (KHTML, like Gecko) Chrome/31.0.1650.63 Safari/537.36"
80.156.23.50 - - [11/Dec/2013:11:27:50 +0100] "GET /style.css HTTP/1.1" 200 8402 "http://www.mink-gmbh.de/" "Mozilla/5.0 (Windows NT 6.1; WOW64) AppleWebKit/537.36 (KHTML, like Gecko) Chrome/31.0.1650.63 Safari/537.36"
80.156.23.50 - - [11/Dec/2013:11:27:50 +0100] "GET /js_contentserver24_greybox/gb_styles.css HTTP/1.1" 200 2302 "http://www.mink-gmbh.de/" "Mozilla/5.0 (Windows NT 6.1; WOW64) AppleWebKit/537.36 (KHTML, like Gecko) Chrome/31.0.1650.63 Safari/537.36"
80.156.23.50 - - [11/Dec/2013:11:27:50 +0100] "GET /js_contentserver24_greybox/AJS_fx.js HTTP/1.1" 200 3192 "http://www.mink-gmbh.de/" "Mozilla/5.0 (Windows NT 6.1; WOW64) AppleWebKit/537.36 (KHTML, like Gecko) Chrome/31.0.1650.63 Safari/537.36"
80.156.23.50 - - [11/Dec/2013:11:27:50 +0100] "GET /js_contentserver24_greybox/AJS.js HTTP/1.1" 200 10396 "http://www.mink-gmbh.de/" "Mozilla/5.0 (Windows NT 6.1; WOW64) AppleWebKit/537.36 (KHTML, like Gecko) Chrome/31.0.1650.63 Safari/537.36"
80.156.23.50 - - [11/Dec/2013:11:27:50 +0100] "GET /js_contentserver24_greybox/gb_scripts.js HTTP/1.1" 200 11913 "http://www.mink-gmbh.de/" "Mozilla/5.0 (Windows NT 6.1; WOW64) AppleWebKit/537.36 (KHTML, like Gecko) Chrome/31.0.1650.63 Safari/537.36"
80.156.23.50 - - [11/Dec/2013:11:27:50 +0100] "GET /modul.css HTTP/1.1" 200 35038 "http://www.mink-gmbh.de/" "Mozilla/5.0 (Windows NT 6.1; WOW64) AppleWebKit/537.36 (KHTML, like Gecko) Chrome/31.0.1650.63 Safari/537.36"
80.156.23.50 - - [11/Dec/2013:11:27:50 +0100] "GET /images/mail.jpg HTTP/1.1" 200 12099 "http://www.mink-gmbh.de/" "Mozilla/5.0 (Windows NT 6.1; WOW64) AppleWebKit/537.36 (KHTML, like Gecko) Chrome/31.0.1650.63 Safari/537.36"
80.156.23.50 - - [11/Dec/2013:11:27:50 +0100] "GET /images/kwk.gif HTTP/1.1" 200 6403 "http://www.mink-gmbh.de/" "Mozilla/5.0 (Windows NT 6.1; WOW64) AppleWebKit/537.36 (KHTML, like Gecko) Chrome/31.0.1650.63 Safari/537.36"
80.156.23.50 - - [11/Dec/2013:11:27:50 +0100] "GET /images/wunschpreis.jpg HTTP/1.1" 200 16767 "http://www.mink-gmbh.de/" "Mozilla/5.0 (Windows NT 6.1; WOW64) AppleWebKit/537.36 (KHTML, like Gecko) Chrome/31.0.1650.63 Safari/537.36"
80.156.23.50 - - [11/Dec/2013:11:27:50 +0100] "GET /images/team-energie.png HTTP/1.1" 200 17383 "http://www.mink-gmbh.de/" "Mozilla/5.0 (Windows NT 6.1; WOW64) AppleWebKit/537.36 (KHTML, like Gecko) Chrome/31.0.1650.63 Safari/537.36"
80.156.23.50 - - [11/Dec/2013:11:27:50 +0100] "GET /images/tkw.jpg HTTP/1.1" 200 64031 "http://www.mink-gmbh.de/" "Mozilla/5.0 (Windows NT 6.1; WOW64) AppleWebKit/537.36 (KHTML, like Gecko) Chrome/31.0.1650.63 Safari/537.36"
80.156.23.50 - - [11/Dec/2013:11:27:50 +0100] "GET /images/freecall.jpg HTTP/1.1" 200 39195 "http://www.mink-gmbh.de/" "Mozilla/5.0 (Windows NT 6.1; WOW64) AppleWebKit/537.36 (KHTML, like Gecko) Chrome/31.0.1650.63 Safari/537.36"
80.156.23.50 - - [11/Dec/2013:11:27:50 +0100] "GET /js_contentserver24_greybox/w_close.gif HTTP/1.1" 200 74 "http://www.mink-gmbh.de/" "Mozilla/5.0 (Windows NT 6.1; WOW64) AppleWebKit/537.36 (KHTML, like Gecko) Chrome/31.0.1650.63 Safari/537.36"
80.156.23.50 - - [11/Dec/2013:11:27:50 +0100] "GET /images/bg.png HTTP/1.1" 200 922 "http://www.mink-gmbh.de/" "Mozilla/5.0 (Windows NT 6.1; WOW64) AppleWebKit/537.36 (KHTML, like Gecko) Chrome/31.0.1650.63 Safari/537.36"
80.156.23.50 - - [11/Dec/2013:11:27:50 +0100] "GET /images/header.jpg HTTP/1.1" 200 25189 "http://www.mink-gmbh.de/" "Mozilla/5.0 (Windows NT 6.1; WOW64) AppleWebKit/537.36 (KHTML, like Gecko) Chrome/31.0.1650.63 Safari/537.36"
80.156.23.50 - - [11/Dec/2013:11:27:50 +0100] "GET /images/navibg.png HTTP/1.1" 200 2803 "http://www.mink-gmbh.de/" "Mozilla/5.0 (Windows NT 6.1; WOW64) AppleWebKit/537.36 (KHTML, like Gecko) Chrome/31.0.1650.63 Safari/537.36"
80.156.23.50 - - [11/Dec/2013:11:27:50 +0100] "GET /images/wrapperbg.jpg HTTP/1.1" 200 27465 "http://www.mink-gmbh.de/" "Mozilla/5.0 (Windows NT 6.1; WOW64) AppleWebKit/537.36 (KHTML, like Gecko) Chrome/31.0.1650.63 Safari/537.36"
80.156.23.50 - - [11/Dec/2013:11:27:50 +0100] "GET /images/fallend.png HTTP/1.1" 200 713 "http://www.mink-gmbh.de/" "Mozilla/5.0 (Windows NT 6.1; WOW64) AppleWebKit/537.36 (KHTML, like Gecko) Chrome/31.0.1650.63 Safari/537.36"
80.156.23.50 - - [11/Dec/2013:11:27:50 +0100] "GET /images/steigend.png HTTP/1.1" 200 688 "http://www.mink-gmbh.de/" "Mozilla/5.0 (Windows NT 6.1; WOW64) AppleWebKit/537.36 (KHTML, like Gecko) Chrome/31.0.1650.63 Safari/537.36"
80.156.23.50 - - [11/Dec/2013:11:27:50 +0100] "GET /images/mobil.jpg HTTP/1.1" 200 25293 "http://www.mink-gmbh.de/" "Mozilla/5.0 (Windows NT 6.1; WOW64) AppleWebKit/537.36 (KHTML, like Gecko) Chrome/31.0.1650.63 Safari/537.36"
80.156.23.50 - - [11/Dec/2013:11:27:50 +0100] "GET /images/newsletter.jpg HTTP/1.1" 200 13130 "http://www.mink-gmbh.de/" "Mozilla/5.0 (Windows NT 6.1; WOW64) AppleWebKit/537.36 (KHTML, like Gecko) Chrome/31.0.1650.63 Safari/537.36"
80.156.23.50 - - [11/Dec/2013:11:27:50 +0100] "GET /images/footerbg.jpg HTTP/1.1" 200 2184 "http://www.mink-gmbh.de/" "Mozilla/5.0 (Windows NT 6.1; WOW64) AppleWebKit/537.36 (KHTML, like Gecko) Chrome/31.0.1650.63 Safari/537.36"
80.156.23.50 - - [11/Dec/2013:11:27:50 +0100] "GET /images/newsletter.png HTTP/1.1" 200 14619 "http://www.mink-gmbh.de/" "Mozilla/5.0 (Windows NT 6.1; WOW64) AppleWebKit/537.36 (KHTML, like Gecko) Chrome/31.0.1650.63 Safari/537.36"
80.156.23.50 - - [11/Dec/2013:11:27:50 +0100] "GET /images/close.png HTTP/1.1" 200 703 "http://www.mink-gmbh.de/" "Mozilla/5.0 (Windows NT 6.1; WOW64) AppleWebKit/537.36 (KHTML, like Gecko) Chrome/31.0.1650.63 Safari/537.36"
80.156.23.50 - - [11/Dec/2013:11:27:51 +0100] "GET /images/newsletter_bg.jpg HTTP/1.1" 200 33610 "http://www.mink-gmbh.de/" "Mozilla/5.0 (Windows NT 6.1; WOW64) AppleWebKit/537.36 (KHTML, like Gecko) Chrome/31.0.1650.63 Safari/537.36"
80.156.23.50 - - [11/Dec/2013:11:27:51 +0100] "GET /images/logos.jpg?cache3781 HTTP/1.1" 200 35043 "http://www.mink-gmbh.de/" "Mozilla/5.0 (Windows NT 6.1; WOW64) AppleWebKit/537.36 (KHTML, like Gecko) Chrome/31.0.1650.63 Safari/537.36"
80.156.23.50 - - [11/Dec/2013:11:27:51 +0100] "GET /js_contentserver24_greybox/header_bg.gif HTTP/1.1" 200 1188 "http://www.mink-gmbh.de/" "Mozilla/5.0 (Windows NT 6.1; WOW64) AppleWebKit/537.36 (KHTML, like Gecko) Chrome/31.0.1650.63 Safari/537.36"
80.156.23.50 - - [11/Dec/2013:11:27:51 +0100] "GET /js_contentserver24_greybox/loader_frame.html?s=0 HTTP/1.1" 200 2084 "http://www.mink-gmbh.de/" "Mozilla/5.0 (Windows NT 6.1; WOW64) AppleWebKit/537.36 (KHTML, like Gecko) Chrome/31.0.1650.63 Safari/537.36"
80.156.23.50 - - [11/Dec/2013:11:27:51 +0100] "GET /js_contentserver24_greybox/indicator.gif HTTP/1.1" 200 8238 "http://www.mink-gmbh.de/js_contentserver24_greybox/loader_frame.html?s=0" "Mozilla/5.0 (Windows NT 6.1; WOW64) AppleWebKit/537.36 (KHTML, like Gecko) Chrome/31.0.1650.63 Safari/537.36"
80.156.23.50 - - [11/Dec/2013:11:27:51 +0100] "GET /js_contentserver24_greybox/g_close.gif HTTP/1.1" 200 541 "http://www.mink-gmbh.de/" "Mozilla/5.0 (Windows NT 6.1; WOW64) AppleWebKit/537.36 (KHTML, like Gecko) Chrome/31.0.1650.63 Safari/537.36"
80.156.23.50 - - [11/Dec/2013:11:27:51 +0100] "GET /favicon.ico HTTP/1.1" 200 3638 "-" "Mozilla/5.0 (Windows NT 6.1; WOW64) AppleWebKit/537.36 (KHTML, like Gecko) Chrome/31.0.1650.63 Safari/537.36"
5.10.83.100 - - [11/Dec/2013:11:34:41 +0100] "GET /news.php?cs_go=archiv&cs_id=4472&cs_search= HTTP/1.1" 200 7777 "-" "Mozilla/5.0 (compatible; AhrefsBot/5.0; +http://ahrefs.com/robot/)"
5.10.83.10 - - [11/Dec/2013:11:41:03 +0100] "GET /news.php?cs_go=archiv&cs_id=4726&cs_search= HTTP/1.1" 200 11408 "-" "Mozilla/5.0 (compatible; AhrefsBot/5.0; +http://ahrefs.com/robot/)"
5.10.83.74 - - [11/Dec/2013:11:41:50 +0100] "GET /lexikon.php?cs_go=2&cs_char=e HTTP/1.1" 200 6643 "-" "Mozilla/5.0 (compatible; AhrefsBot/5.0; +http://ahrefs.com/robot/)"
5.10.83.74 - - [11/Dec/2013:11:46:44 +0100] "GET /news.php?cs_go=archiv&cs_id=4711&cs_search= HTTP/1.1" 200 7882 "-" "Mozilla/5.0 (compatible; AhrefsBot/5.0; +http://ahrefs.com/robot/)"
5.10.83.10 - - [11/Dec/2013:11:48:31 +0100] "GET /news.php?cs_go=archiv&cs_startpos=91 HTTP/1.1" 200 20377 "-" "Mozilla/5.0 (compatible; AhrefsBot/5.0; +http://ahrefs.com/robot/)"
5.10.83.102 - - [11/Dec/2013:11:48:48 +0100] "GET /news.php?cs_go=archiv&cs_id=4559&cs_search= HTTP/1.1" 200 7615 "-" "Mozilla/5.0 (compatible; AhrefsBot/5.0; +http://ahrefs.com/robot/)"
5.10.83.30 - - [11/Dec/2013:12:05:39 +0100] "GET /news.php?cs_go=archiv&cs_id=4504&cs_search= HTTP/1.1" 200 11769 "-" "Mozilla/5.0 (compatible; AhrefsBot/5.0; +http://ahrefs.com/robot/)"
5.10.83.16 - - [11/Dec/2013:12:16:30 +0100] "GET /news.php?cs_go=archiv&cs_id=4684&cs_search= HTTP/1.1" 200 11614 "-" "Mozilla/5.0 (compatible; AhrefsBot/5.0; +http://ahrefs.com/robot/)"
141.8.147.12 - - [11/Dec/2013:12:22:35 +0100] "GET /news.php?cs_go=archiv&cs_id=4736&cs_search= HTTP/1.1" 200 11535 "-" "Mozilla/5.0 (compatible; YandexBot/3.0; +http://yandex.com/bots)"
208.115.111.75 - - [11/Dec/2013:12:32:06 +0100] "GET /agb.php HTTP/1.1" 200 17543 "-" "Mozilla/5.0 (compatible; Ezooms/1.0; help@moz.com)"
157.55.34.24 - - [11/Dec/2013:12:45:02 +0100] "GET /robots.txt HTTP/1.1" 200 177 "-" "Mozilla/5.0 (compatible; bingbot/2.0; +http://www.bing.com/bingbot.htm)"
157.55.34.24 - - [11/Dec/2013:12:45:30 +0100] "GET /wunschpreis.php HTTP/1.1" 200 10237 "-" "Mozilla/5.0 (compatible; bingbot/2.0; +http://www.bing.com/bingbot.htm)"
157.55.34.24 - - [11/Dec/2013:12:45:30 +0100] "GET /news.php?cs_go=archiv&cs_id=4565&cs_search= HTTP/1.1" 200 9153 "-" "Mozilla/5.0 (compatible; bingbot/2.0; +http://www.bing.com/bingbot.htm)"
157.55.34.24 - - [11/Dec/2013:12:45:31 +0100] "GET /news.php?cs_go=archiv&cs_id=4567&cs_search= HTTP/1.1" 200 9128 "-" "Mozilla/5.0 (compatible; bingbot/2.0; +http://www.bing.com/bingbot.htm)"
157.55.34.24 - - [11/Dec/2013:12:45:31 +0100] "GET /news.php?cs_go=archiv&cs_id=4568 HTTP/1.1" 200 9631 "-" "Mozilla/5.0 (compatible; bingbot/2.0; +http://www.bing.com/bingbot.htm)"
157.55.34.24 - - [11/Dec/2013:12:45:32 +0100] "GET /faq.php HTTP/1.1" 200 216831 "-" "Mozilla/5.0 (compatible; bingbot/2.0; +http://www.bing.com/bingbot.htm)"
157.55.34.24 - - [11/Dec/2013:12:45:33 +0100] "GET / HTTP/1.1" 200 12395 "-" "Mozilla/5.0 (compatible; bingbot/2.0; +http://www.bing.com/bingbot.htm)"
157.55.34.24 - - [11/Dec/2013:12:45:34 +0100] "GET /kontakt.php HTTP/1.1" 200 6966 "-" "Mozilla/5.0 (compatible; bingbot/2.0; +http://www.bing.com/bingbot.htm)"
157.55.34.24 - - [11/Dec/2013:12:45:34 +0100] "GET /preisanfrage.php HTTP/1.1" 200 8502 "-" "Mozilla/5.0 (compatible; bingbot/2.0; +http://www.bing.com/bingbot.htm)"
208.115.113.91 - - [11/Dec/2013:12:47:04 +0100] "GET /robots.txt HTTP/1.1" 200 177 "-" "Mozilla/5.0 (compatible; Ezooms/1.0; help@moz.com)"
5.10.83.102 - - [11/Dec/2013:12:58:48 +0100] "GET /lexikon.php?cs_go=3&cs_id=115 HTTP/1.1" 200 7146 "-" "Mozilla/5.0 (compatible; AhrefsBot/5.0; +http://ahrefs.com/robot/)"
5.10.83.74 - - [11/Dec/2013:13:03:28 +0100] "GET /news.php?cs_go=archiv&cs_id=4519&cs_search= HTTP/1.1" 200 7898 "-" "Mozilla/5.0 (compatible; AhrefsBot/5.0; +http://ahrefs.com/robot/)"
65.36.241.79 - - [11/Dec/2013:13:13:29 +0100] "HEAD / HTTP/1.1" 200 - "-" "InternetSeer.com"
157.55.35.114 - - [11/Dec/2013:13:25:40 +0100] "GET /news.php?cs_go=archiv&cs_id=4614&cs_search= HTTP/1.1" 200 11536 "-" "Mozilla/5.0 (compatible; bingbot/2.0; +http://www.bing.com/bingbot.htm)"
157.55.35.114 - - [11/Dec/2013:13:25:41 +0100] "GET /rueckrufservice.php HTTP/1.1" 200 8300 "-" "Mozilla/5.0 (compatible; bingbot/2.0; +http://www.bing.com/bingbot.htm)"
157.55.35.114 - - [11/Dec/2013:13:25:41 +0100] "GET /lexikon.php HTTP/1.1" 200 8115 "-" "Mozilla/5.0 (compatible; bingbot/2.0; +http://www.bing.com/bingbot.htm)"
157.55.35.114 - - [11/Dec/2013:13:25:42 +0100] "GET /news.php?cs_go=archiv&cs_id=4557&cs_search= HTTP/1.1" 200 7784 "-" "Mozilla/5.0 (compatible; bingbot/2.0; +http://www.bing.com/bingbot.htm)"
157.55.35.114 - - [11/Dec/2013:13:25:42 +0100] "GET /news.php?cs_go=archiv&cs_id=4612&cs_search= HTTP/1.1" 200 8143 "-" "Mozilla/5.0 (compatible; bingbot/2.0; +http://www.bing.com/bingbot.htm)"
5.10.83.30 - - [11/Dec/2013:13:28:18 +0100] "GET /lexikon.php?cs_go=3&cs_id=211 HTTP/1.1" 200 6127 "-" "Mozilla/5.0 (compatible; AhrefsBot/5.0; +http://ahrefs.com/robot/)"
5.10.83.30 - - [11/Dec/2013:13:29:37 +0100] "GET /lexikon.php?cs_go=3&cs_id=231 HTTP/1.1" 200 5935 "-" "Mozilla/5.0 (compatible; AhrefsBot/5.0; +http://ahrefs.com/robot/)"
5.10.83.74 - - [11/Dec/2013:13:30:30 +0100] "GET /ansprechpartner.php HTTP/1.1" 404 - "-" "Mozilla/5.0 (compatible; AhrefsBot/5.0; +http://ahrefs.com/robot/)"
5.10.83.28 - - [11/Dec/2013:13:31:09 +0100] "GET /lexikon.php?cs_go=3&cs_id=222 HTTP/1.1" 200 7187 "-" "Mozilla/5.0 (compatible; AhrefsBot/5.0; +http://ahrefs.com/robot/)"
5.10.83.82 - - [11/Dec/2013:13:36:57 +0100] "GET /news.php?cs_go=archiv&cs_id=4721&cs_search= HTTP/1.1" 200 7818 "-" "Mozilla/5.0 (compatible; AhrefsBot/5.0; +http://ahrefs.com/robot/)"
66.249.76.225 - - [11/Dec/2013:13:41:32 +0100] "GET /news.php?cs_go=archiv&cs_id=4331 HTTP/1.1" 200 9524 "-" "Mozilla/5.0 (compatible; Googlebot/2.1; +http://www.google.com/bot.html)"
5.10.83.38 - - [11/Dec/2013:13:43:41 +0100] "GET /news.php?cs_go=archiv&cs_id=4681&cs_search= HTTP/1.1" 200 11362 "-" "Mozilla/5.0 (compatible; AhrefsBot/5.0; +http://ahrefs.com/robot/)"
5.10.83.16 - - [11/Dec/2013:13:43:41 +0100] "GET /lexikon.php?cs_go=3&cs_id=28 HTTP/1.1" 200 5913 "-" "Mozilla/5.0 (compatible; AhrefsBot/5.0; +http://ahrefs.com/robot/)"
157.55.33.81 - - [11/Dec/2013:13:44:35 +0100] "GET /schwefelarmstandard.php HTTP/1.1" 200 10730 "-" "Mozilla/5.0 (compatible; bingbot/2.0; +http://www.bing.com/bingbot.htm)"
157.55.33.81 - - [11/Dec/2013:13:44:36 +0100] "GET /news.php?cs_go=archiv&cs_id=4567 HTTP/1.1" 200 9128 "-" "Mozilla/5.0 (compatible; bingbot/2.0; +http://www.bing.com/bingbot.htm)"
157.55.33.81 - - [11/Dec/2013:13:44:36 +0100] "GET /news.php?cs_go=archiv&cs_id=4568&cs_search= HTTP/1.1" 200 9631 "-" "Mozilla/5.0 (compatible; bingbot/2.0; +http://www.bing.com/bingbot.htm)"
157.55.33.81 - - [11/Dec/2013:13:44:36 +0100] "GET /news.php?cs_go=archiv&cs_id=4351 HTTP/1.1" 200 11029 "-" "Mozilla/5.0 (compatible; bingbot/2.0; +http://www.bing.com/bingbot.htm)"
157.55.33.81 - - [11/Dec/2013:13:44:37 +0100] "GET /newsletter.php HTTP/1.1" 200 6492 "-" "Mozilla/5.0 (compatible; bingbot/2.0; +http://www.bing.com/bingbot.htm)"
157.55.33.81 - - [11/Dec/2013:13:44:37 +0100] "GET /news.php?cs_go=archiv&cs_id=4556&cs_search= HTTP/1.1" 200 7824 "-" "Mozilla/5.0 (compatible; bingbot/2.0; +http://www.bing.com/bingbot.htm)"
157.55.33.81 - - [11/Dec/2013:13:44:38 +0100] "GET /news.php?cs_go=archiv&cs_id=4497 HTTP/1.1" 200 9403 "-" "Mozilla/5.0 (compatible; bingbot/2.0; +http://www.bing.com/bingbot.htm)"
157.55.33.81 - - [11/Dec/2013:13:44:38 +0100] "GET /optiplus.php HTTP/1.1" 200 8639 "-" "Mozilla/5.0 (compatible; bingbot/2.0; +http://www.bing.com/bingbot.htm)"
157.55.33.81 - - [11/Dec/2013:13:44:38 +0100] "GET /news.php HTTP/1.1" 200 19830 "-" "Mozilla/5.0 (compatible; bingbot/2.0; +http://www.bing.com/bingbot.htm)"
157.55.33.81 - - [11/Dec/2013:13:44:39 +0100] "GET /news.php?cs_go=archiv&cs_id=4615&cs_search= HTTP/1.1" 200 7657 "-" "Mozilla/5.0 (compatible; bingbot/2.0; +http://www.bing.com/bingbot.htm)"
157.55.33.81 - - [11/Dec/2013:13:44:39 +0100] "GET /news.php?cs_go=archiv&cs_id=4613&cs_search= HTTP/1.1" 200 8795 "-" "Mozilla/5.0 (compatible; bingbot/2.0; +http://www.bing.com/bingbot.htm)"
157.55.33.81 - - [11/Dec/2013:13:44:40 +0100] "GET /news.php?cs_go=archiv&cs_id=4523 HTTP/1.1" 200 9394 "-" "Mozilla/5.0 (compatible; bingbot/2.0; +http://www.bing.com/bingbot.htm)"
157.56.92.143 - - [11/Dec/2013:13:45:10 +0100] "GET /news.php?cs_go=archiv&cs_id=4547 HTTP/1.1" 200 8652 "-" "Mozilla/5.0 (compatible; bingbot/2.0; +http://www.bing.com/bingbot.htm)"
157.56.92.143 - - [11/Dec/2013:13:45:10 +0100] "GET /kwk.php HTTP/1.1" 200 8447 "-" "Mozilla/5.0 (compatible; bingbot/2.0; +http://www.bing.com/bingbot.htm)"
157.56.92.143 - - [11/Dec/2013:13:45:11 +0100] "GET /standard.php HTTP/1.1" 200 6770 "-" "Mozilla/5.0 (compatible; bingbot/2.0; +http://www.bing.com/bingbot.htm)"
157.56.92.143 - - [11/Dec/2013:13:45:11 +0100] "GET /news.php?cs_go=archiv&cs_id=4235 HTTP/1.1" 200 9120 "-" "Mozilla/5.0 (compatible; bingbot/2.0; +http://www.bing.com/bingbot.htm)"
157.56.92.143 - - [11/Dec/2013:13:45:12 +0100] "GET /modernisierung.php HTTP/1.1" 200 9252 "-" "Mozilla/5.0 (compatible; bingbot/2.0; +http://www.bing.com/bingbot.htm)"
157.56.92.143 - - [11/Dec/2013:13:45:12 +0100] "GET /news.php?cs_go=archiv&cs_id=4508 HTTP/1.1" 200 7953 "-" "Mozilla/5.0 (compatible; bingbot/2.0; +http://www.bing.com/bingbot.htm)"
157.56.92.143 - - [11/Dec/2013:13:45:12 +0100] "GET /news.php?cs_go=archiv&cs_id=4616 HTTP/1.1" 200 9397 "-" "Mozilla/5.0 (compatible; bingbot/2.0; +http://www.bing.com/bingbot.htm)"
157.56.92.143 - - [11/Dec/2013:13:45:13 +0100] "GET /news.php?cs_go=archiv&cs_id=4572&cs_search= HTTP/1.1" 200 11817 "-" "Mozilla/5.0 (compatible; bingbot/2.0; +http://www.bing.com/bingbot.htm)"
157.56.92.143 - - [11/Dec/2013:13:45:13 +0100] "GET /index.php HTTP/1.1" 200 12418 "-" "Mozilla/5.0 (compatible; bingbot/2.0; +http://www.bing.com/bingbot.htm)"
157.56.92.143 - - [11/Dec/2013:13:45:14 +0100] "GET /jobs.php HTTP/1.1" 200 4965 "-" "Mozilla/5.0 (compatible; bingbot/2.0; +http://www.bing.com/bingbot.htm)"
141.8.147.12 - - [11/Dec/2013:13:57:47 +0100] "GET /news.php?cs_go=archiv&cs_id=4739&cs_search= HTTP/1.1" 200 9839 "-" "Mozilla/5.0 (compatible; YandexBot/3.0; +http://yandex.com/bots)"
5.10.83.86 - - [11/Dec/2013:13:58:43 +0100] "GET /news.php?cs_go=archiv&cs_id=4623&cs_search= HTTP/1.1" 200 12756 "-" "Mozilla/5.0 (compatible; AhrefsBot/5.0; +http://ahrefs.com/robot/)"
5.10.83.82 - - [11/Dec/2013:14:05:13 +0100] "GET /news.php?cs_go=archiv&cs_id=4627&cs_search= HTTP/1.1" 200 10706 "-" "Mozilla/5.0 (compatible; AhrefsBot/5.0; +http://ahrefs.com/robot/)"
5.10.83.38 - - [11/Dec/2013:14:19:03 +0100] "GET /lexikon.php?cs_go=2&cs_char=z HTTP/1.1" 200 5825 "-" "Mozilla/5.0 (compatible; AhrefsBot/5.0; +http://ahrefs.com/robot/)"
93.205.123.191 - - [11/Dec/2013:14:24:21 +0100] "GET / HTTP/1.1" 200 12418 "-" "Mozilla/5.0 (Windows NT 6.1; rv:25.0) Gecko/20100101 Firefox/25.0"
93.205.123.191 - - [11/Dec/2013:14:24:22 +0100] "GET /images/mail.jpg HTTP/1.1" 304 - "http://www.mink-gmbh.de/" "Mozilla/5.0 (Windows NT 6.1; rv:25.0) Gecko/20100101 Firefox/25.0"
93.205.123.191 - - [11/Dec/2013:14:24:22 +0100] "GET /images/logos.jpg?cache8832 HTTP/1.1" 200 35043 "http://www.mink-gmbh.de/" "Mozilla/5.0 (Windows NT 6.1; rv:25.0) Gecko/20100101 Firefox/25.0"
93.205.123.191 - - [11/Dec/2013:14:24:23 +0100] "GET /js_contentserver24_greybox/loader_frame.html?s=0 HTTP/1.1" 304 - "http://www.mink-gmbh.de/" "Mozilla/5.0 (Windows NT 6.1; rv:25.0) Gecko/20100101 Firefox/25.0"
93.205.123.191 - - [11/Dec/2013:14:24:53 +0100] "GET /news.php?cs_go=archiv&cs_id=4770 HTTP/1.1" 200 11527 "http://www.mink-gmbh.de/" "Mozilla/5.0 (Windows NT 6.1; rv:25.0) Gecko/20100101 Firefox/25.0"
93.205.123.191 - - [11/Dec/2013:14:24:53 +0100] "GET /images/logos.jpg HTTP/1.1" 200 35043 "http://www.mink-gmbh.de/news.php?cs_go=archiv&cs_id=4770" "Mozilla/5.0 (Windows NT 6.1; rv:25.0) Gecko/20100101 Firefox/25.0"
5.10.83.102 - - [11/Dec/2013:14:29:09 +0100] "GET /news.php?cs_go=archiv&cs_id=4547&cs_search= HTTP/1.1" 200 8652 "-" "Mozilla/5.0 (compatible; AhrefsBot/5.0; +http://ahrefs.com/robot/)"
5.10.83.30 - - [11/Dec/2013:14:43:09 +0100] "GET /news.php?cs_go=archiv&cs_id=4728&cs_search= HTTP/1.1" 200 9648 "-" "Mozilla/5.0 (compatible; AhrefsBot/5.0; +http://ahrefs.com/robot/)"
208.115.113.91 - - [11/Dec/2013:14:47:19 +0100] "GET /news.php?cs_go=archiv&cs_id=4569 HTTP/1.1" 200 7695 "-" "Mozilla/5.0 (compatible; Ezooms/1.0; help@moz.com)"
208.115.113.91 - - [11/Dec/2013:14:47:31 +0100] "GET /news.php?cs_go=archiv&cs_id=4580&cs_search= HTTP/1.1" 200 11460 "-" "Mozilla/5.0 (compatible; Ezooms/1.0; help@moz.com)"
66.249.78.46 - - [11/Dec/2013:14:50:10 +0100] "GET /robots.txt HTTP/1.1" 200 177 "-" "Mozilla/5.0 (compatible; Googlebot/2.1; +http://www.google.com/bot.html)"
66.249.66.49 - - [11/Dec/2013:14:50:10 +0100] "GET /news.php?cs_go=archiv&cs_startpos=180 HTTP/1.1" 200 20404 "-" "DoCoMo/2.0 N905i(c100;TB;W24H16) (compatible; Googlebot-Mobile/2.1; +http://www.google.com/bot.html)"
5.10.83.100 - - [11/Dec/2013:15:00:06 +0100] "GET /news.php?cs_go=archiv&cs_startpos=21 HTTP/1.1" 200 20486 "-" "Mozilla/5.0 (compatible; AhrefsBot/5.0; +http://ahrefs.com/robot/)"
5.10.83.102 - - [11/Dec/2013:15:06:29 +0100] "GET /news.php?cs_go=archiv&cs_id=4625&cs_search= HTTP/1.1" 200 7664 "-" "Mozilla/5.0 (compatible; AhrefsBot/5.0; +http://ahrefs.com/robot/)"
5.10.83.10 - - [11/Dec/2013:15:06:39 +0100] "GET /news.php?cs_go=archiv&cs_id=4700&cs_search= HTTP/1.1" 200 11170 "-" "Mozilla/5.0 (compatible; AhrefsBot/5.0; +http://ahrefs.com/robot/)"
5.10.83.10 - - [11/Dec/2013:15:12:34 +0100] "GET /news.php?cs_go=archiv&cs_id=4694&cs_search= HTTP/1.1" 200 7764 "-" "Mozilla/5.0 (compatible; AhrefsBot/5.0; +http://ahrefs.com/robot/)"
66.249.78.46 - - [11/Dec/2013:15:22:45 +0100] "GET /images/logos.jpg?cache7124 HTTP/1.1" 200 35043 "-" "Googlebot-Image/1.0"
66.249.78.46 - - [11/Dec/2013:15:24:13 +0100] "GET /news.php?cs_go=archiv&cs_id=4312 HTTP/1.1" 200 11498 "-" "Mozilla/5.0 (compatible; Googlebot/2.1; +http://www.google.com/bot.html)"
66.249.78.46 - - [11/Dec/2013:15:29:15 +0100] "GET /style.css HTTP/1.1" 200 8402 "-" "Mozilla/5.0 (compatible; Googlebot/2.1; +http://www.google.com/bot.html)"
5.10.83.100 - - [11/Dec/2013:15:41:35 +0100] "GET /lexikon.php?cs_go=3&cs_id=3 HTTP/1.1" 200 6049 "-" "Mozilla/5.0 (compatible; AhrefsBot/5.0; +http://ahrefs.com/robot/)"
66.249.66.49 - - [11/Dec/2013:15:54:37 +0100] "GET /preisanfrage.php HTTP/1.1" 200 8502 "-" "DoCoMo/2.0 N905i(c100;TB;W24H16) (compatible; Googlebot-Mobile/2.1; +http://www.google.com/bot.html)"
5.10.83.38 - - [11/Dec/2013:15:54:56 +0100] "GET /.php HTTP/1.1" 404 - "-" "Mozilla/5.0 (compatible; AhrefsBot/5.0; +http://ahrefs.com/robot/)"
157.56.92.143 - - [11/Dec/2013:16:01:46 +0100] "GET /robots.txt HTTP/1.1" 200 177 "-" "Mozilla/5.0 (compatible; bingbot/2.0; +http://www.bing.com/bingbot.htm)"
5.10.83.30 - - [11/Dec/2013:16:01:00 +0100] "GET /news.php?cs_go=archiv&cs_id=4686&cs_search= HTTP/1.1" 200 7513 "-" "Mozilla/5.0 (compatible; AhrefsBot/5.0; +http://ahrefs.com/robot/)"
157.56.92.143 - - [11/Dec/2013:16:05:14 +0100] "GET /jobs.php HTTP/1.1" 200 4965 "-" "Mozilla/5.0 (compatible; bingbot/2.0; +http://www.bing.com/bingbot.htm)"
5.10.83.30 - - [11/Dec/2013:16:06:11 +0100] "GET /lexikon.php?cs_go=2&cs_char=s HTTP/1.1" 200 7632 "-" "Mozilla/5.0 (compatible; AhrefsBot/5.0; +http://ahrefs.com/robot/)"
5.10.83.74 - - [11/Dec/2013:16:08:40 +0100] "GET /lexikon.php?cs_go=2&cs_char=c HTTP/1.1" 200 6400 "-" "Mozilla/5.0 (compatible; AhrefsBot/5.0; +http://ahrefs.com/robot/)"
141.8.147.12 - - [11/Dec/2013:16:12:31 +0100] "GET /news.php?cs_go=archiv&cs_id=4740&cs_search= HTTP/1.1" 200 7550 "-" "Mozilla/5.0 (compatible; YandexBot/3.0; +http://yandex.com/bots)"
59.58.158.173 - - [11/Dec/2013:16:13:06 +0100] "GET /news.php?cs_go=archiv&cs_id=4112&cs_search= HTTP/1.0" 200 9435 "http://www.mink-gmbh.de/news.php?cs_go=archiv&cs_id=4112&cs_search=" "Mozilla/5.0 (Windows NT 6.1; rv:9.0.1) Gecko/20100101 Firefox/9.0.1"
157.55.35.41 - - [11/Dec/2013:16:33:34 +0100] "GET /rueckrufservice.php HTTP/1.1" 200 8300 "-" "Mozilla/5.0 (compatible; bingbot/2.0; +http://www.bing.com/bingbot.htm)"
5.10.83.100 - - [11/Dec/2013:16:42:25 +0100] "GET /news.php?cs_go=archiv&cs_id=4737 HTTP/1.1" 200 7515 "-" "Mozilla/5.0 (compatible; AhrefsBot/5.0; +http://ahrefs.com/robot/)"
5.10.83.66 - - [11/Dec/2013:16:43:26 +0100] "GET /news.php?cs_go=archiv&cs_id=4661&cs_search= HTTP/1.1" 200 8654 "-" "Mozilla/5.0 (compatible; AhrefsBot/5.0; +http://ahrefs.com/robot/)"
5.10.83.73 - - [11/Dec/2013:16:43:43 +0100] "GET /lexikon.php?cs_go=2&cs_char=p HTTP/1.1" 200 6730 "-" "Mozilla/5.0 (compatible; AhrefsBot/5.0; +http://ahrefs.com/robot/)"
157.55.33.84 - - [11/Dec/2013:16:43:48 +0100] "GET / HTTP/1.1" 200 12418 "-" "Mozilla/5.0 (compatible; bingbot/2.0; +http://www.bing.com/bingbot.htm)"
208.115.113.91 - - [11/Dec/2013:16:46:49 +0100] "GET /robots.txt HTTP/1.1" 200 177 "-" "Mozilla/5.0 (compatible; Ezooms/1.0; help@moz.com)"
5.10.83.73 - - [11/Dec/2013:16:59:37 +0100] "GET /news.php?cs_go=archiv&cs_id=4562&cs_search= HTTP/1.1" 200 11648 "-" "Mozilla/5.0 (compatible; AhrefsBot/5.0; +http://ahrefs.com/robot/)"
207.241.237.205 - - [11/Dec/2013:17:07:12 +0100] "GET /robots.txt HTTP/1.0" 200 177 "-" "Mozilla/5.0 (compatible; archive.org_bot +http://www.archive.org/details/archive.org_bot)"
207.241.237.205 - - [11/Dec/2013:17:07:15 +0100] "GET /images/team-energie.png HTTP/1.0" 200 17383 "http://www.mink-gmbh.de/" "Mozilla/5.0 (compatible; archive.org_bot +http://www.archive.org/details/archive.org_bot)"
207.241.237.209 - - [11/Dec/2013:17:09:31 +0100] "GET /robots.txt HTTP/1.0" 200 177 "-" "Mozilla/5.0 (compatible; archive.org_bot +http://www.archive.org/details/archive.org_bot)"
207.241.237.209 - - [11/Dec/2013:17:09:35 +0100] "GET /favicon.ico HTTP/1.0" 200 3638 "http://www.mink-gmbh.de/robots.txt" "Mozilla/5.0 (compatible; archive.org_bot +http://www.archive.org/details/archive.org_bot)"
207.241.237.105 - - [11/Dec/2013:17:15:17 +0100] "GET /robots.txt HTTP/1.0" 200 177 "-" "Mozilla/5.0 (compatible; archive.org_bot +http://www.archive.org/details/archive.org_bot)"
207.241.237.105 - - [11/Dec/2013:17:15:20 +0100] "GET /images/freecall.jpg HTTP/1.0" 200 39195 "http://www.mink-gmbh.de/" "Mozilla/5.0 (compatible; archive.org_bot +http://www.archive.org/details/archive.org_bot)"
207.241.237.209 - - [11/Dec/2013:17:16:07 +0100] "GET /images/kwk.gif HTTP/1.0" 200 6403 "http://www.mink-gmbh.de/" "Mozilla/5.0 (compatible; archive.org_bot +http://www.archive.org/details/archive.org_bot)"
5.10.83.30 - - [11/Dec/2013:17:19:59 +0100] "GET /lexikon.php?cs_go=3&cs_id=119 HTTP/1.1" 200 5706 "-" "Mozilla/5.0 (compatible; AhrefsBot/5.0; +http://ahrefs.com/robot/)"
5.10.83.30 - - [11/Dec/2013:17:26:48 +0100] "GET /news.php?cs_go=archiv&cs_startpos=150 HTTP/1.1" 200 20636 "-" "Mozilla/5.0 (compatible; AhrefsBot/5.0; +http://ahrefs.com/robot/)"
5.10.83.74 - - [11/Dec/2013:17:27:27 +0100] "GET /news.php?cs_go=archiv&cs_id=4560&cs_search= HTTP/1.1" 200 9041 "-" "Mozilla/5.0 (compatible; AhrefsBot/5.0; +http://ahrefs.com/robot/)"
5.10.83.73 - - [11/Dec/2013:17:32:23 +0100] "GET /news.php?cs_go=archiv&cs_id=4609&cs_search= HTTP/1.1" 200 13895 "-" "Mozilla/5.0 (compatible; AhrefsBot/5.0; +http://ahrefs.com/robot/)"
5.10.83.38 - - [11/Dec/2013:17:35:11 +0100] "GET /news.php?cs_go=archiv&cs_id=4604&cs_search= HTTP/1.1" 200 8762 "-" "Mozilla/5.0 (compatible; AhrefsBot/5.0; +http://ahrefs.com/robot/)"
207.241.237.207 - - [11/Dec/2013:17:37:06 +0100] "GET /robots.txt HTTP/1.0" 200 177 "-" "Mozilla/5.0 (compatible; archive.org_bot +http://www.archive.org/details/archive.org_bot)"
207.241.237.207 - - [11/Dec/2013:17:37:10 +0100] "GET /images/logos.jpg HTTP/1.0" 200 35043 "http://www.mink-gmbh.de/" "Mozilla/5.0 (compatible; archive.org_bot +http://www.archive.org/details/archive.org_bot)"
207.241.237.101 - - [11/Dec/2013:17:38:31 +0100] "GET /robots.txt HTTP/1.0" 200 177 "-" "Mozilla/5.0 (compatible; archive.org_bot +http://www.archive.org/details/archive.org_bot)"
207.241.237.101 - - [11/Dec/2013:17:38:35 +0100] "GET /modul.css HTTP/1.0" 200 35038 "http://www.mink-gmbh.de/" "Mozilla/5.0 (compatible; archive.org_bot +http://www.archive.org/details/archive.org_bot)"
207.241.237.206 - - [11/Dec/2013:17:39:44 +0100] "GET /robots.txt HTTP/1.0" 200 177 "-" "Mozilla/5.0 (compatible; archive.org_bot +http://www.archive.org/details/archive.org_bot)"
207.241.237.206 - - [11/Dec/2013:17:39:47 +0100] "GET /js_contentserver24_greybox/AJS_fx.js HTTP/1.0" 200 3192 "http://www.mink-gmbh.de/" "Mozilla/5.0 (compatible; archive.org_bot +http://www.archive.org/details/archive.org_bot)"
5.10.83.86 - - [11/Dec/2013:17:40:23 +0100] "GET /news.php?cs_go=archiv&cs_id=4473&cs_search= HTTP/1.1" 200 7935 "-" "Mozilla/5.0 (compatible; AhrefsBot/5.0; +http://ahrefs.com/robot/)"
207.241.237.102 - - [11/Dec/2013:17:41:03 +0100] "GET /robots.txt HTTP/1.0" 200 177 "-" "Mozilla/5.0 (compatible; archive.org_bot +http://www.archive.org/details/archive.org_bot)"
207.241.237.102 - - [11/Dec/2013:17:41:08 +0100] "GET /images/tkw.jpg HTTP/1.0" 200 64031 "http://www.mink-gmbh.de/" "Mozilla/5.0 (compatible; archive.org_bot +http://www.archive.org/details/archive.org_bot)"
207.241.237.104 - - [11/Dec/2013:17:41:18 +0100] "GET /robots.txt HTTP/1.0" 200 177 "-" "Mozilla/5.0 (compatible; archive.org_bot +http://www.archive.org/details/archive.org_bot)"
207.241.237.104 - - [11/Dec/2013:17:41:23 +0100] "GET /js_contentserver24_greybox/gb_styles.css HTTP/1.0" 200 2302 "http://www.mink-gmbh.de/" "Mozilla/5.0 (compatible; archive.org_bot +http://www.archive.org/details/archive.org_bot)"
207.241.237.104 - - [11/Dec/2013:17:43:17 +0100] "GET /images/wunschpreis.jpg HTTP/1.0" 200 16767 "http://www.mink-gmbh.de/" "Mozilla/5.0 (compatible; archive.org_bot +http://www.archive.org/details/archive.org_bot)"
207.241.237.205 - - [11/Dec/2013:17:43:54 +0100] "GET /images/mail.jpg HTTP/1.0" 200 12099 "http://www.mink-gmbh.de/" "Mozilla/5.0 (compatible; archive.org_bot +http://www.archive.org/details/archive.org_bot)"
207.241.237.209 - - [11/Dec/2013:17:48:48 +0100] "GET /js_contentserver24_greybox/AJS.js HTTP/1.0" 200 10396 "http://www.mink-gmbh.de/" "Mozilla/5.0 (compatible; archive.org_bot +http://www.archive.org/details/archive.org_bot)"
207.241.237.206 - - [11/Dec/2013:17:50:15 +0100] "GET /images/close.png HTTP/1.0" 200 703 "http://www.mink-gmbh.de/" "Mozilla/5.0 (compatible; archive.org_bot +http://www.archive.org/details/archive.org_bot)"
207.241.237.107 - - [11/Dec/2013:17:57:00 +0100] "GET /robots.txt HTTP/1.0" 200 177 "-" "Mozilla/5.0 (compatible; archive.org_bot +http://www.archive.org/details/archive.org_bot)"
207.241.237.107 - - [11/Dec/2013:17:57:04 +0100] "GET /images/newsletter_bg.jpg HTTP/1.0" 200 33610 "http://www.mink-gmbh.de/" "Mozilla/5.0 (compatible; archive.org_bot +http://www.archive.org/details/archive.org_bot)"
207.241.237.101 - - [11/Dec/2013:17:57:22 +0100] "GET /js_contentserver24_greybox/gb_scripts.js HTTP/1.0" 200 11913 "http://www.mink-gmbh.de/" "Mozilla/5.0 (compatible; archive.org_bot +http://www.archive.org/details/archive.org_bot)"
157.56.93.103 - - [11/Dec/2013:17:59:35 +0100] "GET /robots.txt HTTP/1.1" 200 177 "-" "Mozilla/5.0 (compatible; bingbot/2.0; +http://www.bing.com/bingbot.htm)"
207.241.237.104 - - [11/Dec/2013:18:00:01 +0100] "GET /style.css HTTP/1.0" 200 8402 "http://www.mink-gmbh.de/" "Mozilla/5.0 (compatible; archive.org_bot +http://www.archive.org/details/archive.org_bot)"
157.56.93.103 - - [11/Dec/2013:18:13:42 +0100] "GET /impressum.php HTTP/1.1" 200 6306 "-" "Mozilla/5.0 (compatible; bingbot/2.0; +http://www.bing.com/bingbot.htm)"
157.56.93.103 - - [11/Dec/2013:18:14:53 +0100] "GET /modul.css HTTP/1.1" 200 35038 "-" "Mozilla/5.0 (compatible; bingbot/2.0; +http://www.bing.com/bingbot.htm)"
157.55.35.33 - - [11/Dec/2013:18:15:39 +0100] "GET /schwefelarmstandard.php HTTP/1.1" 200 10730 "-" "Mozilla/5.0 (compatible; bingbot/2.0; +http://www.bing.com/bingbot.htm)"
157.56.93.103 - - [11/Dec/2013:18:18:54 +0100] "GET /images/kwk.gif HTTP/1.1" 200 6403 "-" "Mozilla/5.0 (compatible; bingbot/2.0; +http://www.bing.com/bingbot.htm)"
141.8.147.12 - - [11/Dec/2013:18:22:58 +0100] "GET /news.php?cs_go=archiv&cs_id=4737&cs_search= HTTP/1.1" 200 7515 "-" "Mozilla/5.0 (compatible; YandexBot/3.0; +http://yandex.com/bots)"
157.55.35.33 - - [11/Dec/2013:18:26:14 +0100] "GET /images/wunschpreis.jpg HTTP/1.1" 200 16767 "-" "Mozilla/5.0 (compatible; bingbot/2.0; +http://www.bing.com/bingbot.htm)"
66.249.78.46 - - [11/Dec/2013:18:33:23 +0100] "GET /news.php?cs_go=archiv&cs_id=4448 HTTP/1.1" 200 8734 "-" "Mozilla/5.0 (compatible; Googlebot/2.1; +http://www.google.com/bot.html)"
157.56.92.143 - - [11/Dec/2013:18:35:57 +0100] "GET /images/logos.jpg HTTP/1.1" 200 35043 "-" "Mozilla/5.0 (compatible; bingbot/2.0; +http://www.bing.com/bingbot.htm)"
66.249.78.46 - - [11/Dec/2013:18:41:08 +0100] "GET /modul.css HTTP/1.1" 200 35038 "-" "Mozilla/5.0 (compatible; Googlebot/2.1; +http://www.google.com/bot.html)"
208.115.113.91 - - [11/Dec/2013:18:44:06 +0100] "GET /news.php?cs_go=archiv&cs_id=4640&cs_search= HTTP/1.1" 200 11760 "-" "Mozilla/5.0 (compatible; Ezooms/1.0; help@moz.com)"
117.78.13.17 - - [11/Dec/2013:18:44:08 +0100] "GET /robots.txt HTTP/1.0" 200 177 "-" "nutch-1.4/Nutch-1.4"
117.78.13.17 - - [11/Dec/2013:18:44:09 +0100] "GET / HTTP/1.0" 200 12418 "-" "nutch-1.4/Nutch-1.4"
157.56.93.103 - - [11/Dec/2013:18:52:34 +0100] "GET /style.css HTTP/1.1" 200 8402 "-" "Mozilla/5.0 (compatible; bingbot/2.0; +http://www.bing.com/bingbot.htm)"
157.56.93.103 - - [11/Dec/2013:18:52:34 +0100] "GET /style.css HTTP/1.1" 200 8402 "-" "Mozilla/5.0 (compatible; bingbot/2.0; +http://www.bing.com/bingbot.htm)"
157.56.92.177 - - [11/Dec/2013:18:57:52 +0100] "GET /lexikon.php HTTP/1.1" 200 8115 "-" "Mozilla/5.0 (compatible; bingbot/2.0; +http://www.bing.com/bingbot.htm)"
141.8.147.12 - - [11/Dec/2013:19:01:32 +0100] "GET /index.php HTTP/1.1" 200 12418 "-" "Mozilla/5.0 (compatible; YandexBot/3.0; +http://yandex.com/bots)"
141.8.147.12 - - [11/Dec/2013:19:01:35 +0100] "GET / HTTP/1.1" 200 12418 "-" "Mozilla/5.0 (compatible; YandexBot/3.0; +http://yandex.com/bots)"
141.8.147.12 - - [11/Dec/2013:19:01:38 +0100] "GET /index.php HTTP/1.1" 200 12418 "-" "Mozilla/5.0 (compatible; YandexBot/3.0; +http://yandex.com/bots)"
141.8.147.12 - - [11/Dec/2013:19:01:41 +0100] "GET / HTTP/1.1" 200 12418 "-" "Mozilla/5.0 (compatible; YandexBot/3.0; +http://yandex.com/bots)"
199.30.24.51 - - [11/Dec/2013:19:17:14 +0100] "GET /images/bg.png HTTP/1.1" 200 922 "http://www.mink-gmbh.de/schwefelarmstandard.php" "Mozilla/5.0 (Windows NT 6.1; WOW64) AppleWebKit/534+ (KHTML, like Gecko) BingPreview/1.0b"
199.30.24.51 - - [11/Dec/2013:19:17:14 +0100] "GET /images/newsletter.png HTTP/1.1" 200 14619 "http://www.mink-gmbh.de/schwefelarmstandard.php" "Mozilla/5.0 (Windows NT 6.1; WOW64) AppleWebKit/534+ (KHTML, like Gecko) BingPreview/1.0b"
199.30.24.51 - - [11/Dec/2013:19:17:14 +0100] "GET /images/wrapperbg.jpg HTTP/1.1" 200 27465 "http://www.mink-gmbh.de/schwefelarmstandard.php" "Mozilla/5.0 (Windows NT 6.1; WOW64) AppleWebKit/534+ (KHTML, like Gecko) BingPreview/1.0b"
199.30.24.51 - - [11/Dec/2013:19:17:14 +0100] "GET /images/header.jpg HTTP/1.1" 200 25189 "http://www.mink-gmbh.de/schwefelarmstandard.php" "Mozilla/5.0 (Windows NT 6.1; WOW64) AppleWebKit/534+ (KHTML, like Gecko) BingPreview/1.0b"
199.30.24.51 - - [11/Dec/2013:19:17:15 +0100] "GET /images/navibg.png HTTP/1.1" 200 2803 "http://www.mink-gmbh.de/schwefelarmstandard.php" "Mozilla/5.0 (Windows NT 6.1; WOW64) AppleWebKit/534+ (KHTML, like Gecko) BingPreview/1.0b"
199.30.24.51 - - [11/Dec/2013:19:17:17 +0100] "GET /images/freecall.jpg HTTP/1.1" 200 39195 "http://www.mink-gmbh.de/schwefelarmstandard.php" "Mozilla/5.0 (Windows NT 6.1; WOW64) AppleWebKit/534+ (KHTML, like Gecko) BingPreview/1.0b"
199.30.24.51 - - [11/Dec/2013:19:17:21 +0100] "GET /images/footerbg.jpg HTTP/1.1" 200 2184 "http://www.mink-gmbh.de/schwefelarmstandard.php" "Mozilla/5.0 (Windows NT 6.1; WOW64) AppleWebKit/534+ (KHTML, like Gecko) BingPreview/1.0b"
157.55.35.33 - - [11/Dec/2013:19:25:34 +0100] "GET /images/freecall.jpg HTTP/1.1" 200 39195 "-" "Mozilla/5.0 (compatible; bingbot/2.0; +http://www.bing.com/bingbot.htm)"
66.249.78.46 - - [11/Dec/2013:19:37:49 +0100] "GET /news.php?cs_go=archiv&cs_id=4429 HTTP/1.1" 200 7497 "-" "Mozilla/5.0 (compatible; Googlebot/2.1; +http://www.google.com/bot.html)"
65.36.241.79 - - [11/Dec/2013:19:44:45 +0100] "HEAD / HTTP/1.1" 200 - "-" "InternetSeer.com"
220.181.108.96 - - [11/Dec/2013:19:54:55 +0100] "GET / HTTP/1.1" 200 8904 "-" "Mozilla/5.0 (compatible; Baiduspider/2.0; +http://www.baidu.com/search/spider.html)"
123.125.71.56 - - [11/Dec/2013:20:07:08 +0100] "GET / HTTP/1.1" 200 8904 "-" "Mozilla/5.0 (compatible; Baiduspider/2.0; +http://www.baidu.com/search/spider.html)"
141.8.147.12 - - [11/Dec/2013:20:12:27 +0100] "GET /images/RAL_Guetezeichen_Energiehandel.pdf HTTP/1.1" 200 288367 "-" "Mozilla/5.0 (compatible; YandexBot/3.0; +http://yandex.com/bots)"
66.249.78.46 - - [11/Dec/2013:20:19:27 +0100] "GET /news.php HTTP/1.1" 200 19830 "-" "Mozilla/5.0 (iPhone; CPU iPhone OS 6_0 like Mac OS X) AppleWebKit/536.26 (KHTML, like Gecko) Version/6.0 Mobile/10A5376e Safari/8536.25 (compatible; Googlebot-Mobile/2.1; +http://www.google.com/bot.html)"
66.249.78.46 - - [11/Dec/2013:20:38:28 +0100] "GET /news.php?cs_go=archiv&cs_id=4598 HTTP/1.1" 200 11809 "-" "Mozilla/5.0 (compatible; Googlebot/2.1; +http://www.google.com/bot.html)"
66.249.78.46 - - [11/Dec/2013:20:45:22 +0100] "GET /news.php?cs_go=archiv&cs_id=4598&cs_search= HTTP/1.1" 200 11809 "-" "Mozilla/5.0 (compatible; Googlebot/2.1; +http://www.google.com/bot.html)"
66.249.78.46 - - [11/Dec/2013:20:46:03 +0100] "GET /news.php?cs_go=archiv&cs_id=4529&cs_search= HTTP/1.1" 200 16549 "-" "Mozilla/5.0 (compatible; Googlebot/2.1; +http://www.google.com/bot.html)"
208.115.113.91 - - [11/Dec/2013:20:50:09 +0100] "GET /robots.txt HTTP/1.1" 200 177 "-" "Mozilla/5.0 (compatible; Ezooms/1.0; help@moz.com)"
141.8.147.12 - - [11/Dec/2013:20:52:40 +0100] "GET /robots.txt HTTP/1.1" 200 177 "-" "Mozilla/5.0 (compatible; YandexBot/3.0; +http://yandex.com/bots)"
66.249.78.46 - - [11/Dec/2013:21:31:32 +0100] "GET /news.php?cs_go=archiv&cs_id=4235 HTTP/1.1" 200 9120 "-" "Mozilla/5.0 (compatible; Googlebot/2.1; +http://www.google.com/bot.html)"
66.249.78.46 - - [11/Dec/2013:21:35:19 +0100] "GET /news.php?cs_go=archiv&cs_id=4531 HTTP/1.1" 200 13921 "-" "Mozilla/5.0 (compatible; Googlebot/2.1; +http://www.google.com/bot.html)"
217.172.189.42 - - [11/Dec/2013:21:48:55 +0100] "GET /robots.txt HTTP/1.1" 304 - "-" "Mozilla/5.0 (compatible; waybackarchive.org/1.0; +spider@waybackarchive.org)"
66.249.78.46 - - [11/Dec/2013:22:06:11 +0100] "GET /news.php?cs_go=archiv&cs_id=4497 HTTP/1.1" 200 9403 "-" "Mozilla/5.0 (iPhone; CPU iPhone OS 6_0 like Mac OS X) AppleWebKit/536.26 (KHTML, like Gecko) Version/6.0 Mobile/10A5376e Safari/8536.25 (compatible; Googlebot-Mobile/2.1; +http://www.google.com/bot.html)"
66.249.78.46 - - [11/Dec/2013:22:21:27 +0100] "GET /news.php?cs_go=archiv&cs_id=4764 HTTP/1.1" 200 11663 "-" "Mozilla/5.0 (iPhone; CPU iPhone OS 6_0 like Mac OS X) AppleWebKit/536.26 (KHTML, like Gecko) Version/6.0 Mobile/10A5376e Safari/8536.25 (compatible; Googlebot-Mobile/2.1; +http://www.google.com/bot.html)"
5.199.136.130 - - [11/Dec/2013:22:39:12 +0100] "GET /robots.txt HTTP/1.1" 200 177 "-" "Mozilla/5.0 (compatible; waybackarchive.org/1.0; +spider@waybackarchive.org)"
5.199.136.130 - - [11/Dec/2013:22:39:12 +0100] "GET /content/encyclopedia/images/1_023.jpg HTTP/1.1" 404 - "-" "Mozilla/5.0 (compatible; waybackarchive.org/1.0; +spider@waybackarchive.org)"
