141.8.147.12 - - [15/Dec/2013:03:40:44 +0100] "GET /news.php?cs_go=archiv&cs_id=4762&cs_search= HTTP/1.1" 200 11485 "-" "Mozilla/5.0 (compatible; YandexBot/3.0; +http://yandex.com/bots)"
66.249.78.46 - - [15/Dec/2013:03:42:03 +0100] "GET /images/logos.jpg HTTP/1.1" 304 - "-" "Googlebot-Image/1.0"
141.8.147.12 - - [15/Dec/2013:03:50:54 +0100] "GET /news.php?cs_go=archiv&cs_id=4739&cs_search= HTTP/1.1" 200 9839 "-" "Mozilla/5.0 (compatible; YandexBot/3.0; +http://yandex.com/bots)"
66.249.78.46 - - [15/Dec/2013:03:52:12 +0100] "GET /lexikon.php?cs_go=3&cs_id=231 HTTP/1.1" 200 5935 "-" "Mozilla/5.0 (compatible; Googlebot/2.1; +http://www.google.com/bot.html)"
66.249.78.46 - - [15/Dec/2013:04:08:28 +0100] "GET / HTTP/1.1" 200 12376 "-" "Mozilla/5.0 (iPhone; CPU iPhone OS 6_0 like Mac OS X) AppleWebKit/536.26 (KHTML, like Gecko) Version/6.0 Mobile/10A5376e Safari/8536.25 (compatible; Googlebot-Mobile/2.1; +http://www.google.com/bot.html)"
157.55.33.182 - - [15/Dec/2013:04:13:32 +0100] "GET / HTTP/1.1" 200 12376 "-" "Mozilla/5.0 (compatible; bingbot/2.0; +http://www.bing.com/bingbot.htm)"
66.249.78.46 - - [15/Dec/2013:04:16:09 +0100] "GET /js_contentserver24_greybox/gb_styles.css HTTP/1.1" 200 2302 "-" "Mozilla/5.0 (compatible; Googlebot/2.1; +http://www.google.com/bot.html)"
141.8.147.12 - - [15/Dec/2013:04:16:45 +0100] "GET /news.php?cs_go=archiv&cs_id=4734&cs_search= HTTP/1.1" 200 7777 "-" "Mozilla/5.0 (compatible; YandexBot/3.0; +http://yandex.com/bots)"
66.249.78.46 - - [15/Dec/2013:04:19:49 +0100] "GET /news.php?cs_go=archiv&cs_id=4041 HTTP/1.1" 200 10711 "-" "SAMSUNG-SGH-E250/1.0 Profile/MIDP-2.0 Configuration/CLDC-1.1 UP.Browser/6.2.3.3.c.1.101 (GUI) MMP/2.0 (compatible; Googlebot-Mobile/2.1; +http://www.google.com/bot.html)"
208.115.111.75 - - [15/Dec/2013:04:39:50 +0100] "GET /news.php?cs_go=archiv&cs_startpos=80 HTTP/1.1" 200 20437 "-" "Mozilla/5.0 (compatible; Ezooms/1.0; help@moz.com)"
208.115.111.75 - - [15/Dec/2013:04:39:54 +0100] "GET /impressum.php HTTP/1.1" 200 6306 "-" "Mozilla/5.0 (compatible; Ezooms/1.0; help@moz.com)"
66.249.75.49 - - [15/Dec/2013:05:05:30 +0100] "GET /rueckrufservice.php HTTP/1.1" 200 8300 "-" "DoCoMo/2.0 N905i(c100;TB;W24H16) (compatible; Googlebot-Mobile/2.1; +http://www.google.com/bot.html)"
157.55.32.59 - - [15/Dec/2013:05:20:45 +0100] "GET / HTTP/1.1" 200 12376 "-" "Mozilla/5.0 (compatible; bingbot/2.0; +http://www.bing.com/bingbot.htm)"
141.8.147.12 - - [15/Dec/2013:05:27:05 +0100] "GET /news.php?cs_go=archiv&cs_id=4738&cs_search= HTTP/1.1" 200 11728 "-" "Mozilla/5.0 (compatible; YandexBot/3.0; +http://yandex.com/bots)"
66.249.78.46 - - [15/Dec/2013:05:35:01 +0100] "GET /news.php HTTP/1.1" 200 19847 "-" "Mozilla/5.0 (iPhone; CPU iPhone OS 6_0 like Mac OS X) AppleWebKit/536.26 (KHTML, like Gecko) Version/6.0 Mobile/10A5376e Safari/8536.25 (compatible; Googlebot-Mobile/2.1; +http://www.google.com/bot.html)"
27.150.222.133 - - [15/Dec/2013:05:37:04 +0100] "GET /news.php?cs_go=archiv&cs_id=4112&cs_search= HTTP/1.0" 200 9435 "http://www.mink-gmbh.de/news.php?cs_go=archiv&cs_id=4112&cs_search=" "Mozilla/5.0 (Windows NT 6.1; rv:10.0.2) Gecko/20100101 Firefox/10.0.2"
141.8.147.12 - - [15/Dec/2013:05:50:49 +0100] "GET /news.php?cs_go=archiv&cs_id=4706&cs_search= HTTP/1.1" 200 10955 "-" "Mozilla/5.0 (compatible; YandexBot/3.0; +http://yandex.com/bots)"
141.8.147.12 - - [15/Dec/2013:06:14:34 +0100] "GET /news.php?cs_go=archiv&cs_id=4763&cs_search= HTTP/1.1" 200 7481 "-" "Mozilla/5.0 (compatible; YandexBot/3.0; +http://yandex.com/bots)"
141.8.147.12 - - [15/Dec/2013:06:16:53 +0100] "GET / HTTP/1.1" 200 12376 "-" "Mozilla/5.0 (compatible; YandexBot/3.0; +http://yandex.com/bots)"
141.8.147.12 - - [15/Dec/2013:06:16:56 +0100] "GET /news.php?cs_go=archiv&cs_id=4770 HTTP/1.1" 200 11527 "-" "Mozilla/5.0 (compatible; YandexBot/3.0; +http://yandex.com/bots)"
141.8.147.12 - - [15/Dec/2013:06:16:58 +0100] "GET /news.php?cs_go=archiv&cs_id=4769 HTTP/1.1" 200 7668 "-" "Mozilla/5.0 (compatible; YandexBot/3.0; +http://yandex.com/bots)"
141.8.147.12 - - [15/Dec/2013:06:17:00 +0100] "GET /news.php?cs_go=archiv&cs_id=4746 HTTP/1.1" 200 7720 "-" "Mozilla/5.0 (compatible; YandexBot/3.0; +http://yandex.com/bots)"
141.8.147.12 - - [15/Dec/2013:06:17:03 +0100] "GET /news.php HTTP/1.1" 200 19847 "-" "Mozilla/5.0 (compatible; YandexBot/3.0; +http://yandex.com/bots)"
141.8.147.12 - - [15/Dec/2013:06:17:05 +0100] "GET /index.php HTTP/1.1" 200 12376 "-" "Mozilla/5.0 (compatible; YandexBot/3.0; +http://yandex.com/bots)"
141.8.147.12 - - [15/Dec/2013:06:17:08 +0100] "GET /index.php HTTP/1.1" 200 12376 "-" "Mozilla/5.0 (compatible; YandexBot/3.0; +http://yandex.com/bots)"
141.8.147.12 - - [15/Dec/2013:06:17:11 +0100] "GET / HTTP/1.1" 200 12376 "-" "Mozilla/5.0 (compatible; YandexBot/3.0; +http://yandex.com/bots)"
141.8.147.12 - - [15/Dec/2013:06:17:14 +0100] "GET /index.php HTTP/1.1" 200 12376 "-" "Mozilla/5.0 (compatible; YandexBot/3.0; +http://yandex.com/bots)"
141.8.147.12 - - [15/Dec/2013:06:17:17 +0100] "GET / HTTP/1.1" 200 12376 "-" "Mozilla/5.0 (compatible; YandexBot/3.0; +http://yandex.com/bots)"
157.55.33.182 - - [15/Dec/2013:06:41:58 +0100] "GET / HTTP/1.1" 200 12376 "-" "Mozilla/5.0 (compatible; bingbot/2.0; +http://www.bing.com/bingbot.htm)"
208.115.111.75 - - [15/Dec/2013:06:50:00 +0100] "GET /robots.txt HTTP/1.1" 200 177 "-" "Mozilla/5.0 (compatible; Ezooms/1.0; help@moz.com)"
66.249.78.46 - - [15/Dec/2013:07:13:47 +0100] "GET /news.php?cs_go=archiv&cs_id=4456 HTTP/1.1" 200 11740 "-" "Mozilla/5.0 (iPhone; CPU iPhone OS 6_0 like Mac OS X) AppleWebKit/536.26 (KHTML, like Gecko) Version/6.0 Mobile/10A5376e Safari/8536.25 (compatible; Googlebot-Mobile/2.1; +http://www.google.com/bot.html)"
157.55.33.40 - - [15/Dec/2013:08:13:23 +0100] "GET /robots.txt HTTP/1.1" 200 177 "-" "Mozilla/5.0 (compatible; bingbot/2.0; +http://www.bing.com/bingbot.htm)"
157.55.33.40 - - [15/Dec/2013:08:15:16 +0100] "GET /news.php HTTP/1.1" 200 19847 "-" "Mozilla/5.0 (compatible; bingbot/2.0; +http://www.bing.com/bingbot.htm)"
65.36.241.79 - - [15/Dec/2013:08:17:09 +0100] "HEAD / HTTP/1.1" 200 - "-" "InternetSeer.com"
66.249.78.46 - - [15/Dec/2013:08:40:07 +0100] "GET /news.php?cs_go=archiv&cs_id=4773 HTTP/1.1" 200 11615 "-" "Mozilla/5.0 (iPhone; CPU iPhone OS 6_0 like Mac OS X) AppleWebKit/536.26 (KHTML, like Gecko) Version/6.0 Mobile/10A5376e Safari/8536.25 (compatible; Googlebot-Mobile/2.1; +http://www.google.com/bot.html)"
208.115.111.75 - - [15/Dec/2013:08:41:26 +0100] "GET /news.php?cs_go=archiv&cs_id=4558&cs_search= HTTP/1.1" 200 11595 "-" "Mozilla/5.0 (compatible; Ezooms/1.0; help@moz.com)"
157.55.33.182 - - [15/Dec/2013:09:05:06 +0100] "GET /robots.txt HTTP/1.1" 200 177 "-" "Mozilla/5.0 (compatible; bingbot/2.0; +http://www.bing.com/bingbot.htm)"
157.55.33.182 - - [15/Dec/2013:09:27:25 +0100] "GET /news.php?cs_go=archiv&cs_id=3446 HTTP/1.1" 200 7475 "-" "Mozilla/5.0 (compatible; bingbot/2.0; +http://www.bing.com/bingbot.htm)"
157.55.32.189 - - [15/Dec/2013:09:58:39 +0100] "GET /robots.txt HTTP/1.1" 200 177 "-" "Mozilla/5.0 (compatible; bingbot/2.0; +http://www.bing.com/bingbot.htm)"
157.55.32.189 - - [15/Dec/2013:10:07:11 +0100] "GET /images/RAL_Guetezeichen_Energiehandel.pdf HTTP/1.1" 200 288367 "-" "Mozilla/5.0 (compatible; bingbot/2.0; +http://www.bing.com/bingbot.htm)"
182.118.25.230 - - [15/Dec/2013:10:18:55 +0100] "GET /robots.txt HTTP/1.1" 200 177 "http://www.mink-gmbh.de/robots.txt" "Mozilla/5.0 (Windows; U; Windows NT 5.1; zh-CN; ) Firefox/1.5.0.11; 360Spider"
157.55.32.108 - - [15/Dec/2013:10:25:44 +0100] "GET / HTTP/1.1" 200 12376 "-" "Mozilla/5.0 (compatible; bingbot/2.0; +http://www.bing.com/bingbot.htm)"
208.115.111.75 - - [15/Dec/2013:10:47:36 +0100] "GET /robots.txt HTTP/1.1" 200 177 "-" "Mozilla/5.0 (compatible; Ezooms/1.0; help@moz.com)"
66.249.78.46 - - [15/Dec/2013:11:55:48 +0100] "GET /news.php?cs_go=archiv&cs_id=4770 HTTP/1.1" 200 11527 "-" "Mozilla/5.0 (iPhone; CPU iPhone OS 6_0 like Mac OS X) AppleWebKit/536.26 (KHTML, like Gecko) Version/6.0 Mobile/10A5376e Safari/8536.25 (compatible; Googlebot-Mobile/2.1; +http://www.google.com/bot.html)"
157.55.33.123 - - [15/Dec/2013:11:57:06 +0100] "GET /robots.txt HTTP/1.1" 200 177 "-" "Mozilla/5.0 (compatible; bingbot/2.0; +http://www.bing.com/bingbot.htm)"
157.55.33.123 - - [15/Dec/2013:11:59:01 +0100] "GET /foerdermittel.php HTTP/1.1" 200 10473 "-" "Mozilla/5.0 (compatible; bingbot/2.0; +http://www.bing.com/bingbot.htm)"
157.55.32.58 - - [15/Dec/2013:12:04:18 +0100] "GET /style.css HTTP/1.1" 200 8402 "-" "Mozilla/5.0 (compatible; bingbot/2.0; +http://www.bing.com/bingbot.htm)"
157.55.33.123 - - [15/Dec/2013:12:05:56 +0100] "GET /images/wunschpreis.jpg HTTP/1.1" 200 16767 "-" "Mozilla/5.0 (compatible; bingbot/2.0; +http://www.bing.com/bingbot.htm)"
157.55.32.222 - - [15/Dec/2013:12:06:36 +0100] "GET /images/logos.jpg HTTP/1.1" 200 35043 "-" "Mozilla/5.0 (compatible; bingbot/2.0; +http://www.bing.com/bingbot.htm)"
208.115.111.75 - - [15/Dec/2013:12:37:30 +0100] "GET /news.php?cs_go=archiv&cs_id=4655 HTTP/1.1" 200 11385 "-" "Mozilla/5.0 (compatible; Ezooms/1.0; help@moz.com)"
199.30.25.227 - - [15/Dec/2013:13:00:20 +0100] "GET /modul.css HTTP/1.1" 200 35038 "http://www.mink-gmbh.de/foerdermittel.php" "Mozilla/5.0 (Windows NT 6.1; WOW64) AppleWebKit/534+ (KHTML, like Gecko) BingPreview/1.0b"
199.30.25.227 - - [15/Dec/2013:13:00:23 +0100] "GET /images/bg.png HTTP/1.1" 200 922 "http://www.mink-gmbh.de/foerdermittel.php" "Mozilla/5.0 (Windows NT 6.1; WOW64) AppleWebKit/534+ (KHTML, like Gecko) BingPreview/1.0b"
199.30.25.227 - - [15/Dec/2013:13:00:23 +0100] "GET /images/wrapperbg.jpg HTTP/1.1" 200 27465 "http://www.mink-gmbh.de/foerdermittel.php" "Mozilla/5.0 (Windows NT 6.1; WOW64) AppleWebKit/534+ (KHTML, like Gecko) BingPreview/1.0b"
199.30.25.227 - - [15/Dec/2013:13:00:23 +0100] "GET /images/header.jpg HTTP/1.1" 200 25189 "http://www.mink-gmbh.de/foerdermittel.php" "Mozilla/5.0 (Windows NT 6.1; WOW64) AppleWebKit/534+ (KHTML, like Gecko) BingPreview/1.0b"
199.30.25.227 - - [15/Dec/2013:13:00:23 +0100] "GET /images/newsletter.png HTTP/1.1" 200 14619 "http://www.mink-gmbh.de/foerdermittel.php" "Mozilla/5.0 (Windows NT 6.1; WOW64) AppleWebKit/534+ (KHTML, like Gecko) BingPreview/1.0b"
199.30.25.227 - - [15/Dec/2013:13:00:24 +0100] "GET /images/navibg.png HTTP/1.1" 200 2803 "http://www.mink-gmbh.de/foerdermittel.php" "Mozilla/5.0 (Windows NT 6.1; WOW64) AppleWebKit/534+ (KHTML, like Gecko) BingPreview/1.0b"
199.30.25.227 - - [15/Dec/2013:13:00:24 +0100] "GET /images/kwk.gif HTTP/1.1" 200 6403 "http://www.mink-gmbh.de/foerdermittel.php" "Mozilla/5.0 (Windows NT 6.1; WOW64) AppleWebKit/534+ (KHTML, like Gecko) BingPreview/1.0b"
199.30.25.227 - - [15/Dec/2013:13:00:25 +0100] "GET /images/footerbg.jpg HTTP/1.1" 200 2184 "http://www.mink-gmbh.de/foerdermittel.php" "Mozilla/5.0 (Windows NT 6.1; WOW64) AppleWebKit/534+ (KHTML, like Gecko) BingPreview/1.0b"
199.30.25.227 - - [15/Dec/2013:13:00:24 +0100] "GET /images/freecall.jpg HTTP/1.1" 200 39195 "http://www.mink-gmbh.de/foerdermittel.php" "Mozilla/5.0 (Windows NT 6.1; WOW64) AppleWebKit/534+ (KHTML, like Gecko) BingPreview/1.0b"
192.99.11.146 - - [15/Dec/2013:13:07:20 +0100] "GET /news.php?cs_go=archiv&cs_id=4732 HTTP/1.1" 200 7555 "http://www.mink-gmbh.de/" "Mozilla/5.0 (X11; Linux x86_64; rv:21.0) Gecko/20100101 Firefox/21.0"
192.99.11.146 - - [15/Dec/2013:13:07:21 +0100] "GET /kwk.php HTTP/1.1" 200 8447 "http://www.mink-gmbh.de/" "Mozilla/5.0 (X11; Linux x86_64; rv:21.0) Gecko/20100101 Firefox/21.0"
117.78.13.18 - - [15/Dec/2013:14:06:55 +0100] "GET /robots.txt HTTP/1.0" 200 177 "-" "nutch-1.4/Nutch-1.4"
117.78.13.18 - - [15/Dec/2013:14:06:56 +0100] "GET / HTTP/1.0" 200 12376 "-" "nutch-1.4/Nutch-1.4"
208.115.111.75 - - [15/Dec/2013:14:51:12 +0100] "GET /robots.txt HTTP/1.1" 200 177 "-" "Mozilla/5.0 (compatible; Ezooms/1.0; help@moz.com)"
65.36.241.79 - - [15/Dec/2013:15:02:49 +0100] "HEAD / HTTP/1.1" 200 - "-" "InternetSeer.com"
66.249.78.46 - - [15/Dec/2013:15:10:42 +0100] "GET /robots.txt HTTP/1.1" 200 177 "-" "Mozilla/5.0 (compatible; Googlebot/2.1; +http://www.google.com/bot.html)"
66.249.75.49 - - [15/Dec/2013:15:10:42 +0100] "GET /diesel.php HTTP/1.1" 200 8192 "-" "DoCoMo/2.0 N905i(c100;TB;W24H16) (compatible; Googlebot-Mobile/2.1; +http://www.google.com/bot.html)"
66.249.78.46 - - [15/Dec/2013:15:13:59 +0100] "GET / HTTP/1.1" 200 12379 "-" "Mozilla/5.0 (compatible; Googlebot/2.1; +http://www.google.com/bot.html)"
66.249.75.49 - - [15/Dec/2013:15:22:26 +0100] "GET /images/logos.jpg?cache7316 HTTP/1.1" 200 35043 "-" "Googlebot-Image/1.0"
141.8.147.12 - - [15/Dec/2013:15:54:21 +0100] "GET /robots.txt HTTP/1.1" 200 177 "-" "Mozilla/5.0 (compatible; YandexBot/3.0; +http://yandex.com/bots)"
208.115.111.75 - - [15/Dec/2013:16:40:05 +0100] "GET /news.php HTTP/1.1" 200 19847 "-" "Mozilla/5.0 (compatible; Ezooms/1.0; help@moz.com)"
157.56.229.186 - - [15/Dec/2013:16:54:26 +0100] "GET /robots.txt HTTP/1.1" 200 177 "-" "Mozilla/5.0 (compatible; bingbot/2.0; +http://www.bing.com/bingbot.htm)"
157.56.229.186 - - [15/Dec/2013:16:57:28 +0100] "GET / HTTP/1.1" 200 12379 "-" "Mozilla/5.0 (compatible; bingbot/2.0; +http://www.bing.com/bingbot.htm)"
141.8.147.12 - - [15/Dec/2013:16:57:50 +0100] "GET /news.php?cs_go=archiv&cs_id=4773 HTTP/1.1" 200 11615 "-" "Mozilla/5.0 (compatible; YandexBot/3.0; +http://yandex.com/bots)"
110.85.69.11 - - [15/Dec/2013:18:03:00 +0100] "GET /news.php?cs_go=archiv&cs_id=4112&cs_search= HTTP/1.0" 200 9435 "http://www.mink-gmbh.de/news.php?cs_go=archiv&cs_id=4112&cs_search=" "Mozilla/5.0 (Windows NT 5.1) AppleWebKit/537.4 (KHTML, like Gecko) Chrome/22.0.1229.79 Safari/537.4"
208.115.111.75 - - [15/Dec/2013:18:45:11 +0100] "GET /robots.txt HTTP/1.1" 200 177 "-" "Mozilla/5.0 (compatible; Ezooms/1.0; help@moz.com)"
220.181.108.75 - - [15/Dec/2013:19:06:40 +0100] "GET / HTTP/1.1" 200 6600 "-" "Mozilla/5.0 (compatible; Baiduspider/2.0; +http://www.baidu.com/search/spider.html)"
123.125.71.50 - - [15/Dec/2013:19:11:41 +0100] "GET / HTTP/1.1" 200 8865 "-" "Mozilla/5.0 (compatible; Baiduspider/2.0; +http://www.baidu.com/search/spider.html)"
141.8.147.12 - - [15/Dec/2013:19:32:51 +0100] "GET /news.php?cs_go=archiv&cs_id=4771 HTTP/1.1" 200 7613 "-" "Mozilla/5.0 (compatible; YandexBot/3.0; +http://yandex.com/bots)"
66.249.78.46 - - [15/Dec/2013:19:56:25 +0100] "GET /news.php?cs_go=archiv&cs_id=4762&cs_search= HTTP/1.1" 200 11485 "-" "Mozilla/5.0 (iPhone; CPU iPhone OS 6_0 like Mac OS X) AppleWebKit/536.26 (KHTML, like Gecko) Version/6.0 Mobile/10A5376e Safari/8536.25 (compatible; Googlebot-Mobile/2.1; +http://www.google.com/bot.html)"
66.249.78.46 - - [15/Dec/2013:20:08:00 +0100] "GET /style.css HTTP/1.1" 200 8402 "http://www.mink-gmbh.de/news.php?cs_go=archiv&cs_id=4762&cs_search=" "Mozilla/5.0 (compatible; Googlebot/2.1; +http://www.google.com/bot.html)"
14.121.29.44 - - [15/Dec/2013:20:09:03 +0100] "GET /news.php?cs_go=archiv&cs_id=4734 HTTP/1.1" 200 7777 "http://www.mink-gmbh.de/" "Mozilla/5.0 (X11; Linux x86_64; rv:22.0) Gecko/20100101 Firefox/22.0"
14.121.29.44 - - [15/Dec/2013:20:09:04 +0100] "GET /kwk.php HTTP/1.1" 200 8447 "http://www.mink-gmbh.de/" "Mozilla/5.0 (X11; Linux x86_64; rv:22.0) Gecko/20100101 Firefox/22.0"
65.36.241.79 - - [15/Dec/2013:20:10:23 +0100] "HEAD / HTTP/1.1" 200 - "-" "InternetSeer.com"
220.181.108.81 - - [15/Dec/2013:20:18:00 +0100] "GET / HTTP/1.1" 200 8865 "-" "Mozilla/5.0 (compatible; Baiduspider/2.0; +http://www.baidu.com/search/spider.html)"
123.125.71.17 - - [15/Dec/2013:20:20:23 +0100] "GET / HTTP/1.1" 200 6600 "-" "Mozilla/5.0 (compatible; Baiduspider/2.0; +http://www.baidu.com/search/spider.html)"
208.115.111.75 - - [15/Dec/2013:20:37:42 +0100] "GET /news.php?cs_go=archiv&cs_startpos=140 HTTP/1.1" 200 20449 "-" "Mozilla/5.0 (compatible; Ezooms/1.0; help@moz.com)"
208.115.113.91 - - [15/Dec/2013:20:48:32 +0100] "GET /robots.txt HTTP/1.1" 200 177 "-" "Mozilla/5.0 (compatible; Ezooms/1.0; help@moz.com)"
213.144.5.151 - - [15/Dec/2013:21:25:38 +0100] "GET / HTTP/1.1" 200 12379 "-" "Mozilla/5.0 (Windows NT 6.1; WOW64) AppleWebKit/537.11 (KHTML, like Gecko) Chrome/23.0.1271.91 Safari/537.11"
213.144.5.151 - - [15/Dec/2013:21:25:38 +0100] "GET / HTTP/1.1" 200 11639 "-" "Mozilla/5.0 (Windows NT 6.1; WOW64) AppleWebKit/537.11 (KHTML, like Gecko) Chrome/23.0.1271.91 Safari/537.11"
213.144.5.151 - - [15/Dec/2013:21:25:45 +0100] "GET /impressum.php HTTP/1.1" 200 6306 "-" "Mozilla/5.0 (Windows NT 6.1; WOW64) AppleWebKit/537.11 (KHTML, like Gecko) Chrome/23.0.1271.91 Safari/537.11"
213.144.5.151 - - [15/Dec/2013:21:25:45 +0100] "GET /impressum.php HTTP/1.1" 200 6306 "-" "Mozilla/5.0 (Windows NT 6.1; WOW64) AppleWebKit/537.11 (KHTML, like Gecko) Chrome/23.0.1271.91 Safari/537.11"
213.144.5.151 - - [15/Dec/2013:21:30:16 +0100] "GET /impressum.php HTTP/1.1" 200 6306 "-" "Mozilla/5.0 (Windows NT 6.1; WOW64) AppleWebKit/534.34 (KHTML, like Gecko) PhantomJS/1.9.2 Safari/534.34"
213.144.5.151 - - [15/Dec/2013:21:30:16 +0100] "GET /style.css HTTP/1.1" 200 8402 "http://www.mink-gmbh.de/impressum.php" "Mozilla/5.0 (Windows NT 6.1; WOW64) AppleWebKit/534.34 (KHTML, like Gecko) PhantomJS/1.9.2 Safari/534.34"
213.144.5.151 - - [15/Dec/2013:21:30:16 +0100] "GET /modul.css HTTP/1.1" 200 35038 "http://www.mink-gmbh.de/impressum.php" "Mozilla/5.0 (Windows NT 6.1; WOW64) AppleWebKit/534.34 (KHTML, like Gecko) PhantomJS/1.9.2 Safari/534.34"
213.144.5.151 - - [15/Dec/2013:21:30:16 +0100] "GET /images/bg.png HTTP/1.1" 200 922 "http://www.mink-gmbh.de/impressum.php" "Mozilla/5.0 (Windows NT 6.1; WOW64) AppleWebKit/534.34 (KHTML, like Gecko) PhantomJS/1.9.2 Safari/534.34"
213.144.5.151 - - [15/Dec/2013:21:30:16 +0100] "GET /images/newsletter.png HTTP/1.1" 200 14619 "http://www.mink-gmbh.de/impressum.php" "Mozilla/5.0 (Windows NT 6.1; WOW64) AppleWebKit/534.34 (KHTML, like Gecko) PhantomJS/1.9.2 Safari/534.34"
213.144.5.151 - - [15/Dec/2013:21:30:16 +0100] "GET /images/wrapperbg.jpg HTTP/1.1" 200 27465 "http://www.mink-gmbh.de/impressum.php" "Mozilla/5.0 (Windows NT 6.1; WOW64) AppleWebKit/534.34 (KHTML, like Gecko) PhantomJS/1.9.2 Safari/534.34"
213.144.5.151 - - [15/Dec/2013:21:30:16 +0100] "GET /images/header.jpg HTTP/1.1" 200 25189 "http://www.mink-gmbh.de/impressum.php" "Mozilla/5.0 (Windows NT 6.1; WOW64) AppleWebKit/534.34 (KHTML, like Gecko) PhantomJS/1.9.2 Safari/534.34"
213.144.5.151 - - [15/Dec/2013:21:30:16 +0100] "GET /images/navibg.png HTTP/1.1" 200 2803 "http://www.mink-gmbh.de/impressum.php" "Mozilla/5.0 (Windows NT 6.1; WOW64) AppleWebKit/534.34 (KHTML, like Gecko) PhantomJS/1.9.2 Safari/534.34"
213.144.5.151 - - [15/Dec/2013:21:30:16 +0100] "GET /images/kwk.gif HTTP/1.1" 200 6403 "http://www.mink-gmbh.de/impressum.php" "Mozilla/5.0 (Windows NT 6.1; WOW64) AppleWebKit/534.34 (KHTML, like Gecko) PhantomJS/1.9.2 Safari/534.34"
213.144.5.151 - - [15/Dec/2013:21:30:16 +0100] "GET /images/wunschpreis.jpg HTTP/1.1" 200 16767 "http://www.mink-gmbh.de/impressum.php" "Mozilla/5.0 (Windows NT 6.1; WOW64) AppleWebKit/534.34 (KHTML, like Gecko) PhantomJS/1.9.2 Safari/534.34"
213.144.5.151 - - [15/Dec/2013:21:30:16 +0100] "GET /images/logos.jpg HTTP/1.1" 200 35043 "http://www.mink-gmbh.de/impressum.php" "Mozilla/5.0 (Windows NT 6.1; WOW64) AppleWebKit/534.34 (KHTML, like Gecko) PhantomJS/1.9.2 Safari/534.34"
213.144.5.151 - - [15/Dec/2013:21:30:16 +0100] "GET /images/footerbg.jpg HTTP/1.1" 200 2184 "http://www.mink-gmbh.de/impressum.php" "Mozilla/5.0 (Windows NT 6.1; WOW64) AppleWebKit/534.34 (KHTML, like Gecko) PhantomJS/1.9.2 Safari/534.34"
213.144.5.151 - - [15/Dec/2013:21:30:16 +0100] "GET /images/freecall.jpg HTTP/1.1" 200 39195 "http://www.mink-gmbh.de/impressum.php" "Mozilla/5.0 (Windows NT 6.1; WOW64) AppleWebKit/534.34 (KHTML, like Gecko) PhantomJS/1.9.2 Safari/534.34"
213.144.5.151 - - [15/Dec/2013:21:30:22 +0100] "GET /impressum.php HTTP/1.1" 200 6306 "-" "Mozilla/5.0 (Windows; U; Windows NT 6.1; de-DE) AppleWebKit/533.3 (KHTML, like Gecko) Qt/4.7.1 Safari/533.3"
213.144.5.151 - - [15/Dec/2013:21:30:22 +0100] "GET /style.css HTTP/1.1" 200 8402 "http://www.mink-gmbh.de/impressum.php" "Mozilla/5.0 (Windows; U; Windows NT 6.1; de-DE) AppleWebKit/533.3 (KHTML, like Gecko) Qt/4.7.1 Safari/533.3"
213.144.5.151 - - [15/Dec/2013:21:30:22 +0100] "GET /modul.css HTTP/1.1" 200 35038 "http://www.mink-gmbh.de/impressum.php" "Mozilla/5.0 (Windows; U; Windows NT 6.1; de-DE) AppleWebKit/533.3 (KHTML, like Gecko) Qt/4.7.1 Safari/533.3"
213.144.5.151 - - [15/Dec/2013:21:30:22 +0100] "GET /images/bg.png HTTP/1.1" 200 922 "http://www.mink-gmbh.de/impressum.php" "Mozilla/5.0 (Windows; U; Windows NT 6.1; de-DE) AppleWebKit/533.3 (KHTML, like Gecko) Qt/4.7.1 Safari/533.3"
213.144.5.151 - - [15/Dec/2013:21:30:22 +0100] "GET /images/newsletter.png HTTP/1.1" 200 14619 "http://www.mink-gmbh.de/impressum.php" "Mozilla/5.0 (Windows; U; Windows NT 6.1; de-DE) AppleWebKit/533.3 (KHTML, like Gecko) Qt/4.7.1 Safari/533.3"
213.144.5.151 - - [15/Dec/2013:21:30:22 +0100] "GET /images/wrapperbg.jpg HTTP/1.1" 200 27465 "http://www.mink-gmbh.de/impressum.php" "Mozilla/5.0 (Windows; U; Windows NT 6.1; de-DE) AppleWebKit/533.3 (KHTML, like Gecko) Qt/4.7.1 Safari/533.3"
213.144.5.151 - - [15/Dec/2013:21:30:22 +0100] "GET /images/header.jpg HTTP/1.1" 200 25189 "http://www.mink-gmbh.de/impressum.php" "Mozilla/5.0 (Windows; U; Windows NT 6.1; de-DE) AppleWebKit/533.3 (KHTML, like Gecko) Qt/4.7.1 Safari/533.3"
213.144.5.151 - - [15/Dec/2013:21:30:22 +0100] "GET /images/navibg.png HTTP/1.1" 200 2803 "http://www.mink-gmbh.de/impressum.php" "Mozilla/5.0 (Windows; U; Windows NT 6.1; de-DE) AppleWebKit/533.3 (KHTML, like Gecko) Qt/4.7.1 Safari/533.3"
213.144.5.151 - - [15/Dec/2013:21:30:22 +0100] "GET /images/kwk.gif HTTP/1.1" 200 6403 "http://www.mink-gmbh.de/impressum.php" "Mozilla/5.0 (Windows; U; Windows NT 6.1; de-DE) AppleWebKit/533.3 (KHTML, like Gecko) Qt/4.7.1 Safari/533.3"
213.144.5.151 - - [15/Dec/2013:21:30:22 +0100] "GET /images/wunschpreis.jpg HTTP/1.1" 200 16767 "http://www.mink-gmbh.de/impressum.php" "Mozilla/5.0 (Windows; U; Windows NT 6.1; de-DE) AppleWebKit/533.3 (KHTML, like Gecko) Qt/4.7.1 Safari/533.3"
213.144.5.151 - - [15/Dec/2013:21:30:22 +0100] "GET /images/logos.jpg HTTP/1.1" 200 35043 "http://www.mink-gmbh.de/impressum.php" "Mozilla/5.0 (Windows; U; Windows NT 6.1; de-DE) AppleWebKit/533.3 (KHTML, like Gecko) Qt/4.7.1 Safari/533.3"
213.144.5.151 - - [15/Dec/2013:21:30:22 +0100] "GET /images/footerbg.jpg HTTP/1.1" 200 2184 "http://www.mink-gmbh.de/impressum.php" "Mozilla/5.0 (Windows; U; Windows NT 6.1; de-DE) AppleWebKit/533.3 (KHTML, like Gecko) Qt/4.7.1 Safari/533.3"
213.144.5.151 - - [15/Dec/2013:21:30:22 +0100] "GET /images/freecall.jpg HTTP/1.1" 200 39195 "http://www.mink-gmbh.de/impressum.php" "Mozilla/5.0 (Windows; U; Windows NT 6.1; de-DE) AppleWebKit/533.3 (KHTML, like Gecko) Qt/4.7.1 Safari/533.3"
157.55.32.166 - - [15/Dec/2013:22:06:36 +0100] "GET /robots.txt HTTP/1.1" 200 177 "-" "Mozilla/5.0 (compatible; bingbot/2.0; +http://www.bing.com/bingbot.htm)"
157.55.32.166 - - [15/Dec/2013:22:10:53 +0100] "GET /news.php?cs_go=archiv&cs_startpos=0 HTTP/1.1" 200 19847 "-" "Mozilla/5.0 (compatible; bingbot/2.0; +http://www.bing.com/bingbot.htm)"
141.8.147.12 - - [15/Dec/2013:22:13:11 +0100] "GET /news.php?cs_go=archiv&cs_id=4760&cs_search= HTTP/1.1" 200 7631 "-" "Mozilla/5.0 (compatible; YandexBot/3.0; +http://yandex.com/bots)"
66.249.75.49 - - [15/Dec/2013:22:39:40 +0100] "GET /news.php HTTP/1.1" 200 19847 "-" "DoCoMo/2.0 N905i(c100;TB;W24H16) (compatible; Googlebot-Mobile/2.1; +http://www.google.com/bot.html)"
208.115.113.91 - - [15/Dec/2013:22:40:57 +0100] "GET /news.php?cs_go=archiv&cs_startpos=60 HTTP/1.1" 200 20267 "-" "Mozilla/5.0 (compatible; Ezooms/1.0; help@moz.com)"
208.115.111.75 - - [15/Dec/2013:22:48:33 +0100] "GET /robots.txt HTTP/1.1" 200 177 "-" "Mozilla/5.0 (compatible; Ezooms/1.0; help@moz.com)"
141.8.147.12 - - [15/Dec/2013:22:56:42 +0100] "GET /news.php?cs_go=archiv&cs_id=4691&cs_search= HTTP/1.1" 200 9443 "-" "Mozilla/5.0 (compatible; YandexBot/3.0; +http://yandex.com/bots)"
141.8.147.12 - - [15/Dec/2013:22:58:12 +0100] "GET /news.php?cs_go=archiv&cs_id=4711&cs_search= HTTP/1.1" 200 7882 "-" "Mozilla/5.0 (compatible; YandexBot/3.0; +http://yandex.com/bots)"
157.55.35.42 - - [15/Dec/2013:23:31:11 +0100] "GET /robots.txt HTTP/1.1" 200 177 "-" "Mozilla/5.0 (compatible; bingbot/2.0; +http://www.bing.com/bingbot.htm)"
157.55.35.42 - - [15/Dec/2013:23:32:39 +0100] "GET / HTTP/1.1" 200 12379 "-" "Mozilla/5.0 (compatible; bingbot/2.0; +http://www.bing.com/bingbot.htm)"
141.8.147.12 - - [16/Dec/2013:00:27:13 +0100] "GET /news.php?cs_go=archiv&cs_id=4743&cs_search= HTTP/1.1" 200 12376 "-" "Mozilla/5.0 (compatible; YandexBot/3.0; +http://yandex.com/bots)"
141.8.147.12 - - [16/Dec/2013:00:33:10 +0100] "GET /news.php?cs_go=archiv&cs_id=4699&cs_search= HTTP/1.1" 200 10031 "-" "Mozilla/5.0 (compatible; YandexBot/3.0; +http://yandex.com/bots)"
141.8.147.12 - - [16/Dec/2013:00:36:05 +0100] "GET /news.php?cs_go=archiv&cs_id=4727&cs_search= HTTP/1.1" 200 7729 "-" "Mozilla/5.0 (compatible; YandexBot/3.0; +http://yandex.com/bots)"
208.115.111.75 - - [16/Dec/2013:00:37:48 +0100] "GET /news.php?cs_go=archiv&cs_id=4551&cs_search= HTTP/1.1" 200 9648 "-" "Mozilla/5.0 (compatible; Ezooms/1.0; help@moz.com)"
208.115.111.75 - - [16/Dec/2013:00:37:52 +0100] "GET /news.php?cs_go=archiv&cs_id=4653 HTTP/1.1" 200 7521 "-" "Mozilla/5.0 (compatible; Ezooms/1.0; help@moz.com)"
141.8.147.12 - - [16/Dec/2013:00:38:58 +0100] "GET /news.php?cs_go=archiv&cs_id=4772 HTTP/1.1" 200 8278 "-" "Mozilla/5.0 (compatible; YandexBot/3.0; +http://yandex.com/bots)"
14.121.29.44 - - [16/Dec/2013:01:37:19 +0100] "GET /news.php HTTP/1.1" 200 19847 "http://www.mink-gmbh.de/" "Mozilla/5.0 (X11; Linux x86_64; rv:22.0) Gecko/20100101 Firefox/22.0"
14.121.29.44 - - [16/Dec/2013:01:37:22 +0100] "GET /kwk.php HTTP/1.1" 200 8447 "http://www.mink-gmbh.de/" "Mozilla/5.0 (X11; Linux x86_64; rv:22.0) Gecko/20100101 Firefox/22.0"
66.249.78.46 - - [16/Dec/2013:02:14:25 +0100] "GET /index.php HTTP/1.1" 200 12379 "-" "Mozilla/5.0 (compatible; Googlebot/2.1; +http://www.google.com/bot.html)"
66.249.78.46 - - [16/Dec/2013:02:16:19 +0100] "GET /modul.css HTTP/1.1" 200 35038 "-" "Mozilla/5.0 (compatible; Googlebot/2.1; +http://www.google.com/bot.html)"
79.214.137.198 - - [16/Dec/2013:02:30:49 +0100] "GET / HTTP/1.1" 200 12379 "-" "-"
65.36.241.79 - - [16/Dec/2013:02:59:31 +0100] "HEAD / HTTP/1.1" 200 - "-" "InternetSeer.com"
66.249.78.46 - - [16/Dec/2013:03:10:33 +0100] "GET / HTTP/1.1" 200 8120 "-" "SAMSUNG-SGH-E250/1.0 Profile/MIDP-2.0 Configuration/CLDC-1.1 UP.Browser/6.2.3.3.c.1.101 (GUI) MMP/2.0 (compatible; Googlebot-Mobile/2.1; +http://www.google.com/bot.html)"
66.249.78.46 - - [16/Dec/2013:03:31:08 +0100] "GET /images/tkw.jpg HTTP/1.1" 304 - "-" "Googlebot-Image/1.0"
157.55.33.123 - - [16/Dec/2013:03:38:12 +0100] "GET /robots.txt HTTP/1.1" 200 177 "-" "Mozilla/5.0 (compatible; bingbot/2.0; +http://www.bing.com/bingbot.htm)"
87.189.110.130 - - [16/Dec/2013:03:52:36 +0100] "GET / HTTP/1.1" 200 12379 "-" "Mozilla/5.0 (Windows NT 6.1; Win64; x64; rv:22.0) Gecko/20130328 Firefox/22.0"
157.55.33.123 - - [16/Dec/2013:04:26:14 +0100] "GET /.php HTTP/1.1" 404 - "-" "msnbot/2.0b (+http://search.msn.com/msnbot.htm)"
62.210.180.136 - - [16/Dec/2013:04:42:08 +0100] "GET /js_contentserver24_greybox/AJS.js HTTP/1.1" 200 10396 "http://www.mink-gmbh.de/" "Mozilla/5.0 (X11; Linux x86_64) AppleWebKit/534.34 (KHTML, like Gecko) Qt/4.8.1 Safari/534.34"
62.210.180.136 - - [16/Dec/2013:04:42:08 +0100] "GET /js_contentserver24_greybox/AJS_fx.js HTTP/1.1" 200 3192 "http://www.mink-gmbh.de/" "Mozilla/5.0 (X11; Linux x86_64) AppleWebKit/534.34 (KHTML, like Gecko) Qt/4.8.1 Safari/534.34"
62.210.180.136 - - [16/Dec/2013:04:42:08 +0100] "GET /js_contentserver24_greybox/gb_scripts.js HTTP/1.1" 200 11913 "http://www.mink-gmbh.de/" "Mozilla/5.0 (X11; Linux x86_64) AppleWebKit/534.34 (KHTML, like Gecko) Qt/4.8.1 Safari/534.34"
62.210.180.136 - - [16/Dec/2013:04:42:07 +0100] "GET / HTTP/1.1" 200 12379 "-" "Mozilla/5.0 (X11; Linux x86_64) AppleWebKit/534.34 (KHTML, like Gecko) Qt/4.8.1 Safari/534.34"
62.210.180.136 - - [16/Dec/2013:04:42:08 +0100] "GET /js_contentserver24_greybox/loader_frame.html?s=0 HTTP/1.1" 200 2084 "http://www.mink-gmbh.de/" "Mozilla/5.0 (X11; Linux x86_64) AppleWebKit/534.34 (KHTML, like Gecko) Qt/4.8.1 Safari/534.34"
66.249.78.46 - - [16/Dec/2013:04:47:54 +0100] "GET /news.php?cs_go=archiv&cs_id=4758 HTTP/1.1" 200 8181 "-" "Mozilla/5.0 (iPhone; CPU iPhone OS 6_0 like Mac OS X) AppleWebKit/536.26 (KHTML, like Gecko) Version/6.0 Mobile/10A5376e Safari/8536.25 (compatible; Googlebot-Mobile/2.1; +http://www.google.com/bot.html)"
220.181.108.118 - - [16/Dec/2013:04:59:59 +0100] "GET / HTTP/1.1" 200 6600 "-" "Mozilla/5.0 (compatible; Baiduspider/2.0; +http://www.baidu.com/search/spider.html)"
157.55.35.48 - - [16/Dec/2013:05:17:15 +0100] "GET /robots.txt HTTP/1.1" 200 177 "-" "Mozilla/5.0 (compatible; bingbot/2.0; +http://www.bing.com/bingbot.htm)"
66.249.78.46 - - [16/Dec/2013:05:27:48 +0100] "GET /news.php?cs_go=archiv HTTP/1.1" 200 19847 "-" "Mozilla/5.0 (compatible; Googlebot/2.1; +http://www.google.com/bot.html)"
157.55.35.48 - - [16/Dec/2013:05:55:17 +0100] "GET / HTTP/1.1" 200 12379 "-" "Mozilla/5.0 (compatible; bingbot/2.0; +http://www.bing.com/bingbot.htm)"
208.115.111.75 - - [16/Dec/2013:06:47:54 +0100] "GET /robots.txt HTTP/1.1" 200 177 "-" "Mozilla/5.0 (compatible; Ezooms/1.0; help@moz.com)"
123.125.71.12 - - [16/Dec/2013:07:16:19 +0100] "GET / HTTP/1.1" 200 8865 "-" "Mozilla/5.0 (compatible; Baiduspider/2.0; +http://www.baidu.com/search/spider.html)"
220.181.108.104 - - [16/Dec/2013:07:18:36 +0100] "GET / HTTP/1.1" 200 6600 "-" "Mozilla/5.0 (compatible; Baiduspider/2.0; +http://www.baidu.com/search/spider.html)"
66.249.78.46 - - [16/Dec/2013:07:21:09 +0100] "GET /news.php?cs_go=archiv&cs_id=4762&cs_search= HTTP/1.1" 200 11485 "-" "Mozilla/5.0 (compatible; Googlebot/2.1; +http://www.google.com/bot.html)"
66.249.78.46 - - [16/Dec/2013:07:46:11 +0100] "GET /js_contentserver24_greybox/gb_styles.css HTTP/1.1" 200 2302 "-" "Mozilla/5.0 (compatible; Googlebot/2.1; +http://www.google.com/bot.html)"
66.249.78.46 - - [16/Dec/2013:07:54:37 +0100] "GET /news.php HTTP/1.1" 200 19847 "-" "Mozilla/5.0 (compatible; Googlebot/2.1; +http://www.google.com/bot.html)"
141.113.86.94 - - [16/Dec/2013:08:23:00 +0100] "GET /schwefelarmstandard.php HTTP/1.1" 200 10730 "http://www.google.de/url?sa=t&rct=j&q=&esrc=s&frm=1&source=web&cd=3&ved=0CFAQjBAwAg&url=http%3A%2F%2Fwww.mink-gmbh.de%2Fschwefelarmstandard.php&ei=1qmuUvTEAqS27QaJtICoDw&usg=AFQjCNFasQ7I8IVpkQPHmS5HkIpVBcXuxA&bvm=bv.57967247,d.bGE" "Mozilla/4.0 (compatible; MSIE 8.0; Windows NT 6.1; WOW64; Trident/4.0; SLCC2; .NET CLR 2.0.50727; .NET CLR 3.5.30729; .NET CLR 3.0.30729; Media Center PC 6.0; .NET4.0C; .NET4.0E; InfoPath.3)"
141.113.86.94 - - [16/Dec/2013:08:23:00 +0100] "GET /style.css HTTP/1.1" 200 8402 "http://www.mink-gmbh.de/schwefelarmstandard.php" "Mozilla/4.0 (compatible; MSIE 8.0; Windows NT 6.1; WOW64; Trident/4.0; SLCC2; .NET CLR 2.0.50727; .NET CLR 3.5.30729; .NET CLR 3.0.30729; Media Center PC 6.0; .NET4.0C; .NET4.0E; InfoPath.3)"
141.113.86.94 - - [16/Dec/2013:08:23:01 +0100] "GET /modul.css HTTP/1.1" 200 35038 "http://www.mink-gmbh.de/schwefelarmstandard.php" "Mozilla/4.0 (compatible; MSIE 8.0; Windows NT 6.1; WOW64; Trident/4.0; SLCC2; .NET CLR 2.0.50727; .NET CLR 3.5.30729; .NET CLR 3.0.30729; Media Center PC 6.0; .NET4.0C; .NET4.0E; InfoPath.3)"
141.113.86.94 - - [16/Dec/2013:08:23:01 +0100] "GET /images/wunschpreis.jpg HTTP/1.1" 200 16767 "http://www.mink-gmbh.de/schwefelarmstandard.php" "Mozilla/4.0 (compatible; MSIE 8.0; Windows NT 6.1; WOW64; Trident/4.0; SLCC2; .NET CLR 2.0.50727; .NET CLR 3.5.30729; .NET CLR 3.0.30729; Media Center PC 6.0; .NET4.0C; .NET4.0E; InfoPath.3)"
141.113.86.94 - - [16/Dec/2013:08:23:01 +0100] "GET /images/newsletter.png HTTP/1.1" 200 14619 "http://www.mink-gmbh.de/schwefelarmstandard.php" "Mozilla/4.0 (compatible; MSIE 8.0; Windows NT 6.1; WOW64; Trident/4.0; SLCC2; .NET CLR 2.0.50727; .NET CLR 3.5.30729; .NET CLR 3.0.30729; Media Center PC 6.0; .NET4.0C; .NET4.0E; InfoPath.3)"
141.113.86.94 - - [16/Dec/2013:08:23:01 +0100] "GET /images/bg.png HTTP/1.1" 200 922 "http://www.mink-gmbh.de/schwefelarmstandard.php" "Mozilla/4.0 (compatible; MSIE 8.0; Windows NT 6.1; WOW64; Trident/4.0; SLCC2; .NET CLR 2.0.50727; .NET CLR 3.5.30729; .NET CLR 3.0.30729; Media Center PC 6.0; .NET4.0C; .NET4.0E; InfoPath.3)"
141.113.86.94 - - [16/Dec/2013:08:23:01 +0100] "GET /images/kwk.gif HTTP/1.1" 200 6403 "http://www.mink-gmbh.de/schwefelarmstandard.php" "Mozilla/4.0 (compatible; MSIE 8.0; Windows NT 6.1; WOW64; Trident/4.0; SLCC2; .NET CLR 2.0.50727; .NET CLR 3.5.30729; .NET CLR 3.0.30729; Media Center PC 6.0; .NET4.0C; .NET4.0E; InfoPath.3)"
141.113.86.94 - - [16/Dec/2013:08:23:01 +0100] "GET /images/footerbg.jpg HTTP/1.1" 200 2184 "http://www.mink-gmbh.de/schwefelarmstandard.php" "Mozilla/4.0 (compatible; MSIE 8.0; Windows NT 6.1; WOW64; Trident/4.0; SLCC2; .NET CLR 2.0.50727; .NET CLR 3.5.30729; .NET CLR 3.0.30729; Media Center PC 6.0; .NET4.0C; .NET4.0E; InfoPath.3)"
141.113.86.94 - - [16/Dec/2013:08:23:01 +0100] "GET /images/wrapperbg.jpg HTTP/1.1" 200 27465 "http://www.mink-gmbh.de/schwefelarmstandard.php" "Mozilla/4.0 (compatible; MSIE 8.0; Windows NT 6.1; WOW64; Trident/4.0; SLCC2; .NET CLR 2.0.50727; .NET CLR 3.5.30729; .NET CLR 3.0.30729; Media Center PC 6.0; .NET4.0C; .NET4.0E; InfoPath.3)"
141.113.86.94 - - [16/Dec/2013:08:23:01 +0100] "GET /images/logos.jpg HTTP/1.1" 200 35043 "http://www.mink-gmbh.de/schwefelarmstandard.php" "Mozilla/4.0 (compatible; MSIE 8.0; Windows NT 6.1; WOW64; Trident/4.0; SLCC2; .NET CLR 2.0.50727; .NET CLR 3.5.30729; .NET CLR 3.0.30729; Media Center PC 6.0; .NET4.0C; .NET4.0E; InfoPath.3)"
141.113.86.94 - - [16/Dec/2013:08:23:01 +0100] "GET /images/header.jpg HTTP/1.1" 200 25189 "http://www.mink-gmbh.de/schwefelarmstandard.php" "Mozilla/4.0 (compatible; MSIE 8.0; Windows NT 6.1; WOW64; Trident/4.0; SLCC2; .NET CLR 2.0.50727; .NET CLR 3.5.30729; .NET CLR 3.0.30729; Media Center PC 6.0; .NET4.0C; .NET4.0E; InfoPath.3)"
141.113.86.94 - - [16/Dec/2013:08:23:01 +0100] "GET /images/navibg.png HTTP/1.1" 200 2803 "http://www.mink-gmbh.de/schwefelarmstandard.php" "Mozilla/4.0 (compatible; MSIE 8.0; Windows NT 6.1; WOW64; Trident/4.0; SLCC2; .NET CLR 2.0.50727; .NET CLR 3.5.30729; .NET CLR 3.0.30729; Media Center PC 6.0; .NET4.0C; .NET4.0E; InfoPath.3)"
141.113.86.94 - - [16/Dec/2013:08:23:01 +0100] "GET /images/freecall.jpg HTTP/1.1" 200 39195 "http://www.mink-gmbh.de/schwefelarmstandard.php" "Mozilla/4.0 (compatible; MSIE 8.0; Windows NT 6.1; WOW64; Trident/4.0; SLCC2; .NET CLR 2.0.50727; .NET CLR 3.5.30729; .NET CLR 3.0.30729; Media Center PC 6.0; .NET4.0C; .NET4.0E; InfoPath.3)"
141.113.86.94 - - [16/Dec/2013:08:23:01 +0100] "GET /favicon.ico HTTP/1.1" 200 3638 "-" "Mozilla/4.0 (compatible; MSIE 8.0; Windows NT 6.1; WOW64; Trident/4.0; SLCC2; .NET CLR 2.0.50727; .NET CLR 3.5.30729; .NET CLR 3.0.30729; Media Center PC 6.0; .NET4.0C; .NET4.0E; InfoPath.3)"
141.113.86.94 - - [16/Dec/2013:08:23:04 +0100] "GET /preisanfrage.php HTTP/1.1" 200 8502 "http://www.mink-gmbh.de/schwefelarmstandard.php" "Mozilla/4.0 (compatible; MSIE 8.0; Windows NT 6.1; WOW64; Trident/4.0; SLCC2; .NET CLR 2.0.50727; .NET CLR 3.5.30729; .NET CLR 3.0.30729; Media Center PC 6.0; .NET4.0C; .NET4.0E; InfoPath.3)"
208.115.111.75 - - [16/Dec/2013:08:38:05 +0100] "GET /news.php?cs_go=archiv&cs_startpos=70 HTTP/1.1" 200 20481 "-" "Mozilla/5.0 (compatible; Ezooms/1.0; help@moz.com)"
66.249.78.46 - - [16/Dec/2013:08:40:25 +0100] "GET /news.php?cs_go=archiv&cs_id=4444 HTTP/1.1" 200 9924 "-" "Mozilla/5.0 (iPhone; CPU iPhone OS 6_0 like Mac OS X) AppleWebKit/536.26 (KHTML, like Gecko) Version/6.0 Mobile/10A5376e Safari/8536.25 (compatible; Googlebot-Mobile/2.1; +http://www.google.com/bot.html)"
66.249.78.46 - - [16/Dec/2013:08:55:10 +0100] "GET /optiplus.php HTTP/1.1" 200 8639 "-" "Mozilla/5.0 (compatible; Googlebot/2.1; +http://www.google.com/bot.html)"
65.36.241.79 - - [16/Dec/2013:08:55:47 +0100] "HEAD / HTTP/1.1" 200 - "-" "InternetSeer.com"
66.249.78.46 - - [16/Dec/2013:09:06:13 +0100] "GET /news.php?cs_go=archiv&cs_id=4746&cs_search= HTTP/1.1" 200 7720 "-" "Mozilla/5.0 (iPhone; CPU iPhone OS 6_0 like Mac OS X) AppleWebKit/536.26 (KHTML, like Gecko) Version/6.0 Mobile/10A5376e Safari/8536.25 (compatible; Googlebot-Mobile/2.1; +http://www.google.com/bot.html)"
69.64.58.114 - - [16/Dec/2013:09:32:21 +0100] "GET / HTTP/1.0" 200 12377 "-" "-"
69.64.58.114 - - [16/Dec/2013:09:32:22 +0100] "GET / HTTP/1.0" 200 5684 "-" "-"
66.249.78.46 - - [16/Dec/2013:10:15:11 +0100] "GET /jobs.php HTTP/1.1" 200 4965 "-" "Mozilla/5.0 (compatible; Googlebot/2.1; +http://www.google.com/bot.html)"
66.249.78.46 - - [16/Dec/2013:11:28:32 +0100] "GET /impressum.php HTTP/1.1" 200 6306 "-" "Mozilla/5.0 (compatible; Googlebot/2.1; +http://www.google.com/bot.html)"
66.249.75.49 - - [16/Dec/2013:11:40:57 +0100] "GET /news.php?cs_go=archiv&cs_id=3727 HTTP/1.1" 200 7288 "-" "DoCoMo/2.0 N905i(c100;TB;W24H16) (compatible; Googlebot-Mobile/2.1; +http://www.google.com/bot.html)"
66.249.78.46 - - [16/Dec/2013:11:45:13 +0100] "GET /news.php?cs_go=archiv&cs_id=4763&cs_search= HTTP/1.1" 200 7481 "-" "Mozilla/5.0 (compatible; Googlebot/2.1; +http://www.google.com/bot.html)"
157.55.36.52 - - [16/Dec/2013:11:52:29 +0100] "GET /robots.txt HTTP/1.1" 200 177 "-" "Mozilla/5.0 (compatible; bingbot/2.0; +http://www.bing.com/bingbot.htm)"
157.55.33.44 - - [16/Dec/2013:11:55:16 +0100] "GET / HTTP/1.1" 200 12331 "-" "Mozilla/5.0 (compatible; bingbot/2.0; +http://www.bing.com/bingbot.htm)"
199.30.24.101 - - [16/Dec/2013:11:55:19 +0100] "GET /js_contentserver24_greybox/gb_styles.css HTTP/1.1" 200 2302 "http://www.mink-gmbh.de/" "Mozilla/5.0 (Windows NT 6.1; WOW64) AppleWebKit/534+ (KHTML, like Gecko) BingPreview/1.0b"
199.30.24.101 - - [16/Dec/2013:11:55:20 +0100] "GET /js_contentserver24_greybox/AJS.js HTTP/1.1" 200 10396 "http://www.mink-gmbh.de/" "Mozilla/5.0 (Windows NT 6.1; WOW64) AppleWebKit/534+ (KHTML, like Gecko) BingPreview/1.0b"
199.30.24.101 - - [16/Dec/2013:11:55:20 +0100] "GET /modul.css HTTP/1.1" 200 35038 "http://www.mink-gmbh.de/" "Mozilla/5.0 (Windows NT 6.1; WOW64) AppleWebKit/534+ (KHTML, like Gecko) BingPreview/1.0b"
199.30.24.101 - - [16/Dec/2013:11:55:20 +0100] "GET /style.css HTTP/1.1" 200 8402 "http://www.mink-gmbh.de/" "Mozilla/5.0 (Windows NT 6.1; WOW64) AppleWebKit/534+ (KHTML, like Gecko) BingPreview/1.0b"
199.30.24.101 - - [16/Dec/2013:11:55:20 +0100] "GET /js_contentserver24_greybox/AJS_fx.js HTTP/1.1" 200 3192 "http://www.mink-gmbh.de/" "Mozilla/5.0 (Windows NT 6.1; WOW64) AppleWebKit/534+ (KHTML, like Gecko) BingPreview/1.0b"
199.30.24.101 - - [16/Dec/2013:11:55:20 +0100] "GET /js_contentserver24_greybox/gb_scripts.js HTTP/1.1" 200 11913 "http://www.mink-gmbh.de/" "Mozilla/5.0 (Windows NT 6.1; WOW64) AppleWebKit/534+ (KHTML, like Gecko) BingPreview/1.0b"
199.30.24.101 - - [16/Dec/2013:11:55:22 +0100] "GET /images/bg.png HTTP/1.1" 200 922 "http://www.mink-gmbh.de/" "Mozilla/5.0 (Windows NT 6.1; WOW64) AppleWebKit/534+ (KHTML, like Gecko) BingPreview/1.0b"
199.30.24.101 - - [16/Dec/2013:11:55:22 +0100] "GET /images/newsletter_bg.jpg HTTP/1.1" 200 33610 "http://www.mink-gmbh.de/" "Mozilla/5.0 (Windows NT 6.1; WOW64) AppleWebKit/534+ (KHTML, like Gecko) BingPreview/1.0b"
199.30.24.101 - - [16/Dec/2013:11:55:22 +0100] "GET /js_contentserver24_greybox/w_close.gif HTTP/1.1" 200 74 "http://www.mink-gmbh.de/" "Mozilla/5.0 (Windows NT 6.1; WOW64) AppleWebKit/534+ (KHTML, like Gecko) BingPreview/1.0b"
199.30.24.101 - - [16/Dec/2013:11:55:22 +0100] "GET /images/close.png HTTP/1.1" 200 703 "http://www.mink-gmbh.de/" "Mozilla/5.0 (Windows NT 6.1; WOW64) AppleWebKit/534+ (KHTML, like Gecko) BingPreview/1.0b"
199.30.24.101 - - [16/Dec/2013:11:55:23 +0100] "GET /images/header.jpg HTTP/1.1" 200 25189 "http://www.mink-gmbh.de/" "Mozilla/5.0 (Windows NT 6.1; WOW64) AppleWebKit/534+ (KHTML, like Gecko) BingPreview/1.0b"
199.30.24.101 - - [16/Dec/2013:11:55:23 +0100] "GET /images/newsletter.png HTTP/1.1" 200 14619 "http://www.mink-gmbh.de/" "Mozilla/5.0 (Windows NT 6.1; WOW64) AppleWebKit/534+ (KHTML, like Gecko) BingPreview/1.0b"
199.30.24.101 - - [16/Dec/2013:11:55:23 +0100] "GET /images/wrapperbg.jpg HTTP/1.1" 200 27465 "http://www.mink-gmbh.de/" "Mozilla/5.0 (Windows NT 6.1; WOW64) AppleWebKit/534+ (KHTML, like Gecko) BingPreview/1.0b"
199.30.24.101 - - [16/Dec/2013:11:55:23 +0100] "GET /js_contentserver24_greybox/loader_frame.html?s=0 HTTP/1.1" 200 2084 "http://www.mink-gmbh.de/" "Mozilla/5.0 (Windows NT 6.1; WOW64) AppleWebKit/534+ (KHTML, like Gecko) BingPreview/1.0b"
199.30.24.101 - - [16/Dec/2013:11:55:24 +0100] "GET /images/navibg.png HTTP/1.1" 200 2803 "http://www.mink-gmbh.de/" "Mozilla/5.0 (Windows NT 6.1; WOW64) AppleWebKit/534+ (KHTML, like Gecko) BingPreview/1.0b"
199.30.24.101 - - [16/Dec/2013:11:55:24 +0100] "GET /images/fallend.png HTTP/1.1" 200 713 "http://www.mink-gmbh.de/" "Mozilla/5.0 (Windows NT 6.1; WOW64) AppleWebKit/534+ (KHTML, like Gecko) BingPreview/1.0b"
199.30.24.101 - - [16/Dec/2013:11:55:25 +0100] "GET /images/tkw.jpg HTTP/1.1" 200 64031 "http://www.mink-gmbh.de/" "Mozilla/5.0 (Windows NT 6.1; WOW64) AppleWebKit/534+ (KHTML, like Gecko) BingPreview/1.0b"
199.30.24.101 - - [16/Dec/2013:11:55:25 +0100] "GET /images/mobil.jpg HTTP/1.1" 200 25293 "http://www.mink-gmbh.de/" "Mozilla/5.0 (Windows NT 6.1; WOW64) AppleWebKit/534+ (KHTML, like Gecko) BingPreview/1.0b"
199.30.24.101 - - [16/Dec/2013:11:55:25 +0100] "GET /images/newsletter.jpg HTTP/1.1" 200 13130 "http://www.mink-gmbh.de/" "Mozilla/5.0 (Windows NT 6.1; WOW64) AppleWebKit/534+ (KHTML, like Gecko) BingPreview/1.0b"
199.30.24.101 - - [16/Dec/2013:11:55:25 +0100] "GET /images/team-energie.png HTTP/1.1" 200 17383 "http://www.mink-gmbh.de/" "Mozilla/5.0 (Windows NT 6.1; WOW64) AppleWebKit/534+ (KHTML, like Gecko) BingPreview/1.0b"
199.30.24.101 - - [16/Dec/2013:11:55:26 +0100] "GET /images/freecall.jpg HTTP/1.1" 200 39195 "http://www.mink-gmbh.de/" "Mozilla/5.0 (Windows NT 6.1; WOW64) AppleWebKit/534+ (KHTML, like Gecko) BingPreview/1.0b"
199.30.24.101 - - [16/Dec/2013:11:55:26 +0100] "GET /images/mail.jpg HTTP/1.1" 200 12099 "http://www.mink-gmbh.de/" "Mozilla/5.0 (Windows NT 6.1; WOW64) AppleWebKit/534+ (KHTML, like Gecko) BingPreview/1.0b"
199.30.24.101 - - [16/Dec/2013:11:55:26 +0100] "GET /images/kwk.gif HTTP/1.1" 200 6403 "http://www.mink-gmbh.de/" "Mozilla/5.0 (Windows NT 6.1; WOW64) AppleWebKit/534+ (KHTML, like Gecko) BingPreview/1.0b"
199.30.24.101 - - [16/Dec/2013:11:55:26 +0100] "GET /images/logos.jpg?cache1523 HTTP/1.1" 200 35043 "http://www.mink-gmbh.de/" "Mozilla/5.0 (Windows NT 6.1; WOW64) AppleWebKit/534+ (KHTML, like Gecko) BingPreview/1.0b"
199.30.24.101 - - [16/Dec/2013:11:55:26 +0100] "GET /images/wunschpreis.jpg HTTP/1.1" 200 16767 "http://www.mink-gmbh.de/" "Mozilla/5.0 (Windows NT 6.1; WOW64) AppleWebKit/534+ (KHTML, like Gecko) BingPreview/1.0b"
199.30.24.101 - - [16/Dec/2013:11:55:27 +0100] "GET /images/footerbg.jpg HTTP/1.1" 200 2184 "http://www.mink-gmbh.de/" "Mozilla/5.0 (Windows NT 6.1; WOW64) AppleWebKit/534+ (KHTML, like Gecko) BingPreview/1.0b"
199.30.24.101 - - [16/Dec/2013:11:55:27 +0100] "GET /js_contentserver24_greybox/header_bg.gif HTTP/1.1" 200 1188 "http://www.mink-gmbh.de/" "Mozilla/5.0 (Windows NT 6.1; WOW64) AppleWebKit/534+ (KHTML, like Gecko) BingPreview/1.0b"
199.30.24.101 - - [16/Dec/2013:11:55:27 +0100] "GET /js_contentserver24_greybox/indicator.gif HTTP/1.1" 200 8238 "http://www.mink-gmbh.de/js_contentserver24_greybox/loader_frame.html?s=0" "Mozilla/5.0 (Windows NT 6.1; WOW64) AppleWebKit/534+ (KHTML, like Gecko) BingPreview/1.0b"
199.30.24.101 - - [16/Dec/2013:11:55:31 +0100] "GET /js_contentserver24_greybox/g_close.gif HTTP/1.1" 200 541 "http://www.mink-gmbh.de/" "Mozilla/5.0 (Windows NT 6.1; WOW64) AppleWebKit/534+ (KHTML, like Gecko) BingPreview/1.0b"
84.135.160.110 - - [16/Dec/2013:11:57:20 +0100] "GET /style.css HTTP/1.1" 200 8402 "http://www.mink-gmbh.de/" "Mozilla/5.0 (Windows NT 6.1; WOW64; rv:25.0) Gecko/20100101 Firefox/25.0"
84.135.160.110 - - [16/Dec/2013:11:57:20 +0100] "GET /modul.css HTTP/1.1" 200 35038 "http://www.mink-gmbh.de/" "Mozilla/5.0 (Windows NT 6.1; WOW64; rv:25.0) Gecko/20100101 Firefox/25.0"
84.135.160.110 - - [16/Dec/2013:11:57:20 +0100] "GET /favicon.ico HTTP/1.1" 200 3638 "-" "Mozilla/5.0 (Windows NT 6.1; WOW64; rv:25.0) Gecko/20100101 Firefox/25.0"
84.135.160.110 - - [16/Dec/2013:11:57:21 +0100] "GET /js_contentserver24_greybox/gb_styles.css HTTP/1.1" 200 2302 "http://www.mink-gmbh.de/" "Mozilla/5.0 (Windows NT 6.1; WOW64; rv:25.0) Gecko/20100101 Firefox/25.0"
84.135.160.110 - - [16/Dec/2013:11:57:21 +0100] "GET /js_contentserver24_greybox/AJS.js HTTP/1.1" 200 10396 "http://www.mink-gmbh.de/" "Mozilla/5.0 (Windows NT 6.1; WOW64; rv:25.0) Gecko/20100101 Firefox/25.0"
84.135.160.110 - - [16/Dec/2013:11:57:21 +0100] "GET /js_contentserver24_greybox/AJS_fx.js HTTP/1.1" 200 3192 "http://www.mink-gmbh.de/" "Mozilla/5.0 (Windows NT 6.1; WOW64; rv:25.0) Gecko/20100101 Firefox/25.0"
84.135.160.110 - - [16/Dec/2013:11:57:21 +0100] "GET /js_contentserver24_greybox/gb_scripts.js HTTP/1.1" 200 11913 "http://www.mink-gmbh.de/" "Mozilla/5.0 (Windows NT 6.1; WOW64; rv:25.0) Gecko/20100101 Firefox/25.0"
84.135.160.110 - - [16/Dec/2013:11:57:21 +0100] "GET /images/bg.png HTTP/1.1" 200 922 "http://www.mink-gmbh.de/style.css" "Mozilla/5.0 (Windows NT 6.1; WOW64; rv:25.0) Gecko/20100101 Firefox/25.0"
84.135.160.110 - - [16/Dec/2013:11:57:20 +0100] "GET / HTTP/1.1" 200 12331 "http://www.google.de/url?sa=t&rct=j&q=&esrc=s&source=web&cd=4&ved=0CE0QFjAD&url=http%3A%2F%2Fwww.mink-gmbh.de%2F&ei=G9yuUsroJ8_GswbWk4GgCg&usg=AFQjCNFHX4Iglls9oo-KYXTmDUV_5KOVIg&bvm=bv.57967247,d.Yms" "Mozilla/5.0 (Windows NT 6.1; WOW64; rv:25.0) Gecko/20100101 Firefox/25.0"
84.135.160.110 - - [16/Dec/2013:11:57:21 +0100] "GET /images/team-energie.png HTTP/1.1" 200 17383 "http://www.mink-gmbh.de/" "Mozilla/5.0 (Windows NT 6.1; WOW64; rv:25.0) Gecko/20100101 Firefox/25.0"
84.135.160.110 - - [16/Dec/2013:11:57:21 +0100] "GET /images/freecall.jpg HTTP/1.1" 200 39195 "http://www.mink-gmbh.de/" "Mozilla/5.0 (Windows NT 6.1; WOW64; rv:25.0) Gecko/20100101 Firefox/25.0"
84.135.160.110 - - [16/Dec/2013:11:57:21 +0100] "GET /images/mail.jpg HTTP/1.1" 200 12099 "http://www.mink-gmbh.de/" "Mozilla/5.0 (Windows NT 6.1; WOW64; rv:25.0) Gecko/20100101 Firefox/25.0"
84.135.160.110 - - [16/Dec/2013:11:57:21 +0100] "GET /images/kwk.gif HTTP/1.1" 200 6403 "http://www.mink-gmbh.de/" "Mozilla/5.0 (Windows NT 6.1; WOW64; rv:25.0) Gecko/20100101 Firefox/25.0"
84.135.160.110 - - [16/Dec/2013:11:57:21 +0100] "GET /images/wunschpreis.jpg HTTP/1.1" 200 16767 "http://www.mink-gmbh.de/" "Mozilla/5.0 (Windows NT 6.1; WOW64; rv:25.0) Gecko/20100101 Firefox/25.0"
84.135.160.110 - - [16/Dec/2013:11:57:21 +0100] "GET /images/tkw.jpg HTTP/1.1" 200 64031 "http://www.mink-gmbh.de/" "Mozilla/5.0 (Windows NT 6.1; WOW64; rv:25.0) Gecko/20100101 Firefox/25.0"
84.135.160.110 - - [16/Dec/2013:11:57:22 +0100] "GET /images/logos.jpg?cache1738 HTTP/1.1" 200 35043 "http://www.mink-gmbh.de/" "Mozilla/5.0 (Windows NT 6.1; WOW64; rv:25.0) Gecko/20100101 Firefox/25.0"
84.135.160.110 - - [16/Dec/2013:11:57:22 +0100] "GET /js_contentserver24_greybox/w_close.gif HTTP/1.1" 200 74 "http://www.mink-gmbh.de/" "Mozilla/5.0 (Windows NT 6.1; WOW64; rv:25.0) Gecko/20100101 Firefox/25.0"
84.135.160.110 - - [16/Dec/2013:11:57:22 +0100] "GET /images/close.png HTTP/1.1" 200 703 "http://www.mink-gmbh.de/" "Mozilla/5.0 (Windows NT 6.1; WOW64; rv:25.0) Gecko/20100101 Firefox/25.0"
84.135.160.110 - - [16/Dec/2013:11:57:22 +0100] "GET /images/newsletter_bg.jpg HTTP/1.1" 200 33610 "http://www.mink-gmbh.de/" "Mozilla/5.0 (Windows NT 6.1; WOW64; rv:25.0) Gecko/20100101 Firefox/25.0"
84.135.160.110 - - [16/Dec/2013:11:57:22 +0100] "GET /images/newsletter.png HTTP/1.1" 200 14619 "http://www.mink-gmbh.de/style.css" "Mozilla/5.0 (Windows NT 6.1; WOW64; rv:25.0) Gecko/20100101 Firefox/25.0"
84.135.160.110 - - [16/Dec/2013:11:57:22 +0100] "GET /images/wrapperbg.jpg HTTP/1.1" 200 27465 "http://www.mink-gmbh.de/style.css" "Mozilla/5.0 (Windows NT 6.1; WOW64; rv:25.0) Gecko/20100101 Firefox/25.0"
84.135.160.110 - - [16/Dec/2013:11:57:22 +0100] "GET /images/header.jpg HTTP/1.1" 200 25189 "http://www.mink-gmbh.de/style.css" "Mozilla/5.0 (Windows NT 6.1; WOW64; rv:25.0) Gecko/20100101 Firefox/25.0"
84.135.160.110 - - [16/Dec/2013:11:57:22 +0100] "GET /images/navibg.png HTTP/1.1" 200 2803 "http://www.mink-gmbh.de/style.css" "Mozilla/5.0 (Windows NT 6.1; WOW64; rv:25.0) Gecko/20100101 Firefox/25.0"
84.135.160.110 - - [16/Dec/2013:11:57:22 +0100] "GET /images/fallend.png HTTP/1.1" 200 713 "http://www.mink-gmbh.de/modul.css" "Mozilla/5.0 (Windows NT 6.1; WOW64; rv:25.0) Gecko/20100101 Firefox/25.0"
84.135.160.110 - - [16/Dec/2013:11:57:22 +0100] "GET /images/mobil.jpg HTTP/1.1" 200 25293 "http://www.mink-gmbh.de/style.css" "Mozilla/5.0 (Windows NT 6.1; WOW64; rv:25.0) Gecko/20100101 Firefox/25.0"
84.135.160.110 - - [16/Dec/2013:11:57:22 +0100] "GET /images/newsletter.jpg HTTP/1.1" 200 13130 "http://www.mink-gmbh.de/style.css" "Mozilla/5.0 (Windows NT 6.1; WOW64; rv:25.0) Gecko/20100101 Firefox/25.0"
84.135.160.110 - - [16/Dec/2013:11:57:22 +0100] "GET /images/footerbg.jpg HTTP/1.1" 200 2184 "http://www.mink-gmbh.de/style.css" "Mozilla/5.0 (Windows NT 6.1; WOW64; rv:25.0) Gecko/20100101 Firefox/25.0"
84.135.160.110 - - [16/Dec/2013:11:57:22 +0100] "GET /js_contentserver24_greybox/loader_frame.html?s=0 HTTP/1.1" 200 2084 "http://www.mink-gmbh.de/" "Mozilla/5.0 (Windows NT 6.1; WOW64; rv:25.0) Gecko/20100101 Firefox/25.0"
