66.249.78.46 - - [11/Dec/2013:22:39:45 +0100] "GET /news.php?cs_go=archiv&cs_id=4213 HTTP/1.1" 200 7785 "-" "Mozilla/5.0 (compatible; Googlebot/2.1; +http://www.google.com/bot.html)"
208.115.113.91 - - [11/Dec/2013:22:48:02 +0100] "GET /news.php?cs_go=archiv&cs_id=4598&cs_search= HTTP/1.1" 200 11809 "-" "Mozilla/5.0 (compatible; Ezooms/1.0; help@moz.com)"
141.8.147.12 - - [11/Dec/2013:23:05:21 +0100] "GET /news.php HTTP/1.1" 200 19830 "-" "Mozilla/5.0 (compatible; YandexBot/3.0; +http://yandex.com/bots)"
66.249.78.46 - - [11/Dec/2013:23:21:27 +0100] "GET /news.php?cs_go=archiv&cs_id=4253 HTTP/1.1" 200 9017 "-" "Mozilla/5.0 (compatible; Googlebot/2.1; +http://www.google.com/bot.html)"
110.86.187.101 - - [12/Dec/2013:00:09:28 +0100] "GET /news.php?cs_go=archiv&cs_id=4269&cs_search= HTTP/1.0" 200 9423 "http://www.mink-gmbh.de/news.php?cs_go=archiv&cs_id=4269&cs_search=" "Mozilla/5.0 (Windows NT 5.1; rv:16.0) Gecko/20100101 Firefox/16.0"
66.249.78.46 - - [12/Dec/2013:00:37:15 +0100] "GET / HTTP/1.1" 200 12418 "-" "Mozilla/5.0 (compatible; Googlebot/2.1; +http://www.google.com/bot.html)"
66.249.78.46 - - [12/Dec/2013:00:40:32 +0100] "GET /kwk.php HTTP/1.1" 200 8447 "-" "SAMSUNG-SGH-E250/1.0 Profile/MIDP-2.0 Configuration/CLDC-1.1 UP.Browser/6.2.3.3.c.1.101 (GUI) MMP/2.0 (compatible; Googlebot-Mobile/2.1; +http://www.google.com/bot.html)"
66.249.78.46 - - [12/Dec/2013:00:44:50 +0100] "GET /news.php?cs_go=archiv&cs_id=2810&cs_search= HTTP/1.1" 200 10308 "-" "Mozilla/5.0 (compatible; Googlebot/2.1; +http://www.google.com/bot.html)"
66.249.78.46 - - [12/Dec/2013:00:45:00 +0100] "GET /news.php?cs_go=archiv&cs_id=4769 HTTP/1.1" 200 7668 "-" "Mozilla/5.0 (compatible; Googlebot/2.1; +http://www.google.com/bot.html)"
66.249.78.46 - - [12/Dec/2013:00:45:00 +0100] "GET /news.php?cs_go=archiv&cs_id=4770 HTTP/1.1" 200 11527 "-" "Mozilla/5.0 (compatible; Googlebot/2.1; +http://www.google.com/bot.html)"
66.249.78.46 - - [12/Dec/2013:00:45:01 +0100] "GET /news.php?cs_go=archiv&cs_id=4746 HTTP/1.1" 200 7720 "-" "Mozilla/5.0 (compatible; Googlebot/2.1; +http://www.google.com/bot.html)"
208.115.113.91 - - [12/Dec/2013:00:49:45 +0100] "GET /robots.txt HTTP/1.1" 200 177 "-" "Mozilla/5.0 (compatible; Ezooms/1.0; help@moz.com)"
65.36.241.79 - - [12/Dec/2013:00:50:38 +0100] "HEAD / HTTP/1.1" 200 - "-" "InternetSeer.com"
66.249.78.46 - - [12/Dec/2013:00:52:25 +0100] "GET /news.php HTTP/1.1" 200 19830 "-" "Mozilla/5.0 (compatible; Googlebot/2.1; +http://www.google.com/bot.html)"
66.249.78.46 - - [12/Dec/2013:00:57:08 +0100] "GET /news.php?cs_go=archiv&cs_id=4746&cs_search= HTTP/1.1" 200 7720 "-" "Mozilla/5.0 (compatible; Googlebot/2.1; +http://www.google.com/bot.html)"
66.249.78.46 - - [12/Dec/2013:00:57:08 +0100] "GET /news.php?cs_go=archiv&cs_id=4770&cs_search= HTTP/1.1" 200 11527 "-" "Mozilla/5.0 (compatible; Googlebot/2.1; +http://www.google.com/bot.html)"
66.249.78.46 - - [12/Dec/2013:00:57:09 +0100] "GET /news.php?cs_go=archiv&cs_id=4769&cs_search= HTTP/1.1" 200 7668 "-" "Mozilla/5.0 (compatible; Googlebot/2.1; +http://www.google.com/bot.html)"
178.255.215.80 - - [12/Dec/2013:01:07:03 +0100] "GET /robots.txt HTTP/1.1" 200 177 "-" "Mozilla/5.0 (compatible; Exabot/3.0 (BiggerBetter); +http://www.exabot.com/go/robot)"
178.255.215.80 - - [12/Dec/2013:01:07:03 +0100] "GET /seiten/produkte_hzoel.php HTTP/1.1" 404 - "-" "Mozilla/5.0 (compatible; Exabot/3.0 (BiggerBetter); +http://www.exabot.com/go/robot)"
66.249.78.46 - - [12/Dec/2013:01:18:57 +0100] "GET /news.php?cs_go=archiv&cs_id=4338 HTTP/1.1" 200 7592 "-" "Mozilla/5.0 (compatible; Googlebot/2.1; +http://www.google.com/bot.html)"
66.249.78.46 - - [12/Dec/2013:01:26:31 +0100] "GET /optiplus.php HTTP/1.1" 200 8639 "-" "Mozilla/5.0 (compatible; Googlebot/2.1; +http://www.google.com/bot.html)"
141.8.147.12 - - [12/Dec/2013:01:29:10 +0100] "GET /news.php?cs_go=archiv&cs_startpos=51 HTTP/1.1" 200 20285 "-" "Mozilla/5.0 (compatible; YandexBot/3.0; +http://yandex.com/bots)"
66.249.78.46 - - [12/Dec/2013:01:58:09 +0100] "GET /news.php?cs_go=archiv&cs_id=4758 HTTP/1.1" 200 8181 "-" "Mozilla/5.0 (iPhone; CPU iPhone OS 6_0 like Mac OS X) AppleWebKit/536.26 (KHTML, like Gecko) Version/6.0 Mobile/10A5376e Safari/8536.25 (compatible; Googlebot-Mobile/2.1; +http://www.google.com/bot.html)"
66.249.78.46 - - [12/Dec/2013:02:12:00 +0100] "GET /news.php?cs_go=archiv&cs_id=4600 HTTP/1.1" 200 11530 "-" "Mozilla/5.0 (compatible; Googlebot/2.1; +http://www.google.com/bot.html)"
66.249.78.46 - - [12/Dec/2013:02:15:01 +0100] "GET /jobs.php HTTP/1.1" 200 4965 "-" "Mozilla/5.0 (compatible; Googlebot/2.1; +http://www.google.com/bot.html)"
62.210.180.134 - - [12/Dec/2013:02:36:23 +0100] "GET /js_contentserver24_greybox/AJS_fx.js HTTP/1.1" 200 3192 "http://www.mink-gmbh.de/" "Mozilla/5.0 (X11; Linux x86_64) AppleWebKit/534.34 (KHTML, like Gecko) Qt/4.8.1 Safari/534.34"
62.210.180.134 - - [12/Dec/2013:02:36:23 +0100] "GET /js_contentserver24_greybox/AJS.js HTTP/1.1" 200 10396 "http://www.mink-gmbh.de/" "Mozilla/5.0 (X11; Linux x86_64) AppleWebKit/534.34 (KHTML, like Gecko) Qt/4.8.1 Safari/534.34"
62.210.180.134 - - [12/Dec/2013:02:36:23 +0100] "GET /js_contentserver24_greybox/gb_scripts.js HTTP/1.1" 200 11913 "http://www.mink-gmbh.de/" "Mozilla/5.0 (X11; Linux x86_64) AppleWebKit/534.34 (KHTML, like Gecko) Qt/4.8.1 Safari/534.34"
62.210.180.134 - - [12/Dec/2013:02:36:23 +0100] "GET / HTTP/1.1" 200 12418 "-" "Mozilla/5.0 (X11; Linux x86_64) AppleWebKit/534.34 (KHTML, like Gecko) Qt/4.8.1 Safari/534.34"
62.210.180.134 - - [12/Dec/2013:02:36:25 +0100] "GET /js_contentserver24_greybox/loader_frame.html?s=0 HTTP/1.1" 200 2084 "http://www.mink-gmbh.de/" "Mozilla/5.0 (X11; Linux x86_64) AppleWebKit/534.34 (KHTML, like Gecko) Qt/4.8.1 Safari/534.34"
130.149.225.143 - - [12/Dec/2013:02:37:19 +0100] "GET /robots.txt HTTP/1.0" 200 177 "-" "MiaDev/0.0.1 (MIA Bot for research project MIA (www.MIA-marktplatz.de); http://www.mia-marktplatz.de/spider; spider@mia-marktplatz.de)"
130.149.225.143 - - [12/Dec/2013:02:37:19 +0100] "GET /index.php HTTP/1.0" 200 12418 "-" "MiaDev/0.0.1 (MIA Bot for research project MIA (www.MIA-marktplatz.de); http://www.mia-marktplatz.de/spider; spider@mia-marktplatz.de)"
208.115.111.75 - - [12/Dec/2013:02:43:53 +0100] "GET /robots.txt HTTP/1.1" 200 177 "-" "Mozilla/5.0 (compatible; Ezooms/1.0; help@moz.com)"
208.115.113.91 - - [12/Dec/2013:02:50:08 +0100] "GET /news.php?cs_go=archiv&cs_startpos=0 HTTP/1.1" 200 19830 "-" "Mozilla/5.0 (compatible; Ezooms/1.0; help@moz.com)"
66.249.78.46 - - [12/Dec/2013:03:12:45 +0100] "GET /news.php?cs_go=archiv&cs_id=4599 HTTP/1.1" 200 7509 "-" "Mozilla/5.0 (compatible; Googlebot/2.1; +http://www.google.com/bot.html)"
66.249.66.49 - - [12/Dec/2013:03:24:03 +0100] "GET /news.php HTTP/1.1" 200 19830 "-" "DoCoMo/2.0 N905i(c100;TB;W24H16) (compatible; Googlebot-Mobile/2.1; +http://www.google.com/bot.html)"
66.249.78.46 - - [12/Dec/2013:03:33:08 +0100] "GET /rueckrufservice.php HTTP/1.1" 200 8300 "-" "Mozilla/5.0 (compatible; Googlebot/2.1; +http://www.google.com/bot.html)"
66.249.66.49 - - [12/Dec/2013:03:33:49 +0100] "GET /images/logos.jpg?cache7772 HTTP/1.1" 200 35043 "-" "Googlebot-Image/1.0"
66.249.78.46 - - [12/Dec/2013:03:56:55 +0100] "GET /news.php?cs_go=archiv&cs_id=2715&cs_search= HTTP/1.1" 200 13475 "-" "Mozilla/5.0 (compatible; Googlebot/2.1; +http://www.google.com/bot.html)"
141.8.147.12 - - [12/Dec/2013:04:06:33 +0100] "GET /news.php?cs_go=archiv&cs_id=4730&cs_search= HTTP/1.1" 200 9134 "-" "Mozilla/5.0 (compatible; YandexBot/3.0; +http://yandex.com/bots)"
66.249.78.46 - - [12/Dec/2013:04:13:54 +0100] "GET /standard.php HTTP/1.1" 200 6770 "-" "Mozilla/5.0 (compatible; Googlebot/2.1; +http://www.google.com/bot.html)"
157.55.36.35 - - [12/Dec/2013:04:26:23 +0100] "GET /robots.txt HTTP/1.1" 200 177 "-" "Mozilla/5.0 (compatible; bingbot/2.0; +http://www.bing.com/bingbot.htm)"
208.115.111.75 - - [12/Dec/2013:04:31:07 +0100] "GET /news.php?cs_go=archiv&cs_startpos=210 HTTP/1.1" 200 15520 "-" "Mozilla/5.0 (compatible; Ezooms/1.0; help@moz.com)"
66.249.78.46 - - [12/Dec/2013:04:39:26 +0100] "GET /images/logos.jpg?cache8055 HTTP/1.1" 200 35043 "-" "Googlebot-Image/1.0"
208.115.113.91 - - [12/Dec/2013:05:04:15 +0100] "GET /robots.txt HTTP/1.1" 200 177 "-" "Mozilla/5.0 (compatible; Ezooms/1.0; help@moz.com)"
66.249.78.46 - - [12/Dec/2013:05:11:40 +0100] "GET /news.php?cs_go=archiv&cs_id=2755&cs_search= HTTP/1.1" 200 15223 "-" "Mozilla/5.0 (compatible; Googlebot/2.1; +http://www.google.com/bot.html)"
66.249.78.46 - - [12/Dec/2013:05:15:03 +0100] "GET /images/RAL_Guetezeichen_Energiehandel.pdf HTTP/1.1" 304 - "-" "Mozilla/5.0 (compatible; Googlebot/2.1; +http://www.google.com/bot.html)"
157.55.36.35 - - [12/Dec/2013:05:17:08 +0100] "GET / HTTP/1.1" 200 12418 "-" "Mozilla/5.0 (compatible; bingbot/2.0; +http://www.bing.com/bingbot.htm)"
141.8.147.12 - - [12/Dec/2013:05:55:41 +0100] "GET /news.php?cs_go=archiv&cs_id=4762&cs_search= HTTP/1.1" 200 11485 "-" "Mozilla/5.0 (compatible; YandexBot/3.0; +http://yandex.com/bots)"
66.249.78.46 - - [12/Dec/2013:06:33:11 +0100] "GET /news.php?cs_go=archiv&cs_id=4741 HTTP/1.1" 200 11697 "-" "Mozilla/5.0 (compatible; Googlebot/2.1; +http://www.google.com/bot.html)"
157.56.92.165 - - [12/Dec/2013:06:38:21 +0100] "GET /robots.txt HTTP/1.1" 200 177 "-" "Mozilla/5.0 (compatible; bingbot/2.0; +http://www.bing.com/bingbot.htm)"
141.8.147.12 - - [12/Dec/2013:06:38:53 +0100] "GET /news.php?cs_go=archiv&cs_id=4738&cs_search= HTTP/1.1" 200 11728 "-" "Mozilla/5.0 (compatible; YandexBot/3.0; +http://yandex.com/bots)"
157.56.92.165 - - [12/Dec/2013:06:43:47 +0100] "GET /newsletter.php HTTP/1.1" 200 6492 "-" "Mozilla/5.0 (compatible; bingbot/2.0; +http://www.bing.com/bingbot.htm)"
110.89.12.117 - - [12/Dec/2013:06:47:00 +0100] "GET /news.php?cs_go=archiv&cs_id=4112&cs_search= HTTP/1.0" 200 9435 "http://www.mink-gmbh.de/news.php?cs_go=archiv&cs_id=4112&cs_search=" "Mozilla/5.0 (Windows NT 6.2; WOW64; rv:16.0) Gecko/20100101 Firefox/16.0"
208.115.113.91 - - [12/Dec/2013:06:56:14 +0100] "GET /news.php?cs_go=archiv&cs_id=4621&cs_search= HTTP/1.1" 200 9015 "-" "Mozilla/5.0 (compatible; Ezooms/1.0; help@moz.com)"
157.56.92.165 - - [12/Dec/2013:06:56:45 +0100] "GET /news.php?cs_go=archiv&cs_id=4696&cs_search= HTTP/1.1" 200 8199 "-" "Mozilla/5.0 (compatible; bingbot/2.0; +http://www.bing.com/bingbot.htm)"
65.36.241.79 - - [12/Dec/2013:08:09:29 +0100] "HEAD / HTTP/1.1" 200 - "-" "InternetSeer.com"
220.181.108.107 - - [12/Dec/2013:08:11:24 +0100] "GET / HTTP/1.1" 200 8900 "-" "Mozilla/5.0 (compatible; Baiduspider/2.0; +http://www.baidu.com/search/spider.html)"
123.125.71.38 - - [12/Dec/2013:08:17:57 +0100] "GET / HTTP/1.1" 200 8900 "-" "Mozilla/5.0 (compatible; Baiduspider/2.0; +http://www.baidu.com/search/spider.html)"
141.8.147.12 - - [12/Dec/2013:08:27:31 +0100] "GET /news.php?cs_go=archiv&cs_id=4729&cs_search= HTTP/1.1" 200 8331 "-" "Mozilla/5.0 (compatible; YandexBot/3.0; +http://yandex.com/bots)"
89.247.76.89 - - [12/Dec/2013:08:27:49 +0100] "GET /style.css HTTP/1.1" 200 8402 "http://www.mink-gmbh.de/index.php" "Mozilla/5.0 (Windows NT 6.1; rv:25.0) Gecko/20100101 Firefox/25.0"
89.247.76.89 - - [12/Dec/2013:08:27:49 +0100] "GET /js_contentserver24_greybox/gb_styles.css HTTP/1.1" 200 2302 "http://www.mink-gmbh.de/index.php" "Mozilla/5.0 (Windows NT 6.1; rv:25.0) Gecko/20100101 Firefox/25.0"
89.247.76.89 - - [12/Dec/2013:08:27:49 +0100] "GET /favicon.ico HTTP/1.1" 200 3638 "-" "Mozilla/5.0 (Windows NT 6.1; rv:25.0) Gecko/20100101 Firefox/25.0"
89.247.76.89 - - [12/Dec/2013:08:27:49 +0100] "GET /modul.css HTTP/1.1" 200 35038 "http://www.mink-gmbh.de/index.php" "Mozilla/5.0 (Windows NT 6.1; rv:25.0) Gecko/20100101 Firefox/25.0"
89.247.76.89 - - [12/Dec/2013:08:27:49 +0100] "GET /js_contentserver24_greybox/AJS.js HTTP/1.1" 200 10396 "http://www.mink-gmbh.de/index.php" "Mozilla/5.0 (Windows NT 6.1; rv:25.0) Gecko/20100101 Firefox/25.0"
89.247.76.89 - - [12/Dec/2013:08:27:49 +0100] "GET /js_contentserver24_greybox/AJS_fx.js HTTP/1.1" 200 3192 "http://www.mink-gmbh.de/index.php" "Mozilla/5.0 (Windows NT 6.1; rv:25.0) Gecko/20100101 Firefox/25.0"
89.247.76.89 - - [12/Dec/2013:08:27:49 +0100] "GET /js_contentserver24_greybox/gb_scripts.js HTTP/1.1" 200 11913 "http://www.mink-gmbh.de/index.php" "Mozilla/5.0 (Windows NT 6.1; rv:25.0) Gecko/20100101 Firefox/25.0"
89.247.76.89 - - [12/Dec/2013:08:27:49 +0100] "GET /index.php HTTP/1.1" 200 12414 "-" "Mozilla/5.0 (Windows NT 6.1; rv:25.0) Gecko/20100101 Firefox/25.0"
89.247.76.89 - - [12/Dec/2013:08:27:49 +0100] "GET /images/bg.png HTTP/1.1" 200 922 "http://www.mink-gmbh.de/style.css" "Mozilla/5.0 (Windows NT 6.1; rv:25.0) Gecko/20100101 Firefox/25.0"
89.247.76.89 - - [12/Dec/2013:08:27:49 +0100] "GET /images/team-energie.png HTTP/1.1" 200 17383 "http://www.mink-gmbh.de/index.php" "Mozilla/5.0 (Windows NT 6.1; rv:25.0) Gecko/20100101 Firefox/25.0"
89.247.76.89 - - [12/Dec/2013:08:27:49 +0100] "GET /images/mail.jpg HTTP/1.1" 200 12099 "http://www.mink-gmbh.de/index.php" "Mozilla/5.0 (Windows NT 6.1; rv:25.0) Gecko/20100101 Firefox/25.0"
89.247.76.89 - - [12/Dec/2013:08:27:49 +0100] "GET /images/kwk.gif HTTP/1.1" 200 6403 "http://www.mink-gmbh.de/index.php" "Mozilla/5.0 (Windows NT 6.1; rv:25.0) Gecko/20100101 Firefox/25.0"
89.247.76.89 - - [12/Dec/2013:08:27:49 +0100] "GET /images/wunschpreis.jpg HTTP/1.1" 200 16767 "http://www.mink-gmbh.de/index.php" "Mozilla/5.0 (Windows NT 6.1; rv:25.0) Gecko/20100101 Firefox/25.0"
89.247.76.89 - - [12/Dec/2013:08:27:49 +0100] "GET /images/logos.jpg?cache6916 HTTP/1.1" 200 35043 "http://www.mink-gmbh.de/index.php" "Mozilla/5.0 (Windows NT 6.1; rv:25.0) Gecko/20100101 Firefox/25.0"
89.247.76.89 - - [12/Dec/2013:08:27:49 +0100] "GET /js_contentserver24_greybox/w_close.gif HTTP/1.1" 200 74 "http://www.mink-gmbh.de/index.php" "Mozilla/5.0 (Windows NT 6.1; rv:25.0) Gecko/20100101 Firefox/25.0"
89.247.76.89 - - [12/Dec/2013:08:27:49 +0100] "GET /images/tkw.jpg HTTP/1.1" 200 64031 "http://www.mink-gmbh.de/index.php" "Mozilla/5.0 (Windows NT 6.1; rv:25.0) Gecko/20100101 Firefox/25.0"
89.247.76.89 - - [12/Dec/2013:08:27:50 +0100] "GET /images/close.png HTTP/1.1" 200 703 "http://www.mink-gmbh.de/index.php" "Mozilla/5.0 (Windows NT 6.1; rv:25.0) Gecko/20100101 Firefox/25.0"
89.247.76.89 - - [12/Dec/2013:08:27:50 +0100] "GET /images/newsletter_bg.jpg HTTP/1.1" 200 33610 "http://www.mink-gmbh.de/index.php" "Mozilla/5.0 (Windows NT 6.1; rv:25.0) Gecko/20100101 Firefox/25.0"
89.247.76.89 - - [12/Dec/2013:08:27:50 +0100] "GET /images/newsletter.png HTTP/1.1" 200 14619 "http://www.mink-gmbh.de/style.css" "Mozilla/5.0 (Windows NT 6.1; rv:25.0) Gecko/20100101 Firefox/25.0"
89.247.76.89 - - [12/Dec/2013:08:27:50 +0100] "GET /images/wrapperbg.jpg HTTP/1.1" 200 27465 "http://www.mink-gmbh.de/style.css" "Mozilla/5.0 (Windows NT 6.1; rv:25.0) Gecko/20100101 Firefox/25.0"
89.247.76.89 - - [12/Dec/2013:08:27:50 +0100] "GET /images/header.jpg HTTP/1.1" 200 25189 "http://www.mink-gmbh.de/style.css" "Mozilla/5.0 (Windows NT 6.1; rv:25.0) Gecko/20100101 Firefox/25.0"
89.247.76.89 - - [12/Dec/2013:08:27:50 +0100] "GET /images/navibg.png HTTP/1.1" 200 2803 "http://www.mink-gmbh.de/style.css" "Mozilla/5.0 (Windows NT 6.1; rv:25.0) Gecko/20100101 Firefox/25.0"
89.247.76.89 - - [12/Dec/2013:08:27:50 +0100] "GET /images/fallend.png HTTP/1.1" 200 713 "http://www.mink-gmbh.de/modul.css" "Mozilla/5.0 (Windows NT 6.1; rv:25.0) Gecko/20100101 Firefox/25.0"
89.247.76.89 - - [12/Dec/2013:08:27:50 +0100] "GET /images/steigend.png HTTP/1.1" 200 688 "http://www.mink-gmbh.de/modul.css" "Mozilla/5.0 (Windows NT 6.1; rv:25.0) Gecko/20100101 Firefox/25.0"
89.247.76.89 - - [12/Dec/2013:08:27:49 +0100] "GET /images/freecall.jpg HTTP/1.1" 200 39195 "http://www.mink-gmbh.de/index.php" "Mozilla/5.0 (Windows NT 6.1; rv:25.0) Gecko/20100101 Firefox/25.0"
89.247.76.89 - - [12/Dec/2013:08:27:50 +0100] "GET /images/mobil.jpg HTTP/1.1" 200 25293 "http://www.mink-gmbh.de/style.css" "Mozilla/5.0 (Windows NT 6.1; rv:25.0) Gecko/20100101 Firefox/25.0"
89.247.76.89 - - [12/Dec/2013:08:27:50 +0100] "GET /images/newsletter.jpg HTTP/1.1" 200 13130 "http://www.mink-gmbh.de/style.css" "Mozilla/5.0 (Windows NT 6.1; rv:25.0) Gecko/20100101 Firefox/25.0"
89.247.76.89 - - [12/Dec/2013:08:27:50 +0100] "GET /images/footerbg.jpg HTTP/1.1" 200 2184 "http://www.mink-gmbh.de/style.css" "Mozilla/5.0 (Windows NT 6.1; rv:25.0) Gecko/20100101 Firefox/25.0"
89.247.76.89 - - [12/Dec/2013:08:27:50 +0100] "GET /js_contentserver24_greybox/loader_frame.html?s=0 HTTP/1.1" 200 2084 "http://www.mink-gmbh.de/index.php" "Mozilla/5.0 (Windows NT 6.1; rv:25.0) Gecko/20100101 Firefox/25.0"
89.247.76.89 - - [12/Dec/2013:08:27:50 +0100] "GET /js_contentserver24_greybox/header_bg.gif HTTP/1.1" 200 1188 "http://www.mink-gmbh.de/index.php" "Mozilla/5.0 (Windows NT 6.1; rv:25.0) Gecko/20100101 Firefox/25.0"
89.247.76.89 - - [12/Dec/2013:08:27:50 +0100] "GET /js_contentserver24_greybox/indicator.gif HTTP/1.1" 200 8238 "http://www.mink-gmbh.de/js_contentserver24_greybox/loader_frame.html?s=0" "Mozilla/5.0 (Windows NT 6.1; rv:25.0) Gecko/20100101 Firefox/25.0"
89.247.76.89 - - [12/Dec/2013:08:27:51 +0100] "GET /js_contentserver24_greybox/g_close.gif HTTP/1.1" 200 541 "http://www.mink-gmbh.de/index.php" "Mozilla/5.0 (Windows NT 6.1; rv:25.0) Gecko/20100101 Firefox/25.0"
89.247.76.89 - - [12/Dec/2013:08:29:29 +0100] "GET /preisanfrage.php HTTP/1.1" 200 8502 "http://www.mink-gmbh.de/index.php" "Mozilla/5.0 (Windows NT 6.1; rv:25.0) Gecko/20100101 Firefox/25.0"
89.247.76.89 - - [12/Dec/2013:08:29:30 +0100] "GET /images/logos.jpg HTTP/1.1" 200 35043 "http://www.mink-gmbh.de/preisanfrage.php" "Mozilla/5.0 (Windows NT 6.1; rv:25.0) Gecko/20100101 Firefox/25.0"
89.247.76.89 - - [12/Dec/2013:08:29:53 +0100] "POST /preisanfrage.php HTTP/1.1" 200 8670 "http://www.mink-gmbh.de/preisanfrage.php" "Mozilla/5.0 (Windows NT 6.1; rv:25.0) Gecko/20100101 Firefox/25.0"
89.247.76.89 - - [12/Dec/2013:08:30:22 +0100] "GET /index.php HTTP/1.1" 200 11674 "http://www.mink-gmbh.de/preisanfrage.php" "Mozilla/5.0 (Windows NT 6.1; rv:25.0) Gecko/20100101 Firefox/25.0"
89.247.76.89 - - [12/Dec/2013:08:30:23 +0100] "GET /images/logos.jpg?cache4620 HTTP/1.1" 200 35043 "http://www.mink-gmbh.de/index.php" "Mozilla/5.0 (Windows NT 6.1; rv:25.0) Gecko/20100101 Firefox/25.0"
66.249.78.46 - - [12/Dec/2013:08:30:29 +0100] "GET /news.php?cs_go=archiv&cs_id=4407 HTTP/1.1" 200 9386 "-" "Mozilla/5.0 (iPhone; CPU iPhone OS 6_0 like Mac OS X) AppleWebKit/536.26 (KHTML, like Gecko) Version/6.0 Mobile/10A5376e Safari/8536.25 (compatible; Googlebot-Mobile/2.1; +http://www.google.com/bot.html)"
141.8.147.12 - - [12/Dec/2013:08:35:26 +0100] "GET /news.php?cs_go=archiv&cs_id=4753&cs_search= HTTP/1.1" 200 7689 "-" "Mozilla/5.0 (compatible; YandexBot/3.0; +http://yandex.com/bots)"
66.249.78.46 - - [12/Dec/2013:09:55:30 +0100] "GET /news.php?cs_go=archiv&cs_id=4742&cs_search= HTTP/1.1" 200 8998 "-" "Mozilla/5.0 (iPhone; CPU iPhone OS 6_0 like Mac OS X) AppleWebKit/536.26 (KHTML, like Gecko) Version/6.0 Mobile/10A5376e Safari/8536.25 (compatible; Googlebot-Mobile/2.1; +http://www.google.com/bot.html)"
66.249.78.46 - - [12/Dec/2013:09:59:03 +0100] "GET /schwefelarmstandard.php HTTP/1.1" 200 10730 "-" "Mozilla/5.0 (compatible; Googlebot/2.1; +http://www.google.com/bot.html)"
65.55.24.238 - - [12/Dec/2013:10:05:25 +0100] "GET /robots.txt HTTP/1.1" 200 177 "-" "Mozilla/5.0 (compatible; bingbot/2.0; +http://www.bing.com/bingbot.htm)"
65.55.24.238 - - [12/Dec/2013:10:11:16 +0100] "GET /kontakt.php HTTP/1.1" 200 6966 "-" "Mozilla/5.0 (compatible; bingbot/2.0; +http://www.bing.com/bingbot.htm)"
66.249.66.49 - - [12/Dec/2013:10:53:01 +0100] "GET /additive.php HTTP/1.1" 200 5937 "-" "DoCoMo/2.0 N905i(c100;TB;W24H16) (compatible; Googlebot-Mobile/2.1; +http://www.google.com/bot.html)"
141.8.147.12 - - [12/Dec/2013:10:56:32 +0100] "GET /robots.txt HTTP/1.1" 200 177 "-" "Mozilla/5.0 (compatible; YandexBot/3.0; +http://yandex.com/bots)"
66.249.78.46 - - [12/Dec/2013:11:04:31 +0100] "GET /news.php?cs_go=archiv&cs_id=4753 HTTP/1.1" 200 7689 "-" "Mozilla/5.0 (compatible; Googlebot/2.1; +http://www.google.com/bot.html)"
157.56.92.143 - - [12/Dec/2013:12:09:07 +0100] "GET /robots.txt HTTP/1.1" 200 177 "-" "Mozilla/5.0 (compatible; bingbot/2.0; +http://www.bing.com/bingbot.htm)"
141.8.147.12 - - [12/Dec/2013:12:13:19 +0100] "GET /news.php?cs_go=archiv&cs_id=4758 HTTP/1.1" 200 8181 "-" "Mozilla/5.0 (compatible; YandexBot/3.0; +http://yandex.com/bots)"
208.115.113.91 - - [12/Dec/2013:12:49:13 +0100] "GET /robots.txt HTTP/1.1" 200 177 "-" "Mozilla/5.0 (compatible; Ezooms/1.0; help@moz.com)"
5.9.49.41 - - [12/Dec/2013:12:49:53 +0100] "GET /robots.txt HTTP/1.1" 200 177 "-" "Python-urllib/2.7"
5.9.49.41 - - [12/Dec/2013:12:49:53 +0100] "GET / HTTP/1.1" 200 12418 "-" "Mozilla/5.0 (Windows NT 6.1; WOW64) AppleWebKit/537.4 (KHTML, like Gecko) Chrome/22.0.1229.94 Safari/537.4"
5.9.49.41 - - [12/Dec/2013:12:49:55 +0100] "GET /style.css HTTP/1.1" 200 8402 "http://www.mink-gmbh.de/" "Mozilla/5.0 (Windows NT 6.1; WOW64) AppleWebKit/537.4 (KHTML, like Gecko) Chrome/22.0.1229.94 Safari/537.4"
5.9.49.41 - - [12/Dec/2013:12:49:55 +0100] "GET /js_contentserver24_greybox/gb_styles.css HTTP/1.1" 200 2302 "http://www.mink-gmbh.de/" "Mozilla/5.0 (Windows NT 6.1; WOW64) AppleWebKit/537.4 (KHTML, like Gecko) Chrome/22.0.1229.94 Safari/537.4"
5.9.49.41 - - [12/Dec/2013:12:49:55 +0100] "GET /js_contentserver24_greybox/AJS.js HTTP/1.1" 200 10396 "http://www.mink-gmbh.de/" "Mozilla/5.0 (Windows NT 6.1; WOW64) AppleWebKit/537.4 (KHTML, like Gecko) Chrome/22.0.1229.94 Safari/537.4"
5.9.49.41 - - [12/Dec/2013:12:49:55 +0100] "GET /js_contentserver24_greybox/AJS_fx.js HTTP/1.1" 200 3192 "http://www.mink-gmbh.de/" "Mozilla/5.0 (Windows NT 6.1; WOW64) AppleWebKit/537.4 (KHTML, like Gecko) Chrome/22.0.1229.94 Safari/537.4"
5.9.49.41 - - [12/Dec/2013:12:49:55 +0100] "GET /js_contentserver24_greybox/gb_scripts.js HTTP/1.1" 200 11913 "http://www.mink-gmbh.de/" "Mozilla/5.0 (Windows NT 6.1; WOW64) AppleWebKit/537.4 (KHTML, like Gecko) Chrome/22.0.1229.94 Safari/537.4"
5.9.49.41 - - [12/Dec/2013:12:49:55 +0100] "GET /modul.css HTTP/1.1" 200 35038 "http://www.mink-gmbh.de/" "Mozilla/5.0 (Windows NT 6.1; WOW64) AppleWebKit/537.4 (KHTML, like Gecko) Chrome/22.0.1229.94 Safari/537.4"
5.9.49.41 - - [12/Dec/2013:12:49:55 +0100] "GET /images/bg.png HTTP/1.1" 200 922 "http://www.mink-gmbh.de/" "Mozilla/5.0 (Windows NT 6.1; WOW64) AppleWebKit/537.4 (KHTML, like Gecko) Chrome/22.0.1229.94 Safari/537.4"
5.9.49.41 - - [12/Dec/2013:12:49:55 +0100] "GET /js_contentserver24_greybox/w_close.gif HTTP/1.1" 200 74 "http://www.mink-gmbh.de/" "Mozilla/5.0 (Windows NT 6.1; WOW64) AppleWebKit/537.4 (KHTML, like Gecko) Chrome/22.0.1229.94 Safari/537.4"
5.9.49.41 - - [12/Dec/2013:12:49:55 +0100] "GET /images/close.png HTTP/1.1" 200 703 "http://www.mink-gmbh.de/" "Mozilla/5.0 (Windows NT 6.1; WOW64) AppleWebKit/537.4 (KHTML, like Gecko) Chrome/22.0.1229.94 Safari/537.4"
5.9.49.41 - - [12/Dec/2013:12:49:55 +0100] "GET /images/newsletter.png HTTP/1.1" 200 14619 "http://www.mink-gmbh.de/" "Mozilla/5.0 (Windows NT 6.1; WOW64) AppleWebKit/537.4 (KHTML, like Gecko) Chrome/22.0.1229.94 Safari/537.4"
5.9.49.41 - - [12/Dec/2013:12:49:55 +0100] "GET /images/navibg.png HTTP/1.1" 200 2803 "http://www.mink-gmbh.de/" "Mozilla/5.0 (Windows NT 6.1; WOW64) AppleWebKit/537.4 (KHTML, like Gecko) Chrome/22.0.1229.94 Safari/537.4"
5.9.49.41 - - [12/Dec/2013:12:49:55 +0100] "GET /images/fallend.png HTTP/1.1" 200 713 "http://www.mink-gmbh.de/" "Mozilla/5.0 (Windows NT 6.1; WOW64) AppleWebKit/537.4 (KHTML, like Gecko) Chrome/22.0.1229.94 Safari/537.4"
5.9.49.41 - - [12/Dec/2013:12:49:55 +0100] "GET /images/steigend.png HTTP/1.1" 200 688 "http://www.mink-gmbh.de/" "Mozilla/5.0 (Windows NT 6.1; WOW64) AppleWebKit/537.4 (KHTML, like Gecko) Chrome/22.0.1229.94 Safari/537.4"
5.9.49.41 - - [12/Dec/2013:12:49:55 +0100] "GET /images/wrapperbg.jpg HTTP/1.1" 200 27465 "http://www.mink-gmbh.de/" "Mozilla/5.0 (Windows NT 6.1; WOW64) AppleWebKit/537.4 (KHTML, like Gecko) Chrome/22.0.1229.94 Safari/537.4"
5.9.49.41 - - [12/Dec/2013:12:49:55 +0100] "GET /images/header.jpg HTTP/1.1" 200 25189 "http://www.mink-gmbh.de/" "Mozilla/5.0 (Windows NT 6.1; WOW64) AppleWebKit/537.4 (KHTML, like Gecko) Chrome/22.0.1229.94 Safari/537.4"
5.9.49.41 - - [12/Dec/2013:12:49:55 +0100] "GET /images/newsletter_bg.jpg HTTP/1.1" 200 33610 "http://www.mink-gmbh.de/" "Mozilla/5.0 (Windows NT 6.1; WOW64) AppleWebKit/537.4 (KHTML, like Gecko) Chrome/22.0.1229.94 Safari/537.4"
5.9.49.41 - - [12/Dec/2013:12:49:55 +0100] "GET /images/mobil.jpg HTTP/1.1" 200 25293 "http://www.mink-gmbh.de/" "Mozilla/5.0 (Windows NT 6.1; WOW64) AppleWebKit/537.4 (KHTML, like Gecko) Chrome/22.0.1229.94 Safari/537.4"
5.9.49.41 - - [12/Dec/2013:12:49:55 +0100] "GET /images/team-energie.png HTTP/1.1" 200 17383 "http://www.mink-gmbh.de/" "Mozilla/5.0 (Windows NT 6.1; WOW64) AppleWebKit/537.4 (KHTML, like Gecko) Chrome/22.0.1229.94 Safari/537.4"
5.9.49.41 - - [12/Dec/2013:12:49:55 +0100] "GET /images/kwk.gif HTTP/1.1" 200 6403 "http://www.mink-gmbh.de/" "Mozilla/5.0 (Windows NT 6.1; WOW64) AppleWebKit/537.4 (KHTML, like Gecko) Chrome/22.0.1229.94 Safari/537.4"
5.9.49.41 - - [12/Dec/2013:12:49:55 +0100] "GET /images/newsletter.jpg HTTP/1.1" 200 13130 "http://www.mink-gmbh.de/" "Mozilla/5.0 (Windows NT 6.1; WOW64) AppleWebKit/537.4 (KHTML, like Gecko) Chrome/22.0.1229.94 Safari/537.4"
5.9.49.41 - - [12/Dec/2013:12:49:55 +0100] "GET /images/mail.jpg HTTP/1.1" 200 12099 "http://www.mink-gmbh.de/" "Mozilla/5.0 (Windows NT 6.1; WOW64) AppleWebKit/537.4 (KHTML, like Gecko) Chrome/22.0.1229.94 Safari/537.4"
5.9.49.41 - - [12/Dec/2013:12:49:55 +0100] "GET /images/freecall.jpg HTTP/1.1" 200 39195 "http://www.mink-gmbh.de/" "Mozilla/5.0 (Windows NT 6.1; WOW64) AppleWebKit/537.4 (KHTML, like Gecko) Chrome/22.0.1229.94 Safari/537.4"
5.9.49.41 - - [12/Dec/2013:12:49:55 +0100] "GET /images/wunschpreis.jpg HTTP/1.1" 200 16767 "http://www.mink-gmbh.de/" "Mozilla/5.0 (Windows NT 6.1; WOW64) AppleWebKit/537.4 (KHTML, like Gecko) Chrome/22.0.1229.94 Safari/537.4"
5.9.49.41 - - [12/Dec/2013:12:49:55 +0100] "GET /images/logos.jpg?cache3924 HTTP/1.1" 200 35043 "http://www.mink-gmbh.de/" "Mozilla/5.0 (Windows NT 6.1; WOW64) AppleWebKit/537.4 (KHTML, like Gecko) Chrome/22.0.1229.94 Safari/537.4"
5.9.49.41 - - [12/Dec/2013:12:49:55 +0100] "GET /images/footerbg.jpg HTTP/1.1" 200 2184 "http://www.mink-gmbh.de/" "Mozilla/5.0 (Windows NT 6.1; WOW64) AppleWebKit/537.4 (KHTML, like Gecko) Chrome/22.0.1229.94 Safari/537.4"
5.9.49.41 - - [12/Dec/2013:12:49:55 +0100] "GET /images/tkw.jpg HTTP/1.1" 200 64031 "http://www.mink-gmbh.de/" "Mozilla/5.0 (Windows NT 6.1; WOW64) AppleWebKit/537.4 (KHTML, like Gecko) Chrome/22.0.1229.94 Safari/537.4"
5.9.49.41 - - [12/Dec/2013:12:49:55 +0100] "GET /js_contentserver24_greybox/indicator.gif HTTP/1.1" 200 8238 "http://www.mink-gmbh.de/" "Mozilla/5.0 (Windows NT 6.1; WOW64) AppleWebKit/537.4 (KHTML, like Gecko) Chrome/22.0.1229.94 Safari/537.4"
5.9.49.41 - - [12/Dec/2013:12:49:55 +0100] "GET /js_contentserver24_greybox/header_bg.gif HTTP/1.1" 200 1188 "http://www.mink-gmbh.de/" "Mozilla/5.0 (Windows NT 6.1; WOW64) AppleWebKit/537.4 (KHTML, like Gecko) Chrome/22.0.1229.94 Safari/537.4"
5.9.49.41 - - [12/Dec/2013:12:49:55 +0100] "GET /js_contentserver24_greybox/g_close.gif HTTP/1.1" 200 541 "http://www.mink-gmbh.de/" "Mozilla/5.0 (Windows NT 6.1; WOW64) AppleWebKit/537.4 (KHTML, like Gecko) Chrome/22.0.1229.94 Safari/537.4"
5.9.49.41 - - [12/Dec/2013:12:49:55 +0100] "GET /js_contentserver24_greybox/loader_frame.html?s=0 HTTP/1.1" 200 2084 "http://www.mink-gmbh.de/" "Mozilla/5.0 (Windows NT 6.1; WOW64) AppleWebKit/537.4 (KHTML, like Gecko) Chrome/22.0.1229.94 Safari/537.4"
220.181.108.92 - - [12/Dec/2013:12:53:03 +0100] "GET / HTTP/1.1" 200 8904 "-" "Mozilla/5.0 (compatible; Baiduspider/2.0; +http://www.baidu.com/search/spider.html)"
123.125.71.30 - - [12/Dec/2013:12:57:46 +0100] "GET / HTTP/1.1" 200 12418 "-" "Mozilla/5.0 (compatible; Baiduspider/2.0; +http://www.baidu.com/search/spider.html)"
157.56.92.143 - - [12/Dec/2013:12:58:28 +0100] "GET /news.php?cs_go=archiv&cs_id=4704&cs_search= HTTP/1.1" 200 7528 "-" "Mozilla/5.0 (compatible; bingbot/2.0; +http://www.bing.com/bingbot.htm)"
141.8.147.12 - - [12/Dec/2013:13:37:36 +0100] "GET /news.php?cs_go=archiv&cs_id=4762 HTTP/1.1" 200 11485 "-" "Mozilla/5.0 (compatible; YandexBot/3.0; +http://yandex.com/bots)"
141.8.147.12 - - [12/Dec/2013:13:40:23 +0100] "GET /news.php?cs_go=archiv&cs_id=4763 HTTP/1.1" 200 7481 "-" "Mozilla/5.0 (compatible; YandexBot/3.0; +http://yandex.com/bots)"
157.55.34.93 - - [12/Dec/2013:13:42:45 +0100] "GET / HTTP/1.1" 200 12406 "-" "Mozilla/5.0 (compatible; bingbot/2.0; +http://www.bing.com/bingbot.htm)"
141.8.147.12 - - [12/Dec/2013:14:00:30 +0100] "GET / HTTP/1.1" 200 12406 "-" "Mozilla/5.0 (compatible; YandexBot/3.0; +http://yandex.com/bots)"
141.8.147.12 - - [12/Dec/2013:14:00:33 +0100] "GET /index.php HTTP/1.1" 200 12406 "-" "Mozilla/5.0 (compatible; YandexBot/3.0; +http://yandex.com/bots)"
141.8.147.12 - - [12/Dec/2013:14:00:36 +0100] "GET / HTTP/1.1" 200 12406 "-" "Mozilla/5.0 (compatible; YandexBot/3.0; +http://yandex.com/bots)"
141.8.147.12 - - [12/Dec/2013:14:00:38 +0100] "GET /index.php HTTP/1.1" 200 12406 "-" "Mozilla/5.0 (compatible; YandexBot/3.0; +http://yandex.com/bots)"
141.8.147.12 - - [12/Dec/2013:14:03:19 +0100] "GET /news.php?cs_go=archiv&cs_id=4764 HTTP/1.1" 200 11663 "-" "Mozilla/5.0 (compatible; YandexBot/3.0; +http://yandex.com/bots)"
141.8.147.12 - - [12/Dec/2013:14:32:42 +0100] "GET /news.php?cs_go=archiv&cs_id=4749&cs_search= HTTP/1.1" 200 11351 "-" "Mozilla/5.0 (compatible; YandexBot/3.0; +http://yandex.com/bots)"
141.8.147.12 - - [12/Dec/2013:14:35:02 +0100] "GET /news.php?cs_go=archiv&cs_id=4700&cs_search= HTTP/1.1" 200 11170 "-" "Mozilla/5.0 (compatible; YandexBot/3.0; +http://yandex.com/bots)"
141.8.147.12 - - [12/Dec/2013:14:37:17 +0100] "GET /news.php?cs_go=archiv&cs_id=4763&cs_search= HTTP/1.1" 200 7481 "-" "Mozilla/5.0 (compatible; YandexBot/3.0; +http://yandex.com/bots)"
141.8.147.12 - - [12/Dec/2013:14:39:29 +0100] "GET /news.php?cs_go=archiv&cs_id=4722&cs_search= HTTP/1.1" 200 11340 "-" "Mozilla/5.0 (compatible; YandexBot/3.0; +http://yandex.com/bots)"
141.8.147.12 - - [12/Dec/2013:14:41:38 +0100] "GET /news.php?cs_go=archiv&cs_id=4734&cs_search= HTTP/1.1" 200 7777 "-" "Mozilla/5.0 (compatible; YandexBot/3.0; +http://yandex.com/bots)"
208.115.111.75 - - [12/Dec/2013:14:43:40 +0100] "GET /robots.txt HTTP/1.1" 200 177 "-" "Mozilla/5.0 (compatible; Ezooms/1.0; help@moz.com)"
141.8.147.12 - - [12/Dec/2013:14:43:43 +0100] "GET /news.php?cs_go=archiv&cs_id=4736&cs_search= HTTP/1.1" 200 11535 "-" "Mozilla/5.0 (compatible; YandexBot/3.0; +http://yandex.com/bots)"
141.8.147.12 - - [12/Dec/2013:14:45:45 +0100] "GET /news.php?cs_go=archiv&cs_id=4745&cs_search= HTTP/1.1" 200 10004 "-" "Mozilla/5.0 (compatible; YandexBot/3.0; +http://yandex.com/bots)"
65.36.241.79 - - [12/Dec/2013:14:45:52 +0100] "HEAD / HTTP/1.1" 200 - "-" "InternetSeer.com"
141.8.147.12 - - [12/Dec/2013:14:47:43 +0100] "GET /news.php?cs_go=archiv&cs_id=4726&cs_search= HTTP/1.1" 200 11408 "-" "Mozilla/5.0 (compatible; YandexBot/3.0; +http://yandex.com/bots)"
208.115.113.91 - - [12/Dec/2013:14:50:53 +0100] "GET /news.php?cs_go=archiv&cs_startpos=160 HTTP/1.1" 200 20824 "-" "Mozilla/5.0 (compatible; Ezooms/1.0; help@moz.com)"
66.249.78.46 - - [12/Dec/2013:15:21:19 +0100] "GET /robots.txt HTTP/1.1" 200 177 "-" "Mozilla/5.0 (compatible; Googlebot/2.1; +http://www.google.com/bot.html)"
66.249.78.46 - - [12/Dec/2013:15:21:20 +0100] "GET /news.php?cs_go=archiv&cs_id=3566 HTTP/1.1" 200 7554 "-" "Mozilla/5.0 (compatible; Googlebot/2.1; +http://www.google.com/bot.html)"
93.205.122.52 - - [12/Dec/2013:15:42:05 +0100] "GET / HTTP/1.1" 200 12406 "-" "Mozilla/5.0 (Windows NT 6.1; rv:25.0) Gecko/20100101 Firefox/25.0"
93.205.122.52 - - [12/Dec/2013:15:42:08 +0100] "GET /images/logos.jpg?cache5024 HTTP/1.1" 200 35043 "http://www.mink-gmbh.de/" "Mozilla/5.0 (Windows NT 6.1; rv:25.0) Gecko/20100101 Firefox/25.0"
93.205.122.52 - - [12/Dec/2013:15:42:09 +0100] "GET /js_contentserver24_greybox/loader_frame.html?s=0 HTTP/1.1" 304 - "http://www.mink-gmbh.de/" "Mozilla/5.0 (Windows NT 6.1; rv:25.0) Gecko/20100101 Firefox/25.0"
93.205.122.52 - - [12/Dec/2013:15:42:38 +0100] "GET /news.php?cs_go=archiv&cs_id=4773 HTTP/1.1" 200 11615 "http://www.mink-gmbh.de/" "Mozilla/5.0 (Windows NT 6.1; rv:25.0) Gecko/20100101 Firefox/25.0"
66.249.78.46 - - [12/Dec/2013:15:48:32 +0100] "GET /style.css HTTP/1.1" 200 8402 "-" "Mozilla/5.0 (compatible; Googlebot/2.1; +http://www.google.com/bot.html)"
141.8.147.12 - - [12/Dec/2013:16:13:26 +0100] "GET /news.php?cs_go=archiv&cs_id=4740&cs_search= HTTP/1.1" 200 7550 "-" "Mozilla/5.0 (compatible; YandexBot/3.0; +http://yandex.com/bots)"
141.8.147.12 - - [12/Dec/2013:16:17:55 +0100] "GET /news.php?cs_go=archiv&cs_id=4737&cs_search= HTTP/1.1" 200 7515 "-" "Mozilla/5.0 (compatible; YandexBot/3.0; +http://yandex.com/bots)"
84.135.117.252 - - [12/Dec/2013:16:18:08 +0100] "GET /style.css HTTP/1.1" 200 8402 "http://www.mink-gmbh.de/" "Mozilla/5.0 (Windows NT 5.1; rv:26.0) Gecko/20100101 Firefox/26.0"
84.135.117.252 - - [12/Dec/2013:16:18:08 +0100] "GET /favicon.ico HTTP/1.1" 200 3638 "-" "Mozilla/5.0 (Windows NT 5.1; rv:26.0) Gecko/20100101 Firefox/26.0"
84.135.117.252 - - [12/Dec/2013:16:18:08 +0100] "GET /js_contentserver24_greybox/gb_styles.css HTTP/1.1" 200 2302 "http://www.mink-gmbh.de/" "Mozilla/5.0 (Windows NT 5.1; rv:26.0) Gecko/20100101 Firefox/26.0"
84.135.117.252 - - [12/Dec/2013:16:18:08 +0100] "GET /modul.css HTTP/1.1" 200 35038 "http://www.mink-gmbh.de/" "Mozilla/5.0 (Windows NT 5.1; rv:26.0) Gecko/20100101 Firefox/26.0"
84.135.117.252 - - [12/Dec/2013:16:18:11 +0100] "GET /js_contentserver24_greybox/AJS.js HTTP/1.1" 200 10396 "http://www.mink-gmbh.de/" "Mozilla/5.0 (Windows NT 5.1; rv:26.0) Gecko/20100101 Firefox/26.0"
84.135.117.252 - - [12/Dec/2013:16:18:11 +0100] "GET /js_contentserver24_greybox/AJS_fx.js HTTP/1.1" 200 3192 "http://www.mink-gmbh.de/" "Mozilla/5.0 (Windows NT 5.1; rv:26.0) Gecko/20100101 Firefox/26.0"
84.135.117.252 - - [12/Dec/2013:16:18:11 +0100] "GET /js_contentserver24_greybox/gb_scripts.js HTTP/1.1" 200 11913 "http://www.mink-gmbh.de/" "Mozilla/5.0 (Windows NT 5.1; rv:26.0) Gecko/20100101 Firefox/26.0"
84.135.117.252 - - [12/Dec/2013:16:18:11 +0100] "GET /images/bg.png HTTP/1.1" 200 922 "http://www.mink-gmbh.de/style.css" "Mozilla/5.0 (Windows NT 5.1; rv:26.0) Gecko/20100101 Firefox/26.0"
84.135.117.252 - - [12/Dec/2013:16:18:11 +0100] "GET /js_contentserver24_greybox/w_close.gif HTTP/1.1" 200 74 "http://www.mink-gmbh.de/" "Mozilla/5.0 (Windows NT 5.1; rv:26.0) Gecko/20100101 Firefox/26.0"
84.135.117.252 - - [12/Dec/2013:16:18:11 +0100] "GET /images/close.png HTTP/1.1" 200 703 "http://www.mink-gmbh.de/" "Mozilla/5.0 (Windows NT 5.1; rv:26.0) Gecko/20100101 Firefox/26.0"
84.135.117.252 - - [12/Dec/2013:16:18:11 +0100] "GET /images/newsletter_bg.jpg HTTP/1.1" 200 33610 "http://www.mink-gmbh.de/" "Mozilla/5.0 (Windows NT 5.1; rv:26.0) Gecko/20100101 Firefox/26.0"
84.135.117.252 - - [12/Dec/2013:16:18:11 +0100] "GET /images/newsletter.png HTTP/1.1" 200 14619 "http://www.mink-gmbh.de/style.css" "Mozilla/5.0 (Windows NT 5.1; rv:26.0) Gecko/20100101 Firefox/26.0"
84.135.117.252 - - [12/Dec/2013:16:18:11 +0100] "GET /images/wrapperbg.jpg HTTP/1.1" 200 27465 "http://www.mink-gmbh.de/style.css" "Mozilla/5.0 (Windows NT 5.1; rv:26.0) Gecko/20100101 Firefox/26.0"
84.135.117.252 - - [12/Dec/2013:16:18:11 +0100] "GET /images/header.jpg HTTP/1.1" 200 25189 "http://www.mink-gmbh.de/style.css" "Mozilla/5.0 (Windows NT 5.1; rv:26.0) Gecko/20100101 Firefox/26.0"
84.135.117.252 - - [12/Dec/2013:16:18:11 +0100] "GET /images/navibg.png HTTP/1.1" 200 2803 "http://www.mink-gmbh.de/style.css" "Mozilla/5.0 (Windows NT 5.1; rv:26.0) Gecko/20100101 Firefox/26.0"
84.135.117.252 - - [12/Dec/2013:16:18:12 +0100] "GET /images/steigend.png HTTP/1.1" 200 688 "http://www.mink-gmbh.de/modul.css" "Mozilla/5.0 (Windows NT 5.1; rv:26.0) Gecko/20100101 Firefox/26.0"
84.135.117.252 - - [12/Dec/2013:16:18:12 +0100] "GET /images/fallend.png HTTP/1.1" 200 713 "http://www.mink-gmbh.de/modul.css" "Mozilla/5.0 (Windows NT 5.1; rv:26.0) Gecko/20100101 Firefox/26.0"
84.135.117.252 - - [12/Dec/2013:16:18:12 +0100] "GET /js_contentserver24_greybox/loader_frame.html?s=0 HTTP/1.1" 200 2084 "http://www.mink-gmbh.de/" "Mozilla/5.0 (Windows NT 5.1; rv:26.0) Gecko/20100101 Firefox/26.0"
84.135.117.252 - - [12/Dec/2013:16:18:12 +0100] "GET /js_contentserver24_greybox/header_bg.gif HTTP/1.1" 200 1188 "http://www.mink-gmbh.de/" "Mozilla/5.0 (Windows NT 5.1; rv:26.0) Gecko/20100101 Firefox/26.0"
84.135.117.252 - - [12/Dec/2013:16:18:12 +0100] "GET /js_contentserver24_greybox/indicator.gif HTTP/1.1" 200 8238 "http://www.mink-gmbh.de/js_contentserver24_greybox/loader_frame.html?s=0" "Mozilla/5.0 (Windows NT 5.1; rv:26.0) Gecko/20100101 Firefox/26.0"
84.135.117.252 - - [12/Dec/2013:16:18:07 +0100] "GET / HTTP/1.1" 200 12406 "http://www.google.de/url?sa=t&rct=j&q=&esrc=s&source=web&cd=1&ved=0CDAQFjAA&url=http%3A%2F%2Fwww.mink-gmbh.de%2F&ei=gNOpUoz_C4vIsgacg4HQCQ&usg=AFQjCNFHX4Iglls9oo-KYXTmDUV_5KOVIg&bvm=bv.57967247,d.Yms" "Mozilla/5.0 (Windows NT 5.1; rv:26.0) Gecko/20100101 Firefox/26.0"
84.135.117.252 - - [12/Dec/2013:16:18:12 +0100] "GET /images/team-energie.png HTTP/1.1" 200 17383 "http://www.mink-gmbh.de/" "Mozilla/5.0 (Windows NT 5.1; rv:26.0) Gecko/20100101 Firefox/26.0"
84.135.117.252 - - [12/Dec/2013:16:18:12 +0100] "GET /images/tkw.jpg HTTP/1.1" 200 64031 "http://www.mink-gmbh.de/" "Mozilla/5.0 (Windows NT 5.1; rv:26.0) Gecko/20100101 Firefox/26.0"
84.135.117.252 - - [12/Dec/2013:16:18:12 +0100] "GET /images/freecall.jpg HTTP/1.1" 200 39195 "http://www.mink-gmbh.de/" "Mozilla/5.0 (Windows NT 5.1; rv:26.0) Gecko/20100101 Firefox/26.0"
84.135.117.252 - - [12/Dec/2013:16:18:13 +0100] "GET /images/mail.jpg HTTP/1.1" 200 12099 "http://www.mink-gmbh.de/" "Mozilla/5.0 (Windows NT 5.1; rv:26.0) Gecko/20100101 Firefox/26.0"
84.135.117.252 - - [12/Dec/2013:16:18:13 +0100] "GET /images/kwk.gif HTTP/1.1" 200 6403 "http://www.mink-gmbh.de/" "Mozilla/5.0 (Windows NT 5.1; rv:26.0) Gecko/20100101 Firefox/26.0"
84.135.117.252 - - [12/Dec/2013:16:18:13 +0100] "GET /images/wunschpreis.jpg HTTP/1.1" 200 16767 "http://www.mink-gmbh.de/" "Mozilla/5.0 (Windows NT 5.1; rv:26.0) Gecko/20100101 Firefox/26.0"
84.135.117.252 - - [12/Dec/2013:16:18:13 +0100] "GET /images/logos.jpg?cache1204 HTTP/1.1" 200 35043 "http://www.mink-gmbh.de/" "Mozilla/5.0 (Windows NT 5.1; rv:26.0) Gecko/20100101 Firefox/26.0"
84.135.117.252 - - [12/Dec/2013:16:18:13 +0100] "GET /images/mobil.jpg HTTP/1.1" 200 25293 "http://www.mink-gmbh.de/style.css" "Mozilla/5.0 (Windows NT 5.1; rv:26.0) Gecko/20100101 Firefox/26.0"
84.135.117.252 - - [12/Dec/2013:16:18:13 +0100] "GET /images/newsletter.jpg HTTP/1.1" 200 13130 "http://www.mink-gmbh.de/style.css" "Mozilla/5.0 (Windows NT 5.1; rv:26.0) Gecko/20100101 Firefox/26.0"
84.135.117.252 - - [12/Dec/2013:16:18:13 +0100] "GET /images/footerbg.jpg HTTP/1.1" 200 2184 "http://www.mink-gmbh.de/style.css" "Mozilla/5.0 (Windows NT 5.1; rv:26.0) Gecko/20100101 Firefox/26.0"
84.135.117.252 - - [12/Dec/2013:16:18:13 +0100] "GET /js_contentserver24_greybox/g_close.gif HTTP/1.1" 200 541 "http://www.mink-gmbh.de/" "Mozilla/5.0 (Windows NT 5.1; rv:26.0) Gecko/20100101 Firefox/26.0"
84.135.117.252 - - [12/Dec/2013:16:18:33 +0100] "GET /kontakt.php HTTP/1.1" 200 6966 "http://www.mink-gmbh.de/" "Mozilla/5.0 (Windows NT 5.1; rv:26.0) Gecko/20100101 Firefox/26.0"
84.135.117.252 - - [12/Dec/2013:16:18:33 +0100] "GET /images/logos.jpg HTTP/1.1" 200 35043 "http://www.mink-gmbh.de/kontakt.php" "Mozilla/5.0 (Windows NT 5.1; rv:26.0) Gecko/20100101 Firefox/26.0"
84.135.117.252 - - [12/Dec/2013:16:18:40 +0100] "GET /standard.php HTTP/1.1" 200 6770 "http://www.mink-gmbh.de/kontakt.php" "Mozilla/5.0 (Windows NT 5.1; rv:26.0) Gecko/20100101 Firefox/26.0"
84.135.117.252 - - [12/Dec/2013:16:18:58 +0100] "GET /impressum.php HTTP/1.1" 200 6306 "http://www.mink-gmbh.de/standard.php" "Mozilla/5.0 (Windows NT 5.1; rv:26.0) Gecko/20100101 Firefox/26.0"
84.135.117.252 - - [12/Dec/2013:16:26:32 +0100] "GET /standard.php HTTP/1.1" 200 6770 "http://www.mink-gmbh.de/impressum.php" "Mozilla/5.0 (Windows NT 5.1; rv:26.0) Gecko/20100101 Firefox/26.0"
66.249.78.46 - - [12/Dec/2013:16:33:15 +0100] "GET /images/tkw.jpg HTTP/1.1" 304 - "-" "Googlebot-Image/1.0"
208.115.111.75 - - [12/Dec/2013:16:35:00 +0100] "GET /news.php?cs_go=archiv&cs_id=4638&cs_search= HTTP/1.1" 200 11386 "-" "Mozilla/5.0 (compatible; Ezooms/1.0; help@moz.com)"
123.125.71.52 - - [12/Dec/2013:16:52:58 +0100] "GET / HTTP/1.1" 200 6597 "-" "Mozilla/5.0 (compatible; Baiduspider/2.0; +http://www.baidu.com/search/spider.html)"
220.181.108.96 - - [12/Dec/2013:16:55:42 +0100] "GET / HTTP/1.1" 200 8892 "-" "Mozilla/5.0 (compatible; Baiduspider/2.0; +http://www.baidu.com/search/spider.html)"
66.249.78.46 - - [12/Dec/2013:17:00:38 +0100] "GET /news.php?cs_go=archiv&cs_startpos=220 HTTP/1.1" 200 6150 "-" "SAMSUNG-SGH-E250/1.0 Profile/MIDP-2.0 Configuration/CLDC-1.1 UP.Browser/6.2.3.3.c.1.101 (GUI) MMP/2.0 (compatible; Googlebot-Mobile/2.1; +http://www.google.com/bot.html)"
66.249.78.46 - - [12/Dec/2013:17:08:43 +0100] "GET /images/logos.jpg?cache7622 HTTP/1.1" 200 35043 "-" "Googlebot-Image/1.0"
141.8.147.12 - - [12/Dec/2013:17:55:14 +0100] "GET /news.php?cs_go=archiv&cs_id=4739&cs_search= HTTP/1.1" 200 9839 "-" "Mozilla/5.0 (compatible; YandexBot/3.0; +http://yandex.com/bots)"
66.249.78.46 - - [12/Dec/2013:18:06:58 +0100] "GET / HTTP/1.1" 200 12406 "-" "Mozilla/5.0 (iPhone; CPU iPhone OS 6_0 like Mac OS X) AppleWebKit/536.26 (KHTML, like Gecko) Version/6.0 Mobile/10A5376e Safari/8536.25 (compatible; Googlebot-Mobile/2.1; +http://www.google.com/bot.html)"
66.249.78.46 - - [12/Dec/2013:18:13:42 +0100] "GET /lexikon.php?cs_go=3&cs_id=139 HTTP/1.1" 200 5758 "-" "Mozilla/5.0 (compatible; Googlebot/2.1; +http://www.google.com/bot.html)"
66.249.78.46 - - [12/Dec/2013:18:15:29 +0100] "GET /js_contentserver24_greybox/gb_styles.css HTTP/1.1" 200 2302 "-" "Mozilla/5.0 (compatible; Googlebot/2.1; +http://www.google.com/bot.html)"
144.76.95.39 - - [12/Dec/2013:18:40:16 +0100] "GET /robots.txt HTTP/1.0" 200 177 "-" "Mozilla/5.0 (compatible; MJ12bot/v1.4.4; http://www.majestic12.co.uk/bot.php?+)"
144.76.95.39 - - [12/Dec/2013:18:40:20 +0100] "GET /news.php?cs_go=archiv&cs_id=4352&cs_search= HTTP/1.0" 200 7716 "-" "Mozilla/5.0 (compatible; MJ12bot/v1.4.4; http://www.majestic12.co.uk/bot.php?+)"
144.76.95.39 - - [12/Dec/2013:18:40:23 +0100] "GET /news.php?cs_go=archiv&cs_id=4407&cs_search= HTTP/1.0" 200 9386 "-" "Mozilla/5.0 (compatible; MJ12bot/v1.4.4; http://www.majestic12.co.uk/bot.php?+)"
144.76.95.39 - - [12/Dec/2013:18:40:26 +0100] "GET /news.php?cs_go=archiv&cs_id=4426&cs_search= HTTP/1.0" 200 13794 "-" "Mozilla/5.0 (compatible; MJ12bot/v1.4.4; http://www.majestic12.co.uk/bot.php?+)"
144.76.95.39 - - [12/Dec/2013:18:40:30 +0100] "GET /news.php?cs_go=archiv&cs_id=4429&cs_search= HTTP/1.0" 200 7497 "-" "Mozilla/5.0 (compatible; MJ12bot/v1.4.4; http://www.majestic12.co.uk/bot.php?+)"
144.76.95.39 - - [12/Dec/2013:18:40:34 +0100] "GET /news.php?cs_go=archiv&cs_id=4430&cs_search= HTTP/1.0" 200 11561 "-" "Mozilla/5.0 (compatible; MJ12bot/v1.4.4; http://www.majestic12.co.uk/bot.php?+)"
144.76.95.39 - - [12/Dec/2013:18:40:39 +0100] "GET /robots.txt HTTP/1.0" 200 177 "-" "Mozilla/5.0 (compatible; MJ12bot/v1.4.4; http://www.majestic12.co.uk/bot.php?+)"
144.76.95.39 - - [12/Dec/2013:18:40:45 +0100] "GET /news.php?cs_go=archiv&cs_id=4556 HTTP/1.0" 200 7824 "-" "Mozilla/5.0 (compatible; MJ12bot/v1.4.4; http://www.majestic12.co.uk/bot.php?+)"
144.76.95.39 - - [12/Dec/2013:18:40:56 +0100] "GET /news.php?cs_go=archiv&cs_id=4557 HTTP/1.0" 200 7784 "-" "Mozilla/5.0 (compatible; MJ12bot/v1.4.4; http://www.majestic12.co.uk/bot.php?+)"
144.76.95.39 - - [12/Dec/2013:18:40:58 +0100] "GET /news.php?cs_go=archiv&cs_id=4567 HTTP/1.0" 200 9128 "-" "Mozilla/5.0 (compatible; MJ12bot/v1.4.4; http://www.majestic12.co.uk/bot.php?+)"
144.76.95.39 - - [12/Dec/2013:18:41:05 +0100] "GET /news.php?cs_go=archiv&cs_id=4568 HTTP/1.0" 200 9631 "-" "Mozilla/5.0 (compatible; MJ12bot/v1.4.4; http://www.majestic12.co.uk/bot.php?+)"
157.55.32.60 - - [12/Dec/2013:19:03:00 +0100] "GET /robots.txt HTTP/1.1" 200 177 "-" "Mozilla/5.0 (compatible; bingbot/2.0; +http://www.bing.com/bingbot.htm)"
157.55.32.60 - - [12/Dec/2013:19:12:58 +0100] "GET / HTTP/1.1" 200 12406 "-" "Mozilla/5.0 (compatible; bingbot/2.0; +http://www.bing.com/bingbot.htm)"
141.8.147.12 - - [12/Dec/2013:19:14:34 +0100] "GET /news.php HTTP/1.1" 200 19861 "-" "Mozilla/5.0 (compatible; YandexBot/3.0; +http://yandex.com/bots)"
66.249.78.46 - - [12/Dec/2013:19:30:05 +0100] "GET /lexikon.php?cs_go=3&cs_id=19 HTTP/1.1" 200 7531 "-" "Mozilla/5.0 (compatible; Googlebot/2.1; +http://www.google.com/bot.html)"
66.249.78.46 - - [12/Dec/2013:19:40:58 +0100] "GET /modul.css HTTP/1.1" 200 35038 "-" "Mozilla/5.0 (compatible; Googlebot/2.1; +http://www.google.com/bot.html)"
84.135.117.252 - - [12/Dec/2013:19:47:29 +0100] "GET /news.php HTTP/1.1" 200 19861 "http://www.mink-gmbh.de/standard.php" "Mozilla/5.0 (Windows NT 5.1; rv:26.0) Gecko/20100101 Firefox/26.0"
84.135.117.252 - - [12/Dec/2013:19:47:39 +0100] "GET /news.php?cs_go=archiv&cs_id=4773&cs_search= HTTP/1.1" 200 11615 "http://www.mink-gmbh.de/news.php" "Mozilla/5.0 (Windows NT 5.1; rv:26.0) Gecko/20100101 Firefox/26.0"
66.249.78.46 - - [12/Dec/2013:20:17:56 +0100] "GET /news.php?cs_go=archiv&cs_id=4762 HTTP/1.1" 200 11485 "-" "Mozilla/5.0 (iPhone; CPU iPhone OS 6_0 like Mac OS X) AppleWebKit/536.26 (KHTML, like Gecko) Version/6.0 Mobile/10A5376e Safari/8536.25 (compatible; Googlebot-Mobile/2.1; +http://www.google.com/bot.html)"
66.249.66.49 - - [12/Dec/2013:20:30:34 +0100] "GET /kontakt.php HTTP/1.1" 200 6966 "-" "DoCoMo/2.0 N905i(c100;TB;W24H16) (compatible; Googlebot-Mobile/2.1; +http://www.google.com/bot.html)"
85.13.131.53 - - [12/Dec/2013:20:45:51 +0100] "GET / HTTP/1.0" 200 1686 "-" "-"
65.36.241.79 - - [12/Dec/2013:21:06:57 +0100] "HEAD / HTTP/1.1" 200 - "-" "InternetSeer.com"
66.249.78.46 - - [12/Dec/2013:21:23:36 +0100] "GET /news.php?cs_go=archiv&cs_id=4443 HTTP/1.1" 200 7719 "-" "Mozilla/5.0 (iPhone; CPU iPhone OS 6_0 like Mac OS X) AppleWebKit/536.26 (KHTML, like Gecko) Version/6.0 Mobile/10A5376e Safari/8536.25 (compatible; Googlebot-Mobile/2.1; +http://www.google.com/bot.html)"
141.8.147.12 - - [12/Dec/2013:21:41:38 +0100] "GET /news.php?cs_go=archiv&cs_startpos=51 HTTP/1.1" 200 20419 "-" "Mozilla/5.0 (compatible; YandexBot/3.0; +http://yandex.com/bots)"
66.249.78.46 - - [12/Dec/2013:21:49:38 +0100] "GET /news.php?cs_go=archiv&cs_id=4758&cs_search= HTTP/1.1" 200 8181 "-" "Mozilla/5.0 (iPhone; CPU iPhone OS 6_0 like Mac OS X) AppleWebKit/536.26 (KHTML, like Gecko) Version/6.0 Mobile/10A5376e Safari/8536.25 (compatible; Googlebot-Mobile/2.1; +http://www.google.com/bot.html)"
157.55.33.19 - - [12/Dec/2013:22:34:08 +0100] "GET /robots.txt HTTP/1.1" 200 177 "-" "Mozilla/5.0 (compatible; bingbot/2.0; +http://www.bing.com/bingbot.htm)"
157.55.33.19 - - [12/Dec/2013:22:42:45 +0100] "GET /news.php?cs_go=archiv&cs_id=4351 HTTP/1.1" 200 11029 "-" "Mozilla/5.0 (compatible; bingbot/2.0; +http://www.bing.com/bingbot.htm)"
5.9.88.119 - - [12/Dec/2013:23:16:41 +0100] "GET /robots.txt HTTP/1.1" 200 177 "-" "Mozilla/5.0 (compatible; Infohelfer/1.3.3; +http://www.infohelfer.de/crawler.php)"
5.9.88.119 - - [12/Dec/2013:23:16:41 +0100] "GET /news.php?cs_go=archiv&cs_id=4655 HTTP/1.1" 200 11385 "-" "Mozilla/5.0 (compatible; Infohelfer/1.3.3; +http://www.infohelfer.de/crawler.php)"
157.55.32.94 - - [12/Dec/2013:23:39:23 +0100] "GET /robots.txt HTTP/1.1" 200 177 "-" "Mozilla/5.0 (compatible; bingbot/2.0; +http://www.bing.com/bingbot.htm)"
5.10.83.105 - - [12/Dec/2013:23:46:46 +0100] "GET /news.php?cs_go=archiv&cs_id=4766&cs_search= HTTP/1.1" 200 11327 "-" "Mozilla/5.0 (compatible; AhrefsBot/5.0; +http://ahrefs.com/robot/)"
65.36.241.175 - - [12/Dec/2013:23:48:09 +0100] "GET / HTTP/1.1" 200 12406 "-" "atwatch-bot"
123.125.71.35 - - [12/Dec/2013:23:51:32 +0100] "GET / HTTP/1.1" 200 6723 "-" "Mozilla/5.0 (compatible; Baiduspider/2.0; +http://www.baidu.com/search/spider.html)"
157.55.32.94 - - [12/Dec/2013:23:51:50 +0100] "GET /news.php?cs_go=archiv&cs_id=4703&cs_search= HTTP/1.1" 200 10966 "-" "Mozilla/5.0 (compatible; bingbot/2.0; +http://www.bing.com/bingbot.htm)"
220.181.108.92 - - [12/Dec/2013:23:52:10 +0100] "GET / HTTP/1.1" 200 7982 "-" "Mozilla/5.0 (compatible; Baiduspider/2.0; +http://www.baidu.com/search/spider.html)"
5.10.83.90 - - [13/Dec/2013:00:02:14 +0100] "GET /news.php?cs_go=archiv&cs_id=4769&cs_search= HTTP/1.1" 200 7668 "-" "Mozilla/5.0 (compatible; AhrefsBot/5.0; +http://ahrefs.com/robot/)"
144.76.95.231 - - [13/Dec/2013:00:16:07 +0100] "GET /robots.txt HTTP/1.0" 200 177 "-" "Mozilla/5.0 (compatible; MJ12bot/v1.4.4; http://www.majestic12.co.uk/bot.php?+)"
144.76.95.231 - - [13/Dec/2013:00:16:33 +0100] "GET /news.php?cs_go=archiv&cs_id=4555&cs_search= HTTP/1.0" 200 9452 "-" "Mozilla/5.0 (compatible; MJ12bot/v1.4.4; http://www.majestic12.co.uk/bot.php?+)"
144.76.95.231 - - [13/Dec/2013:00:17:10 +0100] "GET /news.php?cs_go=archiv&cs_id=4556&cs_search= HTTP/1.0" 200 7824 "-" "Mozilla/5.0 (compatible; MJ12bot/v1.4.4; http://www.majestic12.co.uk/bot.php?+)"
144.76.95.231 - - [13/Dec/2013:00:19:04 +0100] "GET /robots.txt HTTP/1.0" 200 177 "-" "Mozilla/5.0 (compatible; MJ12bot/v1.4.4; http://www.majestic12.co.uk/bot.php?+)"
144.76.95.231 - - [13/Dec/2013:00:19:34 +0100] "GET /news.php?cs_go=archiv&cs_id=4557&cs_search= HTTP/1.0" 200 7784 "-" "Mozilla/5.0 (compatible; MJ12bot/v1.4.4; http://www.majestic12.co.uk/bot.php?+)"
