66.249.78.46 - - [18/Dec/2013:01:39:36 +0100] "GET /news.php?cs_go=archiv&cs_id=4632 HTTP/1.1" 200 8146 "-" "Mozilla/5.0 (compatible; Googlebot/2.1; +http://www.google.com/bot.html)"
5.10.83.33 - - [18/Dec/2013:01:44:05 +0100] "GET /news.php?cs_go=archiv&cs_id=4752&cs_search= HTTP/1.1" 200 11598 "-" "Mozilla/5.0 (compatible; AhrefsBot/5.0; +http://ahrefs.com/robot/)"
157.55.32.227 - - [18/Dec/2013:01:53:07 +0100] "GET /robots.txt HTTP/1.1" 200 177 "-" "Mozilla/5.0 (compatible; bingbot/2.0; +http://www.bing.com/bingbot.htm)"
66.249.78.46 - - [18/Dec/2013:02:05:36 +0100] "GET /news.php?cs_go=archiv&cs_id=4773 HTTP/1.1" 200 11615 "-" "Mozilla/5.0 (iPhone; CPU iPhone OS 6_0 like Mac OS X) AppleWebKit/536.26 (KHTML, like Gecko) Version/6.0 Mobile/10A5376e Safari/8536.25 (compatible; Googlebot-Mobile/2.1; +http://www.google.com/bot.html)"
157.55.32.227 - - [18/Dec/2013:02:09:03 +0100] "GET / HTTP/1.1" 200 12420 "-" "Mozilla/5.0 (compatible; bingbot/2.0; +http://www.bing.com/bingbot.htm)"
130.149.225.146 - - [18/Dec/2013:02:12:00 +0100] "GET /robots.txt HTTP/1.0" 200 177 "-" "MiaDev/0.0.1 (MIA Bot for research project MIA (www.MIA-marktplatz.de); http://www.mia-marktplatz.de/spider; spider@mia-marktplatz.de)"
130.149.225.146 - - [18/Dec/2013:02:12:00 +0100] "GET /index.php HTTP/1.0" 200 12420 "-" "MiaDev/0.0.1 (MIA Bot for research project MIA (www.MIA-marktplatz.de); http://www.mia-marktplatz.de/spider; spider@mia-marktplatz.de)"
5.10.83.82 - - [18/Dec/2013:02:19:42 +0100] "GET /lexikon.php?cs_go=3&cs_id=209 HTTP/1.1" 200 5860 "-" "Mozilla/5.0 (compatible; AhrefsBot/5.0; +http://ahrefs.com/robot/)"
5.10.83.40 - - [18/Dec/2013:02:20:00 +0100] "GET /lexikon.php?cs_go=3&cs_id=225 HTTP/1.1" 200 5780 "-" "Mozilla/5.0 (compatible; AhrefsBot/5.0; +http://ahrefs.com/robot/)"
5.10.83.38 - - [18/Dec/2013:02:22:48 +0100] "GET /news.php?cs_go=archiv&cs_id=4599&cs_search= HTTP/1.1" 200 7509 "-" "Mozilla/5.0 (compatible; AhrefsBot/5.0; +http://ahrefs.com/robot/)"
5.10.83.40 - - [18/Dec/2013:02:25:59 +0100] "GET /news.php?cs_go=archiv&cs_id=4583&cs_search= HTTP/1.1" 200 13188 "-" "Mozilla/5.0 (compatible; AhrefsBot/5.0; +http://ahrefs.com/robot/)"
5.10.83.35 - - [18/Dec/2013:02:26:31 +0100] "GET /impressum.php HTTP/1.1" 200 6306 "-" "Mozilla/5.0 (compatible; AhrefsBot/5.0; +http://ahrefs.com/robot/)"
5.10.83.37 - - [18/Dec/2013:02:30:52 +0100] "GET /lexikon.php?cs_go=3&cs_id=175 HTTP/1.1" 200 5745 "-" "Mozilla/5.0 (compatible; AhrefsBot/5.0; +http://ahrefs.com/robot/)"
5.10.83.22 - - [18/Dec/2013:02:37:22 +0100] "GET /lexikon.php?cs_go=3&cs_id=13 HTTP/1.1" 200 5626 "-" "Mozilla/5.0 (compatible; AhrefsBot/5.0; +http://ahrefs.com/robot/)"
82.94.179.38 - - [18/Dec/2013:02:38:09 +0100] "GET /news.php?cs_go=archiv&cs_id=4779 HTTP/1.1" 200 11223 "-" "Mozilla/5.0 (X11; Linux i686; rv:6.0) Gecko/20100101 Firefox/6.0 (Freshbot/1.0/EU; http://webagent.wise-guys.nl/)"
66.249.78.46 - - [18/Dec/2013:02:38:23 +0100] "GET /news.php?cs_go=archiv&cs_id=3030&cs_search= HTTP/1.1" 200 10122 "-" "Mozilla/5.0 (compatible; Googlebot/2.1; +http://www.google.com/bot.html)"
5.10.83.101 - - [18/Dec/2013:02:40:55 +0100] "GET /lexikon.php HTTP/1.1" 200 8115 "-" "Mozilla/5.0 (compatible; AhrefsBot/5.0; +http://ahrefs.com/robot/)"
5.10.83.42 - - [18/Dec/2013:02:41:45 +0100] "GET /lexikon.php?cs_go=3&cs_id=94 HTTP/1.1" 200 6042 "-" "Mozilla/5.0 (compatible; AhrefsBot/5.0; +http://ahrefs.com/robot/)"
82.94.179.38 - - [18/Dec/2013:02:46:32 +0100] "GET /news.php?cs_go=archiv&cs_id=4744 HTTP/1.1" 200 9246 "-" "Mozilla/5.0 (X11; Linux i686; rv:6.0) Gecko/20100101 Firefox/6.0 (Freshbot/1.0/EU; http://webagent.wise-guys.nl/)"
5.10.83.37 - - [18/Dec/2013:02:50:25 +0100] "GET /news.php?cs_go=archiv&cs_id=4609&cs_search= HTTP/1.1" 200 13895 "-" "Mozilla/5.0 (compatible; AhrefsBot/5.0; +http://ahrefs.com/robot/)"
208.115.111.75 - - [18/Dec/2013:02:51:28 +0100] "GET /robots.txt HTTP/1.1" 200 177 "-" "Mozilla/5.0 (compatible; Ezooms/1.0; help@moz.com)"
5.10.83.38 - - [18/Dec/2013:02:52:23 +0100] "GET /lexikon.php?cs_go=3&cs_id=226 HTTP/1.1" 200 6317 "-" "Mozilla/5.0 (compatible; AhrefsBot/5.0; +http://ahrefs.com/robot/)"
82.94.179.38 - - [18/Dec/2013:02:54:38 +0100] "GET /news.php?cs_go=archiv&cs_id=4778 HTTP/1.1" 200 7637 "-" "Mozilla/5.0 (X11; Linux i686; rv:6.0) Gecko/20100101 Firefox/6.0 (Freshbot/1.0/EU; http://webagent.wise-guys.nl/)"
65.36.241.79 - - [18/Dec/2013:02:55:40 +0100] "HEAD / HTTP/1.1" 200 - "-" "InternetSeer.com"
5.10.83.50 - - [18/Dec/2013:03:06:35 +0100] "GET /lexikon.php?cs_go=3&cs_id=97 HTTP/1.1" 200 9039 "-" "Mozilla/5.0 (compatible; AhrefsBot/5.0; +http://ahrefs.com/robot/)"
5.10.83.92 - - [18/Dec/2013:03:20:44 +0100] "GET /lexikon.php?cs_go=2&cs_char=j HTTP/1.1" 200 5379 "-" "Mozilla/5.0 (compatible; AhrefsBot/5.0; +http://ahrefs.com/robot/)"
66.249.78.46 - - [18/Dec/2013:03:22:29 +0100] "GET /news.php?cs_go=archiv&cs_startpos=250 HTTP/1.1" 200 5874 "-" "Mozilla/5.0 (compatible; Googlebot/2.1; +http://www.google.com/bot.html)"
66.249.78.46 - - [18/Dec/2013:03:30:25 +0100] "GET /news.php?cs_go=archiv&cs_id=4031 HTTP/1.1" 200 7904 "-" "SAMSUNG-SGH-E250/1.0 Profile/MIDP-2.0 Configuration/CLDC-1.1 UP.Browser/6.2.3.3.c.1.101 (GUI) MMP/2.0 (compatible; Googlebot-Mobile/2.1; +http://www.google.com/bot.html)"
5.10.83.50 - - [18/Dec/2013:03:34:48 +0100] "GET /news.php?cs_go=archiv&cs_id=4605&cs_search= HTTP/1.1" 200 7667 "-" "Mozilla/5.0 (compatible; AhrefsBot/5.0; +http://ahrefs.com/robot/)"
5.10.83.40 - - [18/Dec/2013:03:35:12 +0100] "GET /lexikon.php?cs_go=2&cs_char=l HTTP/1.1" 200 6337 "-" "Mozilla/5.0 (compatible; AhrefsBot/5.0; +http://ahrefs.com/robot/)"
5.10.83.35 - - [18/Dec/2013:03:37:57 +0100] "GET /news.php?cs_go=archiv&cs_startpos=120 HTTP/1.1" 200 20286 "-" "Mozilla/5.0 (compatible; AhrefsBot/5.0; +http://ahrefs.com/robot/)"
5.10.83.40 - - [18/Dec/2013:03:38:10 +0100] "GET /news.php?cs_go=archiv&cs_id=4596&cs_search= HTTP/1.1" 200 9389 "-" "Mozilla/5.0 (compatible; AhrefsBot/5.0; +http://ahrefs.com/robot/)"
5.10.83.37 - - [18/Dec/2013:03:38:31 +0100] "GET /lexikon.php?cs_go=3&cs_id=36 HTTP/1.1" 200 6284 "-" "Mozilla/5.0 (compatible; AhrefsBot/5.0; +http://ahrefs.com/robot/)"
62.210.180.134 - - [18/Dec/2013:03:43:14 +0100] "GET /js_contentserver24_greybox/AJS_fx.js HTTP/1.1" 200 3192 "http://www.mink-gmbh.de/" "Mozilla/5.0 (X11; Linux x86_64) AppleWebKit/534.34 (KHTML, like Gecko) Qt/4.8.1 Safari/534.34"
62.210.180.134 - - [18/Dec/2013:03:43:14 +0100] "GET /js_contentserver24_greybox/AJS.js HTTP/1.1" 200 10396 "http://www.mink-gmbh.de/" "Mozilla/5.0 (X11; Linux x86_64) AppleWebKit/534.34 (KHTML, like Gecko) Qt/4.8.1 Safari/534.34"
62.210.180.134 - - [18/Dec/2013:03:43:14 +0100] "GET /js_contentserver24_greybox/gb_scripts.js HTTP/1.1" 200 11913 "http://www.mink-gmbh.de/" "Mozilla/5.0 (X11; Linux x86_64) AppleWebKit/534.34 (KHTML, like Gecko) Qt/4.8.1 Safari/534.34"
62.210.180.134 - - [18/Dec/2013:03:43:14 +0100] "GET / HTTP/1.1" 200 12420 "-" "Mozilla/5.0 (X11; Linux x86_64) AppleWebKit/534.34 (KHTML, like Gecko) Qt/4.8.1 Safari/534.34"
62.210.180.134 - - [18/Dec/2013:03:43:15 +0100] "GET /js_contentserver24_greybox/loader_frame.html?s=0 HTTP/1.1" 200 2084 "http://www.mink-gmbh.de/" "Mozilla/5.0 (X11; Linux x86_64) AppleWebKit/534.34 (KHTML, like Gecko) Qt/4.8.1 Safari/534.34"
5.10.83.50 - - [18/Dec/2013:03:43:22 +0100] "GET /lexikon.php?cs_go=3&cs_id=173 HTTP/1.1" 200 6223 "-" "Mozilla/5.0 (compatible; AhrefsBot/5.0; +http://ahrefs.com/robot/)"
5.10.83.92 - - [18/Dec/2013:03:50:49 +0100] "GET /news.php?cs_go=archiv&cs_id=4489&cs_search= HTTP/1.1" 200 12037 "-" "Mozilla/5.0 (compatible; AhrefsBot/5.0; +http://ahrefs.com/robot/)"
5.10.83.101 - - [18/Dec/2013:03:51:14 +0100] "GET /lexikon.php?cs_go=3&cs_id=45 HTTP/1.1" 200 5560 "-" "Mozilla/5.0 (compatible; AhrefsBot/5.0; +http://ahrefs.com/robot/)"
5.10.83.35 - - [18/Dec/2013:03:56:24 +0100] "GET /lexikon.php?cs_go=3&cs_id=193 HTTP/1.1" 200 5569 "-" "Mozilla/5.0 (compatible; AhrefsBot/5.0; +http://ahrefs.com/robot/)"
5.10.83.101 - - [18/Dec/2013:03:56:44 +0100] "GET /lexikon.php?cs_go=3&cs_id=15 HTTP/1.1" 200 5641 "-" "Mozilla/5.0 (compatible; AhrefsBot/5.0; +http://ahrefs.com/robot/)"
5.10.83.35 - - [18/Dec/2013:04:12:13 +0100] "GET /news.php?cs_go=archiv&cs_id=4548&cs_search= HTTP/1.1" 200 11777 "-" "Mozilla/5.0 (compatible; AhrefsBot/5.0; +http://ahrefs.com/robot/)"
85.25.100.239 - - [18/Dec/2013:04:18:19 +0100] "GET /agb.php HTTP/1.1" 200 17543 "-" "Mozilla/4.0 (compatible; MSIE 6.0; Windows 98; Win 9x4.90)"
5.10.83.33 - - [18/Dec/2013:04:20:45 +0100] "GET /news.php?cs_go=archiv&cs_id=4554&cs_search= HTTP/1.1" 200 9166 "-" "Mozilla/5.0 (compatible; AhrefsBot/5.0; +http://ahrefs.com/robot/)"
5.10.83.35 - - [18/Dec/2013:04:36:15 +0100] "GET /lexikon.php?cs_go=3&cs_id=86 HTTP/1.1" 200 5817 "-" "Mozilla/5.0 (compatible; AhrefsBot/5.0; +http://ahrefs.com/robot/)"
5.10.83.92 - - [18/Dec/2013:04:39:00 +0100] "GET /lexikon.php?cs_go=2&cs_char=s HTTP/1.1" 200 7632 "-" "Mozilla/5.0 (compatible; AhrefsBot/5.0; +http://ahrefs.com/robot/)"
66.249.78.46 - - [18/Dec/2013:05:07:48 +0100] "GET /news.php?cs_go=archiv&cs_startpos=120 HTTP/1.1" 200 20286 "-" "Mozilla/5.0 (compatible; Googlebot/2.1; +http://www.google.com/bot.html)"
5.10.83.22 - - [18/Dec/2013:05:08:07 +0100] "GET /kwk.php?cs_go=3 HTTP/1.1" 200 7848 "-" "Mozilla/5.0 (compatible; AhrefsBot/5.0; +http://ahrefs.com/robot/)"
208.115.111.75 - - [18/Dec/2013:05:11:02 +0100] "GET /robots.txt HTTP/1.1" 200 177 "-" "Mozilla/5.0 (compatible; Ezooms/1.0; help@moz.com)"
66.249.78.46 - - [18/Dec/2013:05:16:03 +0100] "GET /news.php?cs_go=archiv&cs_id=4648&cs_search= HTTP/1.1" 200 9572 "-" "Mozilla/5.0 (compatible; Googlebot/2.1; +http://www.google.com/bot.html)"
66.249.78.46 - - [18/Dec/2013:05:16:04 +0100] "GET /news.php?cs_go=archiv&cs_id=4653&cs_search= HTTP/1.1" 200 7521 "-" "Mozilla/5.0 (compatible; Googlebot/2.1; +http://www.google.com/bot.html)"
5.10.83.50 - - [18/Dec/2013:05:21:19 +0100] "GET /news.php?cs_go=archiv&cs_id=4703&cs_search= HTTP/1.1" 200 10966 "-" "Mozilla/5.0 (compatible; AhrefsBot/5.0; +http://ahrefs.com/robot/)"
5.10.83.40 - - [18/Dec/2013:05:24:19 +0100] "GET /lexikon.php?cs_go=3&cs_id=4 HTTP/1.1" 200 5753 "-" "Mozilla/5.0 (compatible; AhrefsBot/5.0; +http://ahrefs.com/robot/)"
5.10.83.35 - - [18/Dec/2013:05:36:33 +0100] "GET /news.php?cs_go=archiv&cs_id=4494&cs_search= HTTP/1.1" 200 11100 "-" "Mozilla/5.0 (compatible; AhrefsBot/5.0; +http://ahrefs.com/robot/)"
5.10.83.22 - - [18/Dec/2013:05:46:07 +0100] "GET /lexikon.php?cs_go=3&cs_id=100 HTTP/1.1" 200 6264 "-" "Mozilla/5.0 (compatible; AhrefsBot/5.0; +http://ahrefs.com/robot/)"
66.249.78.46 - - [18/Dec/2013:05:49:39 +0100] "GET /lexikon.php?cs_go=2&cs_char=e HTTP/1.1" 200 6643 "-" "Mozilla/5.0 (compatible; Googlebot/2.1; +http://www.google.com/bot.html)"
5.10.83.101 - - [18/Dec/2013:05:54:15 +0100] "GET /news.php?cs_go=archiv&cs_id=4710&cs_search= HTTP/1.1" 200 10767 "-" "Mozilla/5.0 (compatible; AhrefsBot/5.0; +http://ahrefs.com/robot/)"
66.249.78.46 - - [18/Dec/2013:05:54:43 +0100] "GET /lexikon.php?cs_go=3&cs_id=56 HTTP/1.1" 200 5568 "-" "Mozilla/5.0 (compatible; Googlebot/2.1; +http://www.google.com/bot.html)"
66.249.78.46 - - [18/Dec/2013:05:54:44 +0100] "GET /lexikon.php?cs_go=3&cs_id=59 HTTP/1.1" 200 6273 "-" "Mozilla/5.0 (compatible; Googlebot/2.1; +http://www.google.com/bot.html)"
66.249.78.46 - - [18/Dec/2013:05:54:44 +0100] "GET /lexikon.php?cs_go=3&cs_id=128 HTTP/1.1" 200 6057 "-" "Mozilla/5.0 (compatible; Googlebot/2.1; +http://www.google.com/bot.html)"
66.249.78.46 - - [18/Dec/2013:05:54:45 +0100] "GET /lexikon.php?cs_go=3&cs_id=62 HTTP/1.1" 200 6132 "-" "Mozilla/5.0 (compatible; Googlebot/2.1; +http://www.google.com/bot.html)"
66.249.78.46 - - [18/Dec/2013:05:54:46 +0100] "GET /lexikon.php?cs_go=3&cs_id=64 HTTP/1.1" 200 6293 "-" "Mozilla/5.0 (compatible; Googlebot/2.1; +http://www.google.com/bot.html)"
5.10.83.40 - - [18/Dec/2013:06:05:37 +0100] "GET /news.php?cs_go=archiv&cs_startpos=20 HTTP/1.1" 200 20163 "-" "Mozilla/5.0 (compatible; AhrefsBot/5.0; +http://ahrefs.com/robot/)"
5.10.83.101 - - [18/Dec/2013:06:06:02 +0100] "GET /.php HTTP/1.1" 404 - "-" "Mozilla/5.0 (compatible; AhrefsBot/5.0; +http://ahrefs.com/robot/)"
5.10.83.50 - - [18/Dec/2013:06:11:51 +0100] "GET /lexikon.php?cs_go=3&cs_id=220 HTTP/1.1" 200 5585 "-" "Mozilla/5.0 (compatible; AhrefsBot/5.0; +http://ahrefs.com/robot/)"
5.10.83.101 - - [18/Dec/2013:06:12:01 +0100] "GET /lexikon.php?cs_go=3&cs_id=129 HTTP/1.1" 200 6211 "-" "Mozilla/5.0 (compatible; AhrefsBot/5.0; +http://ahrefs.com/robot/)"
66.249.78.46 - - [18/Dec/2013:06:31:48 +0100] "GET /modul.css HTTP/1.1" 200 35038 "-" "Mozilla/5.0 (compatible; Googlebot/2.1; +http://www.google.com/bot.html)"
5.10.83.40 - - [18/Dec/2013:06:36:43 +0100] "GET /lexikon.php?cs_go=3&cs_id=151 HTTP/1.1" 200 6247 "-" "Mozilla/5.0 (compatible; AhrefsBot/5.0; +http://ahrefs.com/robot/)"
66.249.78.46 - - [18/Dec/2013:06:39:05 +0100] "GET /news.php?cs_go=archiv&cs_id=2774&cs_search= HTTP/1.1" 200 8242 "-" "Mozilla/5.0 (compatible; Googlebot/2.1; +http://www.google.com/bot.html)"
66.249.78.46 - - [18/Dec/2013:06:44:10 +0100] "GET /news.php?cs_go=archiv&cs_id=4459 HTTP/1.1" 200 7529 "-" "Mozilla/5.0 (iPhone; CPU iPhone OS 6_0 like Mac OS X) AppleWebKit/536.26 (KHTML, like Gecko) Version/6.0 Mobile/10A5376e Safari/8536.25 (compatible; Googlebot-Mobile/2.1; +http://www.google.com/bot.html)"
5.10.83.42 - - [18/Dec/2013:06:52:13 +0100] "GET /lexikon.php?cs_go=3&cs_id=229 HTTP/1.1" 200 5560 "-" "Mozilla/5.0 (compatible; AhrefsBot/5.0; +http://ahrefs.com/robot/)"
5.10.83.101 - - [18/Dec/2013:07:00:57 +0100] "GET /lexikon.php?cs_go=3&cs_id=40 HTTP/1.1" 200 9671 "-" "Mozilla/5.0 (compatible; AhrefsBot/5.0; +http://ahrefs.com/robot/)"
66.249.78.46 - - [18/Dec/2013:07:03:33 +0100] "GET / HTTP/1.1" 200 12420 "-" "Mozilla/5.0 (compatible; Googlebot/2.1; +http://www.google.com/bot.html)"
66.249.78.46 - - [18/Dec/2013:07:05:32 +0100] "GET /news.php?cs_go=archiv&cs_id=4777 HTTP/1.1" 200 11430 "-" "Mozilla/5.0 (compatible; Googlebot/2.1; +http://www.google.com/bot.html)"
66.249.78.46 - - [18/Dec/2013:07:07:01 +0100] "GET /news.php?cs_go=archiv&cs_id=4744 HTTP/1.1" 200 9246 "-" "Mozilla/5.0 (compatible; Googlebot/2.1; +http://www.google.com/bot.html)"
66.249.78.46 - - [18/Dec/2013:07:09:04 +0100] "GET /news.php?cs_go=archiv&cs_id=4779 HTTP/1.1" 200 11223 "-" "Mozilla/5.0 (compatible; Googlebot/2.1; +http://www.google.com/bot.html)"
66.249.78.46 - - [18/Dec/2013:07:11:05 +0100] "GET /news.php?cs_go=archiv&cs_id=4778 HTTP/1.1" 200 7637 "-" "Mozilla/5.0 (compatible; Googlebot/2.1; +http://www.google.com/bot.html)"
5.10.83.38 - - [18/Dec/2013:07:22:45 +0100] "GET /news.php?cs_go=archiv&cs_id=4704&cs_search= HTTP/1.1" 200 7528 "-" "Mozilla/5.0 (compatible; AhrefsBot/5.0; +http://ahrefs.com/robot/)"
5.10.83.33 - - [18/Dec/2013:07:24:09 +0100] "GET /news.php?cs_go=archiv&cs_id=4668&cs_search= HTTP/1.1" 200 7860 "-" "Mozilla/5.0 (compatible; AhrefsBot/5.0; +http://ahrefs.com/robot/)"
66.249.78.46 - - [18/Dec/2013:07:28:33 +0100] "GET /js_contentserver24_greybox/gb_styles.css HTTP/1.1" 200 2302 "-" "Mozilla/5.0 (compatible; Googlebot/2.1; +http://www.google.com/bot.html)"
5.10.83.40 - - [18/Dec/2013:07:30:51 +0100] "GET /news.php?cs_go=archiv&cs_startpos=160 HTTP/1.1" 200 20699 "-" "Mozilla/5.0 (compatible; AhrefsBot/5.0; +http://ahrefs.com/robot/)"
5.10.83.38 - - [18/Dec/2013:07:38:23 +0100] "GET /lexikon.php?cs_go=3&cs_id=185 HTTP/1.1" 200 5910 "-" "Mozilla/5.0 (compatible; AhrefsBot/5.0; +http://ahrefs.com/robot/)"
5.10.83.42 - - [18/Dec/2013:07:39:12 +0100] "GET /news.php?cs_go=archiv&cs_id=4737&cs_search= HTTP/1.1" 200 7515 "-" "Mozilla/5.0 (compatible; AhrefsBot/5.0; +http://ahrefs.com/robot/)"
27.153.161.235 - - [18/Dec/2013:07:46:07 +0100] "GET /news.php?cs_go=archiv&cs_id=4112&cs_search= HTTP/1.0" 200 9435 "http://www.mink-gmbh.de/news.php?cs_go=archiv&cs_id=4112&cs_search=" "Mozilla/5.0 (Windows NT 6.1) AppleWebKit/537.4 (KHTML, like Gecko) Chrome/22.0.1229.94 Safari/537.4"
66.249.78.46 - - [18/Dec/2013:07:51:17 +0100] "GET /news.php?cs_go=archiv&cs_id=3230&cs_search= HTTP/1.1" 200 10878 "-" "Mozilla/5.0 (compatible; Googlebot/2.1; +http://www.google.com/bot.html)"
66.249.78.46 - - [18/Dec/2013:07:53:48 +0100] "GET /news.php?cs_go=archiv&cs_id=4775 HTTP/1.1" 200 11726 "-" "Mozilla/5.0 (iPhone; CPU iPhone OS 6_0 like Mac OS X) AppleWebKit/536.26 (KHTML, like Gecko) Version/6.0 Mobile/10A5376e Safari/8536.25 (compatible; Googlebot-Mobile/2.1; +http://www.google.com/bot.html)"
110.85.71.123 - - [18/Dec/2013:07:56:43 +0100] "GET /news.php?cs_go=archiv&cs_id=4112&cs_search= HTTP/1.0" 200 9435 "http://www.mink-gmbh.de/news.php?cs_go=archiv&cs_id=4112&cs_search=" "Mozilla/5.0 (Windows NT 6.1; rv:10.0) Gecko/20100101 Firefox/10.0"
193.111.141.44 - - [18/Dec/2013:08:03:27 +0100] "GET /edl.php HTTP/1.1" 200 8596 "-" "Mozilla/5.0 (X11; Linux i686; rv:6.0) Gecko/20100101 Firefox/6.0"
193.111.141.44 - - [18/Dec/2013:08:01:26 +0100] "GET /edl.php HTTP/1.1" 200 8596 "-" "Mozilla/5.0 (X11; Linux i686; rv:6.0) Gecko/20100101 Firefox/6.0"
193.111.141.44 - - [18/Dec/2013:08:01:56 +0100] "GET / HTTP/1.1" 200 12392 "-" "Mozilla/5.0 (X11; Linux i686; rv:6.0) Gecko/20100101 Firefox/6.0"
193.111.141.44 - - [18/Dec/2013:08:06:28 +0100] "GET /impressum.php HTTP/1.1" 200 6306 "-" "Mozilla/5.0 (X11; Linux i686; rv:6.0) Gecko/20100101 Firefox/6.0"
65.36.241.79 - - [18/Dec/2013:08:07:26 +0100] "HEAD / HTTP/1.1" 200 - "-" "InternetSeer.com"
5.10.83.101 - - [18/Dec/2013:08:09:25 +0100] "GET /lexikon.php?cs_go=3&cs_id=8 HTTP/1.1" 200 6791 "-" "Mozilla/5.0 (compatible; AhrefsBot/5.0; +http://ahrefs.com/robot/)"
5.10.83.92 - - [18/Dec/2013:08:14:14 +0100] "GET /lexikon.php?cs_go=3&cs_id=227 HTTP/1.1" 200 6241 "-" "Mozilla/5.0 (compatible; AhrefsBot/5.0; +http://ahrefs.com/robot/)"
193.111.141.44 - - [18/Dec/2013:08:14:39 +0100] "GET / HTTP/1.1" 200 12392 "-" "Mozilla/5.0 (X11; Linux i686; rv:6.0) Gecko/20100101 Firefox/6.0"
193.111.141.44 - - [18/Dec/2013:08:15:26 +0100] "GET /impressum.php HTTP/1.1" 200 6306 "-" "Mozilla/5.0 (X11; Linux i686; rv:6.0) Gecko/20100101 Firefox/6.0"
193.111.141.44 - - [18/Dec/2013:08:15:42 +0100] "GET /edl.php HTTP/1.1" 200 8596 "-" "Mozilla/5.0 (X11; Linux i686; rv:6.0) Gecko/20100101 Firefox/6.0"
193.111.141.44 - - [18/Dec/2013:08:15:47 +0100] "GET / HTTP/1.1" 200 12392 "-" "Mozilla/5.0 (X11; Linux i686; rv:6.0) Gecko/20100101 Firefox/6.0"
193.111.141.44 - - [18/Dec/2013:08:16:02 +0100] "GET / HTTP/1.1" 200 12392 "-" "Mozilla/5.0 (X11; Linux i686; rv:6.0) Gecko/20100101 Firefox/6.0"
193.111.141.44 - - [18/Dec/2013:08:16:16 +0100] "GET /impressum.php HTTP/1.1" 200 6306 "-" "Mozilla/5.0 (X11; Linux i686; rv:6.0) Gecko/20100101 Firefox/6.0"
193.111.141.44 - - [18/Dec/2013:08:16:29 +0100] "GET /impressum.php HTTP/1.1" 200 6306 "-" "Mozilla/5.0 (X11; Linux i686; rv:6.0) Gecko/20100101 Firefox/6.0"
193.111.141.44 - - [18/Dec/2013:08:17:22 +0100] "GET /edl.php HTTP/1.1" 200 8596 "-" "Mozilla/5.0 (X11; Linux i686; rv:6.0) Gecko/20100101 Firefox/6.0"
193.111.141.44 - - [18/Dec/2013:08:17:36 +0100] "GET /edl.php HTTP/1.1" 200 8596 "-" "Mozilla/5.0 (X11; Linux i686; rv:6.0) Gecko/20100101 Firefox/6.0"
5.10.83.58 - - [18/Dec/2013:08:28:52 +0100] "GET /lexikon.php?cs_go=2&cs_char=x HTTP/1.1" 200 6174 "-" "Mozilla/5.0 (compatible; AhrefsBot/5.0; +http://ahrefs.com/robot/)"
5.10.83.35 - - [18/Dec/2013:08:30:40 +0100] "GET /news.php?cs_go=archiv&cs_startpos=141 HTTP/1.1" 200 20419 "-" "Mozilla/5.0 (compatible; AhrefsBot/5.0; +http://ahrefs.com/robot/)"
208.115.111.75 - - [18/Dec/2013:08:31:30 +0100] "GET /modernisierung.php HTTP/1.1" 200 9252 "-" "Mozilla/5.0 (compatible; Ezooms/1.0; help@moz.com)"
5.10.83.101 - - [18/Dec/2013:08:36:16 +0100] "GET /news.php?cs_go=archiv&cs_startpos=0 HTTP/1.1" 200 19741 "-" "Mozilla/5.0 (compatible; AhrefsBot/5.0; +http://ahrefs.com/robot/)"
5.10.83.82 - - [18/Dec/2013:08:40:36 +0100] "GET /lexikon.php?cs_go=3&cs_id=203 HTTP/1.1" 200 6374 "-" "Mozilla/5.0 (compatible; AhrefsBot/5.0; +http://ahrefs.com/robot/)"
5.10.83.22 - - [18/Dec/2013:08:45:29 +0100] "GET /lexikon.php?cs_go=3&cs_id=187 HTTP/1.1" 200 6067 "-" "Mozilla/5.0 (compatible; AhrefsBot/5.0; +http://ahrefs.com/robot/)"
5.10.83.35 - - [18/Dec/2013:08:52:01 +0100] "GET /lexikon.php?cs_go=3&cs_id=166 HTTP/1.1" 200 6755 "-" "Mozilla/5.0 (compatible; AhrefsBot/5.0; +http://ahrefs.com/robot/)"
5.10.83.50 - - [18/Dec/2013:08:58:05 +0100] "GET /news.php?cs_go=archiv&cs_id=4711&cs_search= HTTP/1.1" 200 7882 "-" "Mozilla/5.0 (compatible; AhrefsBot/5.0; +http://ahrefs.com/robot/)"
5.10.83.42 - - [18/Dec/2013:09:07:02 +0100] "GET /newsletter.php HTTP/1.1" 200 6492 "-" "Mozilla/5.0 (compatible; AhrefsBot/5.0; +http://ahrefs.com/robot/)"
5.10.83.40 - - [18/Dec/2013:09:07:12 +0100] "GET /lexikon.php?cs_go=3&cs_id=93 HTTP/1.1" 200 5555 "-" "Mozilla/5.0 (compatible; AhrefsBot/5.0; +http://ahrefs.com/robot/)"
5.10.83.101 - - [18/Dec/2013:09:11:22 +0100] "GET /news.php?cs_go=archiv&cs_id=4562&cs_search= HTTP/1.1" 200 11648 "-" "Mozilla/5.0 (compatible; AhrefsBot/5.0; +http://ahrefs.com/robot/)"
5.10.83.82 - - [18/Dec/2013:09:37:03 +0100] "GET /lexikon.php?cs_go=3&cs_id=169 HTTP/1.1" 200 5599 "-" "Mozilla/5.0 (compatible; AhrefsBot/5.0; +http://ahrefs.com/robot/)"
66.249.78.46 - - [18/Dec/2013:09:43:42 +0100] "GET /news.php?cs_go=archiv&cs_id=2927 HTTP/1.1" 200 11461 "-" "Mozilla/5.0 (compatible; Googlebot/2.1; +http://www.google.com/bot.html)"
5.10.83.33 - - [18/Dec/2013:09:44:11 +0100] "GET /news.php?cs_go=archiv&cs_id=4675&cs_search= HTTP/1.1" 200 8871 "-" "Mozilla/5.0 (compatible; AhrefsBot/5.0; +http://ahrefs.com/robot/)"
5.10.83.82 - - [18/Dec/2013:10:08:03 +0100] "GET /news.php?cs_go=archiv&cs_startpos=110 HTTP/1.1" 200 20201 "-" "Mozilla/5.0 (compatible; AhrefsBot/5.0; +http://ahrefs.com/robot/)"
5.10.83.38 - - [18/Dec/2013:10:27:25 +0100] "GET /news.php?cs_go=archiv&cs_id=4734&cs_search= HTTP/1.1" 200 7777 "-" "Mozilla/5.0 (compatible; AhrefsBot/5.0; +http://ahrefs.com/robot/)"
5.10.83.50 - - [18/Dec/2013:10:28:25 +0100] "GET /lexikon.php?cs_go=3&cs_id=211 HTTP/1.1" 200 6127 "-" "Mozilla/5.0 (compatible; AhrefsBot/5.0; +http://ahrefs.com/robot/)"
5.10.83.37 - - [18/Dec/2013:10:30:25 +0100] "GET /lexikon.php?cs_go=3&cs_id=192 HTTP/1.1" 200 5971 "-" "Mozilla/5.0 (compatible; AhrefsBot/5.0; +http://ahrefs.com/robot/)"
5.10.83.50 - - [18/Dec/2013:10:39:47 +0100] "GET /news.php?cs_go=archiv&cs_id=4745&cs_search= HTTP/1.1" 200 10004 "-" "Mozilla/5.0 (compatible; AhrefsBot/5.0; +http://ahrefs.com/robot/)"
5.10.83.58 - - [18/Dec/2013:10:44:30 +0100] "GET /modernisierung.php HTTP/1.1" 200 9252 "-" "Mozilla/5.0 (compatible; AhrefsBot/5.0; +http://ahrefs.com/robot/)"
5.10.83.92 - - [18/Dec/2013:10:56:41 +0100] "GET /lexikon.php?cs_go=3&cs_id=29 HTTP/1.1" 200 5955 "-" "Mozilla/5.0 (compatible; AhrefsBot/5.0; +http://ahrefs.com/robot/)"
66.249.75.49 - - [18/Dec/2013:10:59:14 +0100] "GET /news.php?cs_go=archiv&cs_startpos=40 HTTP/1.1" 200 20631 "-" "DoCoMo/2.0 N905i(c100;TB;W24H16) (compatible; Googlebot-Mobile/2.1; +http://www.google.com/bot.html)"
66.249.78.46 - - [18/Dec/2013:11:00:43 +0100] "GET /news.php?cs_go=archiv&cs_id=4613&cs_search= HTTP/1.1" 200 8795 "-" "Mozilla/5.0 (compatible; Googlebot/2.1; +http://www.google.com/bot.html)"
66.249.78.46 - - [18/Dec/2013:11:01:07 +0100] "GET /news.php?cs_go=archiv&cs_id=4764 HTTP/1.1" 200 11663 "-" "Mozilla/5.0 (iPhone; CPU iPhone OS 6_0 like Mac OS X) AppleWebKit/536.26 (KHTML, like Gecko) Version/6.0 Mobile/10A5376e Safari/8536.25 (compatible; Googlebot-Mobile/2.1; +http://www.google.com/bot.html)"
5.10.83.82 - - [18/Dec/2013:11:09:53 +0100] "GET /lexikon.php?cs_go=3&cs_id=136 HTTP/1.1" 200 5552 "-" "Mozilla/5.0 (compatible; AhrefsBot/5.0; +http://ahrefs.com/robot/)"
5.10.83.22 - - [18/Dec/2013:11:11:56 +0100] "GET /lexikon.php?cs_go=2&cs_char=m HTTP/1.1" 200 6637 "-" "Mozilla/5.0 (compatible; AhrefsBot/5.0; +http://ahrefs.com/robot/)"
5.10.83.37 - - [18/Dec/2013:11:14:04 +0100] "GET /lexikon.php?cs_go=3&cs_id=92 HTTP/1.1" 200 6089 "-" "Mozilla/5.0 (compatible; AhrefsBot/5.0; +http://ahrefs.com/robot/)"
5.10.83.35 - - [18/Dec/2013:11:15:28 +0100] "GET /news.php?cs_go=archiv&cs_id=4738&cs_search= HTTP/1.1" 200 11728 "-" "Mozilla/5.0 (compatible; AhrefsBot/5.0; +http://ahrefs.com/robot/)"
5.10.83.101 - - [18/Dec/2013:11:21:53 +0100] "GET /news.php?cs_go=archiv&cs_id=4661&cs_search= HTTP/1.1" 200 8654 "-" "Mozilla/5.0 (compatible; AhrefsBot/5.0; +http://ahrefs.com/robot/)"
5.10.83.37 - - [18/Dec/2013:11:24:09 +0100] "GET /news.php?cs_go=archiv&cs_id=4735&cs_search= HTTP/1.1" 200 8277 "-" "Mozilla/5.0 (compatible; AhrefsBot/5.0; +http://ahrefs.com/robot/)"
5.10.83.22 - - [18/Dec/2013:11:27:16 +0100] "GET /news.php?cs_go=archiv&cs_id=4652&cs_search= HTTP/1.1" 200 10589 "-" "Mozilla/5.0 (compatible; AhrefsBot/5.0; +http://ahrefs.com/robot/)"
5.10.83.35 - - [18/Dec/2013:11:42:34 +0100] "GET /news.php?cs_go=archiv&cs_id=4731&cs_search= HTTP/1.1" 200 11616 "-" "Mozilla/5.0 (compatible; AhrefsBot/5.0; +http://ahrefs.com/robot/)"
66.249.78.46 - - [18/Dec/2013:11:43:35 +0100] "GET /news.php?cs_go=archiv&cs_id=4046 HTTP/1.1" 200 9873 "-" "Mozilla/5.0 (compatible; Googlebot/2.1; +http://www.google.com/bot.html)"
5.10.83.33 - - [18/Dec/2013:11:43:49 +0100] "GET /news.php?cs_go=archiv&cs_id=4644&cs_search= HTTP/1.1" 200 11610 "-" "Mozilla/5.0 (compatible; AhrefsBot/5.0; +http://ahrefs.com/robot/)"
5.10.83.92 - - [18/Dec/2013:11:52:38 +0100] "GET /lexikon.php?cs_go=3&cs_id=110 HTTP/1.1" 200 6265 "-" "Mozilla/5.0 (compatible; AhrefsBot/5.0; +http://ahrefs.com/robot/)"
5.10.83.35 - - [18/Dec/2013:11:57:49 +0100] "GET /lexikon.php?cs_go=3&cs_id=52 HTTP/1.1" 200 6317 "-" "Mozilla/5.0 (compatible; AhrefsBot/5.0; +http://ahrefs.com/robot/)"
5.10.83.35 - - [18/Dec/2013:12:06:33 +0100] "GET /lexikon.php?cs_go=3&cs_id=98 HTTP/1.1" 200 5979 "-" "Mozilla/5.0 (compatible; AhrefsBot/5.0; +http://ahrefs.com/robot/)"
5.10.83.40 - - [18/Dec/2013:12:11:20 +0100] "GET /lexikon.php?cs_go=2&cs_char=c HTTP/1.1" 200 6400 "-" "Mozilla/5.0 (compatible; AhrefsBot/5.0; +http://ahrefs.com/robot/)"
5.10.83.37 - - [18/Dec/2013:12:12:08 +0100] "GET /news.php?cs_go=archiv&cs_id=4700&cs_search= HTTP/1.1" 200 11170 "-" "Mozilla/5.0 (compatible; AhrefsBot/5.0; +http://ahrefs.com/robot/)"
5.10.83.101 - - [18/Dec/2013:12:22:04 +0100] "GET /news.php?cs_go=archiv&cs_id=4687&cs_search= HTTP/1.1" 200 9041 "-" "Mozilla/5.0 (compatible; AhrefsBot/5.0; +http://ahrefs.com/robot/)"
66.249.78.46 - - [18/Dec/2013:12:35:01 +0100] "GET /lexikon.php?cs_go=3&cs_id=47 HTTP/1.1" 200 8723 "-" "Mozilla/5.0 (compatible; Googlebot/2.1; +http://www.google.com/bot.html)"
137.117.219.206 - - [18/Dec/2013:12:50:42 +0100] "GET / HTTP/1.1" 200 12344 "-" "Mozilla/5.0 (Windows NT 5.1; rv:14.0) Gecko/20100101 Firefox/14.0"
137.117.219.206 - - [18/Dec/2013:12:50:52 +0100] "GET / HTTP/1.1" 200 12344 "-" "Mozilla/5.0 (Windows NT 5.1; rv:14.0) Gecko/20100101 Firefox/14.0"
5.10.83.40 - - [18/Dec/2013:12:58:22 +0100] "GET /lexikon.php?cs_go=3&cs_id=58 HTTP/1.1" 200 8395 "-" "Mozilla/5.0 (compatible; AhrefsBot/5.0; +http://ahrefs.com/robot/)"
5.10.83.50 - - [18/Dec/2013:13:08:11 +0100] "GET /lexikon.php?cs_go=3&cs_id=217 HTTP/1.1" 200 5685 "-" "Mozilla/5.0 (compatible; AhrefsBot/5.0; +http://ahrefs.com/robot/)"
5.10.83.33 - - [18/Dec/2013:13:22:01 +0100] "GET /lexikon.php?cs_go=2&cs_char=u HTTP/1.1" 200 6308 "-" "Mozilla/5.0 (compatible; AhrefsBot/5.0; +http://ahrefs.com/robot/)"
66.249.78.46 - - [18/Dec/2013:13:35:02 +0100] "GET /news.php?cs_go=archiv&cs_id=4141 HTTP/1.1" 200 8680 "-" "Mozilla/5.0 (compatible; Googlebot/2.1; +http://www.google.com/bot.html)"
157.55.33.104 - - [18/Dec/2013:13:39:00 +0100] "GET /robots.txt HTTP/1.1" 200 177 "-" "Mozilla/5.0 (compatible; bingbot/2.0; +http://www.bing.com/bingbot.htm)"
5.10.83.92 - - [18/Dec/2013:13:45:08 +0100] "GET /lexikon.php?cs_go=3&cs_id=96 HTTP/1.1" 200 5871 "-" "Mozilla/5.0 (compatible; AhrefsBot/5.0; +http://ahrefs.com/robot/)"
157.55.33.104 - - [18/Dec/2013:13:52:16 +0100] "GET / HTTP/1.1" 200 12332 "-" "Mozilla/5.0 (compatible; bingbot/2.0; +http://www.bing.com/bingbot.htm)"
157.55.33.104 - - [18/Dec/2013:13:52:17 +0100] "GET / HTTP/1.1" 200 12332 "-" "Mozilla/5.0 (compatible; bingbot/2.0; +http://www.bing.com/bingbot.htm)"
66.249.78.46 - - [18/Dec/2013:14:17:54 +0100] "GET /news.php?cs_go=archiv&cs_id=4465 HTTP/1.1" 200 7602 "-" "Mozilla/5.0 (compatible; Googlebot/2.1; +http://www.google.com/bot.html)"
5.10.83.38 - - [18/Dec/2013:14:21:42 +0100] "GET /lexikon.php?cs_go=3&cs_id=7 HTTP/1.1" 200 6095 "-" "Mozilla/5.0 (compatible; AhrefsBot/5.0; +http://ahrefs.com/robot/)"
5.10.83.22 - - [18/Dec/2013:14:22:02 +0100] "GET /news.php?cs_go=archiv&cs_id=4570&cs_search= HTTP/1.1" 200 8313 "-" "Mozilla/5.0 (compatible; AhrefsBot/5.0; +http://ahrefs.com/robot/)"
5.10.83.40 - - [18/Dec/2013:14:22:27 +0100] "GET /lexikon.php?cs_go=3&cs_id=140 HTTP/1.1" 200 6308 "-" "Mozilla/5.0 (compatible; AhrefsBot/5.0; +http://ahrefs.com/robot/)"
5.10.83.40 - - [18/Dec/2013:14:27:19 +0100] "GET /lexikon.php?cs_go=3&cs_id=51 HTTP/1.1" 200 7058 "-" "Mozilla/5.0 (compatible; AhrefsBot/5.0; +http://ahrefs.com/robot/)"
5.10.83.40 - - [18/Dec/2013:14:30:40 +0100] "GET /lexikon.php?cs_go=3&cs_id=204 HTTP/1.1" 200 5568 "-" "Mozilla/5.0 (compatible; AhrefsBot/5.0; +http://ahrefs.com/robot/)"
5.10.83.22 - - [18/Dec/2013:14:38:08 +0100] "GET /news.php?cs_go=archiv&cs_id=4586&cs_search= HTTP/1.1" 200 8879 "-" "Mozilla/5.0 (compatible; AhrefsBot/5.0; +http://ahrefs.com/robot/)"
5.10.83.33 - - [18/Dec/2013:14:39:07 +0100] "GET /lexikon.php?cs_go=2&cs_char=i HTTP/1.1" 200 5966 "-" "Mozilla/5.0 (compatible; AhrefsBot/5.0; +http://ahrefs.com/robot/)"
5.10.83.82 - - [18/Dec/2013:14:40:26 +0100] "GET /index.php HTTP/1.1" 200 12329 "-" "Mozilla/5.0 (compatible; AhrefsBot/5.0; +http://ahrefs.com/robot/)"
157.55.33.104 - - [18/Dec/2013:14:45:34 +0100] "GET / HTTP/1.1" 200 12329 "-" "Mozilla/5.0 (compatible; bingbot/2.0; +http://www.bing.com/bingbot.htm)"
87.181.188.149 - - [18/Dec/2013:14:47:08 +0100] "GET /style.css HTTP/1.1" 200 8402 "http://www.mink-gmbh.de/" "Mozilla/5.0 (Windows NT 6.1; Trident/7.0; rv:11.0) like Gecko"
87.181.188.149 - - [18/Dec/2013:14:47:08 +0100] "GET /modul.css HTTP/1.1" 200 35038 "http://www.mink-gmbh.de/" "Mozilla/5.0 (Windows NT 6.1; Trident/7.0; rv:11.0) like Gecko"
87.181.188.149 - - [18/Dec/2013:14:47:08 +0100] "GET /js_contentserver24_greybox/gb_styles.css HTTP/1.1" 200 2302 "http://www.mink-gmbh.de/" "Mozilla/5.0 (Windows NT 6.1; Trident/7.0; rv:11.0) like Gecko"
87.181.188.149 - - [18/Dec/2013:14:47:08 +0100] "GET /js_contentserver24_greybox/AJS.js HTTP/1.1" 200 10396 "http://www.mink-gmbh.de/" "Mozilla/5.0 (Windows NT 6.1; Trident/7.0; rv:11.0) like Gecko"
87.181.188.149 - - [18/Dec/2013:14:47:08 +0100] "GET /js_contentserver24_greybox/AJS_fx.js HTTP/1.1" 200 3192 "http://www.mink-gmbh.de/" "Mozilla/5.0 (Windows NT 6.1; Trident/7.0; rv:11.0) like Gecko"
87.181.188.149 - - [18/Dec/2013:14:47:08 +0100] "GET /js_contentserver24_greybox/gb_scripts.js HTTP/1.1" 200 11913 "http://www.mink-gmbh.de/" "Mozilla/5.0 (Windows NT 6.1; Trident/7.0; rv:11.0) like Gecko"
87.181.188.149 - - [18/Dec/2013:14:47:07 +0100] "GET / HTTP/1.1" 200 12329 "http://www.google.de/url?sa=t&rct=j&q=&esrc=s&source=web&cd=4&ved=0CEsQFjAD&url=http%3A%2F%2Fwww.mink-gmbh.de%2F&ei=NKexUtz8PKbF0QWFwYHIAQ&usg=AFQjCNFHX4Iglls9oo-KYXTmDUV_5KOVIg" "Mozilla/5.0 (Windows NT 6.1; Trident/7.0; rv:11.0) like Gecko"
87.181.188.149 - - [18/Dec/2013:14:47:08 +0100] "GET /images/team-energie.png HTTP/1.1" 200 17383 "http://www.mink-gmbh.de/" "Mozilla/5.0 (Windows NT 6.1; Trident/7.0; rv:11.0) like Gecko"
87.181.188.149 - - [18/Dec/2013:14:47:08 +0100] "GET /images/wunschpreis.jpg HTTP/1.1" 200 16767 "http://www.mink-gmbh.de/" "Mozilla/5.0 (Windows NT 6.1; Trident/7.0; rv:11.0) like Gecko"
87.181.188.149 - - [18/Dec/2013:14:47:08 +0100] "GET /images/mail.jpg HTTP/1.1" 200 12099 "http://www.mink-gmbh.de/" "Mozilla/5.0 (Windows NT 6.1; Trident/7.0; rv:11.0) like Gecko"
87.181.188.149 - - [18/Dec/2013:14:47:08 +0100] "GET /images/kwk.gif HTTP/1.1" 200 6403 "http://www.mink-gmbh.de/" "Mozilla/5.0 (Windows NT 6.1; Trident/7.0; rv:11.0) like Gecko"
87.181.188.149 - - [18/Dec/2013:14:47:08 +0100] "GET /images/logos.jpg?cache3549 HTTP/1.1" 200 35043 "http://www.mink-gmbh.de/" "Mozilla/5.0 (Windows NT 6.1; Trident/7.0; rv:11.0) like Gecko"
87.181.188.149 - - [18/Dec/2013:14:47:08 +0100] "GET /images/tkw.jpg HTTP/1.1" 200 64031 "http://www.mink-gmbh.de/" "Mozilla/5.0 (Windows NT 6.1; Trident/7.0; rv:11.0) like Gecko"
87.181.188.149 - - [18/Dec/2013:14:47:09 +0100] "GET /images/bg.png HTTP/1.1" 200 922 "http://www.mink-gmbh.de/" "Mozilla/5.0 (Windows NT 6.1; Trident/7.0; rv:11.0) like Gecko"
87.181.188.149 - - [18/Dec/2013:14:47:08 +0100] "GET /images/freecall.jpg HTTP/1.1" 200 39195 "http://www.mink-gmbh.de/" "Mozilla/5.0 (Windows NT 6.1; Trident/7.0; rv:11.0) like Gecko"
87.181.188.149 - - [18/Dec/2013:14:47:09 +0100] "GET /js_contentserver24_greybox/w_close.gif HTTP/1.1" 200 74 "http://www.mink-gmbh.de/" "Mozilla/5.0 (Windows NT 6.1; Trident/7.0; rv:11.0) like Gecko"
87.181.188.149 - - [18/Dec/2013:14:47:09 +0100] "GET /js_contentserver24_greybox/header_bg.gif HTTP/1.1" 200 1188 "http://www.mink-gmbh.de/" "Mozilla/5.0 (Windows NT 6.1; Trident/7.0; rv:11.0) like Gecko"
87.181.188.149 - - [18/Dec/2013:14:47:09 +0100] "GET /images/newsletter_bg.jpg HTTP/1.1" 200 33610 "http://www.mink-gmbh.de/" "Mozilla/5.0 (Windows NT 6.1; Trident/7.0; rv:11.0) like Gecko"
87.181.188.149 - - [18/Dec/2013:14:47:09 +0100] "GET /images/steigend.png HTTP/1.1" 200 688 "http://www.mink-gmbh.de/" "Mozilla/5.0 (Windows NT 6.1; Trident/7.0; rv:11.0) like Gecko"
87.181.188.149 - - [18/Dec/2013:14:47:09 +0100] "GET /images/wrapperbg.jpg HTTP/1.1" 200 27465 "http://www.mink-gmbh.de/" "Mozilla/5.0 (Windows NT 6.1; Trident/7.0; rv:11.0) like Gecko"
87.181.188.149 - - [18/Dec/2013:14:47:09 +0100] "GET /images/navibg.png HTTP/1.1" 200 2803 "http://www.mink-gmbh.de/" "Mozilla/5.0 (Windows NT 6.1; Trident/7.0; rv:11.0) like Gecko"
87.181.188.149 - - [18/Dec/2013:14:47:09 +0100] "GET /images/mobil.jpg HTTP/1.1" 200 25293 "http://www.mink-gmbh.de/" "Mozilla/5.0 (Windows NT 6.1; Trident/7.0; rv:11.0) like Gecko"
87.181.188.149 - - [18/Dec/2013:14:47:09 +0100] "GET /images/newsletter.jpg HTTP/1.1" 200 13130 "http://www.mink-gmbh.de/" "Mozilla/5.0 (Windows NT 6.1; Trident/7.0; rv:11.0) like Gecko"
87.181.188.149 - - [18/Dec/2013:14:47:09 +0100] "GET /images/close.png HTTP/1.1" 200 703 "http://www.mink-gmbh.de/" "Mozilla/5.0 (Windows NT 6.1; Trident/7.0; rv:11.0) like Gecko"
87.181.188.149 - - [18/Dec/2013:14:47:09 +0100] "GET /images/header.jpg HTTP/1.1" 200 25189 "http://www.mink-gmbh.de/" "Mozilla/5.0 (Windows NT 6.1; Trident/7.0; rv:11.0) like Gecko"
87.181.188.149 - - [18/Dec/2013:14:47:09 +0100] "GET /images/newsletter.png HTTP/1.1" 200 14619 "http://www.mink-gmbh.de/" "Mozilla/5.0 (Windows NT 6.1; Trident/7.0; rv:11.0) like Gecko"
87.181.188.149 - - [18/Dec/2013:14:47:09 +0100] "GET /images/footerbg.jpg HTTP/1.1" 200 2184 "http://www.mink-gmbh.de/" "Mozilla/5.0 (Windows NT 6.1; Trident/7.0; rv:11.0) like Gecko"
87.181.188.149 - - [18/Dec/2013:14:47:09 +0100] "GET /js_contentserver24_greybox/loader_frame.html?s=0 HTTP/1.1" 200 2084 "http://www.mink-gmbh.de/" "Mozilla/5.0 (Windows NT 6.1; Trident/7.0; rv:11.0) like Gecko"
87.181.188.149 - - [18/Dec/2013:14:47:09 +0100] "GET /js_contentserver24_greybox/indicator.gif HTTP/1.1" 200 8238 "http://www.mink-gmbh.de/js_contentserver24_greybox/loader_frame.html?s=0" "Mozilla/5.0 (Windows NT 6.1; Trident/7.0; rv:11.0) like Gecko"
87.181.188.149 - - [18/Dec/2013:14:47:10 +0100] "GET /favicon.ico HTTP/1.1" 200 3638 "-" "Mozilla/5.0 (Windows NT 6.1; Trident/7.0; rv:11.0) like Gecko"
87.181.188.149 - - [18/Dec/2013:14:47:10 +0100] "GET /js_contentserver24_greybox/g_close.gif HTTP/1.1" 200 541 "http://www.mink-gmbh.de/" "Mozilla/5.0 (Windows NT 6.1; Trident/7.0; rv:11.0) like Gecko"
220.181.108.85 - - [18/Dec/2013:14:51:56 +0100] "GET / HTTP/1.1" 200 6591 "-" "Mozilla/5.0 (compatible; Baiduspider/2.0; +http://www.baidu.com/search/spider.html)"
123.125.71.18 - - [18/Dec/2013:14:52:12 +0100] "GET / HTTP/1.1" 200 6717 "-" "Mozilla/5.0 (compatible; Baiduspider/2.0; +http://www.baidu.com/search/spider.html)"
65.36.241.79 - - [18/Dec/2013:14:55:57 +0100] "HEAD / HTTP/1.1" 200 - "-" "InternetSeer.com"
5.10.83.40 - - [18/Dec/2013:14:56:57 +0100] "GET /news.php?cs_go=archiv&cs_startpos=221 HTTP/1.1" 200 6058 "-" "Mozilla/5.0 (compatible; AhrefsBot/5.0; +http://ahrefs.com/robot/)"
5.10.83.50 - - [18/Dec/2013:14:59:07 +0100] "GET /lexikon.php?cs_go=3&cs_id=111 HTTP/1.1" 200 5621 "-" "Mozilla/5.0 (compatible; AhrefsBot/5.0; +http://ahrefs.com/robot/)"
5.10.83.33 - - [18/Dec/2013:14:59:42 +0100] "GET /lexikon.php?cs_go=3&cs_id=116 HTTP/1.1" 200 6930 "-" "Mozilla/5.0 (compatible; AhrefsBot/5.0; +http://ahrefs.com/robot/)"
5.10.83.42 - - [18/Dec/2013:15:11:39 +0100] "GET /news.php?cs_go=archiv&cs_id=4597&cs_search= HTTP/1.1" 200 19782 "-" "Mozilla/5.0 (compatible; AhrefsBot/5.0; +http://ahrefs.com/robot/)"
5.10.83.38 - - [18/Dec/2013:15:21:23 +0100] "GET /news.php?cs_go=archiv&cs_id=4672&cs_search= HTTP/1.1" 200 11387 "-" "Mozilla/5.0 (compatible; AhrefsBot/5.0; +http://ahrefs.com/robot/)"
5.10.83.37 - - [18/Dec/2013:15:24:22 +0100] "GET /modernisierung.php?cs_gp_go=coupon HTTP/1.1" 200 7829 "-" "Mozilla/5.0 (compatible; AhrefsBot/5.0; +http://ahrefs.com/robot/)"
5.10.83.92 - - [18/Dec/2013:15:26:04 +0100] "GET /lexikon.php?cs_go=3&cs_id=184 HTTP/1.1" 200 5560 "-" "Mozilla/5.0 (compatible; AhrefsBot/5.0; +http://ahrefs.com/robot/)"
5.10.83.92 - - [18/Dec/2013:15:42:45 +0100] "GET /news.php?cs_go=archiv&cs_id=4633&cs_search= HTTP/1.1" 200 11670 "-" "Mozilla/5.0 (compatible; AhrefsBot/5.0; +http://ahrefs.com/robot/)"
5.10.83.37 - - [18/Dec/2013:15:59:09 +0100] "GET /lexikon.php?cs_go=3&cs_id=210 HTTP/1.1" 200 7108 "-" "Mozilla/5.0 (compatible; AhrefsBot/5.0; +http://ahrefs.com/robot/)"
66.249.78.46 - - [18/Dec/2013:16:09:21 +0100] "GET /robots.txt HTTP/1.1" 200 177 "-" "Mozilla/5.0 (compatible; Googlebot/2.1; +http://www.google.com/bot.html)"
66.249.78.46 - - [18/Dec/2013:16:09:21 +0100] "GET /news.php HTTP/1.1" 200 19727 "-" "Mozilla/5.0 (compatible; Googlebot/2.1; +http://www.google.com/bot.html)"
5.10.83.22 - - [18/Dec/2013:16:09:23 +0100] "GET /lexikon.php?cs_go=3&cs_id=35 HTTP/1.1" 200 6048 "-" "Mozilla/5.0 (compatible; AhrefsBot/5.0; +http://ahrefs.com/robot/)"
5.10.83.50 - - [18/Dec/2013:16:10:28 +0100] "GET /lexikon.php?cs_go=3&cs_id=85 HTTP/1.1" 200 6182 "-" "Mozilla/5.0 (compatible; AhrefsBot/5.0; +http://ahrefs.com/robot/)"
5.10.83.33 - - [18/Dec/2013:16:12:09 +0100] "GET /news.php?cs_go=archiv&cs_id=4606&cs_search= HTTP/1.1" 200 11593 "-" "Mozilla/5.0 (compatible; AhrefsBot/5.0; +http://ahrefs.com/robot/)"
5.10.83.22 - - [18/Dec/2013:16:13:58 +0100] "GET /lexikon.php?cs_go=3&cs_id=128 HTTP/1.1" 200 6057 "-" "Mozilla/5.0 (compatible; AhrefsBot/5.0; +http://ahrefs.com/robot/)"
66.249.78.46 - - [18/Dec/2013:16:15:42 +0100] "GET /news.php?cs_go=archiv&cs_id=4744&cs_search= HTTP/1.1" 200 9246 "-" "Mozilla/5.0 (compatible; Googlebot/2.1; +http://www.google.com/bot.html)"
66.249.78.46 - - [18/Dec/2013:16:15:43 +0100] "GET /news.php?cs_go=archiv&cs_id=4751&cs_search= HTTP/1.1" 200 10507 "-" "Mozilla/5.0 (compatible; Googlebot/2.1; +http://www.google.com/bot.html)"
66.249.78.46 - - [18/Dec/2013:16:16:35 +0100] "GET /news.php?cs_go=archiv&cs_id=4779&cs_search= HTTP/1.1" 200 11223 "-" "Mozilla/5.0 (compatible; Googlebot/2.1; +http://www.google.com/bot.html)"
66.249.78.46 - - [18/Dec/2013:16:17:34 +0100] "GET /news.php?cs_go=archiv&cs_id=4776&cs_search= HTTP/1.1" 200 7526 "-" "Mozilla/5.0 (compatible; Googlebot/2.1; +http://www.google.com/bot.html)"
66.249.78.46 - - [18/Dec/2013:16:18:27 +0100] "GET /news.php?cs_go=archiv&cs_id=4755&cs_search= HTTP/1.1" 200 10039 "-" "Mozilla/5.0 (compatible; Googlebot/2.1; +http://www.google.com/bot.html)"
66.249.78.46 - - [18/Dec/2013:16:19:32 +0100] "GET /news.php?cs_go=archiv&cs_id=4781&cs_search= HTTP/1.1" 200 11111 "-" "Mozilla/5.0 (compatible; Googlebot/2.1; +http://www.google.com/bot.html)"
66.249.78.46 - - [18/Dec/2013:16:20:28 +0100] "GET /news.php?cs_go=archiv&cs_id=4778&cs_search= HTTP/1.1" 200 7637 "-" "Mozilla/5.0 (compatible; Googlebot/2.1; +http://www.google.com/bot.html)"
5.10.83.22 - - [18/Dec/2013:16:21:13 +0100] "GET /news.php?cs_go=archiv&cs_id=4601&cs_search= HTTP/1.1" 200 7853 "-" "Mozilla/5.0 (compatible; AhrefsBot/5.0; +http://ahrefs.com/robot/)"
66.249.78.46 - - [18/Dec/2013:16:21:30 +0100] "GET /news.php?cs_go=archiv&cs_id=4780&cs_search= HTTP/1.1" 200 7672 "-" "Mozilla/5.0 (compatible; Googlebot/2.1; +http://www.google.com/bot.html)"
66.249.78.46 - - [18/Dec/2013:16:26:55 +0100] "GET /news.php?cs_go=archiv&cs_id=4777&cs_search= HTTP/1.1" 200 11430 "-" "Mozilla/5.0 (compatible; Googlebot/2.1; +http://www.google.com/bot.html)"
5.10.83.38 - - [18/Dec/2013:16:29:40 +0100] "GET /lexikon.php?cs_go=3&cs_id=95 HTTP/1.1" 200 6298 "-" "Mozilla/5.0 (compatible; AhrefsBot/5.0; +http://ahrefs.com/robot/)"
5.10.83.38 - - [18/Dec/2013:16:30:06 +0100] "GET /news.php?cs_go=archiv&cs_startpos=200 HTTP/1.1" 200 19805 "-" "Mozilla/5.0 (compatible; AhrefsBot/5.0; +http://ahrefs.com/robot/)"
5.10.83.58 - - [18/Dec/2013:16:35:36 +0100] "GET /lexikon.php?cs_go=3&cs_id=118 HTTP/1.1" 200 6068 "-" "Mozilla/5.0 (compatible; AhrefsBot/5.0; +http://ahrefs.com/robot/)"
5.10.83.92 - - [18/Dec/2013:16:45:58 +0100] "GET /news.php?cs_go=archiv&cs_id=4742&cs_search= HTTP/1.1" 200 8998 "-" "Mozilla/5.0 (compatible; AhrefsBot/5.0; +http://ahrefs.com/robot/)"
5.10.83.50 - - [18/Dec/2013:16:54:21 +0100] "GET /lexikon.php?cs_go=2&cs_char=e HTTP/1.1" 200 6643 "-" "Mozilla/5.0 (compatible; AhrefsBot/5.0; +http://ahrefs.com/robot/)"
5.10.83.82 - - [18/Dec/2013:17:10:30 +0100] "GET /news.php?cs_go=archiv&cs_startpos=171 HTTP/1.1" 200 20561 "-" "Mozilla/5.0 (compatible; AhrefsBot/5.0; +http://ahrefs.com/robot/)"
5.10.83.37 - - [18/Dec/2013:17:21:22 +0100] "GET /news.php?cs_go=archiv&cs_id=4690&cs_search= HTTP/1.1" 200 9659 "-" "Mozilla/5.0 (compatible; AhrefsBot/5.0; +http://ahrefs.com/robot/)"
141.8.147.12 - - [18/Dec/2013:17:26:09 +0100] "GET /robots.txt HTTP/1.1" 200 177 "-" "Mozilla/5.0 (compatible; YandexBot/3.0; +http://yandex.com/bots)"
66.249.78.46 - - [18/Dec/2013:17:26:30 +0100] "GET /optiplus.php HTTP/1.1" 200 8639 "-" "Mozilla/5.0 (compatible; Googlebot/2.1; +http://www.google.com/bot.html)"
141.8.147.12 - - [18/Dec/2013:17:34:39 +0100] "GET / HTTP/1.1" 200 12329 "-" "Mozilla/5.0 (compatible; YandexBot/3.0; +http://yandex.com/bots)"
5.10.83.101 - - [18/Dec/2013:17:43:53 +0100] "GET /news.php?cs_go=archiv&cs_id=4602&cs_search= HTTP/1.1" 200 7968 "-" "Mozilla/5.0 (compatible; AhrefsBot/5.0; +http://ahrefs.com/robot/)"
5.10.83.58 - - [18/Dec/2013:17:58:18 +0100] "GET /ansprechpartner.php HTTP/1.1" 404 - "-" "Mozilla/5.0 (compatible; AhrefsBot/5.0; +http://ahrefs.com/robot/)"
5.10.83.40 - - [18/Dec/2013:17:59:02 +0100] "GET /lexikon.php?cs_go=3&cs_id=119 HTTP/1.1" 200 5706 "-" "Mozilla/5.0 (compatible; AhrefsBot/5.0; +http://ahrefs.com/robot/)"
5.10.83.82 - - [18/Dec/2013:18:00:46 +0100] "GET /news.php?cs_go=archiv&cs_id=4569&cs_search= HTTP/1.1" 200 7695 "-" "Mozilla/5.0 (compatible; AhrefsBot/5.0; +http://ahrefs.com/robot/)"
66.249.78.46 - - [18/Dec/2013:18:09:22 +0100] "GET /jobs.php HTTP/1.1" 200 4965 "-" "Mozilla/5.0 (compatible; Googlebot/2.1; +http://www.google.com/bot.html)"
5.10.83.35 - - [18/Dec/2013:18:14:58 +0100] "GET /news.php?cs_go=archiv&cs_startpos=181 HTTP/1.1" 200 20514 "-" "Mozilla/5.0 (compatible; AhrefsBot/5.0; +http://ahrefs.com/robot/)"
5.10.83.40 - - [18/Dec/2013:18:24:33 +0100] "GET /lexikon.php?cs_go=2&cs_char=r HTTP/1.1" 200 7296 "-" "Mozilla/5.0 (compatible; AhrefsBot/5.0; +http://ahrefs.com/robot/)"
5.10.83.35 - - [18/Dec/2013:18:25:04 +0100] "GET /news.php?cs_go=archiv&cs_startpos=180 HTTP/1.1" 200 20481 "-" "Mozilla/5.0 (compatible; AhrefsBot/5.0; +http://ahrefs.com/robot/)"
5.10.83.58 - - [18/Dec/2013:18:40:44 +0100] "GET /news.php?cs_go=archiv&cs_id=4618&cs_search= HTTP/1.1" 200 9399 "-" "Mozilla/5.0 (compatible; AhrefsBot/5.0; +http://ahrefs.com/robot/)"
5.10.83.42 - - [18/Dec/2013:18:41:38 +0100] "GET /lexikon.php?cs_go=2&cs_char=d HTTP/1.1" 200 6985 "-" "Mozilla/5.0 (compatible; AhrefsBot/5.0; +http://ahrefs.com/robot/)"
5.10.83.42 - - [18/Dec/2013:19:06:47 +0100] "GET /news.php?cs_go=archiv&cs_startpos=90 HTTP/1.1" 200 20447 "-" "Mozilla/5.0 (compatible; AhrefsBot/5.0; +http://ahrefs.com/robot/)"
5.10.83.58 - - [18/Dec/2013:19:09:31 +0100] "GET /lexikon.php?cs_go=3&cs_id=212 HTTP/1.1" 200 6107 "-" "Mozilla/5.0 (compatible; AhrefsBot/5.0; +http://ahrefs.com/robot/)"
5.10.83.35 - - [18/Dec/2013:19:20:57 +0100] "GET /news.php?cs_go=archiv&cs_id=4725&cs_search= HTTP/1.1" 200 8987 "-" "Mozilla/5.0 (compatible; AhrefsBot/5.0; +http://ahrefs.com/robot/)"
141.8.147.12 - - [18/Dec/2013:19:21:38 +0100] "GET /news.php?cs_go=archiv&cs_id=4773 HTTP/1.1" 200 11615 "-" "Mozilla/5.0 (compatible; YandexBot/3.0; +http://yandex.com/bots)"
5.10.83.35 - - [18/Dec/2013:19:23:48 +0100] "GET /lexikon.php?cs_go=3&cs_id=130 HTTP/1.1" 200 5800 "-" "Mozilla/5.0 (compatible; AhrefsBot/5.0; +http://ahrefs.com/robot/)"
5.10.83.40 - - [18/Dec/2013:19:25:58 +0100] "GET /lexikon.php?cs_go=3&cs_id=18 HTTP/1.1" 200 5590 "-" "Mozilla/5.0 (compatible; AhrefsBot/5.0; +http://ahrefs.com/robot/)"
5.10.83.38 - - [18/Dec/2013:19:35:40 +0100] "GET /news.php?cs_go=archiv&cs_id=4549&cs_search= HTTP/1.1" 200 7599 "-" "Mozilla/5.0 (compatible; AhrefsBot/5.0; +http://ahrefs.com/robot/)"
5.10.83.40 - - [18/Dec/2013:19:36:11 +0100] "GET /lexikon.php?cs_go=3&cs_id=139 HTTP/1.1" 200 5758 "-" "Mozilla/5.0 (compatible; AhrefsBot/5.0; +http://ahrefs.com/robot/)"
5.10.83.40 - - [18/Dec/2013:19:37:30 +0100] "GET /lexikon.php?cs_go=3&cs_id=207 HTTP/1.1" 200 5567 "-" "Mozilla/5.0 (compatible; AhrefsBot/5.0; +http://ahrefs.com/robot/)"
5.10.83.38 - - [18/Dec/2013:19:38:14 +0100] "GET /news.php?cs_go=archiv&cs_id=4729&cs_search= HTTP/1.1" 200 8331 "-" "Mozilla/5.0 (compatible; AhrefsBot/5.0; +http://ahrefs.com/robot/)"
65.55.52.92 - - [18/Dec/2013:19:40:41 +0100] "GET /robots.txt HTTP/1.1" 200 177 "-" "Mozilla/5.0 (compatible; bingbot/2.0; +http://www.bing.com/bingbot.htm)"
66.249.75.49 - - [18/Dec/2013:19:43:40 +0100] "GET /news.php?cs_go=archiv&cs_id=4764 HTTP/1.1" 200 11663 "-" "Mozilla/5.0 (compatible; Googlebot/2.1; +http://www.google.com/bot.html)"
5.10.83.58 - - [18/Dec/2013:19:51:39 +0100] "GET /news.php?cs_go=archiv&cs_id=4573&cs_search= HTTP/1.1" 200 7523 "-" "Mozilla/5.0 (compatible; AhrefsBot/5.0; +http://ahrefs.com/robot/)"
66.249.78.46 - - [18/Dec/2013:19:57:48 +0100] "GET /news.php?cs_go=archiv&cs_id=4218 HTTP/1.1" 200 8757 "-" "Mozilla/5.0 (iPhone; CPU iPhone OS 6_0 like Mac OS X) AppleWebKit/536.26 (KHTML, like Gecko) Version/6.0 Mobile/10A5376e Safari/8536.25 (compatible; Googlebot-Mobile/2.1; +http://www.google.com/bot.html)"
123.125.71.17 - - [18/Dec/2013:20:00:22 +0100] "GET / HTTP/1.1" 200 6591 "-" "Mozilla/5.0 (compatible; Baiduspider/2.0; +http://www.baidu.com/search/spider.html)"
220.181.108.120 - - [18/Dec/2013:20:01:31 +0100] "GET / HTTP/1.1" 200 3575 "-" "Mozilla/5.0 (compatible; Baiduspider/2.0; +http://www.baidu.com/search/spider.html)"
66.249.78.46 - - [18/Dec/2013:20:09:23 +0100] "GET /news.php?cs_go=archiv&cs_id=4770 HTTP/1.1" 200 11527 "-" "Mozilla/5.0 (compatible; Googlebot/2.1; +http://www.google.com/bot.html)"
65.55.52.92 - - [18/Dec/2013:20:09:30 +0100] "GET / HTTP/1.1" 200 12329 "-" "Mozilla/5.0 (compatible; bingbot/2.0; +http://www.bing.com/bingbot.htm)"
5.10.83.101 - - [18/Dec/2013:20:12:32 +0100] "GET /news.php?cs_go=archiv&cs_startpos=70 HTTP/1.1" 200 20259 "-" "Mozilla/5.0 (compatible; AhrefsBot/5.0; +http://ahrefs.com/robot/)"
5.10.83.82 - - [18/Dec/2013:20:13:58 +0100] "GET /news.php?cs_go=archiv&cs_id=4671&cs_search= HTTP/1.1" 200 12539 "-" "Mozilla/5.0 (compatible; AhrefsBot/5.0; +http://ahrefs.com/robot/)"
5.10.83.42 - - [18/Dec/2013:20:24:55 +0100] "GET /modernisierung.php?cs_gp_go=description HTTP/1.1" 200 8408 "-" "Mozilla/5.0 (compatible; AhrefsBot/5.0; +http://ahrefs.com/robot/)"
5.10.83.35 - - [18/Dec/2013:20:25:54 +0100] "GET /news.php?cs_go=archiv&cs_id=4591&cs_search= HTTP/1.1" 200 8426 "-" "Mozilla/5.0 (compatible; AhrefsBot/5.0; +http://ahrefs.com/robot/)"
192.99.12.128 - - [18/Dec/2013:20:27:28 +0100] "GET /news.php?cs_go=archiv&cs_id=4770 HTTP/1.1" 200 11527 "http://www.mink-gmbh.de/" "Mozilla/5.0 (X11; Ubuntu; Linux i686; rv:22.0) Gecko/20100101 Firefox/22.0"
192.99.12.128 - - [18/Dec/2013:20:27:29 +0100] "GET /kwk.php HTTP/1.1" 200 8447 "http://www.mink-gmbh.de/" "Mozilla/5.0 (X11; Ubuntu; Linux i686; rv:22.0) Gecko/20100101 Firefox/22.0"
5.10.83.22 - - [18/Dec/2013:20:28:39 +0100] "GET /news.php?cs_go=archiv&cs_id=4691&cs_search= HTTP/1.1" 200 9443 "-" "Mozilla/5.0 (compatible; AhrefsBot/5.0; +http://ahrefs.com/robot/)"
66.249.78.46 - - [18/Dec/2013:20:34:43 +0100] "GET /news.php?cs_go=archiv&cs_id=4747&cs_search= HTTP/1.1" 200 13330 "-" "Mozilla/5.0 (iPhone; CPU iPhone OS 6_0 like Mac OS X) AppleWebKit/536.26 (KHTML, like Gecko) Version/6.0 Mobile/10A5376e Safari/8536.25 (compatible; Googlebot-Mobile/2.1; +http://www.google.com/bot.html)"
5.10.83.42 - - [18/Dec/2013:20:53:03 +0100] "GET /news.php?cs_go=archiv&cs_id=4768&cs_search= HTTP/1.1" 200 11681 "-" "Mozilla/5.0 (compatible; AhrefsBot/5.0; +http://ahrefs.com/robot/)"
5.10.83.38 - - [18/Dec/2013:20:53:37 +0100] "GET /news.php?cs_go=archiv&cs_id=4610&cs_search= HTTP/1.1" 200 7556 "-" "Mozilla/5.0 (compatible; AhrefsBot/5.0; +http://ahrefs.com/robot/)"
5.10.83.58 - - [18/Dec/2013:20:54:31 +0100] "GET /lexikon.php?cs_go=2&cs_char=w HTTP/1.1" 200 6151 "-" "Mozilla/5.0 (compatible; AhrefsBot/5.0; +http://ahrefs.com/robot/)"
