66.249.66.49 - - [09/Dec/2013:21:37:14 +0100] "GET /jobs.php HTTP/1.1" 200 4965 "-" "Mozilla/5.0 (compatible; Googlebot/2.1; +http://www.google.com/bot.html)"
5.10.83.46 - - [09/Dec/2013:21:50:39 +0100] "GET /news.php?cs_go=archiv&cs_id=4764&cs_search= HTTP/1.1" 200 11663 "-" "Mozilla/5.0 (compatible; AhrefsBot/5.0; +http://ahrefs.com/robot/)"
5.10.83.46 - - [09/Dec/2013:21:51:20 +0100] "GET /news.php?cs_go=archiv&cs_id=4739&cs_search= HTTP/1.1" 200 9839 "-" "Mozilla/5.0 (compatible; AhrefsBot/5.0; +http://ahrefs.com/robot/)"
5.10.83.66 - - [09/Dec/2013:21:51:29 +0100] "GET /news.php?cs_go=archiv&cs_id=4741&cs_search= HTTP/1.1" 200 11697 "-" "Mozilla/5.0 (compatible; AhrefsBot/5.0; +http://ahrefs.com/robot/)"
5.255.253.79 - - [09/Dec/2013:22:03:49 +0100] "GET /images/mail.jpg HTTP/1.1" 200 12099 "-" "Mozilla/5.0 (compatible; YandexImages/3.0; +http://yandex.com/bots)"
144.76.95.39 - - [09/Dec/2013:22:09:21 +0100] "GET /robots.txt HTTP/1.0" 200 177 "-" "Mozilla/5.0 (compatible; MJ12bot/v1.4.4; http://www.majestic12.co.uk/bot.php?+)"
144.76.95.39 - - [09/Dec/2013:22:09:25 +0100] "GET /news.php?cs_go=archiv&cs_id=4522&cs_search= HTTP/1.0" 200 11578 "-" "Mozilla/5.0 (compatible; MJ12bot/v1.4.4; http://www.majestic12.co.uk/bot.php?+)"
144.76.95.39 - - [09/Dec/2013:22:10:09 +0100] "GET /news.php?cs_go=archiv&cs_id=4526&cs_search= HTTP/1.0" 200 9321 "-" "Mozilla/5.0 (compatible; MJ12bot/v1.4.4; http://www.majestic12.co.uk/bot.php?+)"
144.76.95.39 - - [09/Dec/2013:22:10:11 +0100] "GET /robots.txt HTTP/1.0" 200 177 "-" "Mozilla/5.0 (compatible; MJ12bot/v1.4.4; http://www.majestic12.co.uk/bot.php?+)"
144.76.95.39 - - [09/Dec/2013:22:10:13 +0100] "GET /news.php?cs_go=archiv&cs_id=4528&cs_search= HTTP/1.0" 200 7537 "-" "Mozilla/5.0 (compatible; MJ12bot/v1.4.4; http://www.majestic12.co.uk/bot.php?+)"
144.76.95.39 - - [09/Dec/2013:22:10:18 +0100] "GET /news.php?cs_go=archiv&cs_id=4533&cs_search= HTTP/1.0" 200 11566 "-" "Mozilla/5.0 (compatible; MJ12bot/v1.4.4; http://www.majestic12.co.uk/bot.php?+)"
144.76.95.39 - - [09/Dec/2013:22:10:24 +0100] "GET /news.php?cs_go=archiv&cs_id=4534&cs_search= HTTP/1.0" 200 7551 "-" "Mozilla/5.0 (compatible; MJ12bot/v1.4.4; http://www.majestic12.co.uk/bot.php?+)"
66.249.66.49 - - [09/Dec/2013:22:10:55 +0100] "GET /news.php?cs_go=archiv&cs_id=4750&cs_search= HTTP/1.1" 200 7665 "-" "Mozilla/5.0 (iPhone; CPU iPhone OS 6_0 like Mac OS X) AppleWebKit/536.26 (KHTML, like Gecko) Version/6.0 Mobile/10A5376e Safari/8536.25 (compatible; Googlebot-Mobile/2.1; +http://www.google.com/bot.html)"
5.10.83.57 - - [09/Dec/2013:22:15:00 +0100] "GET /news.php?cs_go=archiv&cs_id=4761&cs_search= HTTP/1.1" 200 8283 "-" "Mozilla/5.0 (compatible; AhrefsBot/5.0; +http://ahrefs.com/robot/)"
5.10.83.34 - - [09/Dec/2013:22:17:10 +0100] "GET /news.php?cs_go=archiv&cs_id=4752&cs_search= HTTP/1.1" 200 11598 "-" "Mozilla/5.0 (compatible; AhrefsBot/5.0; +http://ahrefs.com/robot/)"
141.8.147.12 - - [09/Dec/2013:22:25:46 +0100] "GET /news.php?cs_go=archiv&cs_startpos=10 HTTP/1.1" 200 20218 "-" "Mozilla/5.0 (compatible; YandexBot/3.0; +http://yandex.com/bots)"
5.9.95.7 - - [09/Dec/2013:22:29:50 +0100] "GET /robots.txt HTTP/1.1" 200 177 "http://mink-gmbh.de/" "Mozilla/5.0 (compatible; ltbot/1.3; bot@language-tools.com)"
5.9.95.7 - - [09/Dec/2013:22:29:50 +0100] "GET / HTTP/1.1" 200 12386 "http://mink-gmbh.de/" "Mozilla/5.0 (compatible; ltbot/1.3; bot@language-tools.com)"
5.9.95.7 - - [09/Dec/2013:22:29:54 +0100] "GET /index.php HTTP/1.1" 200 12386 "http://mink-gmbh.de/" "Mozilla/5.0 (compatible; ltbot/1.3; bot@language-tools.com)"
5.9.95.7 - - [09/Dec/2013:22:29:58 +0100] "GET /jobs.php HTTP/1.1" 200 4965 "http://mink-gmbh.de/" "Mozilla/5.0 (compatible; ltbot/1.3; bot@language-tools.com)"
5.255.253.79 - - [09/Dec/2013:22:33:11 +0100] "GET /images/Optiseite.jpg HTTP/1.1" 200 32107 "-" "Mozilla/5.0 (compatible; YandexImages/3.0; +http://yandex.com/bots)"
144.76.95.232 - - [09/Dec/2013:22:34:03 +0100] "GET /robots.txt HTTP/1.0" 200 177 "-" "Mozilla/5.0 (compatible; MJ12bot/v1.4.4; http://www.majestic12.co.uk/bot.php?+)"
144.76.95.232 - - [09/Dec/2013:22:34:04 +0100] "GET /news.php?cs_go=archiv&cs_id=4629&cs_search= HTTP/1.0" 200 8923 "-" "Mozilla/5.0 (compatible; MJ12bot/v1.4.4; http://www.majestic12.co.uk/bot.php?+)"
144.76.95.232 - - [09/Dec/2013:22:34:06 +0100] "GET /news.php?cs_go=archiv&cs_id=4642&cs_search= HTTP/1.0" 200 11767 "-" "Mozilla/5.0 (compatible; MJ12bot/v1.4.4; http://www.majestic12.co.uk/bot.php?+)"
144.76.95.232 - - [09/Dec/2013:22:34:08 +0100] "GET /news.php?cs_go=archiv&cs_id=4649&cs_search= HTTP/1.0" 200 10312 "-" "Mozilla/5.0 (compatible; MJ12bot/v1.4.4; http://www.majestic12.co.uk/bot.php?+)"
144.76.95.232 - - [09/Dec/2013:22:34:10 +0100] "GET /news.php?cs_go=archiv&cs_id=4652&cs_search= HTTP/1.0" 200 10589 "-" "Mozilla/5.0 (compatible; MJ12bot/v1.4.4; http://www.majestic12.co.uk/bot.php?+)"
144.76.95.232 - - [09/Dec/2013:22:34:17 +0100] "GET /news.php?cs_go=archiv&cs_id=4654&cs_search= HTTP/1.0" 200 11350 "-" "Mozilla/5.0 (compatible; MJ12bot/v1.4.4; http://www.majestic12.co.uk/bot.php?+)"
144.76.95.232 - - [09/Dec/2013:22:34:19 +0100] "GET /news.php?cs_go=archiv&cs_id=4655&cs_search= HTTP/1.0" 200 11385 "-" "Mozilla/5.0 (compatible; MJ12bot/v1.4.4; http://www.majestic12.co.uk/bot.php?+)"
66.249.66.49 - - [09/Dec/2013:22:34:19 +0100] "GET /news.php HTTP/1.1" 200 19779 "-" "Mozilla/5.0 (compatible; Googlebot/2.1; +http://www.google.com/bot.html)"
144.76.95.232 - - [09/Dec/2013:22:34:20 +0100] "GET /news.php?cs_go=archiv&cs_id=4656&cs_search= HTTP/1.0" 200 7776 "-" "Mozilla/5.0 (compatible; MJ12bot/v1.4.4; http://www.majestic12.co.uk/bot.php?+)"
144.76.95.232 - - [09/Dec/2013:22:34:22 +0100] "GET /news.php?cs_go=archiv&cs_id=4657&cs_search= HTTP/1.0" 200 9059 "-" "Mozilla/5.0 (compatible; MJ12bot/v1.4.4; http://www.majestic12.co.uk/bot.php?+)"
144.76.95.232 - - [09/Dec/2013:22:34:24 +0100] "GET /news.php?cs_go=archiv&cs_id=4658&cs_search= HTTP/1.0" 200 7413 "-" "Mozilla/5.0 (compatible; MJ12bot/v1.4.4; http://www.majestic12.co.uk/bot.php?+)"
144.76.95.232 - - [09/Dec/2013:22:34:25 +0100] "GET /news.php?cs_go=archiv&cs_id=4659&cs_search= HTTP/1.0" 200 11613 "-" "Mozilla/5.0 (compatible; MJ12bot/v1.4.4; http://www.majestic12.co.uk/bot.php?+)"
144.76.95.232 - - [09/Dec/2013:22:34:27 +0100] "GET /news.php?cs_go=archiv&cs_id=4660&cs_search= HTTP/1.0" 200 7617 "-" "Mozilla/5.0 (compatible; MJ12bot/v1.4.4; http://www.majestic12.co.uk/bot.php?+)"
144.76.95.232 - - [09/Dec/2013:22:34:29 +0100] "GET /news.php?cs_go=archiv&cs_id=4661&cs_search= HTTP/1.0" 200 8654 "-" "Mozilla/5.0 (compatible; MJ12bot/v1.4.4; http://www.majestic12.co.uk/bot.php?+)"
5.10.83.78 - - [09/Dec/2013:22:35:11 +0100] "GET /news.php?cs_go=archiv&cs_id=4730&cs_search= HTTP/1.1" 200 9134 "-" "Mozilla/5.0 (compatible; AhrefsBot/5.0; +http://ahrefs.com/robot/)"
80.83.123.232 - - [09/Dec/2013:22:38:05 +0100] "GET / HTTP/1.0" 200 12386 "-" "-"
208.115.113.91 - - [09/Dec/2013:22:40:29 +0100] "GET /news.php?cs_go=archiv&cs_id=4550&cs_search= HTTP/1.1" 200 8187 "-" "Mozilla/5.0 (compatible; Ezooms/1.0; help@moz.com)"
66.249.66.49 - - [09/Dec/2013:22:43:36 +0100] "GET /news.php HTTP/1.1" 200 19779 "-" "SAMSUNG-SGH-E250/1.0 Profile/MIDP-2.0 Configuration/CLDC-1.1 UP.Browser/6.2.3.3.c.1.101 (GUI) MMP/2.0 (compatible; Googlebot-Mobile/2.1; +http://www.google.com/bot.html)"
5.10.83.66 - - [09/Dec/2013:22:53:26 +0100] "GET /news.php?cs_go=archiv&cs_id=4565&cs_search= HTTP/1.1" 200 9153 "-" "Mozilla/5.0 (compatible; AhrefsBot/5.0; +http://ahrefs.com/robot/)"
5.255.253.79 - - [09/Dec/2013:23:02:33 +0100] "GET /images/tkw.jpg HTTP/1.1" 200 64031 "-" "Mozilla/5.0 (compatible; YandexImages/3.0; +http://yandex.com/bots)"
5.10.83.38 - - [09/Dec/2013:23:14:16 +0100] "GET /lexikon.php?cs_go=3&cs_id=190 HTTP/1.1" 200 6041 "-" "Mozilla/5.0 (compatible; AhrefsBot/5.0; +http://ahrefs.com/robot/)"
5.10.83.74 - - [09/Dec/2013:23:31:41 +0100] "GET /lexikon.php?cs_go=3&cs_id=180 HTTP/1.1" 200 6641 "-" "Mozilla/5.0 (compatible; AhrefsBot/5.0; +http://ahrefs.com/robot/)"
5.255.253.79 - - [09/Dec/2013:23:31:54 +0100] "GET /images/wunschpreis.jpg HTTP/1.1" 200 16767 "-" "Mozilla/5.0 (compatible; YandexImages/3.0; +http://yandex.com/bots)"
65.55.52.118 - - [09/Dec/2013:23:32:31 +0100] "GET /robots.txt HTTP/1.1" 200 177 "-" "Mozilla/5.0 (compatible; bingbot/2.0; +http://www.bing.com/bingbot.htm)"
65.55.52.118 - - [09/Dec/2013:23:37:25 +0100] "GET /kwk.php HTTP/1.1" 200 8447 "-" "Mozilla/5.0 (compatible; bingbot/2.0; +http://www.bing.com/bingbot.htm)"
65.55.52.117 - - [09/Dec/2013:23:38:07 +0100] "GET /modul.css HTTP/1.1" 200 35038 "-" "Mozilla/5.0 (compatible; bingbot/2.0; +http://www.bing.com/bingbot.htm)"
66.249.76.225 - - [09/Dec/2013:23:40:12 +0100] "GET /optiplus.php HTTP/1.1" 200 8639 "-" "Mozilla/5.0 (compatible; Googlebot/2.1; +http://www.google.com/bot.html)"
66.249.76.225 - - [09/Dec/2013:23:46:09 +0100] "GET /style.css HTTP/1.1" 200 8402 "-" "Mozilla/5.0 (compatible; Googlebot/2.1; +http://www.google.com/bot.html)"
5.10.83.100 - - [10/Dec/2013:00:01:57 +0100] "GET /impressum.php HTTP/1.1" 200 6306 "-" "Mozilla/5.0 (compatible; AhrefsBot/5.0; +http://ahrefs.com/robot/)"
65.55.52.117 - - [10/Dec/2013:00:03:41 +0100] "GET /style.css HTTP/1.1" 200 8402 "-" "Mozilla/5.0 (compatible; bingbot/2.0; +http://www.bing.com/bingbot.htm)"
65.55.52.118 - - [10/Dec/2013:00:01:57 +0100] "GET /kwk.php HTTP/1.1" 200 3576 "-" "Mozilla/5.0 (compatible; bingbot/2.0; +http://www.bing.com/bingbot.htm)"
5.10.83.10 - - [10/Dec/2013:00:05:43 +0100] "GET /news.php?cs_go=archiv&cs_id=4691&cs_search= HTTP/1.1" 200 9443 "-" "Mozilla/5.0 (compatible; AhrefsBot/5.0; +http://ahrefs.com/robot/)"
5.10.83.16 - - [10/Dec/2013:00:06:08 +0100] "GET /news.php?cs_go=archiv&cs_id=4526&cs_search= HTTP/1.1" 200 9321 "-" "Mozilla/5.0 (compatible; AhrefsBot/5.0; +http://ahrefs.com/robot/)"
65.55.52.118 - - [10/Dec/2013:00:15:39 +0100] "GET /kwk.php HTTP/1.0" 200 8447 "-" "Mozilla/5.0 (compatible; bingbot/2.0; +http://www.bing.com/bingbot.htm)"
65.55.52.117 - - [10/Dec/2013:00:16:08 +0100] "GET /modul.css HTTP/1.1" 200 35038 "-" "Mozilla/5.0 (compatible; bingbot/2.0; +http://www.bing.com/bingbot.htm)"
65.55.52.117 - - [10/Dec/2013:00:16:09 +0100] "GET /style.css HTTP/1.1" 200 8402 "-" "Mozilla/5.0 (compatible; bingbot/2.0; +http://www.bing.com/bingbot.htm)"
5.10.83.66 - - [10/Dec/2013:00:17:31 +0100] "GET /news.php?cs_go=archiv&cs_id=4608&cs_search= HTTP/1.1" 200 11317 "-" "Mozilla/5.0 (compatible; AhrefsBot/5.0; +http://ahrefs.com/robot/)"
5.10.83.82 - - [10/Dec/2013:00:23:17 +0100] "GET /news.php?cs_go=archiv&cs_id=4738&cs_search= HTTP/1.1" 200 11728 "-" "Mozilla/5.0 (compatible; AhrefsBot/5.0; +http://ahrefs.com/robot/)"
5.255.253.79 - - [10/Dec/2013:00:29:18 +0100] "GET /images/kwk.gif HTTP/1.1" 200 6403 "-" "Mozilla/5.0 (compatible; YandexImages/3.0; +http://yandex.com/bots)"
5.10.83.86 - - [10/Dec/2013:00:32:55 +0100] "GET /news.php?cs_go=archiv&cs_id=4581&cs_search= HTTP/1.1" 200 7633 "-" "Mozilla/5.0 (compatible; AhrefsBot/5.0; +http://ahrefs.com/robot/)"
65.55.52.117 - - [10/Dec/2013:00:45:08 +0100] "GET /style.css HTTP/1.1" 200 8402 "-" "Mozilla/5.0 (compatible; bingbot/2.0; +http://www.bing.com/bingbot.htm)"
5.10.83.10 - - [10/Dec/2013:00:49:35 +0100] "GET /news.php?cs_go=archiv&cs_id=4616&cs_search= HTTP/1.1" 200 9397 "-" "Mozilla/5.0 (compatible; AhrefsBot/5.0; +http://ahrefs.com/robot/)"
5.10.83.38 - - [10/Dec/2013:00:51:38 +0100] "GET /lexikon.php?cs_go=3&cs_id=34 HTTP/1.1" 200 6002 "-" "Mozilla/5.0 (compatible; AhrefsBot/5.0; +http://ahrefs.com/robot/)"
65.36.241.79 - - [10/Dec/2013:00:59:10 +0100] "HEAD / HTTP/1.1" 200 - "-" "InternetSeer.com"
5.10.83.10 - - [10/Dec/2013:00:59:15 +0100] "GET /lexikon.php?cs_go=3&cs_id=118 HTTP/1.1" 200 6068 "-" "Mozilla/5.0 (compatible; AhrefsBot/5.0; +http://ahrefs.com/robot/)"
5.10.83.38 - - [10/Dec/2013:01:02:49 +0100] "GET /news.php?cs_go=archiv&cs_id=4554&cs_search= HTTP/1.1" 200 9166 "-" "Mozilla/5.0 (compatible; AhrefsBot/5.0; +http://ahrefs.com/robot/)"
5.10.83.28 - - [10/Dec/2013:01:03:50 +0100] "GET /lexikon.php?cs_go=3&cs_id=69 HTTP/1.1" 200 7671 "-" "Mozilla/5.0 (compatible; AhrefsBot/5.0; +http://ahrefs.com/robot/)"
5.10.83.66 - - [10/Dec/2013:01:06:04 +0100] "GET /lexikon.php?cs_go=3&cs_id=233 HTTP/1.1" 200 6564 "-" "Mozilla/5.0 (compatible; AhrefsBot/5.0; +http://ahrefs.com/robot/)"
5.10.83.100 - - [10/Dec/2013:01:07:28 +0100] "GET /news.php?cs_go=archiv&cs_id=4469&cs_search= HTTP/1.1" 200 7899 "-" "Mozilla/5.0 (compatible; AhrefsBot/5.0; +http://ahrefs.com/robot/)"
66.249.76.225 - - [10/Dec/2013:01:07:39 +0100] "GET /robots.txt HTTP/1.1" 200 177 "-" "Mozilla/5.0 (compatible; Googlebot/2.1; +http://www.google.com/bot.html)"
66.249.76.225 - - [10/Dec/2013:01:07:39 +0100] "GET /news.php?cs_go=archiv&cs_id=4749 HTTP/1.1" 200 11351 "-" "Mozilla/5.0 (compatible; Googlebot/2.1; +http://www.google.com/bot.html)"
65.55.52.118 - - [10/Dec/2013:01:08:31 +0100] "GET /kwk.php HTTP/1.1" 200 8447 "-" "Mozilla/5.0 (compatible; bingbot/2.0; +http://www.bing.com/bingbot.htm)"
5.10.83.38 - - [10/Dec/2013:01:21:34 +0100] "GET /news.php?cs_go=archiv&cs_startpos=20 HTTP/1.1" 200 20450 "-" "Mozilla/5.0 (compatible; AhrefsBot/5.0; +http://ahrefs.com/robot/)"
5.255.253.79 - - [10/Dec/2013:01:26:48 +0100] "GET /images/freecall.jpg HTTP/1.1" 200 39195 "-" "Mozilla/5.0 (compatible; YandexImages/3.0; +http://yandex.com/bots)"
141.8.147.12 - - [10/Dec/2013:01:31:44 +0100] "GET /news.php?cs_go=archiv&cs_startpos=40 HTTP/1.1" 200 20357 "-" "Mozilla/5.0 (compatible; YandexBot/3.0; +http://yandex.com/bots)"
5.10.83.38 - - [10/Dec/2013:01:45:49 +0100] "GET /news.php?cs_go=archiv&cs_id=4707&cs_search= HTTP/1.1" 200 7623 "-" "Mozilla/5.0 (compatible; AhrefsBot/5.0; +http://ahrefs.com/robot/)"
5.10.83.10 - - [10/Dec/2013:01:50:33 +0100] "GET /lexikon.php?cs_go=3&cs_id=228 HTTP/1.1" 200 6808 "-" "Mozilla/5.0 (compatible; AhrefsBot/5.0; +http://ahrefs.com/robot/)"
66.249.76.225 - - [10/Dec/2013:01:55:57 +0100] "GET /news.php?cs_go=archiv&cs_id=4750 HTTP/1.1" 200 7665 "-" "Mozilla/5.0 (compatible; Googlebot/2.1; +http://www.google.com/bot.html)"
66.249.76.225 - - [10/Dec/2013:02:06:37 +0100] "GET /images/logos.jpg?cache1430 HTTP/1.1" 304 - "-" "Googlebot-Image/1.0"
5.10.83.16 - - [10/Dec/2013:02:14:38 +0100] "GET /lexikon.php?cs_go=3&cs_id=20 HTTP/1.1" 200 6473 "-" "Mozilla/5.0 (compatible; AhrefsBot/5.0; +http://ahrefs.com/robot/)"
65.55.52.118 - - [10/Dec/2013:02:22:52 +0100] "GET /robots.txt HTTP/1.1" 200 177 "-" "Mozilla/5.0 (compatible; bingbot/2.0; +http://www.bing.com/bingbot.htm)"
5.255.253.79 - - [10/Dec/2013:02:24:09 +0100] "GET /images/optiplus.jpg HTTP/1.1" 200 37436 "-" "Mozilla/5.0 (compatible; YandexImages/3.0; +http://yandex.com/bots)"
5.10.83.16 - - [10/Dec/2013:02:29:45 +0100] "GET /news.php?cs_go=archiv&cs_id=4660&cs_search= HTTP/1.1" 200 7617 "-" "Mozilla/5.0 (compatible; AhrefsBot/5.0; +http://ahrefs.com/robot/)"
5.10.83.66 - - [10/Dec/2013:02:30:31 +0100] "GET /news.php?cs_go=archiv&cs_id=4664&cs_search= HTTP/1.1" 200 7703 "-" "Mozilla/5.0 (compatible; AhrefsBot/5.0; +http://ahrefs.com/robot/)"
65.55.52.118 - - [10/Dec/2013:02:32:59 +0100] "GET /kwk.php HTTP/1.1" 200 8447 "-" "Mozilla/5.0 (compatible; bingbot/2.0; +http://www.bing.com/bingbot.htm)"
5.10.83.10 - - [10/Dec/2013:02:45:21 +0100] "GET /lexikon.php?cs_go=3&cs_id=5 HTTP/1.1" 200 5752 "-" "Mozilla/5.0 (compatible; AhrefsBot/5.0; +http://ahrefs.com/robot/)"
188.165.195.156 - - [10/Dec/2013:02:51:08 +0100] "HEAD / HTTP/1.1" 200 - "-" "Mozilla/4.0 (compatible; MSIE 5.01; Windows NT 5.0)"
141.8.147.12 - - [10/Dec/2013:02:53:22 +0100] "GET /news.php?cs_go=archiv&cs_startpos=20 HTTP/1.1" 200 20450 "-" "Mozilla/5.0 (compatible; YandexBot/3.0; +http://yandex.com/bots)"
66.249.76.225 - - [10/Dec/2013:03:10:36 +0100] "GET /news.php?cs_go=archiv&cs_id=4730 HTTP/1.1" 200 9134 "-" "Mozilla/5.0 (compatible; Googlebot/2.1; +http://www.google.com/bot.html)"
65.55.52.118 - - [10/Dec/2013:03:13:05 +0100] "GET /edl.php HTTP/1.1" 200 8596 "-" "Mozilla/5.0 (compatible; bingbot/2.0; +http://www.bing.com/bingbot.htm)"
65.55.52.118 - - [10/Dec/2013:03:13:06 +0100] "GET /kwk.php HTTP/1.1" 200 8447 "-" "Mozilla/5.0 (compatible; bingbot/2.0; +http://www.bing.com/bingbot.htm)"
65.55.52.117 - - [10/Dec/2013:03:14:42 +0100] "GET /images/header.jpg HTTP/1.1" 200 25189 "-" "Mozilla/5.0 (compatible; bingbot/2.0; +http://www.bing.com/bingbot.htm)"
5.10.83.10 - - [10/Dec/2013:03:15:46 +0100] "GET /news.php?cs_go=archiv&cs_startpos=170 HTTP/1.1" 200 20312 "-" "Mozilla/5.0 (compatible; AhrefsBot/5.0; +http://ahrefs.com/robot/)"
65.55.52.118 - - [10/Dec/2013:03:15:58 +0100] "GET /images/logos.jpg HTTP/1.1" 200 35043 "-" "Mozilla/5.0 (compatible; bingbot/2.0; +http://www.bing.com/bingbot.htm)"
65.55.52.118 - - [10/Dec/2013:03:16:00 +0100] "GET /kwk.php HTTP/1.1" 200 8447 "-" "Mozilla/5.0 (compatible; bingbot/2.0; +http://www.bing.com/bingbot.htm)"
65.55.52.117 - - [10/Dec/2013:03:16:57 +0100] "GET /modul.css HTTP/1.1" 200 35038 "-" "Mozilla/5.0 (compatible; bingbot/2.0; +http://www.bing.com/bingbot.htm)"
157.55.32.106 - - [10/Dec/2013:03:27:19 +0100] "GET /images/bg.png HTTP/1.1" 200 922 "-" "Mozilla/5.0 (compatible; bingbot/2.0; +http://www.bing.com/bingbot.htm)"
66.249.76.225 - - [10/Dec/2013:03:28:26 +0100] "GET / HTTP/1.1" 200 12386 "-" "Mozilla/5.0 (iPhone; CPU iPhone OS 6_0 like Mac OS X) AppleWebKit/536.26 (KHTML, like Gecko) Version/6.0 Mobile/10A5376e Safari/8536.25 (compatible; Googlebot-Mobile/2.1; +http://www.google.com/bot.html)"
65.55.52.117 - - [10/Dec/2013:03:32:37 +0100] "GET /images/footerbg.jpg HTTP/1.1" 200 2184 "-" "Mozilla/5.0 (compatible; bingbot/2.0; +http://www.bing.com/bingbot.htm)"
121.205.214.21 - - [10/Dec/2013:03:33:24 +0100] "GET /news.php?cs_go=archiv&cs_id=4112&cs_search= HTTP/1.0" 200 9435 "http://www.mink-gmbh.de/news.php?cs_go=archiv&cs_id=4112&cs_search=" "Mozilla/4.0 (compatible; MSIE 8.0; Windows NT 5.1; Trident/4.0; MRA 6.0 (build 5993); MRA 8.0 (build 5784); InfoPath.2)"
5.10.83.102 - - [10/Dec/2013:03:35:55 +0100] "GET /news.php?cs_go=archiv&cs_id=4629&cs_search= HTTP/1.1" 200 8923 "-" "Mozilla/5.0 (compatible; AhrefsBot/5.0; +http://ahrefs.com/robot/)"
5.10.83.74 - - [10/Dec/2013:03:36:21 +0100] "GET /news.php?cs_go=archiv&cs_id=4572&cs_search= HTTP/1.1" 200 11817 "-" "Mozilla/5.0 (compatible; AhrefsBot/5.0; +http://ahrefs.com/robot/)"
65.55.52.117 - - [10/Dec/2013:03:38:55 +0100] "GET /modul.css HTTP/1.1" 200 35038 "-" "Mozilla/5.0 (compatible; bingbot/2.0; +http://www.bing.com/bingbot.htm)"
65.55.52.118 - - [10/Dec/2013:03:41:57 +0100] "GET /news.php?cs_go=archiv&cs_id=4585 HTTP/1.1" 200 7652 "-" "Mozilla/5.0 (compatible; bingbot/2.0; +http://www.bing.com/bingbot.htm)"
65.55.52.118 - - [10/Dec/2013:03:41:58 +0100] "GET /kwk.php HTTP/1.1" 200 8447 "-" "Mozilla/5.0 (compatible; bingbot/2.0; +http://www.bing.com/bingbot.htm)"
65.55.52.118 - - [10/Dec/2013:03:41:59 +0100] "GET /Heizoel-Berlin.htm HTTP/1.1" 404 - "-" "Mozilla/5.0 (compatible; bingbot/2.0; +http://www.bing.com/bingbot.htm)"
65.55.52.118 - - [10/Dec/2013:03:42:00 +0100] "GET /news.php?cs_go=archiv&cs_id=4668&cs_search= HTTP/1.1" 200 7860 "-" "Mozilla/5.0 (compatible; bingbot/2.0; +http://www.bing.com/bingbot.htm)"
65.55.52.118 - - [10/Dec/2013:03:42:00 +0100] "GET /news.php?cs_go=archiv&cs_id=4576&cs_search= HTTP/1.1" 200 11936 "-" "Mozilla/5.0 (compatible; bingbot/2.0; +http://www.bing.com/bingbot.htm)"
65.55.52.118 - - [10/Dec/2013:03:42:00 +0100] "GET /agb.php HTTP/1.1" 200 17543 "-" "Mozilla/5.0 (compatible; bingbot/2.0; +http://www.bing.com/bingbot.htm)"
65.55.52.118 - - [10/Dec/2013:03:42:01 +0100] "GET /additive.php HTTP/1.1" 200 5937 "-" "Mozilla/5.0 (compatible; bingbot/2.0; +http://www.bing.com/bingbot.htm)"
65.55.52.118 - - [10/Dec/2013:03:42:01 +0100] "GET /news.php?cs_go=archiv HTTP/1.1" 200 19779 "-" "Mozilla/5.0 (compatible; bingbot/2.0; +http://www.bing.com/bingbot.htm)"
65.55.52.118 - - [10/Dec/2013:03:42:02 +0100] "GET /modernisierung.php?cs_gp_go=coupon HTTP/1.1" 200 7829 "-" "Mozilla/5.0 (compatible; bingbot/2.0; +http://www.bing.com/bingbot.htm)"
65.55.52.118 - - [10/Dec/2013:03:42:02 +0100] "GET /Schmierstoffe.htm HTTP/1.1" 404 - "-" "Mozilla/5.0 (compatible; bingbot/2.0; +http://www.bing.com/bingbot.htm)"
65.55.52.118 - - [10/Dec/2013:03:42:02 +0100] "GET /kwk.php?cs_go=1 HTTP/1.1" 200 8447 "-" "Mozilla/5.0 (compatible; bingbot/2.0; +http://www.bing.com/bingbot.htm)"
65.55.52.118 - - [10/Dec/2013:03:42:03 +0100] "GET /edl.php HTTP/1.1" 200 8596 "-" "Mozilla/5.0 (compatible; bingbot/2.0; +http://www.bing.com/bingbot.htm)"
65.55.52.118 - - [10/Dec/2013:03:42:05 +0100] "GET /news.php?cs_go=archiv&cs_id=4589 HTTP/1.1" 200 11787 "-" "Mozilla/5.0 (compatible; bingbot/2.0; +http://www.bing.com/bingbot.htm)"
65.55.52.118 - - [10/Dec/2013:03:42:05 +0100] "GET /news.php?cs_go=archiv&cs_id=4557 HTTP/1.1" 200 7784 "-" "Mozilla/5.0 (compatible; bingbot/2.0; +http://www.bing.com/bingbot.htm)"
5.10.83.82 - - [10/Dec/2013:03:43:44 +0100] "GET /news.php?cs_go=archiv&cs_id=4708&cs_search= HTTP/1.1" 200 11180 "-" "Mozilla/5.0 (compatible; AhrefsBot/5.0; +http://ahrefs.com/robot/)"
5.10.83.102 - - [10/Dec/2013:03:43:48 +0100] "GET /news.php?cs_go=archiv&cs_id=4654&cs_search= HTTP/1.1" 200 11350 "-" "Mozilla/5.0 (compatible; AhrefsBot/5.0; +http://ahrefs.com/robot/)"
5.10.83.30 - - [10/Dec/2013:03:43:58 +0100] "GET /lexikon.php?cs_go=2&cs_char=n HTTP/1.1" 200 6142 "-" "Mozilla/5.0 (compatible; AhrefsBot/5.0; +http://ahrefs.com/robot/)"
66.249.76.225 - - [10/Dec/2013:03:45:43 +0100] "GET /news.php?cs_go=archiv&cs_id=4752 HTTP/1.1" 200 11598 "-" "Mozilla/5.0 (compatible; Googlebot/2.1; +http://www.google.com/bot.html)"
5.10.83.86 - - [10/Dec/2013:03:48:06 +0100] "GET /news.php?cs_go=archiv&cs_id=4717&cs_search= HTTP/1.1" 200 7684 "-" "Mozilla/5.0 (compatible; AhrefsBot/5.0; +http://ahrefs.com/robot/)"
5.10.83.38 - - [10/Dec/2013:03:49:20 +0100] "GET /kwk.php?cs_go=2 HTTP/1.1" 200 9418 "-" "Mozilla/5.0 (compatible; AhrefsBot/5.0; +http://ahrefs.com/robot/)"
157.55.32.188 - - [10/Dec/2013:03:50:00 +0100] "GET /news.php?cs_go=archiv&cs_id=4524 HTTP/1.1" 200 11609 "-" "Mozilla/5.0 (compatible; bingbot/2.0; +http://www.bing.com/bingbot.htm)"
157.55.32.188 - - [10/Dec/2013:03:50:00 +0100] "GET /news.php?cs_go=archiv&cs_id=4670&cs_search= HTTP/1.1" 200 7530 "-" "Mozilla/5.0 (compatible; bingbot/2.0; +http://www.bing.com/bingbot.htm)"
157.55.32.188 - - [10/Dec/2013:03:50:01 +0100] "GET /kwk.php?cs_go=4 HTTP/1.1" 200 7818 "-" "Mozilla/5.0 (compatible; bingbot/2.0; +http://www.bing.com/bingbot.htm)"
157.55.32.188 - - [10/Dec/2013:03:50:01 +0100] "GET /news.php?cs_go=archiv&cs_id=4666&cs_search= HTTP/1.1" 200 11770 "-" "Mozilla/5.0 (compatible; bingbot/2.0; +http://www.bing.com/bingbot.htm)"
157.55.32.188 - - [10/Dec/2013:03:50:02 +0100] "GET /kwk.php?cs_go=3 HTTP/1.1" 200 7848 "-" "Mozilla/5.0 (compatible; bingbot/2.0; +http://www.bing.com/bingbot.htm)"
157.55.32.188 - - [10/Dec/2013:03:50:02 +0100] "GET /foerdermittel.php HTTP/1.1" 200 10473 "-" "Mozilla/5.0 (compatible; bingbot/2.0; +http://www.bing.com/bingbot.htm)"
157.55.32.188 - - [10/Dec/2013:03:50:02 +0100] "GET /news.php?cs_go=archiv&cs_id=4611&cs_search= HTTP/1.1" 200 8091 "-" "Mozilla/5.0 (compatible; bingbot/2.0; +http://www.bing.com/bingbot.htm)"
157.55.32.188 - - [10/Dec/2013:03:50:03 +0100] "GET /diesel.php HTTP/1.1" 200 8192 "-" "Mozilla/5.0 (compatible; bingbot/2.0; +http://www.bing.com/bingbot.htm)"
66.249.76.225 - - [10/Dec/2013:03:51:01 +0100] "GET /news.php?cs_go=archiv&cs_startpos=50 HTTP/1.1" 200 20210 "-" "DoCoMo/2.0 N905i(c100;TB;W24H16) (compatible; Googlebot-Mobile/2.1; +http://www.google.com/bot.html)"
5.255.253.79 - - [10/Dec/2013:03:56:56 +0100] "GET /images/team-energie.png HTTP/1.1" 200 17383 "-" "Mozilla/5.0 (compatible; YandexImages/3.0; +http://yandex.com/bots)"
5.10.83.10 - - [10/Dec/2013:04:14:59 +0100] "GET /lexikon.php?cs_go=3&cs_id=12 HTTP/1.1" 200 6135 "-" "Mozilla/5.0 (compatible; AhrefsBot/5.0; +http://ahrefs.com/robot/)"
5.10.83.38 - - [10/Dec/2013:04:15:43 +0100] "GET /news.php?cs_go=archiv&cs_id=4685&cs_search= HTTP/1.1" 200 14039 "-" "Mozilla/5.0 (compatible; AhrefsBot/5.0; +http://ahrefs.com/robot/)"
5.10.83.86 - - [10/Dec/2013:04:18:26 +0100] "GET /news.php?cs_go=archiv&cs_startpos=51 HTTP/1.1" 200 20212 "-" "Mozilla/5.0 (compatible; AhrefsBot/5.0; +http://ahrefs.com/robot/)"
5.10.83.66 - - [10/Dec/2013:04:20:54 +0100] "GET /news.php?cs_go=archiv&cs_id=4603&cs_search= HTTP/1.1" 200 9970 "-" "Mozilla/5.0 (compatible; AhrefsBot/5.0; +http://ahrefs.com/robot/)"
66.249.76.225 - - [10/Dec/2013:04:24:15 +0100] "GET /news.php?cs_go=archiv&cs_id=4753 HTTP/1.1" 200 7689 "-" "Mozilla/5.0 (compatible; Googlebot/2.1; +http://www.google.com/bot.html)"
5.10.83.86 - - [10/Dec/2013:04:30:12 +0100] "GET /news.php?cs_go=archiv HTTP/1.1" 200 19779 "-" "Mozilla/5.0 (compatible; AhrefsBot/5.0; +http://ahrefs.com/robot/)"
157.55.32.106 - - [10/Dec/2013:04:33:18 +0100] "GET /news.php?cs_go=archiv&cs_id=4667&cs_search= HTTP/1.1" 200 7519 "-" "Mozilla/5.0 (compatible; bingbot/2.0; +http://www.bing.com/bingbot.htm)"
157.55.32.106 - - [10/Dec/2013:04:33:18 +0100] "GET /Heizoel.htm HTTP/1.1" 404 - "-" "Mozilla/5.0 (compatible; bingbot/2.0; +http://www.bing.com/bingbot.htm)"
157.55.32.106 - - [10/Dec/2013:04:33:18 +0100] "GET /news.php?cs_go=archiv&cs_id=4671&cs_search= HTTP/1.1" 200 12539 "-" "Mozilla/5.0 (compatible; bingbot/2.0; +http://www.bing.com/bingbot.htm)"
157.55.32.106 - - [10/Dec/2013:04:33:19 +0100] "GET /kwk.php?cs_go=2 HTTP/1.1" 200 9418 "-" "Mozilla/5.0 (compatible; bingbot/2.0; +http://www.bing.com/bingbot.htm)"
157.55.32.106 - - [10/Dec/2013:04:33:20 +0100] "GET /images/RAL_Guetezeichen_Energiehandel.pdf HTTP/1.1" 200 288367 "-" "Mozilla/5.0 (compatible; bingbot/2.0; +http://www.bing.com/bingbot.htm)"
157.55.32.106 - - [10/Dec/2013:04:33:20 +0100] "GET /news.php?cs_go=archiv&cs_id=4616&cs_search= HTTP/1.1" 200 9397 "-" "Mozilla/5.0 (compatible; bingbot/2.0; +http://www.bing.com/bingbot.htm)"
157.55.32.106 - - [10/Dec/2013:04:33:20 +0100] "GET /news.php?cs_go=archiv&cs_id=4605 HTTP/1.1" 200 7667 "-" "Mozilla/5.0 (compatible; bingbot/2.0; +http://www.bing.com/bingbot.htm)"
157.55.32.106 - - [10/Dec/2013:04:33:21 +0100] "GET /news.php?cs_go=archiv&cs_id=4555&cs_search= HTTP/1.1" 200 9452 "-" "Mozilla/5.0 (compatible; bingbot/2.0; +http://www.bing.com/bingbot.htm)"
5.10.83.28 - - [10/Dec/2013:04:35:12 +0100] "GET /news.php?cs_go=archiv&cs_id=4651&cs_search= HTTP/1.1" 200 7557 "-" "Mozilla/5.0 (compatible; AhrefsBot/5.0; +http://ahrefs.com/robot/)"
5.10.83.28 - - [10/Dec/2013:04:46:36 +0100] "GET /news.php?cs_go=archiv&cs_id=4720&cs_search= HTTP/1.1" 200 11046 "-" "Mozilla/5.0 (compatible; AhrefsBot/5.0; +http://ahrefs.com/robot/)"
65.55.52.117 - - [10/Dec/2013:04:48:32 +0100] "GET /news.php?cs_go=archiv&cs_id=4546 HTTP/1.1" 200 8177 "-" "Mozilla/5.0 (compatible; bingbot/2.0; +http://www.bing.com/bingbot.htm)"
65.55.52.117 - - [10/Dec/2013:04:48:33 +0100] "GET /news.php?cs_go=archiv&cs_id=4669&cs_search= HTTP/1.1" 200 11689 "-" "Mozilla/5.0 (compatible; bingbot/2.0; +http://www.bing.com/bingbot.htm)"
65.55.52.117 - - [10/Dec/2013:04:48:33 +0100] "GET /news.php?cs_go=archiv&cs_id=3474 HTTP/1.1" 200 10978 "-" "Mozilla/5.0 (compatible; bingbot/2.0; +http://www.bing.com/bingbot.htm)"
65.55.52.117 - - [10/Dec/2013:04:48:34 +0100] "GET /Heizoel-Berlin.html HTTP/1.1" 404 - "-" "Mozilla/5.0 (compatible; bingbot/2.0; +http://www.bing.com/bingbot.htm)"
65.55.52.117 - - [10/Dec/2013:04:48:34 +0100] "GET / HTTP/1.1" 200 12386 "-" "Mozilla/5.0 (compatible; bingbot/2.0; +http://www.bing.com/bingbot.htm)"
65.55.52.117 - - [10/Dec/2013:04:48:35 +0100] "GET /impressum.php HTTP/1.1" 200 6306 "-" "Mozilla/5.0 (compatible; bingbot/2.0; +http://www.bing.com/bingbot.htm)"
65.55.52.117 - - [10/Dec/2013:04:48:37 +0100] "GET /energiesparcheck.php HTTP/1.1" 200 11144 "-" "Mozilla/5.0 (compatible; bingbot/2.0; +http://www.bing.com/bingbot.htm)"
65.55.52.117 - - [10/Dec/2013:04:48:37 +0100] "GET /news.php?cs_go=archiv&cs_id=4575&cs_search= HTTP/1.1" 200 8368 "-" "Mozilla/5.0 (compatible; bingbot/2.0; +http://www.bing.com/bingbot.htm)"
65.55.52.117 - - [10/Dec/2013:04:48:38 +0100] "GET /news.php?cs_go=archiv&cs_id=4556 HTTP/1.1" 200 7824 "-" "Mozilla/5.0 (compatible; bingbot/2.0; +http://www.bing.com/bingbot.htm)"
65.55.52.117 - - [10/Dec/2013:04:48:38 +0100] "GET /news.php?cs_go=archiv&cs_id=4588 HTTP/1.1" 200 9557 "-" "Mozilla/5.0 (compatible; bingbot/2.0; +http://www.bing.com/bingbot.htm)"
5.10.83.10 - - [10/Dec/2013:04:49:46 +0100] "GET /news.php?cs_go=archiv&cs_id=4714&cs_search= HTTP/1.1" 200 7445 "-" "Mozilla/5.0 (compatible; AhrefsBot/5.0; +http://ahrefs.com/robot/)"
5.10.83.102 - - [10/Dec/2013:04:50:45 +0100] "GET /news.php?cs_go=archiv&cs_id=4683&cs_search= HTTP/1.1" 200 11589 "-" "Mozilla/5.0 (compatible; AhrefsBot/5.0; +http://ahrefs.com/robot/)"
208.115.113.91 - - [10/Dec/2013:04:51:04 +0100] "GET /robots.txt HTTP/1.1" 200 177 "-" "Mozilla/5.0 (compatible; Ezooms/1.0; help@moz.com)"
144.76.137.226 - - [10/Dec/2013:04:57:53 +0100] "GET /robots.txt HTTP/1.0" 200 177 "-" "Mozilla/5.0 (compatible; MJ12bot/v1.4.4; http://www.majestic12.co.uk/bot.php?+)"
144.76.137.226 - - [10/Dec/2013:04:57:58 +0100] "GET /news.php?cs_go=archiv&cs_id=4047&cs_search= HTTP/1.0" 200 10728 "-" "Mozilla/5.0 (compatible; MJ12bot/v1.4.4; http://www.majestic12.co.uk/bot.php?+)"
144.76.137.226 - - [10/Dec/2013:04:58:05 +0100] "GET /news.php?cs_go=archiv&cs_id=4048&cs_search= HTTP/1.0" 200 7677 "-" "Mozilla/5.0 (compatible; MJ12bot/v1.4.4; http://www.majestic12.co.uk/bot.php?+)"
144.76.137.226 - - [10/Dec/2013:04:58:16 +0100] "GET /news.php?cs_go=archiv&cs_id=4049&cs_search= HTTP/1.0" 200 10889 "-" "Mozilla/5.0 (compatible; MJ12bot/v1.4.4; http://www.majestic12.co.uk/bot.php?+)"
144.76.137.226 - - [10/Dec/2013:04:58:33 +0100] "GET /news.php?cs_go=archiv&cs_id=4050&cs_search= HTTP/1.0" 200 7805 "-" "Mozilla/5.0 (compatible; MJ12bot/v1.4.4; http://www.majestic12.co.uk/bot.php?+)"
144.76.137.226 - - [10/Dec/2013:04:58:48 +0100] "GET /news.php?cs_go=archiv&cs_id=4051&cs_search= HTTP/1.0" 200 11029 "-" "Mozilla/5.0 (compatible; MJ12bot/v1.4.4; http://www.majestic12.co.uk/bot.php?+)"
144.76.137.226 - - [10/Dec/2013:04:58:55 +0100] "GET /news.php?cs_go=archiv&cs_id=4052&cs_search= HTTP/1.0" 200 9951 "-" "Mozilla/5.0 (compatible; MJ12bot/v1.4.4; http://www.majestic12.co.uk/bot.php?+)"
144.76.137.226 - - [10/Dec/2013:04:59:01 +0100] "GET /news.php?cs_go=archiv&cs_id=4053&cs_search= HTTP/1.0" 200 7665 "-" "Mozilla/5.0 (compatible; MJ12bot/v1.4.4; http://www.majestic12.co.uk/bot.php?+)"
144.76.137.226 - - [10/Dec/2013:04:59:09 +0100] "GET /news.php?cs_go=archiv&cs_id=4054&cs_search= HTTP/1.0" 200 10941 "-" "Mozilla/5.0 (compatible; MJ12bot/v1.4.4; http://www.majestic12.co.uk/bot.php?+)"
144.76.137.226 - - [10/Dec/2013:04:59:29 +0100] "GET /news.php?cs_go=archiv&cs_id=4055&cs_search= HTTP/1.0" 200 7746 "-" "Mozilla/5.0 (compatible; MJ12bot/v1.4.4; http://www.majestic12.co.uk/bot.php?+)"
144.76.137.226 - - [10/Dec/2013:04:59:34 +0100] "GET /news.php?cs_go=archiv&cs_id=4056&cs_search= HTTP/1.0" 200 9422 "-" "Mozilla/5.0 (compatible; MJ12bot/v1.4.4; http://www.majestic12.co.uk/bot.php?+)"
144.76.137.226 - - [10/Dec/2013:04:59:38 +0100] "GET /news.php?cs_go=archiv&cs_id=4057&cs_search= HTTP/1.0" 200 10863 "-" "Mozilla/5.0 (compatible; MJ12bot/v1.4.4; http://www.majestic12.co.uk/bot.php?+)"
144.76.137.226 - - [10/Dec/2013:04:59:46 +0100] "GET /news.php?cs_go=archiv&cs_id=4058&cs_search= HTTP/1.0" 200 7688 "-" "Mozilla/5.0 (compatible; MJ12bot/v1.4.4; http://www.majestic12.co.uk/bot.php?+)"
144.76.137.226 - - [10/Dec/2013:04:59:48 +0100] "GET /news.php?cs_go=archiv&cs_id=4059&cs_search= HTTP/1.0" 200 10975 "-" "Mozilla/5.0 (compatible; MJ12bot/v1.4.4; http://www.majestic12.co.uk/bot.php?+)"
144.76.137.226 - - [10/Dec/2013:04:59:55 +0100] "GET /news.php?cs_go=archiv&cs_id=4060&cs_search= HTTP/1.0" 200 7898 "-" "Mozilla/5.0 (compatible; MJ12bot/v1.4.4; http://www.majestic12.co.uk/bot.php?+)"
144.76.137.226 - - [10/Dec/2013:05:00:02 +0100] "GET /news.php?cs_go=archiv&cs_id=4061&cs_search= HTTP/1.0" 200 7984 "-" "Mozilla/5.0 (compatible; MJ12bot/v1.4.4; http://www.majestic12.co.uk/bot.php?+)"
144.76.137.226 - - [10/Dec/2013:05:00:10 +0100] "GET /news.php?cs_go=archiv&cs_id=4062&cs_search= HTTP/1.0" 200 10762 "-" "Mozilla/5.0 (compatible; MJ12bot/v1.4.4; http://www.majestic12.co.uk/bot.php?+)"
144.76.137.226 - - [10/Dec/2013:05:00:16 +0100] "GET /news.php?cs_go=archiv&cs_id=4063&cs_search= HTTP/1.0" 200 8244 "-" "Mozilla/5.0 (compatible; MJ12bot/v1.4.4; http://www.majestic12.co.uk/bot.php?+)"
144.76.137.226 - - [10/Dec/2013:05:00:22 +0100] "GET /news.php?cs_go=archiv&cs_id=4064&cs_search= HTTP/1.0" 200 11445 "-" "Mozilla/5.0 (compatible; MJ12bot/v1.4.4; http://www.majestic12.co.uk/bot.php?+)"
144.76.137.226 - - [10/Dec/2013:05:00:27 +0100] "GET /news.php?cs_go=archiv&cs_id=4065&cs_search= HTTP/1.0" 200 7890 "-" "Mozilla/5.0 (compatible; MJ12bot/v1.4.4; http://www.majestic12.co.uk/bot.php?+)"
144.76.137.226 - - [10/Dec/2013:05:00:30 +0100] "GET /news.php?cs_go=archiv&cs_id=4066&cs_search= HTTP/1.0" 200 9932 "-" "Mozilla/5.0 (compatible; MJ12bot/v1.4.4; http://www.majestic12.co.uk/bot.php?+)"
144.76.137.226 - - [10/Dec/2013:05:00:38 +0100] "GET /news.php?cs_go=archiv&cs_id=4067&cs_search= HTTP/1.0" 200 8332 "-" "Mozilla/5.0 (compatible; MJ12bot/v1.4.4; http://www.majestic12.co.uk/bot.php?+)"
144.76.137.226 - - [10/Dec/2013:05:00:44 +0100] "GET /news.php?cs_go=archiv&cs_id=4068&cs_search= HTTP/1.0" 200 7913 "-" "Mozilla/5.0 (compatible; MJ12bot/v1.4.4; http://www.majestic12.co.uk/bot.php?+)"
144.76.137.226 - - [10/Dec/2013:05:00:53 +0100] "GET /news.php?cs_go=archiv&cs_id=4069&cs_search= HTTP/1.0" 200 7999 "-" "Mozilla/5.0 (compatible; MJ12bot/v1.4.4; http://www.majestic12.co.uk/bot.php?+)"
144.76.137.226 - - [10/Dec/2013:05:00:56 +0100] "GET /news.php?cs_go=archiv&cs_id=4070&cs_search= HTTP/1.0" 200 7816 "-" "Mozilla/5.0 (compatible; MJ12bot/v1.4.4; http://www.majestic12.co.uk/bot.php?+)"
144.76.137.226 - - [10/Dec/2013:05:01:05 +0100] "GET /news.php?cs_go=archiv&cs_id=4071&cs_search= HTTP/1.0" 200 7454 "-" "Mozilla/5.0 (compatible; MJ12bot/v1.4.4; http://www.majestic12.co.uk/bot.php?+)"
144.76.137.226 - - [10/Dec/2013:05:01:08 +0100] "GET /news.php?cs_go=archiv&cs_id=4072&cs_search= HTTP/1.0" 200 8906 "-" "Mozilla/5.0 (compatible; MJ12bot/v1.4.4; http://www.majestic12.co.uk/bot.php?+)"
144.76.137.226 - - [10/Dec/2013:05:01:15 +0100] "GET /news.php?cs_go=archiv&cs_id=4073&cs_search= HTTP/1.0" 200 11484 "-" "Mozilla/5.0 (compatible; MJ12bot/v1.4.4; http://www.majestic12.co.uk/bot.php?+)"
144.76.137.226 - - [10/Dec/2013:05:01:23 +0100] "GET /news.php?cs_go=archiv&cs_id=4074&cs_search= HTTP/1.0" 200 11070 "-" "Mozilla/5.0 (compatible; MJ12bot/v1.4.4; http://www.majestic12.co.uk/bot.php?+)"
144.76.137.226 - - [10/Dec/2013:05:01:29 +0100] "GET /news.php?cs_go=archiv&cs_id=4075&cs_search= HTTP/1.0" 200 10173 "-" "Mozilla/5.0 (compatible; MJ12bot/v1.4.4; http://www.majestic12.co.uk/bot.php?+)"
144.76.137.226 - - [10/Dec/2013:05:01:37 +0100] "GET /news.php?cs_go=archiv&cs_id=4076&cs_search= HTTP/1.0" 200 9350 "-" "Mozilla/5.0 (compatible; MJ12bot/v1.4.4; http://www.majestic12.co.uk/bot.php?+)"
144.76.137.226 - - [10/Dec/2013:05:01:40 +0100] "GET /news.php?cs_go=archiv&cs_id=4077&cs_search= HTTP/1.0" 200 7457 "-" "Mozilla/5.0 (compatible; MJ12bot/v1.4.4; http://www.majestic12.co.uk/bot.php?+)"
144.76.137.226 - - [10/Dec/2013:05:01:46 +0100] "GET /news.php?cs_go=archiv&cs_id=4078&cs_search= HTTP/1.0" 200 9943 "-" "Mozilla/5.0 (compatible; MJ12bot/v1.4.4; http://www.majestic12.co.uk/bot.php?+)"
144.76.137.226 - - [10/Dec/2013:05:01:52 +0100] "GET /news.php?cs_go=archiv&cs_id=4079&cs_search= HTTP/1.0" 200 12511 "-" "Mozilla/5.0 (compatible; MJ12bot/v1.4.4; http://www.majestic12.co.uk/bot.php?+)"
144.76.137.226 - - [10/Dec/2013:05:01:56 +0100] "GET /news.php?cs_go=archiv&cs_id=4080&cs_search= HTTP/1.0" 200 10863 "-" "Mozilla/5.0 (compatible; MJ12bot/v1.4.4; http://www.majestic12.co.uk/bot.php?+)"
144.76.137.226 - - [10/Dec/2013:05:02:02 +0100] "GET /news.php?cs_go=archiv&cs_id=4081&cs_search= HTTP/1.0" 200 7481 "-" "Mozilla/5.0 (compatible; MJ12bot/v1.4.4; http://www.majestic12.co.uk/bot.php?+)"
144.76.137.226 - - [10/Dec/2013:05:02:06 +0100] "GET /news.php?cs_go=archiv&cs_id=4082&cs_search= HTTP/1.0" 200 9416 "-" "Mozilla/5.0 (compatible; MJ12bot/v1.4.4; http://www.majestic12.co.uk/bot.php?+)"
144.76.137.226 - - [10/Dec/2013:05:02:11 +0100] "GET /news.php?cs_go=archiv&cs_id=4083&cs_search= HTTP/1.0" 200 10679 "-" "Mozilla/5.0 (compatible; MJ12bot/v1.4.4; http://www.majestic12.co.uk/bot.php?+)"
144.76.137.226 - - [10/Dec/2013:05:02:15 +0100] "GET /news.php?cs_go=archiv&cs_id=4084&cs_search= HTTP/1.0" 200 8890 "-" "Mozilla/5.0 (compatible; MJ12bot/v1.4.4; http://www.majestic12.co.uk/bot.php?+)"
144.76.137.226 - - [10/Dec/2013:05:02:22 +0100] "GET /news.php?cs_go=archiv&cs_id=4085&cs_search= HTTP/1.0" 200 7480 "-" "Mozilla/5.0 (compatible; MJ12bot/v1.4.4; http://www.majestic12.co.uk/bot.php?+)"
144.76.137.226 - - [10/Dec/2013:05:02:26 +0100] "GET /news.php?cs_go=archiv&cs_id=4086&cs_search= HTTP/1.0" 200 7903 "-" "Mozilla/5.0 (compatible; MJ12bot/v1.4.4; http://www.majestic12.co.uk/bot.php?+)"
144.76.137.226 - - [10/Dec/2013:05:02:32 +0100] "GET /news.php?cs_go=archiv&cs_id=4087&cs_search= HTTP/1.0" 200 11444 "-" "Mozilla/5.0 (compatible; MJ12bot/v1.4.4; http://www.majestic12.co.uk/bot.php?+)"
144.76.137.226 - - [10/Dec/2013:05:02:35 +0100] "GET /news.php?cs_go=archiv&cs_id=4088&cs_search= HTTP/1.0" 200 8645 "-" "Mozilla/5.0 (compatible; MJ12bot/v1.4.4; http://www.majestic12.co.uk/bot.php?+)"
144.76.137.226 - - [10/Dec/2013:05:02:42 +0100] "GET /news.php?cs_go=archiv&cs_id=4090&cs_search= HTTP/1.0" 200 8095 "-" "Mozilla/5.0 (compatible; MJ12bot/v1.4.4; http://www.majestic12.co.uk/bot.php?+)"
144.76.137.226 - - [10/Dec/2013:05:02:46 +0100] "GET /news.php?cs_go=archiv&cs_id=4092&cs_search= HTTP/1.0" 200 11478 "-" "Mozilla/5.0 (compatible; MJ12bot/v1.4.4; http://www.majestic12.co.uk/bot.php?+)"
144.76.137.226 - - [10/Dec/2013:05:02:48 +0100] "GET /news.php?cs_go=archiv&cs_id=4093&cs_search= HTTP/1.0" 200 12778 "-" "Mozilla/5.0 (compatible; MJ12bot/v1.4.4; http://www.majestic12.co.uk/bot.php?+)"
144.76.137.226 - - [10/Dec/2013:05:03:04 +0100] "GET /news.php?cs_go=archiv&cs_id=4094&cs_search= HTTP/1.0" 200 8120 "-" "Mozilla/5.0 (compatible; MJ12bot/v1.4.4; http://www.majestic12.co.uk/bot.php?+)"
144.76.137.226 - - [10/Dec/2013:05:03:07 +0100] "GET /news.php?cs_go=archiv&cs_id=4095&cs_search= HTTP/1.0" 200 7737 "-" "Mozilla/5.0 (compatible; MJ12bot/v1.4.4; http://www.majestic12.co.uk/bot.php?+)"
144.76.137.226 - - [10/Dec/2013:05:03:14 +0100] "GET /news.php?cs_go=archiv&cs_id=4096&cs_search= HTTP/1.0" 200 7567 "-" "Mozilla/5.0 (compatible; MJ12bot/v1.4.4; http://www.majestic12.co.uk/bot.php?+)"
144.76.137.226 - - [10/Dec/2013:05:03:20 +0100] "GET /news.php?cs_go=archiv&cs_id=4098&cs_search= HTTP/1.0" 200 11417 "-" "Mozilla/5.0 (compatible; MJ12bot/v1.4.4; http://www.majestic12.co.uk/bot.php?+)"
144.76.137.226 - - [10/Dec/2013:05:03:29 +0100] "GET /news.php?cs_go=archiv&cs_id=4100&cs_search= HTTP/1.0" 200 7948 "-" "Mozilla/5.0 (compatible; MJ12bot/v1.4.4; http://www.majestic12.co.uk/bot.php?+)"
144.76.137.226 - - [10/Dec/2013:05:03:35 +0100] "GET /news.php?cs_go=archiv&cs_id=4218&cs_search= HTTP/1.0" 200 8757 "-" "Mozilla/5.0 (compatible; MJ12bot/v1.4.4; http://www.majestic12.co.uk/bot.php?+)"
144.76.137.226 - - [10/Dec/2013:05:03:45 +0100] "GET /news.php?cs_go=archiv&cs_id=4221&cs_search= HTTP/1.0" 200 7585 "-" "Mozilla/5.0 (compatible; MJ12bot/v1.4.4; http://www.majestic12.co.uk/bot.php?+)"
144.76.137.226 - - [10/Dec/2013:05:03:50 +0100] "GET /news.php?cs_go=archiv&cs_id=4222&cs_search= HTTP/1.0" 200 11658 "-" "Mozilla/5.0 (compatible; MJ12bot/v1.4.4; http://www.majestic12.co.uk/bot.php?+)"
144.76.137.226 - - [10/Dec/2013:05:03:55 +0100] "GET /news.php?cs_go=archiv&cs_id=4223&cs_search= HTTP/1.0" 200 7551 "-" "Mozilla/5.0 (compatible; MJ12bot/v1.4.4; http://www.majestic12.co.uk/bot.php?+)"
144.76.137.226 - - [10/Dec/2013:05:04:00 +0100] "GET /news.php?cs_go=archiv&cs_id=4224&cs_search= HTTP/1.0" 200 11735 "-" "Mozilla/5.0 (compatible; MJ12bot/v1.4.4; http://www.majestic12.co.uk/bot.php?+)"
144.76.137.226 - - [10/Dec/2013:05:04:05 +0100] "GET /news.php?cs_go=archiv&cs_id=4225&cs_search= HTTP/1.0" 200 7508 "-" "Mozilla/5.0 (compatible; MJ12bot/v1.4.4; http://www.majestic12.co.uk/bot.php?+)"
144.76.137.226 - - [10/Dec/2013:05:04:10 +0100] "GET /news.php?cs_go=archiv&cs_id=4226&cs_search= HTTP/1.0" 200 9647 "-" "Mozilla/5.0 (compatible; MJ12bot/v1.4.4; http://www.majestic12.co.uk/bot.php?+)"
144.76.137.226 - - [10/Dec/2013:05:04:20 +0100] "GET /news.php?cs_go=archiv&cs_id=4227&cs_search= HTTP/1.0" 200 14023 "-" "Mozilla/5.0 (compatible; MJ12bot/v1.4.4; http://www.majestic12.co.uk/bot.php?+)"
141.8.147.12 - - [10/Dec/2013:05:04:22 +0100] "GET /news.php?cs_go=archiv&cs_startpos=30 HTTP/1.1" 200 20308 "-" "Mozilla/5.0 (compatible; YandexBot/3.0; +http://yandex.com/bots)"
144.76.137.226 - - [10/Dec/2013:05:04:24 +0100] "GET /news.php?cs_go=archiv&cs_id=4229&cs_search= HTTP/1.0" 200 11457 "-" "Mozilla/5.0 (compatible; MJ12bot/v1.4.4; http://www.majestic12.co.uk/bot.php?+)"
144.76.137.226 - - [10/Dec/2013:05:04:29 +0100] "GET /news.php?cs_go=archiv&cs_id=4230&cs_search= HTTP/1.0" 200 7543 "-" "Mozilla/5.0 (compatible; MJ12bot/v1.4.4; http://www.majestic12.co.uk/bot.php?+)"
144.76.137.226 - - [10/Dec/2013:05:04:35 +0100] "GET /news.php?cs_go=archiv&cs_id=4238&cs_search= HTTP/1.0" 200 11373 "-" "Mozilla/5.0 (compatible; MJ12bot/v1.4.4; http://www.majestic12.co.uk/bot.php?+)"
144.76.137.226 - - [10/Dec/2013:05:04:41 +0100] "GET /news.php?cs_go=archiv&cs_id=4240&cs_search= HTTP/1.0" 200 11363 "-" "Mozilla/5.0 (compatible; MJ12bot/v1.4.4; http://www.majestic12.co.uk/bot.php?+)"
144.76.137.226 - - [10/Dec/2013:05:04:44 +0100] "GET /news.php?cs_go=archiv&cs_id=4241&cs_search= HTTP/1.0" 200 7554 "-" "Mozilla/5.0 (compatible; MJ12bot/v1.4.4; http://www.majestic12.co.uk/bot.php?+)"
144.76.137.226 - - [10/Dec/2013:05:04:51 +0100] "GET /news.php?cs_go=archiv&cs_id=4242&cs_search= HTTP/1.0" 200 7928 "-" "Mozilla/5.0 (compatible; MJ12bot/v1.4.4; http://www.majestic12.co.uk/bot.php?+)"
144.76.137.226 - - [10/Dec/2013:05:04:54 +0100] "GET /news.php?cs_go=archiv&cs_id=4243&cs_search= HTTP/1.0" 200 11746 "-" "Mozilla/5.0 (compatible; MJ12bot/v1.4.4; http://www.majestic12.co.uk/bot.php?+)"
144.76.137.226 - - [10/Dec/2013:05:04:58 +0100] "GET /news.php?cs_go=archiv&cs_id=4244&cs_search= HTTP/1.0" 200 7597 "-" "Mozilla/5.0 (compatible; MJ12bot/v1.4.4; http://www.majestic12.co.uk/bot.php?+)"
144.76.137.226 - - [10/Dec/2013:05:05:08 +0100] "GET /news.php?cs_go=archiv&cs_id=4245&cs_search= HTTP/1.0" 200 9127 "-" "Mozilla/5.0 (compatible; MJ12bot/v1.4.4; http://www.majestic12.co.uk/bot.php?+)"
144.76.137.226 - - [10/Dec/2013:05:05:14 +0100] "GET /news.php?cs_go=archiv&cs_id=4246&cs_search= HTTP/1.0" 200 9687 "-" "Mozilla/5.0 (compatible; MJ12bot/v1.4.4; http://www.majestic12.co.uk/bot.php?+)"
144.76.137.226 - - [10/Dec/2013:05:05:20 +0100] "GET /news.php?cs_go=archiv&cs_id=4247&cs_search= HTTP/1.0" 200 9125 "-" "Mozilla/5.0 (compatible; MJ12bot/v1.4.4; http://www.majestic12.co.uk/bot.php?+)"
144.76.137.226 - - [10/Dec/2013:05:05:24 +0100] "GET /news.php?cs_go=archiv&cs_id=4248&cs_search= HTTP/1.0" 200 8767 "-" "Mozilla/5.0 (compatible; MJ12bot/v1.4.4; http://www.majestic12.co.uk/bot.php?+)"
144.76.137.226 - - [10/Dec/2013:05:05:36 +0100] "GET /news.php?cs_go=archiv&cs_id=4249&cs_search= HTTP/1.0" 200 9495 "-" "Mozilla/5.0 (compatible; MJ12bot/v1.4.4; http://www.majestic12.co.uk/bot.php?+)"
144.76.137.226 - - [10/Dec/2013:05:05:42 +0100] "GET /news.php?cs_go=archiv&cs_id=4250&cs_search= HTTP/1.0" 200 8930 "-" "Mozilla/5.0 (compatible; MJ12bot/v1.4.4; http://www.majestic12.co.uk/bot.php?+)"
144.76.137.226 - - [10/Dec/2013:05:05:50 +0100] "GET /news.php?cs_go=archiv&cs_id=4251&cs_search= HTTP/1.0" 200 11419 "-" "Mozilla/5.0 (compatible; MJ12bot/v1.4.4; http://www.majestic12.co.uk/bot.php?+)"
144.76.137.226 - - [10/Dec/2013:05:05:54 +0100] "GET /news.php?cs_go=archiv&cs_id=4252&cs_search= HTTP/1.0" 200 7577 "-" "Mozilla/5.0 (compatible; MJ12bot/v1.4.4; http://www.majestic12.co.uk/bot.php?+)"
144.76.137.226 - - [10/Dec/2013:05:06:01 +0100] "GET /news.php?cs_go=archiv&cs_id=4253&cs_search= HTTP/1.0" 200 9017 "-" "Mozilla/5.0 (compatible; MJ12bot/v1.4.4; http://www.majestic12.co.uk/bot.php?+)"
144.76.137.226 - - [10/Dec/2013:05:06:07 +0100] "GET /news.php?cs_go=archiv&cs_id=4254&cs_search= HTTP/1.0" 200 7650 "-" "Mozilla/5.0 (compatible; MJ12bot/v1.4.4; http://www.majestic12.co.uk/bot.php?+)"
144.76.137.226 - - [10/Dec/2013:05:06:10 +0100] "GET /news.php?cs_go=archiv&cs_id=4255&cs_search= HTTP/1.0" 200 9848 "-" "Mozilla/5.0 (compatible; MJ12bot/v1.4.4; http://www.majestic12.co.uk/bot.php?+)"
144.76.137.226 - - [10/Dec/2013:05:06:13 +0100] "GET /news.php?cs_go=archiv&cs_id=4256&cs_search= HTTP/1.0" 200 9102 "-" "Mozilla/5.0 (compatible; MJ12bot/v1.4.4; http://www.majestic12.co.uk/bot.php?+)"
144.76.137.226 - - [10/Dec/2013:05:06:23 +0100] "GET /news.php?cs_go=archiv&cs_id=4257&cs_search= HTTP/1.0" 200 8403 "-" "Mozilla/5.0 (compatible; MJ12bot/v1.4.4; http://www.majestic12.co.uk/bot.php?+)"
144.76.137.226 - - [10/Dec/2013:05:06:31 +0100] "GET /news.php?cs_go=archiv&cs_id=4258&cs_search= HTTP/1.0" 200 7752 "-" "Mozilla/5.0 (compatible; MJ12bot/v1.4.4; http://www.majestic12.co.uk/bot.php?+)"
144.76.137.226 - - [10/Dec/2013:05:06:38 +0100] "GET /news.php?cs_go=archiv&cs_id=4259&cs_search= HTTP/1.0" 200 7759 "-" "Mozilla/5.0 (compatible; MJ12bot/v1.4.4; http://www.majestic12.co.uk/bot.php?+)"
144.76.137.226 - - [10/Dec/2013:05:06:40 +0100] "GET /news.php?cs_go=archiv&cs_id=4261&cs_search= HTTP/1.0" 200 9378 "-" "Mozilla/5.0 (compatible; MJ12bot/v1.4.4; http://www.majestic12.co.uk/bot.php?+)"
144.76.137.226 - - [10/Dec/2013:05:06:50 +0100] "GET /news.php?cs_go=archiv&cs_id=4262&cs_search= HTTP/1.0" 200 11347 "-" "Mozilla/5.0 (compatible; MJ12bot/v1.4.4; http://www.majestic12.co.uk/bot.php?+)"
144.76.137.226 - - [10/Dec/2013:05:06:56 +0100] "GET /news.php?cs_go=archiv&cs_id=4263&cs_search= HTTP/1.0" 200 7499 "-" "Mozilla/5.0 (compatible; MJ12bot/v1.4.4; http://www.majestic12.co.uk/bot.php?+)"
144.76.137.226 - - [10/Dec/2013:05:07:02 +0100] "GET /news.php?cs_go=archiv&cs_id=4264&cs_search= HTTP/1.0" 200 11374 "-" "Mozilla/5.0 (compatible; MJ12bot/v1.4.4; http://www.majestic12.co.uk/bot.php?+)"
144.76.137.226 - - [10/Dec/2013:05:07:15 +0100] "GET /news.php?cs_go=archiv&cs_id=4266&cs_search= HTTP/1.0" 200 9304 "-" "Mozilla/5.0 (compatible; MJ12bot/v1.4.4; http://www.majestic12.co.uk/bot.php?+)"
144.76.137.226 - - [10/Dec/2013:05:07:20 +0100] "GET /news.php?cs_go=archiv&cs_id=4278&cs_search= HTTP/1.0" 200 11360 "-" "Mozilla/5.0 (compatible; MJ12bot/v1.4.4; http://www.majestic12.co.uk/bot.php?+)"
144.76.137.226 - - [10/Dec/2013:05:07:26 +0100] "GET /news.php?cs_go=archiv&cs_id=4279&cs_search= HTTP/1.0" 200 7553 "-" "Mozilla/5.0 (compatible; MJ12bot/v1.4.4; http://www.majestic12.co.uk/bot.php?+)"
144.76.137.226 - - [10/Dec/2013:05:07:38 +0100] "GET /news.php?cs_go=archiv&cs_id=4280&cs_search= HTTP/1.0" 200 11742 "-" "Mozilla/5.0 (compatible; MJ12bot/v1.4.4; http://www.majestic12.co.uk/bot.php?+)"
144.76.137.226 - - [10/Dec/2013:05:07:51 +0100] "GET /news.php?cs_go=archiv&cs_id=4282&cs_search= HTTP/1.0" 200 9152 "-" "Mozilla/5.0 (compatible; MJ12bot/v1.4.4; http://www.majestic12.co.uk/bot.php?+)"
144.76.137.226 - - [10/Dec/2013:05:07:57 +0100] "GET /news.php?cs_go=archiv&cs_id=4284&cs_search= HTTP/1.0" 200 8395 "-" "Mozilla/5.0 (compatible; MJ12bot/v1.4.4; http://www.majestic12.co.uk/bot.php?+)"
144.76.137.226 - - [10/Dec/2013:05:08:02 +0100] "GET /news.php?cs_go=archiv&cs_id=4286&cs_search= HTTP/1.0" 200 7583 "-" "Mozilla/5.0 (compatible; MJ12bot/v1.4.4; http://www.majestic12.co.uk/bot.php?+)"
144.76.137.226 - - [10/Dec/2013:05:08:12 +0100] "GET /news.php?cs_go=archiv&cs_id=4287&cs_search= HTTP/1.0" 200 11397 "-" "Mozilla/5.0 (compatible; MJ12bot/v1.4.4; http://www.majestic12.co.uk/bot.php?+)"
144.76.137.226 - - [10/Dec/2013:05:08:14 +0100] "GET /news.php?cs_go=archiv&cs_startpos=100 HTTP/1.0" 200 20237 "-" "Mozilla/5.0 (compatible; MJ12bot/v1.4.4; http://www.majestic12.co.uk/bot.php?+)"
144.76.137.226 - - [10/Dec/2013:05:08:24 +0100] "GET /news.php?cs_go=archiv&cs_startpos=140 HTTP/1.0" 200 20684 "-" "Mozilla/5.0 (compatible; MJ12bot/v1.4.4; http://www.majestic12.co.uk/bot.php?+)"
144.76.137.226 - - [10/Dec/2013:05:08:29 +0100] "GET /news.php?cs_go=archiv&cs_startpos=150 HTTP/1.0" 200 20750 "-" "Mozilla/5.0 (compatible; MJ12bot/v1.4.4; http://www.majestic12.co.uk/bot.php?+)"
144.76.137.226 - - [10/Dec/2013:05:08:35 +0100] "GET /news.php?cs_go=archiv&cs_startpos=160 HTTP/1.0" 200 20790 "-" "Mozilla/5.0 (compatible; MJ12bot/v1.4.4; http://www.majestic12.co.uk/bot.php?+)"
144.76.137.226 - - [10/Dec/2013:05:08:38 +0100] "GET /news.php?cs_go=archiv&cs_startpos=170 HTTP/1.0" 200 20312 "-" "Mozilla/5.0 (compatible; MJ12bot/v1.4.4; http://www.majestic12.co.uk/bot.php?+)"
144.76.137.226 - - [10/Dec/2013:05:08:46 +0100] "GET /news.php?cs_go=archiv&cs_startpos=180 HTTP/1.0" 200 20336 "-" "Mozilla/5.0 (compatible; MJ12bot/v1.4.4; http://www.majestic12.co.uk/bot.php?+)"
5.10.83.102 - - [10/Dec/2013:05:12:40 +0100] "GET /lexikon.php?cs_go=2&cs_char=o HTTP/1.1" 200 6825 "-" "Mozilla/5.0 (compatible; AhrefsBot/5.0; +http://ahrefs.com/robot/)"
5.10.83.66 - - [10/Dec/2013:05:16:53 +0100] "GET /lexikon.php?cs_go=3&cs_id=54 HTTP/1.1" 200 5566 "-" "Mozilla/5.0 (compatible; AhrefsBot/5.0; +http://ahrefs.com/robot/)"
