195.145.200.116 - - [03/Dec/2013:10:37:39 +0100] "GET /images/logos.jpg?cache6700 HTTP/1.1" 200 35043 "http://www.mink-gmbh.de/" "Mozilla/5.0 (compatible; MSIE 10.0; Windows NT 6.1; WOW64; Trident/6.0)"
195.145.200.116 - - [03/Dec/2013:10:37:39 +0100] "GET /images/freecall.jpg HTTP/1.1" 200 39195 "http://www.mink-gmbh.de/" "Mozilla/5.0 (compatible; MSIE 10.0; Windows NT 6.1; WOW64; Trident/6.0)"
195.145.200.116 - - [03/Dec/2013:10:37:40 +0100] "GET /images/bg.png HTTP/1.1" 200 922 "http://www.mink-gmbh.de/" "Mozilla/5.0 (compatible; MSIE 10.0; Windows NT 6.1; WOW64; Trident/6.0)"
195.145.200.116 - - [03/Dec/2013:10:37:40 +0100] "GET /js_contentserver24_greybox/w_close.gif HTTP/1.1" 200 74 "http://www.mink-gmbh.de/" "Mozilla/5.0 (compatible; MSIE 10.0; Windows NT 6.1; WOW64; Trident/6.0)"
195.145.200.116 - - [03/Dec/2013:10:37:40 +0100] "GET /images/newsletter_bg.jpg HTTP/1.1" 200 33610 "http://www.mink-gmbh.de/" "Mozilla/5.0 (compatible; MSIE 10.0; Windows NT 6.1; WOW64; Trident/6.0)"
195.145.200.116 - - [03/Dec/2013:10:37:40 +0100] "GET /images/wrapperbg.jpg HTTP/1.1" 200 27465 "http://www.mink-gmbh.de/" "Mozilla/5.0 (compatible; MSIE 10.0; Windows NT 6.1; WOW64; Trident/6.0)"
195.145.200.116 - - [03/Dec/2013:10:37:40 +0100] "GET /js_contentserver24_greybox/header_bg.gif HTTP/1.1" 200 1188 "http://www.mink-gmbh.de/" "Mozilla/5.0 (compatible; MSIE 10.0; Windows NT 6.1; WOW64; Trident/6.0)"
195.145.200.116 - - [03/Dec/2013:10:37:40 +0100] "GET /images/navibg.png HTTP/1.1" 200 2803 "http://www.mink-gmbh.de/" "Mozilla/5.0 (compatible; MSIE 10.0; Windows NT 6.1; WOW64; Trident/6.0)"
195.145.200.116 - - [03/Dec/2013:10:37:40 +0100] "GET /images/mobil.jpg HTTP/1.1" 200 25293 "http://www.mink-gmbh.de/" "Mozilla/5.0 (compatible; MSIE 10.0; Windows NT 6.1; WOW64; Trident/6.0)"
195.145.200.116 - - [03/Dec/2013:10:37:40 +0100] "GET /images/steigend.png HTTP/1.1" 200 688 "http://www.mink-gmbh.de/" "Mozilla/5.0 (compatible; MSIE 10.0; Windows NT 6.1; WOW64; Trident/6.0)"
195.145.200.116 - - [03/Dec/2013:10:37:40 +0100] "GET /images/fallend.png HTTP/1.1" 200 713 "http://www.mink-gmbh.de/" "Mozilla/5.0 (compatible; MSIE 10.0; Windows NT 6.1; WOW64; Trident/6.0)"
195.145.200.116 - - [03/Dec/2013:10:37:40 +0100] "GET /images/newsletter.jpg HTTP/1.1" 200 13130 "http://www.mink-gmbh.de/" "Mozilla/5.0 (compatible; MSIE 10.0; Windows NT 6.1; WOW64; Trident/6.0)"
195.145.200.116 - - [03/Dec/2013:10:37:40 +0100] "GET /images/header.jpg HTTP/1.1" 200 25189 "http://www.mink-gmbh.de/" "Mozilla/5.0 (compatible; MSIE 10.0; Windows NT 6.1; WOW64; Trident/6.0)"
195.145.200.116 - - [03/Dec/2013:10:37:40 +0100] "GET /images/newsletter.png HTTP/1.1" 200 14619 "http://www.mink-gmbh.de/" "Mozilla/5.0 (compatible; MSIE 10.0; Windows NT 6.1; WOW64; Trident/6.0)"
195.145.200.116 - - [03/Dec/2013:10:37:40 +0100] "GET /images/close.png HTTP/1.1" 200 703 "http://www.mink-gmbh.de/" "Mozilla/5.0 (compatible; MSIE 10.0; Windows NT 6.1; WOW64; Trident/6.0)"
195.145.200.116 - - [03/Dec/2013:10:37:40 +0100] "GET /images/footerbg.jpg HTTP/1.1" 200 2184 "http://www.mink-gmbh.de/" "Mozilla/5.0 (compatible; MSIE 10.0; Windows NT 6.1; WOW64; Trident/6.0)"
195.145.200.116 - - [03/Dec/2013:10:37:40 +0100] "GET /js_contentserver24_greybox/loader_frame.html?s=0 HTTP/1.1" 200 2084 "http://www.mink-gmbh.de/" "Mozilla/5.0 (compatible; MSIE 10.0; Windows NT 6.1; WOW64; Trident/6.0)"
195.145.200.116 - - [03/Dec/2013:10:37:40 +0100] "GET /js_contentserver24_greybox/indicator.gif HTTP/1.1" 200 8238 "http://www.mink-gmbh.de/js_contentserver24_greybox/loader_frame.html?s=0" "Mozilla/5.0 (compatible; MSIE 10.0; Windows NT 6.1; WOW64; Trident/6.0)"
195.145.200.116 - - [03/Dec/2013:10:37:41 +0100] "GET /js_contentserver24_greybox/g_close.gif HTTP/1.1" 200 541 "http://www.mink-gmbh.de/" "Mozilla/5.0 (compatible; MSIE 10.0; Windows NT 6.1; WOW64; Trident/6.0)"
195.145.200.116 - - [03/Dec/2013:10:37:41 +0100] "GET /favicon.ico HTTP/1.1" 200 3638 "-" "Mozilla/5.0 (compatible; MSIE 10.0; Windows NT 6.1; Win64; x64; Trident/6.0)"
195.145.200.116 - - [03/Dec/2013:10:38:40 +0100] "GET /standard.php HTTP/1.1" 200 6770 "http://www.mink-gmbh.de/" "Mozilla/5.0 (compatible; MSIE 10.0; Windows NT 6.1; WOW64; Trident/6.0)"
195.145.200.116 - - [03/Dec/2013:10:38:40 +0100] "GET /images/logos.jpg HTTP/1.1" 200 35043 "http://www.mink-gmbh.de/standard.php" "Mozilla/5.0 (compatible; MSIE 10.0; Windows NT 6.1; WOW64; Trident/6.0)"
195.145.200.116 - - [03/Dec/2013:10:38:48 +0100] "GET /schwefelarmstandard.php HTTP/1.1" 200 10730 "http://www.mink-gmbh.de/standard.php" "Mozilla/5.0 (compatible; MSIE 10.0; Windows NT 6.1; WOW64; Trident/6.0)"
195.145.200.116 - - [03/Dec/2013:10:39:15 +0100] "GET /preisanfrage.php HTTP/1.1" 200 8502 "http://www.mink-gmbh.de/schwefelarmstandard.php" "Mozilla/5.0 (compatible; MSIE 10.0; Windows NT 6.1; WOW64; Trident/6.0)"
195.145.200.116 - - [03/Dec/2013:10:40:40 +0100] "POST /preisanfrage.php HTTP/1.1" 200 5155 "http://www.mink-gmbh.de/preisanfrage.php" "Mozilla/5.0 (compatible; MSIE 10.0; Windows NT 6.1; WOW64; Trident/6.0)"
208.115.113.91 - - [03/Dec/2013:10:44:28 +0100] "GET /news.php?cs_go=archiv&cs_id=4606&cs_search= HTTP/1.1" 200 11593 "-" "Mozilla/5.0 (compatible; Ezooms/1.0; ezooms.bot@gmail.com)"
208.115.111.75 - - [03/Dec/2013:10:45:09 +0100] "GET /robots.txt HTTP/1.1" 200 177 "-" "Mozilla/5.0 (compatible; Ezooms/1.0; ezooms.bot@gmail.com)"
176.9.16.253 - - [03/Dec/2013:11:05:57 +0100] "GET /news.php?cs_go=archiv&cs_id=3292 HTTP/1.1" 200 9679 "-" "BacklinkCrawler (http://www.backlinktest.com/crawler.html)"
65.36.241.79 - - [03/Dec/2013:12:25:15 +0100] "HEAD / HTTP/1.1" 200 - "-" "InternetSeer.com"
208.115.111.75 - - [03/Dec/2013:12:32:15 +0100] "GET /lexikon.php?cs_go=2&cs_char=p HTTP/1.1" 200 6730 "-" "Mozilla/5.0 (compatible; Ezooms/1.0; ezooms.bot@gmail.com)"
66.249.78.46 - - [03/Dec/2013:13:37:31 +0100] "GET /news.php?cs_go=archiv&cs_id=3028 HTTP/1.1" 200 10410 "-" "Mozilla/5.0 (compatible; Googlebot/2.1; +http://www.google.com/bot.html)"
66.249.78.46 - - [03/Dec/2013:13:46:14 +0100] "GET /news.php?cs_go=archiv&cs_id=2860 HTTP/1.1" 200 10245 "-" "Mozilla/5.0 (compatible; Googlebot/2.1; +http://www.google.com/bot.html)"
157.55.32.57 - - [03/Dec/2013:14:29:02 +0100] "GET /robots.txt HTTP/1.1" 200 177 "-" "Mozilla/5.0 (compatible; bingbot/2.0; +http://www.bing.com/bingbot.htm)"
157.55.32.57 - - [03/Dec/2013:14:29:50 +0100] "GET /news.php?cs_go=archiv&cs_startpos=250 HTTP/1.1" 200 5966 "-" "Mozilla/5.0 (compatible; bingbot/2.0; +http://www.bing.com/bingbot.htm)"
66.249.78.46 - - [03/Dec/2013:14:45:50 +0100] "GET /news.php?cs_go=archiv&cs_id=2954 HTTP/1.1" 200 11032 "-" "Mozilla/5.0 (compatible; Googlebot/2.1; +http://www.google.com/bot.html)"
66.249.78.46 - - [03/Dec/2013:14:49:48 +0100] "GET /news.php?cs_go=archiv&cs_id=4314&cs_search= HTTP/1.1" 200 11476 "-" "Mozilla/5.0 (compatible; Googlebot/2.1; +http://www.google.com/bot.html)"
66.249.78.46 - - [03/Dec/2013:15:31:26 +0100] "GET /news.php?cs_go=archiv&cs_id=4306&cs_search= HTTP/1.1" 200 9155 "-" "Mozilla/5.0 (compatible; Googlebot/2.1; +http://www.google.com/bot.html)"
66.249.78.46 - - [03/Dec/2013:16:05:45 +0100] "GET /news.php?cs_go=archiv&cs_id=4302 HTTP/1.1" 200 7561 "-" "Mozilla/5.0 (compatible; Googlebot/2.1; +http://www.google.com/bot.html)"
66.249.78.46 - - [03/Dec/2013:16:18:56 +0100] "GET /news.php?cs_go=archiv&cs_id=4186&cs_search= HTTP/1.1" 200 8264 "-" "SAMSUNG-SGH-E250/1.0 Profile/MIDP-2.0 Configuration/CLDC-1.1 UP.Browser/6.2.3.3.c.1.101 (GUI) MMP/2.0 (compatible; Googlebot-Mobile/2.1; +http://www.google.com/bot.html)"
66.249.78.46 - - [03/Dec/2013:16:43:33 +0100] "GET /news.php?cs_go=archiv&cs_startpos=180 HTTP/1.1" 200 20355 "-" "Mozilla/5.0 (compatible; Googlebot/2.1; +http://www.google.com/bot.html)"
66.249.78.46 - - [03/Dec/2013:16:44:50 +0100] "GET /news.php?cs_go=archiv&cs_startpos=150 HTTP/1.1" 200 20584 "-" "Mozilla/5.0 (compatible; Googlebot/2.1; +http://www.google.com/bot.html)"
66.249.78.46 - - [03/Dec/2013:16:47:06 +0100] "GET /news.php?cs_go=archiv&cs_id=4325&cs_search= HTTP/1.1" 200 7579 "-" "Mozilla/5.0 (compatible; Googlebot/2.1; +http://www.google.com/bot.html)"
66.249.78.46 - - [03/Dec/2013:17:55:45 +0100] "GET / HTTP/1.1" 200 12416 "-" "Mozilla/5.0 (iPhone; CPU iPhone OS 6_0 like Mac OS X) AppleWebKit/536.26 (KHTML, like Gecko) Version/6.0 Mobile/10A5376e Safari/8536.25 (compatible; Googlebot-Mobile/2.1; +http://www.google.com/bot.html)"
219.136.100.198 - - [03/Dec/2013:17:59:22 +0100] "GET /news.php HTTP/1.1" 200 20056 "-" "Mozilla/4.0 (compatible; MSIE 6.0; Windows NT 5.1; SV1; Mozilla/4.0 (compatible; MSIE 6.0; Windows NT 5.1; SV1) ; .NET CLR 1.0.3705)"
220.181.108.91 - - [03/Dec/2013:18:00:23 +0100] "GET / HTTP/1.1" 200 6594 "-" "Mozilla/5.0 (compatible; Baiduspider/2.0; +http://www.baidu.com/search/spider.html)"
123.125.71.21 - - [03/Dec/2013:18:00:29 +0100] "GET / HTTP/1.1" 200 6720 "-" "Mozilla/5.0 (compatible; Baiduspider/2.0; +http://www.baidu.com/search/spider.html)"
66.249.78.46 - - [03/Dec/2013:18:13:32 +0100] "GET /news.php?cs_go=archiv&cs_id=4237 HTTP/1.1" 200 7487 "-" "Mozilla/5.0 (compatible; Googlebot/2.1; +http://www.google.com/bot.html)"
66.249.78.46 - - [03/Dec/2013:18:36:14 +0100] "GET /news.php?cs_go=archiv&cs_id=4290 HTTP/1.1" 200 10081 "-" "Mozilla/5.0 (compatible; Googlebot/2.1; +http://www.google.com/bot.html)"
208.115.111.75 - - [03/Dec/2013:18:44:44 +0100] "GET /robots.txt HTTP/1.1" 200 177 "-" "Mozilla/5.0 (compatible; Ezooms/1.0; ezooms.bot@gmail.com)"
176.9.40.141 - - [03/Dec/2013:18:45:53 +0100] "GET /robots.txt HTTP/1.0" 200 177 "-" "Mozilla/5.0 (compatible; MJ12bot/v1.4.4; http://www.majestic12.co.uk/bot.php?+)"
176.9.40.141 - - [03/Dec/2013:18:45:57 +0100] "GET /news.php?cs_go=archiv&cs_id=4277 HTTP/1.0" 200 10659 "-" "Mozilla/5.0 (compatible; MJ12bot/v1.4.4; http://www.majestic12.co.uk/bot.php?+)"
176.9.40.141 - - [03/Dec/2013:18:46:00 +0100] "GET /news.php?cs_go=archiv&cs_id=4309 HTTP/1.0" 200 7582 "-" "Mozilla/5.0 (compatible; MJ12bot/v1.4.4; http://www.majestic12.co.uk/bot.php?+)"
176.9.40.141 - - [03/Dec/2013:18:46:02 +0100] "GET /news.php?cs_go=archiv&cs_id=4310 HTTP/1.0" 200 11106 "-" "Mozilla/5.0 (compatible; MJ12bot/v1.4.4; http://www.majestic12.co.uk/bot.php?+)"
66.249.78.46 - - [03/Dec/2013:19:00:17 +0100] "GET /images/logos.jpg?cache6252 HTTP/1.1" 200 35043 "-" "Googlebot-Image/1.0"
66.249.74.81 - - [03/Dec/2013:19:04:31 +0100] "GET /news.php?cs_go=archiv&cs_startpos=30 HTTP/1.1" 200 20210 "-" "DoCoMo/2.0 N905i(c100;TB;W24H16) (compatible; Googlebot-Mobile/2.1; +http://www.google.com/bot.html)"
65.36.241.79 - - [03/Dec/2013:19:10:52 +0100] "HEAD / HTTP/1.1" 200 - "-" "InternetSeer.com"
144.76.95.232 - - [03/Dec/2013:19:25:24 +0100] "GET /robots.txt HTTP/1.0" 200 177 "-" "Mozilla/5.0 (compatible; MJ12bot/v1.4.4; http://www.majestic12.co.uk/bot.php?+)"
144.76.95.232 - - [03/Dec/2013:19:25:30 +0100] "GET /news.php?cs_go=archiv&cs_id=4260 HTTP/1.0" 200 9091 "-" "Mozilla/5.0 (compatible; MJ12bot/v1.4.4; http://www.majestic12.co.uk/bot.php?+)"
66.249.78.46 - - [03/Dec/2013:19:45:54 +0100] "GET /news.php?cs_go=archiv&cs_id=4736 HTTP/1.1" 200 11535 "-" "Mozilla/5.0 (iPhone; CPU iPhone OS 6_0 like Mac OS X) AppleWebKit/536.26 (KHTML, like Gecko) Version/6.0 Mobile/10A5376e Safari/8536.25 (compatible; Googlebot-Mobile/2.1; +http://www.google.com/bot.html)"
66.249.78.46 - - [03/Dec/2013:20:26:22 +0100] "GET / HTTP/1.1" 200 12416 "-" "Mozilla/5.0 (compatible; Googlebot/2.1; +http://www.google.com/bot.html)"
66.249.78.46 - - [03/Dec/2013:20:34:37 +0100] "GET /news.php?cs_go=archiv&cs_id=4749 HTTP/1.1" 200 11351 "-" "Mozilla/5.0 (compatible; Googlebot/2.1; +http://www.google.com/bot.html)"
66.249.78.46 - - [03/Dec/2013:20:34:38 +0100] "GET /news.php?cs_go=archiv&cs_id=4750 HTTP/1.1" 200 7665 "-" "Mozilla/5.0 (compatible; Googlebot/2.1; +http://www.google.com/bot.html)"
66.249.78.46 - - [03/Dec/2013:20:37:11 +0100] "GET /news.php?cs_go=archiv&cs_id=4730 HTTP/1.1" 200 9134 "-" "Mozilla/5.0 (compatible; Googlebot/2.1; +http://www.google.com/bot.html)"
208.115.111.75 - - [03/Dec/2013:20:37:51 +0100] "GET /energiesparcheck.php HTTP/1.1" 200 11144 "-" "Mozilla/5.0 (compatible; Ezooms/1.0; ezooms.bot@gmail.com)"
208.115.111.75 - - [03/Dec/2013:20:37:54 +0100] "GET /kwk.php?cs_go=1 HTTP/1.1" 200 8447 "-" "Mozilla/5.0 (compatible; Ezooms/1.0; ezooms.bot@gmail.com)"
208.115.111.75 - - [03/Dec/2013:20:37:57 +0100] "GET /news.php?cs_go=archiv&cs_id=4620&cs_search= HTTP/1.1" 200 7854 "-" "Mozilla/5.0 (compatible; Ezooms/1.0; ezooms.bot@gmail.com)"
66.249.78.46 - - [03/Dec/2013:20:38:03 +0100] "GET /news.php?cs_go=archiv&cs_id=2868&cs_search= HTTP/1.1" 200 7851 "-" "Mozilla/5.0 (compatible; Googlebot/2.1; +http://www.google.com/bot.html)"
66.249.78.46 - - [03/Dec/2013:20:39:09 +0100] "GET /news.php?cs_go=archiv&cs_id=4752 HTTP/1.1" 200 11598 "-" "Mozilla/5.0 (compatible; Googlebot/2.1; +http://www.google.com/bot.html)"
66.249.78.46 - - [03/Dec/2013:20:45:09 +0100] "GET /news.php HTTP/1.1" 200 20056 "-" "Mozilla/5.0 (compatible; Googlebot/2.1; +http://www.google.com/bot.html)"
220.181.108.109 - - [03/Dec/2013:20:51:08 +0100] "GET / HTTP/1.1" 200 6594 "-" "Mozilla/5.0 (compatible; Baiduspider/2.0; +http://www.baidu.com/search/spider.html)"
123.125.71.52 - - [03/Dec/2013:20:51:32 +0100] "GET / HTTP/1.1" 200 6594 "-" "Mozilla/5.0 (compatible; Baiduspider/2.0; +http://www.baidu.com/search/spider.html)"
66.249.78.46 - - [03/Dec/2013:20:55:25 +0100] "GET /news.php?cs_go=archiv&cs_id=4740&cs_search= HTTP/1.1" 200 7550 "-" "Mozilla/5.0 (compatible; Googlebot/2.1; +http://www.google.com/bot.html)"
141.8.147.12 - - [03/Dec/2013:20:55:53 +0100] "GET /robots.txt HTTP/1.1" 200 177 "-" "Mozilla/5.0 (compatible; YandexBot/3.0; +http://yandex.com/bots)"
66.249.78.46 - - [03/Dec/2013:20:56:19 +0100] "GET /news.php?cs_go=archiv&cs_id=4752&cs_search= HTTP/1.1" 200 11598 "-" "Mozilla/5.0 (compatible; Googlebot/2.1; +http://www.google.com/bot.html)"
66.249.78.46 - - [03/Dec/2013:20:57:22 +0100] "GET /news.php?cs_go=archiv&cs_id=4739&cs_search= HTTP/1.1" 200 9839 "-" "Mozilla/5.0 (compatible; Googlebot/2.1; +http://www.google.com/bot.html)"
66.249.78.46 - - [03/Dec/2013:20:58:24 +0100] "GET /news.php?cs_go=archiv&cs_id=4750&cs_search= HTTP/1.1" 200 7665 "-" "Mozilla/5.0 (compatible; Googlebot/2.1; +http://www.google.com/bot.html)"
66.249.78.46 - - [03/Dec/2013:20:59:29 +0100] "GET /news.php?cs_go=archiv&cs_id=4730&cs_search= HTTP/1.1" 200 9134 "-" "Mozilla/5.0 (compatible; Googlebot/2.1; +http://www.google.com/bot.html)"
66.249.78.46 - - [03/Dec/2013:21:00:43 +0100] "GET /news.php?cs_go=archiv&cs_id=4749&cs_search= HTTP/1.1" 200 11351 "-" "Mozilla/5.0 (compatible; Googlebot/2.1; +http://www.google.com/bot.html)"
66.249.78.46 - - [03/Dec/2013:21:04:35 +0100] "GET /news.php?cs_go=archiv&cs_id=4417 HTTP/1.1" 200 11542 "-" "Mozilla/5.0 (compatible; Googlebot/2.1; +http://www.google.com/bot.html)"
66.249.78.46 - - [03/Dec/2013:21:14:21 +0100] "GET /js_contentserver24_greybox/gb_styles.css HTTP/1.1" 200 2302 "-" "Mozilla/5.0 (compatible; Googlebot/2.1; +http://www.google.com/bot.html)"
217.69.133.224 - - [03/Dec/2013:21:26:23 +0100] "GET /robots.txt HTTP/1.1" 200 177 "-" "Mozilla/5.0 (compatible; Linux x86_64; Mail.RU_Bot/2.0; +http://go.mail.ru/help/robots)"
217.69.133.226 - - [03/Dec/2013:21:26:24 +0100] "GET /index.php HTTP/1.1" 200 12416 "-" "Mozilla/5.0 (compatible; Linux x86_64; Mail.RU_Bot/2.0; +http://go.mail.ru/help/robots)"
141.8.147.12 - - [03/Dec/2013:21:36:44 +0100] "GET /news.php?cs_go=archiv&cs_id=4733&cs_search= HTTP/1.1" 200 11351 "-" "Mozilla/5.0 (compatible; YandexBot/3.0; +http://yandex.com/bots)"
66.249.78.46 - - [03/Dec/2013:21:37:21 +0100] "GET /style.css HTTP/1.1" 200 8402 "-" "Mozilla/5.0 (compatible; Googlebot/2.1; +http://www.google.com/bot.html)"
66.249.78.46 - - [03/Dec/2013:21:46:22 +0100] "GET /optiplus.php HTTP/1.1" 200 8639 "-" "Mozilla/5.0 (compatible; Googlebot/2.1; +http://www.google.com/bot.html)"
66.249.78.46 - - [03/Dec/2013:22:28:47 +0100] "GET /news.php?cs_go=archiv&cs_id=4405 HTTP/1.1" 200 8832 "-" "Mozilla/5.0 (compatible; Googlebot/2.1; +http://www.google.com/bot.html)"
157.55.33.104 - - [03/Dec/2013:22:36:41 +0100] "GET /robots.txt HTTP/1.1" 200 177 "-" "Mozilla/5.0 (compatible; bingbot/2.0; +http://www.bing.com/bingbot.htm)"
141.8.147.12 - - [03/Dec/2013:22:38:48 +0100] "GET /news.php?cs_go=archiv&cs_id=4731&cs_search= HTTP/1.1" 200 11616 "-" "Mozilla/5.0 (compatible; YandexBot/3.0; +http://yandex.com/bots)"
66.249.78.46 - - [03/Dec/2013:22:39:35 +0100] "GET /news.php?cs_go=archiv&cs_id=4607 HTTP/1.1" 200 7608 "-" "Mozilla/5.0 (compatible; Googlebot/2.1; +http://www.google.com/bot.html)"
208.115.111.75 - - [03/Dec/2013:22:44:29 +0100] "GET /robots.txt HTTP/1.1" 200 177 "-" "Mozilla/5.0 (compatible; Ezooms/1.0; ezooms.bot@gmail.com)"
157.55.33.104 - - [03/Dec/2013:23:00:31 +0100] "GET / HTTP/1.1" 200 12416 "-" "Mozilla/5.0 (compatible; bingbot/2.0; +http://www.bing.com/bingbot.htm)"
66.249.78.46 - - [03/Dec/2013:23:07:12 +0100] "GET /jobs.php HTTP/1.1" 200 4965 "-" "Mozilla/5.0 (compatible; Googlebot/2.1; +http://www.google.com/bot.html)"
46.78.77.6 - - [03/Dec/2013:23:09:33 +0100] "GET / HTTP/1.1" 200 6594 "-" "Mozilla/5.0 (iPhone; CPU iPhone OS 7_0_4 like Mac OS X) AppleWebKit/537.51.1 (KHTML, like Gecko) Version/7.0 Mobile/11B554a Safari/9537.53"
46.78.77.6 - - [03/Dec/2013:23:09:51 +0100] "GET / HTTP/1.1" 200 11676 "-" "Mozilla/5.0 (iPhone; CPU iPhone OS 7_0_4 like Mac OS X) AppleWebKit/537.51.1 (KHTML, like Gecko) Version/7.0 Mobile/11B554a Safari/9537.53"
46.78.77.6 - - [03/Dec/2013:23:15:26 +0100] "GET / HTTP/1.1" 200 11676 "-" "Mozilla/5.0 (iPhone; CPU iPhone OS 7_0_4 like Mac OS X) AppleWebKit/537.51.1 (KHTML, like Gecko) Version/7.0 Mobile/11B554a Safari/9537.53"
46.78.77.6 - - [03/Dec/2013:23:15:26 +0100] "GET /images/mail.jpg HTTP/1.1" 200 12099 "http://www.mink-gmbh.de/" "Mozilla/5.0 (iPhone; CPU iPhone OS 7_0_4 like Mac OS X) AppleWebKit/537.51.1 (KHTML, like Gecko) Version/7.0 Mobile/11B554a Safari/9537.53"
46.78.77.6 - - [03/Dec/2013:23:15:26 +0100] "GET /images/logos.jpg?cache1403 HTTP/1.1" 200 35043 "http://www.mink-gmbh.de/" "Mozilla/5.0 (iPhone; CPU iPhone OS 7_0_4 like Mac OS X) AppleWebKit/537.51.1 (KHTML, like Gecko) Version/7.0 Mobile/11B554a Safari/9537.53"
141.8.147.12 - - [03/Dec/2013:23:39:57 +0100] "GET / HTTP/1.1" 200 12416 "-" "Mozilla/5.0 (compatible; YandexBot/3.0; +http://yandex.com/bots)"
66.249.78.46 - - [03/Dec/2013:23:57:00 +0100] "GET /news.php?cs_go=archiv&cs_id=3003 HTTP/1.1" 200 9815 "-" "Mozilla/5.0 (compatible; Googlebot/2.1; +http://www.google.com/bot.html)"
157.55.33.104 - - [03/Dec/2013:23:59:53 +0100] "GET /robots.txt HTTP/1.1" 200 177 "-" "Mozilla/5.0 (compatible; bingbot/2.0; +http://www.bing.com/bingbot.htm)"
157.55.33.104 - - [04/Dec/2013:00:07:22 +0100] "GET /impressum.php HTTP/1.1" 200 6306 "-" "Mozilla/5.0 (compatible; bingbot/2.0; +http://www.bing.com/bingbot.htm)"
66.249.78.46 - - [04/Dec/2013:00:07:52 +0100] "GET /news.php?cs_go=archiv&cs_id=4719 HTTP/1.1" 200 7642 "-" "Mozilla/5.0 (compatible; Googlebot/2.1; +http://www.google.com/bot.html)"
208.115.111.75 - - [04/Dec/2013:00:28:10 +0100] "GET /lexikon.php?cs_go=2&cs_char=j HTTP/1.1" 200 6174 "-" "Mozilla/5.0 (compatible; Ezooms/1.0; ezooms.bot@gmail.com)"
208.115.111.75 - - [04/Dec/2013:00:28:13 +0100] "GET /kwk.php?cs_go=3 HTTP/1.1" 200 7848 "-" "Mozilla/5.0 (compatible; Ezooms/1.0; ezooms.bot@gmail.com)"
65.36.241.79 - - [04/Dec/2013:00:28:48 +0100] "HEAD / HTTP/1.1" 200 - "-" "InternetSeer.com"
65.55.215.70 - - [04/Dec/2013:00:44:30 +0100] "GET /robots.txt HTTP/1.1" 200 177 "-" "msnbot-media/1.1 (+http://search.msn.com/msnbot.htm)"
65.55.215.70 - - [04/Dec/2013:00:44:30 +0100] "GET /images/optiplus.jpg HTTP/1.1" 200 37436 "-" "msnbot-media/1.1 (+http://search.msn.com/msnbot.htm)"
141.8.147.12 - - [04/Dec/2013:00:47:24 +0100] "GET /news.php HTTP/1.1" 200 20056 "-" "Mozilla/5.0 (compatible; YandexBot/3.0; +http://yandex.com/bots)"
66.249.78.46 - - [04/Dec/2013:01:18:37 +0100] "GET /news.php?cs_go=archiv&cs_id=4737 HTTP/1.1" 200 7515 "-" "Mozilla/5.0 (iPhone; CPU iPhone OS 6_0 like Mac OS X) AppleWebKit/536.26 (KHTML, like Gecko) Version/6.0 Mobile/10A5376e Safari/8536.25 (compatible; Googlebot-Mobile/2.1; +http://www.google.com/bot.html)"
141.8.147.12 - - [04/Dec/2013:01:32:14 +0100] "GET /news.php?cs_go=archiv&cs_id=4738 HTTP/1.1" 200 11728 "-" "Mozilla/5.0 (compatible; YandexBot/3.0; +http://yandex.com/bots)"
178.77.126.55 - - [04/Dec/2013:01:33:30 +0100] "GET /robots.txt HTTP/1.1" 200 177 "-" "Mozilla/5.0 (compatible; CareerBot/1.1; +http://www.career-x.de/bot.html)"
178.77.126.55 - - [04/Dec/2013:01:33:30 +0100] "GET / HTTP/1.1" 200 12416 "-" "Mozilla/5.0 (compatible; CareerBot/1.1; +http://www.career-x.de/bot.html)"
66.249.78.46 - - [04/Dec/2013:01:34:24 +0100] "GET /modul.css HTTP/1.1" 200 35038 "http://www.mink-gmbh.de/news.php?cs_go=archiv&cs_id=4737" "Mozilla/5.0 (compatible; Googlebot/2.1; +http://www.google.com/bot.html)"
141.8.147.12 - - [04/Dec/2013:02:38:19 +0100] "GET /news.php?cs_go=archiv&cs_id=4736 HTTP/1.1" 200 11535 "-" "Mozilla/5.0 (compatible; YandexBot/3.0; +http://yandex.com/bots)"
157.55.35.91 - - [04/Dec/2013:02:39:26 +0100] "GET /robots.txt HTTP/1.1" 200 177 "-" "Mozilla/5.0 (compatible; bingbot/2.0; +http://www.bing.com/bingbot.htm)"
208.115.111.75 - - [04/Dec/2013:02:44:01 +0100] "GET /robots.txt HTTP/1.1" 200 177 "-" "Mozilla/5.0 (compatible; Ezooms/1.0; ezooms.bot@gmail.com)"
157.55.35.91 - - [04/Dec/2013:02:45:02 +0100] "GET / HTTP/1.1" 200 12416 "-" "Mozilla/5.0 (compatible; bingbot/2.0; +http://www.bing.com/bingbot.htm)"
66.249.78.46 - - [04/Dec/2013:02:56:45 +0100] "GET /news.php?cs_go=archiv&cs_id=3484 HTTP/1.1" 200 10687 "-" "Mozilla/5.0 (compatible; Googlebot/2.1; +http://www.google.com/bot.html)"
157.55.35.91 - - [04/Dec/2013:03:03:29 +0100] "GET / HTTP/1.1" 200 3575 "-" "Mozilla/5.0 (compatible; bingbot/2.0; +http://www.bing.com/bingbot.htm)"
157.55.35.91 - - [04/Dec/2013:03:09:09 +0100] "GET / HTTP/1.0" 200 12416 "-" "Mozilla/5.0 (compatible; bingbot/2.0; +http://www.bing.com/bingbot.htm)"
66.249.78.46 - - [04/Dec/2013:03:09:34 +0100] "GET /news.php HTTP/1.1" 200 20056 "-" "Mozilla/5.0 (iPhone; CPU iPhone OS 6_0 like Mac OS X) AppleWebKit/536.26 (KHTML, like Gecko) Version/6.0 Mobile/10A5376e Safari/8536.25 (compatible; Googlebot-Mobile/2.1; +http://www.google.com/bot.html)"
141.8.147.12 - - [04/Dec/2013:03:21:26 +0100] "GET /news.php?cs_go=archiv&cs_id=4729 HTTP/1.1" 200 8331 "-" "Mozilla/5.0 (compatible; YandexBot/3.0; +http://yandex.com/bots)"
157.55.35.91 - - [04/Dec/2013:03:30:13 +0100] "GET / HTTP/1.1" 200 12416 "-" "Mozilla/5.0 (compatible; bingbot/2.0; +http://www.bing.com/bingbot.htm)"
66.249.78.46 - - [04/Dec/2013:03:43:13 +0100] "GET /news.php?cs_go=archiv&cs_id=2907 HTTP/1.1" 200 7635 "-" "Mozilla/5.0 (compatible; Googlebot/2.1; +http://www.google.com/bot.html)"
217.172.189.42 - - [04/Dec/2013:04:15:56 +0100] "GET /robots.txt HTTP/1.1" 304 - "-" "Mozilla/5.0 (compatible; waybackarchive.org/1.0; +spider@waybackarchive.org)"
141.8.147.12 - - [04/Dec/2013:04:21:20 +0100] "GET /news.php?cs_go=archiv&cs_startpos=0 HTTP/1.1" 200 20056 "-" "Mozilla/5.0 (compatible; YandexBot/3.0; +http://yandex.com/bots)"
208.115.111.75 - - [04/Dec/2013:04:29:09 +0100] "GET /news.php?cs_go=archiv&cs_id=4648 HTTP/1.1" 200 9572 "-" "Mozilla/5.0 (compatible; Ezooms/1.0; ezooms.bot@gmail.com)"
66.249.78.46 - - [04/Dec/2013:04:32:31 +0100] "GET /lexikon.php?cs_go=3&cs_id=138 HTTP/1.1" 200 6468 "-" "Mozilla/5.0 (iPhone; CPU iPhone OS 6_0 like Mac OS X) AppleWebKit/536.26 (KHTML, like Gecko) Version/6.0 Mobile/10A5376e Safari/8536.25 (compatible; Googlebot-Mobile/2.1; +http://www.google.com/bot.html)"
66.249.78.46 - - [04/Dec/2013:04:41:18 +0100] "GET /news.php?cs_go=archiv&cs_id=4609 HTTP/1.1" 200 13895 "-" "Mozilla/5.0 (compatible; Googlebot/2.1; +http://www.google.com/bot.html)"
208.115.113.91 - - [04/Dec/2013:04:47:52 +0100] "GET /robots.txt HTTP/1.1" 200 177 "-" "Mozilla/5.0 (compatible; Ezooms/1.0; ezooms.bot@gmail.com)"
217.172.189.42 - - [04/Dec/2013:04:49:04 +0100] "GET /content/encyclopedia/images/1_023.jpg HTTP/1.1" 404 - "-" "Mozilla/5.0 (compatible; waybackarchive.org/1.0; +spider@waybackarchive.org)"
217.69.133.68 - - [04/Dec/2013:05:08:50 +0100] "GET /robots.txt HTTP/1.1" 200 177 "-" "Mozilla/5.0 (compatible; Linux x86_64; Mail.RU_Bot/2.0; +http://go.mail.ru/help/robots)"
217.69.133.68 - - [04/Dec/2013:05:08:51 +0100] "GET /news.php?cs_go=archiv&cs_id=4575 HTTP/1.1" 200 8368 "-" "Mozilla/5.0 (compatible; Linux x86_64; Mail.RU_Bot/2.0; +http://go.mail.ru/help/robots)"
82.94.179.38 - - [04/Dec/2013:05:08:55 +0100] "GET /robots.txt HTTP/1.0" 200 177 "-" "Mozilla/4.0 (compatible; Freshbot/1.0/EU; http://webagent.wise-guys.nl/)"
82.94.179.38 - - [04/Dec/2013:05:08:55 +0100] "GET / HTTP/1.1" 200 12416 "-" "Mozilla/5.0 (X11; Linux i686; rv:6.0) Gecko/20100101 Firefox/6.0 (Freshbot/1.0/EU; http://webagent.wise-guys.nl/)"
82.94.179.38 - - [04/Dec/2013:05:09:02 +0100] "GET /news.php?cs_go=archiv&cs_id=4752 HTTP/1.1" 200 11598 "-" "Mozilla/5.0 (X11; Linux i686; rv:6.0) Gecko/20100101 Firefox/6.0 (Freshbot/1.0/EU; http://webagent.wise-guys.nl/)"
82.94.179.38 - - [04/Dec/2013:05:09:07 +0100] "GET /news.php?cs_go=archiv&cs_id=4730 HTTP/1.1" 200 9134 "-" "Mozilla/5.0 (X11; Linux i686; rv:6.0) Gecko/20100101 Firefox/6.0 (Freshbot/1.0/EU; http://webagent.wise-guys.nl/)"
82.94.179.38 - - [04/Dec/2013:05:09:12 +0100] "GET /news.php?cs_go=archiv&cs_id=4750 HTTP/1.1" 200 7665 "-" "Mozilla/5.0 (X11; Linux i686; rv:6.0) Gecko/20100101 Firefox/6.0 (Freshbot/1.0/EU; http://webagent.wise-guys.nl/)"
141.8.147.12 - - [04/Dec/2013:05:31:49 +0100] "GET /news.php?cs_go=archiv&cs_id=4737 HTTP/1.1" 200 7515 "-" "Mozilla/5.0 (compatible; YandexBot/3.0; +http://yandex.com/bots)"
66.249.78.46 - - [04/Dec/2013:05:39:22 +0100] "GET /news.php?cs_go=archiv&cs_id=4309 HTTP/1.1" 200 7582 "-" "Mozilla/5.0 (compatible; Googlebot/2.1; +http://www.google.com/bot.html)"
141.8.147.12 - - [04/Dec/2013:06:39:56 +0100] "GET /index.php HTTP/1.1" 200 12416 "-" "Mozilla/5.0 (compatible; YandexBot/3.0; +http://yandex.com/bots)"
208.115.113.91 - - [04/Dec/2013:06:51:44 +0100] "GET /news.php?cs_go=archiv&cs_id=4401&cs_search= HTTP/1.1" 200 11701 "-" "Mozilla/5.0 (compatible; Ezooms/1.0; ezooms.bot@gmail.com)"
66.249.74.81 - - [04/Dec/2013:07:02:59 +0100] "GET /news.php?cs_go=archiv&cs_id=4191 HTTP/1.1" 200 9596 "-" "DoCoMo/2.0 N905i(c100;TB;W24H16) (compatible; Googlebot-Mobile/2.1; +http://www.google.com/bot.html)"
65.36.241.79 - - [04/Dec/2013:07:22:41 +0100] "HEAD / HTTP/1.1" 200 - "-" "InternetSeer.com"
88.64.171.114 - - [04/Dec/2013:08:02:52 +0100] "GET /style.css HTTP/1.1" 200 8402 "http://www.mink-gmbh.de/" "Mozilla/5.0 (compatible; MSIE 10.0; Windows NT 6.1; Trident/6.0)"
88.64.171.114 - - [04/Dec/2013:08:02:52 +0100] "GET /modul.css HTTP/1.1" 200 35038 "http://www.mink-gmbh.de/" "Mozilla/5.0 (compatible; MSIE 10.0; Windows NT 6.1; Trident/6.0)"
88.64.171.114 - - [04/Dec/2013:08:02:53 +0100] "GET /images/bg.png HTTP/1.1" 200 922 "http://www.mink-gmbh.de/" "Mozilla/5.0 (compatible; MSIE 10.0; Windows NT 6.1; Trident/6.0)"
88.64.171.114 - - [04/Dec/2013:08:03:27 +0100] "GET /js_contentserver24_greybox/gb_styles.css HTTP/1.1" 200 2302 "http://www.mink-gmbh.de/" "Mozilla/5.0 (compatible; MSIE 10.0; Windows NT 6.1; Trident/6.0)"
88.64.171.114 - - [04/Dec/2013:08:03:27 +0100] "GET /js_contentserver24_greybox/gb_scripts.js HTTP/1.1" 200 11913 "http://www.mink-gmbh.de/" "Mozilla/5.0 (compatible; MSIE 10.0; Windows NT 6.1; Trident/6.0)"
88.64.171.114 - - [04/Dec/2013:08:03:27 +0100] "GET /js_contentserver24_greybox/AJS_fx.js HTTP/1.1" 200 3192 "http://www.mink-gmbh.de/" "Mozilla/5.0 (compatible; MSIE 10.0; Windows NT 6.1; Trident/6.0)"
88.64.171.114 - - [04/Dec/2013:08:03:27 +0100] "GET /js_contentserver24_greybox/AJS.js HTTP/1.1" 200 10396 "http://www.mink-gmbh.de/" "Mozilla/5.0 (compatible; MSIE 10.0; Windows NT 6.1; Trident/6.0)"
88.64.171.114 - - [04/Dec/2013:08:03:28 +0100] "GET /js_contentserver24_greybox/w_close.gif HTTP/1.1" 200 74 "http://www.mink-gmbh.de/" "Mozilla/5.0 (compatible; MSIE 10.0; Windows NT 6.1; Trident/6.0)"
88.64.171.114 - - [04/Dec/2013:08:03:28 +0100] "GET /images/navibg.png HTTP/1.1" 200 2803 "http://www.mink-gmbh.de/" "Mozilla/5.0 (compatible; MSIE 10.0; Windows NT 6.1; Trident/6.0)"
88.64.171.114 - - [04/Dec/2013:08:03:28 +0100] "GET /images/wrapperbg.jpg HTTP/1.1" 200 27465 "http://www.mink-gmbh.de/" "Mozilla/5.0 (compatible; MSIE 10.0; Windows NT 6.1; Trident/6.0)"
88.64.171.114 - - [04/Dec/2013:08:03:28 +0100] "GET /images/newsletter_bg.jpg HTTP/1.1" 200 33610 "http://www.mink-gmbh.de/" "Mozilla/5.0 (compatible; MSIE 10.0; Windows NT 6.1; Trident/6.0)"
88.64.171.114 - - [04/Dec/2013:08:03:28 +0100] "GET /images/close.png HTTP/1.1" 200 703 "http://www.mink-gmbh.de/" "Mozilla/5.0 (compatible; MSIE 10.0; Windows NT 6.1; Trident/6.0)"
88.64.171.114 - - [04/Dec/2013:08:03:28 +0100] "GET /images/header.jpg HTTP/1.1" 200 25189 "http://www.mink-gmbh.de/" "Mozilla/5.0 (compatible; MSIE 10.0; Windows NT 6.1; Trident/6.0)"
88.64.171.114 - - [04/Dec/2013:08:03:28 +0100] "GET /images/newsletter.png HTTP/1.1" 200 14619 "http://www.mink-gmbh.de/" "Mozilla/5.0 (compatible; MSIE 10.0; Windows NT 6.1; Trident/6.0)"
88.64.171.114 - - [04/Dec/2013:08:03:28 +0100] "GET /js_contentserver24_greybox/header_bg.gif HTTP/1.1" 200 1188 "http://www.mink-gmbh.de/" "Mozilla/5.0 (compatible; MSIE 10.0; Windows NT 6.1; Trident/6.0)"
88.64.171.114 - - [04/Dec/2013:08:03:28 +0100] "GET /js_contentserver24_greybox/loader_frame.html?s=0 HTTP/1.1" 200 2084 "http://www.mink-gmbh.de/" "Mozilla/5.0 (compatible; MSIE 10.0; Windows NT 6.1; Trident/6.0)"
88.64.171.114 - - [04/Dec/2013:08:03:28 +0100] "GET /js_contentserver24_greybox/indicator.gif HTTP/1.1" 200 8238 "http://www.mink-gmbh.de/js_contentserver24_greybox/loader_frame.html?s=0" "Mozilla/5.0 (compatible; MSIE 10.0; Windows NT 6.1; Trident/6.0)"
88.64.171.114 - - [04/Dec/2013:08:03:32 +0100] "GET /images/fallend.png HTTP/1.1" 200 713 "http://www.mink-gmbh.de/" "Mozilla/5.0 (compatible; MSIE 10.0; Windows NT 6.1; Trident/6.0)"
88.64.171.114 - - [04/Dec/2013:08:03:32 +0100] "GET /images/steigend.png HTTP/1.1" 200 688 "http://www.mink-gmbh.de/" "Mozilla/5.0 (compatible; MSIE 10.0; Windows NT 6.1; Trident/6.0)"
88.64.171.114 - - [04/Dec/2013:08:02:50 +0100] "GET / HTTP/1.1" 200 12426 "http://www.google.de/url?sa=t&rct=j&q=&esrc=s&frm=1&source=web&cd=6&ved=0CFIQFjAF&url=http%3A%2F%2Fwww.mink-gmbh.de%2F&ei=YdOeUqygDKmA0AXMuYCYCA&usg=AFQjCNFHX4Iglls9oo-KYXTmDUV_5KOVIg" "Mozilla/5.0 (compatible; MSIE 10.0; Windows NT 6.1; Trident/6.0)"
88.64.171.114 - - [04/Dec/2013:08:03:35 +0100] "GET /images/team-energie.png HTTP/1.1" 200 17383 "http://www.mink-gmbh.de/" "Mozilla/5.0 (compatible; MSIE 10.0; Windows NT 6.1; Trident/6.0)"
88.64.171.114 - - [04/Dec/2013:08:03:35 +0100] "GET /images/freecall.jpg HTTP/1.1" 200 39195 "http://www.mink-gmbh.de/" "Mozilla/5.0 (compatible; MSIE 10.0; Windows NT 6.1; Trident/6.0)"
88.64.171.114 - - [04/Dec/2013:08:03:35 +0100] "GET /images/kwk.gif HTTP/1.1" 200 6403 "http://www.mink-gmbh.de/" "Mozilla/5.0 (compatible; MSIE 10.0; Windows NT 6.1; Trident/6.0)"
88.64.171.114 - - [04/Dec/2013:08:03:35 +0100] "GET /images/mail.jpg HTTP/1.1" 200 12099 "http://www.mink-gmbh.de/" "Mozilla/5.0 (compatible; MSIE 10.0; Windows NT 6.1; Trident/6.0)"
88.64.171.114 - - [04/Dec/2013:08:03:35 +0100] "GET /images/wunschpreis.jpg HTTP/1.1" 200 16767 "http://www.mink-gmbh.de/" "Mozilla/5.0 (compatible; MSIE 10.0; Windows NT 6.1; Trident/6.0)"
88.64.171.114 - - [04/Dec/2013:08:03:35 +0100] "GET /images/logos.jpg?cache2730 HTTP/1.1" 200 35043 "http://www.mink-gmbh.de/" "Mozilla/5.0 (compatible; MSIE 10.0; Windows NT 6.1; Trident/6.0)"
88.64.171.114 - - [04/Dec/2013:08:03:35 +0100] "GET /images/tkw.jpg HTTP/1.1" 200 64031 "http://www.mink-gmbh.de/" "Mozilla/5.0 (compatible; MSIE 10.0; Windows NT 6.1; Trident/6.0)"
88.64.171.114 - - [04/Dec/2013:08:03:35 +0100] "GET /images/footerbg.jpg HTTP/1.1" 200 2184 "http://www.mink-gmbh.de/" "Mozilla/5.0 (compatible; MSIE 10.0; Windows NT 6.1; Trident/6.0)"
88.64.171.114 - - [04/Dec/2013:08:03:35 +0100] "GET /images/newsletter.jpg HTTP/1.1" 200 13130 "http://www.mink-gmbh.de/" "Mozilla/5.0 (compatible; MSIE 10.0; Windows NT 6.1; Trident/6.0)"
88.64.171.114 - - [04/Dec/2013:08:03:35 +0100] "GET /images/mobil.jpg HTTP/1.1" 200 25293 "http://www.mink-gmbh.de/" "Mozilla/5.0 (compatible; MSIE 10.0; Windows NT 6.1; Trident/6.0)"
88.64.171.114 - - [04/Dec/2013:08:03:36 +0100] "GET /js_contentserver24_greybox/g_close.gif HTTP/1.1" 200 541 "http://www.mink-gmbh.de/" "Mozilla/5.0 (compatible; MSIE 10.0; Windows NT 6.1; Trident/6.0)"
88.64.171.114 - - [04/Dec/2013:08:03:36 +0100] "GET /favicon.ico HTTP/1.1" 200 3638 "-" "Mozilla/5.0 (compatible; MSIE 10.0; Windows NT 6.1; Trident/6.0)"
208.115.113.91 - - [04/Dec/2013:08:50:10 +0100] "GET /robots.txt HTTP/1.1" 200 177 "-" "Mozilla/5.0 (compatible; Ezooms/1.0; ezooms.bot@gmail.com)"
82.144.32.18 - - [04/Dec/2013:09:01:56 +0100] "GET /modul.css HTTP/1.1" 200 35038 "http://www.mink-gmbh.de/" "Mozilla/5.0 (Windows NT 6.1; WOW64; rv:24.0) Gecko/20100101 Firefox/24.0"
82.144.32.18 - - [04/Dec/2013:09:01:56 +0100] "GET /style.css HTTP/1.1" 200 8402 "http://www.mink-gmbh.de/" "Mozilla/5.0 (Windows NT 6.1; WOW64; rv:24.0) Gecko/20100101 Firefox/24.0"
82.144.32.18 - - [04/Dec/2013:09:01:56 +0100] "GET /favicon.ico HTTP/1.1" 200 3638 "-" "Mozilla/5.0 (Windows NT 6.1; WOW64; rv:24.0) Gecko/20100101 Firefox/24.0"
82.144.32.18 - - [04/Dec/2013:09:01:56 +0100] "GET /js_contentserver24_greybox/gb_styles.css HTTP/1.1" 200 2302 "http://www.mink-gmbh.de/" "Mozilla/5.0 (Windows NT 6.1; WOW64; rv:24.0) Gecko/20100101 Firefox/24.0"
82.144.32.18 - - [04/Dec/2013:09:01:57 +0100] "GET /js_contentserver24_greybox/AJS_fx.js HTTP/1.1" 200 3192 "http://www.mink-gmbh.de/" "Mozilla/5.0 (Windows NT 6.1; WOW64; rv:24.0) Gecko/20100101 Firefox/24.0"
82.144.32.18 - - [04/Dec/2013:09:01:57 +0100] "GET /js_contentserver24_greybox/AJS.js HTTP/1.1" 200 10396 "http://www.mink-gmbh.de/" "Mozilla/5.0 (Windows NT 6.1; WOW64; rv:24.0) Gecko/20100101 Firefox/24.0"
82.144.32.18 - - [04/Dec/2013:09:01:57 +0100] "GET /js_contentserver24_greybox/gb_scripts.js HTTP/1.1" 200 11913 "http://www.mink-gmbh.de/" "Mozilla/5.0 (Windows NT 6.1; WOW64; rv:24.0) Gecko/20100101 Firefox/24.0"
82.144.32.18 - - [04/Dec/2013:09:01:57 +0100] "GET /images/bg.png HTTP/1.1" 200 922 "http://www.mink-gmbh.de/style.css" "Mozilla/5.0 (Windows NT 6.1; WOW64; rv:24.0) Gecko/20100101 Firefox/24.0"
82.144.32.18 - - [04/Dec/2013:09:01:57 +0100] "GET /js_contentserver24_greybox/w_close.gif HTTP/1.1" 200 74 "http://www.mink-gmbh.de/" "Mozilla/5.0 (Windows NT 6.1; WOW64; rv:24.0) Gecko/20100101 Firefox/24.0"
82.144.32.18 - - [04/Dec/2013:09:01:57 +0100] "GET /images/newsletter_bg.jpg HTTP/1.1" 200 33610 "http://www.mink-gmbh.de/" "Mozilla/5.0 (Windows NT 6.1; WOW64; rv:24.0) Gecko/20100101 Firefox/24.0"
82.144.32.18 - - [04/Dec/2013:09:01:57 +0100] "GET /images/newsletter.png HTTP/1.1" 200 14619 "http://www.mink-gmbh.de/style.css" "Mozilla/5.0 (Windows NT 6.1; WOW64; rv:24.0) Gecko/20100101 Firefox/24.0"
82.144.32.18 - - [04/Dec/2013:09:01:57 +0100] "GET /images/close.png HTTP/1.1" 200 703 "http://www.mink-gmbh.de/" "Mozilla/5.0 (Windows NT 6.1; WOW64; rv:24.0) Gecko/20100101 Firefox/24.0"
82.144.32.18 - - [04/Dec/2013:09:01:57 +0100] "GET /images/wrapperbg.jpg HTTP/1.1" 200 27465 "http://www.mink-gmbh.de/style.css" "Mozilla/5.0 (Windows NT 6.1; WOW64; rv:24.0) Gecko/20100101 Firefox/24.0"
82.144.32.18 - - [04/Dec/2013:09:01:57 +0100] "GET /images/header.jpg HTTP/1.1" 200 25189 "http://www.mink-gmbh.de/style.css" "Mozilla/5.0 (Windows NT 6.1; WOW64; rv:24.0) Gecko/20100101 Firefox/24.0"
82.144.32.18 - - [04/Dec/2013:09:01:57 +0100] "GET /images/navibg.png HTTP/1.1" 200 2803 "http://www.mink-gmbh.de/style.css" "Mozilla/5.0 (Windows NT 6.1; WOW64; rv:24.0) Gecko/20100101 Firefox/24.0"
82.144.32.18 - - [04/Dec/2013:09:01:56 +0100] "GET / HTTP/1.1" 200 12387 "http://www.google.de/url?sa=t&rct=j&q=&esrc=s&source=web&cd=2&ved=0CDoQFjAB&url=http%3A%2F%2Fwww.mink-gmbh.de%2F&ei=W-GeUs_cAZCqhAeikoHACw&usg=AFQjCNFHX4Iglls9oo-KYXTmDUV_5KOVIg&bvm=bv.57155469,d.ZG4" "Mozilla/5.0 (Windows NT 6.1; WOW64; rv:24.0) Gecko/20100101 Firefox/24.0"
82.144.32.18 - - [04/Dec/2013:09:01:57 +0100] "GET /images/steigend.png HTTP/1.1" 200 688 "http://www.mink-gmbh.de/modul.css" "Mozilla/5.0 (Windows NT 6.1; WOW64; rv:24.0) Gecko/20100101 Firefox/24.0"
82.144.32.18 - - [04/Dec/2013:09:01:57 +0100] "GET /images/fallend.png HTTP/1.1" 200 713 "http://www.mink-gmbh.de/modul.css" "Mozilla/5.0 (Windows NT 6.1; WOW64; rv:24.0) Gecko/20100101 Firefox/24.0"
82.144.32.18 - - [04/Dec/2013:09:01:57 +0100] "GET /images/tkw.jpg HTTP/1.1" 200 64031 "http://www.mink-gmbh.de/" "Mozilla/5.0 (Windows NT 6.1; WOW64; rv:24.0) Gecko/20100101 Firefox/24.0"
82.144.32.18 - - [04/Dec/2013:09:01:57 +0100] "GET /images/team-energie.png HTTP/1.1" 200 17383 "http://www.mink-gmbh.de/" "Mozilla/5.0 (Windows NT 6.1; WOW64; rv:24.0) Gecko/20100101 Firefox/24.0"
82.144.32.18 - - [04/Dec/2013:09:01:57 +0100] "GET /images/freecall.jpg HTTP/1.1" 200 39195 "http://www.mink-gmbh.de/" "Mozilla/5.0 (Windows NT 6.1; WOW64; rv:24.0) Gecko/20100101 Firefox/24.0"
82.144.32.18 - - [04/Dec/2013:09:01:57 +0100] "GET /images/mail.jpg HTTP/1.1" 200 12099 "http://www.mink-gmbh.de/" "Mozilla/5.0 (Windows NT 6.1; WOW64; rv:24.0) Gecko/20100101 Firefox/24.0"
82.144.32.18 - - [04/Dec/2013:09:01:57 +0100] "GET /images/kwk.gif HTTP/1.1" 200 6403 "http://www.mink-gmbh.de/" "Mozilla/5.0 (Windows NT 6.1; WOW64; rv:24.0) Gecko/20100101 Firefox/24.0"
82.144.32.18 - - [04/Dec/2013:09:01:57 +0100] "GET /images/wunschpreis.jpg HTTP/1.1" 200 16767 "http://www.mink-gmbh.de/" "Mozilla/5.0 (Windows NT 6.1; WOW64; rv:24.0) Gecko/20100101 Firefox/24.0"
82.144.32.18 - - [04/Dec/2013:09:01:57 +0100] "GET /images/logos.jpg?cache9394 HTTP/1.1" 200 35043 "http://www.mink-gmbh.de/" "Mozilla/5.0 (Windows NT 6.1; WOW64; rv:24.0) Gecko/20100101 Firefox/24.0"
82.144.32.18 - - [04/Dec/2013:09:01:57 +0100] "GET /images/mobil.jpg HTTP/1.1" 200 25293 "http://www.mink-gmbh.de/style.css" "Mozilla/5.0 (Windows NT 6.1; WOW64; rv:24.0) Gecko/20100101 Firefox/24.0"
82.144.32.18 - - [04/Dec/2013:09:01:57 +0100] "GET /images/newsletter.jpg HTTP/1.1" 200 13130 "http://www.mink-gmbh.de/style.css" "Mozilla/5.0 (Windows NT 6.1; WOW64; rv:24.0) Gecko/20100101 Firefox/24.0"
82.144.32.18 - - [04/Dec/2013:09:01:57 +0100] "GET /images/footerbg.jpg HTTP/1.1" 200 2184 "http://www.mink-gmbh.de/style.css" "Mozilla/5.0 (Windows NT 6.1; WOW64; rv:24.0) Gecko/20100101 Firefox/24.0"
82.144.32.18 - - [04/Dec/2013:09:01:57 +0100] "GET /js_contentserver24_greybox/header_bg.gif HTTP/1.1" 200 1188 "http://www.mink-gmbh.de/" "Mozilla/5.0 (Windows NT 6.1; WOW64; rv:24.0) Gecko/20100101 Firefox/24.0"
82.144.32.18 - - [04/Dec/2013:09:01:57 +0100] "GET /js_contentserver24_greybox/loader_frame.html?s=0 HTTP/1.1" 200 2084 "http://www.mink-gmbh.de/" "Mozilla/5.0 (Windows NT 6.1; WOW64; rv:24.0) Gecko/20100101 Firefox/24.0"
82.144.32.18 - - [04/Dec/2013:09:01:57 +0100] "GET /js_contentserver24_greybox/indicator.gif HTTP/1.1" 200 8238 "http://www.mink-gmbh.de/js_contentserver24_greybox/loader_frame.html?s=0" "Mozilla/5.0 (Windows NT 6.1; WOW64; rv:24.0) Gecko/20100101 Firefox/24.0"
82.144.32.18 - - [04/Dec/2013:09:01:58 +0100] "GET /js_contentserver24_greybox/g_close.gif HTTP/1.1" 200 541 "http://www.mink-gmbh.de/" "Mozilla/5.0 (Windows NT 6.1; WOW64; rv:24.0) Gecko/20100101 Firefox/24.0"
82.144.32.18 - - [04/Dec/2013:09:02:27 +0100] "GET /standard.php HTTP/1.1" 200 6770 "http://www.mink-gmbh.de/" "Mozilla/5.0 (Windows NT 6.1; WOW64; rv:24.0) Gecko/20100101 Firefox/24.0"
82.144.32.18 - - [04/Dec/2013:09:02:28 +0100] "GET /images/logos.jpg HTTP/1.1" 200 35043 "http://www.mink-gmbh.de/standard.php" "Mozilla/5.0 (Windows NT 6.1; WOW64; rv:24.0) Gecko/20100101 Firefox/24.0"
85.25.100.239 - - [04/Dec/2013:10:01:13 +0100] "GET /news.php?cs_go=archiv&cs_id=4293&cs_search= HTTP/1.1" 200 12139 "-" "Mozilla/4.0 (compatible; MSIE 6.0; Windows 98; Win 9x4.90)"
208.115.113.91 - - [04/Dec/2013:10:57:57 +0100] "GET /news.php?cs_go=archiv&cs_id=4545&cs_search= HTTP/1.1" 200 9724 "-" "Mozilla/5.0 (compatible; Ezooms/1.0; ezooms.bot@gmail.com)"
66.249.78.46 - - [04/Dec/2013:12:03:18 +0100] "GET /robots.txt HTTP/1.1" 200 177 "-" "Mozilla/5.0 (compatible; Googlebot/2.1; +http://www.google.com/bot.html)"
66.249.78.46 - - [04/Dec/2013:12:03:18 +0100] "GET /news.php?cs_go=archiv&cs_id=4738 HTTP/1.1" 200 11728 "-" "Mozilla/5.0 (iPhone; CPU iPhone OS 6_0 like Mac OS X) AppleWebKit/536.26 (KHTML, like Gecko) Version/6.0 Mobile/10A5376e Safari/8536.25 (compatible; Googlebot-Mobile/2.1; +http://www.google.com/bot.html)"
65.36.241.79 - - [04/Dec/2013:12:27:55 +0100] "HEAD / HTTP/1.1" 200 - "-" "InternetSeer.com"
193.111.141.54 - - [04/Dec/2013:12:32:59 +0100] "GET /impressum.php HTTP/1.1" 200 6306 "-" "Mozilla/5.0 (X11; Linux i686; rv:6.0) Gecko/20100101 Firefox/6.0"
66.249.78.46 - - [04/Dec/2013:14:06:11 +0100] "GET /modernisierung.php?cs_gp_go=plus HTTP/1.1" 200 9252 "-" "SAMSUNG-SGH-E250/1.0 Profile/MIDP-2.0 Configuration/CLDC-1.1 UP.Browser/6.2.3.3.c.1.101 (GUI) MMP/2.0 (compatible; Googlebot-Mobile/2.1; +http://www.google.com/bot.html)"
157.55.35.93 - - [04/Dec/2013:14:28:06 +0100] "GET /robots.txt HTTP/1.1" 200 177 "-" "Mozilla/5.0 (compatible; bingbot/2.0; +http://www.bing.com/bingbot.htm)"
157.55.35.93 - - [04/Dec/2013:14:31:55 +0100] "GET / HTTP/1.1" 200 12401 "-" "Mozilla/5.0 (compatible; bingbot/2.0; +http://www.bing.com/bingbot.htm)"
208.115.111.75 - - [04/Dec/2013:14:47:13 +0100] "GET /robots.txt HTTP/1.1" 200 177 "-" "Mozilla/5.0 (compatible; Ezooms/1.0; ezooms.bot@gmail.com)"
38.111.147.84 - - [04/Dec/2013:14:54:18 +0100] "GET /robots.txt HTTP/1.0" 200 177 "-" "TurnitinBot/2.1 (http://www.turnitin.com/robot/crawlerinfo.html)"
38.111.147.84 - - [04/Dec/2013:14:54:45 +0100] "GET /lexikon.php?cs_go=3&cs_id=69 HTTP/1.0" 200 7671 "-" "TurnitinBot/2.1 (http://www.turnitin.com/robot/crawlerinfo.html)"
38.111.147.84 - - [04/Dec/2013:14:55:23 +0100] "GET /lexikon.php?cs_go=3&cs_id=233 HTTP/1.0" 200 6564 "-" "TurnitinBot/2.1 (http://www.turnitin.com/robot/crawlerinfo.html)"
38.111.147.84 - - [04/Dec/2013:14:55:57 +0100] "GET /lexikon.php?cs_go=3&cs_id=108 HTTP/1.0" 200 7180 "-" "TurnitinBot/2.1 (http://www.turnitin.com/robot/crawlerinfo.html)"
38.111.147.84 - - [04/Dec/2013:14:56:33 +0100] "GET /lexikon.php?cs_go=3&cs_id=107 HTTP/1.0" 200 5953 "-" "TurnitinBot/2.1 (http://www.turnitin.com/robot/crawlerinfo.html)"
38.111.147.84 - - [04/Dec/2013:14:57:06 +0100] "GET /lexikon.php?cs_go=3&cs_id=106 HTTP/1.0" 200 6024 "-" "TurnitinBot/2.1 (http://www.turnitin.com/robot/crawlerinfo.html)"
38.111.147.84 - - [04/Dec/2013:14:57:44 +0100] "GET /lexikon.php?cs_go=3&cs_id=105 HTTP/1.0" 200 5972 "-" "TurnitinBot/2.1 (http://www.turnitin.com/robot/crawlerinfo.html)"
38.111.147.84 - - [04/Dec/2013:14:58:22 +0100] "GET /lexikon.php?cs_go=3&cs_id=104 HTTP/1.0" 200 6038 "-" "TurnitinBot/2.1 (http://www.turnitin.com/robot/crawlerinfo.html)"
38.111.147.84 - - [04/Dec/2013:14:58:56 +0100] "GET /lexikon.php?cs_go=3&cs_id=103 HTTP/1.0" 200 6781 "-" "TurnitinBot/2.1 (http://www.turnitin.com/robot/crawlerinfo.html)"
38.111.147.84 - - [04/Dec/2013:14:59:28 +0100] "GET /lexikon.php?cs_go=3&cs_id=170 HTTP/1.0" 200 6988 "-" "TurnitinBot/2.1 (http://www.turnitin.com/robot/crawlerinfo.html)"
38.111.147.84 - - [04/Dec/2013:15:00:04 +0100] "GET /lexikon.php?cs_go=3&cs_id=234 HTTP/1.0" 200 6290 "-" "TurnitinBot/2.1 (http://www.turnitin.com/robot/crawlerinfo.html)"
38.111.147.84 - - [04/Dec/2013:15:01:00 +0100] "GET /lexikon.php?cs_go=3&cs_id=232 HTTP/1.0" 200 5537 "-" "TurnitinBot/2.1 (http://www.turnitin.com/robot/crawlerinfo.html)"
38.111.147.84 - - [04/Dec/2013:15:01:36 +0100] "GET /lexikon.php?cs_go=3&cs_id=224 HTTP/1.0" 200 5840 "-" "TurnitinBot/2.1 (http://www.turnitin.com/robot/crawlerinfo.html)"
38.111.147.84 - - [04/Dec/2013:15:02:11 +0100] "GET /lexikon.php?cs_go=3&cs_id=223 HTTP/1.0" 200 5553 "-" "TurnitinBot/2.1 (http://www.turnitin.com/robot/crawlerinfo.html)"
38.111.147.84 - - [04/Dec/2013:15:02:47 +0100] "GET /lexikon.php?cs_go=3&cs_id=222 HTTP/1.0" 200 7187 "-" "TurnitinBot/2.1 (http://www.turnitin.com/robot/crawlerinfo.html)"
38.111.147.84 - - [04/Dec/2013:15:03:24 +0100] "GET /lexikon.php?cs_go=3&cs_id=221 HTTP/1.0" 200 5581 "-" "TurnitinBot/2.1 (http://www.turnitin.com/robot/crawlerinfo.html)"
38.111.147.84 - - [04/Dec/2013:15:04:04 +0100] "GET /lexikon.php?cs_go=3&cs_id=220 HTTP/1.0" 200 5585 "-" "TurnitinBot/2.1 (http://www.turnitin.com/robot/crawlerinfo.html)"
38.111.147.84 - - [04/Dec/2013:15:04:39 +0100] "GET /lexikon.php?cs_go=3&cs_id=219 HTTP/1.0" 200 5557 "-" "TurnitinBot/2.1 (http://www.turnitin.com/robot/crawlerinfo.html)"
38.111.147.84 - - [04/Dec/2013:15:05:16 +0100] "GET /lexikon.php?cs_go=3&cs_id=218 HTTP/1.0" 200 5578 "-" "TurnitinBot/2.1 (http://www.turnitin.com/robot/crawlerinfo.html)"
38.111.147.84 - - [04/Dec/2013:15:05:49 +0100] "GET /lexikon.php?cs_go=3&cs_id=217 HTTP/1.0" 200 5685 "-" "TurnitinBot/2.1 (http://www.turnitin.com/robot/crawlerinfo.html)"
38.111.147.84 - - [04/Dec/2013:15:06:23 +0100] "GET /lexikon.php?cs_go=3&cs_id=216 HTTP/1.0" 200 5684 "-" "TurnitinBot/2.1 (http://www.turnitin.com/robot/crawlerinfo.html)"
38.111.147.84 - - [04/Dec/2013:15:07:17 +0100] "GET /lexikon.php?cs_go=3&cs_id=215 HTTP/1.0" 200 6196 "-" "TurnitinBot/2.1 (http://www.turnitin.com/robot/crawlerinfo.html)"
38.111.147.84 - - [04/Dec/2013:15:07:51 +0100] "GET /images/RAL_Guetezeichen_Energiehandel.pdf HTTP/1.0" 200 288367 "-" "TurnitinBot/2.1 (http://www.turnitin.com/robot/crawlerinfo.html)"
38.111.147.84 - - [04/Dec/2013:15:08:24 +0100] "GET /foerdermittel.php HTTP/1.0" 200 10473 "-" "TurnitinBot/2.1 (http://www.turnitin.com/robot/crawlerinfo.html)"
38.111.147.84 - - [04/Dec/2013:15:08:55 +0100] "GET /faq.php HTTP/1.0" 200 216831 "-" "TurnitinBot/2.1 (http://www.turnitin.com/robot/crawlerinfo.html)"
38.111.147.84 - - [04/Dec/2013:15:09:30 +0100] "GET /additive.php HTTP/1.0" 200 5937 "-" "TurnitinBot/2.1 (http://www.turnitin.com/robot/crawlerinfo.html)"
38.111.147.84 - - [04/Dec/2013:15:10:05 +0100] "GET /lexikon.php?cs_go=3&cs_id=14 HTTP/1.0" 200 6146 "-" "TurnitinBot/2.1 (http://www.turnitin.com/robot/crawlerinfo.html)"
38.111.147.84 - - [04/Dec/2013:15:10:35 +0100] "GET /lexikon.php?cs_go=3&cs_id=13 HTTP/1.0" 200 5626 "-" "TurnitinBot/2.1 (http://www.turnitin.com/robot/crawlerinfo.html)"
38.111.147.84 - - [04/Dec/2013:15:11:06 +0100] "GET /lexikon.php?cs_go=3&cs_id=12 HTTP/1.0" 200 6135 "-" "TurnitinBot/2.1 (http://www.turnitin.com/robot/crawlerinfo.html)"
38.111.147.84 - - [04/Dec/2013:15:11:38 +0100] "GET /lexikon.php?cs_go=3&cs_id=11 HTTP/1.0" 200 5809 "-" "TurnitinBot/2.1 (http://www.turnitin.com/robot/crawlerinfo.html)"
38.111.147.84 - - [04/Dec/2013:15:12:09 +0100] "GET /lexikon.php?cs_go=3&cs_id=50 HTTP/1.0" 200 6297 "-" "TurnitinBot/2.1 (http://www.turnitin.com/robot/crawlerinfo.html)"
38.111.147.84 - - [04/Dec/2013:15:12:39 +0100] "GET /lexikon.php?cs_go=3&cs_id=85 HTTP/1.0" 200 6182 "-" "TurnitinBot/2.1 (http://www.turnitin.com/robot/crawlerinfo.html)"
38.111.147.84 - - [04/Dec/2013:15:13:15 +0100] "GET /lexikon.php?cs_go=3&cs_id=68 HTTP/1.0" 200 6064 "-" "TurnitinBot/2.1 (http://www.turnitin.com/robot/crawlerinfo.html)"
38.111.147.84 - - [04/Dec/2013:15:13:52 +0100] "GET /lexikon.php?cs_go=3&cs_id=66 HTTP/1.0" 200 5561 "-" "TurnitinBot/2.1 (http://www.turnitin.com/robot/crawlerinfo.html)"
38.111.147.84 - - [04/Dec/2013:15:14:28 +0100] "GET /lexikon.php?cs_go=3&cs_id=65 HTTP/1.0" 200 6170 "-" "TurnitinBot/2.1 (http://www.turnitin.com/robot/crawlerinfo.html)"
38.111.147.84 - - [04/Dec/2013:15:15:02 +0100] "GET /lexikon.php?cs_go=3&cs_id=47 HTTP/1.0" 200 8723 "-" "TurnitinBot/2.1 (http://www.turnitin.com/robot/crawlerinfo.html)"
38.111.147.84 - - [04/Dec/2013:15:15:43 +0100] "GET /lexikon.php?cs_go=3&cs_id=46 HTTP/1.0" 200 5567 "-" "TurnitinBot/2.1 (http://www.turnitin.com/robot/crawlerinfo.html)"
38.111.147.84 - - [04/Dec/2013:15:16:18 +0100] "GET /lexikon.php?cs_go=3&cs_id=33 HTTP/1.0" 200 6386 "-" "TurnitinBot/2.1 (http://www.turnitin.com/robot/crawlerinfo.html)"
38.111.147.84 - - [04/Dec/2013:15:16:53 +0100] "GET /lexikon.php?cs_go=3&cs_id=32 HTTP/1.0" 200 5750 "-" "TurnitinBot/2.1 (http://www.turnitin.com/robot/crawlerinfo.html)"
38.111.147.84 - - [04/Dec/2013:15:17:26 +0100] "GET /jobs.php HTTP/1.0" 200 4965 "-" "TurnitinBot/2.1 (http://www.turnitin.com/robot/crawlerinfo.html)"
38.111.147.84 - - [04/Dec/2013:15:18:00 +0100] "GET /lexikon.php?cs_go=3&cs_id=95 HTTP/1.0" 200 6298 "-" "TurnitinBot/2.1 (http://www.turnitin.com/robot/crawlerinfo.html)"
38.111.147.84 - - [04/Dec/2013:15:18:36 +0100] "GET /lexikon.php?cs_go=3&cs_id=94 HTTP/1.0" 200 6042 "-" "TurnitinBot/2.1 (http://www.turnitin.com/robot/crawlerinfo.html)"
38.111.147.84 - - [04/Dec/2013:15:19:11 +0100] "GET /lexikon.php?cs_go=3&cs_id=93 HTTP/1.0" 200 5555 "-" "TurnitinBot/2.1 (http://www.turnitin.com/robot/crawlerinfo.html)"
38.111.147.84 - - [04/Dec/2013:15:19:46 +0100] "GET /lexikon.php?cs_go=3&cs_id=89 HTTP/1.0" 200 5959 "-" "TurnitinBot/2.1 (http://www.turnitin.com/robot/crawlerinfo.html)"
38.111.147.84 - - [04/Dec/2013:15:20:20 +0100] "GET /lexikon.php?cs_go=3&cs_id=87 HTTP/1.0" 200 5905 "-" "TurnitinBot/2.1 (http://www.turnitin.com/robot/crawlerinfo.html)"
38.111.147.84 - - [04/Dec/2013:15:20:54 +0100] "GET /lexikon.php?cs_go=3&cs_id=116 HTTP/1.0" 200 6930 "-" "TurnitinBot/2.1 (http://www.turnitin.com/robot/crawlerinfo.html)"
38.111.147.84 - - [04/Dec/2013:15:21:33 +0100] "GET /lexikon.php?cs_go=3&cs_id=115 HTTP/1.0" 200 7146 "-" "TurnitinBot/2.1 (http://www.turnitin.com/robot/crawlerinfo.html)"
