141.8.147.12 - - [20/Dec/2013:12:10:13 +0100] "GET /news.php?cs_go=archiv&cs_id=4725&cs_search= HTTP/1.1" 200 8987 "-" "Mozilla/5.0 (compatible; YandexBot/3.0; +http://yandex.com/bots)"
141.8.147.12 - - [20/Dec/2013:12:10:58 +0100] "GET /news.php?cs_go=archiv&cs_id=4763&cs_search= HTTP/1.1" 200 7481 "-" "Mozilla/5.0 (compatible; YandexBot/3.0; +http://yandex.com/bots)"
66.249.75.49 - - [20/Dec/2013:12:13:03 +0100] "GET /news.php?cs_go=archiv&cs_startpos=0 HTTP/1.1" 200 19745 "-" "DoCoMo/2.0 N905i(c100;TB;W24H16) (compatible; Googlebot-Mobile/2.1; +http://www.google.com/bot.html)"
141.8.147.12 - - [20/Dec/2013:12:18:46 +0100] "GET /news.php?cs_go=archiv&cs_id=4724&cs_search= HTTP/1.1" 200 9026 "-" "Mozilla/5.0 (compatible; YandexBot/3.0; +http://yandex.com/bots)"
66.249.78.46 - - [20/Dec/2013:12:21:51 +0100] "GET /lexikon.php?cs_go=3&cs_id=226 HTTP/1.1" 200 6317 "-" "Mozilla/5.0 (compatible; Googlebot/2.1; +http://www.google.com/bot.html)"
66.249.78.46 - - [20/Dec/2013:12:33:51 +0100] "GET /news.php?cs_go=archiv&cs_id=4293 HTTP/1.1" 200 12139 "-" "Mozilla/5.0 (compatible; Googlebot/2.1; +http://www.google.com/bot.html)"
208.115.111.75 - - [20/Dec/2013:12:35:57 +0100] "GET /energiesparcheck.php HTTP/1.1" 200 11144 "-" "Mozilla/5.0 (compatible; Ezooms/1.0; help@moz.com)"
208.115.111.75 - - [20/Dec/2013:12:36:01 +0100] "GET /kwk.php?cs_go=1 HTTP/1.1" 200 8447 "-" "Mozilla/5.0 (compatible; Ezooms/1.0; help@moz.com)"
208.115.111.75 - - [20/Dec/2013:12:36:04 +0100] "GET /news.php?cs_go=archiv&cs_id=4620&cs_search= HTTP/1.1" 200 7854 "-" "Mozilla/5.0 (compatible; Ezooms/1.0; help@moz.com)"
208.115.111.75 - - [20/Dec/2013:12:36:06 +0100] "GET /news.php?cs_go=archiv&cs_id=4680&cs_search= HTTP/1.1" 200 7520 "-" "Mozilla/5.0 (compatible; Ezooms/1.0; help@moz.com)"
208.43.255.29 - - [20/Dec/2013:12:47:47 +0100] "GET /robots.txt HTTP/1.1" 200 177 "-" "Mozilla/5.0 (compatible; MSIE 9.0; Windows NT 6.1; WOW64; Trident/5.0; chromeframe/19.0.1084.52)"
208.43.255.29 - - [20/Dec/2013:12:48:22 +0100] "GET /schwefelarmstandard.php HTTP/1.1" 200 10730 "-" "Mozilla/5.0 (compatible; MSIE 9.0; Windows NT 6.1; WOW64; Trident/5.0; chromeframe/19.0.1084.52)"
208.43.255.30 - - [20/Dec/2013:12:48:42 +0100] "GET /rueckrufservice.php HTTP/1.1" 200 8300 "-" "Mozilla/5.0 (compatible; MSIE 9.0; Windows NT 6.1; WOW64; Trident/5.0; chromeframe/19.0.1084.52)"
208.43.255.30 - - [20/Dec/2013:12:48:54 +0100] "GET /preisanfrage.php HTTP/1.1" 200 8502 "-" "Mozilla/5.0 (compatible; MSIE 9.0; Windows NT 6.1; WOW64; Trident/5.0; chromeframe/19.0.1084.52)"
208.43.255.30 - - [20/Dec/2013:12:49:04 +0100] "GET /newsletter.php HTTP/1.1" 200 6492 "-" "Mozilla/5.0 (compatible; MSIE 9.0; Windows NT 6.1; WOW64; Trident/5.0; chromeframe/19.0.1084.52)"
208.43.255.30 - - [20/Dec/2013:12:49:21 +0100] "GET /news.php?cs_go=archiv&cs_id=4755 HTTP/1.1" 200 19745 "-" "Mozilla/5.0 (compatible; MSIE 9.0; Windows NT 6.1; WOW64; Trident/5.0; chromeframe/19.0.1084.52)"
208.43.255.30 - - [20/Dec/2013:12:49:40 +0100] "GET /news.php?cs_go=archiv HTTP/1.1" 200 19745 "-" "Mozilla/5.0 (compatible; MSIE 9.0; Windows NT 6.1; WOW64; Trident/5.0; chromeframe/19.0.1084.52)"
208.43.255.30 - - [20/Dec/2013:12:50:02 +0100] "GET /news.php HTTP/1.1" 200 19745 "-" "Mozilla/5.0 (compatible; MSIE 9.0; Windows NT 6.1; WOW64; Trident/5.0; chromeframe/19.0.1084.52)"
208.43.255.30 - - [20/Dec/2013:12:50:14 +0100] "GET /kwk.php HTTP/1.1" 200 8447 "-" "Mozilla/5.0 (compatible; MSIE 9.0; Windows NT 6.1; WOW64; Trident/5.0; chromeframe/19.0.1084.52)"
208.43.255.30 - - [20/Dec/2013:12:50:29 +0100] "GET /kontakt.php HTTP/1.1" 200 6966 "-" "Mozilla/5.0 (compatible; MSIE 9.0; Windows NT 6.1; WOW64; Trident/5.0; chromeframe/19.0.1084.52)"
208.43.255.30 - - [20/Dec/2013:12:50:41 +0100] "GET /jobs.php HTTP/1.1" 200 4965 "-" "Mozilla/5.0 (compatible; MSIE 9.0; Windows NT 6.1; WOW64; Trident/5.0; chromeframe/19.0.1084.52)"
208.43.255.30 - - [20/Dec/2013:12:50:51 +0100] "GET /index.php HTTP/1.1" 200 12411 "-" "Mozilla/5.0 (compatible; MSIE 9.0; Windows NT 6.1; WOW64; Trident/5.0; chromeframe/19.0.1084.52)"
208.43.255.31 - - [20/Dec/2013:12:51:08 +0100] "GET /impressum.php HTTP/1.1" 200 6306 "-" "Mozilla/5.0 (compatible; MSIE 9.0; Windows NT 6.1; WOW64; Trident/5.0; chromeframe/19.0.1084.52)"
208.43.255.31 - - [20/Dec/2013:12:51:21 +0100] "GET /agb.php HTTP/1.1" 200 17543 "-" "Mozilla/5.0 (compatible; MSIE 9.0; Windows NT 6.1; WOW64; Trident/5.0; chromeframe/19.0.1084.52)"
208.43.255.31 - - [20/Dec/2013:12:51:25 +0100] "GET / HTTP/1.1" 200 12411 "-" "Mozilla/5.0 (compatible; MSIE 9.0; Windows NT 6.1; WOW64; Trident/5.0; chromeframe/19.0.1084.52)"
208.115.113.91 - - [20/Dec/2013:12:54:50 +0100] "GET /robots.txt HTTP/1.1" 200 177 "-" "Mozilla/5.0 (compatible; Ezooms/1.0; help@moz.com)"
66.249.78.46 - - [20/Dec/2013:12:55:41 +0100] "GET /images/logos.jpg?cache6914 HTTP/1.1" 200 35043 "-" "Googlebot-Image/1.0"
141.8.147.12 - - [20/Dec/2013:12:55:48 +0100] "GET /news.php?cs_go=archiv&cs_id=4704&cs_search= HTTP/1.1" 200 7528 "-" "Mozilla/5.0 (compatible; YandexBot/3.0; +http://yandex.com/bots)"
66.249.78.46 - - [20/Dec/2013:13:15:52 +0100] "GET /news.php?cs_go=archiv&cs_id=4455 HTTP/1.1" 200 7935 "-" "Mozilla/5.0 (compatible; Googlebot/2.1; +http://www.google.com/bot.html)"
66.249.78.46 - - [20/Dec/2013:13:21:52 +0100] "GET /news.php?cs_go=archiv&cs_id=4449 HTTP/1.1" 200 8717 "-" "Mozilla/5.0 (compatible; Googlebot/2.1; +http://www.google.com/bot.html)"
141.8.147.12 - - [20/Dec/2013:13:35:40 +0100] "GET /news.php?cs_go=archiv&cs_id=4715&cs_search= HTTP/1.1" 200 10717 "-" "Mozilla/5.0 (compatible; YandexBot/3.0; +http://yandex.com/bots)"
141.8.147.12 - - [20/Dec/2013:13:42:33 +0100] "GET /news.php?cs_go=archiv&cs_id=4762&cs_search= HTTP/1.1" 200 11485 "-" "Mozilla/5.0 (compatible; YandexBot/3.0; +http://yandex.com/bots)"
141.8.147.12 - - [20/Dec/2013:13:44:16 +0100] "GET /news.php?cs_go=archiv&cs_id=4707&cs_search= HTTP/1.1" 200 7623 "-" "Mozilla/5.0 (compatible; YandexBot/3.0; +http://yandex.com/bots)"
141.8.147.12 - - [20/Dec/2013:13:49:06 +0100] "GET /news.php?cs_go=archiv&cs_id=4714&cs_search= HTTP/1.1" 200 7445 "-" "Mozilla/5.0 (compatible; YandexBot/3.0; +http://yandex.com/bots)"
91.66.232.254 - - [20/Dec/2013:13:49:42 +0100] "GET / HTTP/1.1" 200 12411 "https://www.google.de/" "Mozilla/5.0 (Windows NT 6.1; WOW64) AppleWebKit/537.36 (KHTML, like Gecko) Chrome/31.0.1650.63 Safari/537.36"
91.66.232.254 - - [20/Dec/2013:13:49:43 +0100] "GET /style.css HTTP/1.1" 200 8402 "http://www.mink-gmbh.de/" "Mozilla/5.0 (Windows NT 6.1; WOW64) AppleWebKit/537.36 (KHTML, like Gecko) Chrome/31.0.1650.63 Safari/537.36"
91.66.232.254 - - [20/Dec/2013:13:49:43 +0100] "GET /js_contentserver24_greybox/AJS.js HTTP/1.1" 200 10396 "http://www.mink-gmbh.de/" "Mozilla/5.0 (Windows NT 6.1; WOW64) AppleWebKit/537.36 (KHTML, like Gecko) Chrome/31.0.1650.63 Safari/537.36"
91.66.232.254 - - [20/Dec/2013:13:49:43 +0100] "GET /js_contentserver24_greybox/gb_styles.css HTTP/1.1" 200 2302 "http://www.mink-gmbh.de/" "Mozilla/5.0 (Windows NT 6.1; WOW64) AppleWebKit/537.36 (KHTML, like Gecko) Chrome/31.0.1650.63 Safari/537.36"
91.66.232.254 - - [20/Dec/2013:13:49:43 +0100] "GET /js_contentserver24_greybox/gb_scripts.js HTTP/1.1" 200 11913 "http://www.mink-gmbh.de/" "Mozilla/5.0 (Windows NT 6.1; WOW64) AppleWebKit/537.36 (KHTML, like Gecko) Chrome/31.0.1650.63 Safari/537.36"
91.66.232.254 - - [20/Dec/2013:13:49:43 +0100] "GET /js_contentserver24_greybox/AJS_fx.js HTTP/1.1" 200 3192 "http://www.mink-gmbh.de/" "Mozilla/5.0 (Windows NT 6.1; WOW64) AppleWebKit/537.36 (KHTML, like Gecko) Chrome/31.0.1650.63 Safari/537.36"
91.66.232.254 - - [20/Dec/2013:13:49:43 +0100] "GET /modul.css HTTP/1.1" 200 35038 "http://www.mink-gmbh.de/" "Mozilla/5.0 (Windows NT 6.1; WOW64) AppleWebKit/537.36 (KHTML, like Gecko) Chrome/31.0.1650.63 Safari/537.36"
91.66.232.254 - - [20/Dec/2013:13:49:44 +0100] "GET /js_contentserver24_greybox/w_close.gif HTTP/1.1" 200 74 "http://www.mink-gmbh.de/" "Mozilla/5.0 (Windows NT 6.1; WOW64) AppleWebKit/537.36 (KHTML, like Gecko) Chrome/31.0.1650.63 Safari/537.36"
91.66.232.254 - - [20/Dec/2013:13:49:44 +0100] "GET /images/bg.png HTTP/1.1" 200 922 "http://www.mink-gmbh.de/" "Mozilla/5.0 (Windows NT 6.1; WOW64) AppleWebKit/537.36 (KHTML, like Gecko) Chrome/31.0.1650.63 Safari/537.36"
91.66.232.254 - - [20/Dec/2013:13:49:44 +0100] "GET /images/mail.jpg HTTP/1.1" 200 12099 "http://www.mink-gmbh.de/" "Mozilla/5.0 (Windows NT 6.1; WOW64) AppleWebKit/537.36 (KHTML, like Gecko) Chrome/31.0.1650.63 Safari/537.36"
91.66.232.254 - - [20/Dec/2013:13:49:44 +0100] "GET /images/team-energie.png HTTP/1.1" 200 17383 "http://www.mink-gmbh.de/" "Mozilla/5.0 (Windows NT 6.1; WOW64) AppleWebKit/537.36 (KHTML, like Gecko) Chrome/31.0.1650.63 Safari/537.36"
91.66.232.254 - - [20/Dec/2013:13:49:44 +0100] "GET /images/kwk.gif HTTP/1.1" 200 6403 "http://www.mink-gmbh.de/" "Mozilla/5.0 (Windows NT 6.1; WOW64) AppleWebKit/537.36 (KHTML, like Gecko) Chrome/31.0.1650.63 Safari/537.36"
91.66.232.254 - - [20/Dec/2013:13:49:44 +0100] "GET /images/wunschpreis.jpg HTTP/1.1" 200 16767 "http://www.mink-gmbh.de/" "Mozilla/5.0 (Windows NT 6.1; WOW64) AppleWebKit/537.36 (KHTML, like Gecko) Chrome/31.0.1650.63 Safari/537.36"
91.66.232.254 - - [20/Dec/2013:13:49:44 +0100] "GET /images/tkw.jpg HTTP/1.1" 200 64031 "http://www.mink-gmbh.de/" "Mozilla/5.0 (Windows NT 6.1; WOW64) AppleWebKit/537.36 (KHTML, like Gecko) Chrome/31.0.1650.63 Safari/537.36"
91.66.232.254 - - [20/Dec/2013:13:49:44 +0100] "GET /images/logos.jpg?cache9481 HTTP/1.1" 200 35043 "http://www.mink-gmbh.de/" "Mozilla/5.0 (Windows NT 6.1; WOW64) AppleWebKit/537.36 (KHTML, like Gecko) Chrome/31.0.1650.63 Safari/537.36"
91.66.232.254 - - [20/Dec/2013:13:49:44 +0100] "GET /images/wrapperbg.jpg HTTP/1.1" 200 27465 "http://www.mink-gmbh.de/" "Mozilla/5.0 (Windows NT 6.1; WOW64) AppleWebKit/537.36 (KHTML, like Gecko) Chrome/31.0.1650.63 Safari/537.36"
91.66.232.254 - - [20/Dec/2013:13:49:44 +0100] "GET /images/freecall.jpg HTTP/1.1" 200 39195 "http://www.mink-gmbh.de/" "Mozilla/5.0 (Windows NT 6.1; WOW64) AppleWebKit/537.36 (KHTML, like Gecko) Chrome/31.0.1650.63 Safari/537.36"
91.66.232.254 - - [20/Dec/2013:13:49:44 +0100] "GET /images/header.jpg HTTP/1.1" 200 25189 "http://www.mink-gmbh.de/" "Mozilla/5.0 (Windows NT 6.1; WOW64) AppleWebKit/537.36 (KHTML, like Gecko) Chrome/31.0.1650.63 Safari/537.36"
91.66.232.254 - - [20/Dec/2013:13:49:44 +0100] "GET /images/navibg.png HTTP/1.1" 200 2803 "http://www.mink-gmbh.de/" "Mozilla/5.0 (Windows NT 6.1; WOW64) AppleWebKit/537.36 (KHTML, like Gecko) Chrome/31.0.1650.63 Safari/537.36"
91.66.232.254 - - [20/Dec/2013:13:49:44 +0100] "GET /images/mobil.jpg HTTP/1.1" 200 25293 "http://www.mink-gmbh.de/" "Mozilla/5.0 (Windows NT 6.1; WOW64) AppleWebKit/537.36 (KHTML, like Gecko) Chrome/31.0.1650.63 Safari/537.36"
91.66.232.254 - - [20/Dec/2013:13:49:44 +0100] "GET /images/steigend.png HTTP/1.1" 200 688 "http://www.mink-gmbh.de/" "Mozilla/5.0 (Windows NT 6.1; WOW64) AppleWebKit/537.36 (KHTML, like Gecko) Chrome/31.0.1650.63 Safari/537.36"
91.66.232.254 - - [20/Dec/2013:13:49:44 +0100] "GET /images/newsletter.jpg HTTP/1.1" 200 13130 "http://www.mink-gmbh.de/" "Mozilla/5.0 (Windows NT 6.1; WOW64) AppleWebKit/537.36 (KHTML, like Gecko) Chrome/31.0.1650.63 Safari/537.36"
91.66.232.254 - - [20/Dec/2013:13:49:44 +0100] "GET /images/newsletter.png HTTP/1.1" 200 14619 "http://www.mink-gmbh.de/" "Mozilla/5.0 (Windows NT 6.1; WOW64) AppleWebKit/537.36 (KHTML, like Gecko) Chrome/31.0.1650.63 Safari/537.36"
91.66.232.254 - - [20/Dec/2013:13:49:44 +0100] "GET /images/close.png HTTP/1.1" 200 703 "http://www.mink-gmbh.de/" "Mozilla/5.0 (Windows NT 6.1; WOW64) AppleWebKit/537.36 (KHTML, like Gecko) Chrome/31.0.1650.63 Safari/537.36"
91.66.232.254 - - [20/Dec/2013:13:49:44 +0100] "GET /images/footerbg.jpg HTTP/1.1" 200 2184 "http://www.mink-gmbh.de/" "Mozilla/5.0 (Windows NT 6.1; WOW64) AppleWebKit/537.36 (KHTML, like Gecko) Chrome/31.0.1650.63 Safari/537.36"
91.66.232.254 - - [20/Dec/2013:13:49:44 +0100] "GET /images/newsletter_bg.jpg HTTP/1.1" 200 33610 "http://www.mink-gmbh.de/" "Mozilla/5.0 (Windows NT 6.1; WOW64) AppleWebKit/537.36 (KHTML, like Gecko) Chrome/31.0.1650.63 Safari/537.36"
91.66.232.254 - - [20/Dec/2013:13:49:44 +0100] "GET /js_contentserver24_greybox/header_bg.gif HTTP/1.1" 200 1188 "http://www.mink-gmbh.de/" "Mozilla/5.0 (Windows NT 6.1; WOW64) AppleWebKit/537.36 (KHTML, like Gecko) Chrome/31.0.1650.63 Safari/537.36"
91.66.232.254 - - [20/Dec/2013:13:49:44 +0100] "GET /js_contentserver24_greybox/loader_frame.html?s=0 HTTP/1.1" 200 2084 "http://www.mink-gmbh.de/" "Mozilla/5.0 (Windows NT 6.1; WOW64) AppleWebKit/537.36 (KHTML, like Gecko) Chrome/31.0.1650.63 Safari/537.36"
91.66.232.254 - - [20/Dec/2013:13:49:44 +0100] "GET /js_contentserver24_greybox/g_close.gif HTTP/1.1" 200 541 "http://www.mink-gmbh.de/" "Mozilla/5.0 (Windows NT 6.1; WOW64) AppleWebKit/537.36 (KHTML, like Gecko) Chrome/31.0.1650.63 Safari/537.36"
91.66.232.254 - - [20/Dec/2013:13:49:44 +0100] "GET /js_contentserver24_greybox/indicator.gif HTTP/1.1" 200 8238 "http://www.mink-gmbh.de/" "Mozilla/5.0 (Windows NT 6.1; WOW64) AppleWebKit/537.36 (KHTML, like Gecko) Chrome/31.0.1650.63 Safari/537.36"
91.66.232.254 - - [20/Dec/2013:13:49:45 +0100] "GET /favicon.ico HTTP/1.1" 200 3638 "-" "Mozilla/5.0 (Windows NT 6.1; WOW64) AppleWebKit/537.36 (KHTML, like Gecko) Chrome/31.0.1650.63 Safari/537.36"
141.8.147.12 - - [20/Dec/2013:13:50:07 +0100] "GET /news.php?cs_go=archiv&cs_id=4764&cs_search= HTTP/1.1" 200 11663 "-" "Mozilla/5.0 (compatible; YandexBot/3.0; +http://yandex.com/bots)"
91.66.232.254 - - [20/Dec/2013:13:52:00 +0100] "GET /kontakt.php HTTP/1.1" 200 6966 "http://www.mink-gmbh.de/" "Mozilla/5.0 (Windows NT 6.1; WOW64) AppleWebKit/537.36 (KHTML, like Gecko) Chrome/31.0.1650.63 Safari/537.36"
91.66.232.254 - - [20/Dec/2013:13:52:00 +0100] "GET /images/logos.jpg HTTP/1.1" 200 35043 "http://www.mink-gmbh.de/kontakt.php" "Mozilla/5.0 (Windows NT 6.1; WOW64) AppleWebKit/537.36 (KHTML, like Gecko) Chrome/31.0.1650.63 Safari/537.36"
141.8.147.12 - - [20/Dec/2013:13:54:20 +0100] "GET /news.php?cs_go=archiv&cs_id=4775 HTTP/1.1" 200 11726 "-" "Mozilla/5.0 (compatible; YandexBot/3.0; +http://yandex.com/bots)"
66.249.78.46 - - [20/Dec/2013:14:27:52 +0100] "GET /news.php?cs_go=archiv&cs_id=2692 HTTP/1.1" 200 5452 "-" "Mozilla/5.0 (compatible; Googlebot/2.1; +http://www.google.com/bot.html)"
66.249.78.46 - - [20/Dec/2013:14:39:53 +0100] "GET / HTTP/1.1" 200 12411 "-" "Mozilla/5.0 (compatible; Googlebot/2.1; +http://www.google.com/bot.html)"
66.249.78.46 - - [20/Dec/2013:14:45:16 +0100] "GET /js_contentserver24_greybox/gb_styles.css HTTP/1.1" 200 2302 "-" "Mozilla/5.0 (compatible; Googlebot/2.1; +http://www.google.com/bot.html)"
66.249.78.46 - - [20/Dec/2013:14:45:53 +0100] "GET /news.php?cs_go=archiv&cs_id=4631&cs_search= HTTP/1.1" 200 7725 "-" "Mozilla/5.0 (compatible; Googlebot/2.1; +http://www.google.com/bot.html)"
208.115.111.75 - - [20/Dec/2013:14:48:59 +0100] "GET /robots.txt HTTP/1.1" 200 177 "-" "Mozilla/5.0 (compatible; Ezooms/1.0; help@moz.com)"
66.249.78.46 - - [20/Dec/2013:14:51:53 +0100] "GET /optiplus.php HTTP/1.1" 200 8639 "-" "Mozilla/5.0 (compatible; Googlebot/2.1; +http://www.google.com/bot.html)"
220.181.108.93 - - [20/Dec/2013:14:52:19 +0100] "GET / HTTP/1.1" 200 7976 "-" "Mozilla/5.0 (compatible; Baiduspider/2.0; +http://www.baidu.com/search/spider.html)"
123.125.71.33 - - [20/Dec/2013:14:52:32 +0100] "GET / HTTP/1.1" 200 6717 "-" "Mozilla/5.0 (compatible; Baiduspider/2.0; +http://www.baidu.com/search/spider.html)"
66.249.78.46 - - [20/Dec/2013:14:54:18 +0100] "GET /news.php?cs_go=archiv&cs_id=4782 HTTP/1.1" 200 7501 "-" "Mozilla/5.0 (compatible; Googlebot/2.1; +http://www.google.com/bot.html)"
66.249.78.46 - - [20/Dec/2013:14:57:36 +0100] "GET /news.php?cs_go=archiv&cs_id=4756 HTTP/1.1" 200 7769 "-" "Mozilla/5.0 (compatible; Googlebot/2.1; +http://www.google.com/bot.html)"
208.115.113.91 - - [20/Dec/2013:14:59:03 +0100] "GET /kwk.php?cs_go=4 HTTP/1.1" 200 7818 "-" "Mozilla/5.0 (compatible; Ezooms/1.0; help@moz.com)"
208.115.113.91 - - [20/Dec/2013:14:59:06 +0100] "GET /news.php?cs_go=archiv&cs_startpos=170 HTTP/1.1" 200 20464 "-" "Mozilla/5.0 (compatible; Ezooms/1.0; help@moz.com)"
66.249.78.46 - - [20/Dec/2013:14:59:46 +0100] "GET /news.php?cs_go=archiv&cs_id=4785 HTTP/1.1" 200 7339 "-" "Mozilla/5.0 (compatible; Googlebot/2.1; +http://www.google.com/bot.html)"
144.76.42.76 - - [20/Dec/2013:15:00:19 +0100] "GET / HTTP/1.1" 200 12411 "-" "Mozilla/5.0 (Macintosh; Intel Mac OS X 10_8_2) AppleWebKit/537.17 (KHTML, like Gecko) Chrome/24.0.1312.52 Safari/537.17"
66.249.78.46 - - [20/Dec/2013:15:03:25 +0100] "GET /news.php?cs_go=archiv&cs_id=4783 HTTP/1.1" 200 8046 "-" "Mozilla/5.0 (compatible; Googlebot/2.1; +http://www.google.com/bot.html)"
66.249.78.46 - - [20/Dec/2013:15:03:53 +0100] "GET /news.php?cs_go=archiv&cs_id=4346 HTTP/1.1" 200 11791 "-" "Mozilla/5.0 (compatible; Googlebot/2.1; +http://www.google.com/bot.html)"
141.8.147.12 - - [20/Dec/2013:15:20:21 +0100] "GET /news.php?cs_go=archiv&cs_id=4747 HTTP/1.1" 200 13330 "-" "Mozilla/5.0 (compatible; YandexBot/3.0; +http://yandex.com/bots)"
66.249.78.46 - - [20/Dec/2013:15:21:14 +0100] "GET /news.php?cs_go=archiv&cs_id=4747 HTTP/1.1" 200 13330 "-" "Mozilla/5.0 (iPhone; CPU iPhone OS 6_0 like Mac OS X) AppleWebKit/536.26 (KHTML, like Gecko) Version/6.0 Mobile/10A5376e Safari/8536.25 (compatible; Googlebot-Mobile/2.1; +http://www.google.com/bot.html)"
66.249.78.46 - - [20/Dec/2013:15:21:53 +0100] "GET /news.php HTTP/1.1" 200 19767 "-" "Mozilla/5.0 (compatible; Googlebot/2.1; +http://www.google.com/bot.html)"
66.249.78.46 - - [20/Dec/2013:15:28:06 +0100] "GET /news.php?cs_go=archiv&cs_id=4785&cs_search= HTTP/1.1" 200 7339 "-" "Mozilla/5.0 (compatible; Googlebot/2.1; +http://www.google.com/bot.html)"
66.249.78.46 - - [20/Dec/2013:15:28:07 +0100] "GET /news.php?cs_go=archiv&cs_startpos=20 HTTP/1.1" 200 20212 "-" "Mozilla/5.0 (compatible; Googlebot/2.1; +http://www.google.com/bot.html)"
66.249.78.46 - - [20/Dec/2013:15:28:07 +0100] "GET /news.php?cs_go=archiv&cs_id=4782&cs_search= HTTP/1.1" 200 7501 "-" "Mozilla/5.0 (compatible; Googlebot/2.1; +http://www.google.com/bot.html)"
66.249.78.46 - - [20/Dec/2013:15:29:43 +0100] "GET /news.php?cs_go=archiv&cs_id=4786&cs_search= HTTP/1.1" 200 11135 "-" "Mozilla/5.0 (compatible; Googlebot/2.1; +http://www.google.com/bot.html)"
66.249.78.46 - - [20/Dec/2013:15:31:17 +0100] "GET /news.php?cs_go=archiv&cs_id=4756&cs_search= HTTP/1.1" 200 7769 "-" "Mozilla/5.0 (compatible; Googlebot/2.1; +http://www.google.com/bot.html)"
66.249.78.46 - - [20/Dec/2013:15:33:04 +0100] "GET /news.php?cs_go=archiv&cs_id=4039 HTTP/1.1" 200 10529 "-" "SAMSUNG-SGH-E250/1.0 Profile/MIDP-2.0 Configuration/CLDC-1.1 UP.Browser/6.2.3.3.c.1.101 (GUI) MMP/2.0 (compatible; Googlebot-Mobile/2.1; +http://www.google.com/bot.html)"
66.249.78.46 - - [20/Dec/2013:15:33:08 +0100] "GET /news.php?cs_go=archiv&cs_id=4783&cs_search= HTTP/1.1" 200 8046 "-" "Mozilla/5.0 (compatible; Googlebot/2.1; +http://www.google.com/bot.html)"
66.249.75.49 - - [20/Dec/2013:15:34:06 +0100] "GET /news.php?cs_go=archiv&cs_id=4060&cs_search= HTTP/1.1" 200 7898 "-" "DoCoMo/2.0 N905i(c100;TB;W24H16) (compatible; Googlebot-Mobile/2.1; +http://www.google.com/bot.html)"
93.205.123.251 - - [20/Dec/2013:15:36:24 +0100] "GET /style.css HTTP/1.1" 304 - "http://www.mink-gmbh.de/" "Mozilla/5.0 (Windows NT 6.1; rv:25.0) Gecko/20100101 Firefox/25.0"
93.205.123.251 - - [20/Dec/2013:15:36:24 +0100] "GET /modul.css HTTP/1.1" 304 - "http://www.mink-gmbh.de/" "Mozilla/5.0 (Windows NT 6.1; rv:25.0) Gecko/20100101 Firefox/25.0"
93.205.123.251 - - [20/Dec/2013:15:36:24 +0100] "GET /images/bg.png HTTP/1.1" 304 - "http://www.mink-gmbh.de/style.css" "Mozilla/5.0 (Windows NT 6.1; rv:25.0) Gecko/20100101 Firefox/25.0"
93.205.123.251 - - [20/Dec/2013:15:36:24 +0100] "GET /images/newsletter_bg.jpg HTTP/1.1" 304 - "http://www.mink-gmbh.de/" "Mozilla/5.0 (Windows NT 6.1; rv:25.0) Gecko/20100101 Firefox/25.0"
93.205.123.251 - - [20/Dec/2013:15:36:24 +0100] "GET /images/close.png HTTP/1.1" 304 - "http://www.mink-gmbh.de/" "Mozilla/5.0 (Windows NT 6.1; rv:25.0) Gecko/20100101 Firefox/25.0"
93.205.123.251 - - [20/Dec/2013:15:36:24 +0100] "GET /images/newsletter.png HTTP/1.1" 304 - "http://www.mink-gmbh.de/style.css" "Mozilla/5.0 (Windows NT 6.1; rv:25.0) Gecko/20100101 Firefox/25.0"
93.205.123.251 - - [20/Dec/2013:15:36:24 +0100] "GET /images/wrapperbg.jpg HTTP/1.1" 304 - "http://www.mink-gmbh.de/style.css" "Mozilla/5.0 (Windows NT 6.1; rv:25.0) Gecko/20100101 Firefox/25.0"
93.205.123.251 - - [20/Dec/2013:15:36:24 +0100] "GET /images/header.jpg HTTP/1.1" 304 - "http://www.mink-gmbh.de/style.css" "Mozilla/5.0 (Windows NT 6.1; rv:25.0) Gecko/20100101 Firefox/25.0"
93.205.123.251 - - [20/Dec/2013:15:36:24 +0100] "GET /images/navibg.png HTTP/1.1" 304 - "http://www.mink-gmbh.de/style.css" "Mozilla/5.0 (Windows NT 6.1; rv:25.0) Gecko/20100101 Firefox/25.0"
93.205.123.251 - - [20/Dec/2013:15:36:23 +0100] "GET / HTTP/1.1" 200 12401 "-" "Mozilla/5.0 (Windows NT 6.1; rv:25.0) Gecko/20100101 Firefox/25.0"
93.205.123.251 - - [20/Dec/2013:15:36:24 +0100] "GET /images/steigend.png HTTP/1.1" 304 - "http://www.mink-gmbh.de/modul.css" "Mozilla/5.0 (Windows NT 6.1; rv:25.0) Gecko/20100101 Firefox/25.0"
93.205.123.251 - - [20/Dec/2013:15:36:24 +0100] "GET /images/team-energie.png HTTP/1.1" 304 - "http://www.mink-gmbh.de/" "Mozilla/5.0 (Windows NT 6.1; rv:25.0) Gecko/20100101 Firefox/25.0"
93.205.123.251 - - [20/Dec/2013:15:36:24 +0100] "GET /images/tkw.jpg HTTP/1.1" 304 - "http://www.mink-gmbh.de/" "Mozilla/5.0 (Windows NT 6.1; rv:25.0) Gecko/20100101 Firefox/25.0"
93.205.123.251 - - [20/Dec/2013:15:36:24 +0100] "GET /images/freecall.jpg HTTP/1.1" 304 - "http://www.mink-gmbh.de/" "Mozilla/5.0 (Windows NT 6.1; rv:25.0) Gecko/20100101 Firefox/25.0"
93.205.123.251 - - [20/Dec/2013:15:36:24 +0100] "GET /images/kwk.gif HTTP/1.1" 304 - "http://www.mink-gmbh.de/" "Mozilla/5.0 (Windows NT 6.1; rv:25.0) Gecko/20100101 Firefox/25.0"
93.205.123.251 - - [20/Dec/2013:15:36:24 +0100] "GET /images/wunschpreis.jpg HTTP/1.1" 304 - "http://www.mink-gmbh.de/" "Mozilla/5.0 (Windows NT 6.1; rv:25.0) Gecko/20100101 Firefox/25.0"
93.205.123.251 - - [20/Dec/2013:15:36:24 +0100] "GET /js_contentserver24_greybox/loader_frame.html?s=0 HTTP/1.1" 304 - "http://www.mink-gmbh.de/" "Mozilla/5.0 (Windows NT 6.1; rv:25.0) Gecko/20100101 Firefox/25.0"
93.205.123.251 - - [20/Dec/2013:15:36:25 +0100] "GET /images/newsletter.jpg HTTP/1.1" 304 - "http://www.mink-gmbh.de/style.css" "Mozilla/5.0 (Windows NT 6.1; rv:25.0) Gecko/20100101 Firefox/25.0"
93.205.123.251 - - [20/Dec/2013:15:36:25 +0100] "GET /images/mobil.jpg HTTP/1.1" 304 - "http://www.mink-gmbh.de/style.css" "Mozilla/5.0 (Windows NT 6.1; rv:25.0) Gecko/20100101 Firefox/25.0"
93.205.123.251 - - [20/Dec/2013:15:36:25 +0100] "GET /images/footerbg.jpg HTTP/1.1" 304 - "http://www.mink-gmbh.de/style.css" "Mozilla/5.0 (Windows NT 6.1; rv:25.0) Gecko/20100101 Firefox/25.0"
93.205.123.251 - - [20/Dec/2013:15:36:24 +0100] "GET /images/logos.jpg?cache8350 HTTP/1.1" 200 35043 "http://www.mink-gmbh.de/" "Mozilla/5.0 (Windows NT 6.1; rv:25.0) Gecko/20100101 Firefox/25.0"
66.249.78.46 - - [20/Dec/2013:15:45:53 +0100] "GET /news.php?cs_go=archiv&cs_id=2528 HTTP/1.1" 200 5452 "-" "Mozilla/5.0 (compatible; Googlebot/2.1; +http://www.google.com/bot.html)"
66.249.78.46 - - [20/Dec/2013:16:27:54 +0100] "GET /news.php?cs_go=archiv&cs_id=4295 HTTP/1.1" 200 8953 "-" "Mozilla/5.0 (compatible; Googlebot/2.1; +http://www.google.com/bot.html)"
141.8.147.12 - - [20/Dec/2013:16:29:56 +0100] "GET /news.php?cs_go=archiv&cs_id=4774 HTTP/1.1" 200 7413 "-" "Mozilla/5.0 (compatible; YandexBot/3.0; +http://yandex.com/bots)"
141.8.147.12 - - [20/Dec/2013:16:30:17 +0100] "GET /news.php HTTP/1.1" 200 19767 "-" "Mozilla/5.0 (compatible; YandexBot/3.0; +http://yandex.com/bots)"
141.8.147.12 - - [20/Dec/2013:16:33:32 +0100] "GET /news.php?cs_go=archiv&cs_startpos=51 HTTP/1.1" 200 20688 "-" "Mozilla/5.0 (compatible; YandexBot/3.0; +http://yandex.com/bots)"
208.115.111.75 - - [20/Dec/2013:16:37:06 +0100] "GET /kwk.php?cs_go=3 HTTP/1.1" 200 7848 "-" "Mozilla/5.0 (compatible; Ezooms/1.0; help@moz.com)"
66.249.78.46 - - [20/Dec/2013:16:39:54 +0100] "GET /jobs.php HTTP/1.1" 200 4965 "-" "Mozilla/5.0 (compatible; Googlebot/2.1; +http://www.google.com/bot.html)"
80.187.102.196 - - [20/Dec/2013:16:42:52 +0100] "GET /style.css HTTP/1.1" 200 8402 "http://www.mink-gmbh.de/" "Mozilla/5.0 (iPad; CPU OS 7_0_4 like Mac OS X) AppleWebKit/536.26 (KHTML, like Gecko) GSA/3.1.0.23513 Mobile/11B554a Safari/8536.25"
80.187.102.196 - - [20/Dec/2013:16:42:52 +0100] "GET /modul.css HTTP/1.1" 200 35038 "http://www.mink-gmbh.de/" "Mozilla/5.0 (iPad; CPU OS 7_0_4 like Mac OS X) AppleWebKit/536.26 (KHTML, like Gecko) GSA/3.1.0.23513 Mobile/11B554a Safari/8536.25"
80.187.102.196 - - [20/Dec/2013:16:42:52 +0100] "GET /js_contentserver24_greybox/AJS.js HTTP/1.1" 200 10396 "http://www.mink-gmbh.de/" "Mozilla/5.0 (iPad; CPU OS 7_0_4 like Mac OS X) AppleWebKit/536.26 (KHTML, like Gecko) GSA/3.1.0.23513 Mobile/11B554a Safari/8536.25"
80.187.102.196 - - [20/Dec/2013:16:42:52 +0100] "GET /js_contentserver24_greybox/AJS_fx.js HTTP/1.1" 200 3192 "http://www.mink-gmbh.de/" "Mozilla/5.0 (iPad; CPU OS 7_0_4 like Mac OS X) AppleWebKit/536.26 (KHTML, like Gecko) GSA/3.1.0.23513 Mobile/11B554a Safari/8536.25"
80.187.102.196 - - [20/Dec/2013:16:42:52 +0100] "GET /js_contentserver24_greybox/gb_scripts.js HTTP/1.1" 200 11913 "http://www.mink-gmbh.de/" "Mozilla/5.0 (iPad; CPU OS 7_0_4 like Mac OS X) AppleWebKit/536.26 (KHTML, like Gecko) GSA/3.1.0.23513 Mobile/11B554a Safari/8536.25"
80.187.102.196 - - [20/Dec/2013:16:42:52 +0100] "GET /js_contentserver24_greybox/gb_styles.css HTTP/1.1" 200 2302 "http://www.mink-gmbh.de/" "Mozilla/5.0 (iPad; CPU OS 7_0_4 like Mac OS X) AppleWebKit/536.26 (KHTML, like Gecko) GSA/3.1.0.23513 Mobile/11B554a Safari/8536.25"
80.187.102.196 - - [20/Dec/2013:16:42:52 +0100] "GET / HTTP/1.1" 200 12401 "http://www.google.de/" "Mozilla/5.0 (iPad; CPU OS 7_0_4 like Mac OS X) AppleWebKit/536.26 (KHTML, like Gecko) GSA/3.1.0.23513 Mobile/11B554a Safari/8536.25"
80.187.102.196 - - [20/Dec/2013:16:43:08 +0100] "GET /images/tkw.jpg HTTP/1.1" 200 64031 "http://www.mink-gmbh.de/" "Mozilla/5.0 (iPad; CPU OS 7_0_4 like Mac OS X) AppleWebKit/536.26 (KHTML, like Gecko) GSA/3.1.0.23513 Mobile/11B554a Safari/8536.25"
80.187.102.196 - - [20/Dec/2013:16:43:09 +0100] "GET /images/freecall.jpg HTTP/1.1" 200 39195 "http://www.mink-gmbh.de/" "Mozilla/5.0 (iPad; CPU OS 7_0_4 like Mac OS X) AppleWebKit/536.26 (KHTML, like Gecko) GSA/3.1.0.23513 Mobile/11B554a Safari/8536.25"
80.187.102.196 - - [20/Dec/2013:16:43:09 +0100] "GET /images/team-energie.png HTTP/1.1" 200 17383 "http://www.mink-gmbh.de/" "Mozilla/5.0 (iPad; CPU OS 7_0_4 like Mac OS X) AppleWebKit/536.26 (KHTML, like Gecko) GSA/3.1.0.23513 Mobile/11B554a Safari/8536.25"
80.187.102.196 - - [20/Dec/2013:16:43:09 +0100] "GET /images/kwk.gif HTTP/1.1" 200 6403 "http://www.mink-gmbh.de/" "Mozilla/5.0 (iPad; CPU OS 7_0_4 like Mac OS X) AppleWebKit/536.26 (KHTML, like Gecko) GSA/3.1.0.23513 Mobile/11B554a Safari/8536.25"
80.187.102.196 - - [20/Dec/2013:16:43:09 +0100] "GET /images/mail.jpg HTTP/1.1" 200 12099 "http://www.mink-gmbh.de/" "Mozilla/5.0 (iPad; CPU OS 7_0_4 like Mac OS X) AppleWebKit/536.26 (KHTML, like Gecko) GSA/3.1.0.23513 Mobile/11B554a Safari/8536.25"
80.187.102.196 - - [20/Dec/2013:16:43:09 +0100] "GET /images/wunschpreis.jpg HTTP/1.1" 200 16767 "http://www.mink-gmbh.de/" "Mozilla/5.0 (iPad; CPU OS 7_0_4 like Mac OS X) AppleWebKit/536.26 (KHTML, like Gecko) GSA/3.1.0.23513 Mobile/11B554a Safari/8536.25"
80.187.102.196 - - [20/Dec/2013:16:43:09 +0100] "GET /images/logos.jpg?cache3604 HTTP/1.1" 200 35043 "http://www.mink-gmbh.de/" "Mozilla/5.0 (iPad; CPU OS 7_0_4 like Mac OS X) AppleWebKit/536.26 (KHTML, like Gecko) GSA/3.1.0.23513 Mobile/11B554a Safari/8536.25"
80.187.102.196 - - [20/Dec/2013:16:43:11 +0100] "GET /images/bg.png HTTP/1.1" 200 922 "http://www.mink-gmbh.de/" "Mozilla/5.0 (iPad; CPU OS 7_0_4 like Mac OS X) AppleWebKit/536.26 (KHTML, like Gecko) GSA/3.1.0.23513 Mobile/11B554a Safari/8536.25"
80.187.102.196 - - [20/Dec/2013:16:43:11 +0100] "GET /js_contentserver24_greybox/w_close.gif HTTP/1.1" 200 74 "http://www.mink-gmbh.de/" "Mozilla/5.0 (iPad; CPU OS 7_0_4 like Mac OS X) AppleWebKit/536.26 (KHTML, like Gecko) GSA/3.1.0.23513 Mobile/11B554a Safari/8536.25"
80.187.102.196 - - [20/Dec/2013:16:43:11 +0100] "GET /images/close.png HTTP/1.1" 200 703 "http://www.mink-gmbh.de/" "Mozilla/5.0 (iPad; CPU OS 7_0_4 like Mac OS X) AppleWebKit/536.26 (KHTML, like Gecko) GSA/3.1.0.23513 Mobile/11B554a Safari/8536.25"
80.187.102.196 - - [20/Dec/2013:16:43:11 +0100] "GET /images/newsletter_bg.jpg HTTP/1.1" 200 33610 "http://www.mink-gmbh.de/" "Mozilla/5.0 (iPad; CPU OS 7_0_4 like Mac OS X) AppleWebKit/536.26 (KHTML, like Gecko) GSA/3.1.0.23513 Mobile/11B554a Safari/8536.25"
80.187.102.196 - - [20/Dec/2013:16:43:11 +0100] "GET /images/newsletter.png HTTP/1.1" 200 14619 "http://www.mink-gmbh.de/" "Mozilla/5.0 (iPad; CPU OS 7_0_4 like Mac OS X) AppleWebKit/536.26 (KHTML, like Gecko) GSA/3.1.0.23513 Mobile/11B554a Safari/8536.25"
80.187.102.196 - - [20/Dec/2013:16:43:11 +0100] "GET /images/wrapperbg.jpg HTTP/1.1" 200 27465 "http://www.mink-gmbh.de/" "Mozilla/5.0 (iPad; CPU OS 7_0_4 like Mac OS X) AppleWebKit/536.26 (KHTML, like Gecko) GSA/3.1.0.23513 Mobile/11B554a Safari/8536.25"
80.187.102.196 - - [20/Dec/2013:16:43:11 +0100] "GET /images/header.jpg HTTP/1.1" 200 25189 "http://www.mink-gmbh.de/" "Mozilla/5.0 (iPad; CPU OS 7_0_4 like Mac OS X) AppleWebKit/536.26 (KHTML, like Gecko) GSA/3.1.0.23513 Mobile/11B554a Safari/8536.25"
80.187.102.196 - - [20/Dec/2013:16:43:11 +0100] "GET /images/navibg.png HTTP/1.1" 200 2803 "http://www.mink-gmbh.de/" "Mozilla/5.0 (iPad; CPU OS 7_0_4 like Mac OS X) AppleWebKit/536.26 (KHTML, like Gecko) GSA/3.1.0.23513 Mobile/11B554a Safari/8536.25"
80.187.102.196 - - [20/Dec/2013:16:43:11 +0100] "GET /images/steigend.png HTTP/1.1" 200 688 "http://www.mink-gmbh.de/" "Mozilla/5.0 (iPad; CPU OS 7_0_4 like Mac OS X) AppleWebKit/536.26 (KHTML, like Gecko) GSA/3.1.0.23513 Mobile/11B554a Safari/8536.25"
80.187.102.196 - - [20/Dec/2013:16:43:11 +0100] "GET /images/mobil.jpg HTTP/1.1" 200 25293 "http://www.mink-gmbh.de/" "Mozilla/5.0 (iPad; CPU OS 7_0_4 like Mac OS X) AppleWebKit/536.26 (KHTML, like Gecko) GSA/3.1.0.23513 Mobile/11B554a Safari/8536.25"
80.187.102.196 - - [20/Dec/2013:16:43:12 +0100] "GET /images/newsletter.jpg HTTP/1.1" 200 13130 "http://www.mink-gmbh.de/" "Mozilla/5.0 (iPad; CPU OS 7_0_4 like Mac OS X) AppleWebKit/536.26 (KHTML, like Gecko) GSA/3.1.0.23513 Mobile/11B554a Safari/8536.25"
80.187.102.196 - - [20/Dec/2013:16:43:12 +0100] "GET /images/footerbg.jpg HTTP/1.1" 200 2184 "http://www.mink-gmbh.de/" "Mozilla/5.0 (iPad; CPU OS 7_0_4 like Mac OS X) AppleWebKit/536.26 (KHTML, like Gecko) GSA/3.1.0.23513 Mobile/11B554a Safari/8536.25"
80.187.102.196 - - [20/Dec/2013:16:43:12 +0100] "GET /js_contentserver24_greybox/loader_frame.html?s=0 HTTP/1.1" 200 2084 "http://www.mink-gmbh.de/" "Mozilla/5.0 (iPad; CPU OS 7_0_4 like Mac OS X) AppleWebKit/536.26 (KHTML, like Gecko) GSA/3.1.0.23513 Mobile/11B554a Safari/8536.25"
80.187.102.196 - - [20/Dec/2013:16:43:12 +0100] "GET /js_contentserver24_greybox/header_bg.gif HTTP/1.1" 200 1188 "http://www.mink-gmbh.de/" "Mozilla/5.0 (iPad; CPU OS 7_0_4 like Mac OS X) AppleWebKit/536.26 (KHTML, like Gecko) GSA/3.1.0.23513 Mobile/11B554a Safari/8536.25"
80.187.102.196 - - [20/Dec/2013:16:43:12 +0100] "GET /js_contentserver24_greybox/indicator.gif HTTP/1.1" 200 8238 "http://www.mink-gmbh.de/js_contentserver24_greybox/loader_frame.html?s=0" "Mozilla/5.0 (iPad; CPU OS 7_0_4 like Mac OS X) AppleWebKit/536.26 (KHTML, like Gecko) GSA/3.1.0.23513 Mobile/11B554a Safari/8536.25"
80.187.102.196 - - [20/Dec/2013:16:43:13 +0100] "GET /js_contentserver24_greybox/g_close.gif HTTP/1.1" 200 541 "http://www.mink-gmbh.de/" "Mozilla/5.0 (iPad; CPU OS 7_0_4 like Mac OS X) AppleWebKit/536.26 (KHTML, like Gecko) GSA/3.1.0.23513 Mobile/11B554a Safari/8536.25"
80.187.102.196 - - [20/Dec/2013:16:43:13 +0100] "GET /js_contentserver24_greybox/indicator.gif HTTP/1.1" 200 8238 "http://www.mink-gmbh.de/" "Mozilla/5.0 (iPad; CPU OS 7_0_4 like Mac OS X) AppleWebKit/536.26 (KHTML, like Gecko) GSA/3.1.0.23513 Mobile/11B554a Safari/8536.25"
65.36.241.79 - - [20/Dec/2013:16:51:22 +0100] "HEAD / HTTP/1.1" 200 - "-" "InternetSeer.com"
66.249.78.46 - - [20/Dec/2013:16:51:54 +0100] "GET /news.php?cs_go=archiv&cs_id=2530 HTTP/1.1" 200 5452 "-" "Mozilla/5.0 (compatible; Googlebot/2.1; +http://www.google.com/bot.html)"
208.43.225.84 - - [20/Dec/2013:17:11:49 +0100] "GET /robots.txt HTTP/1.1" 200 177 "-" "Mozilla/5.0 (compatible; SiteExplorer/1.0b; +http://siteexplorer.info/)"
208.43.225.84 - - [20/Dec/2013:17:11:54 +0100] "GET /wunschpreis.php HTTP/1.1" 200 10237 "-" "Mozilla/5.0 (compatible; SiteExplorer/1.0b; +http://siteexplorer.info/)"
208.43.225.84 - - [20/Dec/2013:17:12:04 +0100] "GET /schwefelarmstandard.php HTTP/1.1" 200 10730 "-" "Mozilla/5.0 (compatible; SiteExplorer/1.0b; +http://siteexplorer.info/)"
208.43.225.84 - - [20/Dec/2013:17:12:16 +0100] "GET /rueckrufservice.php HTTP/1.1" 200 8300 "-" "Mozilla/5.0 (compatible; SiteExplorer/1.0b; +http://siteexplorer.info/)"
208.43.225.84 - - [20/Dec/2013:17:12:24 +0100] "GET /preisanfrage.php HTTP/1.1" 200 8502 "-" "Mozilla/5.0 (compatible; SiteExplorer/1.0b; +http://siteexplorer.info/)"
208.43.225.84 - - [20/Dec/2013:17:12:34 +0100] "GET /optiplus.php HTTP/1.1" 200 8639 "-" "Mozilla/5.0 (compatible; SiteExplorer/1.0b; +http://siteexplorer.info/)"
208.43.225.84 - - [20/Dec/2013:17:12:44 +0100] "GET /newsletter.php HTTP/1.1" 200 6492 "-" "Mozilla/5.0 (compatible; SiteExplorer/1.0b; +http://siteexplorer.info/)"
208.43.225.84 - - [20/Dec/2013:17:12:55 +0100] "GET /news.php?cs_go=archiv&cs_id=4782&cs_search= HTTP/1.1" 200 19767 "-" "Mozilla/5.0 (compatible; SiteExplorer/1.0b; +http://siteexplorer.info/)"
208.43.225.85 - - [20/Dec/2013:17:13:05 +0100] "GET /news.php?cs_go=archiv&cs_id=4782 HTTP/1.1" 200 19767 "-" "Mozilla/5.0 (compatible; SiteExplorer/1.0b; +http://siteexplorer.info/)"
208.43.225.85 - - [20/Dec/2013:17:13:15 +0100] "GET /news.php?cs_go=archiv&cs_id=4781&cs_search= HTTP/1.1" 200 19767 "-" "Mozilla/5.0 (compatible; SiteExplorer/1.0b; +http://siteexplorer.info/)"
208.43.225.85 - - [20/Dec/2013:17:13:25 +0100] "GET /news.php?cs_go=archiv&cs_id=4780&cs_search= HTTP/1.1" 200 19767 "-" "Mozilla/5.0 (compatible; SiteExplorer/1.0b; +http://siteexplorer.info/)"
208.43.225.85 - - [20/Dec/2013:17:13:35 +0100] "GET /news.php?cs_go=archiv&cs_id=4779&cs_search= HTTP/1.1" 200 19767 "-" "Mozilla/5.0 (compatible; SiteExplorer/1.0b; +http://siteexplorer.info/)"
208.43.225.85 - - [20/Dec/2013:17:13:45 +0100] "GET /news.php?cs_go=archiv&cs_id=4778&cs_search= HTTP/1.1" 200 19767 "-" "Mozilla/5.0 (compatible; SiteExplorer/1.0b; +http://siteexplorer.info/)"
208.43.225.85 - - [20/Dec/2013:17:13:56 +0100] "GET /news.php?cs_go=archiv&cs_id=4755&cs_search= HTTP/1.1" 200 19767 "-" "Mozilla/5.0 (compatible; SiteExplorer/1.0b; +http://siteexplorer.info/)"
208.43.225.85 - - [20/Dec/2013:17:14:06 +0100] "GET /news.php?cs_go=archiv&cs_id=4744&cs_search= HTTP/1.1" 200 19767 "-" "Mozilla/5.0 (compatible; SiteExplorer/1.0b; +http://siteexplorer.info/)"
208.43.225.85 - - [20/Dec/2013:17:14:16 +0100] "GET /news.php?cs_go=archiv HTTP/1.1" 200 19767 "-" "Mozilla/5.0 (compatible; SiteExplorer/1.0b; +http://siteexplorer.info/)"
208.43.225.85 - - [20/Dec/2013:17:14:26 +0100] "GET /news.php HTTP/1.1" 200 19767 "-" "Mozilla/5.0 (compatible; SiteExplorer/1.0b; +http://siteexplorer.info/)"
208.43.225.85 - - [20/Dec/2013:17:14:37 +0100] "GET /modernisierung.php HTTP/1.1" 200 9252 "-" "Mozilla/5.0 (compatible; SiteExplorer/1.0b; +http://siteexplorer.info/)"
208.43.225.84 - - [20/Dec/2013:17:14:47 +0100] "GET /lexikon.php HTTP/1.1" 200 8115 "-" "Mozilla/5.0 (compatible; SiteExplorer/1.0b; +http://siteexplorer.info/)"
208.43.225.84 - - [20/Dec/2013:17:14:57 +0100] "GET /kwk.php?cs_go=4 HTTP/1.1" 200 7818 "-" "Mozilla/5.0 (compatible; SiteExplorer/1.0b; +http://siteexplorer.info/)"
208.43.225.84 - - [20/Dec/2013:17:15:07 +0100] "GET /kwk.php?cs_go=3 HTTP/1.1" 200 7848 "-" "Mozilla/5.0 (compatible; SiteExplorer/1.0b; +http://siteexplorer.info/)"
208.43.225.84 - - [20/Dec/2013:17:15:17 +0100] "GET /kwk.php?cs_go=2 HTTP/1.1" 200 9418 "-" "Mozilla/5.0 (compatible; SiteExplorer/1.0b; +http://siteexplorer.info/)"
208.43.225.84 - - [20/Dec/2013:17:15:27 +0100] "GET /kwk.php?cs_go=1 HTTP/1.1" 200 8447 "-" "Mozilla/5.0 (compatible; SiteExplorer/1.0b; +http://siteexplorer.info/)"
208.43.225.84 - - [20/Dec/2013:17:15:38 +0100] "GET /kwk.php HTTP/1.1" 200 8447 "-" "Mozilla/5.0 (compatible; SiteExplorer/1.0b; +http://siteexplorer.info/)"
208.43.225.84 - - [20/Dec/2013:17:15:48 +0100] "GET /kontakt.php HTTP/1.1" 200 6966 "-" "Mozilla/5.0 (compatible; SiteExplorer/1.0b; +http://siteexplorer.info/)"
208.43.225.84 - - [20/Dec/2013:17:15:58 +0100] "GET /jobs.php HTTP/1.1" 200 4965 "-" "Mozilla/5.0 (compatible; SiteExplorer/1.0b; +http://siteexplorer.info/)"
208.43.225.84 - - [20/Dec/2013:17:16:08 +0100] "GET /index.php HTTP/1.1" 200 12401 "-" "Mozilla/5.0 (compatible; SiteExplorer/1.0b; +http://siteexplorer.info/)"
208.43.225.84 - - [20/Dec/2013:17:16:18 +0100] "GET /faq.php HTTP/1.1" 200 216831 "-" "Mozilla/5.0 (compatible; SiteExplorer/1.0b; +http://siteexplorer.info/)"
208.43.225.84 - - [20/Dec/2013:17:16:23 +0100] "GET /additive.php HTTP/1.1" 200 5937 "-" "Mozilla/5.0 (compatible; SiteExplorer/1.0b; +http://siteexplorer.info/)"
66.249.78.46 - - [20/Dec/2013:17:33:55 +0100] "GET /robots.txt HTTP/1.1" 200 177 "-" "Mozilla/5.0 (compatible; Googlebot/2.1; +http://www.google.com/bot.html)"
66.249.78.46 - - [20/Dec/2013:17:33:55 +0100] "GET /news.php?cs_go=archiv&cs_id=3013&cs_search= HTTP/1.1" 200 9656 "-" "Mozilla/5.0 (compatible; Googlebot/2.1; +http://www.google.com/bot.html)"
66.249.78.46 - - [20/Dec/2013:17:39:55 +0100] "GET /news.php?cs_go=archiv&cs_id=4261&cs_search= HTTP/1.1" 200 9378 "-" "Mozilla/5.0 (compatible; Googlebot/2.1; +http://www.google.com/bot.html)"
66.249.78.46 - - [20/Dec/2013:17:45:55 +0100] "GET /news.php?cs_go=archiv&cs_id=4773 HTTP/1.1" 200 11615 "-" "Mozilla/5.0 (compatible; Googlebot/2.1; +http://www.google.com/bot.html)"
66.249.78.46 - - [20/Dec/2013:17:51:55 +0100] "GET /seiten/kontakt.php HTTP/1.1" 404 - "-" "Mozilla/5.0 (compatible; Googlebot/2.1; +http://www.google.com/bot.html)"
66.249.78.46 - - [20/Dec/2013:18:03:55 +0100] "GET /news.php?cs_go=archiv&cs_id=4450 HTTP/1.1" 200 11731 "-" "Mozilla/5.0 (compatible; Googlebot/2.1; +http://www.google.com/bot.html)"
157.55.33.249 - - [20/Dec/2013:18:29:10 +0100] "GET /robots.txt HTTP/1.1" 200 177 "-" "Mozilla/5.0 (compatible; bingbot/2.0; +http://www.bing.com/bingbot.htm)"
157.55.33.249 - - [20/Dec/2013:18:30:46 +0100] "GET /news.php HTTP/1.1" 200 19767 "-" "Mozilla/5.0 (compatible; bingbot/2.0; +http://www.bing.com/bingbot.htm)"
66.249.78.46 - - [20/Dec/2013:18:33:55 +0100] "GET /news.php?cs_go=archiv&cs_id=4770 HTTP/1.1" 200 11527 "-" "Mozilla/5.0 (compatible; Googlebot/2.1; +http://www.google.com/bot.html)"
208.115.111.75 - - [20/Dec/2013:18:45:39 +0100] "GET /robots.txt HTTP/1.1" 200 177 "-" "Mozilla/5.0 (compatible; Ezooms/1.0; help@moz.com)"
66.249.78.46 - - [20/Dec/2013:18:57:56 +0100] "GET /news.php?cs_go=archiv&cs_id=4451 HTTP/1.1" 200 8006 "-" "Mozilla/5.0 (compatible; Googlebot/2.1; +http://www.google.com/bot.html)"
66.249.78.46 - - [20/Dec/2013:18:59:56 +0100] "GET /news.php?cs_go=archiv&cs_id=4779 HTTP/1.1" 200 11223 "-" "Mozilla/5.0 (iPhone; CPU iPhone OS 6_0 like Mac OS X) AppleWebKit/536.26 (KHTML, like Gecko) Version/6.0 Mobile/10A5376e Safari/8536.25 (compatible; Googlebot-Mobile/2.1; +http://www.google.com/bot.html)"
157.55.33.178 - - [20/Dec/2013:19:13:02 +0100] "GET /style.css HTTP/1.1" 200 8402 "-" "Mozilla/5.0 (compatible; bingbot/2.0; +http://www.bing.com/bingbot.htm)"
157.55.33.178 - - [20/Dec/2013:19:13:03 +0100] "GET /modul.css HTTP/1.1" 200 35038 "-" "Mozilla/5.0 (compatible; bingbot/2.0; +http://www.bing.com/bingbot.htm)"
66.249.75.49 - - [20/Dec/2013:19:21:56 +0100] "GET /news.php?cs_go=archiv&cs_id=4639 HTTP/1.1" 200 7647 "-" "Mozilla/5.0 (compatible; Googlebot/2.1; +http://www.google.com/bot.html)"
66.249.78.46 - - [20/Dec/2013:19:27:56 +0100] "GET /news.php?cs_go=archiv&cs_id=4769 HTTP/1.1" 200 7668 "-" "Mozilla/5.0 (compatible; Googlebot/2.1; +http://www.google.com/bot.html)"
66.249.78.46 - - [20/Dec/2013:20:09:56 +0100] "GET /news.php?cs_go=archiv&cs_startpos=220 HTTP/1.1" 200 6058 "-" "Mozilla/5.0 (compatible; Googlebot/2.1; +http://www.google.com/bot.html)"
157.55.33.30 - - [20/Dec/2013:20:15:33 +0100] "GET /robots.txt HTTP/1.1" 200 177 "-" "Mozilla/5.0 (compatible; bingbot/2.0; +http://www.bing.com/bingbot.htm)"
208.115.111.75 - - [20/Dec/2013:20:34:40 +0100] "GET /news.php?cs_go=archiv&cs_id=4648 HTTP/1.1" 200 9572 "-" "Mozilla/5.0 (compatible; Ezooms/1.0; help@moz.com)"
66.249.78.46 - - [20/Dec/2013:20:39:00 +0100] "GET /news.php?cs_go=archiv&cs_id=4409 HTTP/1.1" 200 7801 "-" "Mozilla/5.0 (compatible; Googlebot/2.1; +http://www.google.com/bot.html)"
66.249.78.46 - - [20/Dec/2013:20:46:40 +0100] "GET /news.php?cs_go=archiv&cs_id=4764 HTTP/1.1" 200 11663 "-" "Mozilla/5.0 (compatible; Googlebot/2.1; +http://www.google.com/bot.html)"
208.115.113.91 - - [20/Dec/2013:20:55:24 +0100] "GET /robots.txt HTTP/1.1" 200 177 "-" "Mozilla/5.0 (compatible; Ezooms/1.0; help@moz.com)"
66.249.78.46 - - [20/Dec/2013:21:05:59 +0100] "GET /lexikon.php?cs_go=3&cs_id=97 HTTP/1.1" 200 9039 "-" "Mozilla/5.0 (compatible; Googlebot/2.1; +http://www.google.com/bot.html)"
14.150.74.194 - - [20/Dec/2013:21:33:48 +0100] "GET /news.php HTTP/1.1" 200 19767 "http://www.mink-gmbh.de/" "Mozilla/5.0 (X11; Ubuntu; Linux x86_64; rv:22.0) Gecko/20100101 Firefox/22.0"
66.249.78.46 - - [20/Dec/2013:21:40:02 +0100] "GET /news.php?cs_go=archiv&cs_id=2799&cs_search= HTTP/1.1" 200 10874 "-" "Mozilla/5.0 (compatible; Googlebot/2.1; +http://www.google.com/bot.html)"
66.249.78.46 - - [20/Dec/2013:21:47:15 +0100] "GET /news.php?cs_go=archiv&cs_id=4628 HTTP/1.1" 200 9351 "-" "Mozilla/5.0 (compatible; Googlebot/2.1; +http://www.google.com/bot.html)"
66.249.78.46 - - [20/Dec/2013:21:51:16 +0100] "GET /lexikon.php?cs_go=3&cs_id=2 HTTP/1.1" 200 5988 "-" "Mozilla/5.0 (compatible; Googlebot/2.1; +http://www.google.com/bot.html)"
66.249.75.49 - - [20/Dec/2013:22:03:16 +0100] "GET /schwefelarmstandard.php HTTP/1.1" 200 10730 "-" "Mozilla/5.0 (compatible; Googlebot/2.1; +http://www.google.com/bot.html)"
66.249.78.46 - - [20/Dec/2013:22:04:30 +0100] "GET /news.php?cs_go=archiv&cs_id=4556 HTTP/1.1" 200 7824 "-" "Mozilla/5.0 (iPhone; CPU iPhone OS 6_0 like Mac OS X) AppleWebKit/536.26 (KHTML, like Gecko) Version/6.0 Mobile/10A5376e Safari/8536.25 (compatible; Googlebot-Mobile/2.1; +http://www.google.com/bot.html)"
208.43.255.31 - - [20/Dec/2013:22:09:32 +0100] "GET /robots.txt HTTP/1.1" 200 177 "-" "Mozilla/5.0 (compatible; MSIE 9.0; Windows NT 6.1; WOW64; Trident/5.0; chromeframe/19.0.1084.52)"
208.43.255.31 - - [20/Dec/2013:22:09:37 +0100] "GET /news.php?cs_go=archiv HTTP/1.1" 200 19767 "-" "Mozilla/5.0 (compatible; MSIE 9.0; Windows NT 6.1; WOW64; Trident/5.0; chromeframe/19.0.1084.52)"
208.43.255.31 - - [20/Dec/2013:22:09:53 +0100] "GET /modernisierung.php HTTP/1.1" 200 9252 "-" "Mozilla/5.0 (compatible; MSIE 9.0; Windows NT 6.1; WOW64; Trident/5.0; chromeframe/19.0.1084.52)"
208.43.255.31 - - [20/Dec/2013:22:10:13 +0100] "GET /lexikon.php?cs_go=2&cs_char=z HTTP/1.1" 200 5825 "-" "Mozilla/5.0 (compatible; MSIE 9.0; Windows NT 6.1; WOW64; Trident/5.0; chromeframe/19.0.1084.52)"
208.43.255.31 - - [20/Dec/2013:22:10:25 +0100] "GET /lexikon.php?cs_go=2&cs_char=y HTTP/1.1" 200 6174 "-" "Mozilla/5.0 (compatible; MSIE 9.0; Windows NT 6.1; WOW64; Trident/5.0; chromeframe/19.0.1084.52)"
208.43.255.31 - - [20/Dec/2013:22:10:37 +0100] "GET /lexikon.php?cs_go=2&cs_char=x HTTP/1.1" 200 6174 "-" "Mozilla/5.0 (compatible; MSIE 9.0; Windows NT 6.1; WOW64; Trident/5.0; chromeframe/19.0.1084.52)"
208.43.255.24 - - [20/Dec/2013:22:11:04 +0100] "GET /lexikon.php?cs_go=2&cs_char=l HTTP/1.1" 200 6337 "-" "Mozilla/5.0 (compatible; MSIE 9.0; Windows NT 6.1; WOW64; Trident/5.0; chromeframe/19.0.1084.52)"
208.43.255.24 - - [20/Dec/2013:22:11:17 +0100] "GET /lexikon.php?cs_go=2&cs_char=k HTTP/1.1" 200 7443 "-" "Mozilla/5.0 (compatible; MSIE 9.0; Windows NT 6.1; WOW64; Trident/5.0; chromeframe/19.0.1084.52)"
208.43.255.24 - - [20/Dec/2013:22:11:32 +0100] "GET /lexikon.php?cs_go=2&cs_char=j HTTP/1.1" 200 6174 "-" "Mozilla/5.0 (compatible; MSIE 9.0; Windows NT 6.1; WOW64; Trident/5.0; chromeframe/19.0.1084.52)"
208.43.255.24 - - [20/Dec/2013:22:11:50 +0100] "GET /lexikon.php?cs_go=2&cs_char=i HTTP/1.1" 200 5966 "-" "Mozilla/5.0 (compatible; MSIE 9.0; Windows NT 6.1; WOW64; Trident/5.0; chromeframe/19.0.1084.52)"
208.43.255.24 - - [20/Dec/2013:22:12:02 +0100] "GET /lexikon.php?cs_go=2&cs_char=h HTTP/1.1" 200 6364 "-" "Mozilla/5.0 (compatible; MSIE 9.0; Windows NT 6.1; WOW64; Trident/5.0; chromeframe/19.0.1084.52)"
208.43.255.24 - - [20/Dec/2013:22:12:22 +0100] "GET /lexikon.php?cs_go=2&cs_char=g HTTP/1.1" 200 6690 "-" "Mozilla/5.0 (compatible; MSIE 9.0; Windows NT 6.1; WOW64; Trident/5.0; chromeframe/19.0.1084.52)"
208.43.255.24 - - [20/Dec/2013:22:12:50 +0100] "GET /lexikon.php?cs_go=2&cs_char=f HTTP/1.1" 200 7159 "-" "Mozilla/5.0 (compatible; MSIE 9.0; Windows NT 6.1; WOW64; Trident/5.0; chromeframe/19.0.1084.52)"
208.43.255.24 - - [20/Dec/2013:22:13:06 +0100] "GET /lexikon.php?cs_go=2&cs_char=e HTTP/1.1" 200 6643 "-" "Mozilla/5.0 (compatible; MSIE 9.0; Windows NT 6.1; WOW64; Trident/5.0; chromeframe/19.0.1084.52)"
208.43.255.24 - - [20/Dec/2013:22:13:19 +0100] "GET /lexikon.php?cs_go=2&cs_char=d HTTP/1.1" 200 6985 "-" "Mozilla/5.0 (compatible; MSIE 9.0; Windows NT 6.1; WOW64; Trident/5.0; chromeframe/19.0.1084.52)"
208.43.255.24 - - [20/Dec/2013:22:13:36 +0100] "GET /lexikon.php?cs_go=2&cs_char=c HTTP/1.1" 200 6400 "-" "Mozilla/5.0 (compatible; MSIE 9.0; Windows NT 6.1; WOW64; Trident/5.0; chromeframe/19.0.1084.52)"
208.43.255.25 - - [20/Dec/2013:22:13:50 +0100] "GET /lexikon.php?cs_go=2&cs_char=b HTTP/1.1" 200 7294 "-" "Mozilla/5.0 (compatible; MSIE 9.0; Windows NT 6.1; WOW64; Trident/5.0; chromeframe/19.0.1084.52)"
208.43.255.25 - - [20/Dec/2013:22:14:24 +0100] "GET /lexikon.php?cs_go=2&cs_char=a HTTP/1.1" 200 7367 "-" "Mozilla/5.0 (compatible; MSIE 9.0; Windows NT 6.1; WOW64; Trident/5.0; chromeframe/19.0.1084.52)"
208.43.255.25 - - [20/Dec/2013:22:14:34 +0100] "GET /lexikon.php HTTP/1.1" 200 8115 "-" "Mozilla/5.0 (compatible; MSIE 9.0; Windows NT 6.1; WOW64; Trident/5.0; chromeframe/19.0.1084.52)"
208.43.255.25 - - [20/Dec/2013:22:15:12 +0100] "GET /kwk.php?cs_go=4 HTTP/1.1" 200 7818 "-" "Mozilla/5.0 (compatible; MSIE 9.0; Windows NT 6.1; WOW64; Trident/5.0; chromeframe/19.0.1084.52)"
208.43.255.25 - - [20/Dec/2013:22:15:25 +0100] "GET /kwk.php?cs_go=3 HTTP/1.1" 200 7848 "-" "Mozilla/5.0 (compatible; MSIE 9.0; Windows NT 6.1; WOW64; Trident/5.0; chromeframe/19.0.1084.52)"
208.43.255.25 - - [20/Dec/2013:22:15:41 +0100] "GET /kwk.php?cs_go=2 HTTP/1.1" 200 9418 "-" "Mozilla/5.0 (compatible; MSIE 9.0; Windows NT 6.1; WOW64; Trident/5.0; chromeframe/19.0.1084.52)"
208.43.255.25 - - [20/Dec/2013:22:15:56 +0100] "GET /kwk.php?cs_go=1 HTTP/1.1" 200 8447 "-" "Mozilla/5.0 (compatible; MSIE 9.0; Windows NT 6.1; WOW64; Trident/5.0; chromeframe/19.0.1084.52)"
208.43.255.25 - - [20/Dec/2013:22:16:20 +0100] "GET /kwk.php HTTP/1.1" 200 8447 "-" "Mozilla/5.0 (compatible; MSIE 9.0; Windows NT 6.1; WOW64; Trident/5.0; chromeframe/19.0.1084.52)"
208.43.255.25 - - [20/Dec/2013:22:16:41 +0100] "GET /kontakt.php HTTP/1.1" 200 6966 "-" "Mozilla/5.0 (compatible; MSIE 9.0; Windows NT 6.1; WOW64; Trident/5.0; chromeframe/19.0.1084.52)"
208.43.255.25 - - [20/Dec/2013:22:16:57 +0100] "GET /jobs.php HTTP/1.1" 200 4965 "-" "Mozilla/5.0 (compatible; MSIE 9.0; Windows NT 6.1; WOW64; Trident/5.0; chromeframe/19.0.1084.52)"
208.43.255.26 - - [20/Dec/2013:22:17:21 +0100] "GET /index.php HTTP/1.1" 200 12401 "-" "Mozilla/5.0 (compatible; MSIE 9.0; Windows NT 6.1; WOW64; Trident/5.0; chromeframe/19.0.1084.52)"
208.43.255.26 - - [20/Dec/2013:22:17:37 +0100] "GET /impressum.php HTTP/1.1" 200 6306 "-" "Mozilla/5.0 (compatible; MSIE 9.0; Windows NT 6.1; WOW64; Trident/5.0; chromeframe/19.0.1084.52)"
208.43.255.26 - - [20/Dec/2013:22:17:42 +0100] "GET /faq.php HTTP/1.1" 200 216831 "-" "Mozilla/5.0 (compatible; MSIE 9.0; Windows NT 6.1; WOW64; Trident/5.0; chromeframe/19.0.1084.52)"
208.43.255.26 - - [20/Dec/2013:22:17:49 +0100] "GET /energiesparcheck.php HTTP/1.1" 200 11144 "-" "Mozilla/5.0 (compatible; MSIE 9.0; Windows NT 6.1; WOW64; Trident/5.0; chromeframe/19.0.1084.52)"
208.43.255.26 - - [20/Dec/2013:22:18:05 +0100] "GET /edl.php HTTP/1.1" 200 8596 "-" "Mozilla/5.0 (compatible; MSIE 9.0; Windows NT 6.1; WOW64; Trident/5.0; chromeframe/19.0.1084.52)"
208.43.255.26 - - [20/Dec/2013:22:18:27 +0100] "GET /diesel.php HTTP/1.1" 200 8192 "-" "Mozilla/5.0 (compatible; MSIE 9.0; Windows NT 6.1; WOW64; Trident/5.0; chromeframe/19.0.1084.52)"
208.43.255.26 - - [20/Dec/2013:22:18:45 +0100] "GET /agb.php HTTP/1.1" 200 17543 "-" "Mozilla/5.0 (compatible; MSIE 9.0; Windows NT 6.1; WOW64; Trident/5.0; chromeframe/19.0.1084.52)"
157.55.33.30 - - [20/Dec/2013:22:33:44 +0100] "GET / HTTP/1.1" 200 12401 "-" "Mozilla/5.0 (compatible; bingbot/2.0; +http://www.bing.com/bingbot.htm)"
66.249.78.46 - - [20/Dec/2013:22:43:13 +0100] "GET /news.php?cs_go=archiv&cs_id=2760&cs_search= HTTP/1.1" 200 8752 "-" "Mozilla/5.0 (compatible; Googlebot/2.1; +http://www.google.com/bot.html)"
