84.135.160.110 - - [16/Dec/2013:11:57:22 +0100] "GET /js_contentserver24_greybox/header_bg.gif HTTP/1.1" 200 1188 "http://www.mink-gmbh.de/" "Mozilla/5.0 (Windows NT 6.1; WOW64; rv:25.0) Gecko/20100101 Firefox/25.0"
84.135.160.110 - - [16/Dec/2013:11:57:22 +0100] "GET /js_contentserver24_greybox/indicator.gif HTTP/1.1" 200 8238 "http://www.mink-gmbh.de/js_contentserver24_greybox/loader_frame.html?s=0" "Mozilla/5.0 (Windows NT 6.1; WOW64; rv:25.0) Gecko/20100101 Firefox/25.0"
84.135.160.110 - - [16/Dec/2013:11:57:23 +0100] "GET /js_contentserver24_greybox/g_close.gif HTTP/1.1" 200 541 "http://www.mink-gmbh.de/" "Mozilla/5.0 (Windows NT 6.1; WOW64; rv:25.0) Gecko/20100101 Firefox/25.0"
157.55.36.52 - - [16/Dec/2013:11:57:23 +0100] "GET / HTTP/1.1" 200 12331 "-" "Mozilla/5.0 (compatible; bingbot/2.0; +http://www.bing.com/bingbot.htm)"
84.135.160.110 - - [16/Dec/2013:11:57:25 +0100] "GET /standard.php HTTP/1.1" 200 6770 "http://www.mink-gmbh.de/" "Mozilla/5.0 (Windows NT 6.1; WOW64; rv:25.0) Gecko/20100101 Firefox/25.0"
84.135.160.110 - - [16/Dec/2013:11:57:25 +0100] "GET /images/logos.jpg HTTP/1.1" 200 35043 "http://www.mink-gmbh.de/standard.php" "Mozilla/5.0 (Windows NT 6.1; WOW64; rv:25.0) Gecko/20100101 Firefox/25.0"
84.135.160.110 - - [16/Dec/2013:11:57:28 +0100] "GET / HTTP/1.1" 200 11591 "http://www.google.de/url?sa=t&rct=j&q=&esrc=s&source=web&cd=4&ved=0CE0QFjAD&url=http%3A%2F%2Fwww.mink-gmbh.de%2F&ei=G9yuUsroJ8_GswbWk4GgCg&usg=AFQjCNFHX4Iglls9oo-KYXTmDUV_5KOVIg&bvm=bv.57967247,d.Yms" "Mozilla/5.0 (Windows NT 6.1; WOW64; rv:25.0) Gecko/20100101 Firefox/25.0"
208.115.113.91 - - [16/Dec/2013:13:04:25 +0100] "GET /robots.txt HTTP/1.1" 200 177 "-" "Mozilla/5.0 (compatible; Ezooms/1.0; help@moz.com)"
178.77.126.55 - - [16/Dec/2013:13:11:45 +0100] "GET /robots.txt HTTP/1.1" 200 177 "-" "Mozilla/5.0 (compatible; CareerBot/1.1; +http://www.career-x.de/bot.html)"
178.77.126.55 - - [16/Dec/2013:13:11:45 +0100] "GET / HTTP/1.1" 200 12331 "-" "Mozilla/5.0 (compatible; CareerBot/1.1; +http://www.career-x.de/bot.html)"
208.115.113.91 - - [16/Dec/2013:13:26:18 +0100] "GET /news.php?cs_go=archiv&cs_id=4680 HTTP/1.1" 200 7520 "-" "Mozilla/5.0 (compatible; Ezooms/1.0; help@moz.com)"
157.55.32.83 - - [16/Dec/2013:13:32:31 +0100] "GET /robots.txt HTTP/1.1" 200 177 "-" "Mozilla/5.0 (compatible; bingbot/2.0; +http://www.bing.com/bingbot.htm)"
157.55.32.83 - - [16/Dec/2013:13:34:06 +0100] "GET /news.php?cs_go=archiv&cs_startpos=40 HTTP/1.1" 200 20595 "-" "Mozilla/5.0 (compatible; bingbot/2.0; +http://www.bing.com/bingbot.htm)"
66.249.78.46 - - [16/Dec/2013:13:46:09 +0100] "GET / HTTP/1.1" 200 12331 "-" "Mozilla/5.0 (iPhone; CPU iPhone OS 6_0 like Mac OS X) AppleWebKit/536.26 (KHTML, like Gecko) Version/6.0 Mobile/10A5376e Safari/8536.25 (compatible; Googlebot-Mobile/2.1; +http://www.google.com/bot.html)"
66.249.78.46 - - [16/Dec/2013:13:48:34 +0100] "GET /news.php?cs_go=archiv&cs_id=4764&cs_search= HTTP/1.1" 200 11663 "-" "Mozilla/5.0 (compatible; Googlebot/2.1; +http://www.google.com/bot.html)"
144.76.137.226 - - [16/Dec/2013:14:18:23 +0100] "GET /robots.txt HTTP/1.0" 200 177 "-" "Mozilla/5.0 (compatible; MJ12bot/v1.4.4; http://www.majestic12.co.uk/bot.php?+)"
144.76.137.226 - - [16/Dec/2013:14:19:32 +0100] "GET /news.php?cs_go=archiv&cs_id=4337 HTTP/1.0" 200 8789 "-" "Mozilla/5.0 (compatible; MJ12bot/v1.4.4; http://www.majestic12.co.uk/bot.php?+)"
144.76.137.226 - - [16/Dec/2013:14:20:04 +0100] "GET /robots.txt HTTP/1.0" 200 177 "-" "Mozilla/5.0 (compatible; MJ12bot/v1.4.4; http://www.majestic12.co.uk/bot.php?+)"
144.76.137.226 - - [16/Dec/2013:14:20:36 +0100] "GET /news.php?cs_go=archiv&cs_id=4341 HTTP/1.0" 200 8969 "-" "Mozilla/5.0 (compatible; MJ12bot/v1.4.4; http://www.majestic12.co.uk/bot.php?+)"
144.76.137.226 - - [16/Dec/2013:14:20:43 +0100] "GET /news.php?cs_go=archiv&cs_id=4347 HTTP/1.0" 200 7771 "-" "Mozilla/5.0 (compatible; MJ12bot/v1.4.4; http://www.majestic12.co.uk/bot.php?+)"
144.76.137.226 - - [16/Dec/2013:14:22:04 +0100] "GET /robots.txt HTTP/1.0" 200 177 "-" "Mozilla/5.0 (compatible; MJ12bot/v1.4.4; http://www.majestic12.co.uk/bot.php?+)"
144.76.137.226 - - [16/Dec/2013:14:22:16 +0100] "GET /news.php?cs_go=archiv&cs_id=4348 HTTP/1.0" 200 11085 "-" "Mozilla/5.0 (compatible; MJ12bot/v1.4.4; http://www.majestic12.co.uk/bot.php?+)"
66.249.78.46 - - [16/Dec/2013:14:23:32 +0100] "GET /jobs.php HTTP/1.1" 200 4965 "-" "SAMSUNG-SGH-E250/1.0 Profile/MIDP-2.0 Configuration/CLDC-1.1 UP.Browser/6.2.3.3.c.1.101 (GUI) MMP/2.0 (compatible; Googlebot-Mobile/2.1; +http://www.google.com/bot.html)"
66.249.78.46 - - [16/Dec/2013:14:31:55 +0100] "GET /agb.php HTTP/1.1" 200 17543 "-" "Mozilla/5.0 (compatible; Googlebot/2.1; +http://www.google.com/bot.html)"
87.169.224.113 - - [16/Dec/2013:14:34:02 +0100] "GET /jobs.php HTTP/1.1" 200 4965 "-" "Mozilla/5.0 (Windows NT 6.1; Win64; x64; rv:22.0) Gecko/20130328 Firefox/22.0"
65.36.241.79 - - [16/Dec/2013:15:01:04 +0100] "HEAD / HTTP/1.1" 200 - "-" "InternetSeer.com"
87.169.224.113 - - [16/Dec/2013:15:01:15 +0100] "GET /jobs.php HTTP/1.1" 200 4965 "-" "Mozilla/5.0 (Windows NT 6.1; Win64; x64; rv:22.0) Gecko/20130328 Firefox/22.0"
208.115.113.91 - - [16/Dec/2013:15:02:33 +0100] "GET /news.php?cs_go=archiv&cs_startpos=120 HTTP/1.1" 200 20371 "-" "Mozilla/5.0 (compatible; Ezooms/1.0; help@moz.com)"
66.249.78.46 - - [16/Dec/2013:15:25:04 +0100] "GET /robots.txt HTTP/1.1" 200 177 "-" "Mozilla/5.0 (compatible; Googlebot/2.1; +http://www.google.com/bot.html)"
66.249.78.46 - - [16/Dec/2013:15:25:04 +0100] "GET /news.php?cs_go=archiv&cs_id=4233&cs_search= HTTP/1.1" 200 11382 "-" "SAMSUNG-SGH-E250/1.0 Profile/MIDP-2.0 Configuration/CLDC-1.1 UP.Browser/6.2.3.3.c.1.101 (GUI) MMP/2.0 (compatible; Googlebot-Mobile/2.1; +http://www.google.com/bot.html)"
157.55.32.83 - - [16/Dec/2013:15:28:13 +0100] "GET /robots.txt HTTP/1.1" 200 177 "-" "Mozilla/5.0 (compatible; bingbot/2.0; +http://www.bing.com/bingbot.htm)"
157.55.32.83 - - [16/Dec/2013:15:29:59 +0100] "GET /optiplus.php HTTP/1.1" 200 8639 "-" "Mozilla/5.0 (compatible; bingbot/2.0; +http://www.bing.com/bingbot.htm)"
66.249.78.46 - - [16/Dec/2013:15:35:15 +0100] "GET /news.php?cs_go=archiv&cs_id=4763 HTTP/1.1" 200 7481 "-" "Mozilla/5.0 (compatible; Googlebot/2.1; +http://www.google.com/bot.html)"
157.55.35.44 - - [16/Dec/2013:16:01:48 +0100] "GET /impressum.php HTTP/1.1" 200 6306 "-" "Mozilla/5.0 (compatible; bingbot/2.0; +http://www.bing.com/bingbot.htm)"
93.205.123.250 - - [16/Dec/2013:16:08:13 +0100] "GET / HTTP/1.1" 200 12400 "-" "Mozilla/5.0 (Windows NT 6.1; rv:25.0) Gecko/20100101 Firefox/25.0"
93.205.123.250 - - [16/Dec/2013:16:08:13 +0100] "GET /images/mail.jpg HTTP/1.1" 304 - "http://www.mink-gmbh.de/" "Mozilla/5.0 (Windows NT 6.1; rv:25.0) Gecko/20100101 Firefox/25.0"
93.205.123.250 - - [16/Dec/2013:16:08:14 +0100] "GET /js_contentserver24_greybox/loader_frame.html?s=0 HTTP/1.1" 304 - "http://www.mink-gmbh.de/" "Mozilla/5.0 (Windows NT 6.1; rv:25.0) Gecko/20100101 Firefox/25.0"
93.205.123.250 - - [16/Dec/2013:16:08:13 +0100] "GET /images/logos.jpg?cache6953 HTTP/1.1" 200 35043 "http://www.mink-gmbh.de/" "Mozilla/5.0 (Windows NT 6.1; rv:25.0) Gecko/20100101 Firefox/25.0"
157.55.35.44 - - [16/Dec/2013:16:09:15 +0100] "GET / HTTP/1.1" 200 12400 "-" "Mozilla/5.0 (compatible; bingbot/2.0; +http://www.bing.com/bingbot.htm)"
88.79.106.66 - - [16/Dec/2013:16:25:49 +0100] "GET /style.css HTTP/1.1" 200 8402 "http://www.mink-gmbh.de/" "Mozilla/5.0 (Windows NT 5.2) AppleWebKit/537.36 (KHTML, like Gecko) Chrome/31.0.1650.63 Safari/537.36"
88.79.106.66 - - [16/Dec/2013:16:25:49 +0100] "GET /modul.css HTTP/1.1" 200 35038 "http://www.mink-gmbh.de/" "Mozilla/5.0 (Windows NT 5.2) AppleWebKit/537.36 (KHTML, like Gecko) Chrome/31.0.1650.63 Safari/537.36"
88.79.106.66 - - [16/Dec/2013:16:25:50 +0100] "GET /js_contentserver24_greybox/gb_styles.css HTTP/1.1" 200 2302 "http://www.mink-gmbh.de/" "Mozilla/5.0 (Windows NT 5.2) AppleWebKit/537.36 (KHTML, like Gecko) Chrome/31.0.1650.63 Safari/537.36"
88.79.106.66 - - [16/Dec/2013:16:25:50 +0100] "GET /js_contentserver24_greybox/AJS.js HTTP/1.1" 200 10396 "http://www.mink-gmbh.de/" "Mozilla/5.0 (Windows NT 5.2) AppleWebKit/537.36 (KHTML, like Gecko) Chrome/31.0.1650.63 Safari/537.36"
88.79.106.66 - - [16/Dec/2013:16:25:50 +0100] "GET /js_contentserver24_greybox/AJS_fx.js HTTP/1.1" 200 3192 "http://www.mink-gmbh.de/" "Mozilla/5.0 (Windows NT 5.2) AppleWebKit/537.36 (KHTML, like Gecko) Chrome/31.0.1650.63 Safari/537.36"
88.79.106.66 - - [16/Dec/2013:16:25:50 +0100] "GET /js_contentserver24_greybox/gb_scripts.js HTTP/1.1" 200 11913 "http://www.mink-gmbh.de/" "Mozilla/5.0 (Windows NT 5.2) AppleWebKit/537.36 (KHTML, like Gecko) Chrome/31.0.1650.63 Safari/537.36"
88.79.106.66 - - [16/Dec/2013:16:25:49 +0100] "GET / HTTP/1.1" 200 12400 "https://www.google.de/" "Mozilla/5.0 (Windows NT 5.2) AppleWebKit/537.36 (KHTML, like Gecko) Chrome/31.0.1650.63 Safari/537.36"
88.79.106.66 - - [16/Dec/2013:16:25:50 +0100] "GET /images/bg.png HTTP/1.1" 200 922 "http://www.mink-gmbh.de/" "Mozilla/5.0 (Windows NT 5.2) AppleWebKit/537.36 (KHTML, like Gecko) Chrome/31.0.1650.63 Safari/537.36"
88.79.106.66 - - [16/Dec/2013:16:25:50 +0100] "GET /js_contentserver24_greybox/w_close.gif HTTP/1.1" 200 74 "http://www.mink-gmbh.de/" "Mozilla/5.0 (Windows NT 5.2) AppleWebKit/537.36 (KHTML, like Gecko) Chrome/31.0.1650.63 Safari/537.36"
88.79.106.66 - - [16/Dec/2013:16:25:50 +0100] "GET /images/team-energie.png HTTP/1.1" 200 17383 "http://www.mink-gmbh.de/" "Mozilla/5.0 (Windows NT 5.2) AppleWebKit/537.36 (KHTML, like Gecko) Chrome/31.0.1650.63 Safari/537.36"
88.79.106.66 - - [16/Dec/2013:16:25:50 +0100] "GET /images/mail.jpg HTTP/1.1" 200 12099 "http://www.mink-gmbh.de/" "Mozilla/5.0 (Windows NT 5.2) AppleWebKit/537.36 (KHTML, like Gecko) Chrome/31.0.1650.63 Safari/537.36"
88.79.106.66 - - [16/Dec/2013:16:25:50 +0100] "GET /images/kwk.gif HTTP/1.1" 200 6403 "http://www.mink-gmbh.de/" "Mozilla/5.0 (Windows NT 5.2) AppleWebKit/537.36 (KHTML, like Gecko) Chrome/31.0.1650.63 Safari/537.36"
88.79.106.66 - - [16/Dec/2013:16:25:50 +0100] "GET /images/wunschpreis.jpg HTTP/1.1" 200 16767 "http://www.mink-gmbh.de/" "Mozilla/5.0 (Windows NT 5.2) AppleWebKit/537.36 (KHTML, like Gecko) Chrome/31.0.1650.63 Safari/537.36"
88.79.106.66 - - [16/Dec/2013:16:25:50 +0100] "GET /images/logos.jpg?cache9278 HTTP/1.1" 200 35043 "http://www.mink-gmbh.de/" "Mozilla/5.0 (Windows NT 5.2) AppleWebKit/537.36 (KHTML, like Gecko) Chrome/31.0.1650.63 Safari/537.36"
88.79.106.66 - - [16/Dec/2013:16:25:51 +0100] "GET /js_contentserver24_greybox/loader_frame.html?s=0 HTTP/1.1" 200 2084 "http://www.mink-gmbh.de/" "Mozilla/5.0 (Windows NT 5.2) AppleWebKit/537.36 (KHTML, like Gecko) Chrome/31.0.1650.63 Safari/537.36"
88.79.106.66 - - [16/Dec/2013:16:25:51 +0100] "GET /images/wrapperbg.jpg HTTP/1.1" 200 27465 "http://www.mink-gmbh.de/" "Mozilla/5.0 (Windows NT 5.2) AppleWebKit/537.36 (KHTML, like Gecko) Chrome/31.0.1650.63 Safari/537.36"
88.79.106.66 - - [16/Dec/2013:16:25:51 +0100] "GET /images/header.jpg HTTP/1.1" 200 25189 "http://www.mink-gmbh.de/" "Mozilla/5.0 (Windows NT 5.2) AppleWebKit/537.36 (KHTML, like Gecko) Chrome/31.0.1650.63 Safari/537.36"
88.79.106.66 - - [16/Dec/2013:16:25:50 +0100] "GET /images/freecall.jpg HTTP/1.1" 200 39195 "http://www.mink-gmbh.de/" "Mozilla/5.0 (Windows NT 5.2) AppleWebKit/537.36 (KHTML, like Gecko) Chrome/31.0.1650.63 Safari/537.36"
88.79.106.66 - - [16/Dec/2013:16:25:51 +0100] "GET /images/navibg.png HTTP/1.1" 200 2803 "http://www.mink-gmbh.de/" "Mozilla/5.0 (Windows NT 5.2) AppleWebKit/537.36 (KHTML, like Gecko) Chrome/31.0.1650.63 Safari/537.36"
88.79.106.66 - - [16/Dec/2013:16:25:51 +0100] "GET /images/steigend.png HTTP/1.1" 200 688 "http://www.mink-gmbh.de/" "Mozilla/5.0 (Windows NT 5.2) AppleWebKit/537.36 (KHTML, like Gecko) Chrome/31.0.1650.63 Safari/537.36"
88.79.106.66 - - [16/Dec/2013:16:25:51 +0100] "GET /images/fallend.png HTTP/1.1" 200 713 "http://www.mink-gmbh.de/" "Mozilla/5.0 (Windows NT 5.2) AppleWebKit/537.36 (KHTML, like Gecko) Chrome/31.0.1650.63 Safari/537.36"
88.79.106.66 - - [16/Dec/2013:16:25:51 +0100] "GET /images/mobil.jpg HTTP/1.1" 200 25293 "http://www.mink-gmbh.de/" "Mozilla/5.0 (Windows NT 5.2) AppleWebKit/537.36 (KHTML, like Gecko) Chrome/31.0.1650.63 Safari/537.36"
88.79.106.66 - - [16/Dec/2013:16:25:51 +0100] "GET /images/newsletter.jpg HTTP/1.1" 200 13130 "http://www.mink-gmbh.de/" "Mozilla/5.0 (Windows NT 5.2) AppleWebKit/537.36 (KHTML, like Gecko) Chrome/31.0.1650.63 Safari/537.36"
88.79.106.66 - - [16/Dec/2013:16:25:51 +0100] "GET /images/footerbg.jpg HTTP/1.1" 200 2184 "http://www.mink-gmbh.de/" "Mozilla/5.0 (Windows NT 5.2) AppleWebKit/537.36 (KHTML, like Gecko) Chrome/31.0.1650.63 Safari/537.36"
88.79.106.66 - - [16/Dec/2013:16:25:51 +0100] "GET /images/newsletter.png HTTP/1.1" 200 14619 "http://www.mink-gmbh.de/" "Mozilla/5.0 (Windows NT 5.2) AppleWebKit/537.36 (KHTML, like Gecko) Chrome/31.0.1650.63 Safari/537.36"
88.79.106.66 - - [16/Dec/2013:16:25:51 +0100] "GET /images/close.png HTTP/1.1" 200 703 "http://www.mink-gmbh.de/" "Mozilla/5.0 (Windows NT 5.2) AppleWebKit/537.36 (KHTML, like Gecko) Chrome/31.0.1650.63 Safari/537.36"
88.79.106.66 - - [16/Dec/2013:16:25:51 +0100] "GET /images/newsletter_bg.jpg HTTP/1.1" 200 33610 "http://www.mink-gmbh.de/" "Mozilla/5.0 (Windows NT 5.2) AppleWebKit/537.36 (KHTML, like Gecko) Chrome/31.0.1650.63 Safari/537.36"
88.79.106.66 - - [16/Dec/2013:16:25:51 +0100] "GET /js_contentserver24_greybox/header_bg.gif HTTP/1.1" 200 1188 "http://www.mink-gmbh.de/" "Mozilla/5.0 (Windows NT 5.2) AppleWebKit/537.36 (KHTML, like Gecko) Chrome/31.0.1650.63 Safari/537.36"
88.79.106.66 - - [16/Dec/2013:16:25:51 +0100] "GET /js_contentserver24_greybox/indicator.gif HTTP/1.1" 200 8238 "http://www.mink-gmbh.de/js_contentserver24_greybox/loader_frame.html?s=0" "Mozilla/5.0 (Windows NT 5.2) AppleWebKit/537.36 (KHTML, like Gecko) Chrome/31.0.1650.63 Safari/537.36"
88.79.106.66 - - [16/Dec/2013:16:25:50 +0100] "GET /images/tkw.jpg HTTP/1.1" 200 64031 "http://www.mink-gmbh.de/" "Mozilla/5.0 (Windows NT 5.2) AppleWebKit/537.36 (KHTML, like Gecko) Chrome/31.0.1650.63 Safari/537.36"
88.79.106.66 - - [16/Dec/2013:16:25:52 +0100] "GET /js_contentserver24_greybox/g_close.gif HTTP/1.1" 200 541 "http://www.mink-gmbh.de/" "Mozilla/5.0 (Windows NT 5.2) AppleWebKit/537.36 (KHTML, like Gecko) Chrome/31.0.1650.63 Safari/537.36"
88.79.106.66 - - [16/Dec/2013:16:25:52 +0100] "GET /favicon.ico HTTP/1.1" 200 3638 "-" "Mozilla/5.0 (Windows NT 5.2) AppleWebKit/537.36 (KHTML, like Gecko) Chrome/31.0.1650.63 Safari/537.36"
208.115.113.91 - - [16/Dec/2013:16:46:43 +0100] "GET /robots.txt HTTP/1.1" 200 177 "-" "Mozilla/5.0 (compatible; Ezooms/1.0; help@moz.com)"
66.249.78.46 - - [16/Dec/2013:16:48:36 +0100] "GET /news.php?cs_go=archiv&cs_id=4764 HTTP/1.1" 200 11663 "-" "Mozilla/5.0 (compatible; Googlebot/2.1; +http://www.google.com/bot.html)"
123.125.71.56 - - [16/Dec/2013:16:50:53 +0100] "GET / HTTP/1.1" 200 8886 "-" "Mozilla/5.0 (compatible; Baiduspider/2.0; +http://www.baidu.com/search/spider.html)"
220.181.108.84 - - [16/Dec/2013:16:52:04 +0100] "GET / HTTP/1.1" 200 6597 "-" "Mozilla/5.0 (compatible; Baiduspider/2.0; +http://www.baidu.com/search/spider.html)"
66.249.75.49 - - [16/Dec/2013:16:53:32 +0100] "GET /news.php?cs_go=archiv&cs_id=3968&cs_search= HTTP/1.1" 200 9888 "-" "DoCoMo/2.0 N905i(c100;TB;W24H16) (compatible; Googlebot-Mobile/2.1; +http://www.google.com/bot.html)"
66.249.78.46 - - [16/Dec/2013:16:58:52 +0100] "GET /news.php?cs_go=archiv&cs_id=4773 HTTP/1.1" 200 11615 "-" "Mozilla/5.0 (iPhone; CPU iPhone OS 6_0 like Mac OS X) AppleWebKit/536.26 (KHTML, like Gecko) Version/6.0 Mobile/10A5376e Safari/8536.25 (compatible; Googlebot-Mobile/2.1; +http://www.google.com/bot.html)"
66.249.78.46 - - [16/Dec/2013:17:26:51 +0100] "GET /news.php?cs_go=archiv&cs_id=3968&cs_search= HTTP/1.1" 200 9888 "-" "SAMSUNG-SGH-E250/1.0 Profile/MIDP-2.0 Configuration/CLDC-1.1 UP.Browser/6.2.3.3.c.1.101 (GUI) MMP/2.0 (compatible; Googlebot-Mobile/2.1; +http://www.google.com/bot.html)"
66.249.75.49 - - [16/Dec/2013:17:46:02 +0100] "GET / HTTP/1.1" 200 12400 "-" "DoCoMo/2.0 N905i(c100;TB;W24H16) (compatible; Googlebot-Mobile/2.1; +http://www.google.com/bot.html)"
157.55.35.95 - - [16/Dec/2013:18:30:42 +0100] "GET /robots.txt HTTP/1.1" 200 177 "-" "Mozilla/5.0 (compatible; bingbot/2.0; +http://www.bing.com/bingbot.htm)"
208.115.113.91 - - [16/Dec/2013:18:43:56 +0100] "GET /kontakt.php HTTP/1.1" 200 6966 "-" "Mozilla/5.0 (compatible; Ezooms/1.0; help@moz.com)"
208.115.113.91 - - [16/Dec/2013:18:43:59 +0100] "GET /news.php?cs_go=archiv&cs_id=4587&cs_search= HTTP/1.1" 200 10134 "-" "Mozilla/5.0 (compatible; Ezooms/1.0; help@moz.com)"
208.115.113.91 - - [16/Dec/2013:18:44:01 +0100] "GET /newsletter.php HTTP/1.1" 200 6492 "-" "Mozilla/5.0 (compatible; Ezooms/1.0; help@moz.com)"
157.55.35.95 - - [16/Dec/2013:18:49:05 +0100] "GET / HTTP/1.1" 200 12400 "-" "Mozilla/5.0 (compatible; bingbot/2.0; +http://www.bing.com/bingbot.htm)"
217.172.189.42 - - [16/Dec/2013:19:28:31 +0100] "GET /robots.txt HTTP/1.1" 304 - "-" "Mozilla/5.0 (compatible; waybackarchive.org/1.0; +spider@waybackarchive.org)"
66.249.78.46 - - [16/Dec/2013:19:38:38 +0100] "GET /news.php?cs_go=archiv&cs_id=4762 HTTP/1.1" 200 11485 "-" "Mozilla/5.0 (compatible; Googlebot/2.1; +http://www.google.com/bot.html)"
202.105.63.56 - - [16/Dec/2013:19:58:02 +0100] "GET /news.php?cs_go=archiv&cs_id=4734 HTTP/1.1" 200 7777 "-" "Mozilla/4.0 (compatible; MSIE 6.0; Windows NT 5.1; SV1; Mozilla/4.0 (compatible; MSIE 6.0; Windows NT 5.1; SV1) ; .NET CLR 1.0.3705)"
66.249.78.46 - - [16/Dec/2013:20:01:32 +0100] "GET /news.php?cs_go=archiv&cs_id=4041 HTTP/1.1" 200 10711 "-" "Mozilla/5.0 (iPhone; CPU iPhone OS 6_0 like Mac OS X) AppleWebKit/536.26 (KHTML, like Gecko) Version/6.0 Mobile/10A5376e Safari/8536.25 (compatible; Googlebot-Mobile/2.1; +http://www.google.com/bot.html)"
65.36.241.79 - - [16/Dec/2013:20:18:27 +0100] "HEAD / HTTP/1.1" 200 - "-" "InternetSeer.com"
66.249.78.46 - - [16/Dec/2013:20:32:00 +0100] "GET /news.php?cs_go=archiv&cs_id=4768&cs_search= HTTP/1.1" 200 11681 "-" "Mozilla/5.0 (iPhone; CPU iPhone OS 6_0 like Mac OS X) AppleWebKit/536.26 (KHTML, like Gecko) Version/6.0 Mobile/10A5376e Safari/8536.25 (compatible; Googlebot-Mobile/2.1; +http://www.google.com/bot.html)"
217.172.189.42 - - [16/Dec/2013:20:44:23 +0100] "GET /content/encyclopedia/images/1_023.jpg HTTP/1.1" 404 - "-" "Mozilla/5.0 (compatible; waybackarchive.org/1.0; +spider@waybackarchive.org)"
66.249.78.46 - - [16/Dec/2013:20:55:19 +0100] "GET /kwk.php HTTP/1.1" 200 8447 "-" "Mozilla/5.0 (compatible; Googlebot/2.1; +http://www.google.com/bot.html)"
66.249.75.49 - - [16/Dec/2013:21:12:18 +0100] "GET /news.php?cs_go=archiv&cs_id=4176&cs_search= HTTP/1.1" 200 11578 "-" "DoCoMo/2.0 N905i(c100;TB;W24H16) (compatible; Googlebot-Mobile/2.1; +http://www.google.com/bot.html)"
123.125.71.40 - - [16/Dec/2013:21:59:24 +0100] "GET / HTTP/1.1" 200 6597 "-" "Mozilla/5.0 (compatible; Baiduspider/2.0; +http://www.baidu.com/search/spider.html)"
220.181.108.93 - - [16/Dec/2013:22:02:05 +0100] "GET / HTTP/1.1" 200 3979 "-" "Mozilla/5.0 (compatible; Baiduspider/2.0; +http://www.baidu.com/search/spider.html)"
202.105.63.56 - - [16/Dec/2013:22:23:12 +0100] "GET /news.php HTTP/1.1" 200 19778 "-" "Mozilla/4.0 (compatible; MSIE 6.0; Windows NT 5.1; SV1)"
66.249.75.49 - - [16/Dec/2013:22:32:08 +0100] "GET /news.php?cs_go=archiv&cs_id=2794&cs_search= HTTP/1.1" 200 11332 "-" "Mozilla/5.0 (compatible; Googlebot/2.1; +http://www.google.com/bot.html)"
157.55.34.24 - - [16/Dec/2013:22:34:31 +0100] "GET /robots.txt HTTP/1.1" 200 177 "-" "Mozilla/5.0 (compatible; bingbot/2.0; +http://www.bing.com/bingbot.htm)"
66.249.78.46 - - [16/Dec/2013:22:36:32 +0100] "GET /style.css HTTP/1.1" 200 8402 "-" "Mozilla/5.0 (compatible; Googlebot/2.1; +http://www.google.com/bot.html)"
157.55.34.24 - - [16/Dec/2013:22:49:35 +0100] "GET /news.php?cs_go=archiv&cs_startpos=30 HTTP/1.1" 200 20576 "-" "Mozilla/5.0 (compatible; bingbot/2.0; +http://www.bing.com/bingbot.htm)"
5.10.83.33 - - [16/Dec/2013:23:16:51 +0100] "GET /news.php?cs_go=archiv&cs_id=4775 HTTP/1.1" 200 11726 "-" "Mozilla/5.0 (compatible; AhrefsBot/5.0; +http://ahrefs.com/robot/)"
2.174.104.14 - - [16/Dec/2013:23:22:19 +0100] "GET / HTTP/1.1" 200 1686 "-" "Mozilla/5.0 (iPhone; CPU iPhone OS 7_0_4 like Mac OS X) AppleWebKit/537.51.1 (KHTML, like Gecko) Version/7.0 Mobile/11B554a Safari/9537.53"
66.249.78.46 - - [16/Dec/2013:23:22:42 +0100] "GET /images/logos.jpg?cache2922 HTTP/1.1" 200 35043 "-" "Googlebot-Image/1.0"
66.249.78.46 - - [16/Dec/2013:23:32:11 +0100] "GET /news.php?cs_go=archiv&cs_id=3063 HTTP/1.1" 200 10760 "-" "Mozilla/5.0 (compatible; Googlebot/2.1; +http://www.google.com/bot.html)"
5.10.83.33 - - [16/Dec/2013:23:38:39 +0100] "GET /news.php?cs_go=archiv&cs_id=4747 HTTP/1.1" 200 13330 "-" "Mozilla/5.0 (compatible; AhrefsBot/5.0; +http://ahrefs.com/robot/)"
5.10.83.91 - - [17/Dec/2013:00:09:51 +0100] "GET /news.php?cs_go=archiv&cs_id=4773 HTTP/1.1" 200 11615 "-" "Mozilla/5.0 (compatible; AhrefsBot/5.0; +http://ahrefs.com/robot/)"
82.94.179.38 - - [17/Dec/2013:00:09:57 +0100] "GET /robots.txt HTTP/1.0" 200 177 "-" "Mozilla/4.0 (compatible; Freshbot/1.0/EU; http://webagent.wise-guys.nl/)"
82.94.179.38 - - [17/Dec/2013:00:09:57 +0100] "GET / HTTP/1.1" 200 12400 "-" "Mozilla/5.0 (X11; Linux i686; rv:6.0) Gecko/20100101 Firefox/6.0 (Freshbot/1.0/EU; http://webagent.wise-guys.nl/)"
66.249.78.46 - - [17/Dec/2013:00:23:00 +0100] "GET /news.php?cs_go=archiv&cs_id=4411 HTTP/1.1" 200 11463 "-" "Mozilla/5.0 (compatible; Googlebot/2.1; +http://www.google.com/bot.html)"
65.55.215.60 - - [17/Dec/2013:00:50:56 +0100] "GET /robots.txt HTTP/1.1" 200 177 "-" "msnbot-media/1.1 (+http://search.msn.com/msnbot.htm)"
65.55.215.60 - - [17/Dec/2013:00:50:56 +0100] "GET /images/tkw.jpg HTTP/1.1" 200 64031 "-" "msnbot-media/1.1 (+http://search.msn.com/msnbot.htm)"
121.205.243.67 - - [17/Dec/2013:01:08:50 +0100] "GET /news.php?cs_go=archiv&cs_id=4112&cs_search= HTTP/1.0" 200 9435 "http://www.mink-gmbh.de/news.php?cs_go=archiv&cs_id=4112&cs_search=" "Mozilla/5.0 (Windows NT 6.1; WOW64) AppleWebKit/537.11 (KHTML, like Gecko) Chrome/23.0.1271.64 Safari/537.11"
5.10.83.13 - - [17/Dec/2013:01:09:52 +0100] "GET /news.php?cs_go=archiv&cs_id=4773&cs_search= HTTP/1.1" 200 11615 "-" "Mozilla/5.0 (compatible; AhrefsBot/5.0; +http://ahrefs.com/robot/)"
5.10.83.86 - - [17/Dec/2013:01:13:11 +0100] "GET /news.php?cs_go=archiv&cs_id=4747&cs_search= HTTP/1.1" 200 13330 "-" "Mozilla/5.0 (compatible; AhrefsBot/5.0; +http://ahrefs.com/robot/)"
66.249.78.46 - - [17/Dec/2013:01:31:37 +0100] "GET /news.php?cs_go=archiv&cs_id=4377 HTTP/1.1" 200 9203 "-" "Mozilla/5.0 (compatible; Googlebot/2.1; +http://www.google.com/bot.html)"
5.10.83.13 - - [17/Dec/2013:01:51:48 +0100] "GET /news.php?cs_go=archiv&cs_id=4746&cs_search= HTTP/1.1" 200 7720 "-" "Mozilla/5.0 (compatible; AhrefsBot/5.0; +http://ahrefs.com/robot/)"
5.10.83.79 - - [17/Dec/2013:01:57:28 +0100] "GET /news.php?cs_go=archiv&cs_id=4772&cs_search= HTTP/1.1" 200 8278 "-" "Mozilla/5.0 (compatible; AhrefsBot/5.0; +http://ahrefs.com/robot/)"
66.249.78.46 - - [17/Dec/2013:02:34:08 +0100] "GET /news.php?cs_go=archiv&cs_id=4401 HTTP/1.1" 200 11701 "-" "Mozilla/5.0 (compatible; Googlebot/2.1; +http://www.google.com/bot.html)"
208.115.111.75 - - [17/Dec/2013:02:48:33 +0100] "GET /robots.txt HTTP/1.1" 200 177 "-" "Mozilla/5.0 (compatible; Ezooms/1.0; help@moz.com)"
65.36.241.79 - - [17/Dec/2013:02:58:30 +0100] "HEAD / HTTP/1.1" 200 - "-" "InternetSeer.com"
5.10.83.64 - - [17/Dec/2013:03:04:41 +0100] "GET /news.php?cs_go=archiv&cs_id=4774&cs_search= HTTP/1.1" 200 7413 "-" "Mozilla/5.0 (compatible; AhrefsBot/5.0; +http://ahrefs.com/robot/)"
157.55.33.112 - - [17/Dec/2013:03:16:34 +0100] "GET /robots.txt HTTP/1.1" 200 177 "-" "Mozilla/5.0 (compatible; bingbot/2.0; +http://www.bing.com/bingbot.htm)"
5.10.83.48 - - [17/Dec/2013:03:16:35 +0100] "GET /news.php?cs_go=archiv&cs_id=4771&cs_search= HTTP/1.1" 200 7613 "-" "Mozilla/5.0 (compatible; AhrefsBot/5.0; +http://ahrefs.com/robot/)"
5.10.83.48 - - [17/Dec/2013:03:18:15 +0100] "GET /news.php?cs_go=archiv&cs_id=4770&cs_search= HTTP/1.1" 200 11527 "-" "Mozilla/5.0 (compatible; AhrefsBot/5.0; +http://ahrefs.com/robot/)"
66.249.78.46 - - [17/Dec/2013:03:23:27 +0100] "GET /modul.css HTTP/1.1" 200 35038 "-" "Mozilla/5.0 (compatible; Googlebot/2.1; +http://www.google.com/bot.html)"
157.55.33.112 - - [17/Dec/2013:03:24:45 +0100] "GET / HTTP/1.1" 200 12400 "-" "Mozilla/5.0 (compatible; bingbot/2.0; +http://www.bing.com/bingbot.htm)"
5.10.83.40 - - [17/Dec/2013:03:33:33 +0100] "GET /news.php?cs_go=archiv&cs_id=4774 HTTP/1.1" 200 7413 "-" "Mozilla/5.0 (compatible; AhrefsBot/5.0; +http://ahrefs.com/robot/)"
5.10.83.35 - - [17/Dec/2013:04:19:11 +0100] "GET /lexikon.php?cs_go=3&cs_id=6 HTTP/1.1" 200 5729 "-" "Mozilla/5.0 (compatible; AhrefsBot/5.0; +http://ahrefs.com/robot/)"
5.10.83.58 - - [17/Dec/2013:04:21:09 +0100] "GET /news.php?cs_go=archiv&cs_id=4585&cs_search= HTTP/1.1" 200 7652 "-" "Mozilla/5.0 (compatible; AhrefsBot/5.0; +http://ahrefs.com/robot/)"
5.10.83.22 - - [17/Dec/2013:04:23:56 +0100] "GET /lexikon.php?cs_go=3&cs_id=42 HTTP/1.1" 200 5936 "-" "Mozilla/5.0 (compatible; AhrefsBot/5.0; +http://ahrefs.com/robot/)"
5.10.83.22 - - [17/Dec/2013:04:30:35 +0100] "GET /news.php?cs_go=archiv&cs_id=4733&cs_search= HTTP/1.1" 200 11351 "-" "Mozilla/5.0 (compatible; AhrefsBot/5.0; +http://ahrefs.com/robot/)"
208.115.111.75 - - [17/Dec/2013:04:38:33 +0100] "GET /modernisierung.php?cs_gp_go=coupon HTTP/1.1" 200 7829 "-" "Mozilla/5.0 (compatible; Ezooms/1.0; help@moz.com)"
5.10.83.101 - - [17/Dec/2013:04:45:51 +0100] "GET /news.php?cs_go=archiv&cs_id=4646&cs_search= HTTP/1.1" 200 10720 "-" "Mozilla/5.0 (compatible; AhrefsBot/5.0; +http://ahrefs.com/robot/)"
208.115.113.91 - - [17/Dec/2013:04:48:26 +0100] "GET /robots.txt HTTP/1.1" 200 177 "-" "Mozilla/5.0 (compatible; Ezooms/1.0; help@moz.com)"
5.10.83.50 - - [17/Dec/2013:04:49:03 +0100] "GET /news.php?cs_go=archiv&cs_id=4572&cs_search= HTTP/1.1" 200 11817 "-" "Mozilla/5.0 (compatible; AhrefsBot/5.0; +http://ahrefs.com/robot/)"
5.10.83.38 - - [17/Dec/2013:04:51:31 +0100] "GET /lexikon.php?cs_go=3&cs_id=25 HTTP/1.1" 200 6005 "-" "Mozilla/5.0 (compatible; AhrefsBot/5.0; +http://ahrefs.com/robot/)"
120.33.244.20 - - [17/Dec/2013:04:54:02 +0100] "GET /news.php?cs_go=archiv&cs_id=4112&cs_search= HTTP/1.0" 200 9435 "http://www.mink-gmbh.de/news.php?cs_go=archiv&cs_id=4112&cs_search=" "Mozilla/5.0 (Windows NT 6.2; WOW64; rv:17.0) Gecko/17.0 Firefox/17.0"
123.125.71.36 - - [17/Dec/2013:04:55:46 +0100] "GET / HTTP/1.1" 200 6597 "-" "Mozilla/5.0 (compatible; Baiduspider/2.0; +http://www.baidu.com/search/spider.html)"
220.181.108.108 - - [17/Dec/2013:04:58:02 +0100] "GET / HTTP/1.1" 200 6597 "-" "Mozilla/5.0 (compatible; Baiduspider/2.0; +http://www.baidu.com/search/spider.html)"
5.10.83.42 - - [17/Dec/2013:05:01:56 +0100] "GET /news.php?cs_go=archiv&cs_id=4753&cs_search= HTTP/1.1" 200 7689 "-" "Mozilla/5.0 (compatible; AhrefsBot/5.0; +http://ahrefs.com/robot/)"
5.10.83.42 - - [17/Dec/2013:05:03:11 +0100] "GET /optiplus.php HTTP/1.1" 200 8639 "-" "Mozilla/5.0 (compatible; AhrefsBot/5.0; +http://ahrefs.com/robot/)"
5.10.83.33 - - [17/Dec/2013:05:09:04 +0100] "GET /lexikon.php?cs_go=3&cs_id=39 HTTP/1.1" 200 5921 "-" "Mozilla/5.0 (compatible; AhrefsBot/5.0; +http://ahrefs.com/robot/)"
5.10.83.37 - - [17/Dec/2013:05:15:48 +0100] "GET /news.php?cs_go=archiv&cs_id=4558&cs_search= HTTP/1.1" 200 11595 "-" "Mozilla/5.0 (compatible; AhrefsBot/5.0; +http://ahrefs.com/robot/)"
66.249.78.46 - - [17/Dec/2013:05:17:40 +0100] "GET /news.php HTTP/1.1" 200 19778 "-" "Mozilla/5.0 (iPhone; CPU iPhone OS 6_0 like Mac OS X) AppleWebKit/536.26 (KHTML, like Gecko) Version/6.0 Mobile/10A5376e Safari/8536.25 (compatible; Googlebot-Mobile/2.1; +http://www.google.com/bot.html)"
5.10.83.38 - - [17/Dec/2013:05:24:20 +0100] "GET /news.php?cs_go=archiv&cs_id=4559&cs_search= HTTP/1.1" 200 7615 "-" "Mozilla/5.0 (compatible; AhrefsBot/5.0; +http://ahrefs.com/robot/)"
5.10.83.33 - - [17/Dec/2013:05:32:06 +0100] "GET /lexikon.php?cs_go=3&cs_id=76 HTTP/1.1" 200 6087 "-" "Mozilla/5.0 (compatible; AhrefsBot/5.0; +http://ahrefs.com/robot/)"
5.10.83.92 - - [17/Dec/2013:05:33:42 +0100] "GET /standard.php HTTP/1.1" 200 6770 "-" "Mozilla/5.0 (compatible; AhrefsBot/5.0; +http://ahrefs.com/robot/)"
5.10.83.33 - - [17/Dec/2013:05:45:05 +0100] "GET /kontakt.php HTTP/1.1" 200 6966 "-" "Mozilla/5.0 (compatible; AhrefsBot/5.0; +http://ahrefs.com/robot/)"
5.10.83.35 - - [17/Dec/2013:05:46:28 +0100] "GET /news.php?cs_go=archiv&cs_id=4595&cs_search= HTTP/1.1" 200 7539 "-" "Mozilla/5.0 (compatible; AhrefsBot/5.0; +http://ahrefs.com/robot/)"
5.10.83.35 - - [17/Dec/2013:05:51:22 +0100] "GET /lexikon.php?cs_go=2&cs_char=y HTTP/1.1" 200 6174 "-" "Mozilla/5.0 (compatible; AhrefsBot/5.0; +http://ahrefs.com/robot/)"
5.10.83.38 - - [17/Dec/2013:05:55:42 +0100] "GET /lexikon.php?cs_go=2&cs_char=v HTTP/1.1" 200 6681 "-" "Mozilla/5.0 (compatible; AhrefsBot/5.0; +http://ahrefs.com/robot/)"
66.249.78.46 - - [17/Dec/2013:06:03:52 +0100] "GET /news.php?cs_go=archiv&cs_id=4292&cs_search= HTTP/1.1" 200 7482 "-" "Mozilla/5.0 (compatible; Googlebot/2.1; +http://www.google.com/bot.html)"
5.10.83.40 - - [17/Dec/2013:06:06:18 +0100] "GET /news.php?cs_go=archiv&cs_startpos=111 HTTP/1.1" 200 20108 "-" "Mozilla/5.0 (compatible; AhrefsBot/5.0; +http://ahrefs.com/robot/)"
78.158.11.226 - - [17/Dec/2013:06:13:23 +0100] "GET / HTTP/1.1" 200 12400 "http://evuln.com/tools/malware-scanner/www.mink-gmbh.de/" "Lynx/2.8.5rel.1 libwww-FM/2.15FC SSL-MM/1.4.1c OpenSSL/0.9.7e-dev"
78.158.11.226 - - [17/Dec/2013:06:13:24 +0100] "GET / HTTP/1.1" 200 6723 "http://www.google.com/url?sa=t&rct=j&q=www.mink-gmbh.de&source=web&cd=5&ved=0CF0QFjAE&url=http:%2F%2Fwww.mink-gmbh.de%2F&cad=rja" "Lynx/2.8.5rel.1 libwww-FM/2.15FC SSL-MM/1.4.1c OpenSSL/0.9.7e-dev"
78.158.11.226 - - [17/Dec/2013:06:13:25 +0100] "GET /news.php?cs_go=archiv&cs_id=4776 HTTP/1.1" 200 7526 "-" "Lynx/2.8.5rel.1 libwww-FM/2.15FC SSL-MM/1.4.1c OpenSSL/0.9.7e-dev"
5.10.83.40 - - [17/Dec/2013:06:18:13 +0100] "GET /lexikon.php?cs_go=3&cs_id=75 HTTP/1.1" 200 6160 "-" "Mozilla/5.0 (compatible; AhrefsBot/5.0; +http://ahrefs.com/robot/)"
5.10.83.101 - - [17/Dec/2013:06:47:33 +0100] "GET /lexikon.php?cs_go=3&cs_id=102 HTTP/1.1" 200 5552 "-" "Mozilla/5.0 (compatible; AhrefsBot/5.0; +http://ahrefs.com/robot/)"
5.10.83.58 - - [17/Dec/2013:06:48:33 +0100] "GET /lexikon.php?cs_go=3&cs_id=64 HTTP/1.1" 200 6293 "-" "Mozilla/5.0 (compatible; AhrefsBot/5.0; +http://ahrefs.com/robot/)"
208.115.113.91 - - [17/Dec/2013:06:49:32 +0100] "GET /news.php?cs_go=archiv&cs_startpos=220 HTTP/1.1" 200 6058 "-" "Mozilla/5.0 (compatible; Ezooms/1.0; help@moz.com)"
5.10.83.40 - - [17/Dec/2013:06:53:35 +0100] "GET /lexikon.php?cs_go=3&cs_id=150 HTTP/1.1" 200 5782 "-" "Mozilla/5.0 (compatible; AhrefsBot/5.0; +http://ahrefs.com/robot/)"
202.105.63.56 - - [17/Dec/2013:06:58:29 +0100] "GET /news.php?cs_go=archiv&cs_id=4732 HTTP/1.1" 200 7555 "-" "Mozilla/4.0 (compatible; MSIE 6.0; Windows NT 5.1; SV1; Mozilla/4.0 (compatible; MSIE 6.0; Windows NT 5.1; SV1) ; .NET CLR 2.0.50727 ; .NET CLR 4.0.30319)"
66.249.78.46 - - [17/Dec/2013:07:02:39 +0100] "GET /news.php?cs_go=archiv&cs_id=4160&cs_search= HTTP/1.1" 200 7554 "-" "Mozilla/5.0 (compatible; Googlebot/2.1; +http://www.google.com/bot.html)"
5.10.83.33 - - [17/Dec/2013:07:15:16 +0100] "GET /lexikon.php?cs_go=3&cs_id=213 HTTP/1.1" 200 6056 "-" "Mozilla/5.0 (compatible; AhrefsBot/5.0; +http://ahrefs.com/robot/)"
5.10.83.82 - - [17/Dec/2013:07:43:43 +0100] "GET /news.php?cs_go=archiv&cs_id=4709&cs_search= HTTP/1.1" 200 7939 "-" "Mozilla/5.0 (compatible; AhrefsBot/5.0; +http://ahrefs.com/robot/)"
5.10.83.92 - - [17/Dec/2013:07:51:17 +0100] "GET /news.php?cs_go=archiv&cs_id=4686&cs_search= HTTP/1.1" 200 7513 "-" "Mozilla/5.0 (compatible; AhrefsBot/5.0; +http://ahrefs.com/robot/)"
213.144.5.151 - - [17/Dec/2013:07:56:16 +0100] "GET / HTTP/1.1" 200 12400 "-" "Mozilla/5.0 (Windows NT 6.1; WOW64) AppleWebKit/537.11 (KHTML, like Gecko) Chrome/23.0.1271.91 Safari/537.11"
213.144.5.151 - - [17/Dec/2013:07:56:17 +0100] "GET / HTTP/1.1" 200 11660 "-" "Mozilla/5.0 (Windows NT 6.1; WOW64) AppleWebKit/537.11 (KHTML, like Gecko) Chrome/23.0.1271.91 Safari/537.11"
213.144.5.151 - - [17/Dec/2013:07:56:23 +0100] "GET /impressum.php HTTP/1.1" 200 6306 "-" "Mozilla/5.0 (Windows NT 6.1; WOW64) AppleWebKit/537.11 (KHTML, like Gecko) Chrome/23.0.1271.91 Safari/537.11"
213.144.5.151 - - [17/Dec/2013:07:56:23 +0100] "GET /impressum.php HTTP/1.1" 200 6306 "-" "Mozilla/5.0 (Windows NT 6.1; WOW64) AppleWebKit/537.11 (KHTML, like Gecko) Chrome/23.0.1271.91 Safari/537.11"
213.144.5.151 - - [17/Dec/2013:08:02:18 +0100] "GET /impressum.php HTTP/1.1" 200 6306 "-" "Mozilla/5.0 (Windows NT 6.1; WOW64) AppleWebKit/534.34 (KHTML, like Gecko) PhantomJS/1.9.2 Safari/534.34"
213.144.5.151 - - [17/Dec/2013:08:02:18 +0100] "GET /style.css HTTP/1.1" 200 8402 "http://www.mink-gmbh.de/impressum.php" "Mozilla/5.0 (Windows NT 6.1; WOW64) AppleWebKit/534.34 (KHTML, like Gecko) PhantomJS/1.9.2 Safari/534.34"
213.144.5.151 - - [17/Dec/2013:08:02:18 +0100] "GET /modul.css HTTP/1.1" 200 35038 "http://www.mink-gmbh.de/impressum.php" "Mozilla/5.0 (Windows NT 6.1; WOW64) AppleWebKit/534.34 (KHTML, like Gecko) PhantomJS/1.9.2 Safari/534.34"
213.144.5.151 - - [17/Dec/2013:08:02:18 +0100] "GET /images/bg.png HTTP/1.1" 200 922 "http://www.mink-gmbh.de/impressum.php" "Mozilla/5.0 (Windows NT 6.1; WOW64) AppleWebKit/534.34 (KHTML, like Gecko) PhantomJS/1.9.2 Safari/534.34"
213.144.5.151 - - [17/Dec/2013:08:02:18 +0100] "GET /images/wrapperbg.jpg HTTP/1.1" 200 27465 "http://www.mink-gmbh.de/impressum.php" "Mozilla/5.0 (Windows NT 6.1; WOW64) AppleWebKit/534.34 (KHTML, like Gecko) PhantomJS/1.9.2 Safari/534.34"
213.144.5.151 - - [17/Dec/2013:08:02:18 +0100] "GET /images/newsletter.png HTTP/1.1" 200 14619 "http://www.mink-gmbh.de/impressum.php" "Mozilla/5.0 (Windows NT 6.1; WOW64) AppleWebKit/534.34 (KHTML, like Gecko) PhantomJS/1.9.2 Safari/534.34"
213.144.5.151 - - [17/Dec/2013:08:02:18 +0100] "GET /images/header.jpg HTTP/1.1" 200 25189 "http://www.mink-gmbh.de/impressum.php" "Mozilla/5.0 (Windows NT 6.1; WOW64) AppleWebKit/534.34 (KHTML, like Gecko) PhantomJS/1.9.2 Safari/534.34"
213.144.5.151 - - [17/Dec/2013:08:02:18 +0100] "GET /images/navibg.png HTTP/1.1" 200 2803 "http://www.mink-gmbh.de/impressum.php" "Mozilla/5.0 (Windows NT 6.1; WOW64) AppleWebKit/534.34 (KHTML, like Gecko) PhantomJS/1.9.2 Safari/534.34"
213.144.5.151 - - [17/Dec/2013:08:02:18 +0100] "GET /images/kwk.gif HTTP/1.1" 200 6403 "http://www.mink-gmbh.de/impressum.php" "Mozilla/5.0 (Windows NT 6.1; WOW64) AppleWebKit/534.34 (KHTML, like Gecko) PhantomJS/1.9.2 Safari/534.34"
213.144.5.151 - - [17/Dec/2013:08:02:18 +0100] "GET /images/wunschpreis.jpg HTTP/1.1" 200 16767 "http://www.mink-gmbh.de/impressum.php" "Mozilla/5.0 (Windows NT 6.1; WOW64) AppleWebKit/534.34 (KHTML, like Gecko) PhantomJS/1.9.2 Safari/534.34"
213.144.5.151 - - [17/Dec/2013:08:02:18 +0100] "GET /images/logos.jpg HTTP/1.1" 200 35043 "http://www.mink-gmbh.de/impressum.php" "Mozilla/5.0 (Windows NT 6.1; WOW64) AppleWebKit/534.34 (KHTML, like Gecko) PhantomJS/1.9.2 Safari/534.34"
213.144.5.151 - - [17/Dec/2013:08:02:18 +0100] "GET /images/footerbg.jpg HTTP/1.1" 200 2184 "http://www.mink-gmbh.de/impressum.php" "Mozilla/5.0 (Windows NT 6.1; WOW64) AppleWebKit/534.34 (KHTML, like Gecko) PhantomJS/1.9.2 Safari/534.34"
213.144.5.151 - - [17/Dec/2013:08:02:18 +0100] "GET /images/freecall.jpg HTTP/1.1" 200 39195 "http://www.mink-gmbh.de/impressum.php" "Mozilla/5.0 (Windows NT 6.1; WOW64) AppleWebKit/534.34 (KHTML, like Gecko) PhantomJS/1.9.2 Safari/534.34"
213.144.5.151 - - [17/Dec/2013:08:02:24 +0100] "GET /impressum.php HTTP/1.1" 200 6306 "-" "Mozilla/5.0 (Windows; U; Windows NT 6.1; de-DE) AppleWebKit/533.3 (KHTML, like Gecko) Qt/4.7.1 Safari/533.3"
213.144.5.151 - - [17/Dec/2013:08:02:24 +0100] "GET /style.css HTTP/1.1" 200 8402 "http://www.mink-gmbh.de/impressum.php" "Mozilla/5.0 (Windows; U; Windows NT 6.1; de-DE) AppleWebKit/533.3 (KHTML, like Gecko) Qt/4.7.1 Safari/533.3"
213.144.5.151 - - [17/Dec/2013:08:02:24 +0100] "GET /modul.css HTTP/1.1" 200 35038 "http://www.mink-gmbh.de/impressum.php" "Mozilla/5.0 (Windows; U; Windows NT 6.1; de-DE) AppleWebKit/533.3 (KHTML, like Gecko) Qt/4.7.1 Safari/533.3"
213.144.5.151 - - [17/Dec/2013:08:02:24 +0100] "GET /images/newsletter.png HTTP/1.1" 200 14619 "http://www.mink-gmbh.de/impressum.php" "Mozilla/5.0 (Windows; U; Windows NT 6.1; de-DE) AppleWebKit/533.3 (KHTML, like Gecko) Qt/4.7.1 Safari/533.3"
213.144.5.151 - - [17/Dec/2013:08:02:24 +0100] "GET /images/wrapperbg.jpg HTTP/1.1" 200 27465 "http://www.mink-gmbh.de/impressum.php" "Mozilla/5.0 (Windows; U; Windows NT 6.1; de-DE) AppleWebKit/533.3 (KHTML, like Gecko) Qt/4.7.1 Safari/533.3"
213.144.5.151 - - [17/Dec/2013:08:02:24 +0100] "GET /images/bg.png HTTP/1.1" 200 922 "http://www.mink-gmbh.de/impressum.php" "Mozilla/5.0 (Windows; U; Windows NT 6.1; de-DE) AppleWebKit/533.3 (KHTML, like Gecko) Qt/4.7.1 Safari/533.3"
213.144.5.151 - - [17/Dec/2013:08:02:24 +0100] "GET /images/header.jpg HTTP/1.1" 200 25189 "http://www.mink-gmbh.de/impressum.php" "Mozilla/5.0 (Windows; U; Windows NT 6.1; de-DE) AppleWebKit/533.3 (KHTML, like Gecko) Qt/4.7.1 Safari/533.3"
213.144.5.151 - - [17/Dec/2013:08:02:24 +0100] "GET /images/navibg.png HTTP/1.1" 200 2803 "http://www.mink-gmbh.de/impressum.php" "Mozilla/5.0 (Windows; U; Windows NT 6.1; de-DE) AppleWebKit/533.3 (KHTML, like Gecko) Qt/4.7.1 Safari/533.3"
213.144.5.151 - - [17/Dec/2013:08:02:24 +0100] "GET /images/kwk.gif HTTP/1.1" 200 6403 "http://www.mink-gmbh.de/impressum.php" "Mozilla/5.0 (Windows; U; Windows NT 6.1; de-DE) AppleWebKit/533.3 (KHTML, like Gecko) Qt/4.7.1 Safari/533.3"
213.144.5.151 - - [17/Dec/2013:08:02:24 +0100] "GET /images/wunschpreis.jpg HTTP/1.1" 200 16767 "http://www.mink-gmbh.de/impressum.php" "Mozilla/5.0 (Windows; U; Windows NT 6.1; de-DE) AppleWebKit/533.3 (KHTML, like Gecko) Qt/4.7.1 Safari/533.3"
213.144.5.151 - - [17/Dec/2013:08:02:24 +0100] "GET /images/logos.jpg HTTP/1.1" 200 35043 "http://www.mink-gmbh.de/impressum.php" "Mozilla/5.0 (Windows; U; Windows NT 6.1; de-DE) AppleWebKit/533.3 (KHTML, like Gecko) Qt/4.7.1 Safari/533.3"
213.144.5.151 - - [17/Dec/2013:08:02:24 +0100] "GET /images/footerbg.jpg HTTP/1.1" 200 2184 "http://www.mink-gmbh.de/impressum.php" "Mozilla/5.0 (Windows; U; Windows NT 6.1; de-DE) AppleWebKit/533.3 (KHTML, like Gecko) Qt/4.7.1 Safari/533.3"
213.144.5.151 - - [17/Dec/2013:08:02:24 +0100] "GET /images/freecall.jpg HTTP/1.1" 200 39195 "http://www.mink-gmbh.de/impressum.php" "Mozilla/5.0 (Windows; U; Windows NT 6.1; de-DE) AppleWebKit/533.3 (KHTML, like Gecko) Qt/4.7.1 Safari/533.3"
5.10.83.42 - - [17/Dec/2013:08:07:57 +0100] "GET /news.php?cs_go=archiv&cs_id=4603&cs_search= HTTP/1.1" 200 5365 "-" "Mozilla/5.0 (compatible; AhrefsBot/5.0; +http://ahrefs.com/robot/)"
66.249.78.46 - - [17/Dec/2013:08:08:47 +0100] "GET /news.php?cs_go=archiv&cs_id=4378 HTTP/1.1" 200 5365 "-" "Mozilla/5.0 (compatible; Googlebot/2.1; +http://www.google.com/bot.html)"
5.10.83.92 - - [17/Dec/2013:08:11:20 +0100] "GET /news.php?cs_go=archiv&cs_id=4689&cs_search= HTTP/1.1" 200 5365 "-" "Mozilla/5.0 (compatible; AhrefsBot/5.0; +http://ahrefs.com/robot/)"
5.10.83.58 - - [17/Dec/2013:08:14:51 +0100] "GET /news.php?cs_go=archiv&cs_id=4662&cs_search= HTTP/1.1" 200 11527 "-" "Mozilla/5.0 (compatible; AhrefsBot/5.0; +http://ahrefs.com/robot/)"
5.10.83.35 - - [17/Dec/2013:08:24:56 +0100] "GET /news.php?cs_go=archiv&cs_startpos=100 HTTP/1.1" 200 20404 "-" "Mozilla/5.0 (compatible; AhrefsBot/5.0; +http://ahrefs.com/robot/)"
66.249.78.46 - - [17/Dec/2013:08:27:28 +0100] "GET /news.php?cs_go=archiv&cs_id=4769&cs_search= HTTP/1.1" 200 7668 "-" "Mozilla/5.0 (iPhone; CPU iPhone OS 6_0 like Mac OS X) AppleWebKit/536.26 (KHTML, like Gecko) Version/6.0 Mobile/10A5376e Safari/8536.25 (compatible; Googlebot-Mobile/2.1; +http://www.google.com/bot.html)"
5.10.83.33 - - [17/Dec/2013:08:28:38 +0100] "GET /news.php?cs_go=archiv&cs_startpos=10 HTTP/1.1" 200 20121 "-" "Mozilla/5.0 (compatible; AhrefsBot/5.0; +http://ahrefs.com/robot/)"
5.10.83.37 - - [17/Dec/2013:08:44:32 +0100] "GET /lexikon.php?cs_go=3&cs_id=194 HTTP/1.1" 200 5574 "-" "Mozilla/5.0 (compatible; AhrefsBot/5.0; +http://ahrefs.com/robot/)"
208.115.113.91 - - [17/Dec/2013:08:49:26 +0100] "GET /robots.txt HTTP/1.1" 200 177 "-" "Mozilla/5.0 (compatible; Ezooms/1.0; help@moz.com)"
5.10.83.33 - - [17/Dec/2013:08:59:49 +0100] "GET /lexikon.php?cs_go=3&cs_id=149 HTTP/1.1" 200 7293 "-" "Mozilla/5.0 (compatible; AhrefsBot/5.0; +http://ahrefs.com/robot/)"
65.36.241.79 - - [17/Dec/2013:09:00:52 +0100] "HEAD / HTTP/1.1" 200 - "-" "InternetSeer.com"
5.10.83.50 - - [17/Dec/2013:09:09:18 +0100] "GET /kwk.php HTTP/1.1" 200 8447 "-" "Mozilla/5.0 (compatible; AhrefsBot/5.0; +http://ahrefs.com/robot/)"
5.10.83.42 - - [17/Dec/2013:09:12:58 +0100] "GET /news.php?cs_go=archiv&cs_id=4564&cs_search= HTTP/1.1" 200 11209 "-" "Mozilla/5.0 (compatible; AhrefsBot/5.0; +http://ahrefs.com/robot/)"
5.10.83.50 - - [17/Dec/2013:09:20:57 +0100] "GET /wunschpreis.php HTTP/1.1" 200 10237 "-" "Mozilla/5.0 (compatible; AhrefsBot/5.0; +http://ahrefs.com/robot/)"
5.10.83.101 - - [17/Dec/2013:09:22:40 +0100] "GET /lexikon.php?cs_go=3&cs_id=61 HTTP/1.1" 200 6356 "-" "Mozilla/5.0 (compatible; AhrefsBot/5.0; +http://ahrefs.com/robot/)"
5.10.83.33 - - [17/Dec/2013:09:27:11 +0100] "GET /lexikon.php?cs_go=3&cs_id=57 HTTP/1.1" 200 7641 "-" "Mozilla/5.0 (compatible; AhrefsBot/5.0; +http://ahrefs.com/robot/)"
5.10.83.50 - - [17/Dec/2013:09:27:37 +0100] "GET /news.php?cs_go=archiv&cs_id=4730&cs_search= HTTP/1.1" 200 9134 "-" "Mozilla/5.0 (compatible; AhrefsBot/5.0; +http://ahrefs.com/robot/)"
5.10.83.22 - - [17/Dec/2013:09:35:17 +0100] "GET /lexikon.php?cs_go=3&cs_id=11 HTTP/1.1" 200 5809 "-" "Mozilla/5.0 (compatible; AhrefsBot/5.0; +http://ahrefs.com/robot/)"
5.10.83.82 - - [17/Dec/2013:09:39:59 +0100] "GET /modernisierung.php?cs_gp_go=plus HTTP/1.1" 200 9252 "-" "Mozilla/5.0 (compatible; AhrefsBot/5.0; +http://ahrefs.com/robot/)"
5.10.83.92 - - [17/Dec/2013:09:41:51 +0100] "GET /lexikon.php?cs_go=3&cs_id=122 HTTP/1.1" 200 5783 "-" "Mozilla/5.0 (compatible; AhrefsBot/5.0; +http://ahrefs.com/robot/)"
66.249.78.46 - - [17/Dec/2013:09:44:19 +0100] "GET /news.php?cs_go=archiv&cs_id=4262 HTTP/1.1" 200 11347 "-" "Mozilla/5.0 (compatible; Googlebot/2.1; +http://www.google.com/bot.html)"
5.10.83.37 - - [17/Dec/2013:09:51:11 +0100] "GET /lexikon.php?cs_go=3&cs_id=198 HTTP/1.1" 200 6586 "-" "Mozilla/5.0 (compatible; AhrefsBot/5.0; +http://ahrefs.com/robot/)"
5.10.83.35 - - [17/Dec/2013:09:51:13 +0100] "GET /news.php?cs_go=archiv&cs_startpos=140 HTTP/1.1" 200 20451 "-" "Mozilla/5.0 (compatible; AhrefsBot/5.0; +http://ahrefs.com/robot/)"
5.10.83.35 - - [17/Dec/2013:09:53:48 +0100] "GET /lexikon.php?cs_go=3&cs_id=53 HTTP/1.1" 200 5743 "-" "Mozilla/5.0 (compatible; AhrefsBot/5.0; +http://ahrefs.com/robot/)"
5.10.83.37 - - [17/Dec/2013:09:57:10 +0100] "GET /lexikon.php?cs_go=3&cs_id=177 HTTP/1.1" 200 5546 "-" "Mozilla/5.0 (compatible; AhrefsBot/5.0; +http://ahrefs.com/robot/)"
212.185.124.34 - - [17/Dec/2013:10:08:59 +0100] "GET /optiplus.php HTTP/1.1" 200 8639 "http://www.google.de/url?sa=t&rct=j&q=&esrc=s&source=web&cd=1&ved=0CD4QFjAA&url=http%3A%2F%2Fwww.mink-gmbh.de%2Foptiplus.php&ei=ohSwUtjULsWntAaA4oFg&usg=AFQjCNEouGCMmLgK9iGVLaDNxyZZMZ_YPQ&bvm=bv.57967247,d.Yms" "Mozilla/5.0 (Windows NT 6.1; WOW64; rv:7.0.1) Gecko/20100101 Firefox/7.0.1"
212.185.124.34 - - [17/Dec/2013:10:08:59 +0100] "GET /style.css HTTP/1.1" 200 8402 "http://www.mink-gmbh.de/optiplus.php" "Mozilla/5.0 (Windows NT 6.1; WOW64; rv:7.0.1) Gecko/20100101 Firefox/7.0.1"
212.185.124.34 - - [17/Dec/2013:10:08:59 +0100] "GET /modul.css HTTP/1.1" 200 35038 "http://www.mink-gmbh.de/optiplus.php" "Mozilla/5.0 (Windows NT 6.1; WOW64; rv:7.0.1) Gecko/20100101 Firefox/7.0.1"
212.185.124.34 - - [17/Dec/2013:10:08:59 +0100] "GET /images/optiplus.jpg HTTP/1.1" 200 37436 "http://www.mink-gmbh.de/optiplus.php" "Mozilla/5.0 (Windows NT 6.1; WOW64; rv:7.0.1) Gecko/20100101 Firefox/7.0.1"
212.185.124.34 - - [17/Dec/2013:10:08:59 +0100] "GET /favicon.ico HTTP/1.1" 200 3638 "-" "Mozilla/5.0 (Windows NT 6.1; WOW64; rv:7.0.1) Gecko/20100101 Firefox/7.0.1"
212.185.124.34 - - [17/Dec/2013:10:08:59 +0100] "GET /images/Optiseite.jpg HTTP/1.1" 200 32107 "http://www.mink-gmbh.de/optiplus.php" "Mozilla/5.0 (Windows NT 6.1; WOW64; rv:7.0.1) Gecko/20100101 Firefox/7.0.1"
212.185.124.34 - - [17/Dec/2013:10:08:59 +0100] "GET /images/freecall.jpg HTTP/1.1" 200 39195 "http://www.mink-gmbh.de/optiplus.php" "Mozilla/5.0 (Windows NT 6.1; WOW64; rv:7.0.1) Gecko/20100101 Firefox/7.0.1"
212.185.124.34 - - [17/Dec/2013:10:08:59 +0100] "GET /images/kwk.gif HTTP/1.1" 200 6403 "http://www.mink-gmbh.de/optiplus.php" "Mozilla/5.0 (Windows NT 6.1; WOW64; rv:7.0.1) Gecko/20100101 Firefox/7.0.1"
212.185.124.34 - - [17/Dec/2013:10:08:59 +0100] "GET /images/wunschpreis.jpg HTTP/1.1" 200 16767 "http://www.mink-gmbh.de/optiplus.php" "Mozilla/5.0 (Windows NT 6.1; WOW64; rv:7.0.1) Gecko/20100101 Firefox/7.0.1"
212.185.124.34 - - [17/Dec/2013:10:08:59 +0100] "GET /images/logos.jpg HTTP/1.1" 200 35043 "http://www.mink-gmbh.de/optiplus.php" "Mozilla/5.0 (Windows NT 6.1; WOW64; rv:7.0.1) Gecko/20100101 Firefox/7.0.1"
212.185.124.34 - - [17/Dec/2013:10:09:00 +0100] "GET /images/navibg.png HTTP/1.1" 200 2803 "http://www.mink-gmbh.de/style.css" "Mozilla/5.0 (Windows NT 6.1; WOW64; rv:7.0.1) Gecko/20100101 Firefox/7.0.1"
212.185.124.34 - - [17/Dec/2013:10:09:00 +0100] "GET /images/bg.png HTTP/1.1" 200 922 "http://www.mink-gmbh.de/style.css" "Mozilla/5.0 (Windows NT 6.1; WOW64; rv:7.0.1) Gecko/20100101 Firefox/7.0.1"
212.185.124.34 - - [17/Dec/2013:10:09:00 +0100] "GET /images/footerbg.jpg HTTP/1.1" 200 2184 "http://www.mink-gmbh.de/style.css" "Mozilla/5.0 (Windows NT 6.1; WOW64; rv:7.0.1) Gecko/20100101 Firefox/7.0.1"
212.185.124.34 - - [17/Dec/2013:10:09:00 +0100] "GET /images/header.jpg HTTP/1.1" 200 25189 "http://www.mink-gmbh.de/style.css" "Mozilla/5.0 (Windows NT 6.1; WOW64; rv:7.0.1) Gecko/20100101 Firefox/7.0.1"
212.185.124.34 - - [17/Dec/2013:10:09:00 +0100] "GET /images/newsletter.png HTTP/1.1" 200 14619 "http://www.mink-gmbh.de/style.css" "Mozilla/5.0 (Windows NT 6.1; WOW64; rv:7.0.1) Gecko/20100101 Firefox/7.0.1"
212.185.124.34 - - [17/Dec/2013:10:09:00 +0100] "GET /images/wrapperbg.jpg HTTP/1.1" 200 27465 "http://www.mink-gmbh.de/style.css" "Mozilla/5.0 (Windows NT 6.1; WOW64; rv:7.0.1) Gecko/20100101 Firefox/7.0.1"
5.10.83.33 - - [17/Dec/2013:10:22:25 +0100] "GET /news.php?cs_go=archiv&cs_id=4720&cs_search= HTTP/1.1" 200 11046 "-" "Mozilla/5.0 (compatible; AhrefsBot/5.0; +http://ahrefs.com/robot/)"
5.10.83.33 - - [17/Dec/2013:10:40:42 +0100] "GET /foerdermittel.php HTTP/1.1" 200 10473 "-" "Mozilla/5.0 (compatible; AhrefsBot/5.0; +http://ahrefs.com/robot/)"
208.115.111.75 - - [17/Dec/2013:10:47:17 +0100] "GET /robots.txt HTTP/1.1" 200 177 "-" "Mozilla/5.0 (compatible; Ezooms/1.0; help@moz.com)"
66.249.78.46 - - [17/Dec/2013:10:48:33 +0100] "GET /news.php?cs_go=archiv&cs_id=4405 HTTP/1.1" 200 8832 "-" "SAMSUNG-SGH-E250/1.0 Profile/MIDP-2.0 Configuration/CLDC-1.1 UP.Browser/6.2.3.3.c.1.101 (GUI) MMP/2.0 (compatible; Googlebot-Mobile/2.1; +http://www.google.com/bot.html)"
5.10.83.82 - - [17/Dec/2013:10:51:12 +0100] "GET /news.php?cs_go=archiv&cs_startpos=30 HTTP/1.1" 200 20528 "-" "Mozilla/5.0 (compatible; AhrefsBot/5.0; +http://ahrefs.com/robot/)"
208.115.113.91 - - [17/Dec/2013:10:52:17 +0100] "GET /faq.php HTTP/1.1" 200 216831 "-" "Mozilla/5.0 (compatible; Ezooms/1.0; help@moz.com)"
208.115.113.91 - - [17/Dec/2013:10:52:22 +0100] "GET /news.php?cs_go=archiv HTTP/1.1" 200 19772 "-" "Mozilla/5.0 (compatible; Ezooms/1.0; help@moz.com)"
208.115.113.91 - - [17/Dec/2013:10:52:25 +0100] "GET /news.php?cs_go=archiv&cs_id=4670&cs_search= HTTP/1.1" 200 7530 "-" "Mozilla/5.0 (compatible; Ezooms/1.0; help@moz.com)"
5.10.83.37 - - [17/Dec/2013:10:57:00 +0100] "GET /news.php?cs_go=archiv&cs_id=4769&cs_search= HTTP/1.1" 200 7668 "-" "Mozilla/5.0 (compatible; AhrefsBot/5.0; +http://ahrefs.com/robot/)"
82.94.179.38 - - [17/Dec/2013:11:14:47 +0100] "GET /robots.txt HTTP/1.0" 200 177 "-" "Mozilla/4.0 (compatible; Freshbot/1.0/EU; http://webagent.wise-guys.nl/)"
82.94.179.38 - - [17/Dec/2013:11:14:47 +0100] "GET /news.php?cs_go=archiv&cs_id=4775 HTTP/1.1" 200 11726 "-" "Mozilla/5.0 (X11; Linux i686; rv:6.0) Gecko/20100101 Firefox/6.0 (Freshbot/1.0/EU; http://webagent.wise-guys.nl/)"
5.10.83.33 - - [17/Dec/2013:11:15:39 +0100] "GET /news.php?cs_go=archiv&cs_startpos=211 HTTP/1.1" 200 6249 "-" "Mozilla/5.0 (compatible; AhrefsBot/5.0; +http://ahrefs.com/robot/)"
82.94.179.38 - - [17/Dec/2013:11:19:24 +0100] "GET /news.php?cs_go=archiv&cs_id=4751 HTTP/1.1" 200 10507 "-" "Mozilla/5.0 (X11; Linux i686; rv:6.0) Gecko/20100101 Firefox/6.0 (Freshbot/1.0/EU; http://webagent.wise-guys.nl/)"
82.94.179.38 - - [17/Dec/2013:11:24:00 +0100] "GET /news.php?cs_go=archiv&cs_id=4776 HTTP/1.1" 200 7526 "-" "Mozilla/5.0 (X11; Linux i686; rv:6.0) Gecko/20100101 Firefox/6.0 (Freshbot/1.0/EU; http://webagent.wise-guys.nl/)"
82.94.179.38 - - [17/Dec/2013:11:28:40 +0100] "GET /news.php?cs_go=archiv&cs_id=4777 HTTP/1.1" 200 11430 "-" "Mozilla/5.0 (X11; Linux i686; rv:6.0) Gecko/20100101 Firefox/6.0 (Freshbot/1.0/EU; http://webagent.wise-guys.nl/)"
5.10.83.58 - - [17/Dec/2013:11:29:08 +0100] "GET /news.php?cs_go=archiv&cs_id=4621&cs_search= HTTP/1.1" 200 9015 "-" "Mozilla/5.0 (compatible; AhrefsBot/5.0; +http://ahrefs.com/robot/)"
5.10.83.42 - - [17/Dec/2013:11:42:55 +0100] "GET /lexikon.php?cs_go=2&cs_char=h HTTP/1.1" 200 6364 "-" "Mozilla/5.0 (compatible; AhrefsBot/5.0; +http://ahrefs.com/robot/)"
