5.10.83.97 - - [07/Dec/2013:10:03:50 +0100] "GET /lexikon.php?cs_go=3&cs_id=212 HTTP/1.1" 200 6107 "-" "Mozilla/5.0 (compatible; AhrefsBot/5.0; +http://ahrefs.com/robot/)"
5.10.83.2 - - [07/Dec/2013:10:04:34 +0100] "GET /news.php?cs_go=archiv&cs_id=4731&cs_search= HTTP/1.1" 200 11616 "-" "Mozilla/5.0 (compatible; AhrefsBot/5.0; +http://ahrefs.com/robot/)"
5.9.88.119 - - [07/Dec/2013:10:12:23 +0100] "GET /news.php?cs_go=archiv&cs_id=4583&cs_search= HTTP/1.1" 200 13188 "-" "Mozilla/5.0 (compatible; Infohelfer/1.3.3; +http://www.infohelfer.de/crawler.php)"
5.10.83.49 - - [07/Dec/2013:10:18:06 +0100] "GET /lexikon.php?cs_go=3&cs_id=118 HTTP/1.1" 200 6068 "-" "Mozilla/5.0 (compatible; AhrefsBot/5.0; +http://ahrefs.com/robot/)"
178.63.58.213 - - [07/Dec/2013:10:18:40 +0100] "GET /robots.txt HTTP/1.0" 200 177 "-" "Mozilla/5.0 (compatible; MJ12bot/v1.4.4; http://www.majestic12.co.uk/bot.php?+)"
178.63.58.213 - - [07/Dec/2013:10:18:42 +0100] "GET /edl.php HTTP/1.0" 200 8596 "-" "Mozilla/5.0 (compatible; MJ12bot/v1.4.4; http://www.majestic12.co.uk/bot.php?+)"
178.63.58.213 - - [07/Dec/2013:10:18:44 +0100] "GET /faq.php HTTP/1.0" 200 216831 "-" "Mozilla/5.0 (compatible; MJ12bot/v1.4.4; http://www.majestic12.co.uk/bot.php?+)"
178.63.58.213 - - [07/Dec/2013:10:18:46 +0100] "GET /foerdermittel.php HTTP/1.0" 200 10473 "-" "Mozilla/5.0 (compatible; MJ12bot/v1.4.4; http://www.majestic12.co.uk/bot.php?+)"
178.63.58.213 - - [07/Dec/2013:10:18:48 +0100] "GET /index.php HTTP/1.0" 200 12355 "-" "Mozilla/5.0 (compatible; MJ12bot/v1.4.4; http://www.majestic12.co.uk/bot.php?+)"
178.63.58.213 - - [07/Dec/2013:10:18:50 +0100] "GET /modernisierung.php HTTP/1.0" 200 9252 "-" "Mozilla/5.0 (compatible; MJ12bot/v1.4.4; http://www.majestic12.co.uk/bot.php?+)"
5.10.83.103 - - [07/Dec/2013:10:20:11 +0100] "GET /lexikon.php?cs_go=3&cs_id=111 HTTP/1.1" 200 5621 "-" "Mozilla/5.0 (compatible; AhrefsBot/5.0; +http://ahrefs.com/robot/)"
5.10.83.97 - - [07/Dec/2013:10:25:28 +0100] "GET /additive.php HTTP/1.1" 200 5937 "-" "Mozilla/5.0 (compatible; AhrefsBot/5.0; +http://ahrefs.com/robot/)"
66.249.74.81 - - [07/Dec/2013:10:28:53 +0100] "GET /news.php?cs_go=archiv&cs_id=4738&cs_search= HTTP/1.1" 200 11728 "-" "Mozilla/5.0 (iPhone; CPU iPhone OS 6_0 like Mac OS X) AppleWebKit/536.26 (KHTML, like Gecko) Version/6.0 Mobile/10A5376e Safari/8536.25 (compatible; Googlebot-Mobile/2.1; +http://www.google.com/bot.html)"
5.10.83.90 - - [07/Dec/2013:10:33:10 +0100] "GET /news.php?cs_go=archiv&cs_id=4579&cs_search= HTTP/1.1" 200 8969 "-" "Mozilla/5.0 (compatible; AhrefsBot/5.0; +http://ahrefs.com/robot/)"
5.10.83.49 - - [07/Dec/2013:10:37:37 +0100] "GET /news.php?cs_go=archiv&cs_id=4668&cs_search= HTTP/1.1" 200 7860 "-" "Mozilla/5.0 (compatible; AhrefsBot/5.0; +http://ahrefs.com/robot/)"
208.115.111.75 - - [07/Dec/2013:10:47:43 +0100] "GET /robots.txt HTTP/1.1" 200 177 "-" "Mozilla/5.0 (compatible; Ezooms/1.0; help@moz.com)"
5.10.83.68 - - [07/Dec/2013:10:47:44 +0100] "GET /news.php?cs_go=archiv&cs_id=4626&cs_search= HTTP/1.1" 200 9083 "-" "Mozilla/5.0 (compatible; AhrefsBot/5.0; +http://ahrefs.com/robot/)"
208.115.113.91 - - [07/Dec/2013:10:50:44 +0100] "GET /news.php?cs_go=archiv&cs_id=4403&cs_search= HTTP/1.1" 200 7493 "-" "Mozilla/5.0 (compatible; Ezooms/1.0; help@moz.com)"
208.115.113.91 - - [07/Dec/2013:10:50:48 +0100] "GET /news.php?cs_go=archiv&cs_startpos=30 HTTP/1.1" 200 20177 "-" "Mozilla/5.0 (compatible; Ezooms/1.0; help@moz.com)"
5.10.83.79 - - [07/Dec/2013:10:53:52 +0100] "GET /lexikon.php?cs_go=3&cs_id=29 HTTP/1.1" 200 5955 "-" "Mozilla/5.0 (compatible; AhrefsBot/5.0; +http://ahrefs.com/robot/)"
5.10.83.11 - - [07/Dec/2013:10:56:25 +0100] "GET /lexikon.php?cs_go=3&cs_id=53 HTTP/1.1" 200 5743 "-" "Mozilla/5.0 (compatible; AhrefsBot/5.0; +http://ahrefs.com/robot/)"
5.10.83.79 - - [07/Dec/2013:11:06:08 +0100] "GET /\"http://www.brennstoffboerse.de/index.php?go=fluessiggas_tank\" HTTP/1.1" 404 - "-" "Mozilla/5.0 (compatible; AhrefsBot/5.0; +http://ahrefs.com/robot/)"
5.10.83.49 - - [07/Dec/2013:11:07:14 +0100] "GET /news.php?cs_go=archiv&cs_id=4720&cs_search= HTTP/1.1" 200 11046 "-" "Mozilla/5.0 (compatible; AhrefsBot/5.0; +http://ahrefs.com/robot/)"
5.10.83.49 - - [07/Dec/2013:11:19:11 +0100] "GET /news.php?cs_go=archiv&cs_id=4729&cs_search= HTTP/1.1" 200 8331 "-" "Mozilla/5.0 (compatible; AhrefsBot/5.0; +http://ahrefs.com/robot/)"
5.10.83.29 - - [07/Dec/2013:11:23:31 +0100] "GET / HTTP/1.1" 200 12355 "-" "Mozilla/5.0 (compatible; AhrefsBot/5.0; +http://ahrefs.com/robot/)"
5.10.83.79 - - [07/Dec/2013:11:34:14 +0100] "GET /news.php?cs_go=archiv&cs_id=4549&cs_search= HTTP/1.1" 200 7599 "-" "Mozilla/5.0 (compatible; AhrefsBot/5.0; +http://ahrefs.com/robot/)"
5.10.83.11 - - [07/Dec/2013:11:35:51 +0100] "GET /news.php?cs_go=archiv&cs_id=4683&cs_search= HTTP/1.1" 200 11589 "-" "Mozilla/5.0 (compatible; AhrefsBot/5.0; +http://ahrefs.com/robot/)"
5.10.83.34 - - [07/Dec/2013:11:51:52 +0100] "GET /news.php?cs_go=archiv&cs_id=4660&cs_search= HTTP/1.1" 200 7617 "-" "Mozilla/5.0 (compatible; AhrefsBot/5.0; +http://ahrefs.com/robot/)"
5.10.83.97 - - [07/Dec/2013:12:03:22 +0100] "GET /lexikon.php?cs_go=3&cs_id=98 HTTP/1.1" 200 5979 "-" "Mozilla/5.0 (compatible; AhrefsBot/5.0; +http://ahrefs.com/robot/)"
5.10.83.2 - - [07/Dec/2013:12:09:44 +0100] "GET /news.php?cs_go=archiv&cs_startpos=51 HTTP/1.1" 200 20325 "-" "Mozilla/5.0 (compatible; AhrefsBot/5.0; +http://ahrefs.com/robot/)"
5.10.83.90 - - [07/Dec/2013:12:13:59 +0100] "GET /news.php?cs_go=archiv&cs_id=4585&cs_search= HTTP/1.1" 200 7652 "-" "Mozilla/5.0 (compatible; AhrefsBot/5.0; +http://ahrefs.com/robot/)"
5.10.83.71 - - [07/Dec/2013:12:14:21 +0100] "GET /news.php?cs_go=archiv&cs_id=4570&cs_search= HTTP/1.1" 200 8313 "-" "Mozilla/5.0 (compatible; AhrefsBot/5.0; +http://ahrefs.com/robot/)"
5.10.83.103 - - [07/Dec/2013:12:27:27 +0100] "GET /news.php?cs_go=archiv&cs_startpos=241 HTTP/1.1" 200 5966 "-" "Mozilla/5.0 (compatible; AhrefsBot/5.0; +http://ahrefs.com/robot/)"
141.8.147.12 - - [07/Dec/2013:12:35:45 +0100] "GET /robots.txt HTTP/1.1" 200 177 "-" "Mozilla/5.0 (compatible; YandexBot/3.0; +http://yandex.com/bots)"
208.115.111.75 - - [07/Dec/2013:12:36:40 +0100] "GET /news.php?cs_go=archiv&cs_startpos=130 HTTP/1.1" 200 20539 "-" "Mozilla/5.0 (compatible; Ezooms/1.0; help@moz.com)"
217.69.133.221 - - [07/Dec/2013:12:47:34 +0100] "GET /robots.txt HTTP/1.1" 200 177 "-" "Mozilla/5.0 (compatible; Linux x86_64; Mail.RU_Bot/2.0; +http://go.mail.ru/help/robots)"
217.69.133.224 - - [07/Dec/2013:12:47:35 +0100] "GET /kontakt.php HTTP/1.1" 200 6966 "-" "Mozilla/5.0 (compatible; Linux x86_64; Mail.RU_Bot/2.0; +http://go.mail.ru/help/robots)"
5.10.83.97 - - [07/Dec/2013:12:49:56 +0100] "GET /lexikon.php?cs_go=3&cs_id=62 HTTP/1.1" 200 6132 "-" "Mozilla/5.0 (compatible; AhrefsBot/5.0; +http://ahrefs.com/robot/)"
208.115.113.91 - - [07/Dec/2013:12:52:44 +0100] "GET /robots.txt HTTP/1.1" 200 177 "-" "Mozilla/5.0 (compatible; Ezooms/1.0; help@moz.com)"
65.55.55.229 - - [07/Dec/2013:12:55:29 +0100] "GET /robots.txt HTTP/1.1" 200 177 "-" "Mozilla/5.0 (compatible; bingbot/2.0; +http://www.bing.com/bingbot.htm)"
65.55.55.229 - - [07/Dec/2013:12:56:11 +0100] "GET /www.solartechnikberater.de HTTP/1.1" 404 - "-" "Mozilla/5.0 (compatible; bingbot/2.0; +http://www.bing.com/bingbot.htm)"
141.8.147.12 - - [07/Dec/2013:13:11:27 +0100] "GET /news.php?cs_go=archiv&cs_id=4749&cs_search= HTTP/1.1" 200 11351 "-" "Mozilla/5.0 (compatible; YandexBot/3.0; +http://yandex.com/bots)"
141.8.147.12 - - [07/Dec/2013:13:11:32 +0100] "GET /news.php?cs_go=archiv&cs_id=4740&cs_search= HTTP/1.1" 200 7550 "-" "Mozilla/5.0 (compatible; YandexBot/3.0; +http://yandex.com/bots)"
141.8.147.12 - - [07/Dec/2013:13:11:34 +0100] "GET /news.php?cs_go=archiv&cs_id=4739&cs_search= HTTP/1.1" 200 9839 "-" "Mozilla/5.0 (compatible; YandexBot/3.0; +http://yandex.com/bots)"
141.8.147.12 - - [07/Dec/2013:13:11:37 +0100] "GET /news.php?cs_go=archiv&cs_id=4752 HTTP/1.1" 200 11598 "-" "Mozilla/5.0 (compatible; YandexBot/3.0; +http://yandex.com/bots)"
5.10.83.68 - - [07/Dec/2013:13:18:01 +0100] "GET /news.php?cs_go=archiv&cs_id=4736&cs_search= HTTP/1.1" 200 11535 "-" "Mozilla/5.0 (compatible; AhrefsBot/5.0; +http://ahrefs.com/robot/)"
66.249.66.49 - - [07/Dec/2013:13:19:18 +0100] "GET /robots.txt HTTP/1.1" 200 177 "-" "Mozilla/5.0 (compatible; Googlebot/2.1; +http://www.google.com/bot.html)"
66.249.66.49 - - [07/Dec/2013:13:19:18 +0100] "GET /wunschpreis.php HTTP/1.1" 200 10237 "-" "SAMSUNG-SGH-E250/1.0 Profile/MIDP-2.0 Configuration/CLDC-1.1 UP.Browser/6.2.3.3.c.1.101 (GUI) MMP/2.0 (compatible; Googlebot-Mobile/2.1; +http://www.google.com/bot.html)"
5.10.83.49 - - [07/Dec/2013:13:21:11 +0100] "GET /lexikon.php?cs_go=3&cs_id=123 HTTP/1.1" 200 5620 "-" "Mozilla/5.0 (compatible; AhrefsBot/5.0; +http://ahrefs.com/robot/)"
5.10.83.29 - - [07/Dec/2013:13:21:59 +0100] "GET /news.php?cs_go=archiv&cs_id=4526&cs_search= HTTP/1.1" 200 9321 "-" "Mozilla/5.0 (compatible; AhrefsBot/5.0; +http://ahrefs.com/robot/)"
65.36.241.79 - - [07/Dec/2013:14:18:33 +0100] "HEAD / HTTP/1.1" 200 - "-" "InternetSeer.com"
66.249.66.49 - - [07/Dec/2013:14:20:12 +0100] "GET /standard.php HTTP/1.1" 200 6770 "-" "DoCoMo/2.0 N905i(c100;TB;W24H16) (compatible; Googlebot-Mobile/2.1; +http://www.google.com/bot.html)"
217.172.189.42 - - [07/Dec/2013:14:32:59 +0100] "GET /robots.txt HTTP/1.1" 304 - "-" "Mozilla/5.0 (compatible; waybackarchive.org/1.0; +spider@waybackarchive.org)"
141.8.147.12 - - [07/Dec/2013:14:34:34 +0100] "GET /news.php?cs_go=archiv&cs_id=4741 HTTP/1.1" 200 11697 "-" "Mozilla/5.0 (compatible; YandexBot/3.0; +http://yandex.com/bots)"
208.115.113.91 - - [07/Dec/2013:14:52:10 +0100] "GET /news.php?cs_go=archiv&cs_startpos=240 HTTP/1.1" 200 5966 "-" "Mozilla/5.0 (compatible; Ezooms/1.0; help@moz.com)"
59.58.158.79 - - [07/Dec/2013:15:04:28 +0100] "GET /news.php?cs_go=archiv&cs_id=4112&cs_search= HTTP/1.0" 200 9435 "http://www.mink-gmbh.de/news.php?cs_go=archiv&cs_id=4112&cs_search=" "Mozilla/5.0 (Windows NT 6.1; WOW64) AppleWebKit/536.5 (KHTML, like Gecko) YaBrowser/1.1.1084.5409 Chrome/19.1.1084.5409 Safari/536.5"
66.249.66.49 - - [07/Dec/2013:15:05:45 +0100] "GET /news.php HTTP/1.1" 200 19810 "-" "Mozilla/5.0 (compatible; Googlebot/2.1; +http://www.google.com/bot.html)"
66.249.66.49 - - [07/Dec/2013:15:05:47 +0100] "GET / HTTP/1.1" 200 12355 "-" "Mozilla/5.0 (compatible; Googlebot/2.1; +http://www.google.com/bot.html)"
66.249.66.49 - - [07/Dec/2013:15:15:35 +0100] "GET /news.php?cs_go=archiv&cs_id=4763&cs_search= HTTP/1.1" 200 7481 "-" "Mozilla/5.0 (compatible; Googlebot/2.1; +http://www.google.com/bot.html)"
66.249.66.49 - - [07/Dec/2013:15:15:35 +0100] "GET /news.php?cs_go=archiv&cs_id=4758&cs_search= HTTP/1.1" 200 8181 "-" "Mozilla/5.0 (compatible; Googlebot/2.1; +http://www.google.com/bot.html)"
66.249.66.49 - - [07/Dec/2013:15:15:36 +0100] "GET /news.php?cs_go=archiv&cs_id=4764&cs_search= HTTP/1.1" 200 11663 "-" "Mozilla/5.0 (compatible; Googlebot/2.1; +http://www.google.com/bot.html)"
94.95.220.2 - - [07/Dec/2013:15:29:27 +0100] "GET //wallet.dat HTTP/1.1" 404 - "-" "Mozilla/4.0 (compatible; MSIE 6.0; Windows 98)"
5.10.83.34 - - [07/Dec/2013:15:47:30 +0100] "GET /news.php?cs_go=archiv&cs_id=4602&cs_search= HTTP/1.1" 200 7968 "-" "Mozilla/5.0 (compatible; AhrefsBot/5.0; +http://ahrefs.com/robot/)"
5.10.83.90 - - [07/Dec/2013:15:50:34 +0100] "GET /news.php?cs_go=archiv&cs_startpos=160 HTTP/1.1" 200 20579 "-" "Mozilla/5.0 (compatible; AhrefsBot/5.0; +http://ahrefs.com/robot/)"
5.10.83.71 - - [07/Dec/2013:15:50:59 +0100] "GET /news.php?cs_go=archiv&cs_id=4732&cs_search= HTTP/1.1" 200 7555 "-" "Mozilla/5.0 (compatible; AhrefsBot/5.0; +http://ahrefs.com/robot/)"
5.10.83.29 - - [07/Dec/2013:15:54:28 +0100] "GET /news.php?cs_go=archiv&cs_id=4681&cs_search= HTTP/1.1" 200 11362 "-" "Mozilla/5.0 (compatible; AhrefsBot/5.0; +http://ahrefs.com/robot/)"
5.10.83.2 - - [07/Dec/2013:15:59:42 +0100] "GET /kwk.php?cs_go=2 HTTP/1.1" 200 9418 "-" "Mozilla/5.0 (compatible; AhrefsBot/5.0; +http://ahrefs.com/robot/)"
5.10.83.97 - - [07/Dec/2013:16:02:25 +0100] "GET /standard.php HTTP/1.1" 200 6770 "-" "Mozilla/5.0 (compatible; AhrefsBot/5.0; +http://ahrefs.com/robot/)"
5.10.83.34 - - [07/Dec/2013:16:02:59 +0100] "GET /lexikon.php?cs_go=2&cs_char=i HTTP/1.1" 200 5966 "-" "Mozilla/5.0 (compatible; AhrefsBot/5.0; +http://ahrefs.com/robot/)"
5.10.83.34 - - [07/Dec/2013:16:01:28 +0100] "GET /news.php?cs_go=archiv&cs_id=4737 HTTP/1.1" 200 7515 "-" "Mozilla/5.0 (compatible; AhrefsBot/5.0; +http://ahrefs.com/robot/)"
5.10.83.34 - - [07/Dec/2013:16:02:43 +0100] "GET /news.php?cs_go=archiv&cs_startpos=50 HTTP/1.1" 200 10594 "-" "Mozilla/5.0 (compatible; AhrefsBot/5.0; +http://ahrefs.com/robot/)"
66.249.66.49 - - [07/Dec/2013:16:25:53 +0100] "GET /optiplus.php HTTP/1.1" 200 8639 "-" "Mozilla/5.0 (compatible; Googlebot/2.1; +http://www.google.com/bot.html)"
141.8.147.12 - - [07/Dec/2013:16:30:26 +0100] "GET /news.php?cs_go=archiv&cs_id=4753 HTTP/1.1" 200 7689 "-" "Mozilla/5.0 (compatible; YandexBot/3.0; +http://yandex.com/bots)"
5.10.83.29 - - [07/Dec/2013:16:48:56 +0100] "GET /lexikon.php?cs_go=2&cs_char=m HTTP/1.1" 200 6637 "-" "Mozilla/5.0 (compatible; AhrefsBot/5.0; +http://ahrefs.com/robot/)"
5.10.83.49 - - [07/Dec/2013:17:00:04 +0100] "GET /news.php?cs_go=archiv&cs_id=4529&cs_search= HTTP/1.1" 200 16549 "-" "Mozilla/5.0 (compatible; AhrefsBot/5.0; +http://ahrefs.com/robot/)"
5.10.83.90 - - [07/Dec/2013:17:01:10 +0100] "GET /lexikon.php?cs_go=3&cs_id=141 HTTP/1.1" 200 6440 "-" "Mozilla/5.0 (compatible; AhrefsBot/5.0; +http://ahrefs.com/robot/)"
5.10.83.29 - - [07/Dec/2013:17:04:06 +0100] "GET /news.php?cs_go=archiv&cs_id=4677&cs_search= HTTP/1.1" 200 9937 "-" "Mozilla/5.0 (compatible; AhrefsBot/5.0; +http://ahrefs.com/robot/)"
146.52.225.33 - - [07/Dec/2013:17:07:49 +0100] "GET /robots.txt HTTP/1.0" 200 177 "-" "Mozilla/5.0 (compatible; MJ12bot/v1.4.4; http://www.majestic12.co.uk/bot.php?+)"
146.52.225.33 - - [07/Dec/2013:17:07:53 +0100] "GET /agb.php HTTP/1.0" 200 17543 "-" "Mozilla/5.0 (compatible; MJ12bot/v1.4.4; http://www.majestic12.co.uk/bot.php?+)"
146.52.225.33 - - [07/Dec/2013:17:07:55 +0100] "GET /energiesparcheck.php HTTP/1.0" 200 11144 "-" "Mozilla/5.0 (compatible; MJ12bot/v1.4.4; http://www.majestic12.co.uk/bot.php?+)"
146.52.225.33 - - [07/Dec/2013:17:07:57 +0100] "GET /impressum.php HTTP/1.0" 200 6306 "-" "Mozilla/5.0 (compatible; MJ12bot/v1.4.4; http://www.majestic12.co.uk/bot.php?+)"
146.52.225.33 - - [07/Dec/2013:17:08:01 +0100] "GET /kontakt.php HTTP/1.0" 200 6966 "-" "Mozilla/5.0 (compatible; MJ12bot/v1.4.4; http://www.majestic12.co.uk/bot.php?+)"
146.52.225.33 - - [07/Dec/2013:17:08:04 +0100] "GET /kwk.php HTTP/1.0" 200 8447 "-" "Mozilla/5.0 (compatible; MJ12bot/v1.4.4; http://www.majestic12.co.uk/bot.php?+)"
146.52.225.33 - - [07/Dec/2013:17:08:07 +0100] "GET /news.php HTTP/1.0" 200 19810 "-" "Mozilla/5.0 (compatible; MJ12bot/v1.4.4; http://www.majestic12.co.uk/bot.php?+)"
146.52.225.33 - - [07/Dec/2013:17:08:11 +0100] "GET /news.php?cs_go=archiv&cs_id=4688&cs_search= HTTP/1.0" 200 8556 "-" "Mozilla/5.0 (compatible; MJ12bot/v1.4.4; http://www.majestic12.co.uk/bot.php?+)"
146.52.225.33 - - [07/Dec/2013:17:08:13 +0100] "GET /news.php?cs_go=archiv&cs_id=4689&cs_search= HTTP/1.0" 200 9366 "-" "Mozilla/5.0 (compatible; MJ12bot/v1.4.4; http://www.majestic12.co.uk/bot.php?+)"
146.52.225.33 - - [07/Dec/2013:17:08:19 +0100] "GET /news.php?cs_go=archiv&cs_id=4690&cs_search= HTTP/1.0" 200 9659 "-" "Mozilla/5.0 (compatible; MJ12bot/v1.4.4; http://www.majestic12.co.uk/bot.php?+)"
146.52.225.33 - - [07/Dec/2013:17:08:21 +0100] "GET /news.php?cs_go=archiv&cs_id=4697&cs_search= HTTP/1.0" 200 7447 "-" "Mozilla/5.0 (compatible; MJ12bot/v1.4.4; http://www.majestic12.co.uk/bot.php?+)"
146.52.225.33 - - [07/Dec/2013:17:08:35 +0100] "GET /news.php?cs_go=archiv&cs_id=4701&cs_search= HTTP/1.0" 200 11642 "-" "Mozilla/5.0 (compatible; MJ12bot/v1.4.4; http://www.majestic12.co.uk/bot.php?+)"
146.52.225.33 - - [07/Dec/2013:17:08:40 +0100] "GET /news.php?cs_go=archiv&cs_id=4702&cs_search= HTTP/1.0" 200 7792 "-" "Mozilla/5.0 (compatible; MJ12bot/v1.4.4; http://www.majestic12.co.uk/bot.php?+)"
146.52.225.33 - - [07/Dec/2013:17:08:42 +0100] "GET /news.php?cs_go=archiv&cs_id=4703&cs_search= HTTP/1.0" 200 10966 "-" "Mozilla/5.0 (compatible; MJ12bot/v1.4.4; http://www.majestic12.co.uk/bot.php?+)"
146.52.225.33 - - [07/Dec/2013:17:08:46 +0100] "GET /news.php?cs_go=archiv&cs_id=4704&cs_search= HTTP/1.0" 200 7528 "-" "Mozilla/5.0 (compatible; MJ12bot/v1.4.4; http://www.majestic12.co.uk/bot.php?+)"
146.52.225.33 - - [07/Dec/2013:17:08:51 +0100] "GET /news.php?cs_go=archiv&cs_id=4705&cs_search= HTTP/1.0" 200 7771 "-" "Mozilla/5.0 (compatible; MJ12bot/v1.4.4; http://www.majestic12.co.uk/bot.php?+)"
146.52.225.33 - - [07/Dec/2013:17:09:01 +0100] "GET /news.php?cs_go=archiv&cs_id=4706&cs_search= HTTP/1.0" 200 10955 "-" "Mozilla/5.0 (compatible; MJ12bot/v1.4.4; http://www.majestic12.co.uk/bot.php?+)"
146.52.225.33 - - [07/Dec/2013:17:09:19 +0100] "GET /news.php?cs_go=archiv&cs_id=4741&cs_search= HTTP/1.0" 200 11697 "-" "Mozilla/5.0 (compatible; MJ12bot/v1.4.4; http://www.majestic12.co.uk/bot.php?+)"
146.52.225.33 - - [07/Dec/2013:17:09:26 +0100] "GET /news.php?cs_go=archiv&cs_id=4742&cs_search= HTTP/1.0" 200 8998 "-" "Mozilla/5.0 (compatible; MJ12bot/v1.4.4; http://www.majestic12.co.uk/bot.php?+)"
146.52.225.33 - - [07/Dec/2013:17:09:31 +0100] "GET /news.php?cs_go=archiv&cs_id=4753&cs_search= HTTP/1.0" 200 7689 "-" "Mozilla/5.0 (compatible; MJ12bot/v1.4.4; http://www.majestic12.co.uk/bot.php?+)"
146.52.225.33 - - [07/Dec/2013:17:09:36 +0100] "GET /news.php?cs_go=archiv&cs_id=4758 HTTP/1.0" 200 8181 "-" "Mozilla/5.0 (compatible; MJ12bot/v1.4.4; http://www.majestic12.co.uk/bot.php?+)"
146.52.225.33 - - [07/Dec/2013:17:09:40 +0100] "GET /news.php?cs_go=archiv&cs_id=4758&cs_search= HTTP/1.0" 200 8181 "-" "Mozilla/5.0 (compatible; MJ12bot/v1.4.4; http://www.majestic12.co.uk/bot.php?+)"
146.52.225.33 - - [07/Dec/2013:17:09:43 +0100] "GET /news.php?cs_go=archiv&cs_id=4759&cs_search= HTTP/1.0" 200 11550 "-" "Mozilla/5.0 (compatible; MJ12bot/v1.4.4; http://www.majestic12.co.uk/bot.php?+)"
146.52.225.33 - - [07/Dec/2013:17:09:48 +0100] "GET /news.php?cs_go=archiv&cs_id=4760&cs_search= HTTP/1.0" 200 7631 "-" "Mozilla/5.0 (compatible; MJ12bot/v1.4.4; http://www.majestic12.co.uk/bot.php?+)"
146.52.225.33 - - [07/Dec/2013:17:09:53 +0100] "GET /news.php?cs_go=archiv&cs_id=4761&cs_search= HTTP/1.0" 200 8283 "-" "Mozilla/5.0 (compatible; MJ12bot/v1.4.4; http://www.majestic12.co.uk/bot.php?+)"
146.52.225.33 - - [07/Dec/2013:17:09:55 +0100] "GET /news.php?cs_go=archiv&cs_id=4762 HTTP/1.0" 200 11485 "-" "Mozilla/5.0 (compatible; MJ12bot/v1.4.4; http://www.majestic12.co.uk/bot.php?+)"
146.52.225.33 - - [07/Dec/2013:17:09:59 +0100] "GET /news.php?cs_go=archiv&cs_id=4762&cs_search= HTTP/1.0" 200 11485 "-" "Mozilla/5.0 (compatible; MJ12bot/v1.4.4; http://www.majestic12.co.uk/bot.php?+)"
146.52.225.33 - - [07/Dec/2013:17:10:05 +0100] "GET /news.php?cs_go=archiv&cs_id=4763 HTTP/1.0" 200 7481 "-" "Mozilla/5.0 (compatible; MJ12bot/v1.4.4; http://www.majestic12.co.uk/bot.php?+)"
146.52.225.33 - - [07/Dec/2013:17:10:17 +0100] "GET /news.php?cs_go=archiv&cs_id=4763&cs_search= HTTP/1.0" 200 7481 "-" "Mozilla/5.0 (compatible; MJ12bot/v1.4.4; http://www.majestic12.co.uk/bot.php?+)"
146.52.225.33 - - [07/Dec/2013:17:10:20 +0100] "GET /news.php?cs_go=archiv&cs_id=4764 HTTP/1.0" 200 11663 "-" "Mozilla/5.0 (compatible; MJ12bot/v1.4.4; http://www.majestic12.co.uk/bot.php?+)"
146.52.225.33 - - [07/Dec/2013:17:10:25 +0100] "GET /news.php?cs_go=archiv&cs_id=4764&cs_search= HTTP/1.0" 200 11663 "-" "Mozilla/5.0 (compatible; MJ12bot/v1.4.4; http://www.majestic12.co.uk/bot.php?+)"
146.52.225.33 - - [07/Dec/2013:17:10:28 +0100] "GET /newsletter.php HTTP/1.0" 200 6492 "-" "Mozilla/5.0 (compatible; MJ12bot/v1.4.4; http://www.majestic12.co.uk/bot.php?+)"
146.52.225.33 - - [07/Dec/2013:17:10:30 +0100] "GET /optiplus.php HTTP/1.0" 200 8639 "-" "Mozilla/5.0 (compatible; MJ12bot/v1.4.4; http://www.majestic12.co.uk/bot.php?+)"
146.52.225.33 - - [07/Dec/2013:17:10:39 +0100] "GET /preisanfrage.php HTTP/1.0" 200 8502 "-" "Mozilla/5.0 (compatible; MJ12bot/v1.4.4; http://www.majestic12.co.uk/bot.php?+)"
146.52.225.33 - - [07/Dec/2013:17:10:42 +0100] "GET /rueckrufservice.php HTTP/1.0" 200 8300 "-" "Mozilla/5.0 (compatible; MJ12bot/v1.4.4; http://www.majestic12.co.uk/bot.php?+)"
146.52.225.33 - - [07/Dec/2013:17:10:45 +0100] "GET /standard.php HTTP/1.0" 200 6770 "-" "Mozilla/5.0 (compatible; MJ12bot/v1.4.4; http://www.majestic12.co.uk/bot.php?+)"
146.52.225.33 - - [07/Dec/2013:17:10:51 +0100] "GET /wunschpreis.php HTTP/1.0" 200 10237 "-" "Mozilla/5.0 (compatible; MJ12bot/v1.4.4; http://www.majestic12.co.uk/bot.php?+)"
199.30.20.56 - - [07/Dec/2013:17:17:20 +0100] "GET /robots.txt HTTP/1.1" 200 177 "-" "msnbot-media/1.1 (+http://search.msn.com/msnbot.htm)"
199.30.20.56 - - [07/Dec/2013:17:17:20 +0100] "GET /wunschpreis.php HTTP/1.1" 200 10237 "-" "msnbot-media/1.1 (+http://search.msn.com/msnbot.htm)"
144.76.95.232 - - [07/Dec/2013:17:24:03 +0100] "GET /robots.txt HTTP/1.0" 200 177 "-" "Mozilla/5.0 (compatible; MJ12bot/v1.4.4; http://www.majestic12.co.uk/bot.php?+)"
144.76.95.232 - - [07/Dec/2013:17:24:05 +0100] "GET /news.php?cs_go=archiv&cs_id=4662&cs_search= HTTP/1.0" 200 11527 "-" "Mozilla/5.0 (compatible; MJ12bot/v1.4.4; http://www.majestic12.co.uk/bot.php?+)"
144.76.95.232 - - [07/Dec/2013:17:24:06 +0100] "GET /news.php?cs_go=archiv&cs_id=4663&cs_search= HTTP/1.0" 200 7755 "-" "Mozilla/5.0 (compatible; MJ12bot/v1.4.4; http://www.majestic12.co.uk/bot.php?+)"
144.76.95.232 - - [07/Dec/2013:17:24:08 +0100] "GET /news.php?cs_go=archiv&cs_id=4664&cs_search= HTTP/1.0" 200 7703 "-" "Mozilla/5.0 (compatible; MJ12bot/v1.4.4; http://www.majestic12.co.uk/bot.php?+)"
144.76.95.232 - - [07/Dec/2013:17:24:11 +0100] "GET /news.php?cs_go=archiv&cs_id=4665&cs_search= HTTP/1.0" 200 8135 "-" "Mozilla/5.0 (compatible; MJ12bot/v1.4.4; http://www.majestic12.co.uk/bot.php?+)"
144.76.95.232 - - [07/Dec/2013:17:24:15 +0100] "GET /news.php?cs_go=archiv&cs_id=4666&cs_search= HTTP/1.0" 200 11770 "-" "Mozilla/5.0 (compatible; MJ12bot/v1.4.4; http://www.majestic12.co.uk/bot.php?+)"
144.76.95.232 - - [07/Dec/2013:17:24:17 +0100] "GET /news.php?cs_go=archiv&cs_id=4667&cs_search= HTTP/1.0" 200 7519 "-" "Mozilla/5.0 (compatible; MJ12bot/v1.4.4; http://www.majestic12.co.uk/bot.php?+)"
144.76.95.232 - - [07/Dec/2013:17:24:19 +0100] "GET /news.php?cs_go=archiv&cs_id=4668&cs_search= HTTP/1.0" 200 7860 "-" "Mozilla/5.0 (compatible; MJ12bot/v1.4.4; http://www.majestic12.co.uk/bot.php?+)"
5.10.83.68 - - [07/Dec/2013:17:24:19 +0100] "GET /news.php?cs_go=archiv&cs_id=4728&cs_search= HTTP/1.1" 200 9648 "-" "Mozilla/5.0 (compatible; AhrefsBot/5.0; +http://ahrefs.com/robot/)"
144.76.95.232 - - [07/Dec/2013:17:24:21 +0100] "GET /news.php?cs_go=archiv&cs_id=4669&cs_search= HTTP/1.0" 200 11689 "-" "Mozilla/5.0 (compatible; MJ12bot/v1.4.4; http://www.majestic12.co.uk/bot.php?+)"
144.76.95.232 - - [07/Dec/2013:17:24:24 +0100] "GET /news.php?cs_go=archiv&cs_id=4670&cs_search= HTTP/1.0" 200 7530 "-" "Mozilla/5.0 (compatible; MJ12bot/v1.4.4; http://www.majestic12.co.uk/bot.php?+)"
144.76.95.232 - - [07/Dec/2013:17:24:29 +0100] "GET /news.php?cs_go=archiv&cs_id=4671&cs_search= HTTP/1.0" 200 12539 "-" "Mozilla/5.0 (compatible; MJ12bot/v1.4.4; http://www.majestic12.co.uk/bot.php?+)"
144.76.95.232 - - [07/Dec/2013:17:24:36 +0100] "GET /news.php?cs_go=archiv&cs_id=4672&cs_search= HTTP/1.0" 200 11387 "-" "Mozilla/5.0 (compatible; MJ12bot/v1.4.4; http://www.majestic12.co.uk/bot.php?+)"
144.76.95.232 - - [07/Dec/2013:17:24:38 +0100] "GET /news.php?cs_go=archiv&cs_id=4673&cs_search= HTTP/1.0" 200 7701 "-" "Mozilla/5.0 (compatible; MJ12bot/v1.4.4; http://www.majestic12.co.uk/bot.php?+)"
144.76.95.232 - - [07/Dec/2013:17:24:40 +0100] "GET /news.php?cs_go=archiv&cs_id=4674&cs_search= HTTP/1.0" 200 9618 "-" "Mozilla/5.0 (compatible; MJ12bot/v1.4.4; http://www.majestic12.co.uk/bot.php?+)"
144.76.95.232 - - [07/Dec/2013:17:24:43 +0100] "GET /news.php?cs_go=archiv&cs_id=4675&cs_search= HTTP/1.0" 200 8871 "-" "Mozilla/5.0 (compatible; MJ12bot/v1.4.4; http://www.majestic12.co.uk/bot.php?+)"
144.76.95.232 - - [07/Dec/2013:17:24:45 +0100] "GET /news.php?cs_go=archiv&cs_id=4676&cs_search= HTTP/1.0" 200 11598 "-" "Mozilla/5.0 (compatible; MJ12bot/v1.4.4; http://www.majestic12.co.uk/bot.php?+)"
144.76.95.232 - - [07/Dec/2013:17:24:47 +0100] "GET /news.php?cs_go=archiv&cs_id=4677&cs_search= HTTP/1.0" 200 9937 "-" "Mozilla/5.0 (compatible; MJ12bot/v1.4.4; http://www.majestic12.co.uk/bot.php?+)"
144.76.95.232 - - [07/Dec/2013:17:24:49 +0100] "GET /news.php?cs_go=archiv&cs_id=4678&cs_search= HTTP/1.0" 200 7591 "-" "Mozilla/5.0 (compatible; MJ12bot/v1.4.4; http://www.majestic12.co.uk/bot.php?+)"
144.76.95.232 - - [07/Dec/2013:17:24:50 +0100] "GET /robots.txt HTTP/1.0" 200 177 "-" "Mozilla/5.0 (compatible; MJ12bot/v1.4.4; http://www.majestic12.co.uk/bot.php?+)"
144.76.95.232 - - [07/Dec/2013:17:24:52 +0100] "GET /news.php?cs_go=archiv&cs_id=4679&cs_search= HTTP/1.0" 200 11686 "-" "Mozilla/5.0 (compatible; MJ12bot/v1.4.4; http://www.majestic12.co.uk/bot.php?+)"
144.76.95.232 - - [07/Dec/2013:17:24:56 +0100] "GET /news.php?cs_go=archiv&cs_id=4680&cs_search= HTTP/1.0" 200 7520 "-" "Mozilla/5.0 (compatible; MJ12bot/v1.4.4; http://www.majestic12.co.uk/bot.php?+)"
144.76.95.232 - - [07/Dec/2013:17:25:00 +0100] "GET /news.php?cs_go=archiv&cs_id=4681&cs_search= HTTP/1.0" 200 11362 "-" "Mozilla/5.0 (compatible; MJ12bot/v1.4.4; http://www.majestic12.co.uk/bot.php?+)"
144.76.95.232 - - [07/Dec/2013:17:25:42 +0100] "GET /news.php?cs_go=archiv&cs_id=4682&cs_search= HTTP/1.0" 200 7534 "-" "Mozilla/5.0 (compatible; MJ12bot/v1.4.4; http://www.majestic12.co.uk/bot.php?+)"
144.76.95.232 - - [07/Dec/2013:17:25:44 +0100] "GET /news.php?cs_go=archiv&cs_id=4683&cs_search= HTTP/1.0" 200 11589 "-" "Mozilla/5.0 (compatible; MJ12bot/v1.4.4; http://www.majestic12.co.uk/bot.php?+)"
144.76.95.232 - - [07/Dec/2013:17:25:48 +0100] "GET /news.php?cs_go=archiv&cs_id=4684&cs_search= HTTP/1.0" 200 11614 "-" "Mozilla/5.0 (compatible; MJ12bot/v1.4.4; http://www.majestic12.co.uk/bot.php?+)"
144.76.95.232 - - [07/Dec/2013:17:25:50 +0100] "GET /news.php?cs_go=archiv&cs_id=4685&cs_search= HTTP/1.0" 200 14039 "-" "Mozilla/5.0 (compatible; MJ12bot/v1.4.4; http://www.majestic12.co.uk/bot.php?+)"
144.76.95.232 - - [07/Dec/2013:17:25:54 +0100] "GET /robots.txt HTTP/1.0" 200 177 "-" "Mozilla/5.0 (compatible; MJ12bot/v1.4.4; http://www.majestic12.co.uk/bot.php?+)"
144.76.95.232 - - [07/Dec/2013:17:25:55 +0100] "GET /news.php?cs_go=archiv&cs_id=4686&cs_search= HTTP/1.0" 200 7513 "-" "Mozilla/5.0 (compatible; MJ12bot/v1.4.4; http://www.majestic12.co.uk/bot.php?+)"
144.76.95.232 - - [07/Dec/2013:17:25:57 +0100] "GET /news.php?cs_go=archiv&cs_id=4692&cs_search= HTTP/1.0" 200 11268 "-" "Mozilla/5.0 (compatible; MJ12bot/v1.4.4; http://www.majestic12.co.uk/bot.php?+)"
144.76.95.232 - - [07/Dec/2013:17:26:00 +0100] "GET /news.php?cs_go=archiv&cs_id=4693&cs_search= HTTP/1.0" 200 7930 "-" "Mozilla/5.0 (compatible; MJ12bot/v1.4.4; http://www.majestic12.co.uk/bot.php?+)"
144.76.95.232 - - [07/Dec/2013:17:26:05 +0100] "GET /news.php?cs_go=archiv&cs_id=4694&cs_search= HTTP/1.0" 200 7764 "-" "Mozilla/5.0 (compatible; MJ12bot/v1.4.4; http://www.majestic12.co.uk/bot.php?+)"
144.76.95.232 - - [07/Dec/2013:17:26:06 +0100] "GET /robots.txt HTTP/1.0" 200 177 "-" "Mozilla/5.0 (compatible; MJ12bot/v1.4.4; http://www.majestic12.co.uk/bot.php?+)"
144.76.95.232 - - [07/Dec/2013:17:26:08 +0100] "GET /news.php?cs_go=archiv&cs_id=4696&cs_search= HTTP/1.0" 200 8199 "-" "Mozilla/5.0 (compatible; MJ12bot/v1.4.4; http://www.majestic12.co.uk/bot.php?+)"
144.76.95.232 - - [07/Dec/2013:17:26:10 +0100] "GET /news.php?cs_go=archiv&cs_id=4698&cs_search= HTTP/1.0" 200 7476 "-" "Mozilla/5.0 (compatible; MJ12bot/v1.4.4; http://www.majestic12.co.uk/bot.php?+)"
5.10.83.103 - - [07/Dec/2013:17:29:21 +0100] "GET /news.php?cs_go=archiv&cs_id=4636&cs_search= HTTP/1.1" 200 11754 "-" "Mozilla/5.0 (compatible; AhrefsBot/5.0; +http://ahrefs.com/robot/)"
5.10.83.29 - - [07/Dec/2013:17:30:16 +0100] "GET /news.php?cs_go=archiv&cs_id=4505&cs_search= HTTP/1.1" 200 7541 "-" "Mozilla/5.0 (compatible; AhrefsBot/5.0; +http://ahrefs.com/robot/)"
157.55.33.183 - - [07/Dec/2013:17:30:18 +0100] "GET /robots.txt HTTP/1.1" 200 177 "-" "Mozilla/5.0 (compatible; bingbot/2.0; +http://www.bing.com/bingbot.htm)"
157.55.33.183 - - [07/Dec/2013:17:30:41 +0100] "GET /news.php?cs_go=archiv&cs_id=4567 HTTP/1.1" 200 9128 "-" "Mozilla/5.0 (compatible; bingbot/2.0; +http://www.bing.com/bingbot.htm)"
141.8.147.12 - - [07/Dec/2013:17:31:27 +0100] "GET /news.php?cs_go=archiv&cs_id=4759 HTTP/1.1" 200 11550 "-" "Mozilla/5.0 (compatible; YandexBot/3.0; +http://yandex.com/bots)"
66.249.66.49 - - [07/Dec/2013:17:32:08 +0100] "GET /faq.php HTTP/1.1" 200 216831 "-" "DoCoMo/2.0 N905i(c100;TB;W24H16) (compatible; Googlebot-Mobile/2.1; +http://www.google.com/bot.html)"
5.10.83.71 - - [07/Dec/2013:17:34:32 +0100] "GET /lexikon.php?cs_go=3&cs_id=39 HTTP/1.1" 200 5921 "-" "Mozilla/5.0 (compatible; AhrefsBot/5.0; +http://ahrefs.com/robot/)"
66.249.66.49 - - [07/Dec/2013:17:37:33 +0100] "GET /kontakt.php HTTP/1.1" 200 6966 "-" "Mozilla/5.0 (iPhone; CPU iPhone OS 6_0 like Mac OS X) AppleWebKit/536.26 (KHTML, like Gecko) Version/6.0 Mobile/10A5376e Safari/8536.25 (compatible; Googlebot-Mobile/2.1; +http://www.google.com/bot.html)"
5.10.83.49 - - [07/Dec/2013:17:43:09 +0100] "GET /news.php?cs_go=archiv&cs_id=4524&cs_search= HTTP/1.1" 200 11609 "-" "Mozilla/5.0 (compatible; AhrefsBot/5.0; +http://ahrefs.com/robot/)"
141.8.147.12 - - [07/Dec/2013:17:46:01 +0100] "GET /index.php HTTP/1.1" 200 12355 "-" "Mozilla/5.0 (compatible; YandexBot/3.0; +http://yandex.com/bots)"
5.10.83.34 - - [07/Dec/2013:17:50:26 +0100] "GET /lexikon.php?cs_go=3&cs_id=35 HTTP/1.1" 200 6048 "-" "Mozilla/5.0 (compatible; AhrefsBot/5.0; +http://ahrefs.com/robot/)"
5.10.83.34 - - [07/Dec/2013:17:52:43 +0100] "GET /news.php?cs_go=archiv&cs_id=4638&cs_search= HTTP/1.1" 200 11386 "-" "Mozilla/5.0 (compatible; AhrefsBot/5.0; +http://ahrefs.com/robot/)"
5.10.83.97 - - [07/Dec/2013:18:00:37 +0100] "GET /ansprechpartner.php HTTP/1.1" 404 - "-" "Mozilla/5.0 (compatible; AhrefsBot/5.0; +http://ahrefs.com/robot/)"
66.249.66.49 - - [07/Dec/2013:18:31:22 +0100] "GET /jobs.php HTTP/1.1" 200 4965 "-" "Mozilla/5.0 (compatible; Googlebot/2.1; +http://www.google.com/bot.html)"
5.10.83.2 - - [07/Dec/2013:18:43:37 +0100] "GET /lexikon.php?cs_go=2&cs_char=a HTTP/1.1" 200 7367 "-" "Mozilla/5.0 (compatible; AhrefsBot/5.0; +http://ahrefs.com/robot/)"
208.115.111.75 - - [07/Dec/2013:18:48:00 +0100] "GET /robots.txt HTTP/1.1" 200 177 "-" "Mozilla/5.0 (compatible; Ezooms/1.0; help@moz.com)"
5.10.83.68 - - [07/Dec/2013:18:58:32 +0100] "GET /preisanfrage.php HTTP/1.1" 200 8502 "-" "Mozilla/5.0 (compatible; AhrefsBot/5.0; +http://ahrefs.com/robot/)"
5.10.83.79 - - [07/Dec/2013:18:58:43 +0100] "GET /lexikon.php?cs_go=3&cs_id=95 HTTP/1.1" 200 6298 "-" "Mozilla/5.0 (compatible; AhrefsBot/5.0; +http://ahrefs.com/robot/)"
157.55.35.99 - - [07/Dec/2013:19:21:08 +0100] "GET /robots.txt HTTP/1.1" 200 177 "-" "Mozilla/5.0 (compatible; bingbot/2.0; +http://www.bing.com/bingbot.htm)"
66.249.66.49 - - [07/Dec/2013:19:31:05 +0100] "GET /news.php?cs_go=archiv&cs_id=4187&cs_search= HTTP/1.1" 200 11442 "-" "SAMSUNG-SGH-E250/1.0 Profile/MIDP-2.0 Configuration/CLDC-1.1 UP.Browser/6.2.3.3.c.1.101 (GUI) MMP/2.0 (compatible; Googlebot-Mobile/2.1; +http://www.google.com/bot.html)"
5.10.83.103 - - [07/Dec/2013:19:36:40 +0100] "GET /lexikon.php?cs_go=3&cs_id=37 HTTP/1.1" 200 5970 "-" "Mozilla/5.0 (compatible; AhrefsBot/5.0; +http://ahrefs.com/robot/)"
65.36.241.79 - - [07/Dec/2013:19:46:49 +0100] "HEAD / HTTP/1.1" 200 - "-" "InternetSeer.com"
5.10.83.71 - - [07/Dec/2013:19:52:56 +0100] "GET /lexikon.php?cs_go=3&cs_id=18 HTTP/1.1" 200 5590 "-" "Mozilla/5.0 (compatible; AhrefsBot/5.0; +http://ahrefs.com/robot/)"
157.55.35.99 - - [07/Dec/2013:19:57:14 +0100] "GET / HTTP/1.1" 200 12355 "-" "Mozilla/5.0 (compatible; bingbot/2.0; +http://www.bing.com/bingbot.htm)"
5.10.83.90 - - [07/Dec/2013:20:00:48 +0100] "GET /lexikon.php?cs_go=3&cs_id=36 HTTP/1.1" 200 6284 "-" "Mozilla/5.0 (compatible; AhrefsBot/5.0; +http://ahrefs.com/robot/)"
27.153.209.253 - - [07/Dec/2013:20:04:16 +0100] "GET /news.php?cs_go=archiv&cs_id=4545 HTTP/1.0" 200 9724 "http://www.mink-gmbh.de/news.php?cs_go=archiv&cs_id=4545" "Mozilla/5.0 (Windows NT 5.2; rv:16.0) Gecko/20100101 Firefox/16.0"
66.249.66.49 - - [07/Dec/2013:20:08:18 +0100] "GET /preisanfrage.php HTTP/1.1" 200 8502 "-" "Mozilla/5.0 (compatible; Googlebot/2.1; +http://www.google.com/bot.html)"
5.10.83.97 - - [07/Dec/2013:20:14:15 +0100] "GET /lexikon.php?cs_go=3&cs_id=229 HTTP/1.1" 200 5560 "-" "Mozilla/5.0 (compatible; AhrefsBot/5.0; +http://ahrefs.com/robot/)"
5.10.83.103 - - [07/Dec/2013:20:18:53 +0100] "GET /lexikon.php?cs_go=2&cs_char=r HTTP/1.1" 200 7296 "-" "Mozilla/5.0 (compatible; AhrefsBot/5.0; +http://ahrefs.com/robot/)"
5.10.83.11 - - [07/Dec/2013:20:30:34 +0100] "GET /news.php?cs_go=archiv&cs_id=4615&cs_search= HTTP/1.1" 200 7657 "-" "Mozilla/5.0 (compatible; AhrefsBot/5.0; +http://ahrefs.com/robot/)"
5.10.83.49 - - [07/Dec/2013:20:32:54 +0100] "GET /lexikon.php?cs_go=3&cs_id=169 HTTP/1.1" 200 5599 "-" "Mozilla/5.0 (compatible; AhrefsBot/5.0; +http://ahrefs.com/robot/)"
5.10.83.68 - - [07/Dec/2013:20:36:28 +0100] "GET /news.php?cs_go=archiv&cs_id=4623&cs_search= HTTP/1.1" 200 12756 "-" "Mozilla/5.0 (compatible; AhrefsBot/5.0; +http://ahrefs.com/robot/)"
208.115.111.75 - - [07/Dec/2013:20:37:00 +0100] "GET /news.php?cs_go=archiv&cs_id=4579&cs_search= HTTP/1.1" 200 8969 "-" "Mozilla/5.0 (compatible; Ezooms/1.0; help@moz.com)"
208.115.111.75 - - [07/Dec/2013:20:37:04 +0100] "GET /news.php?cs_go=archiv&cs_id=4603 HTTP/1.1" 200 9970 "-" "Mozilla/5.0 (compatible; Ezooms/1.0; help@moz.com)"
5.10.83.49 - - [07/Dec/2013:20:39:33 +0100] "GET /lexikon.php?cs_go=3&cs_id=214 HTTP/1.1" 200 5703 "-" "Mozilla/5.0 (compatible; AhrefsBot/5.0; +http://ahrefs.com/robot/)"
5.10.83.11 - - [07/Dec/2013:20:45:52 +0100] "GET /jobs.php HTTP/1.1" 200 4965 "-" "Mozilla/5.0 (compatible; AhrefsBot/5.0; +http://ahrefs.com/robot/)"
208.115.113.91 - - [07/Dec/2013:20:50:03 +0100] "GET /robots.txt HTTP/1.1" 200 177 "-" "Mozilla/5.0 (compatible; Ezooms/1.0; help@moz.com)"
157.55.35.99 - - [07/Dec/2013:21:13:08 +0100] "GET /robots.txt HTTP/1.1" 200 177 "-" "Mozilla/5.0 (compatible; bingbot/2.0; +http://www.bing.com/bingbot.htm)"
66.249.66.49 - - [07/Dec/2013:21:16:55 +0100] "GET /images/RAL_Guetezeichen_Energiehandel.pdf HTTP/1.1" 304 - "-" "SAMSUNG-SGH-E250/1.0 Profile/MIDP-2.0 Configuration/CLDC-1.1 UP.Browser/6.2.3.3.c.1.101 (GUI) MMP/2.0 (compatible; Googlebot-Mobile/2.1; +http://www.google.com/bot.html)"
5.10.83.2 - - [07/Dec/2013:21:17:11 +0100] "GET /news.php?cs_go=archiv&cs_id=4726&cs_search= HTTP/1.1" 200 11408 "-" "Mozilla/5.0 (compatible; AhrefsBot/5.0; +http://ahrefs.com/robot/)"
5.10.83.11 - - [07/Dec/2013:21:27:27 +0100] "GET /news.php?cs_go=archiv&cs_id=4680&cs_search= HTTP/1.1" 200 7520 "-" "Mozilla/5.0 (compatible; AhrefsBot/5.0; +http://ahrefs.com/robot/)"
5.10.83.90 - - [07/Dec/2013:21:30:01 +0100] "GET /news.php?cs_go=archiv&cs_id=4635&cs_search= HTTP/1.1" 200 7647 "-" "Mozilla/5.0 (compatible; AhrefsBot/5.0; +http://ahrefs.com/robot/)"
5.10.83.90 - - [07/Dec/2013:21:30:08 +0100] "GET /news.php?cs_go=archiv&cs_id=4507&cs_search= HTTP/1.1" 200 9332 "-" "Mozilla/5.0 (compatible; AhrefsBot/5.0; +http://ahrefs.com/robot/)"
157.55.35.99 - - [07/Dec/2013:21:39:28 +0100] "GET /news.php?cs_go=archiv&cs_id=4556 HTTP/1.1" 200 7824 "-" "Mozilla/5.0 (compatible; bingbot/2.0; +http://www.bing.com/bingbot.htm)"
5.10.83.103 - - [07/Dec/2013:21:46:55 +0100] "GET /news.php?cs_go=archiv&cs_id=4682&cs_search= HTTP/1.1" 200 7534 "-" "Mozilla/5.0 (compatible; AhrefsBot/5.0; +http://ahrefs.com/robot/)"
5.10.83.29 - - [07/Dec/2013:22:15:24 +0100] "GET /news.php?cs_go=archiv&cs_startpos=90 HTTP/1.1" 200 20156 "-" "Mozilla/5.0 (compatible; AhrefsBot/5.0; +http://ahrefs.com/robot/)"
5.9.113.5 - - [07/Dec/2013:22:21:15 +0100] "GET /robots.txt HTTP/1.1" 200 177 "-" "Apache-HttpClient/4.3 (java 1.5)"
5.9.113.5 - - [07/Dec/2013:22:21:15 +0100] "GET / HTTP/1.1" 200 12355 "-" "Apache-HttpClient/4.3 (java 1.5)"
5.10.83.90 - - [07/Dec/2013:22:30:02 +0100] "GET /news.php?cs_go=archiv&cs_id=4551&cs_search= HTTP/1.1" 200 9648 "-" "Mozilla/5.0 (compatible; AhrefsBot/5.0; +http://ahrefs.com/robot/)"
5.10.83.90 - - [07/Dec/2013:22:31:29 +0100] "GET /news.php?cs_go=archiv&cs_id=4619&cs_search= HTTP/1.1" 200 7692 "-" "Mozilla/5.0 (compatible; AhrefsBot/5.0; +http://ahrefs.com/robot/)"
5.10.83.97 - - [07/Dec/2013:22:35:22 +0100] "GET /lexikon.php?cs_go=3&cs_id=26 HTTP/1.1" 200 8372 "-" "Mozilla/5.0 (compatible; AhrefsBot/5.0; +http://ahrefs.com/robot/)"
66.249.66.49 - - [07/Dec/2013:22:41:17 +0100] "GET /news.php?cs_go=archiv&cs_id=4733&cs_search= HTTP/1.1" 200 11351 "-" "Mozilla/5.0 (iPhone; CPU iPhone OS 6_0 like Mac OS X) AppleWebKit/536.26 (KHTML, like Gecko) Version/6.0 Mobile/10A5376e Safari/8536.25 (compatible; Googlebot-Mobile/2.1; +http://www.google.com/bot.html)"
5.10.83.49 - - [07/Dec/2013:22:42:26 +0100] "GET /news.php?cs_go=archiv&cs_id=4510&cs_search= HTTP/1.1" 200 8899 "-" "Mozilla/5.0 (compatible; AhrefsBot/5.0; +http://ahrefs.com/robot/)"
66.249.66.49 - - [07/Dec/2013:22:45:50 +0100] "GET /style.css HTTP/1.1" 200 8402 "http://www.mink-gmbh.de/news.php?cs_go=archiv&cs_id=4733&cs_search=" "Mozilla/5.0 (compatible; Googlebot/2.1; +http://www.google.com/bot.html)"
5.10.83.49 - - [07/Dec/2013:22:49:20 +0100] "GET /news.php?cs_go=archiv&cs_id=4537&cs_search= HTTP/1.1" 200 11543 "-" "Mozilla/5.0 (compatible; AhrefsBot/5.0; +http://ahrefs.com/robot/)"
208.115.113.91 - - [07/Dec/2013:22:50:40 +0100] "GET /foerdermittel.php HTTP/1.1" 200 10473 "-" "Mozilla/5.0 (compatible; Ezooms/1.0; help@moz.com)"
5.10.83.103 - - [07/Dec/2013:23:07:59 +0100] "GET /news.php?cs_go=archiv&cs_id=4708&cs_search= HTTP/1.1" 200 11180 "-" "Mozilla/5.0 (compatible; AhrefsBot/5.0; +http://ahrefs.com/robot/)"
5.10.83.2 - - [07/Dec/2013:23:08:36 +0100] "GET /lexikon.php?cs_go=2&cs_char=h HTTP/1.1" 200 6364 "-" "Mozilla/5.0 (compatible; AhrefsBot/5.0; +http://ahrefs.com/robot/)"
5.10.83.49 - - [07/Dec/2013:23:17:47 +0100] "GET /\"http://www.brennstoffboerse.de/index.php?go=fluessiggas_pruefung\" HTTP/1.1" 404 - "-" "Mozilla/5.0 (compatible; AhrefsBot/5.0; +http://ahrefs.com/robot/)"
5.10.83.11 - - [07/Dec/2013:23:28:36 +0100] "GET /news.php?cs_go=archiv&cs_startpos=60 HTTP/1.1" 200 20497 "-" "Mozilla/5.0 (compatible; AhrefsBot/5.0; +http://ahrefs.com/robot/)"
66.249.66.49 - - [07/Dec/2013:23:29:06 +0100] "GET /news.php?cs_go=archiv&cs_id=4753 HTTP/1.1" 200 7689 "-" "Mozilla/5.0 (compatible; Googlebot/2.1; +http://www.google.com/bot.html)"
5.10.83.29 - - [07/Dec/2013:23:38:58 +0100] "GET /lexikon.php?cs_go=3&cs_id=60 HTTP/1.1" 200 6064 "-" "Mozilla/5.0 (compatible; AhrefsBot/5.0; +http://ahrefs.com/robot/)"
5.10.83.79 - - [07/Dec/2013:23:43:21 +0100] "GET /news.php?cs_go=archiv&cs_id=4548&cs_search= HTTP/1.1" 200 11777 "-" "Mozilla/5.0 (compatible; AhrefsBot/5.0; +http://ahrefs.com/robot/)"
5.10.83.34 - - [07/Dec/2013:23:45:09 +0100] "GET /lexikon.php?cs_go=3&cs_id=97 HTTP/1.1" 200 9039 "-" "Mozilla/5.0 (compatible; AhrefsBot/5.0; +http://ahrefs.com/robot/)"
5.10.83.97 - - [07/Dec/2013:23:49:24 +0100] "GET /news.php?cs_go=archiv&cs_id=4559&cs_search= HTTP/1.1" 200 7615 "-" "Mozilla/5.0 (compatible; AhrefsBot/5.0; +http://ahrefs.com/robot/)"
5.10.83.68 - - [07/Dec/2013:23:57:39 +0100] "GET /news.php?cs_go=archiv&cs_id=4679&cs_search= HTTP/1.1" 200 11686 "-" "Mozilla/5.0 (compatible; AhrefsBot/5.0; +http://ahrefs.com/robot/)"
5.10.83.103 - - [07/Dec/2013:23:58:03 +0100] "GET /lexikon.php?cs_go=3&cs_id=25 HTTP/1.1" 200 6005 "-" "Mozilla/5.0 (compatible; AhrefsBot/5.0; +http://ahrefs.com/robot/)"
208.90.57.196 - - [08/Dec/2013:00:01:12 +0100] "GET / HTTP/1.1" 200 12355 "-" "Mozilla/5.0 (Macintosh; Intel Mac OS X 10.6; rv:2.0.1) Gecko/20100101 Firefox/4.0.1"
5.10.83.29 - - [08/Dec/2013:00:01:59 +0100] "GET /news.php?cs_go=archiv&cs_id=4582&cs_search= HTTP/1.1" 200 9093 "-" "Mozilla/5.0 (compatible; AhrefsBot/5.0; +http://ahrefs.com/robot/)"
5.10.83.103 - - [08/Dec/2013:00:04:05 +0100] "GET /news.php?cs_go=archiv&cs_id=4671&cs_search= HTTP/1.1" 200 12539 "-" "Mozilla/5.0 (compatible; AhrefsBot/5.0; +http://ahrefs.com/robot/)"
5.10.83.103 - - [08/Dec/2013:00:07:01 +0100] "GET /lexikon.php?cs_go=3&cs_id=82 HTTP/1.1" 200 5953 "-" "Mozilla/5.0 (compatible; AhrefsBot/5.0; +http://ahrefs.com/robot/)"
5.10.83.103 - - [08/Dec/2013:00:12:20 +0100] "GET /lexikon.php?cs_go=3&cs_id=71 HTTP/1.1" 200 6685 "-" "Mozilla/5.0 (compatible; AhrefsBot/5.0; +http://ahrefs.com/robot/)"
5.10.83.34 - - [08/Dec/2013:00:20:42 +0100] "GET /news.php?cs_go=archiv&cs_id=4700&cs_search= HTTP/1.1" 200 11170 "-" "Mozilla/5.0 (compatible; AhrefsBot/5.0; +http://ahrefs.com/robot/)"
66.249.66.49 - - [08/Dec/2013:00:31:46 +0100] "GET /news.php?cs_go=archiv&cs_id=4324 HTTP/1.1" 200 11728 "-" "Mozilla/5.0 (iPhone; CPU iPhone OS 6_0 like Mac OS X) AppleWebKit/536.26 (KHTML, like Gecko) Version/6.0 Mobile/10A5376e Safari/8536.25 (compatible; Googlebot-Mobile/2.1; +http://www.google.com/bot.html)"
5.10.83.68 - - [08/Dec/2013:00:48:42 +0100] "GET /news.php?cs_go=archiv&cs_id=4530&cs_search= HTTP/1.1" 200 13710 "-" "Mozilla/5.0 (compatible; AhrefsBot/5.0; +http://ahrefs.com/robot/)"
157.55.35.88 - - [08/Dec/2013:00:48:44 +0100] "GET /robots.txt HTTP/1.1" 200 177 "-" "Mozilla/5.0 (compatible; bingbot/2.0; +http://www.bing.com/bingbot.htm)"
208.115.113.91 - - [08/Dec/2013:00:50:28 +0100] "GET /robots.txt HTTP/1.1" 200 177 "-" "Mozilla/5.0 (compatible; Ezooms/1.0; help@moz.com)"
157.55.35.88 - - [08/Dec/2013:00:50:58 +0100] "GET /modernisierung.php HTTP/1.1" 200 9252 "-" "Mozilla/5.0 (compatible; bingbot/2.0; +http://www.bing.com/bingbot.htm)"
5.10.83.34 - - [08/Dec/2013:00:53:06 +0100] "GET /news.php?cs_go=archiv&cs_startpos=240 HTTP/1.1" 200 5966 "-" "Mozilla/5.0 (compatible; AhrefsBot/5.0; +http://ahrefs.com/robot/)"
65.36.241.79 - - [08/Dec/2013:00:57:36 +0100] "HEAD / HTTP/1.1" 200 - "-" "InternetSeer.com"
5.10.83.34 - - [08/Dec/2013:00:59:29 +0100] "GET /energiesparcheck.php HTTP/1.1" 200 11144 "-" "Mozilla/5.0 (compatible; AhrefsBot/5.0; +http://ahrefs.com/robot/)"
5.10.83.71 - - [08/Dec/2013:01:05:23 +0100] "GET /news.php?cs_go=archiv&cs_id=4532&cs_search= HTTP/1.1" 200 8287 "-" "Mozilla/5.0 (compatible; AhrefsBot/5.0; +http://ahrefs.com/robot/)"
66.249.66.49 - - [08/Dec/2013:01:12:58 +0100] "GET /news.php?cs_go=archiv&cs_id=4741 HTTP/1.1" 200 11697 "-" "Mozilla/5.0 (compatible; Googlebot/2.1; +http://www.google.com/bot.html)"
5.10.83.68 - - [08/Dec/2013:01:24:16 +0100] "GET /news.php?cs_go=archiv&cs_startpos=31 HTTP/1.1" 200 20133 "-" "Mozilla/5.0 (compatible; AhrefsBot/5.0; +http://ahrefs.com/robot/)"
5.10.83.34 - - [08/Dec/2013:01:30:41 +0100] "GET /lexikon.php?cs_go=2&cs_char=p HTTP/1.1" 200 6730 "-" "Mozilla/5.0 (compatible; AhrefsBot/5.0; +http://ahrefs.com/robot/)"
5.10.83.79 - - [08/Dec/2013:01:42:20 +0100] "GET /lexikon.php?cs_go=2&cs_char=w HTTP/1.1" 200 6151 "-" "Mozilla/5.0 (compatible; AhrefsBot/5.0; +http://ahrefs.com/robot/)"
5.10.83.103 - - [08/Dec/2013:01:44:29 +0100] "GET /lexikon.php?cs_go=3&cs_id=183 HTTP/1.1" 200 6128 "-" "Mozilla/5.0 (compatible; AhrefsBot/5.0; +http://ahrefs.com/robot/)"
5.10.83.71 - - [08/Dec/2013:01:46:20 +0100] "GET /lexikon.php?cs_go=3&cs_id=43 HTTP/1.1" 200 5567 "-" "Mozilla/5.0 (compatible; AhrefsBot/5.0; +http://ahrefs.com/robot/)"
5.10.83.2 - - [08/Dec/2013:02:03:36 +0100] "GET /news.php?cs_go=archiv&cs_id=4667&cs_search= HTTP/1.1" 200 7519 "-" "Mozilla/5.0 (compatible; AhrefsBot/5.0; +http://ahrefs.com/robot/)"
5.10.83.11 - - [08/Dec/2013:02:04:52 +0100] "GET /news.php?cs_go=archiv&cs_id=4550&cs_search= HTTP/1.1" 200 8187 "-" "Mozilla/5.0 (compatible; AhrefsBot/5.0; +http://ahrefs.com/robot/)"
5.10.83.90 - - [08/Dec/2013:02:34:25 +0100] "GET /news.php?cs_go=archiv&cs_id=4535&cs_search= HTTP/1.1" 200 11806 "-" "Mozilla/5.0 (compatible; AhrefsBot/5.0; +http://ahrefs.com/robot/)"
5.10.83.97 - - [08/Dec/2013:02:43:33 +0100] "GET /news.php?cs_go=archiv&cs_startpos=190 HTTP/1.1" 200 20171 "-" "Mozilla/5.0 (compatible; AhrefsBot/5.0; +http://ahrefs.com/robot/)"
208.115.113.91 - - [08/Dec/2013:02:44:00 +0100] "GET /modernisierung.php?cs_gp_go=description HTTP/1.1" 200 8408 "-" "Mozilla/5.0 (compatible; Ezooms/1.0; help@moz.com)"
66.249.66.49 - - [08/Dec/2013:02:49:55 +0100] "GET /news.php?cs_go=archiv&cs_id=4737 HTTP/1.1" 200 7515 "-" "Mozilla/5.0 (compatible; Googlebot/2.1; +http://www.google.com/bot.html)"
208.115.111.75 - - [08/Dec/2013:02:50:47 +0100] "GET /robots.txt HTTP/1.1" 200 177 "-" "Mozilla/5.0 (compatible; Ezooms/1.0; help@moz.com)"
66.249.66.49 - - [08/Dec/2013:02:58:31 +0100] "GET / HTTP/1.1" 200 12355 "-" "Mozilla/5.0 (iPhone; CPU iPhone OS 6_0 like Mac OS X) AppleWebKit/536.26 (KHTML, like Gecko) Version/6.0 Mobile/10A5376e Safari/8536.25 (compatible; Googlebot-Mobile/2.1; +http://www.google.com/bot.html)"
5.10.83.49 - - [08/Dec/2013:02:59:23 +0100] "GET /lexikon.php?cs_go=3&cs_id=153 HTTP/1.1" 200 6313 "-" "Mozilla/5.0 (compatible; AhrefsBot/5.0; +http://ahrefs.com/robot/)"
66.249.66.49 - - [08/Dec/2013:03:06:21 +0100] "GET /js_contentserver24_greybox/gb_styles.css HTTP/1.1" 200 2302 "-" "Mozilla/5.0 (compatible; Googlebot/2.1; +http://www.google.com/bot.html)"
5.10.83.79 - - [08/Dec/2013:03:12:28 +0100] "GET /news.php?cs_go=archiv&cs_id=4476&cs_search= HTTP/1.1" 200 9124 "-" "Mozilla/5.0 (compatible; AhrefsBot/5.0; +http://ahrefs.com/robot/)"
5.10.83.97 - - [08/Dec/2013:03:17:01 +0100] "GET /news.php?cs_go=archiv&cs_id=4729 HTTP/1.1" 200 8331 "-" "Mozilla/5.0 (compatible; AhrefsBot/5.0; +http://ahrefs.com/robot/)"
66.249.66.49 - - [08/Dec/2013:03:31:27 +0100] "GET /news.php?cs_go=archiv&cs_id=4729 HTTP/1.1" 200 8331 "-" "Mozilla/5.0 (compatible; Googlebot/2.1; +http://www.google.com/bot.html)"
5.10.83.103 - - [08/Dec/2013:03:33:33 +0100] "GET /lexikon.php?cs_go=3&cs_id=226 HTTP/1.1" 200 6317 "-" "Mozilla/5.0 (compatible; AhrefsBot/5.0; +http://ahrefs.com/robot/)"
5.10.83.90 - - [08/Dec/2013:03:35:47 +0100] "GET /news.php?cs_go=archiv&cs_id=4719&cs_search= HTTP/1.1" 200 7642 "-" "Mozilla/5.0 (compatible; AhrefsBot/5.0; +http://ahrefs.com/robot/)"
5.10.83.103 - - [08/Dec/2013:03:35:59 +0100] "GET /lexikon.php?cs_go=3&cs_id=230 HTTP/1.1" 200 6124 "-" "Mozilla/5.0 (compatible; AhrefsBot/5.0; +http://ahrefs.com/robot/)"
5.10.83.90 - - [08/Dec/2013:03:36:47 +0100] "GET /modernisierung.php?cs_gp_go=description HTTP/1.1" 200 8408 "-" "Mozilla/5.0 (compatible; AhrefsBot/5.0; +http://ahrefs.com/robot/)"
5.10.83.105 - - [08/Dec/2013:03:49:37 +0100] "GET /lexikon.php?cs_go=2&cs_char=y HTTP/1.1" 200 6174 "-" "Mozilla/5.0 (compatible; AhrefsBot/5.0; +http://ahrefs.com/robot/)"
5.10.83.29 - - [08/Dec/2013:03:50:23 +0100] "GET /diesel.php HTTP/1.1" 200 8192 "-" "Mozilla/5.0 (compatible; AhrefsBot/5.0; +http://ahrefs.com/robot/)"
5.10.83.68 - - [08/Dec/2013:03:54:01 +0100] "GET /lexikon.php?cs_go=3&cs_id=137 HTTP/1.1" 200 6890 "-" "Mozilla/5.0 (compatible; AhrefsBot/5.0; +http://ahrefs.com/robot/)"
123.125.71.51 - - [08/Dec/2013:03:59:46 +0100] "GET / HTTP/1.1" 200 8841 "-" "Mozilla/5.0 (compatible; Baiduspider/2.0; +http://www.baidu.com/search/spider.html)"
5.10.83.68 - - [08/Dec/2013:03:59:51 +0100] "GET /lexikon.php?cs_go=3&cs_id=48 HTTP/1.1" 200 6955 "-" "Mozilla/5.0 (compatible; AhrefsBot/5.0; +http://ahrefs.com/robot/)"
5.10.83.97 - - [08/Dec/2013:04:01:10 +0100] "GET /lexikon.php?cs_go=3&cs_id=84 HTTP/1.1" 200 5919 "-" "Mozilla/5.0 (compatible; AhrefsBot/5.0; +http://ahrefs.com/robot/)"
220.181.108.122 - - [08/Dec/2013:04:01:37 +0100] "GET / HTTP/1.1" 200 3575 "-" "Mozilla/5.0 (compatible; Baiduspider/2.0; +http://www.baidu.com/search/spider.html)"
5.10.83.71 - - [08/Dec/2013:04:02:37 +0100] "GET /lexikon.php?cs_go=3&cs_id=63 HTTP/1.1" 200 5926 "-" "Mozilla/5.0 (compatible; AhrefsBot/5.0; +http://ahrefs.com/robot/)"
5.10.83.71 - - [08/Dec/2013:04:04:13 +0100] "GET /lexikon.php?cs_go=2&cs_char=k HTTP/1.1" 200 7443 "-" "Mozilla/5.0 (compatible; AhrefsBot/5.0; +http://ahrefs.com/robot/)"
5.10.83.79 - - [08/Dec/2013:04:08:21 +0100] "GET /news.php?cs_go=archiv&cs_id=4725&cs_search= HTTP/1.1" 200 8987 "-" "Mozilla/5.0 (compatible; AhrefsBot/5.0; +http://ahrefs.com/robot/)"
5.10.83.105 - - [08/Dec/2013:04:12:27 +0100] "GET /news.php?cs_go=archiv&cs_id=4637&cs_search= HTTP/1.1" 200 7585 "-" "Mozilla/5.0 (compatible; AhrefsBot/5.0; +http://ahrefs.com/robot/)"
5.10.83.2 - - [08/Dec/2013:04:17:15 +0100] "GET /news.php?cs_go=archiv&cs_id=4477&cs_search= HTTP/1.1" 200 11818 "-" "Mozilla/5.0 (compatible; AhrefsBot/5.0; +http://ahrefs.com/robot/)"
5.10.83.68 - - [08/Dec/2013:04:35:48 +0100] "GET /news.php?cs_go=archiv&cs_id=4678&cs_search= HTTP/1.1" 200 7591 "-" "Mozilla/5.0 (compatible; AhrefsBot/5.0; +http://ahrefs.com/robot/)"
208.115.111.75 - - [08/Dec/2013:04:38:59 +0100] "GET /news.php?cs_go=archiv&cs_startpos=250 HTTP/1.1" 200 5874 "-" "Mozilla/5.0 (compatible; Ezooms/1.0; help@moz.com)"
5.10.83.2 - - [08/Dec/2013:04:44:57 +0100] "GET /edl.php HTTP/1.1" 200 8596 "-" "Mozilla/5.0 (compatible; AhrefsBot/5.0; +http://ahrefs.com/robot/)"
208.115.113.91 - - [08/Dec/2013:04:51:28 +0100] "GET /robots.txt HTTP/1.1" 200 177 "-" "Mozilla/5.0 (compatible; Ezooms/1.0; help@moz.com)"
123.125.71.21 - - [08/Dec/2013:04:54:43 +0100] "GET / HTTP/1.1" 200 6594 "-" "Mozilla/5.0 (compatible; Baiduspider/2.0; +http://www.baidu.com/search/spider.html)"
