85.178.2.185 - - [09/Dec/2013:13:20:37 +0100] "GET /images/newsletter.png HTTP/1.1" 200 14619 "http://www.mink-gmbh.de/" "Mozilla/5.0 (Windows NT 6.1) AppleWebKit/537.36 (KHTML, like Gecko) Chrome/31.0.1650.63 Safari/537.36"
85.178.2.185 - - [09/Dec/2013:13:20:37 +0100] "GET /images/footerbg.jpg HTTP/1.1" 200 2184 "http://www.mink-gmbh.de/" "Mozilla/5.0 (Windows NT 6.1) AppleWebKit/537.36 (KHTML, like Gecko) Chrome/31.0.1650.63 Safari/537.36"
85.178.2.185 - - [09/Dec/2013:13:20:37 +0100] "GET /images/newsletter_bg.jpg HTTP/1.1" 200 33610 "http://www.mink-gmbh.de/" "Mozilla/5.0 (Windows NT 6.1) AppleWebKit/537.36 (KHTML, like Gecko) Chrome/31.0.1650.63 Safari/537.36"
85.178.2.185 - - [09/Dec/2013:13:20:37 +0100] "GET /images/close.png HTTP/1.1" 200 703 "http://www.mink-gmbh.de/" "Mozilla/5.0 (Windows NT 6.1) AppleWebKit/537.36 (KHTML, like Gecko) Chrome/31.0.1650.63 Safari/537.36"
85.178.2.185 - - [09/Dec/2013:13:20:38 +0100] "GET /js_contentserver24_greybox/header_bg.gif HTTP/1.1" 200 1188 "http://www.mink-gmbh.de/" "Mozilla/5.0 (Windows NT 6.1) AppleWebKit/537.36 (KHTML, like Gecko) Chrome/31.0.1650.63 Safari/537.36"
85.178.2.185 - - [09/Dec/2013:13:20:38 +0100] "GET /js_contentserver24_greybox/g_close.gif HTTP/1.1" 200 541 "http://www.mink-gmbh.de/" "Mozilla/5.0 (Windows NT 6.1) AppleWebKit/537.36 (KHTML, like Gecko) Chrome/31.0.1650.63 Safari/537.36"
85.178.2.185 - - [09/Dec/2013:13:20:38 +0100] "GET /js_contentserver24_greybox/indicator.gif HTTP/1.1" 200 8238 "http://www.mink-gmbh.de/" "Mozilla/5.0 (Windows NT 6.1) AppleWebKit/537.36 (KHTML, like Gecko) Chrome/31.0.1650.63 Safari/537.36"
85.178.2.185 - - [09/Dec/2013:13:20:38 +0100] "GET /favicon.ico HTTP/1.1" 200 3638 "-" "Mozilla/5.0 (Windows NT 6.1) AppleWebKit/537.36 (KHTML, like Gecko) Chrome/31.0.1650.63 Safari/537.36"
85.178.2.185 - - [09/Dec/2013:13:20:39 +0100] "GET /js_contentserver24_greybox/loader_frame.html?s=0 HTTP/1.1" 200 2084 "http://www.mink-gmbh.de/" "Mozilla/5.0 (Windows NT 6.1) AppleWebKit/537.36 (KHTML, like Gecko) Chrome/31.0.1650.63 Safari/537.36"
85.178.2.185 - - [09/Dec/2013:13:21:18 +0100] "GET /wunschpreis.php HTTP/1.1" 200 10237 "http://www.mink-gmbh.de/" "Mozilla/5.0 (Windows NT 6.1) AppleWebKit/537.36 (KHTML, like Gecko) Chrome/31.0.1650.63 Safari/537.36"
85.178.2.185 - - [09/Dec/2013:13:21:18 +0100] "GET /images/logos.jpg HTTP/1.1" 200 35043 "http://www.mink-gmbh.de/wunschpreis.php" "Mozilla/5.0 (Windows NT 6.1) AppleWebKit/537.36 (KHTML, like Gecko) Chrome/31.0.1650.63 Safari/537.36"
85.178.2.185 - - [09/Dec/2013:13:21:21 +0100] "GET /standard.php HTTP/1.1" 200 6770 "http://www.mink-gmbh.de/wunschpreis.php" "Mozilla/5.0 (Windows NT 6.1) AppleWebKit/537.36 (KHTML, like Gecko) Chrome/31.0.1650.63 Safari/537.36"
85.178.2.185 - - [09/Dec/2013:13:21:23 +0100] "GET /index.php HTTP/1.1" 200 11616 "http://www.mink-gmbh.de/standard.php" "Mozilla/5.0 (Windows NT 6.1) AppleWebKit/537.36 (KHTML, like Gecko) Chrome/31.0.1650.63 Safari/537.36"
85.178.2.185 - - [09/Dec/2013:13:21:24 +0100] "GET /images/logos.jpg?cache1140 HTTP/1.1" 200 35043 "http://www.mink-gmbh.de/index.php" "Mozilla/5.0 (Windows NT 6.1) AppleWebKit/537.36 (KHTML, like Gecko) Chrome/31.0.1650.63 Safari/537.36"
85.178.2.185 - - [09/Dec/2013:13:21:25 +0100] "GET /kontakt.php HTTP/1.1" 200 6966 "http://www.mink-gmbh.de/index.php" "Mozilla/5.0 (Windows NT 6.1) AppleWebKit/537.36 (KHTML, like Gecko) Chrome/31.0.1650.63 Safari/537.36"
85.178.2.185 - - [09/Dec/2013:13:21:27 +0100] "GET /jobs.php HTTP/1.1" 200 4965 "http://www.mink-gmbh.de/kontakt.php" "Mozilla/5.0 (Windows NT 6.1) AppleWebKit/537.36 (KHTML, like Gecko) Chrome/31.0.1650.63 Safari/537.36"
85.178.2.185 - - [09/Dec/2013:13:21:27 +0100] "GET /impressum.php HTTP/1.1" 200 6306 "http://www.mink-gmbh.de/jobs.php" "Mozilla/5.0 (Windows NT 6.1) AppleWebKit/537.36 (KHTML, like Gecko) Chrome/31.0.1650.63 Safari/537.36"
82.94.179.38 - - [09/Dec/2013:13:28:14 +0100] "GET /news.php?cs_go=archiv&cs_id=4731 HTTP/1.1" 200 11616 "-" "Mozilla/5.0 (X11; Linux i686; rv:6.0) Gecko/20100101 Firefox/6.0 (Freshbot/1.0/EU; http://webagent.wise-guys.nl/)"
82.94.179.38 - - [09/Dec/2013:13:28:43 +0100] "GET /news.php?cs_go=archiv&cs_id=4725 HTTP/1.1" 200 8987 "-" "Mozilla/5.0 (X11; Linux i686; rv:6.0) Gecko/20100101 Firefox/6.0 (Freshbot/1.0/EU; http://webagent.wise-guys.nl/)"
82.94.179.38 - - [09/Dec/2013:13:29:11 +0100] "GET /news.php?cs_go=archiv&cs_id=4727 HTTP/1.1" 200 7729 "-" "Mozilla/5.0 (X11; Linux i686; rv:6.0) Gecko/20100101 Firefox/6.0 (Freshbot/1.0/EU; http://webagent.wise-guys.nl/)"
5.10.83.35 - - [09/Dec/2013:13:32:45 +0100] "GET /robots.txt HTTP/1.1" 200 177 "-" "Mozilla/5.0 (compatible; AhrefsBot/5.0; +http://ahrefs.com/robot/)"
65.55.52.118 - - [09/Dec/2013:13:43:27 +0100] "GET /robots.txt HTTP/1.1" 200 177 "-" "Mozilla/5.0 (compatible; bingbot/2.0; +http://www.bing.com/bingbot.htm)"
65.36.241.79 - - [09/Dec/2013:13:47:09 +0100] "HEAD / HTTP/1.1" 200 - "-" "InternetSeer.com"
82.94.179.38 - - [09/Dec/2013:13:54:58 +0100] "GET /news.php?cs_go=archiv&cs_id=4733 HTTP/1.1" 200 11351 "-" "Mozilla/5.0 (X11; Linux i686; rv:6.0) Gecko/20100101 Firefox/6.0 (Freshbot/1.0/EU; http://webagent.wise-guys.nl/)"
82.94.179.38 - - [09/Dec/2013:13:55:26 +0100] "GET /news.php?cs_go=archiv&cs_id=4728 HTTP/1.1" 200 9648 "-" "Mozilla/5.0 (X11; Linux i686; rv:6.0) Gecko/20100101 Firefox/6.0 (Freshbot/1.0/EU; http://webagent.wise-guys.nl/)"
82.94.179.38 - - [09/Dec/2013:13:55:54 +0100] "GET /news.php?cs_go=archiv&cs_id=4732 HTTP/1.1" 200 7555 "-" "Mozilla/5.0 (X11; Linux i686; rv:6.0) Gecko/20100101 Firefox/6.0 (Freshbot/1.0/EU; http://webagent.wise-guys.nl/)"
65.55.52.118 - - [09/Dec/2013:13:59:12 +0100] "GET /standard.php HTTP/1.1" 200 6770 "-" "Mozilla/5.0 (compatible; bingbot/2.0; +http://www.bing.com/bingbot.htm)"
84.191.49.187 - - [09/Dec/2013:14:11:51 +0100] "GET /style.css HTTP/1.1" 200 8402 "http://www.mink-gmbh.de/" "Mozilla/5.0 (Windows NT 5.2; rv:19.0) Gecko/20100101 Firefox/19.0"
84.191.49.187 - - [09/Dec/2013:14:11:51 +0100] "GET /favicon.ico HTTP/1.1" 200 3638 "-" "Mozilla/5.0 (Windows NT 5.2; rv:19.0) Gecko/20100101 Firefox/19.0"
84.191.49.187 - - [09/Dec/2013:14:11:51 +0100] "GET /js_contentserver24_greybox/gb_styles.css HTTP/1.1" 200 2302 "http://www.mink-gmbh.de/" "Mozilla/5.0 (Windows NT 5.2; rv:19.0) Gecko/20100101 Firefox/19.0"
84.191.49.187 - - [09/Dec/2013:14:11:52 +0100] "GET /js_contentserver24_greybox/AJS.js HTTP/1.1" 200 10396 "http://www.mink-gmbh.de/" "Mozilla/5.0 (Windows NT 5.2; rv:19.0) Gecko/20100101 Firefox/19.0"
84.191.49.187 - - [09/Dec/2013:14:11:52 +0100] "GET /js_contentserver24_greybox/AJS_fx.js HTTP/1.1" 200 3192 "http://www.mink-gmbh.de/" "Mozilla/5.0 (Windows NT 5.2; rv:19.0) Gecko/20100101 Firefox/19.0"
84.191.49.187 - - [09/Dec/2013:14:11:52 +0100] "GET /js_contentserver24_greybox/gb_scripts.js HTTP/1.1" 200 11913 "http://www.mink-gmbh.de/" "Mozilla/5.0 (Windows NT 5.2; rv:19.0) Gecko/20100101 Firefox/19.0"
84.191.49.187 - - [09/Dec/2013:14:11:51 +0100] "GET /modul.css HTTP/1.1" 200 35038 "http://www.mink-gmbh.de/" "Mozilla/5.0 (Windows NT 5.2; rv:19.0) Gecko/20100101 Firefox/19.0"
84.191.49.187 - - [09/Dec/2013:14:11:51 +0100] "GET / HTTP/1.1" 200 12386 "http://www.google.de/url?sa=t&rct=j&q=&esrc=s&source=web&cd=4&ved=0CD8QFjAD&url=http%3A%2F%2Fwww.mink-gmbh.de%2F&ei=LcGlUsbZONHJsgbD_YCYCw&usg=AFQjCNFHX4Iglls9oo-KYXTmDUV_5KOVIg&bvm=bv.57752919,d.Yms" "Mozilla/5.0 (Windows NT 5.2; rv:19.0) Gecko/20100101 Firefox/19.0"
84.191.49.187 - - [09/Dec/2013:14:11:52 +0100] "GET /images/team-energie.png HTTP/1.1" 200 17383 "http://www.mink-gmbh.de/" "Mozilla/5.0 (Windows NT 5.2; rv:19.0) Gecko/20100101 Firefox/19.0"
84.191.49.187 - - [09/Dec/2013:14:11:52 +0100] "GET /images/mail.jpg HTTP/1.1" 200 12099 "http://www.mink-gmbh.de/" "Mozilla/5.0 (Windows NT 5.2; rv:19.0) Gecko/20100101 Firefox/19.0"
84.191.49.187 - - [09/Dec/2013:14:11:52 +0100] "GET /images/kwk.gif HTTP/1.1" 200 6403 "http://www.mink-gmbh.de/" "Mozilla/5.0 (Windows NT 5.2; rv:19.0) Gecko/20100101 Firefox/19.0"
84.191.49.187 - - [09/Dec/2013:14:11:52 +0100] "GET /images/wunschpreis.jpg HTTP/1.1" 200 16767 "http://www.mink-gmbh.de/" "Mozilla/5.0 (Windows NT 5.2; rv:19.0) Gecko/20100101 Firefox/19.0"
84.191.49.187 - - [09/Dec/2013:14:11:52 +0100] "GET /images/tkw.jpg HTTP/1.1" 200 64031 "http://www.mink-gmbh.de/" "Mozilla/5.0 (Windows NT 5.2; rv:19.0) Gecko/20100101 Firefox/19.0"
84.191.49.187 - - [09/Dec/2013:14:11:52 +0100] "GET /images/logos.jpg?cache1085 HTTP/1.1" 200 35043 "http://www.mink-gmbh.de/" "Mozilla/5.0 (Windows NT 5.2; rv:19.0) Gecko/20100101 Firefox/19.0"
84.191.49.187 - - [09/Dec/2013:14:11:53 +0100] "GET /images/bg.png HTTP/1.1" 200 922 "http://www.mink-gmbh.de/style.css" "Mozilla/5.0 (Windows NT 5.2; rv:19.0) Gecko/20100101 Firefox/19.0"
84.191.49.187 - - [09/Dec/2013:14:11:53 +0100] "GET /js_contentserver24_greybox/w_close.gif HTTP/1.1" 200 74 "http://www.mink-gmbh.de/" "Mozilla/5.0 (Windows NT 5.2; rv:19.0) Gecko/20100101 Firefox/19.0"
84.191.49.187 - - [09/Dec/2013:14:11:52 +0100] "GET /images/freecall.jpg HTTP/1.1" 200 39195 "http://www.mink-gmbh.de/" "Mozilla/5.0 (Windows NT 5.2; rv:19.0) Gecko/20100101 Firefox/19.0"
84.191.49.187 - - [09/Dec/2013:14:11:53 +0100] "GET /images/close.png HTTP/1.1" 200 703 "http://www.mink-gmbh.de/" "Mozilla/5.0 (Windows NT 5.2; rv:19.0) Gecko/20100101 Firefox/19.0"
84.191.49.187 - - [09/Dec/2013:14:11:53 +0100] "GET /images/newsletter_bg.jpg HTTP/1.1" 200 33610 "http://www.mink-gmbh.de/" "Mozilla/5.0 (Windows NT 5.2; rv:19.0) Gecko/20100101 Firefox/19.0"
84.191.49.187 - - [09/Dec/2013:14:11:53 +0100] "GET /images/newsletter.png HTTP/1.1" 200 14619 "http://www.mink-gmbh.de/style.css" "Mozilla/5.0 (Windows NT 5.2; rv:19.0) Gecko/20100101 Firefox/19.0"
84.191.49.187 - - [09/Dec/2013:14:11:53 +0100] "GET /images/wrapperbg.jpg HTTP/1.1" 200 27465 "http://www.mink-gmbh.de/style.css" "Mozilla/5.0 (Windows NT 5.2; rv:19.0) Gecko/20100101 Firefox/19.0"
84.191.49.187 - - [09/Dec/2013:14:11:53 +0100] "GET /images/header.jpg HTTP/1.1" 200 25189 "http://www.mink-gmbh.de/style.css" "Mozilla/5.0 (Windows NT 5.2; rv:19.0) Gecko/20100101 Firefox/19.0"
84.191.49.187 - - [09/Dec/2013:14:11:53 +0100] "GET /images/navibg.png HTTP/1.1" 200 2803 "http://www.mink-gmbh.de/style.css" "Mozilla/5.0 (Windows NT 5.2; rv:19.0) Gecko/20100101 Firefox/19.0"
84.191.49.187 - - [09/Dec/2013:14:11:53 +0100] "GET /images/fallend.png HTTP/1.1" 200 713 "http://www.mink-gmbh.de/modul.css" "Mozilla/5.0 (Windows NT 5.2; rv:19.0) Gecko/20100101 Firefox/19.0"
84.191.49.187 - - [09/Dec/2013:14:11:53 +0100] "GET /images/steigend.png HTTP/1.1" 200 688 "http://www.mink-gmbh.de/modul.css" "Mozilla/5.0 (Windows NT 5.2; rv:19.0) Gecko/20100101 Firefox/19.0"
84.191.49.187 - - [09/Dec/2013:14:11:54 +0100] "GET /images/mobil.jpg HTTP/1.1" 200 25293 "http://www.mink-gmbh.de/style.css" "Mozilla/5.0 (Windows NT 5.2; rv:19.0) Gecko/20100101 Firefox/19.0"
84.191.49.187 - - [09/Dec/2013:14:11:54 +0100] "GET /images/newsletter.jpg HTTP/1.1" 200 13130 "http://www.mink-gmbh.de/style.css" "Mozilla/5.0 (Windows NT 5.2; rv:19.0) Gecko/20100101 Firefox/19.0"
84.191.49.187 - - [09/Dec/2013:14:11:54 +0100] "GET /images/footerbg.jpg HTTP/1.1" 200 2184 "http://www.mink-gmbh.de/style.css" "Mozilla/5.0 (Windows NT 5.2; rv:19.0) Gecko/20100101 Firefox/19.0"
84.191.49.187 - - [09/Dec/2013:14:11:54 +0100] "GET /js_contentserver24_greybox/loader_frame.html?s=0 HTTP/1.1" 200 2084 "http://www.mink-gmbh.de/" "Mozilla/5.0 (Windows NT 5.2; rv:19.0) Gecko/20100101 Firefox/19.0"
84.191.49.187 - - [09/Dec/2013:14:11:54 +0100] "GET /js_contentserver24_greybox/header_bg.gif HTTP/1.1" 200 1188 "http://www.mink-gmbh.de/" "Mozilla/5.0 (Windows NT 5.2; rv:19.0) Gecko/20100101 Firefox/19.0"
84.191.49.187 - - [09/Dec/2013:14:11:54 +0100] "GET /js_contentserver24_greybox/indicator.gif HTTP/1.1" 200 8238 "http://www.mink-gmbh.de/js_contentserver24_greybox/loader_frame.html?s=0" "Mozilla/5.0 (Windows NT 5.2; rv:19.0) Gecko/20100101 Firefox/19.0"
84.191.49.187 - - [09/Dec/2013:14:11:55 +0100] "GET /js_contentserver24_greybox/g_close.gif HTTP/1.1" 200 541 "http://www.mink-gmbh.de/" "Mozilla/5.0 (Windows NT 5.2; rv:19.0) Gecko/20100101 Firefox/19.0"
82.94.179.38 - - [09/Dec/2013:14:22:50 +0100] "GET /news.php?cs_go=archiv&cs_id=4736 HTTP/1.1" 200 11535 "-" "Mozilla/5.0 (X11; Linux i686; rv:6.0) Gecko/20100101 Firefox/6.0 (Freshbot/1.0/EU; http://webagent.wise-guys.nl/)"
82.94.179.38 - - [09/Dec/2013:14:23:19 +0100] "GET /news.php?cs_go=archiv&cs_id=4735 HTTP/1.1" 200 8277 "-" "Mozilla/5.0 (X11; Linux i686; rv:6.0) Gecko/20100101 Firefox/6.0 (Freshbot/1.0/EU; http://webagent.wise-guys.nl/)"
82.94.179.38 - - [09/Dec/2013:14:23:48 +0100] "GET /news.php?cs_go=archiv&cs_id=4734 HTTP/1.1" 200 7777 "-" "Mozilla/5.0 (X11; Linux i686; rv:6.0) Gecko/20100101 Firefox/6.0 (Freshbot/1.0/EU; http://webagent.wise-guys.nl/)"
31.19.114.124 - - [09/Dec/2013:14:39:52 +0100] "GET /optiplus.php HTTP/1.1" 200 8639 "http://www.google.de/url?sa=t&rct=j&q=&esrc=s&source=web&cd=8&cad=rja&ved=0CFQQFjAH&url=http%3A%2F%2Fwww.mink-gmbh.de%2Foptiplus.php&ei=TMalUv3tK8WYtAae-oCoDg&usg=AFQjCNEouGCMmLgK9iGVLaDNxyZZMZ_YPQ&bvm=bv.57752919,d.Yms" "Mozilla/5.0 (Windows NT 5.1; rv:25.0) Gecko/20100101 Firefox/25.0"
31.19.114.124 - - [09/Dec/2013:14:39:52 +0100] "GET /style.css HTTP/1.1" 200 8402 "http://www.mink-gmbh.de/optiplus.php" "Mozilla/5.0 (Windows NT 5.1; rv:25.0) Gecko/20100101 Firefox/25.0"
31.19.114.124 - - [09/Dec/2013:14:39:52 +0100] "GET /favicon.ico HTTP/1.1" 200 3638 "-" "Mozilla/5.0 (Windows NT 5.1; rv:25.0) Gecko/20100101 Firefox/25.0"
31.19.114.124 - - [09/Dec/2013:14:39:52 +0100] "GET /modul.css HTTP/1.1" 200 35038 "http://www.mink-gmbh.de/optiplus.php" "Mozilla/5.0 (Windows NT 5.1; rv:25.0) Gecko/20100101 Firefox/25.0"
31.19.114.124 - - [09/Dec/2013:14:39:52 +0100] "GET /images/kwk.gif HTTP/1.1" 200 6403 "http://www.mink-gmbh.de/optiplus.php" "Mozilla/5.0 (Windows NT 5.1; rv:25.0) Gecko/20100101 Firefox/25.0"
31.19.114.124 - - [09/Dec/2013:14:39:52 +0100] "GET /images/Optiseite.jpg HTTP/1.1" 200 32107 "http://www.mink-gmbh.de/optiplus.php" "Mozilla/5.0 (Windows NT 5.1; rv:25.0) Gecko/20100101 Firefox/25.0"
31.19.114.124 - - [09/Dec/2013:14:39:52 +0100] "GET /images/wunschpreis.jpg HTTP/1.1" 200 16767 "http://www.mink-gmbh.de/optiplus.php" "Mozilla/5.0 (Windows NT 5.1; rv:25.0) Gecko/20100101 Firefox/25.0"
31.19.114.124 - - [09/Dec/2013:14:39:52 +0100] "GET /images/bg.png HTTP/1.1" 200 922 "http://www.mink-gmbh.de/style.css" "Mozilla/5.0 (Windows NT 5.1; rv:25.0) Gecko/20100101 Firefox/25.0"
31.19.114.124 - - [09/Dec/2013:14:39:52 +0100] "GET /images/freecall.jpg HTTP/1.1" 200 39195 "http://www.mink-gmbh.de/optiplus.php" "Mozilla/5.0 (Windows NT 5.1; rv:25.0) Gecko/20100101 Firefox/25.0"
31.19.114.124 - - [09/Dec/2013:14:39:52 +0100] "GET /images/optiplus.jpg HTTP/1.1" 200 37436 "http://www.mink-gmbh.de/optiplus.php" "Mozilla/5.0 (Windows NT 5.1; rv:25.0) Gecko/20100101 Firefox/25.0"
31.19.114.124 - - [09/Dec/2013:14:39:52 +0100] "GET /images/newsletter.png HTTP/1.1" 200 14619 "http://www.mink-gmbh.de/style.css" "Mozilla/5.0 (Windows NT 5.1; rv:25.0) Gecko/20100101 Firefox/25.0"
31.19.114.124 - - [09/Dec/2013:14:39:52 +0100] "GET /images/logos.jpg HTTP/1.1" 200 35043 "http://www.mink-gmbh.de/optiplus.php" "Mozilla/5.0 (Windows NT 5.1; rv:25.0) Gecko/20100101 Firefox/25.0"
31.19.114.124 - - [09/Dec/2013:14:39:53 +0100] "GET /images/header.jpg HTTP/1.1" 200 25189 "http://www.mink-gmbh.de/style.css" "Mozilla/5.0 (Windows NT 5.1; rv:25.0) Gecko/20100101 Firefox/25.0"
31.19.114.124 - - [09/Dec/2013:14:39:53 +0100] "GET /images/wrapperbg.jpg HTTP/1.1" 200 27465 "http://www.mink-gmbh.de/style.css" "Mozilla/5.0 (Windows NT 5.1; rv:25.0) Gecko/20100101 Firefox/25.0"
31.19.114.124 - - [09/Dec/2013:14:39:53 +0100] "GET /images/navibg.png HTTP/1.1" 200 2803 "http://www.mink-gmbh.de/style.css" "Mozilla/5.0 (Windows NT 5.1; rv:25.0) Gecko/20100101 Firefox/25.0"
31.19.114.124 - - [09/Dec/2013:14:39:53 +0100] "GET /images/footerbg.jpg HTTP/1.1" 200 2184 "http://www.mink-gmbh.de/style.css" "Mozilla/5.0 (Windows NT 5.1; rv:25.0) Gecko/20100101 Firefox/25.0"
208.115.111.75 - - [09/Dec/2013:14:45:27 +0100] "GET /robots.txt HTTP/1.1" 200 177 "-" "Mozilla/5.0 (compatible; Ezooms/1.0; help@moz.com)"
82.94.179.38 - - [09/Dec/2013:14:49:45 +0100] "GET /news.php?cs_go=archiv&cs_id=4738 HTTP/1.1" 200 11728 "-" "Mozilla/5.0 (X11; Linux i686; rv:6.0) Gecko/20100101 Firefox/6.0 (Freshbot/1.0/EU; http://webagent.wise-guys.nl/)"
82.94.179.38 - - [09/Dec/2013:14:50:13 +0100] "GET /news.php?cs_go=archiv&cs_id=4729 HTTP/1.1" 200 8331 "-" "Mozilla/5.0 (X11; Linux i686; rv:6.0) Gecko/20100101 Firefox/6.0 (Freshbot/1.0/EU; http://webagent.wise-guys.nl/)"
82.94.179.38 - - [09/Dec/2013:14:50:41 +0100] "GET /news.php?cs_go=archiv&cs_id=4737 HTTP/1.1" 200 7515 "-" "Mozilla/5.0 (X11; Linux i686; rv:6.0) Gecko/20100101 Firefox/6.0 (Freshbot/1.0/EU; http://webagent.wise-guys.nl/)"
81.7.13.161 - - [09/Dec/2013:14:52:06 +0100] "GET / HTTP/1.1" 200 12386 "-" "Mozilla/5.0 (X11; Linux i686; rv:6.0) Gecko/20100101 Firefox/6.0"
81.7.13.161 - - [09/Dec/2013:14:52:27 +0100] "GET / HTTP/1.1" 200 12386 "-" "Mozilla/5.0 (X11; Linux i686; rv:6.0) Gecko/20100101 Firefox/6.0"
81.7.13.161 - - [09/Dec/2013:14:52:29 +0100] "GET /kontakt.php HTTP/1.1" 200 6966 "-" "Mozilla/5.0 (X11; Linux i686; rv:6.0) Gecko/20100101 Firefox/6.0"
81.7.13.161 - - [09/Dec/2013:14:52:29 +0100] "GET /impressum.php HTTP/1.1" 200 6306 "-" "Mozilla/5.0 (X11; Linux i686; rv:6.0) Gecko/20100101 Firefox/6.0"
208.115.113.91 - - [09/Dec/2013:14:52:34 +0100] "GET /news.php?cs_go=archiv&cs_id=4548&cs_search= HTTP/1.1" 200 11777 "-" "Mozilla/5.0 (compatible; Ezooms/1.0; help@moz.com)"
81.7.13.161 - - [09/Dec/2013:14:52:45 +0100] "GET /newsletter.php HTTP/1.1" 200 6492 "-" "Mozilla/5.0 (X11; Linux i686; rv:6.0) Gecko/20100101 Firefox/6.0"
81.7.13.161 - - [09/Dec/2013:14:52:45 +0100] "GET /index.php HTTP/1.1" 200 12386 "-" "Mozilla/5.0 (X11; Linux i686; rv:6.0) Gecko/20100101 Firefox/6.0"
81.7.13.161 - - [09/Dec/2013:14:52:47 +0100] "GET /standard.php HTTP/1.1" 200 6770 "-" "Mozilla/5.0 (X11; Linux i686; rv:6.0) Gecko/20100101 Firefox/6.0"
81.7.13.161 - - [09/Dec/2013:14:52:47 +0100] "GET /wunschpreis.php HTTP/1.1" 200 10237 "-" "Mozilla/5.0 (X11; Linux i686; rv:6.0) Gecko/20100101 Firefox/6.0"
81.7.13.161 - - [09/Dec/2013:14:52:47 +0100] "GET /preisanfrage.php HTTP/1.1" 200 8502 "-" "Mozilla/5.0 (X11; Linux i686; rv:6.0) Gecko/20100101 Firefox/6.0"
81.7.13.161 - - [09/Dec/2013:14:52:48 +0100] "GET /../standard.php HTTP/1.1" 404 - "-" "Mozilla/5.0 (X11; Linux i686; rv:6.0) Gecko/20100101 Firefox/6.0"
81.7.13.161 - - [09/Dec/2013:14:52:48 +0100] "GET /kontakt.php HTTP/1.1" 200 6966 "-" "Mozilla/5.0 (X11; Linux i686; rv:6.0) Gecko/20100101 Firefox/6.0"
81.7.13.161 - - [09/Dec/2013:14:52:48 +0100] "GET /impressum.php HTTP/1.1" 200 6306 "-" "Mozilla/5.0 (X11; Linux i686; rv:6.0) Gecko/20100101 Firefox/6.0"
81.7.13.161 - - [09/Dec/2013:14:52:49 +0100] "GET /../schwefelarmstandard.php HTTP/1.1" 404 - "-" "Mozilla/5.0 (X11; Linux i686; rv:6.0) Gecko/20100101 Firefox/6.0"
81.7.13.161 - - [09/Dec/2013:14:52:49 +0100] "GET /agb.php HTTP/1.1" 200 17543 "-" "Mozilla/5.0 (X11; Linux i686; rv:6.0) Gecko/20100101 Firefox/6.0"
81.7.13.161 - - [09/Dec/2013:14:53:04 +0100] "GET /newsletter.php HTTP/1.1" 200 6492 "-" "Mozilla/5.0 (X11; Linux i686; rv:6.0) Gecko/20100101 Firefox/6.0"
81.7.13.161 - - [09/Dec/2013:14:53:05 +0100] "GET /index.php HTTP/1.1" 200 12386 "-" "Mozilla/5.0 (X11; Linux i686; rv:6.0) Gecko/20100101 Firefox/6.0"
81.7.13.161 - - [09/Dec/2013:14:53:06 +0100] "GET /standard.php HTTP/1.1" 200 6770 "-" "Mozilla/5.0 (X11; Linux i686; rv:6.0) Gecko/20100101 Firefox/6.0"
81.7.13.161 - - [09/Dec/2013:14:53:06 +0100] "GET /wunschpreis.php HTTP/1.1" 200 10237 "-" "Mozilla/5.0 (X11; Linux i686; rv:6.0) Gecko/20100101 Firefox/6.0"
81.7.13.161 - - [09/Dec/2013:14:53:07 +0100] "GET /preisanfrage.php HTTP/1.1" 200 8502 "-" "Mozilla/5.0 (X11; Linux i686; rv:6.0) Gecko/20100101 Firefox/6.0"
81.7.13.161 - - [09/Dec/2013:14:53:07 +0100] "GET /../standard.php HTTP/1.1" 404 - "-" "Mozilla/5.0 (X11; Linux i686; rv:6.0) Gecko/20100101 Firefox/6.0"
81.7.13.161 - - [09/Dec/2013:14:53:18 +0100] "GET /../schwefelarmstandard.php HTTP/1.1" 404 - "-" "Mozilla/5.0 (X11; Linux i686; rv:6.0) Gecko/20100101 Firefox/6.0"
81.7.13.161 - - [09/Dec/2013:14:53:48 +0100] "GET /impressum.php HTTP/1.1" 200 6306 "-" "Mozilla/5.0 (X11; Linux i686; rv:6.0) Gecko/20100101 Firefox/6.0"
81.7.13.161 - - [09/Dec/2013:14:53:49 +0100] "GET /impressum.php HTTP/1.1" 200 6306 "-" "Mozilla/5.0 (X11; Linux i686; rv:6.0) Gecko/20100101 Firefox/6.0"
92.225.24.247 - - [09/Dec/2013:15:07:33 +0100] "GET /style.css HTTP/1.1" 200 8402 "http://www.mink-gmbh.de/" "Mozilla/5.0 (Macintosh; Intel Mac OS X 10_9) AppleWebKit/537.71 (KHTML, like Gecko) Version/7.0 Safari/537.71"
92.225.24.247 - - [09/Dec/2013:15:07:33 +0100] "GET /modul.css HTTP/1.1" 200 35038 "http://www.mink-gmbh.de/" "Mozilla/5.0 (Macintosh; Intel Mac OS X 10_9) AppleWebKit/537.71 (KHTML, like Gecko) Version/7.0 Safari/537.71"
92.225.24.247 - - [09/Dec/2013:15:07:33 +0100] "GET /js_contentserver24_greybox/gb_styles.css HTTP/1.1" 200 2302 "http://www.mink-gmbh.de/" "Mozilla/5.0 (Macintosh; Intel Mac OS X 10_9) AppleWebKit/537.71 (KHTML, like Gecko) Version/7.0 Safari/537.71"
92.225.24.247 - - [09/Dec/2013:15:07:33 +0100] "GET /js_contentserver24_greybox/AJS.js HTTP/1.1" 200 10396 "http://www.mink-gmbh.de/" "Mozilla/5.0 (Macintosh; Intel Mac OS X 10_9) AppleWebKit/537.71 (KHTML, like Gecko) Version/7.0 Safari/537.71"
92.225.24.247 - - [09/Dec/2013:15:07:33 +0100] "GET /js_contentserver24_greybox/AJS_fx.js HTTP/1.1" 200 3192 "http://www.mink-gmbh.de/" "Mozilla/5.0 (Macintosh; Intel Mac OS X 10_9) AppleWebKit/537.71 (KHTML, like Gecko) Version/7.0 Safari/537.71"
92.225.24.247 - - [09/Dec/2013:15:07:33 +0100] "GET /js_contentserver24_greybox/gb_scripts.js HTTP/1.1" 200 11913 "http://www.mink-gmbh.de/" "Mozilla/5.0 (Macintosh; Intel Mac OS X 10_9) AppleWebKit/537.71 (KHTML, like Gecko) Version/7.0 Safari/537.71"
92.225.24.247 - - [09/Dec/2013:15:07:33 +0100] "GET / HTTP/1.1" 200 12386 "http://www.google.de/url?sa=t&rct=j&q=&esrc=s&source=web&cd=1&ved=0CDQQFjAA&url=http%3A%2F%2Fwww.mink-gmbh.de%2F&ei=P86lUufeHtCGswbf5oFw&usg=AFQjCNFHX4Iglls9oo-KYXTmDUV_5KOVIg&sig2=8Yn64kDQpGTkzrstLec3_A&bvm=bv.57752919,d.Yms" "Mozilla/5.0 (Macintosh; Intel Mac OS X 10_9) AppleWebKit/537.71 (KHTML, like Gecko) Version/7.0 Safari/537.71"
92.225.24.247 - - [09/Dec/2013:15:07:34 +0100] "GET /images/bg.png HTTP/1.1" 200 922 "http://www.mink-gmbh.de/" "Mozilla/5.0 (Macintosh; Intel Mac OS X 10_9) AppleWebKit/537.71 (KHTML, like Gecko) Version/7.0 Safari/537.71"
92.225.24.247 - - [09/Dec/2013:15:07:34 +0100] "GET /js_contentserver24_greybox/w_close.gif HTTP/1.1" 200 74 "http://www.mink-gmbh.de/" "Mozilla/5.0 (Macintosh; Intel Mac OS X 10_9) AppleWebKit/537.71 (KHTML, like Gecko) Version/7.0 Safari/537.71"
92.225.24.247 - - [09/Dec/2013:15:07:34 +0100] "GET /images/close.png HTTP/1.1" 200 703 "http://www.mink-gmbh.de/" "Mozilla/5.0 (Macintosh; Intel Mac OS X 10_9) AppleWebKit/537.71 (KHTML, like Gecko) Version/7.0 Safari/537.71"
92.225.24.247 - - [09/Dec/2013:15:07:34 +0100] "GET /images/newsletter_bg.jpg HTTP/1.1" 200 33610 "http://www.mink-gmbh.de/" "Mozilla/5.0 (Macintosh; Intel Mac OS X 10_9) AppleWebKit/537.71 (KHTML, like Gecko) Version/7.0 Safari/537.71"
92.225.24.247 - - [09/Dec/2013:15:07:34 +0100] "GET /images/header.jpg HTTP/1.1" 200 25189 "http://www.mink-gmbh.de/" "Mozilla/5.0 (Macintosh; Intel Mac OS X 10_9) AppleWebKit/537.71 (KHTML, like Gecko) Version/7.0 Safari/537.71"
92.225.24.247 - - [09/Dec/2013:15:07:34 +0100] "GET /images/wrapperbg.jpg HTTP/1.1" 200 27465 "http://www.mink-gmbh.de/" "Mozilla/5.0 (Macintosh; Intel Mac OS X 10_9) AppleWebKit/537.71 (KHTML, like Gecko) Version/7.0 Safari/537.71"
92.225.24.247 - - [09/Dec/2013:15:07:34 +0100] "GET /images/newsletter.png HTTP/1.1" 200 14619 "http://www.mink-gmbh.de/" "Mozilla/5.0 (Macintosh; Intel Mac OS X 10_9) AppleWebKit/537.71 (KHTML, like Gecko) Version/7.0 Safari/537.71"
92.225.24.247 - - [09/Dec/2013:15:07:34 +0100] "GET /images/navibg.png HTTP/1.1" 200 2803 "http://www.mink-gmbh.de/" "Mozilla/5.0 (Macintosh; Intel Mac OS X 10_9) AppleWebKit/537.71 (KHTML, like Gecko) Version/7.0 Safari/537.71"
92.225.24.247 - - [09/Dec/2013:15:07:34 +0100] "GET /images/steigend.png HTTP/1.1" 200 688 "http://www.mink-gmbh.de/" "Mozilla/5.0 (Macintosh; Intel Mac OS X 10_9) AppleWebKit/537.71 (KHTML, like Gecko) Version/7.0 Safari/537.71"
92.225.24.247 - - [09/Dec/2013:15:07:35 +0100] "GET /images/fallend.png HTTP/1.1" 200 713 "http://www.mink-gmbh.de/" "Mozilla/5.0 (Macintosh; Intel Mac OS X 10_9) AppleWebKit/537.71 (KHTML, like Gecko) Version/7.0 Safari/537.71"
92.225.24.247 - - [09/Dec/2013:15:07:35 +0100] "GET /images/tkw.jpg HTTP/1.1" 200 64031 "http://www.mink-gmbh.de/" "Mozilla/5.0 (Macintosh; Intel Mac OS X 10_9) AppleWebKit/537.71 (KHTML, like Gecko) Version/7.0 Safari/537.71"
92.225.24.247 - - [09/Dec/2013:15:07:35 +0100] "GET /images/mobil.jpg HTTP/1.1" 200 25293 "http://www.mink-gmbh.de/" "Mozilla/5.0 (Macintosh; Intel Mac OS X 10_9) AppleWebKit/537.71 (KHTML, like Gecko) Version/7.0 Safari/537.71"
92.225.24.247 - - [09/Dec/2013:15:07:35 +0100] "GET /images/team-energie.png HTTP/1.1" 200 17383 "http://www.mink-gmbh.de/" "Mozilla/5.0 (Macintosh; Intel Mac OS X 10_9) AppleWebKit/537.71 (KHTML, like Gecko) Version/7.0 Safari/537.71"
92.225.24.247 - - [09/Dec/2013:15:07:35 +0100] "GET /images/newsletter.jpg HTTP/1.1" 200 13130 "http://www.mink-gmbh.de/" "Mozilla/5.0 (Macintosh; Intel Mac OS X 10_9) AppleWebKit/537.71 (KHTML, like Gecko) Version/7.0 Safari/537.71"
92.225.24.247 - - [09/Dec/2013:15:07:35 +0100] "GET /images/freecall.jpg HTTP/1.1" 200 39195 "http://www.mink-gmbh.de/" "Mozilla/5.0 (Macintosh; Intel Mac OS X 10_9) AppleWebKit/537.71 (KHTML, like Gecko) Version/7.0 Safari/537.71"
92.225.24.247 - - [09/Dec/2013:15:07:35 +0100] "GET /images/mail.jpg HTTP/1.1" 200 12099 "http://www.mink-gmbh.de/" "Mozilla/5.0 (Macintosh; Intel Mac OS X 10_9) AppleWebKit/537.71 (KHTML, like Gecko) Version/7.0 Safari/537.71"
92.225.24.247 - - [09/Dec/2013:15:07:35 +0100] "GET /images/kwk.gif HTTP/1.1" 200 6403 "http://www.mink-gmbh.de/" "Mozilla/5.0 (Macintosh; Intel Mac OS X 10_9) AppleWebKit/537.71 (KHTML, like Gecko) Version/7.0 Safari/537.71"
92.225.24.247 - - [09/Dec/2013:15:07:36 +0100] "GET /images/wunschpreis.jpg HTTP/1.1" 200 16767 "http://www.mink-gmbh.de/" "Mozilla/5.0 (Macintosh; Intel Mac OS X 10_9) AppleWebKit/537.71 (KHTML, like Gecko) Version/7.0 Safari/537.71"
92.225.24.247 - - [09/Dec/2013:15:07:36 +0100] "GET /images/logos.jpg?cache4632 HTTP/1.1" 200 35043 "http://www.mink-gmbh.de/" "Mozilla/5.0 (Macintosh; Intel Mac OS X 10_9) AppleWebKit/537.71 (KHTML, like Gecko) Version/7.0 Safari/537.71"
92.225.24.247 - - [09/Dec/2013:15:07:36 +0100] "GET /images/footerbg.jpg HTTP/1.1" 200 2184 "http://www.mink-gmbh.de/" "Mozilla/5.0 (Macintosh; Intel Mac OS X 10_9) AppleWebKit/537.71 (KHTML, like Gecko) Version/7.0 Safari/537.71"
92.225.24.247 - - [09/Dec/2013:15:07:36 +0100] "GET /js_contentserver24_greybox/header_bg.gif HTTP/1.1" 200 1188 "http://www.mink-gmbh.de/" "Mozilla/5.0 (Macintosh; Intel Mac OS X 10_9) AppleWebKit/537.71 (KHTML, like Gecko) Version/7.0 Safari/537.71"
92.225.24.247 - - [09/Dec/2013:15:07:36 +0100] "GET /js_contentserver24_greybox/loader_frame.html?s=0 HTTP/1.1" 200 2084 "http://www.mink-gmbh.de/" "Mozilla/5.0 (Macintosh; Intel Mac OS X 10_9) AppleWebKit/537.71 (KHTML, like Gecko) Version/7.0 Safari/537.71"
92.225.24.247 - - [09/Dec/2013:15:07:36 +0100] "GET /js_contentserver24_greybox/indicator.gif HTTP/1.1" 200 8238 "http://www.mink-gmbh.de/js_contentserver24_greybox/loader_frame.html?s=0" "Mozilla/5.0 (Macintosh; Intel Mac OS X 10_9) AppleWebKit/537.71 (KHTML, like Gecko) Version/7.0 Safari/537.71"
92.225.24.247 - - [09/Dec/2013:15:07:38 +0100] "GET /js_contentserver24_greybox/g_close.gif HTTP/1.1" 200 541 "http://www.mink-gmbh.de/" "Mozilla/5.0 (Macintosh; Intel Mac OS X 10_9) AppleWebKit/537.71 (KHTML, like Gecko) Version/7.0 Safari/537.71"
92.225.24.247 - - [09/Dec/2013:15:07:38 +0100] "GET /favicon.ico HTTP/1.1" 200 3638 "http://www.mink-gmbh.de/" "Mozilla/5.0 (Macintosh; Intel Mac OS X 10_9) AppleWebKit/537.71 (KHTML, like Gecko) Version/7.0 Safari/537.71"
92.225.24.247 - - [09/Dec/2013:15:08:03 +0100] "GET /standard.php HTTP/1.1" 200 6770 "http://www.mink-gmbh.de/" "Mozilla/5.0 (Macintosh; Intel Mac OS X 10_9) AppleWebKit/537.71 (KHTML, like Gecko) Version/7.0 Safari/537.71"
92.225.24.247 - - [09/Dec/2013:15:08:03 +0100] "GET /images/logos.jpg HTTP/1.1" 200 35043 "http://www.mink-gmbh.de/standard.php" "Mozilla/5.0 (Macintosh; Intel Mac OS X 10_9) AppleWebKit/537.71 (KHTML, like Gecko) Version/7.0 Safari/537.71"
92.225.24.247 - - [09/Dec/2013:15:08:06 +0100] "GET /preisanfrage.php HTTP/1.1" 200 8502 "http://www.mink-gmbh.de/standard.php" "Mozilla/5.0 (Macintosh; Intel Mac OS X 10_9) AppleWebKit/537.71 (KHTML, like Gecko) Version/7.0 Safari/537.71"
92.225.24.247 - - [09/Dec/2013:15:08:50 +0100] "GET /standard.php HTTP/1.1" 200 6770 "http://www.mink-gmbh.de/preisanfrage.php" "Mozilla/5.0 (Macintosh; Intel Mac OS X 10_9) AppleWebKit/537.71 (KHTML, like Gecko) Version/7.0 Safari/537.71"
92.225.24.247 - - [09/Dec/2013:15:08:55 +0100] "GET /additive.php HTTP/1.1" 200 5937 "http://www.mink-gmbh.de/standard.php" "Mozilla/5.0 (Macintosh; Intel Mac OS X 10_9) AppleWebKit/537.71 (KHTML, like Gecko) Version/7.0 Safari/537.71"
92.225.24.247 - - [09/Dec/2013:15:11:08 +0100] "GET / HTTP/1.1" 200 11646 "http://www.google.de/url?sa=t&rct=j&q=&esrc=s&source=web&cd=1&ved=0CDMQFjAA&url=http%3A%2F%2Fwww.mink-gmbh.de%2F&ei=E8-lUpDrIMTAtAatwIDYCA&usg=AFQjCNFHX4Iglls9oo-KYXTmDUV_5KOVIg&sig2=FCl1ScsmmxECBfcAM6Pnuw&bvm=bv.57752919,d.Yms" "Mozilla/5.0 (Macintosh; Intel Mac OS X 10_9) AppleWebKit/537.71 (KHTML, like Gecko) Version/7.0 Safari/537.71"
92.225.24.247 - - [09/Dec/2013:15:11:08 +0100] "GET /images/logos.jpg?cache9454 HTTP/1.1" 200 35043 "http://www.mink-gmbh.de/" "Mozilla/5.0 (Macintosh; Intel Mac OS X 10_9) AppleWebKit/537.71 (KHTML, like Gecko) Version/7.0 Safari/537.71"
66.249.76.225 - - [09/Dec/2013:15:33:53 +0100] "GET /news.php?cs_go=archiv&cs_startpos=0 HTTP/1.1" 200 19779 "-" "DoCoMo/2.0 N905i(c100;TB;W24H16) (compatible; Googlebot-Mobile/2.1; +http://www.google.com/bot.html)"
66.249.76.225 - - [09/Dec/2013:15:45:17 +0100] "GET /optiplus.php HTTP/1.1" 200 8639 "-" "DoCoMo/2.0 N905i(c100;TB;W24H16) (compatible; Googlebot-Mobile/2.1; +http://www.google.com/bot.html)"
123.125.71.50 - - [09/Dec/2013:15:48:35 +0100] "GET / HTTP/1.1" 200 6597 "-" "Mozilla/5.0 (compatible; Baiduspider/2.0; +http://www.baidu.com/search/spider.html)"
220.181.108.113 - - [09/Dec/2013:15:51:42 +0100] "GET / HTTP/1.1" 200 6597 "-" "Mozilla/5.0 (compatible; Baiduspider/2.0; +http://www.baidu.com/search/spider.html)"
193.111.141.54 - - [09/Dec/2013:15:57:25 +0100] "GET /news.php HTTP/1.1" 200 19779 "-" "Mozilla/5.0 (X11; Linux i686; rv:6.0) Gecko/20100101 Firefox/6.0"
82.94.179.38 - - [09/Dec/2013:16:16:54 +0100] "GET /robots.txt HTTP/1.0" 200 177 "-" "Mozilla/4.0 (compatible; Freshbot/1.0/EU; http://webagent.wise-guys.nl/)"
82.94.179.38 - - [09/Dec/2013:16:16:54 +0100] "GET /news.php?cs_go=archiv&cs_id=4749 HTTP/1.1" 200 11351 "-" "Mozilla/5.0 (X11; Linux i686; rv:6.0) Gecko/20100101 Firefox/6.0 (Freshbot/1.0/EU; http://webagent.wise-guys.nl/)"
82.94.179.38 - - [09/Dec/2013:16:17:30 +0100] "GET /news.php?cs_go=archiv&cs_id=4739 HTTP/1.1" 200 9839 "-" "Mozilla/5.0 (X11; Linux i686; rv:6.0) Gecko/20100101 Firefox/6.0 (Freshbot/1.0/EU; http://webagent.wise-guys.nl/)"
82.94.179.38 - - [09/Dec/2013:16:18:06 +0100] "GET /news.php?cs_go=archiv&cs_id=4740 HTTP/1.1" 200 7550 "-" "Mozilla/5.0 (X11; Linux i686; rv:6.0) Gecko/20100101 Firefox/6.0 (Freshbot/1.0/EU; http://webagent.wise-guys.nl/)"
208.115.111.75 - - [09/Dec/2013:16:32:33 +0100] "GET /news.php?cs_go=archiv&cs_id=4633&cs_search= HTTP/1.1" 200 11670 "-" "Mozilla/5.0 (compatible; Ezooms/1.0; help@moz.com)"
208.115.111.75 - - [09/Dec/2013:16:32:36 +0100] "GET /news.php?cs_go=archiv&cs_startpos=200 HTTP/1.1" 200 19908 "-" "Mozilla/5.0 (compatible; Ezooms/1.0; help@moz.com)"
208.115.113.91 - - [09/Dec/2013:16:48:59 +0100] "GET /robots.txt HTTP/1.1" 200 177 "-" "Mozilla/5.0 (compatible; Ezooms/1.0; help@moz.com)"
46.229.170.197 - - [09/Dec/2013:16:54:31 +0100] "GET / HTTP/1.1" 200 12386 "-" "Mozilla/5.0 (Windows NT 5.0; WOW64; rv:5.0) Gecko/20100101 Firefox/5.0"
199.30.20.44 - - [09/Dec/2013:16:56:12 +0100] "GET /robots.txt HTTP/1.1" 200 177 "-" "msnbot-media/1.1 (+http://search.msn.com/msnbot.htm)"
199.30.20.44 - - [09/Dec/2013:16:56:12 +0100] "GET /impressum.php HTTP/1.1" 200 6306 "-" "msnbot-media/1.1 (+http://search.msn.com/msnbot.htm)"
82.94.179.38 - - [09/Dec/2013:16:59:12 +0100] "GET /news.php?cs_go=archiv&cs_id=4752 HTTP/1.1" 200 11598 "-" "Mozilla/5.0 (X11; Linux i686; rv:6.0) Gecko/20100101 Firefox/6.0 (Freshbot/1.0/EU; http://webagent.wise-guys.nl/)"
82.94.179.38 - - [09/Dec/2013:16:59:48 +0100] "GET /news.php?cs_go=archiv&cs_id=4730 HTTP/1.1" 200 9134 "-" "Mozilla/5.0 (X11; Linux i686; rv:6.0) Gecko/20100101 Firefox/6.0 (Freshbot/1.0/EU; http://webagent.wise-guys.nl/)"
82.94.179.38 - - [09/Dec/2013:17:00:23 +0100] "GET /news.php?cs_go=archiv&cs_id=4750 HTTP/1.1" 200 7665 "-" "Mozilla/5.0 (X11; Linux i686; rv:6.0) Gecko/20100101 Firefox/6.0 (Freshbot/1.0/EU; http://webagent.wise-guys.nl/)"
66.249.76.225 - - [09/Dec/2013:17:05:03 +0100] "GET /news.php HTTP/1.1" 200 19779 "-" "Mozilla/5.0 (compatible; Googlebot/2.1; +http://www.google.com/bot.html)"
66.249.76.225 - - [09/Dec/2013:17:06:27 +0100] "GET /news.php?cs_go=archiv&cs_id=4743&cs_search= HTTP/1.1" 200 12376 "-" "Mozilla/5.0 (compatible; Googlebot/2.1; +http://www.google.com/bot.html)"
157.56.93.39 - - [09/Dec/2013:17:09:26 +0100] "GET /robots.txt HTTP/1.1" 200 177 "-" "Mozilla/5.0 (compatible; bingbot/2.0; +http://www.bing.com/bingbot.htm)"
66.249.76.225 - - [09/Dec/2013:17:09:48 +0100] "GET /news.php?cs_go=archiv&cs_id=4766&cs_search= HTTP/1.1" 200 11327 "-" "Mozilla/5.0 (compatible; Googlebot/2.1; +http://www.google.com/bot.html)"
66.249.76.225 - - [09/Dec/2013:17:12:25 +0100] "GET /news.php?cs_go=archiv&cs_id=4765&cs_search= HTTP/1.1" 200 7522 "-" "Mozilla/5.0 (compatible; Googlebot/2.1; +http://www.google.com/bot.html)"
66.249.76.225 - - [09/Dec/2013:17:14:27 +0100] "GET /news.php?cs_go=archiv&cs_id=4737 HTTP/1.1" 200 7515 "-" "Mozilla/5.0 (iPhone; CPU iPhone OS 6_0 like Mac OS X) AppleWebKit/536.26 (KHTML, like Gecko) Version/6.0 Mobile/10A5376e Safari/8536.25 (compatible; Googlebot-Mobile/2.1; +http://www.google.com/bot.html)"
157.56.93.39 - - [09/Dec/2013:17:22:30 +0100] "GET / HTTP/1.1" 200 12386 "-" "Mozilla/5.0 (compatible; bingbot/2.0; +http://www.bing.com/bingbot.htm)"
87.162.74.225 - - [09/Dec/2013:17:25:34 +0100] "GET /style.css HTTP/1.1" 200 8402 "http://www.mink-gmbh.de/" "Mozilla/5.0 (Windows NT 5.1; rv:25.0) Gecko/20100101 Firefox/25.0"
87.162.74.225 - - [09/Dec/2013:17:25:34 +0100] "GET /favicon.ico HTTP/1.1" 200 3638 "-" "Mozilla/5.0 (Windows NT 5.1; rv:25.0) Gecko/20100101 Firefox/25.0"
87.162.74.225 - - [09/Dec/2013:17:25:34 +0100] "GET /js_contentserver24_greybox/gb_styles.css HTTP/1.1" 200 2302 "http://www.mink-gmbh.de/" "Mozilla/5.0 (Windows NT 5.1; rv:25.0) Gecko/20100101 Firefox/25.0"
87.162.74.225 - - [09/Dec/2013:17:25:34 +0100] "GET /modul.css HTTP/1.1" 200 35038 "http://www.mink-gmbh.de/" "Mozilla/5.0 (Windows NT 5.1; rv:25.0) Gecko/20100101 Firefox/25.0"
87.162.74.225 - - [09/Dec/2013:17:25:35 +0100] "GET /js_contentserver24_greybox/gb_scripts.js HTTP/1.1" 200 11913 "http://www.mink-gmbh.de/" "Mozilla/5.0 (Windows NT 5.1; rv:25.0) Gecko/20100101 Firefox/25.0"
87.162.74.225 - - [09/Dec/2013:17:25:35 +0100] "GET /js_contentserver24_greybox/AJS_fx.js HTTP/1.1" 200 3192 "http://www.mink-gmbh.de/" "Mozilla/5.0 (Windows NT 5.1; rv:25.0) Gecko/20100101 Firefox/25.0"
87.162.74.225 - - [09/Dec/2013:17:25:34 +0100] "GET / HTTP/1.1" 200 12386 "http://www.google.de/url?sa=t&rct=j&q=&esrc=s&source=web&cd=1&sqi=2&ved=0CDwQFjAA&url=http%3A%2F%2Fwww.mink-gmbh.de%2F&ei=j-6lUsLVFo6HswbetIDQAw&usg=AFQjCNFHX4Iglls9oo-KYXTmDUV_5KOVIg&bvm=bv.57752919,d.Yms" "Mozilla/5.0 (Windows NT 5.1; rv:25.0) Gecko/20100101 Firefox/25.0"
87.162.74.225 - - [09/Dec/2013:17:25:35 +0100] "GET /images/bg.png HTTP/1.1" 200 922 "http://www.mink-gmbh.de/style.css" "Mozilla/5.0 (Windows NT 5.1; rv:25.0) Gecko/20100101 Firefox/25.0"
87.162.74.225 - - [09/Dec/2013:17:25:35 +0100] "GET /js_contentserver24_greybox/AJS.js HTTP/1.1" 200 10396 "http://www.mink-gmbh.de/" "Mozilla/5.0 (Windows NT 5.1; rv:25.0) Gecko/20100101 Firefox/25.0"
87.162.74.225 - - [09/Dec/2013:17:25:35 +0100] "GET /images/freecall.jpg HTTP/1.1" 200 39195 "http://www.mink-gmbh.de/" "Mozilla/5.0 (Windows NT 5.1; rv:25.0) Gecko/20100101 Firefox/25.0"
87.162.74.225 - - [09/Dec/2013:17:25:35 +0100] "GET /images/mail.jpg HTTP/1.1" 200 12099 "http://www.mink-gmbh.de/" "Mozilla/5.0 (Windows NT 5.1; rv:25.0) Gecko/20100101 Firefox/25.0"
87.162.74.225 - - [09/Dec/2013:17:25:35 +0100] "GET /images/team-energie.png HTTP/1.1" 200 17383 "http://www.mink-gmbh.de/" "Mozilla/5.0 (Windows NT 5.1; rv:25.0) Gecko/20100101 Firefox/25.0"
87.162.74.225 - - [09/Dec/2013:17:25:35 +0100] "GET /images/kwk.gif HTTP/1.1" 200 6403 "http://www.mink-gmbh.de/" "Mozilla/5.0 (Windows NT 5.1; rv:25.0) Gecko/20100101 Firefox/25.0"
87.162.74.225 - - [09/Dec/2013:17:25:35 +0100] "GET /images/tkw.jpg HTTP/1.1" 200 64031 "http://www.mink-gmbh.de/" "Mozilla/5.0 (Windows NT 5.1; rv:25.0) Gecko/20100101 Firefox/25.0"
87.162.74.225 - - [09/Dec/2013:17:25:35 +0100] "GET /images/wunschpreis.jpg HTTP/1.1" 200 16767 "http://www.mink-gmbh.de/" "Mozilla/5.0 (Windows NT 5.1; rv:25.0) Gecko/20100101 Firefox/25.0"
87.162.74.225 - - [09/Dec/2013:17:25:35 +0100] "GET /images/logos.jpg?cache4158 HTTP/1.1" 200 35043 "http://www.mink-gmbh.de/" "Mozilla/5.0 (Windows NT 5.1; rv:25.0) Gecko/20100101 Firefox/25.0"
87.162.74.225 - - [09/Dec/2013:17:25:36 +0100] "GET /js_contentserver24_greybox/w_close.gif HTTP/1.1" 200 74 "http://www.mink-gmbh.de/" "Mozilla/5.0 (Windows NT 5.1; rv:25.0) Gecko/20100101 Firefox/25.0"
87.162.74.225 - - [09/Dec/2013:17:25:36 +0100] "GET /images/close.png HTTP/1.1" 200 703 "http://www.mink-gmbh.de/" "Mozilla/5.0 (Windows NT 5.1; rv:25.0) Gecko/20100101 Firefox/25.0"
87.162.74.225 - - [09/Dec/2013:17:25:36 +0100] "GET /images/newsletter_bg.jpg HTTP/1.1" 200 33610 "http://www.mink-gmbh.de/" "Mozilla/5.0 (Windows NT 5.1; rv:25.0) Gecko/20100101 Firefox/25.0"
87.162.74.225 - - [09/Dec/2013:17:25:36 +0100] "GET /images/newsletter.png HTTP/1.1" 200 14619 "http://www.mink-gmbh.de/style.css" "Mozilla/5.0 (Windows NT 5.1; rv:25.0) Gecko/20100101 Firefox/25.0"
87.162.74.225 - - [09/Dec/2013:17:25:36 +0100] "GET /images/wrapperbg.jpg HTTP/1.1" 200 27465 "http://www.mink-gmbh.de/style.css" "Mozilla/5.0 (Windows NT 5.1; rv:25.0) Gecko/20100101 Firefox/25.0"
87.162.74.225 - - [09/Dec/2013:17:25:36 +0100] "GET /images/header.jpg HTTP/1.1" 200 25189 "http://www.mink-gmbh.de/style.css" "Mozilla/5.0 (Windows NT 5.1; rv:25.0) Gecko/20100101 Firefox/25.0"
87.162.74.225 - - [09/Dec/2013:17:25:36 +0100] "GET /images/navibg.png HTTP/1.1" 200 2803 "http://www.mink-gmbh.de/style.css" "Mozilla/5.0 (Windows NT 5.1; rv:25.0) Gecko/20100101 Firefox/25.0"
87.162.74.225 - - [09/Dec/2013:17:25:36 +0100] "GET /images/steigend.png HTTP/1.1" 200 688 "http://www.mink-gmbh.de/modul.css" "Mozilla/5.0 (Windows NT 5.1; rv:25.0) Gecko/20100101 Firefox/25.0"
87.162.74.225 - - [09/Dec/2013:17:25:36 +0100] "GET /images/fallend.png HTTP/1.1" 200 713 "http://www.mink-gmbh.de/modul.css" "Mozilla/5.0 (Windows NT 5.1; rv:25.0) Gecko/20100101 Firefox/25.0"
87.162.74.225 - - [09/Dec/2013:17:25:36 +0100] "GET /images/mobil.jpg HTTP/1.1" 200 25293 "http://www.mink-gmbh.de/style.css" "Mozilla/5.0 (Windows NT 5.1; rv:25.0) Gecko/20100101 Firefox/25.0"
87.162.74.225 - - [09/Dec/2013:17:25:36 +0100] "GET /images/newsletter.jpg HTTP/1.1" 200 13130 "http://www.mink-gmbh.de/style.css" "Mozilla/5.0 (Windows NT 5.1; rv:25.0) Gecko/20100101 Firefox/25.0"
87.162.74.225 - - [09/Dec/2013:17:25:36 +0100] "GET /images/footerbg.jpg HTTP/1.1" 200 2184 "http://www.mink-gmbh.de/style.css" "Mozilla/5.0 (Windows NT 5.1; rv:25.0) Gecko/20100101 Firefox/25.0"
87.162.74.225 - - [09/Dec/2013:17:25:36 +0100] "GET /js_contentserver24_greybox/loader_frame.html?s=0 HTTP/1.1" 200 2084 "http://www.mink-gmbh.de/" "Mozilla/5.0 (Windows NT 5.1; rv:25.0) Gecko/20100101 Firefox/25.0"
87.162.74.225 - - [09/Dec/2013:17:25:36 +0100] "GET /js_contentserver24_greybox/header_bg.gif HTTP/1.1" 200 1188 "http://www.mink-gmbh.de/" "Mozilla/5.0 (Windows NT 5.1; rv:25.0) Gecko/20100101 Firefox/25.0"
87.162.74.225 - - [09/Dec/2013:17:25:37 +0100] "GET /js_contentserver24_greybox/indicator.gif HTTP/1.1" 200 8238 "http://www.mink-gmbh.de/js_contentserver24_greybox/loader_frame.html?s=0" "Mozilla/5.0 (Windows NT 5.1; rv:25.0) Gecko/20100101 Firefox/25.0"
87.162.74.225 - - [09/Dec/2013:17:25:38 +0100] "GET /js_contentserver24_greybox/g_close.gif HTTP/1.1" 200 541 "http://www.mink-gmbh.de/" "Mozilla/5.0 (Windows NT 5.1; rv:25.0) Gecko/20100101 Firefox/25.0"
87.162.74.225 - - [09/Dec/2013:17:26:21 +0100] "GET /preisanfrage.php HTTP/1.1" 200 8502 "http://www.mink-gmbh.de/" "Mozilla/5.0 (Windows NT 5.1; rv:25.0) Gecko/20100101 Firefox/25.0"
87.162.74.225 - - [09/Dec/2013:17:26:22 +0100] "GET /images/logos.jpg HTTP/1.1" 200 35043 "http://www.mink-gmbh.de/preisanfrage.php" "Mozilla/5.0 (Windows NT 5.1; rv:25.0) Gecko/20100101 Firefox/25.0"
87.162.74.225 - - [09/Dec/2013:17:28:01 +0100] "POST /preisanfrage.php HTTP/1.1" 200 5155 "http://www.mink-gmbh.de/preisanfrage.php" "Mozilla/5.0 (Windows NT 5.1; rv:25.0) Gecko/20100101 Firefox/25.0"
87.162.74.225 - - [09/Dec/2013:17:28:20 +0100] "GET /wunschpreis.php HTTP/1.1" 200 10237 "http://www.mink-gmbh.de/preisanfrage.php" "Mozilla/5.0 (Windows NT 5.1; rv:25.0) Gecko/20100101 Firefox/25.0"
176.9.16.253 - - [09/Dec/2013:17:41:17 +0100] "GET /news.php?cs_go=archiv&cs_id=4496&cs_search= HTTP/1.1" 200 10876 "-" "BacklinkCrawler (http://www.backlinktest.com/crawler.html)"
176.9.16.253 - - [09/Dec/2013:17:52:24 +0100] "GET /news.php?cs_go=archiv&cs_id=4496&cs_search= HTTP/1.1" 200 10876 "-" "BacklinkCrawler (http://www.backlinktest.com/crawler.html)"
5.10.83.87 - - [09/Dec/2013:17:53:04 +0100] "GET /news.php?cs_go=archiv&cs_id=4760&cs_search= HTTP/1.1" 200 7631 "-" "Mozilla/5.0 (compatible; AhrefsBot/5.0; +http://ahrefs.com/robot/)"
46.229.164.98 - - [09/Dec/2013:18:02:56 +0100] "GET / HTTP/1.1" 200 12386 "-" "Mozilla/5.0 (compatible; SemrushBot/0.97; +http://www.semrush.com/bot.html)"
5.10.83.87 - - [09/Dec/2013:18:15:08 +0100] "GET /news.php?cs_go=archiv&cs_id=4742&cs_search= HTTP/1.1" 200 8998 "-" "Mozilla/5.0 (compatible; AhrefsBot/5.0; +http://ahrefs.com/robot/)"
5.10.83.95 - - [09/Dec/2013:18:16:18 +0100] "GET /news.php?cs_go=archiv&cs_id=4764 HTTP/1.1" 200 11663 "-" "Mozilla/5.0 (compatible; AhrefsBot/5.0; +http://ahrefs.com/robot/)"
5.10.83.46 - - [09/Dec/2013:18:36:07 +0100] "GET /news.php?cs_go=archiv&cs_id=4762&cs_search= HTTP/1.1" 200 11485 "-" "Mozilla/5.0 (compatible; AhrefsBot/5.0; +http://ahrefs.com/robot/)"
208.115.113.91 - - [09/Dec/2013:18:46:07 +0100] "GET /news.php?cs_go=archiv&cs_id=4602 HTTP/1.1" 200 7968 "-" "Mozilla/5.0 (compatible; Ezooms/1.0; help@moz.com)"
62.157.37.139 - - [09/Dec/2013:18:56:12 +0100] "GET /news.php?cs_go=archiv&cs_id=4589 HTTP/1.1" 200 11787 "-" "Mozilla/5.0 (Windows; U; Windows NT 6.1; en-US; rv:1.9.2.2) Gecko/20100316 Firefox/3.6.2"
77.188.96.165 - - [09/Dec/2013:18:56:26 +0100] "GET /index.php HTTP/1.1" 200 12386 "-" "Mozilla/5.0 (X11; U; Linux x86_64; en-US; rv:1.9.0.19) Gecko/2010102809 Iceweasel/3.0.6 (Debian-3.0.6-3)"
77.188.96.165 - - [09/Dec/2013:18:56:41 +0100] "GET /standard.php HTTP/1.1" 200 6770 "-" "Mozilla/5.0 (X11; U; Linux x86_64; en-US; rv:1.9.0.19) Gecko/2010102809 Iceweasel/3.0.6 (Debian-3.0.6-3)"
92.225.191.141 - - [09/Dec/2013:18:56:43 +0100] "GET /news.php HTTP/1.1" 200 19779 "-" "Mozilla/5.0 (Windows; U; Windows NT 5.1; de; rv:1.9.0.10) Gecko/2009042316 Firefox/3.0.10"
84.191.144.65 - - [09/Dec/2013:18:56:48 +0100] "GET /faq.php HTTP/1.1" 200 216831 "-" "Mozilla/5.0 (Windows; U; Windows NT 5.1; de; rv:1.9.0.10) Gecko/2009042316 Firefox/3.0.10"
84.191.144.65 - - [09/Dec/2013:18:56:54 +0100] "GET /lexikon.php HTTP/1.1" 200 8115 "-" "Mozilla/5.0 (Windows; U; Windows NT 6.1; en-US; rv:1.9.2.2) Gecko/20100316 Firefox/3.6.2"
62.157.37.139 - - [09/Dec/2013:18:57:02 +0100] "GET /energiesparcheck.php HTTP/1.1" 200 11144 "-" "Mozilla/5.0 (Windows; U; Windows NT 5.1; de; rv:1.9.0.10) Gecko/2009042316 Firefox/3.0.10"
92.225.35.9 - - [09/Dec/2013:18:57:08 +0100] "GET /foerdermittel.php HTTP/1.1" 200 10473 "-" "Mozilla/5.0 (Windows; U; Windows NT 5.1; de; rv:1.9.0.10) Gecko/2009042316 Firefox/3.0.10"
84.191.144.65 - - [09/Dec/2013:18:57:23 +0100] "GET /modernisierung.php HTTP/1.1" 200 9252 "-" "Mozilla/5.0 (X11; U; Linux x86_64; en-US; rv:1.9.0.19) Gecko/2010102809 Iceweasel/3.0.6 (Debian-3.0.6-3)"
62.157.37.139 - - [09/Dec/2013:18:57:24 +0100] "GET /kwk.php HTTP/1.1" 200 8447 "-" "Mozilla/5.0 (Windows; U; Windows NT 6.1; en-US; rv:1.9.2.2) Gecko/20100316 Firefox/3.6.2"
92.225.191.141 - - [09/Dec/2013:18:57:47 +0100] "GET /edl.php HTTP/1.1" 200 8596 "-" "Mozilla/5.0 (Windows; U; Windows NT 5.1; de; rv:1.9.0.10) Gecko/2009042316 Firefox/3.0.10"
92.225.35.9 - - [09/Dec/2013:18:57:53 +0100] "GET /agb.php HTTP/1.1" 200 17543 "-" "Mozilla/5.0 (Windows; U; Windows NT 6.1; en-US; rv:1.9.2.2) Gecko/20100316 Firefox/3.6.2"
91.23.20.78 - - [09/Dec/2013:18:57:55 +0100] "GET /kontakt.php HTTP/1.1" 200 6966 "-" "Mozilla/5.0 (X11; U; Linux x86_64; en-US; rv:1.9.0.19) Gecko/2010102809 Iceweasel/3.0.6 (Debian-3.0.6-3)"
5.10.83.34 - - [09/Dec/2013:19:08:07 +0100] "GET /news.php?cs_go=archiv&cs_id=4763 HTTP/1.1" 200 7481 "-" "Mozilla/5.0 (compatible; AhrefsBot/5.0; +http://ahrefs.com/robot/)"
66.249.66.49 - - [09/Dec/2013:19:16:44 +0100] "GET /robots.txt HTTP/1.1" 200 177 "-" "Mozilla/5.0 (compatible; Googlebot/2.1; +http://www.google.com/bot.html)"
66.249.66.49 - - [09/Dec/2013:19:16:44 +0100] "GET /optiplus.php HTTP/1.1" 200 8639 "-" "Mozilla/5.0 (compatible; Googlebot/2.1; +http://www.google.com/bot.html)"
141.8.147.12 - - [09/Dec/2013:19:40:01 +0100] "GET /robots.txt HTTP/1.1" 200 177 "-" "Mozilla/5.0 (compatible; YandexBot/3.0; +http://yandex.com/bots)"
5.10.83.66 - - [09/Dec/2013:19:48:39 +0100] "GET /news.php?cs_go=archiv&cs_id=4762 HTTP/1.1" 200 11485 "-" "Mozilla/5.0 (compatible; AhrefsBot/5.0; +http://ahrefs.com/robot/)"
65.36.241.79 - - [09/Dec/2013:19:55:39 +0100] "HEAD / HTTP/1.1" 200 - "-" "InternetSeer.com"
66.249.66.49 - - [09/Dec/2013:19:56:15 +0100] "GET /kwk.php HTTP/1.1" 200 8447 "-" "Mozilla/5.0 (compatible; Googlebot/2.1; +http://www.google.com/bot.html)"
92.225.24.247 - - [09/Dec/2013:20:13:18 +0100] "GET / HTTP/1.1" 200 12386 "http://www.google.de/url?sa=t&rct=j&q=&esrc=s&source=web&cd=1&ved=0CDMQFjAA&url=http%3A%2F%2Fwww.mink-gmbh.de%2F&ei=E8-lUpDrIMTAtAatwIDYCA&usg=AFQjCNFHX4Iglls9oo-KYXTmDUV_5KOVIg&sig2=FCl1ScsmmxECBfcAM6Pnuw&bvm=bv.57752919,d.Yms" "Mozilla/5.0 (Macintosh; Intel Mac OS X 10_9) AppleWebKit/537.71 (KHTML, like Gecko) Version/7.0 Safari/537.71"
92.225.24.247 - - [09/Dec/2013:20:13:19 +0100] "GET /images/logos.jpg?cache1343 HTTP/1.1" 200 35043 "http://www.mink-gmbh.de/" "Mozilla/5.0 (Macintosh; Intel Mac OS X 10_9) AppleWebKit/537.71 (KHTML, like Gecko) Version/7.0 Safari/537.71"
66.249.66.49 - - [09/Dec/2013:20:40:09 +0100] "GET /kontakt.php HTTP/1.1" 200 6966 "-" "Mozilla/5.0 (compatible; Googlebot/2.1; +http://www.google.com/bot.html)"
5.10.83.34 - - [09/Dec/2013:20:45:19 +0100] "GET /news.php?cs_go=archiv&cs_id=4758&cs_search= HTTP/1.1" 200 8181 "-" "Mozilla/5.0 (compatible; AhrefsBot/5.0; +http://ahrefs.com/robot/)"
157.56.93.40 - - [09/Dec/2013:20:45:33 +0100] "GET /robots.txt HTTP/1.1" 200 177 "-" "Mozilla/5.0 (compatible; bingbot/2.0; +http://www.bing.com/bingbot.htm)"
208.115.113.91 - - [09/Dec/2013:20:48:10 +0100] "GET /robots.txt HTTP/1.1" 200 177 "-" "Mozilla/5.0 (compatible; Ezooms/1.0; help@moz.com)"
5.10.83.87 - - [09/Dec/2013:20:51:47 +0100] "GET /news.php?cs_go=archiv&cs_id=4750&cs_search= HTTP/1.1" 200 7665 "-" "Mozilla/5.0 (compatible; AhrefsBot/5.0; +http://ahrefs.com/robot/)"
66.249.66.49 - - [09/Dec/2013:21:11:41 +0100] "GET /news.php?cs_go=archiv&cs_id=4516 HTTP/1.1" 200 8862 "-" "Mozilla/5.0 (iPhone; CPU iPhone OS 6_0 like Mac OS X) AppleWebKit/536.26 (KHTML, like Gecko) Version/6.0 Mobile/10A5376e Safari/8536.25 (compatible; Googlebot-Mobile/2.1; +http://www.google.com/bot.html)"
157.56.93.40 - - [09/Dec/2013:21:11:47 +0100] "GET /faq.php HTTP/1.1" 200 216831 "-" "Mozilla/5.0 (compatible; bingbot/2.0; +http://www.bing.com/bingbot.htm)"
157.56.93.40 - - [09/Dec/2013:21:11:49 +0100] "GET /preisanfrage.php HTTP/1.1" 200 8502 "-" "Mozilla/5.0 (compatible; bingbot/2.0; +http://www.bing.com/bingbot.htm)"
5.10.83.34 - - [09/Dec/2013:21:23:52 +0100] "GET /news.php?cs_go=archiv&cs_id=4763&cs_search= HTTP/1.1" 200 7481 "-" "Mozilla/5.0 (compatible; AhrefsBot/5.0; +http://ahrefs.com/robot/)"
5.10.83.46 - - [09/Dec/2013:21:31:41 +0100] "GET /news.php?cs_go=archiv&cs_id=4749&cs_search= HTTP/1.1" 200 11351 "-" "Mozilla/5.0 (compatible; AhrefsBot/5.0; +http://ahrefs.com/robot/)"
157.56.93.40 - - [09/Dec/2013:21:32:11 +0100] "GET / HTTP/1.1" 200 12386 "-" "Mozilla/5.0 (compatible; bingbot/2.0; +http://www.bing.com/bingbot.htm)"
5.255.253.79 - - [09/Dec/2013:21:34:28 +0100] "GET /robots.txt HTTP/1.1" 200 177 "-" "Mozilla/5.0 (compatible; YandexImages/3.0; +http://yandex.com/bots)"
