5.10.83.2 - - [06/Dec/2013:18:47:35 +0100] "GET /lexikon.php?cs_go=3&cs_id=181 HTTP/1.1" 200 5557 "-" "Mozilla/5.0 (compatible; AhrefsBot/5.0; +http://ahrefs.com/robot/)"
66.249.74.81 - - [06/Dec/2013:18:50:49 +0100] "GET /news.php?cs_go=archiv&cs_id=4257&cs_search= HTTP/1.1" 200 8403 "-" "SAMSUNG-SGH-E250/1.0 Profile/MIDP-2.0 Configuration/CLDC-1.1 UP.Browser/6.2.3.3.c.1.101 (GUI) MMP/2.0 (compatible; Googlebot-Mobile/2.1; +http://www.google.com/bot.html)"
5.10.83.97 - - [06/Dec/2013:18:51:07 +0100] "GET /news.php?cs_go=archiv&cs_id=4588&cs_search= HTTP/1.1" 200 9557 "-" "Mozilla/5.0 (compatible; AhrefsBot/5.0; +http://ahrefs.com/robot/)"
141.8.147.12 - - [06/Dec/2013:18:53:57 +0100] "GET /news.php?cs_go=archiv&cs_id=4734&cs_search= HTTP/1.1" 200 7777 "-" "Mozilla/5.0 (compatible; YandexBot/3.0; +http://yandex.com/bots)"
5.10.83.68 - - [06/Dec/2013:19:09:55 +0100] "GET /news.php?cs_go=archiv&cs_id=4646&cs_search= HTTP/1.1" 200 10720 "-" "Mozilla/5.0 (compatible; AhrefsBot/5.0; +http://ahrefs.com/robot/)"
5.10.83.71 - - [06/Dec/2013:19:14:21 +0100] "GET /news.php?cs_go=archiv&cs_id=4627&cs_search= HTTP/1.1" 200 10706 "-" "Mozilla/5.0 (compatible; AhrefsBot/5.0; +http://ahrefs.com/robot/)"
157.56.92.162 - - [06/Dec/2013:19:16:28 +0100] "GET /news.php?cs_go=archiv&cs_startpos=20 HTTP/1.1" 200 20417 "-" "Mozilla/5.0 (compatible; bingbot/2.0; +http://www.bing.com/bingbot.htm)"
5.10.83.34 - - [06/Dec/2013:19:20:48 +0100] "GET /lexikon.php?cs_go=2&cs_char=s HTTP/1.1" 200 7632 "-" "Mozilla/5.0 (compatible; AhrefsBot/5.0; +http://ahrefs.com/robot/)"
157.55.32.190 - - [06/Dec/2013:19:29:14 +0100] "GET /news.php?cs_go=archiv&cs_id=4557&cs_search= HTTP/1.1" 200 7784 "-" "Mozilla/5.0 (compatible; bingbot/2.0; +http://www.bing.com/bingbot.htm)"
157.55.32.190 - - [06/Dec/2013:19:29:15 +0100] "GET /news.php?cs_go=archiv&cs_id=4614&cs_search= HTTP/1.1" 200 11536 "-" "Mozilla/5.0 (compatible; bingbot/2.0; +http://www.bing.com/bingbot.htm)"
157.55.32.190 - - [06/Dec/2013:19:29:15 +0100] "GET /news.php?cs_go=archiv&cs_id=4612&cs_search= HTTP/1.1" 200 8143 "-" "Mozilla/5.0 (compatible; bingbot/2.0; +http://www.bing.com/bingbot.htm)"
157.55.32.190 - - [06/Dec/2013:19:29:16 +0100] "GET /rueckrufservice.php HTTP/1.1" 200 8300 "-" "Mozilla/5.0 (compatible; bingbot/2.0; +http://www.bing.com/bingbot.htm)"
157.55.32.190 - - [06/Dec/2013:19:29:16 +0100] "GET /lexikon.php HTTP/1.1" 200 8115 "-" "Mozilla/5.0 (compatible; bingbot/2.0; +http://www.bing.com/bingbot.htm)"
5.10.83.29 - - [06/Dec/2013:19:31:37 +0100] "GET /news.php?cs_go=archiv&cs_id=4674&cs_search= HTTP/1.1" 200 9618 "-" "Mozilla/5.0 (compatible; AhrefsBot/5.0; +http://ahrefs.com/robot/)"
5.10.83.29 - - [06/Dec/2013:19:37:21 +0100] "GET /lexikon.php?cs_go=3&cs_id=56 HTTP/1.1" 200 5568 "-" "Mozilla/5.0 (compatible; AhrefsBot/5.0; +http://ahrefs.com/robot/)"
5.10.83.105 - - [06/Dec/2013:19:40:12 +0100] "GET /lexikon.php?cs_go=3&cs_id=45 HTTP/1.1" 200 5560 "-" "Mozilla/5.0 (compatible; AhrefsBot/5.0; +http://ahrefs.com/robot/)"
65.36.241.79 - - [06/Dec/2013:19:45:02 +0100] "HEAD / HTTP/1.1" 200 - "-" "InternetSeer.com"
5.10.83.103 - - [06/Dec/2013:19:55:39 +0100] "GET /kwk.php?cs_go=3 HTTP/1.1" 200 7848 "-" "Mozilla/5.0 (compatible; AhrefsBot/5.0; +http://ahrefs.com/robot/)"
217.69.133.224 - - [06/Dec/2013:20:08:23 +0100] "GET /robots.txt HTTP/1.1" 200 177 "-" "Mozilla/5.0 (compatible; Linux x86_64; Mail.RU_Bot/2.0; +http://go.mail.ru/help/robots)"
217.69.133.221 - - [06/Dec/2013:20:08:24 +0100] "GET /rueckrufservice.php HTTP/1.1" 200 8300 "-" "Mozilla/5.0 (compatible; Linux x86_64; Mail.RU_Bot/2.0; +http://go.mail.ru/help/robots)"
141.8.147.12 - - [06/Dec/2013:20:10:47 +0100] "GET /news.php?cs_go=archiv&cs_id=4729&cs_search= HTTP/1.1" 200 8331 "-" "Mozilla/5.0 (compatible; YandexBot/3.0; +http://yandex.com/bots)"
5.10.83.71 - - [06/Dec/2013:20:20:13 +0100] "GET /lexikon.php?cs_go=2&cs_char=q HTTP/1.1" 200 5726 "-" "Mozilla/5.0 (compatible; AhrefsBot/5.0; +http://ahrefs.com/robot/)"
5.10.83.11 - - [06/Dec/2013:20:23:33 +0100] "GET /lexikon.php?cs_go=3&cs_id=41 HTTP/1.1" 200 5917 "-" "Mozilla/5.0 (compatible; AhrefsBot/5.0; +http://ahrefs.com/robot/)"
5.10.83.11 - - [06/Dec/2013:20:23:54 +0100] "GET /news.php?cs_go=archiv&cs_id=4506&cs_search= HTTP/1.1" 200 8011 "-" "Mozilla/5.0 (compatible; AhrefsBot/5.0; +http://ahrefs.com/robot/)"
208.115.111.75 - - [06/Dec/2013:20:33:18 +0100] "GET /news.php?cs_go=archiv&cs_startpos=50 HTTP/1.1" 200 20282 "-" "Mozilla/5.0 (compatible; Ezooms/1.0; help@moz.com)"
141.8.147.12 - - [06/Dec/2013:20:38:53 +0100] "GET /news.php?cs_go=archiv&cs_id=4696&cs_search= HTTP/1.1" 200 8199 "-" "Mozilla/5.0 (compatible; YandexBot/3.0; +http://yandex.com/bots)"
141.8.147.12 - - [06/Dec/2013:20:40:58 +0100] "GET /news.php?cs_go=archiv&cs_id=4735&cs_search= HTTP/1.1" 200 8277 "-" "Mozilla/5.0 (compatible; YandexBot/3.0; +http://yandex.com/bots)"
141.8.147.12 - - [06/Dec/2013:20:42:59 +0100] "GET / HTTP/1.1" 200 12355 "-" "Mozilla/5.0 (compatible; YandexBot/3.0; +http://yandex.com/bots)"
208.115.113.91 - - [06/Dec/2013:20:51:06 +0100] "GET /robots.txt HTTP/1.1" 200 177 "-" "Mozilla/5.0 (compatible; Ezooms/1.0; help@moz.com)"
141.8.147.12 - - [06/Dec/2013:21:00:16 +0100] "GET /news.php?cs_go=archiv&cs_id=4749 HTTP/1.1" 200 11351 "-" "Mozilla/5.0 (compatible; YandexBot/3.0; +http://yandex.com/bots)"
157.55.32.190 - - [06/Dec/2013:21:04:49 +0100] "GET /robots.txt HTTP/1.1" 200 177 "-" "Mozilla/5.0 (compatible; bingbot/2.0; +http://www.bing.com/bingbot.htm)"
157.55.32.190 - - [06/Dec/2013:21:05:23 +0100] "GET /news.php?cs_go=archiv&cs_id=4557&cs_search= HTTP/1.1" 200 7784 "-" "Mozilla/5.0 (compatible; bingbot/2.0; +http://www.bing.com/bingbot.htm)"
157.55.32.190 - - [06/Dec/2013:21:05:24 +0100] "GET /news.php?cs_go=archiv&cs_id=4614&cs_search= HTTP/1.1" 200 11536 "-" "Mozilla/5.0 (compatible; bingbot/2.0; +http://www.bing.com/bingbot.htm)"
157.55.32.190 - - [06/Dec/2013:21:05:24 +0100] "GET /news.php?cs_go=archiv&cs_id=4612&cs_search= HTTP/1.1" 200 8143 "-" "Mozilla/5.0 (compatible; bingbot/2.0; +http://www.bing.com/bingbot.htm)"
157.55.32.190 - - [06/Dec/2013:21:05:25 +0100] "GET /rueckrufservice.php HTTP/1.1" 200 8300 "-" "Mozilla/5.0 (compatible; bingbot/2.0; +http://www.bing.com/bingbot.htm)"
157.55.32.190 - - [06/Dec/2013:21:05:25 +0100] "GET /lexikon.php HTTP/1.1" 200 8115 "-" "Mozilla/5.0 (compatible; bingbot/2.0; +http://www.bing.com/bingbot.htm)"
5.10.83.2 - - [06/Dec/2013:21:20:11 +0100] "GET /news.php?cs_go=archiv&cs_id=4737&cs_search= HTTP/1.1" 200 7515 "-" "Mozilla/5.0 (compatible; AhrefsBot/5.0; +http://ahrefs.com/robot/)"
217.69.133.221 - - [06/Dec/2013:21:27:40 +0100] "GET /robots.txt HTTP/1.1" 200 177 "-" "Mozilla/5.0 (compatible; Linux x86_64; Mail.RU_Bot/2.0; +http://go.mail.ru/help/robots)"
217.69.133.221 - - [06/Dec/2013:21:27:41 +0100] "GET / HTTP/1.1" 200 12355 "-" "Mozilla/5.0 (compatible; Linux x86_64; Mail.RU_Bot/2.0; +http://go.mail.ru/help/robots)"
5.10.83.68 - - [06/Dec/2013:21:48:49 +0100] "GET /agb.php HTTP/1.1" 200 17543 "-" "Mozilla/5.0 (compatible; AhrefsBot/5.0; +http://ahrefs.com/robot/)"
5.10.83.11 - - [06/Dec/2013:21:56:04 +0100] "GET /lexikon.php?cs_go=3&cs_id=101 HTTP/1.1" 200 7780 "-" "Mozilla/5.0 (compatible; AhrefsBot/5.0; +http://ahrefs.com/robot/)"
5.10.83.97 - - [06/Dec/2013:22:03:26 +0100] "GET /news.php?cs_go=archiv&cs_startpos=210 HTTP/1.1" 200 17178 "-" "Mozilla/5.0 (compatible; AhrefsBot/5.0; +http://ahrefs.com/robot/)"
66.249.74.81 - - [06/Dec/2013:22:05:17 +0100] "GET /news.php?cs_go=archiv&cs_id=4737&cs_search= HTTP/1.1" 200 7515 "-" "Mozilla/5.0 (iPhone; CPU iPhone OS 6_0 like Mac OS X) AppleWebKit/536.26 (KHTML, like Gecko) Version/6.0 Mobile/10A5376e Safari/8536.25 (compatible; Googlebot-Mobile/2.1; +http://www.google.com/bot.html)"
66.249.74.81 - - [06/Dec/2013:22:15:34 +0100] "GET /style.css HTTP/1.1" 200 8402 "http://www.mink-gmbh.de/news.php?cs_go=archiv&cs_id=4737&cs_search=" "Mozilla/5.0 (compatible; Googlebot/2.1; +http://www.google.com/bot.html)"
5.10.83.68 - - [06/Dec/2013:22:21:59 +0100] "GET /news.php?cs_go=archiv&cs_id=4509&cs_search= HTTP/1.1" 200 7860 "-" "Mozilla/5.0 (compatible; AhrefsBot/5.0; +http://ahrefs.com/robot/)"
5.10.83.11 - - [06/Dec/2013:22:23:24 +0100] "GET /lexikon.php?cs_go=2&cs_char=g HTTP/1.1" 200 6690 "-" "Mozilla/5.0 (compatible; AhrefsBot/5.0; +http://ahrefs.com/robot/)"
178.255.215.64 - - [06/Dec/2013:22:37:50 +0100] "GET /robots.txt HTTP/1.1" 200 177 "-" "Mozilla/5.0 (compatible; Exabot/3.0; +http://www.exabot.com/go/robot)"
178.255.215.64 - - [06/Dec/2013:22:37:50 +0100] "GET /jobs.php HTTP/1.1" 200 4965 "-" "Mozilla/5.0 (compatible; Exabot/3.0; +http://www.exabot.com/go/robot)"
178.255.215.64 - - [06/Dec/2013:22:37:53 +0100] "GET /news.php HTTP/1.1" 200 19810 "-" "Mozilla/5.0 (compatible; Exabot/3.0; +http://www.exabot.com/go/robot)"
208.115.111.75 - - [06/Dec/2013:22:49:30 +0100] "GET /robots.txt HTTP/1.1" 200 177 "-" "Mozilla/5.0 (compatible; Ezooms/1.0; help@moz.com)"
141.8.147.12 - - [06/Dec/2013:22:50:18 +0100] "GET /index.php HTTP/1.1" 200 12355 "-" "Mozilla/5.0 (compatible; YandexBot/3.0; +http://yandex.com/bots)"
208.115.113.91 - - [06/Dec/2013:22:50:35 +0100] "GET /news.php?cs_go=archiv&cs_startpos=100 HTTP/1.1" 200 20309 "-" "Mozilla/5.0 (compatible; Ezooms/1.0; help@moz.com)"
5.10.83.68 - - [06/Dec/2013:22:55:46 +0100] "GET /lexikon.php?cs_go=3&cs_id=187 HTTP/1.1" 200 6067 "-" "Mozilla/5.0 (compatible; AhrefsBot/5.0; +http://ahrefs.com/robot/)"
5.10.83.68 - - [06/Dec/2013:23:05:25 +0100] "GET /schwefelarmstandard.php HTTP/1.1" 200 10730 "-" "Mozilla/5.0 (compatible; AhrefsBot/5.0; +http://ahrefs.com/robot/)"
208.115.111.75 - - [06/Dec/2013:23:12:23 +0100] "GET /news.php?cs_go=archiv&cs_id=4679 HTTP/1.1" 200 11686 "-" "Mozilla/5.0 (compatible; Ezooms/1.0; help@moz.com)"
5.10.83.71 - - [06/Dec/2013:23:18:05 +0100] "GET /news.php?cs_go=archiv&cs_id=4675&cs_search= HTTP/1.1" 200 8871 "-" "Mozilla/5.0 (compatible; AhrefsBot/5.0; +http://ahrefs.com/robot/)"
101.226.168.250 - - [06/Dec/2013:23:22:06 +0100] "GET /robots.txt HTTP/1.1" 200 177 "http://www.mink-gmbh.de/robots.txt" "Mozilla/4.0 (compatible; MSIE 8.0; Windows NT 6.1; Trident/4.0; SLCC2; .NET CLR 2.0.50727; .NET CLR 3.5.30729; .NET CLR 3.0.30729; Media Center PC 6.0; MDDR; .NET4.0C; .NET4.0E; .NET CLR 1.1.4322; Tablet PC 2.0); 360Spider"
5.10.83.105 - - [06/Dec/2013:23:33:01 +0100] "GET /lexikon.php?cs_go=3&cs_id=15 HTTP/1.1" 200 5641 "-" "Mozilla/5.0 (compatible; AhrefsBot/5.0; +http://ahrefs.com/robot/)"
5.10.83.49 - - [06/Dec/2013:23:34:14 +0100] "GET /news.php?cs_go=archiv&cs_id=4706&cs_search= HTTP/1.1" 200 10955 "-" "Mozilla/5.0 (compatible; AhrefsBot/5.0; +http://ahrefs.com/robot/)"
5.10.83.90 - - [06/Dec/2013:23:46:55 +0100] "GET /news.php?cs_go=archiv&cs_startpos=10 HTTP/1.1" 200 20347 "-" "Mozilla/5.0 (compatible; AhrefsBot/5.0; +http://ahrefs.com/robot/)"
5.10.83.90 - - [06/Dec/2013:23:48:19 +0100] "GET /lexikon.php?cs_go=3&cs_id=220 HTTP/1.1" 200 5585 "-" "Mozilla/5.0 (compatible; AhrefsBot/5.0; +http://ahrefs.com/robot/)"
5.10.83.29 - - [06/Dec/2013:23:48:23 +0100] "GET /news.php?cs_go=archiv&cs_id=4727&cs_search= HTTP/1.1" 200 7729 "-" "Mozilla/5.0 (compatible; AhrefsBot/5.0; +http://ahrefs.com/robot/)"
5.10.83.68 - - [06/Dec/2013:23:53:43 +0100] "GET /lexikon.php?cs_go=3&cs_id=151 HTTP/1.1" 200 6247 "-" "Mozilla/5.0 (compatible; AhrefsBot/5.0; +http://ahrefs.com/robot/)"
66.249.74.81 - - [06/Dec/2013:23:54:46 +0100] "GET /robots.txt HTTP/1.1" 200 177 "-" "Mozilla/5.0 (compatible; Googlebot/2.1; +http://www.google.com/bot.html)"
66.249.74.81 - - [06/Dec/2013:23:54:46 +0100] "GET /news.php?cs_go=archiv&cs_id=4406 HTTP/1.1" 200 8876 "-" "Mozilla/5.0 (iPhone; CPU iPhone OS 6_0 like Mac OS X) AppleWebKit/536.26 (KHTML, like Gecko) Version/6.0 Mobile/10A5376e Safari/8536.25 (compatible; Googlebot-Mobile/2.1; +http://www.google.com/bot.html)"
5.10.83.97 - - [07/Dec/2013:00:04:04 +0100] "GET /news.php?cs_go=archiv&cs_id=4508&cs_search= HTTP/1.1" 200 7953 "-" "Mozilla/5.0 (compatible; AhrefsBot/5.0; +http://ahrefs.com/robot/)"
5.10.83.105 - - [07/Dec/2013:00:34:41 +0100] "GET /lexikon.php?cs_go=3&cs_id=92 HTTP/1.1" 200 6089 "-" "Mozilla/5.0 (compatible; AhrefsBot/5.0; +http://ahrefs.com/robot/)"
5.10.83.97 - - [07/Dec/2013:00:37:07 +0100] "GET /news.php?cs_go=archiv&cs_id=4562&cs_search= HTTP/1.1" 200 11648 "-" "Mozilla/5.0 (compatible; AhrefsBot/5.0; +http://ahrefs.com/robot/)"
5.10.83.71 - - [07/Dec/2013:00:37:22 +0100] "GET /news.php?cs_go=archiv&cs_id=4555&cs_search= HTTP/1.1" 200 9452 "-" "Mozilla/5.0 (compatible; AhrefsBot/5.0; +http://ahrefs.com/robot/)"
5.10.83.105 - - [07/Dec/2013:00:47:35 +0100] "GET /news.php?cs_go=archiv&cs_id=4498&cs_search= HTTP/1.1" 200 9190 "-" "Mozilla/5.0 (compatible; AhrefsBot/5.0; +http://ahrefs.com/robot/)"
141.8.147.12 - - [07/Dec/2013:00:48:43 +0100] "GET /news.php?cs_go=archiv&cs_id=4740 HTTP/1.1" 200 7550 "-" "Mozilla/5.0 (compatible; YandexBot/3.0; +http://yandex.com/bots)"
65.36.241.79 - - [07/Dec/2013:00:59:27 +0100] "HEAD / HTTP/1.1" 200 - "-" "InternetSeer.com"
5.10.83.105 - - [07/Dec/2013:01:03:52 +0100] "GET /news.php?cs_go=archiv&cs_startpos=20 HTTP/1.1" 200 20417 "-" "Mozilla/5.0 (compatible; AhrefsBot/5.0; +http://ahrefs.com/robot/)"
5.10.83.79 - - [07/Dec/2013:01:16:38 +0100] "GET /lexikon.php?cs_go=3&cs_id=128 HTTP/1.1" 200 6057 "-" "Mozilla/5.0 (compatible; AhrefsBot/5.0; +http://ahrefs.com/robot/)"
5.10.83.68 - - [07/Dec/2013:01:31:56 +0100] "GET /news.php?cs_go=archiv&cs_startpos=230 HTTP/1.1" 200 6058 "-" "Mozilla/5.0 (compatible; AhrefsBot/5.0; +http://ahrefs.com/robot/)"
5.10.83.71 - - [07/Dec/2013:01:52:44 +0100] "GET /news.php?cs_go=archiv&cs_id=4538&cs_search= HTTP/1.1" 200 7642 "-" "Mozilla/5.0 (compatible; AhrefsBot/5.0; +http://ahrefs.com/robot/)"
178.77.126.55 - - [07/Dec/2013:01:53:17 +0100] "GET /robots.txt HTTP/1.1" 200 177 "-" "Mozilla/5.0 (compatible; CareerBot/1.1; +http://www.career-x.de/bot.html)"
178.77.126.55 - - [07/Dec/2013:01:53:17 +0100] "GET / HTTP/1.1" 200 12355 "-" "Mozilla/5.0 (compatible; CareerBot/1.1; +http://www.career-x.de/bot.html)"
5.10.83.34 - - [07/Dec/2013:01:55:52 +0100] "GET /lexikon.php?cs_go=3&cs_id=233 HTTP/1.1" 200 6564 "-" "Mozilla/5.0 (compatible; AhrefsBot/5.0; +http://ahrefs.com/robot/)"
5.10.83.105 - - [07/Dec/2013:02:08:31 +0100] "GET /news.php?cs_go=archiv&cs_id=4717&cs_search= HTTP/1.1" 200 7684 "-" "Mozilla/5.0 (compatible; AhrefsBot/5.0; +http://ahrefs.com/robot/)"
217.69.133.224 - - [07/Dec/2013:02:10:44 +0100] "GET /robots.txt HTTP/1.1" 200 177 "-" "Mozilla/5.0 (compatible; Linux x86_64; Mail.RU_Bot/2.0; +http://go.mail.ru/help/robots)"
217.69.133.68 - - [07/Dec/2013:02:10:46 +0100] "GET /newsletter.php HTTP/1.1" 200 6492 "-" "Mozilla/5.0 (compatible; Linux x86_64; Mail.RU_Bot/2.0; +http://go.mail.ru/help/robots)"
5.10.83.2 - - [07/Dec/2013:02:11:24 +0100] "GET /news.php?cs_go=archiv&cs_id=4499&cs_search= HTTP/1.1" 200 8910 "-" "Mozilla/5.0 (compatible; AhrefsBot/5.0; +http://ahrefs.com/robot/)"
5.10.83.103 - - [07/Dec/2013:02:19:58 +0100] "GET /wunschpreis.php HTTP/1.1" 200 10237 "-" "Mozilla/5.0 (compatible; AhrefsBot/5.0; +http://ahrefs.com/robot/)"
5.10.83.90 - - [07/Dec/2013:02:20:46 +0100] "GET /news.php?cs_go=archiv&cs_id=4618&cs_search= HTTP/1.1" 200 9399 "-" "Mozilla/5.0 (compatible; AhrefsBot/5.0; +http://ahrefs.com/robot/)"
5.10.83.97 - - [07/Dec/2013:02:25:47 +0100] "GET /news.php?cs_go=archiv&cs_id=4633&cs_search= HTTP/1.1" 200 11670 "-" "Mozilla/5.0 (compatible; AhrefsBot/5.0; +http://ahrefs.com/robot/)"
5.10.83.68 - - [07/Dec/2013:02:32:11 +0100] "GET /lexikon.php?cs_go=3&cs_id=136 HTTP/1.1" 200 5552 "-" "Mozilla/5.0 (compatible; AhrefsBot/5.0; +http://ahrefs.com/robot/)"
5.10.83.90 - - [07/Dec/2013:02:32:14 +0100] "GET /kwk.php HTTP/1.1" 200 8447 "-" "Mozilla/5.0 (compatible; AhrefsBot/5.0; +http://ahrefs.com/robot/)"
5.10.83.49 - - [07/Dec/2013:02:33:11 +0100] "GET /lexikon.php?cs_go=3&cs_id=152 HTTP/1.1" 200 6142 "-" "Mozilla/5.0 (compatible; AhrefsBot/5.0; +http://ahrefs.com/robot/)"
5.10.83.97 - - [07/Dec/2013:02:38:08 +0100] "GET /news.php?cs_go=archiv&cs_startpos=30 HTTP/1.1" 200 20177 "-" "Mozilla/5.0 (compatible; AhrefsBot/5.0; +http://ahrefs.com/robot/)"
5.10.83.105 - - [07/Dec/2013:02:41:09 +0100] "GET /lexikon.php?cs_go=3&cs_id=17 HTTP/1.1" 200 6025 "-" "Mozilla/5.0 (compatible; AhrefsBot/5.0; +http://ahrefs.com/robot/)"
5.10.83.2 - - [07/Dec/2013:02:47:44 +0100] "GET /lexikon.php?cs_go=3&cs_id=86 HTTP/1.1" 200 5817 "-" "Mozilla/5.0 (compatible; AhrefsBot/5.0; +http://ahrefs.com/robot/)"
141.8.147.12 - - [07/Dec/2013:02:53:43 +0100] "GET /news.php?cs_go=archiv&cs_id=4739 HTTP/1.1" 200 9839 "-" "Mozilla/5.0 (compatible; YandexBot/3.0; +http://yandex.com/bots)"
141.8.147.12 - - [07/Dec/2013:02:57:11 +0100] "GET /news.php HTTP/1.1" 200 19810 "-" "Mozilla/5.0 (compatible; YandexBot/3.0; +http://yandex.com/bots)"
66.249.74.81 - - [07/Dec/2013:03:07:18 +0100] "GET /images/optiplus.jpg HTTP/1.1" 304 - "-" "Googlebot-Image/1.0"
5.10.83.103 - - [07/Dec/2013:03:20:18 +0100] "GET /lexikon.php?cs_go=3&cs_id=93 HTTP/1.1" 200 5555 "-" "Mozilla/5.0 (compatible; AhrefsBot/5.0; +http://ahrefs.com/robot/)"
5.10.83.105 - - [07/Dec/2013:03:24:21 +0100] "GET /news.php?cs_go=archiv&cs_id=4528&cs_search= HTTP/1.1" 200 7537 "-" "Mozilla/5.0 (compatible; AhrefsBot/5.0; +http://ahrefs.com/robot/)"
5.10.83.103 - - [07/Dec/2013:03:25:15 +0100] "GET /lexikon.php?cs_go=2&cs_char=x HTTP/1.1" 200 6174 "-" "Mozilla/5.0 (compatible; AhrefsBot/5.0; +http://ahrefs.com/robot/)"
5.10.83.68 - - [07/Dec/2013:03:41:16 +0100] "GET /kwk.php?cs_go=4 HTTP/1.1" 200 7818 "-" "Mozilla/5.0 (compatible; AhrefsBot/5.0; +http://ahrefs.com/robot/)"
5.10.83.68 - - [07/Dec/2013:03:51:34 +0100] "GET /rueckrufservice.php HTTP/1.1" 200 8300 "-" "Mozilla/5.0 (compatible; AhrefsBot/5.0; +http://ahrefs.com/robot/)"
5.10.83.68 - - [07/Dec/2013:03:55:19 +0100] "GET /news.php?cs_go=archiv&cs_id=4722&cs_search= HTTP/1.1" 200 11340 "-" "Mozilla/5.0 (compatible; AhrefsBot/5.0; +http://ahrefs.com/robot/)"
5.10.83.103 - - [07/Dec/2013:04:33:10 +0100] "GET /news.php?cs_go=archiv&cs_id=4676&cs_search= HTTP/1.1" 200 11598 "-" "Mozilla/5.0 (compatible; AhrefsBot/5.0; +http://ahrefs.com/robot/)"
5.10.83.97 - - [07/Dec/2013:04:33:34 +0100] "GET /news.php?cs_go=archiv&cs_id=4644&cs_search= HTTP/1.1" 200 11610 "-" "Mozilla/5.0 (compatible; AhrefsBot/5.0; +http://ahrefs.com/robot/)"
5.10.83.105 - - [07/Dec/2013:04:41:22 +0100] "GET /modernisierung.php?cs_gp_go=coupon HTTP/1.1" 200 7829 "-" "Mozilla/5.0 (compatible; AhrefsBot/5.0; +http://ahrefs.com/robot/)"
5.10.83.105 - - [07/Dec/2013:04:49:54 +0100] "GET /news.php?cs_go=archiv&cs_id=4699&cs_search= HTTP/1.1" 200 10031 "-" "Mozilla/5.0 (compatible; AhrefsBot/5.0; +http://ahrefs.com/robot/)"
208.115.113.91 - - [07/Dec/2013:04:50:05 +0100] "GET /robots.txt HTTP/1.1" 200 177 "-" "Mozilla/5.0 (compatible; Ezooms/1.0; help@moz.com)"
5.10.83.68 - - [07/Dec/2013:04:51:01 +0100] "GET /kwk.php?cs_go=1 HTTP/1.1" 200 8447 "-" "Mozilla/5.0 (compatible; AhrefsBot/5.0; +http://ahrefs.com/robot/)"
5.10.83.105 - - [07/Dec/2013:04:53:05 +0100] "GET /news.php?cs_go=archiv&cs_id=4711&cs_search= HTTP/1.1" 200 7882 "-" "Mozilla/5.0 (compatible; AhrefsBot/5.0; +http://ahrefs.com/robot/)"
5.10.83.79 - - [07/Dec/2013:05:00:58 +0100] "GET /news.php?cs_go=archiv&cs_id=4534&cs_search= HTTP/1.1" 200 7551 "-" "Mozilla/5.0 (compatible; AhrefsBot/5.0; +http://ahrefs.com/robot/)"
5.10.83.34 - - [07/Dec/2013:05:01:07 +0100] "GET /news.php?cs_go=archiv&cs_id=4553&cs_search= HTTP/1.1" 200 9667 "-" "Mozilla/5.0 (compatible; AhrefsBot/5.0; +http://ahrefs.com/robot/)"
5.10.83.97 - - [07/Dec/2013:05:33:06 +0100] "GET /lexikon.php?cs_go=3&cs_id=228 HTTP/1.1" 200 6808 "-" "Mozilla/5.0 (compatible; AhrefsBot/5.0; +http://ahrefs.com/robot/)"
5.10.83.71 - - [07/Dec/2013:05:33:49 +0100] "GET /lexikon.php?cs_go=3&cs_id=59 HTTP/1.1" 200 6273 "-" "Mozilla/5.0 (compatible; AhrefsBot/5.0; +http://ahrefs.com/robot/)"
5.10.83.11 - - [07/Dec/2013:05:40:58 +0100] "GET /news.php?cs_go=archiv&cs_id=4586&cs_search= HTTP/1.1" 200 8879 "-" "Mozilla/5.0 (compatible; AhrefsBot/5.0; +http://ahrefs.com/robot/)"
5.10.83.49 - - [07/Dec/2013:05:47:32 +0100] "GET /news.php?cs_go=archiv&cs_startpos=171 HTTP/1.1" 200 20496 "-" "Mozilla/5.0 (compatible; AhrefsBot/5.0; +http://ahrefs.com/robot/)"
5.10.83.71 - - [07/Dec/2013:05:47:32 +0100] "GET /lexikon.php?cs_go=3&cs_id=207 HTTP/1.1" 200 5567 "-" "Mozilla/5.0 (compatible; AhrefsBot/5.0; +http://ahrefs.com/robot/)"
5.10.83.34 - - [07/Dec/2013:05:52:11 +0100] "GET /faq.php HTTP/1.1" 200 216831 "-" "Mozilla/5.0 (compatible; AhrefsBot/5.0; +http://ahrefs.com/robot/)"
5.10.83.79 - - [07/Dec/2013:06:02:59 +0100] "GET /lexikon.php?cs_go=2&cs_char=b HTTP/1.1" 200 7294 "-" "Mozilla/5.0 (compatible; AhrefsBot/5.0; +http://ahrefs.com/robot/)"
66.249.74.81 - - [07/Dec/2013:06:07:13 +0100] "GET /images/logos.jpg?cache5836 HTTP/1.1" 200 35043 "-" "Googlebot-Image/1.0"
5.10.83.49 - - [07/Dec/2013:06:18:35 +0100] "GET /news.php?cs_go=archiv&cs_id=4519&cs_search= HTTP/1.1" 200 7898 "-" "Mozilla/5.0 (compatible; AhrefsBot/5.0; +http://ahrefs.com/robot/)"
5.10.83.49 - - [07/Dec/2013:06:18:40 +0100] "GET /news.php?cs_go=archiv&cs_startpos=181 HTTP/1.1" 200 20230 "-" "Mozilla/5.0 (compatible; AhrefsBot/5.0; +http://ahrefs.com/robot/)"
5.10.83.97 - - [07/Dec/2013:06:19:04 +0100] "GET /lexikon.php?cs_go=3&cs_id=209 HTTP/1.1" 200 5860 "-" "Mozilla/5.0 (compatible; AhrefsBot/5.0; +http://ahrefs.com/robot/)"
5.10.83.68 - - [07/Dec/2013:06:34:13 +0100] "GET /news.php?cs_go=archiv&cs_id=4583&cs_search= HTTP/1.1" 200 13188 "-" "Mozilla/5.0 (compatible; AhrefsBot/5.0; +http://ahrefs.com/robot/)"
5.10.83.29 - - [07/Dec/2013:06:35:40 +0100] "GET /lexikon.php?cs_go=3&cs_id=96 HTTP/1.1" 200 5871 "-" "Mozilla/5.0 (compatible; AhrefsBot/5.0; +http://ahrefs.com/robot/)"
208.115.113.91 - - [07/Dec/2013:06:49:41 +0100] "GET /news.php?cs_go=archiv&cs_id=4630&cs_search= HTTP/1.1" 200 11671 "-" "Mozilla/5.0 (compatible; Ezooms/1.0; help@moz.com)"
5.10.83.11 - - [07/Dec/2013:07:03:24 +0100] "GET /lexikon.php?cs_go=2&cs_char=o HTTP/1.1" 200 6825 "-" "Mozilla/5.0 (compatible; AhrefsBot/5.0; +http://ahrefs.com/robot/)"
157.55.32.87 - - [07/Dec/2013:07:33:46 +0100] "GET /robots.txt HTTP/1.1" 200 177 "-" "Mozilla/5.0 (compatible; bingbot/2.0; +http://www.bing.com/bingbot.htm)"
144.76.95.232 - - [07/Dec/2013:07:37:36 +0100] "GET /robots.txt HTTP/1.0" 200 177 "-" "Mozilla/5.0 (compatible; MJ12bot/v1.4.4; http://www.majestic12.co.uk/bot.php?+)"
144.76.95.232 - - [07/Dec/2013:07:37:37 +0100] "GET /news.php?cs_go=archiv&cs_id=4468&cs_search= HTTP/1.0" 200 11701 "-" "Mozilla/5.0 (compatible; MJ12bot/v1.4.4; http://www.majestic12.co.uk/bot.php?+)"
144.76.95.232 - - [07/Dec/2013:07:37:39 +0100] "GET /news.php?cs_go=archiv&cs_id=4469&cs_search= HTTP/1.0" 200 7899 "-" "Mozilla/5.0 (compatible; MJ12bot/v1.4.4; http://www.majestic12.co.uk/bot.php?+)"
144.76.95.232 - - [07/Dec/2013:07:37:40 +0100] "GET /news.php?cs_go=archiv&cs_id=4470&cs_search= HTTP/1.0" 200 8303 "-" "Mozilla/5.0 (compatible; MJ12bot/v1.4.4; http://www.majestic12.co.uk/bot.php?+)"
144.76.95.232 - - [07/Dec/2013:07:37:45 +0100] "GET /news.php?cs_go=archiv&cs_id=4471&cs_search= HTTP/1.0" 200 11752 "-" "Mozilla/5.0 (compatible; MJ12bot/v1.4.4; http://www.majestic12.co.uk/bot.php?+)"
144.76.95.232 - - [07/Dec/2013:07:37:47 +0100] "GET /news.php?cs_go=archiv&cs_id=4472&cs_search= HTTP/1.0" 200 7777 "-" "Mozilla/5.0 (compatible; MJ12bot/v1.4.4; http://www.majestic12.co.uk/bot.php?+)"
144.76.95.232 - - [07/Dec/2013:07:37:49 +0100] "GET /news.php?cs_go=archiv&cs_id=4473&cs_search= HTTP/1.0" 200 7935 "-" "Mozilla/5.0 (compatible; MJ12bot/v1.4.4; http://www.majestic12.co.uk/bot.php?+)"
144.76.95.232 - - [07/Dec/2013:07:37:51 +0100] "GET /news.php?cs_go=archiv&cs_id=4474&cs_search= HTTP/1.0" 200 11713 "-" "Mozilla/5.0 (compatible; MJ12bot/v1.4.4; http://www.majestic12.co.uk/bot.php?+)"
144.76.95.232 - - [07/Dec/2013:07:37:53 +0100] "GET /news.php?cs_go=archiv&cs_id=4475&cs_search= HTTP/1.0" 200 7569 "-" "Mozilla/5.0 (compatible; MJ12bot/v1.4.4; http://www.majestic12.co.uk/bot.php?+)"
144.76.95.232 - - [07/Dec/2013:07:37:57 +0100] "GET /news.php?cs_go=archiv&cs_id=4476&cs_search= HTTP/1.0" 200 9124 "-" "Mozilla/5.0 (compatible; MJ12bot/v1.4.4; http://www.majestic12.co.uk/bot.php?+)"
144.76.95.232 - - [07/Dec/2013:07:37:59 +0100] "GET /news.php?cs_go=archiv&cs_id=4477&cs_search= HTTP/1.0" 200 11818 "-" "Mozilla/5.0 (compatible; MJ12bot/v1.4.4; http://www.majestic12.co.uk/bot.php?+)"
144.76.95.232 - - [07/Dec/2013:07:38:01 +0100] "GET /news.php?cs_go=archiv&cs_id=4478&cs_search= HTTP/1.0" 200 7676 "-" "Mozilla/5.0 (compatible; MJ12bot/v1.4.4; http://www.majestic12.co.uk/bot.php?+)"
144.76.95.232 - - [07/Dec/2013:07:38:03 +0100] "GET /news.php?cs_go=archiv&cs_id=4479&cs_search= HTTP/1.0" 200 8330 "-" "Mozilla/5.0 (compatible; MJ12bot/v1.4.4; http://www.majestic12.co.uk/bot.php?+)"
144.76.95.232 - - [07/Dec/2013:07:38:05 +0100] "GET /news.php?cs_go=archiv&cs_id=4480&cs_search= HTTP/1.0" 200 9872 "-" "Mozilla/5.0 (compatible; MJ12bot/v1.4.4; http://www.majestic12.co.uk/bot.php?+)"
144.76.95.232 - - [07/Dec/2013:07:38:07 +0100] "GET /news.php?cs_go=archiv&cs_id=4481&cs_search= HTTP/1.0" 200 9240 "-" "Mozilla/5.0 (compatible; MJ12bot/v1.4.4; http://www.majestic12.co.uk/bot.php?+)"
144.76.95.232 - - [07/Dec/2013:07:38:09 +0100] "GET /news.php?cs_go=archiv&cs_id=4482&cs_search= HTTP/1.0" 200 8913 "-" "Mozilla/5.0 (compatible; MJ12bot/v1.4.4; http://www.majestic12.co.uk/bot.php?+)"
144.76.95.232 - - [07/Dec/2013:07:38:14 +0100] "GET /news.php?cs_go=archiv&cs_id=4484&cs_search= HTTP/1.0" 200 11518 "-" "Mozilla/5.0 (compatible; MJ12bot/v1.4.4; http://www.majestic12.co.uk/bot.php?+)"
144.76.95.232 - - [07/Dec/2013:07:38:17 +0100] "GET /news.php?cs_go=archiv&cs_id=4485&cs_search= HTTP/1.0" 200 7680 "-" "Mozilla/5.0 (compatible; MJ12bot/v1.4.4; http://www.majestic12.co.uk/bot.php?+)"
144.76.95.232 - - [07/Dec/2013:07:38:21 +0100] "GET /news.php?cs_go=archiv&cs_id=4486&cs_search= HTTP/1.0" 200 11582 "-" "Mozilla/5.0 (compatible; MJ12bot/v1.4.4; http://www.majestic12.co.uk/bot.php?+)"
144.76.95.232 - - [07/Dec/2013:07:38:23 +0100] "GET /news.php?cs_go=archiv&cs_id=4487&cs_search= HTTP/1.0" 200 7679 "-" "Mozilla/5.0 (compatible; MJ12bot/v1.4.4; http://www.majestic12.co.uk/bot.php?+)"
144.76.95.232 - - [07/Dec/2013:07:38:25 +0100] "GET /news.php?cs_go=archiv&cs_id=4489&cs_search= HTTP/1.0" 200 12037 "-" "Mozilla/5.0 (compatible; MJ12bot/v1.4.4; http://www.majestic12.co.uk/bot.php?+)"
144.76.95.232 - - [07/Dec/2013:07:38:27 +0100] "GET /news.php?cs_go=archiv&cs_id=4490&cs_search= HTTP/1.0" 200 7603 "-" "Mozilla/5.0 (compatible; MJ12bot/v1.4.4; http://www.majestic12.co.uk/bot.php?+)"
144.76.95.232 - - [07/Dec/2013:07:38:38 +0100] "GET /news.php?cs_go=archiv&cs_id=4491&cs_search= HTTP/1.0" 200 8426 "-" "Mozilla/5.0 (compatible; MJ12bot/v1.4.4; http://www.majestic12.co.uk/bot.php?+)"
144.76.95.232 - - [07/Dec/2013:07:38:40 +0100] "GET /news.php?cs_go=archiv&cs_id=4493&cs_search= HTTP/1.0" 200 9472 "-" "Mozilla/5.0 (compatible; MJ12bot/v1.4.4; http://www.majestic12.co.uk/bot.php?+)"
144.76.95.232 - - [07/Dec/2013:07:38:43 +0100] "GET /news.php?cs_go=archiv&cs_id=4494&cs_search= HTTP/1.0" 200 11100 "-" "Mozilla/5.0 (compatible; MJ12bot/v1.4.4; http://www.majestic12.co.uk/bot.php?+)"
144.76.95.232 - - [07/Dec/2013:07:38:48 +0100] "GET /news.php?cs_go=archiv&cs_id=4501&cs_search= HTTP/1.0" 200 11630 "-" "Mozilla/5.0 (compatible; MJ12bot/v1.4.4; http://www.majestic12.co.uk/bot.php?+)"
144.76.95.232 - - [07/Dec/2013:07:38:52 +0100] "GET /news.php?cs_go=archiv&cs_id=4550&cs_search= HTTP/1.0" 200 8187 "-" "Mozilla/5.0 (compatible; MJ12bot/v1.4.4; http://www.majestic12.co.uk/bot.php?+)"
144.76.95.232 - - [07/Dec/2013:07:38:54 +0100] "GET /news.php?cs_go=archiv&cs_id=4551&cs_search= HTTP/1.0" 200 9648 "-" "Mozilla/5.0 (compatible; MJ12bot/v1.4.4; http://www.majestic12.co.uk/bot.php?+)"
144.76.95.232 - - [07/Dec/2013:07:38:56 +0100] "GET /news.php?cs_go=archiv&cs_id=4553&cs_search= HTTP/1.0" 200 9667 "-" "Mozilla/5.0 (compatible; MJ12bot/v1.4.4; http://www.majestic12.co.uk/bot.php?+)"
144.76.95.232 - - [07/Dec/2013:07:38:58 +0100] "GET /news.php?cs_go=archiv&cs_id=4554 HTTP/1.0" 200 9166 "-" "Mozilla/5.0 (compatible; MJ12bot/v1.4.4; http://www.majestic12.co.uk/bot.php?+)"
144.76.95.232 - - [07/Dec/2013:07:39:02 +0100] "GET /news.php?cs_go=archiv&cs_id=4554&cs_search= HTTP/1.0" 200 9166 "-" "Mozilla/5.0 (compatible; MJ12bot/v1.4.4; http://www.majestic12.co.uk/bot.php?+)"
144.76.95.232 - - [07/Dec/2013:07:39:05 +0100] "GET /news.php?cs_go=archiv&cs_id=4558&cs_search= HTTP/1.0" 200 11595 "-" "Mozilla/5.0 (compatible; MJ12bot/v1.4.4; http://www.majestic12.co.uk/bot.php?+)"
144.76.95.232 - - [07/Dec/2013:07:39:07 +0100] "GET /news.php?cs_go=archiv&cs_id=4559&cs_search= HTTP/1.0" 200 7615 "-" "Mozilla/5.0 (compatible; MJ12bot/v1.4.4; http://www.majestic12.co.uk/bot.php?+)"
144.76.95.232 - - [07/Dec/2013:07:39:11 +0100] "GET /news.php?cs_go=archiv&cs_id=4560&cs_search= HTTP/1.0" 200 9041 "-" "Mozilla/5.0 (compatible; MJ12bot/v1.4.4; http://www.majestic12.co.uk/bot.php?+)"
144.76.95.232 - - [07/Dec/2013:07:39:13 +0100] "GET /news.php?cs_go=archiv&cs_id=4562 HTTP/1.0" 200 11648 "-" "Mozilla/5.0 (compatible; MJ12bot/v1.4.4; http://www.majestic12.co.uk/bot.php?+)"
144.76.95.232 - - [07/Dec/2013:07:39:15 +0100] "GET /news.php?cs_go=archiv&cs_id=4562&cs_search= HTTP/1.0" 200 11648 "-" "Mozilla/5.0 (compatible; MJ12bot/v1.4.4; http://www.majestic12.co.uk/bot.php?+)"
144.76.95.232 - - [07/Dec/2013:07:39:16 +0100] "GET /news.php?cs_go=archiv&cs_id=4563 HTTP/1.0" 200 7524 "-" "Mozilla/5.0 (compatible; MJ12bot/v1.4.4; http://www.majestic12.co.uk/bot.php?+)"
144.76.95.232 - - [07/Dec/2013:07:39:26 +0100] "GET /news.php?cs_go=archiv&cs_id=4563&cs_search= HTTP/1.0" 200 7524 "-" "Mozilla/5.0 (compatible; MJ12bot/v1.4.4; http://www.majestic12.co.uk/bot.php?+)"
144.76.95.232 - - [07/Dec/2013:07:39:27 +0100] "GET /news.php?cs_go=archiv&cs_id=4564 HTTP/1.0" 200 11209 "-" "Mozilla/5.0 (compatible; MJ12bot/v1.4.4; http://www.majestic12.co.uk/bot.php?+)"
144.76.95.232 - - [07/Dec/2013:07:39:30 +0100] "GET /news.php?cs_go=archiv&cs_id=4564&cs_search= HTTP/1.0" 200 11209 "-" "Mozilla/5.0 (compatible; MJ12bot/v1.4.4; http://www.majestic12.co.uk/bot.php?+)"
5.10.83.68 - - [07/Dec/2013:07:39:37 +0100] "GET /news.php?cs_go=archiv&cs_id=4659&cs_search= HTTP/1.1" 200 11613 "-" "Mozilla/5.0 (compatible; AhrefsBot/5.0; +http://ahrefs.com/robot/)"
5.10.83.11 - - [07/Dec/2013:07:40:58 +0100] "GET /lexikon.php?cs_go=3&cs_id=100 HTTP/1.1" 200 6264 "-" "Mozilla/5.0 (compatible; AhrefsBot/5.0; +http://ahrefs.com/robot/)"
157.55.32.87 - - [07/Dec/2013:07:42:35 +0100] "GET / HTTP/1.1" 200 12355 "-" "Mozilla/5.0 (compatible; bingbot/2.0; +http://www.bing.com/bingbot.htm)"
65.36.241.79 - - [07/Dec/2013:07:44:59 +0100] "HEAD / HTTP/1.1" 200 - "-" "InternetSeer.com"
5.10.83.71 - - [07/Dec/2013:07:50:25 +0100] "GET /news.php?cs_go=archiv&cs_id=4564&cs_search= HTTP/1.1" 200 11209 "-" "Mozilla/5.0 (compatible; AhrefsBot/5.0; +http://ahrefs.com/robot/)"
66.249.74.81 - - [07/Dec/2013:07:54:34 +0100] "GET /news.php?cs_go=archiv&cs_id=4428 HTTP/1.1" 200 11395 "-" "Mozilla/5.0 (iPhone; CPU iPhone OS 6_0 like Mac OS X) AppleWebKit/536.26 (KHTML, like Gecko) Version/6.0 Mobile/10A5376e Safari/8536.25 (compatible; Googlebot-Mobile/2.1; +http://www.google.com/bot.html)"
66.249.74.81 - - [07/Dec/2013:07:55:59 +0100] "GET /modul.css HTTP/1.1" 200 35038 "http://www.mink-gmbh.de/news.php?cs_go=archiv&cs_id=4428" "Mozilla/5.0 (compatible; Googlebot/2.1; +http://www.google.com/bot.html)"
5.10.83.90 - - [07/Dec/2013:08:03:33 +0100] "GET /.php HTTP/1.1" 404 - "-" "Mozilla/5.0 (compatible; AhrefsBot/5.0; +http://ahrefs.com/robot/)"
5.10.83.29 - - [07/Dec/2013:08:04:31 +0100] "GET /lexikon.php?cs_go=3&cs_id=6 HTTP/1.1" 200 5729 "-" "Mozilla/5.0 (compatible; AhrefsBot/5.0; +http://ahrefs.com/robot/)"
92.231.189.184 - - [07/Dec/2013:08:04:36 +0100] "GET /style.css HTTP/1.1" 200 8402 "http://www.mink-gmbh.de/" "Mozilla/5.0 (Windows NT 6.3; WOW64; rv:25.0) Gecko/20100101 Firefox/25.0"
92.231.189.184 - - [07/Dec/2013:08:04:37 +0100] "GET /favicon.ico HTTP/1.1" 200 3638 "-" "Mozilla/5.0 (Windows NT 6.3; WOW64; rv:25.0) Gecko/20100101 Firefox/25.0"
92.231.189.184 - - [07/Dec/2013:08:04:36 +0100] "GET /modul.css HTTP/1.1" 200 35038 "http://www.mink-gmbh.de/" "Mozilla/5.0 (Windows NT 6.3; WOW64; rv:25.0) Gecko/20100101 Firefox/25.0"
92.231.189.184 - - [07/Dec/2013:08:04:37 +0100] "GET /images/bg.png HTTP/1.1" 200 922 "http://www.mink-gmbh.de/style.css" "Mozilla/5.0 (Windows NT 6.3; WOW64; rv:25.0) Gecko/20100101 Firefox/25.0"
92.231.189.184 - - [07/Dec/2013:08:04:38 +0100] "GET /js_contentserver24_greybox/gb_styles.css HTTP/1.1" 200 2302 "http://www.mink-gmbh.de/" "Mozilla/5.0 (Windows NT 6.3; WOW64; rv:25.0) Gecko/20100101 Firefox/25.0"
92.231.189.184 - - [07/Dec/2013:08:04:38 +0100] "GET /js_contentserver24_greybox/AJS_fx.js HTTP/1.1" 200 3192 "http://www.mink-gmbh.de/" "Mozilla/5.0 (Windows NT 6.3; WOW64; rv:25.0) Gecko/20100101 Firefox/25.0"
92.231.189.184 - - [07/Dec/2013:08:04:38 +0100] "GET /js_contentserver24_greybox/gb_scripts.js HTTP/1.1" 200 11913 "http://www.mink-gmbh.de/" "Mozilla/5.0 (Windows NT 6.3; WOW64; rv:25.0) Gecko/20100101 Firefox/25.0"
92.231.189.184 - - [07/Dec/2013:08:04:38 +0100] "GET /js_contentserver24_greybox/AJS.js HTTP/1.1" 200 10396 "http://www.mink-gmbh.de/" "Mozilla/5.0 (Windows NT 6.3; WOW64; rv:25.0) Gecko/20100101 Firefox/25.0"
92.231.189.184 - - [07/Dec/2013:08:04:38 +0100] "GET /js_contentserver24_greybox/w_close.gif HTTP/1.1" 200 74 "http://www.mink-gmbh.de/" "Mozilla/5.0 (Windows NT 6.3; WOW64; rv:25.0) Gecko/20100101 Firefox/25.0"
92.231.189.184 - - [07/Dec/2013:08:04:38 +0100] "GET /images/close.png HTTP/1.1" 200 703 "http://www.mink-gmbh.de/" "Mozilla/5.0 (Windows NT 6.3; WOW64; rv:25.0) Gecko/20100101 Firefox/25.0"
92.231.189.184 - - [07/Dec/2013:08:04:38 +0100] "GET /images/newsletter.png HTTP/1.1" 200 14619 "http://www.mink-gmbh.de/style.css" "Mozilla/5.0 (Windows NT 6.3; WOW64; rv:25.0) Gecko/20100101 Firefox/25.0"
92.231.189.184 - - [07/Dec/2013:08:04:38 +0100] "GET /images/wrapperbg.jpg HTTP/1.1" 200 27465 "http://www.mink-gmbh.de/style.css" "Mozilla/5.0 (Windows NT 6.3; WOW64; rv:25.0) Gecko/20100101 Firefox/25.0"
92.231.189.184 - - [07/Dec/2013:08:04:39 +0100] "GET /images/navibg.png HTTP/1.1" 200 2803 "http://www.mink-gmbh.de/style.css" "Mozilla/5.0 (Windows NT 6.3; WOW64; rv:25.0) Gecko/20100101 Firefox/25.0"
92.231.189.184 - - [07/Dec/2013:08:04:38 +0100] "GET /images/newsletter_bg.jpg HTTP/1.1" 200 33610 "http://www.mink-gmbh.de/" "Mozilla/5.0 (Windows NT 6.3; WOW64; rv:25.0) Gecko/20100101 Firefox/25.0"
92.231.189.184 - - [07/Dec/2013:08:04:39 +0100] "GET /images/header.jpg HTTP/1.1" 200 25189 "http://www.mink-gmbh.de/style.css" "Mozilla/5.0 (Windows NT 6.3; WOW64; rv:25.0) Gecko/20100101 Firefox/25.0"
92.231.189.184 - - [07/Dec/2013:08:04:39 +0100] "GET /js_contentserver24_greybox/loader_frame.html?s=0 HTTP/1.1" 200 2084 "http://www.mink-gmbh.de/" "Mozilla/5.0 (Windows NT 6.3; WOW64; rv:25.0) Gecko/20100101 Firefox/25.0"
92.231.189.184 - - [07/Dec/2013:08:04:39 +0100] "GET /js_contentserver24_greybox/header_bg.gif HTTP/1.1" 200 1188 "http://www.mink-gmbh.de/" "Mozilla/5.0 (Windows NT 6.3; WOW64; rv:25.0) Gecko/20100101 Firefox/25.0"
92.231.189.184 - - [07/Dec/2013:08:04:39 +0100] "GET /js_contentserver24_greybox/indicator.gif HTTP/1.1" 200 8238 "http://www.mink-gmbh.de/js_contentserver24_greybox/loader_frame.html?s=0" "Mozilla/5.0 (Windows NT 6.3; WOW64; rv:25.0) Gecko/20100101 Firefox/25.0"
92.231.189.184 - - [07/Dec/2013:08:04:39 +0100] "GET /images/steigend.png HTTP/1.1" 200 688 "http://www.mink-gmbh.de/modul.css" "Mozilla/5.0 (Windows NT 6.3; WOW64; rv:25.0) Gecko/20100101 Firefox/25.0"
92.231.189.184 - - [07/Dec/2013:08:04:39 +0100] "GET /images/fallend.png HTTP/1.1" 200 713 "http://www.mink-gmbh.de/modul.css" "Mozilla/5.0 (Windows NT 6.3; WOW64; rv:25.0) Gecko/20100101 Firefox/25.0"
92.231.189.184 - - [07/Dec/2013:08:04:36 +0100] "GET / HTTP/1.1" 200 12355 "http://www.google.de/url?sa=t&rct=j&q=&esrc=s&source=web&cd=1&ved=0CDIQFjAA&url=http%3A%2F%2Fwww.mink-gmbh.de%2F&ei=PsiiUpCdE8nEtAbMzIHIBg&usg=AFQjCNFHX4Iglls9oo-KYXTmDUV_5KOVIg&bvm=bv.57752919,d.Yms" "Mozilla/5.0 (Windows NT 6.3; WOW64; rv:25.0) Gecko/20100101 Firefox/25.0"
92.231.189.184 - - [07/Dec/2013:08:04:39 +0100] "GET /images/team-energie.png HTTP/1.1" 200 17383 "http://www.mink-gmbh.de/" "Mozilla/5.0 (Windows NT 6.3; WOW64; rv:25.0) Gecko/20100101 Firefox/25.0"
92.231.189.184 - - [07/Dec/2013:08:04:39 +0100] "GET /images/kwk.gif HTTP/1.1" 200 6403 "http://www.mink-gmbh.de/" "Mozilla/5.0 (Windows NT 6.3; WOW64; rv:25.0) Gecko/20100101 Firefox/25.0"
92.231.189.184 - - [07/Dec/2013:08:04:39 +0100] "GET /images/wunschpreis.jpg HTTP/1.1" 200 16767 "http://www.mink-gmbh.de/" "Mozilla/5.0 (Windows NT 6.3; WOW64; rv:25.0) Gecko/20100101 Firefox/25.0"
92.231.189.184 - - [07/Dec/2013:08:04:39 +0100] "GET /images/mail.jpg HTTP/1.1" 200 12099 "http://www.mink-gmbh.de/" "Mozilla/5.0 (Windows NT 6.3; WOW64; rv:25.0) Gecko/20100101 Firefox/25.0"
92.231.189.184 - - [07/Dec/2013:08:04:39 +0100] "GET /images/tkw.jpg HTTP/1.1" 200 64031 "http://www.mink-gmbh.de/" "Mozilla/5.0 (Windows NT 6.3; WOW64; rv:25.0) Gecko/20100101 Firefox/25.0"
92.231.189.184 - - [07/Dec/2013:08:04:39 +0100] "GET /images/mobil.jpg HTTP/1.1" 200 25293 "http://www.mink-gmbh.de/style.css" "Mozilla/5.0 (Windows NT 6.3; WOW64; rv:25.0) Gecko/20100101 Firefox/25.0"
92.231.189.184 - - [07/Dec/2013:08:04:39 +0100] "GET /images/logos.jpg?cache9988 HTTP/1.1" 200 35043 "http://www.mink-gmbh.de/" "Mozilla/5.0 (Windows NT 6.3; WOW64; rv:25.0) Gecko/20100101 Firefox/25.0"
92.231.189.184 - - [07/Dec/2013:08:04:39 +0100] "GET /images/newsletter.jpg HTTP/1.1" 200 13130 "http://www.mink-gmbh.de/style.css" "Mozilla/5.0 (Windows NT 6.3; WOW64; rv:25.0) Gecko/20100101 Firefox/25.0"
92.231.189.184 - - [07/Dec/2013:08:04:39 +0100] "GET /images/freecall.jpg HTTP/1.1" 200 39195 "http://www.mink-gmbh.de/" "Mozilla/5.0 (Windows NT 6.3; WOW64; rv:25.0) Gecko/20100101 Firefox/25.0"
92.231.189.184 - - [07/Dec/2013:08:04:39 +0100] "GET /images/footerbg.jpg HTTP/1.1" 200 2184 "http://www.mink-gmbh.de/style.css" "Mozilla/5.0 (Windows NT 6.3; WOW64; rv:25.0) Gecko/20100101 Firefox/25.0"
92.231.189.184 - - [07/Dec/2013:08:04:40 +0100] "GET /js_contentserver24_greybox/g_close.gif HTTP/1.1" 200 541 "http://www.mink-gmbh.de/" "Mozilla/5.0 (Windows NT 6.3; WOW64; rv:25.0) Gecko/20100101 Firefox/25.0"
92.231.189.184 - - [07/Dec/2013:08:05:09 +0100] "GET /news.php?cs_go=archiv&cs_id=4764 HTTP/1.1" 200 11663 "http://www.mink-gmbh.de/" "Mozilla/5.0 (Windows NT 6.3; WOW64; rv:25.0) Gecko/20100101 Firefox/25.0"
92.231.189.184 - - [07/Dec/2013:08:05:10 +0100] "GET /images/logos.jpg HTTP/1.1" 200 35043 "http://www.mink-gmbh.de/news.php?cs_go=archiv&cs_id=4764" "Mozilla/5.0 (Windows NT 6.3; WOW64; rv:25.0) Gecko/20100101 Firefox/25.0"
92.231.189.184 - - [07/Dec/2013:08:05:55 +0100] "GET /index.php HTTP/1.1" 200 11615 "http://www.mink-gmbh.de/news.php?cs_go=archiv&cs_id=4764" "Mozilla/5.0 (Windows NT 6.3; WOW64; rv:25.0) Gecko/20100101 Firefox/25.0"
92.231.189.184 - - [07/Dec/2013:08:05:55 +0100] "GET /images/logos.jpg?cache7073 HTTP/1.1" 200 35043 "http://www.mink-gmbh.de/index.php" "Mozilla/5.0 (Windows NT 6.3; WOW64; rv:25.0) Gecko/20100101 Firefox/25.0"
92.231.189.184 - - [07/Dec/2013:08:06:01 +0100] "GET /kontakt.php HTTP/1.1" 200 6966 "http://www.mink-gmbh.de/index.php" "Mozilla/5.0 (Windows NT 6.3; WOW64; rv:25.0) Gecko/20100101 Firefox/25.0"
92.231.189.184 - - [07/Dec/2013:08:06:10 +0100] "GET /news.php HTTP/1.1" 200 19810 "http://www.mink-gmbh.de/kontakt.php" "Mozilla/5.0 (Windows NT 6.3; WOW64; rv:25.0) Gecko/20100101 Firefox/25.0"
92.231.189.184 - - [07/Dec/2013:08:06:17 +0100] "GET /standard.php HTTP/1.1" 200 6770 "http://www.mink-gmbh.de/news.php" "Mozilla/5.0 (Windows NT 6.3; WOW64; rv:25.0) Gecko/20100101 Firefox/25.0"
92.231.189.184 - - [07/Dec/2013:08:06:20 +0100] "GET /index.php HTTP/1.1" 200 11615 "http://www.mink-gmbh.de/standard.php" "Mozilla/5.0 (Windows NT 6.3; WOW64; rv:25.0) Gecko/20100101 Firefox/25.0"
92.231.189.184 - - [07/Dec/2013:08:06:21 +0100] "GET /images/logos.jpg?cache3196 HTTP/1.1" 200 35043 "http://www.mink-gmbh.de/index.php" "Mozilla/5.0 (Windows NT 6.3; WOW64; rv:25.0) Gecko/20100101 Firefox/25.0"
92.231.189.184 - - [07/Dec/2013:08:06:35 +0100] "GET /news.php?cs_go=archiv&cs_id=4764 HTTP/1.1" 200 11663 "http://www.mink-gmbh.de/index.php" "Mozilla/5.0 (Windows NT 6.3; WOW64; rv:25.0) Gecko/20100101 Firefox/25.0"
5.10.83.11 - - [07/Dec/2013:08:07:24 +0100] "GET /news.php?cs_go=archiv&cs_id=4692&cs_search= HTTP/1.1" 200 11268 "-" "Mozilla/5.0 (compatible; AhrefsBot/5.0; +http://ahrefs.com/robot/)"
77.75.77.36 - - [07/Dec/2013:08:07:41 +0100] "GET /robots.txt HTTP/1.1" 200 177 "-" "SeznamBot/3.0 (+http://fulltext.sblog.cz/)"
77.75.77.36 - - [07/Dec/2013:08:07:41 +0100] "GET /standard.php HTTP/1.1" 200 6770 "-" "SeznamBot/3.0 (+http://fulltext.sblog.cz/)"
77.75.77.36 - - [07/Dec/2013:08:07:54 +0100] "GET /impressum.php HTTP/1.1" 200 6306 "-" "SeznamBot/3.0 (+http://fulltext.sblog.cz/)"
77.75.77.36 - - [07/Dec/2013:08:08:05 +0100] "GET /jobs.php HTTP/1.1" 200 4965 "-" "SeznamBot/3.0 (+http://fulltext.sblog.cz/)"
77.75.77.36 - - [07/Dec/2013:08:08:14 +0100] "GET /kwk.php HTTP/1.1" 200 8447 "-" "SeznamBot/3.0 (+http://fulltext.sblog.cz/)"
5.10.83.79 - - [07/Dec/2013:08:09:19 +0100] "GET /lexikon.php?cs_go=3&cs_id=130 HTTP/1.1" 200 5800 "-" "Mozilla/5.0 (compatible; AhrefsBot/5.0; +http://ahrefs.com/robot/)"
217.69.133.221 - - [07/Dec/2013:08:09:24 +0100] "GET /robots.txt HTTP/1.1" 200 177 "-" "Mozilla/5.0 (compatible; Linux x86_64; Mail.RU_Bot/2.0; +http://go.mail.ru/help/robots)"
217.69.133.224 - - [07/Dec/2013:08:09:25 +0100] "GET /standard.php HTTP/1.1" 200 6770 "-" "Mozilla/5.0 (compatible; Linux x86_64; Mail.RU_Bot/2.0; +http://go.mail.ru/help/robots)"
5.10.83.105 - - [07/Dec/2013:08:25:05 +0100] "GET /news.php?cs_go=archiv&cs_id=4573&cs_search= HTTP/1.1" 200 7523 "-" "Mozilla/5.0 (compatible; AhrefsBot/5.0; +http://ahrefs.com/robot/)"
5.9.88.119 - - [07/Dec/2013:08:31:19 +0100] "GET /robots.txt HTTP/1.1" 200 177 "-" "Mozilla/5.0 (compatible; Infohelfer/1.3.3; +http://www.infohelfer.de/crawler.php)"
5.9.88.119 - - [07/Dec/2013:08:31:19 +0100] "GET /modernisierung.php?cs_gp_go=description HTTP/1.1" 200 8408 "-" "Mozilla/5.0 (compatible; Infohelfer/1.3.3; +http://www.infohelfer.de/crawler.php)"
5.10.83.11 - - [07/Dec/2013:08:34:08 +0100] "GET /news.php?cs_go=archiv&cs_id=4695&cs_search= HTTP/1.1" 200 9459 "-" "Mozilla/5.0 (compatible; AhrefsBot/5.0; +http://ahrefs.com/robot/)"
176.9.53.170 - - [07/Dec/2013:08:40:52 +0100] "GET /robots.txt HTTP/1.0" 200 177 "-" "Mozilla/5.0 (compatible; MJ12bot/v1.4.4; http://www.majestic12.co.uk/bot.php?+)"
176.9.53.170 - - [07/Dec/2013:08:40:54 +0100] "GET /jobs.php HTTP/1.0" 200 4965 "-" "Mozilla/5.0 (compatible; MJ12bot/v1.4.4; http://www.majestic12.co.uk/bot.php?+)"
176.9.53.170 - - [07/Dec/2013:08:40:55 +0100] "GET /news.php?cs_go=archiv HTTP/1.0" 200 19810 "-" "Mozilla/5.0 (compatible; MJ12bot/v1.4.4; http://www.majestic12.co.uk/bot.php?+)"
176.9.53.170 - - [07/Dec/2013:08:40:57 +0100] "GET /news.php?cs_go=archiv&cs_id=4463&cs_search= HTTP/1.0" 200 8334 "-" "Mozilla/5.0 (compatible; MJ12bot/v1.4.4; http://www.majestic12.co.uk/bot.php?+)"
176.9.53.170 - - [07/Dec/2013:08:40:58 +0100] "GET /news.php?cs_go=archiv&cs_id=4464&cs_search= HTTP/1.0" 200 11465 "-" "Mozilla/5.0 (compatible; MJ12bot/v1.4.4; http://www.majestic12.co.uk/bot.php?+)"
176.9.53.170 - - [07/Dec/2013:08:41:00 +0100] "GET /news.php?cs_go=archiv&cs_id=4465&cs_search= HTTP/1.0" 200 7602 "-" "Mozilla/5.0 (compatible; MJ12bot/v1.4.4; http://www.majestic12.co.uk/bot.php?+)"
176.9.53.170 - - [07/Dec/2013:08:41:01 +0100] "GET /news.php?cs_go=archiv&cs_id=4466&cs_search= HTTP/1.0" 200 9928 "-" "Mozilla/5.0 (compatible; MJ12bot/v1.4.4; http://www.majestic12.co.uk/bot.php?+)"
176.9.53.170 - - [07/Dec/2013:08:41:03 +0100] "GET /news.php?cs_go=archiv&cs_id=4467&cs_search= HTTP/1.0" 200 7926 "-" "Mozilla/5.0 (compatible; MJ12bot/v1.4.4; http://www.majestic12.co.uk/bot.php?+)"
176.9.53.170 - - [07/Dec/2013:08:41:04 +0100] "GET /news.php?cs_go=archiv&cs_id=4495&cs_search= HTTP/1.0" 200 7960 "-" "Mozilla/5.0 (compatible; MJ12bot/v1.4.4; http://www.majestic12.co.uk/bot.php?+)"
176.9.53.170 - - [07/Dec/2013:08:41:06 +0100] "GET /news.php?cs_go=archiv&cs_id=4496&cs_search= HTTP/1.0" 200 10876 "-" "Mozilla/5.0 (compatible; MJ12bot/v1.4.4; http://www.majestic12.co.uk/bot.php?+)"
176.9.53.170 - - [07/Dec/2013:08:41:07 +0100] "GET /news.php?cs_go=archiv&cs_id=4497&cs_search= HTTP/1.0" 200 9403 "-" "Mozilla/5.0 (compatible; MJ12bot/v1.4.4; http://www.majestic12.co.uk/bot.php?+)"
176.9.53.170 - - [07/Dec/2013:08:41:09 +0100] "GET /news.php?cs_go=archiv&cs_id=4498&cs_search= HTTP/1.0" 200 9190 "-" "Mozilla/5.0 (compatible; MJ12bot/v1.4.4; http://www.majestic12.co.uk/bot.php?+)"
176.9.53.170 - - [07/Dec/2013:08:41:10 +0100] "GET /news.php?cs_go=archiv&cs_id=4499&cs_search= HTTP/1.0" 200 8910 "-" "Mozilla/5.0 (compatible; MJ12bot/v1.4.4; http://www.majestic12.co.uk/bot.php?+)"
176.9.53.170 - - [07/Dec/2013:08:41:12 +0100] "GET /news.php?cs_go=archiv&cs_id=4502&cs_search= HTTP/1.0" 200 7537 "-" "Mozilla/5.0 (compatible; MJ12bot/v1.4.4; http://www.majestic12.co.uk/bot.php?+)"
176.9.53.170 - - [07/Dec/2013:08:41:14 +0100] "GET /news.php?cs_go=archiv&cs_id=4504&cs_search= HTTP/1.0" 200 11769 "-" "Mozilla/5.0 (compatible; MJ12bot/v1.4.4; http://www.majestic12.co.uk/bot.php?+)"
176.9.53.170 - - [07/Dec/2013:08:41:15 +0100] "GET /news.php?cs_go=archiv&cs_id=4505&cs_search= HTTP/1.0" 200 7541 "-" "Mozilla/5.0 (compatible; MJ12bot/v1.4.4; http://www.majestic12.co.uk/bot.php?+)"
176.9.53.170 - - [07/Dec/2013:08:41:17 +0100] "GET /news.php?cs_go=archiv&cs_id=4506&cs_search= HTTP/1.0" 200 8011 "-" "Mozilla/5.0 (compatible; MJ12bot/v1.4.4; http://www.majestic12.co.uk/bot.php?+)"
176.9.53.170 - - [07/Dec/2013:08:41:18 +0100] "GET /news.php?cs_go=archiv&cs_id=4511&cs_search= HTTP/1.0" 200 13818 "-" "Mozilla/5.0 (compatible; MJ12bot/v1.4.4; http://www.majestic12.co.uk/bot.php?+)"
176.9.53.170 - - [07/Dec/2013:08:41:20 +0100] "GET /news.php?cs_go=archiv&cs_id=4547&cs_search= HTTP/1.0" 200 8652 "-" "Mozilla/5.0 (compatible; MJ12bot/v1.4.4; http://www.majestic12.co.uk/bot.php?+)"
176.9.53.170 - - [07/Dec/2013:08:41:21 +0100] "GET /news.php?cs_go=archiv&cs_id=4549&cs_search= HTTP/1.0" 200 7599 "-" "Mozilla/5.0 (compatible; MJ12bot/v1.4.4; http://www.majestic12.co.uk/bot.php?+)"
176.9.53.170 - - [07/Dec/2013:08:41:23 +0100] "GET /news.php?cs_go=archiv&cs_startpos=0 HTTP/1.0" 200 19810 "-" "Mozilla/5.0 (compatible; MJ12bot/v1.4.4; http://www.majestic12.co.uk/bot.php?+)"
176.9.53.170 - - [07/Dec/2013:08:41:24 +0100] "GET /news.php?cs_go=archiv&cs_startpos=260 HTTP/1.0" 200 5782 "-" "Mozilla/5.0 (compatible; MJ12bot/v1.4.4; http://www.majestic12.co.uk/bot.php?+)"
176.9.53.170 - - [07/Dec/2013:08:41:26 +0100] "GET /news.php?cs_go=archiv&cs_startpos=50 HTTP/1.0" 200 20282 "-" "Mozilla/5.0 (compatible; MJ12bot/v1.4.4; http://www.majestic12.co.uk/bot.php?+)"
176.9.53.170 - - [07/Dec/2013:08:41:28 +0100] "GET /news.php?cs_go=archiv&cs_startpos=60 HTTP/1.0" 200 20497 "-" "Mozilla/5.0 (compatible; MJ12bot/v1.4.4; http://www.majestic12.co.uk/bot.php?+)"
176.9.53.170 - - [07/Dec/2013:08:41:29 +0100] "GET /news.php?cs_go=archiv&cs_startpos=70 HTTP/1.0" 200 20477 "-" "Mozilla/5.0 (compatible; MJ12bot/v1.4.4; http://www.majestic12.co.uk/bot.php?+)"
176.9.53.170 - - [07/Dec/2013:08:41:31 +0100] "GET /news.php?cs_go=archiv&cs_startpos=80 HTTP/1.0" 200 20542 "-" "Mozilla/5.0 (compatible; MJ12bot/v1.4.4; http://www.majestic12.co.uk/bot.php?+)"
5.9.88.119 - - [07/Dec/2013:08:43:42 +0100] "GET /news.php?cs_go=archiv&cs_id=4578&cs_search= HTTP/1.1" 200 9840 "-" "Mozilla/5.0 (compatible; Infohelfer/1.3.3; +http://www.infohelfer.de/crawler.php)"
208.115.113.91 - - [07/Dec/2013:08:53:42 +0100] "GET /robots.txt HTTP/1.1" 200 177 "-" "Mozilla/5.0 (compatible; Ezooms/1.0; help@moz.com)"
5.10.83.68 - - [07/Dec/2013:09:02:03 +0100] "GET /lexikon.php?cs_go=2&cs_char=l HTTP/1.1" 200 6337 "-" "Mozilla/5.0 (compatible; AhrefsBot/5.0; +http://ahrefs.com/robot/)"
5.9.88.119 - - [07/Dec/2013:09:10:09 +0100] "GET /news.php?cs_go=archiv&cs_id=4568&cs_search= HTTP/1.1" 200 9631 "-" "Mozilla/5.0 (compatible; Infohelfer/1.3.3; +http://www.infohelfer.de/crawler.php)"
5.10.83.97 - - [07/Dec/2013:09:11:10 +0100] "GET /news.php?cs_go=archiv&cs_id=4525&cs_search= HTTP/1.1" 200 7488 "-" "Mozilla/5.0 (compatible; AhrefsBot/5.0; +http://ahrefs.com/robot/)"
5.9.88.119 - - [07/Dec/2013:09:16:39 +0100] "GET /news.php?cs_go=archiv&cs_startpos=70 HTTP/1.1" 200 20477 "-" "Mozilla/5.0 (compatible; Infohelfer/1.3.3; +http://www.infohelfer.de/crawler.php)"
5.9.88.119 - - [07/Dec/2013:09:25:01 +0100] "GET /news.php?cs_go=archiv&cs_startpos=90 HTTP/1.1" 200 20156 "-" "Mozilla/5.0 (compatible; Infohelfer/1.3.3; +http://www.infohelfer.de/crawler.php)"
5.10.83.71 - - [07/Dec/2013:09:34:26 +0100] "GET /lexikon.php?cs_go=3&cs_id=216 HTTP/1.1" 200 5684 "-" "Mozilla/5.0 (compatible; AhrefsBot/5.0; +http://ahrefs.com/robot/)"
5.9.88.119 - - [07/Dec/2013:09:39:06 +0100] "GET /news.php?cs_go=archiv&cs_id=4587&cs_search= HTTP/1.1" 200 10134 "-" "Mozilla/5.0 (compatible; Infohelfer/1.3.3; +http://www.infohelfer.de/crawler.php)"
5.9.88.119 - - [07/Dec/2013:09:53:27 +0100] "GET /news.php?cs_go=archiv&cs_id=4590&cs_search= HTTP/1.1" 200 7746 "-" "Mozilla/5.0 (compatible; Infohelfer/1.3.3; +http://www.infohelfer.de/crawler.php)"
