162.243.85.209 - - [14/Dec/2013:04:23:19 +0100] "GET /news.php?cs_go=archiv&cs_id=4743&cs_search= HTTP/1.1" 200 12376 "http://www.mink-gmbh.de/news.php?cs_go=archiv&cs_startpos=10" "Mozilla/5.0 (compatible; spbot/4.0.4; +http://www.seoprofiler.com/bot )"
162.243.85.209 - - [14/Dec/2013:04:23:24 +0100] "GET /news.php?cs_go=archiv&cs_id=4758&cs_search= HTTP/1.1" 200 8181 "http://www.mink-gmbh.de/news.php?cs_go=archiv&cs_startpos=10" "Mozilla/5.0 (compatible; spbot/4.0.4; +http://www.seoprofiler.com/bot )"
162.243.85.209 - - [14/Dec/2013:04:23:28 +0100] "GET /news.php?cs_go=archiv&cs_id=4764&cs_search= HTTP/1.1" 200 11663 "http://www.mink-gmbh.de/news.php?cs_go=archiv&cs_startpos=10" "Mozilla/5.0 (compatible; spbot/4.0.4; +http://www.seoprofiler.com/bot )"
162.243.85.209 - - [14/Dec/2013:04:23:34 +0100] "GET /news.php?cs_go=archiv&cs_id=4763&cs_search= HTTP/1.1" 200 7481 "http://www.mink-gmbh.de/news.php?cs_go=archiv&cs_startpos=10" "Mozilla/5.0 (compatible; spbot/4.0.4; +http://www.seoprofiler.com/bot )"
162.243.85.209 - - [14/Dec/2013:04:23:39 +0100] "GET /news.php?cs_go=archiv&cs_id=4766&cs_search= HTTP/1.1" 200 11327 "http://www.mink-gmbh.de/news.php?cs_go=archiv&cs_startpos=10" "Mozilla/5.0 (compatible; spbot/4.0.4; +http://www.seoprofiler.com/bot )"
162.243.85.209 - - [14/Dec/2013:04:23:44 +0100] "GET /news.php?cs_go=archiv&cs_id=4596&cs_search= HTTP/1.1" 200 9389 "http://www.mink-gmbh.de/news.php?cs_go=archiv&cs_startpos=170" "Mozilla/5.0 (compatible; spbot/4.0.4; +http://www.seoprofiler.com/bot )"
162.243.85.209 - - [14/Dec/2013:04:23:49 +0100] "GET /news.php?cs_go=archiv&cs_id=4589&cs_search= HTTP/1.1" 200 11787 "http://www.mink-gmbh.de/news.php?cs_go=archiv&cs_startpos=170" "Mozilla/5.0 (compatible; spbot/4.0.4; +http://www.seoprofiler.com/bot )"
162.243.85.209 - - [14/Dec/2013:04:23:54 +0100] "GET /news.php?cs_go=archiv&cs_id=4595&cs_search= HTTP/1.1" 200 7539 "http://www.mink-gmbh.de/news.php?cs_go=archiv&cs_startpos=170" "Mozilla/5.0 (compatible; spbot/4.0.4; +http://www.seoprofiler.com/bot )"
162.243.85.209 - - [14/Dec/2013:04:24:00 +0100] "GET /news.php?cs_go=archiv&cs_id=4587&cs_search= HTTP/1.1" 200 10134 "http://www.mink-gmbh.de/news.php?cs_go=archiv&cs_startpos=170" "Mozilla/5.0 (compatible; spbot/4.0.4; +http://www.seoprofiler.com/bot )"
162.243.85.209 - - [14/Dec/2013:04:24:03 +0100] "GET /news.php?cs_go=archiv&cs_id=4590&cs_search= HTTP/1.1" 200 7746 "http://www.mink-gmbh.de/news.php?cs_go=archiv&cs_startpos=170" "Mozilla/5.0 (compatible; spbot/4.0.4; +http://www.seoprofiler.com/bot )"
162.243.85.209 - - [14/Dec/2013:04:24:09 +0100] "GET /news.php?cs_go=archiv&cs_id=4588&cs_search= HTTP/1.1" 200 9557 "http://www.mink-gmbh.de/news.php?cs_go=archiv&cs_startpos=170" "Mozilla/5.0 (compatible; spbot/4.0.4; +http://www.seoprofiler.com/bot )"
162.243.85.209 - - [14/Dec/2013:04:24:14 +0100] "GET /news.php?cs_go=archiv&cs_id=4585&cs_search= HTTP/1.1" 200 7652 "http://www.mink-gmbh.de/news.php?cs_go=archiv&cs_startpos=170" "Mozilla/5.0 (compatible; spbot/4.0.4; +http://www.seoprofiler.com/bot )"
162.243.85.209 - - [14/Dec/2013:04:24:19 +0100] "GET /news.php?cs_go=archiv&cs_id=4591&cs_search= HTTP/1.1" 200 8426 "http://www.mink-gmbh.de/news.php?cs_go=archiv&cs_startpos=170" "Mozilla/5.0 (compatible; spbot/4.0.4; +http://www.seoprofiler.com/bot )"
162.243.85.209 - - [14/Dec/2013:04:24:24 +0100] "GET /news.php?cs_go=archiv&cs_id=4586&cs_search= HTTP/1.1" 200 8879 "http://www.mink-gmbh.de/news.php?cs_go=archiv&cs_startpos=170" "Mozilla/5.0 (compatible; spbot/4.0.4; +http://www.seoprofiler.com/bot )"
162.243.85.209 - - [14/Dec/2013:04:24:30 +0100] "GET /news.php?cs_go=archiv&cs_id=4583&cs_search= HTTP/1.1" 200 13188 "http://www.mink-gmbh.de/news.php?cs_go=archiv&cs_startpos=170" "Mozilla/5.0 (compatible; spbot/4.0.4; +http://www.seoprofiler.com/bot )"
162.243.85.209 - - [14/Dec/2013:04:24:34 +0100] "GET /news.php?cs_go=archiv&cs_id=4753&cs_search= HTTP/1.1" 200 7689 "http://www.mink-gmbh.de/news.php?cs_go=archiv&cs_startpos=20" "Mozilla/5.0 (compatible; spbot/4.0.4; +http://www.seoprofiler.com/bot )"
162.243.85.209 - - [14/Dec/2013:04:24:39 +0100] "GET /news.php?cs_go=archiv&cs_id=4765&cs_search= HTTP/1.1" 200 7522 "http://www.mink-gmbh.de/news.php?cs_go=archiv&cs_startpos=10" "Mozilla/5.0 (compatible; spbot/4.0.4; +http://www.seoprofiler.com/bot )"
162.243.85.209 - - [14/Dec/2013:04:24:43 +0100] "GET /news.php?cs_go=archiv&cs_id=4685&cs_search= HTTP/1.1" 200 14039 "http://www.mink-gmbh.de/news.php?cs_go=archiv&cs_startpos=80" "Mozilla/5.0 (compatible; spbot/4.0.4; +http://www.seoprofiler.com/bot )"
162.243.85.209 - - [14/Dec/2013:04:24:49 +0100] "GET /news.php?cs_go=archiv&cs_id=4682&cs_search= HTTP/1.1" 200 7534 "http://www.mink-gmbh.de/news.php?cs_go=archiv&cs_startpos=80" "Mozilla/5.0 (compatible; spbot/4.0.4; +http://www.seoprofiler.com/bot )"
162.243.85.209 - - [14/Dec/2013:04:24:54 +0100] "GET /news.php?cs_go=archiv&cs_id=4677&cs_search= HTTP/1.1" 200 9937 "http://www.mink-gmbh.de/news.php?cs_go=archiv&cs_startpos=80" "Mozilla/5.0 (compatible; spbot/4.0.4; +http://www.seoprofiler.com/bot )"
162.243.85.209 - - [14/Dec/2013:04:24:58 +0100] "GET /news.php?cs_go=archiv&cs_id=4679&cs_search= HTTP/1.1" 200 11686 "http://www.mink-gmbh.de/news.php?cs_go=archiv&cs_startpos=80" "Mozilla/5.0 (compatible; spbot/4.0.4; +http://www.seoprofiler.com/bot )"
162.243.85.209 - - [14/Dec/2013:04:25:04 +0100] "GET /news.php?cs_go=archiv&cs_id=4681&cs_search= HTTP/1.1" 200 11362 "http://www.mink-gmbh.de/news.php?cs_go=archiv&cs_startpos=80" "Mozilla/5.0 (compatible; spbot/4.0.4; +http://www.seoprofiler.com/bot )"
162.243.85.209 - - [14/Dec/2013:04:25:09 +0100] "GET /news.php?cs_go=archiv&cs_id=4601&cs_search= HTTP/1.1" 200 7853 "http://www.mink-gmbh.de/news.php?cs_go=archiv&cs_startpos=160" "Mozilla/5.0 (compatible; spbot/4.0.4; +http://www.seoprofiler.com/bot )"
162.243.85.209 - - [14/Dec/2013:04:25:14 +0100] "GET /news.php?cs_go=archiv&cs_id=4599&cs_search= HTTP/1.1" 200 7509 "http://www.mink-gmbh.de/news.php?cs_go=archiv&cs_startpos=160" "Mozilla/5.0 (compatible; spbot/4.0.4; +http://www.seoprofiler.com/bot )"
162.243.85.209 - - [14/Dec/2013:04:25:19 +0100] "GET /news.php?cs_go=archiv&cs_id=4607&cs_search= HTTP/1.1" 200 7608 "http://www.mink-gmbh.de/news.php?cs_go=archiv&cs_startpos=160" "Mozilla/5.0 (compatible; spbot/4.0.4; +http://www.seoprofiler.com/bot )"
162.243.85.209 - - [14/Dec/2013:04:25:24 +0100] "GET /news.php?cs_go=archiv&cs_id=4597&cs_search= HTTP/1.1" 200 19782 "http://www.mink-gmbh.de/news.php?cs_go=archiv&cs_startpos=160" "Mozilla/5.0 (compatible; spbot/4.0.4; +http://www.seoprofiler.com/bot )"
162.243.85.209 - - [14/Dec/2013:04:25:28 +0100] "GET /news.php?cs_go=archiv&cs_id=4602&cs_search= HTTP/1.1" 200 7968 "http://www.mink-gmbh.de/news.php?cs_go=archiv&cs_startpos=160" "Mozilla/5.0 (compatible; spbot/4.0.4; +http://www.seoprofiler.com/bot )"
162.243.85.209 - - [14/Dec/2013:04:25:34 +0100] "GET /news.php?cs_go=archiv&cs_id=4605&cs_search= HTTP/1.1" 200 7667 "http://www.mink-gmbh.de/news.php?cs_go=archiv&cs_startpos=160" "Mozilla/5.0 (compatible; spbot/4.0.4; +http://www.seoprofiler.com/bot )"
162.243.85.209 - - [14/Dec/2013:04:25:38 +0100] "GET /news.php?cs_go=archiv&cs_id=4608&cs_search= HTTP/1.1" 200 11317 "http://www.mink-gmbh.de/news.php?cs_go=archiv&cs_startpos=160" "Mozilla/5.0 (compatible; spbot/4.0.4; +http://www.seoprofiler.com/bot )"
162.243.85.209 - - [14/Dec/2013:04:25:44 +0100] "GET /news.php?cs_go=archiv&cs_id=4600&cs_search= HTTP/1.1" 200 11530 "http://www.mink-gmbh.de/news.php?cs_go=archiv&cs_startpos=160" "Mozilla/5.0 (compatible; spbot/4.0.4; +http://www.seoprofiler.com/bot )"
162.243.85.209 - - [14/Dec/2013:04:25:48 +0100] "GET /news.php?cs_go=archiv&cs_id=4598&cs_search= HTTP/1.1" 200 11809 "http://www.mink-gmbh.de/news.php?cs_go=archiv&cs_startpos=160" "Mozilla/5.0 (compatible; spbot/4.0.4; +http://www.seoprofiler.com/bot )"
162.243.85.209 - - [14/Dec/2013:04:25:54 +0100] "GET /news.php?cs_go=archiv&cs_id=4606&cs_search= HTTP/1.1" 200 11593 "http://www.mink-gmbh.de/news.php?cs_go=archiv&cs_startpos=160" "Mozilla/5.0 (compatible; spbot/4.0.4; +http://www.seoprofiler.com/bot )"
162.243.85.209 - - [14/Dec/2013:04:25:59 +0100] "GET /news.php?cs_go=archiv&cs_id=4709&cs_search= HTTP/1.1" 200 7939 "http://www.mink-gmbh.de/news.php?cs_go=archiv&cs_startpos=60" "Mozilla/5.0 (compatible; spbot/4.0.4; +http://www.seoprofiler.com/bot )"
162.243.85.209 - - [14/Dec/2013:04:26:03 +0100] "GET /news.php?cs_go=archiv&cs_id=4686&cs_search= HTTP/1.1" 200 7513 "http://www.mink-gmbh.de/news.php?cs_go=archiv&cs_startpos=80" "Mozilla/5.0 (compatible; spbot/4.0.4; +http://www.seoprofiler.com/bot )"
5.10.83.81 - - [14/Dec/2013:04:26:06 +0100] "GET /lexikon.php?cs_go=3&cs_id=93 HTTP/1.1" 200 5555 "-" "Mozilla/5.0 (compatible; AhrefsBot/5.0; +http://ahrefs.com/robot/)"
162.243.85.209 - - [14/Dec/2013:04:26:09 +0100] "GET /news.php?cs_go=archiv&cs_id=4683&cs_search= HTTP/1.1" 200 11589 "http://www.mink-gmbh.de/news.php?cs_go=archiv&cs_startpos=80" "Mozilla/5.0 (compatible; spbot/4.0.4; +http://www.seoprofiler.com/bot )"
162.243.85.209 - - [14/Dec/2013:04:26:13 +0100] "GET /news.php?cs_go=archiv&cs_id=4680&cs_search= HTTP/1.1" 200 7520 "http://www.mink-gmbh.de/news.php?cs_go=archiv&cs_startpos=80" "Mozilla/5.0 (compatible; spbot/4.0.4; +http://www.seoprofiler.com/bot )"
162.243.85.209 - - [14/Dec/2013:04:26:19 +0100] "GET /news.php?cs_go=archiv&cs_id=4675&cs_search= HTTP/1.1" 200 8871 "http://www.mink-gmbh.de/news.php?cs_go=archiv&cs_startpos=80" "Mozilla/5.0 (compatible; spbot/4.0.4; +http://www.seoprofiler.com/bot )"
162.243.85.209 - - [14/Dec/2013:04:26:24 +0100] "GET /news.php?cs_go=archiv&cs_id=4749&cs_search= HTTP/1.1" 200 11351 "http://www.mink-gmbh.de/news.php?cs_go=archiv&cs_startpos=20" "Mozilla/5.0 (compatible; spbot/4.0.4; +http://www.seoprofiler.com/bot )"
162.243.85.209 - - [14/Dec/2013:04:26:30 +0100] "GET /news.php?cs_go=archiv&cs_id=4630&cs_search= HTTP/1.1" 200 11671 "http://www.mink-gmbh.de/news.php?cs_go=archiv&cs_startpos=140" "Mozilla/5.0 (compatible; spbot/4.0.4; +http://www.seoprofiler.com/bot )"
162.243.85.209 - - [14/Dec/2013:04:26:34 +0100] "GET /news.php?cs_go=archiv&cs_id=4632&cs_search= HTTP/1.1" 200 8146 "http://www.mink-gmbh.de/news.php?cs_go=archiv&cs_startpos=140" "Mozilla/5.0 (compatible; spbot/4.0.4; +http://www.seoprofiler.com/bot )"
162.243.85.209 - - [14/Dec/2013:04:26:39 +0100] "GET /news.php?cs_go=archiv&cs_id=4625&cs_search= HTTP/1.1" 200 7664 "http://www.mink-gmbh.de/news.php?cs_go=archiv&cs_startpos=140" "Mozilla/5.0 (compatible; spbot/4.0.4; +http://www.seoprofiler.com/bot )"
162.243.85.209 - - [14/Dec/2013:04:26:43 +0100] "GET /news.php?cs_go=archiv&cs_id=4631&cs_search= HTTP/1.1" 200 7725 "http://www.mink-gmbh.de/news.php?cs_go=archiv&cs_startpos=140" "Mozilla/5.0 (compatible; spbot/4.0.4; +http://www.seoprofiler.com/bot )"
162.243.85.209 - - [14/Dec/2013:04:26:49 +0100] "GET /news.php?cs_go=archiv&cs_id=4634&cs_search= HTTP/1.1" 200 7809 "http://www.mink-gmbh.de/news.php?cs_go=archiv&cs_startpos=140" "Mozilla/5.0 (compatible; spbot/4.0.4; +http://www.seoprofiler.com/bot )"
162.243.85.209 - - [14/Dec/2013:04:26:53 +0100] "GET /news.php?cs_go=archiv&cs_id=4623&cs_search= HTTP/1.1" 200 12756 "http://www.mink-gmbh.de/news.php?cs_go=archiv&cs_startpos=140" "Mozilla/5.0 (compatible; spbot/4.0.4; +http://www.seoprofiler.com/bot )"
162.243.85.209 - - [14/Dec/2013:04:26:59 +0100] "GET /news.php?cs_go=archiv&cs_id=4616&cs_search= HTTP/1.1" 200 9397 "http://www.mink-gmbh.de/news.php?cs_go=archiv&cs_startpos=140" "Mozilla/5.0 (compatible; spbot/4.0.4; +http://www.seoprofiler.com/bot )"
162.243.85.209 - - [14/Dec/2013:04:27:04 +0100] "GET /news.php?cs_go=archiv&cs_id=4633&cs_search= HTTP/1.1" 200 11670 "http://www.mink-gmbh.de/news.php?cs_go=archiv&cs_startpos=140" "Mozilla/5.0 (compatible; spbot/4.0.4; +http://www.seoprofiler.com/bot )"
162.243.85.209 - - [14/Dec/2013:04:27:09 +0100] "GET /news.php?cs_go=archiv&cs_id=4635&cs_search= HTTP/1.1" 200 7647 "http://www.mink-gmbh.de/news.php?cs_go=archiv&cs_startpos=140" "Mozilla/5.0 (compatible; spbot/4.0.4; +http://www.seoprofiler.com/bot )"
162.243.85.209 - - [14/Dec/2013:04:27:14 +0100] "GET /news.php?cs_go=archiv&cs_id=4617&cs_search= HTTP/1.1" 200 9475 "http://www.mink-gmbh.de/news.php?cs_go=archiv&cs_startpos=140" "Mozilla/5.0 (compatible; spbot/4.0.4; +http://www.seoprofiler.com/bot )"
162.243.85.209 - - [14/Dec/2013:04:27:18 +0100] "GET /news.php?cs_go=archiv&cs_id=4698&cs_search= HTTP/1.1" 200 7476 "http://www.mink-gmbh.de/news.php?cs_go=archiv&cs_startpos=70" "Mozilla/5.0 (compatible; spbot/4.0.4; +http://www.seoprofiler.com/bot )"
162.243.85.209 - - [14/Dec/2013:04:27:24 +0100] "GET /news.php?cs_go=archiv&cs_id=4742&cs_search= HTTP/1.1" 200 8998 "http://www.mink-gmbh.de/news.php?cs_go=archiv&cs_startpos=10" "Mozilla/5.0 (compatible; spbot/4.0.4; +http://www.seoprofiler.com/bot )"
162.243.85.209 - - [14/Dec/2013:04:27:29 +0100] "GET /news.php?cs_go=archiv&cs_id=4693&cs_search= HTTP/1.1" 200 7930 "http://www.mink-gmbh.de/news.php?cs_go=archiv&cs_startpos=70" "Mozilla/5.0 (compatible; spbot/4.0.4; +http://www.seoprofiler.com/bot )"
162.243.85.209 - - [14/Dec/2013:04:27:34 +0100] "GET /news.php?cs_go=archiv&cs_id=4739&cs_search= HTTP/1.1" 200 9839 "http://www.mink-gmbh.de/news.php?cs_go=archiv&cs_startpos=20" "Mozilla/5.0 (compatible; spbot/4.0.4; +http://www.seoprofiler.com/bot )"
162.243.85.209 - - [14/Dec/2013:04:27:38 +0100] "GET /news.php?cs_go=archiv&cs_id=4759&cs_search= HTTP/1.1" 200 11550 "http://www.mink-gmbh.de/news.php?cs_go=archiv&cs_startpos=20" "Mozilla/5.0 (compatible; spbot/4.0.4; +http://www.seoprofiler.com/bot )"
162.243.85.209 - - [14/Dec/2013:04:27:44 +0100] "GET /news.php?cs_go=archiv&cs_id=4644&cs_search= HTTP/1.1" 200 11610 "http://www.mink-gmbh.de/news.php?cs_go=archiv&cs_startpos=120" "Mozilla/5.0 (compatible; spbot/4.0.4; +http://www.seoprofiler.com/bot )"
162.243.85.209 - - [14/Dec/2013:04:27:49 +0100] "GET /news.php?cs_go=archiv&cs_id=4641&cs_search= HTTP/1.1" 200 7634 "http://www.mink-gmbh.de/news.php?cs_go=archiv&cs_startpos=120" "Mozilla/5.0 (compatible; spbot/4.0.4; +http://www.seoprofiler.com/bot )"
162.243.85.209 - - [14/Dec/2013:04:27:53 +0100] "GET /news.php?cs_go=archiv&cs_id=4642&cs_search= HTTP/1.1" 200 11767 "http://www.mink-gmbh.de/news.php?cs_go=archiv&cs_startpos=120" "Mozilla/5.0 (compatible; spbot/4.0.4; +http://www.seoprofiler.com/bot )"
162.243.85.209 - - [14/Dec/2013:04:27:59 +0100] "GET /news.php?cs_go=archiv&cs_id=4622&cs_search= HTTP/1.1" 200 8951 "http://www.mink-gmbh.de/news.php?cs_go=archiv&cs_startpos=120" "Mozilla/5.0 (compatible; spbot/4.0.4; +http://www.seoprofiler.com/bot )"
162.243.85.209 - - [14/Dec/2013:04:28:03 +0100] "GET /news.php?cs_go=archiv&cs_id=4640&cs_search= HTTP/1.1" 200 11760 "http://www.mink-gmbh.de/news.php?cs_go=archiv&cs_startpos=120" "Mozilla/5.0 (compatible; spbot/4.0.4; +http://www.seoprofiler.com/bot )"
162.243.85.209 - - [14/Dec/2013:04:28:09 +0100] "GET /news.php?cs_go=archiv&cs_id=4645&cs_search= HTTP/1.1" 200 7509 "http://www.mink-gmbh.de/news.php?cs_go=archiv&cs_startpos=120" "Mozilla/5.0 (compatible; spbot/4.0.4; +http://www.seoprofiler.com/bot )"
162.243.85.209 - - [14/Dec/2013:04:28:14 +0100] "GET /news.php?cs_go=archiv&cs_id=4646&cs_search= HTTP/1.1" 200 10720 "http://www.mink-gmbh.de/news.php?cs_go=archiv&cs_startpos=120" "Mozilla/5.0 (compatible; spbot/4.0.4; +http://www.seoprofiler.com/bot )"
162.243.85.209 - - [14/Dec/2013:04:28:19 +0100] "GET /news.php?cs_go=archiv&cs_id=4643&cs_search= HTTP/1.1" 200 7686 "http://www.mink-gmbh.de/news.php?cs_go=archiv&cs_startpos=120" "Mozilla/5.0 (compatible; spbot/4.0.4; +http://www.seoprofiler.com/bot )"
162.243.85.209 - - [14/Dec/2013:04:28:24 +0100] "GET /news.php?cs_go=archiv&cs_id=4629&cs_search= HTTP/1.1" 200 8923 "http://www.mink-gmbh.de/news.php?cs_go=archiv&cs_startpos=120" "Mozilla/5.0 (compatible; spbot/4.0.4; +http://www.seoprofiler.com/bot )"
162.243.85.209 - - [14/Dec/2013:04:28:28 +0100] "GET /news.php?cs_go=archiv&cs_id=4621&cs_search= HTTP/1.1" 200 9015 "http://www.mink-gmbh.de/news.php?cs_go=archiv&cs_startpos=120" "Mozilla/5.0 (compatible; spbot/4.0.4; +http://www.seoprofiler.com/bot )"
162.243.85.209 - - [14/Dec/2013:04:28:34 +0100] "GET /news.php?cs_go=archiv&cs_id=4725&cs_search= HTTP/1.1" 200 8987 "http://www.mink-gmbh.de/news.php?cs_go=archiv&cs_startpos=40" "Mozilla/5.0 (compatible; spbot/4.0.4; +http://www.seoprofiler.com/bot )"
162.243.85.209 - - [14/Dec/2013:04:28:38 +0100] "GET /news.php?cs_go=archiv&cs_id=4752&cs_search= HTTP/1.1" 200 11598 "http://www.mink-gmbh.de/news.php?cs_go=archiv&cs_startpos=20" "Mozilla/5.0 (compatible; spbot/4.0.4; +http://www.seoprofiler.com/bot )"
162.243.85.209 - - [14/Dec/2013:04:28:44 +0100] "GET /news.php?cs_go=archiv&cs_id=4750&cs_search= HTTP/1.1" 200 7665 "http://www.mink-gmbh.de/news.php?cs_go=archiv&cs_startpos=20" "Mozilla/5.0 (compatible; spbot/4.0.4; +http://www.seoprofiler.com/bot )"
162.243.85.209 - - [14/Dec/2013:04:28:49 +0100] "GET /news.php?cs_go=archiv&cs_id=4768&cs_search= HTTP/1.1" 200 11681 "http://www.mink-gmbh.de/news.php" "Mozilla/5.0 (compatible; spbot/4.0.4; +http://www.seoprofiler.com/bot )"
162.243.85.209 - - [14/Dec/2013:04:28:54 +0100] "GET /news.php?cs_go=archiv&cs_id=4576&cs_search= HTTP/1.1" 200 11936 "http://www.mink-gmbh.de/news.php?cs_go=archiv&cs_startpos=190" "Mozilla/5.0 (compatible; spbot/4.0.4; +http://www.seoprofiler.com/bot )"
162.243.85.209 - - [14/Dec/2013:04:28:59 +0100] "GET /news.php?cs_go=archiv&cs_id=4569&cs_search= HTTP/1.1" 200 7695 "http://www.mink-gmbh.de/news.php?cs_go=archiv&cs_startpos=190" "Mozilla/5.0 (compatible; spbot/4.0.4; +http://www.seoprofiler.com/bot )"
162.243.85.209 - - [14/Dec/2013:04:29:04 +0100] "GET /news.php?cs_go=archiv&cs_id=4573&cs_search= HTTP/1.1" 200 7523 "http://www.mink-gmbh.de/news.php?cs_go=archiv&cs_startpos=190" "Mozilla/5.0 (compatible; spbot/4.0.4; +http://www.seoprofiler.com/bot )"
162.243.85.209 - - [14/Dec/2013:04:29:09 +0100] "GET /news.php?cs_go=archiv&cs_id=4555&cs_search= HTTP/1.1" 200 9452 "http://www.mink-gmbh.de/news.php?cs_go=archiv&cs_startpos=190" "Mozilla/5.0 (compatible; spbot/4.0.4; +http://www.seoprofiler.com/bot )"
162.243.85.209 - - [14/Dec/2013:04:29:14 +0100] "GET /news.php?cs_go=archiv&cs_id=4564&cs_search= HTTP/1.1" 200 11209 "http://www.mink-gmbh.de/news.php?cs_go=archiv&cs_startpos=190" "Mozilla/5.0 (compatible; spbot/4.0.4; +http://www.seoprofiler.com/bot )"
162.243.85.209 - - [14/Dec/2013:04:29:19 +0100] "GET /news.php?cs_go=archiv&cs_id=4565&cs_search= HTTP/1.1" 200 9153 "http://www.mink-gmbh.de/news.php?cs_go=archiv&cs_startpos=190" "Mozilla/5.0 (compatible; spbot/4.0.4; +http://www.seoprofiler.com/bot )"
162.243.85.209 - - [14/Dec/2013:04:29:24 +0100] "GET /news.php?cs_go=archiv&cs_id=4572&cs_search= HTTP/1.1" 200 11817 "http://www.mink-gmbh.de/news.php?cs_go=archiv&cs_startpos=190" "Mozilla/5.0 (compatible; spbot/4.0.4; +http://www.seoprofiler.com/bot )"
162.243.85.209 - - [14/Dec/2013:04:29:29 +0100] "GET /news.php?cs_go=archiv&cs_id=4554&cs_search= HTTP/1.1" 200 9166 "http://www.mink-gmbh.de/news.php?cs_go=archiv&cs_startpos=190" "Mozilla/5.0 (compatible; spbot/4.0.4; +http://www.seoprofiler.com/bot )"
162.243.85.209 - - [14/Dec/2013:04:29:34 +0100] "GET /news.php?cs_go=archiv&cs_id=4570&cs_search= HTTP/1.1" 200 8313 "http://www.mink-gmbh.de/news.php?cs_go=archiv&cs_startpos=190" "Mozilla/5.0 (compatible; spbot/4.0.4; +http://www.seoprofiler.com/bot )"
162.243.85.209 - - [14/Dec/2013:04:29:38 +0100] "GET /news.php?cs_go=archiv&cs_id=4575&cs_search= HTTP/1.1" 200 8368 "http://www.mink-gmbh.de/news.php?cs_go=archiv&cs_startpos=190" "Mozilla/5.0 (compatible; spbot/4.0.4; +http://www.seoprofiler.com/bot )"
162.243.85.209 - - [14/Dec/2013:04:29:44 +0100] "GET /news.php?cs_go=archiv&cs_id=4726&cs_search= HTTP/1.1" 200 11408 "http://www.mink-gmbh.de/news.php?cs_go=archiv&cs_startpos=40" "Mozilla/5.0 (compatible; spbot/4.0.4; +http://www.seoprofiler.com/bot )"
162.243.85.209 - - [14/Dec/2013:04:29:49 +0100] "GET /news.php?cs_go=archiv&cs_id=4710&cs_search= HTTP/1.1" 200 10767 "http://www.mink-gmbh.de/news.php?cs_go=archiv&cs_startpos=60" "Mozilla/5.0 (compatible; spbot/4.0.4; +http://www.seoprofiler.com/bot )"
162.243.85.209 - - [14/Dec/2013:04:29:54 +0100] "GET /news.php?cs_go=archiv&cs_id=4707&cs_search= HTTP/1.1" 200 7623 "http://www.mink-gmbh.de/news.php?cs_go=archiv&cs_startpos=60" "Mozilla/5.0 (compatible; spbot/4.0.4; +http://www.seoprofiler.com/bot )"
162.243.85.209 - - [14/Dec/2013:04:29:58 +0100] "GET /news.php?cs_go=archiv&cs_id=4582&cs_search= HTTP/1.1" 200 9093 "http://www.mink-gmbh.de/news.php?cs_go=archiv&cs_startpos=180" "Mozilla/5.0 (compatible; spbot/4.0.4; +http://www.seoprofiler.com/bot )"
162.243.85.209 - - [14/Dec/2013:04:30:04 +0100] "GET /news.php?cs_go=archiv&cs_id=4577&cs_search= HTTP/1.1" 200 7511 "http://www.mink-gmbh.de/news.php?cs_go=archiv&cs_startpos=180" "Mozilla/5.0 (compatible; spbot/4.0.4; +http://www.seoprofiler.com/bot )"
162.243.85.209 - - [14/Dec/2013:04:30:09 +0100] "GET /news.php?cs_go=archiv&cs_id=4581&cs_search= HTTP/1.1" 200 7633 "http://www.mink-gmbh.de/news.php?cs_go=archiv&cs_startpos=180" "Mozilla/5.0 (compatible; spbot/4.0.4; +http://www.seoprofiler.com/bot )"
162.243.85.209 - - [14/Dec/2013:04:30:14 +0100] "GET /news.php?cs_go=archiv&cs_id=4567&cs_search= HTTP/1.1" 200 9128 "http://www.mink-gmbh.de/news.php?cs_go=archiv&cs_startpos=180" "Mozilla/5.0 (compatible; spbot/4.0.4; +http://www.seoprofiler.com/bot )"
162.243.85.209 - - [14/Dec/2013:04:30:19 +0100] "GET /news.php?cs_go=archiv&cs_id=4579&cs_search= HTTP/1.1" 200 8969 "http://www.mink-gmbh.de/news.php?cs_go=archiv&cs_startpos=180" "Mozilla/5.0 (compatible; spbot/4.0.4; +http://www.seoprofiler.com/bot )"
162.243.85.209 - - [14/Dec/2013:04:30:23 +0100] "GET /news.php?cs_go=archiv&cs_id=4557&cs_search= HTTP/1.1" 200 7784 "http://www.mink-gmbh.de/news.php?cs_go=archiv&cs_startpos=180" "Mozilla/5.0 (compatible; spbot/4.0.4; +http://www.seoprofiler.com/bot )"
162.243.85.209 - - [14/Dec/2013:04:30:29 +0100] "GET /news.php?cs_go=archiv&cs_id=4568&cs_search= HTTP/1.1" 200 9631 "http://www.mink-gmbh.de/news.php?cs_go=archiv&cs_startpos=180" "Mozilla/5.0 (compatible; spbot/4.0.4; +http://www.seoprofiler.com/bot )"
162.243.85.209 - - [14/Dec/2013:04:30:33 +0100] "GET /news.php?cs_go=archiv&cs_id=4578&cs_search= HTTP/1.1" 200 9840 "http://www.mink-gmbh.de/news.php?cs_go=archiv&cs_startpos=180" "Mozilla/5.0 (compatible; spbot/4.0.4; +http://www.seoprofiler.com/bot )"
162.243.85.209 - - [14/Dec/2013:04:30:39 +0100] "GET /news.php?cs_go=archiv&cs_id=4556&cs_search= HTTP/1.1" 200 7824 "http://www.mink-gmbh.de/news.php?cs_go=archiv&cs_startpos=180" "Mozilla/5.0 (compatible; spbot/4.0.4; +http://www.seoprofiler.com/bot )"
162.243.85.209 - - [14/Dec/2013:04:30:43 +0100] "GET /news.php?cs_go=archiv&cs_id=4580&cs_search= HTTP/1.1" 200 11460 "http://www.mink-gmbh.de/news.php?cs_go=archiv&cs_startpos=180" "Mozilla/5.0 (compatible; spbot/4.0.4; +http://www.seoprofiler.com/bot )"
162.243.85.209 - - [14/Dec/2013:04:30:49 +0100] "GET /news.php?cs_go=archiv&cs_id=4729&cs_search= HTTP/1.1" 200 8331 "http://www.mink-gmbh.de/news.php?cs_go=archiv&cs_startpos=30" "Mozilla/5.0 (compatible; spbot/4.0.4; +http://www.seoprofiler.com/bot )"
162.243.85.209 - - [14/Dec/2013:04:30:54 +0100] "GET /news.php?cs_go=archiv&cs_id=4690&cs_search= HTTP/1.1" 200 9659 "http://www.mink-gmbh.de/news.php?cs_go=archiv&cs_startpos=60" "Mozilla/5.0 (compatible; spbot/4.0.4; +http://www.seoprofiler.com/bot )"
162.243.85.209 - - [14/Dec/2013:04:30:58 +0100] "GET /news.php?cs_go=archiv&cs_id=4563&cs_search= HTTP/1.1" 200 7524 "http://www.mink-gmbh.de/news.php?cs_go=archiv&cs_startpos=200" "Mozilla/5.0 (compatible; spbot/4.0.4; +http://www.seoprofiler.com/bot )"
162.243.85.209 - - [14/Dec/2013:04:31:04 +0100] "GET /news.php?cs_go=archiv&cs_id=4549&cs_search= HTTP/1.1" 200 7599 "http://www.mink-gmbh.de/news.php?cs_go=archiv&cs_startpos=200" "Mozilla/5.0 (compatible; spbot/4.0.4; +http://www.seoprofiler.com/bot )"
162.243.85.209 - - [14/Dec/2013:04:31:08 +0100] "GET /news.php?cs_go=archiv&cs_id=4547&cs_search= HTTP/1.1" 200 8652 "http://www.mink-gmbh.de/news.php?cs_go=archiv&cs_startpos=200" "Mozilla/5.0 (compatible; spbot/4.0.4; +http://www.seoprofiler.com/bot )"
162.243.85.209 - - [14/Dec/2013:04:31:14 +0100] "GET /news.php?cs_go=archiv&cs_id=4560&cs_search= HTTP/1.1" 200 9041 "http://www.mink-gmbh.de/news.php?cs_go=archiv&cs_startpos=200" "Mozilla/5.0 (compatible; spbot/4.0.4; +http://www.seoprofiler.com/bot )"
162.243.85.209 - - [14/Dec/2013:04:31:19 +0100] "GET /news.php?cs_go=archiv&cs_id=4559&cs_search= HTTP/1.1" 200 7615 "http://www.mink-gmbh.de/news.php?cs_go=archiv&cs_startpos=200" "Mozilla/5.0 (compatible; spbot/4.0.4; +http://www.seoprofiler.com/bot )"
162.243.85.209 - - [14/Dec/2013:04:31:24 +0100] "GET /news.php?cs_go=archiv&cs_id=4551&cs_search= HTTP/1.1" 200 9648 "http://www.mink-gmbh.de/news.php?cs_go=archiv&cs_startpos=200" "Mozilla/5.0 (compatible; spbot/4.0.4; +http://www.seoprofiler.com/bot )"
162.243.85.209 - - [14/Dec/2013:04:31:29 +0100] "GET /news.php?cs_go=archiv&cs_id=4562&cs_search= HTTP/1.1" 200 11648 "http://www.mink-gmbh.de/news.php?cs_go=archiv&cs_startpos=200" "Mozilla/5.0 (compatible; spbot/4.0.4; +http://www.seoprofiler.com/bot )"
162.243.85.209 - - [14/Dec/2013:04:31:34 +0100] "GET /news.php?cs_go=archiv&cs_id=4553&cs_search= HTTP/1.1" 200 9667 "http://www.mink-gmbh.de/news.php?cs_go=archiv&cs_startpos=200" "Mozilla/5.0 (compatible; spbot/4.0.4; +http://www.seoprofiler.com/bot )"
162.243.85.209 - - [14/Dec/2013:04:31:39 +0100] "GET /news.php?cs_go=archiv&cs_id=4558&cs_search= HTTP/1.1" 200 11595 "http://www.mink-gmbh.de/news.php?cs_go=archiv&cs_startpos=200" "Mozilla/5.0 (compatible; spbot/4.0.4; +http://www.seoprofiler.com/bot )"
162.243.85.209 - - [14/Dec/2013:04:31:44 +0100] "GET /news.php?cs_go=archiv&cs_id=4550&cs_search= HTTP/1.1" 200 8187 "http://www.mink-gmbh.de/news.php?cs_go=archiv&cs_startpos=200" "Mozilla/5.0 (compatible; spbot/4.0.4; +http://www.seoprofiler.com/bot )"
162.243.85.209 - - [14/Dec/2013:04:31:49 +0100] "GET /news.php?cs_go=archiv&cs_id=4701&cs_search= HTTP/1.1" 200 11642 "http://www.mink-gmbh.de/news.php?cs_go=archiv&cs_startpos=70" "Mozilla/5.0 (compatible; spbot/4.0.4; +http://www.seoprofiler.com/bot )"
5.10.83.43 - - [14/Dec/2013:04:48:54 +0100] "GET /news.php?cs_go=archiv&cs_startpos=220 HTTP/1.1" 200 6150 "-" "Mozilla/5.0 (compatible; AhrefsBot/5.0; +http://ahrefs.com/robot/)"
208.115.113.91 - - [14/Dec/2013:04:49:14 +0100] "GET /robots.txt HTTP/1.1" 200 177 "-" "Mozilla/5.0 (compatible; Ezooms/1.0; help@moz.com)"
5.10.83.105 - - [14/Dec/2013:04:51:49 +0100] "GET /.php HTTP/1.1" 404 - "-" "Mozilla/5.0 (compatible; AhrefsBot/5.0; +http://ahrefs.com/robot/)"
66.249.78.46 - - [14/Dec/2013:05:03:01 +0100] "GET /lexikon.php?cs_go=3&cs_id=95 HTTP/1.1" 200 6298 "-" "Mozilla/5.0 (compatible; Googlebot/2.1; +http://www.google.com/bot.html)"
5.10.83.102 - - [14/Dec/2013:05:05:04 +0100] "GET /news.php?cs_go=archiv&cs_id=4667&cs_search= HTTP/1.1" 200 7519 "-" "Mozilla/5.0 (compatible; AhrefsBot/5.0; +http://ahrefs.com/robot/)"
5.10.83.89 - - [14/Dec/2013:05:08:23 +0100] "GET /lexikon.php?cs_go=3&cs_id=30 HTTP/1.1" 200 5561 "-" "Mozilla/5.0 (compatible; AhrefsBot/5.0; +http://ahrefs.com/robot/)"
5.10.83.81 - - [14/Dec/2013:05:10:58 +0100] "GET /lexikon.php?cs_go=3&cs_id=226 HTTP/1.1" 200 6317 "-" "Mozilla/5.0 (compatible; AhrefsBot/5.0; +http://ahrefs.com/robot/)"
157.55.36.38 - - [14/Dec/2013:05:19:16 +0100] "GET /robots.txt HTTP/1.1" 200 177 "-" "Mozilla/5.0 (compatible; bingbot/2.0; +http://www.bing.com/bingbot.htm)"
157.55.36.38 - - [14/Dec/2013:05:27:35 +0100] "GET / HTTP/1.1" 200 12376 "-" "Mozilla/5.0 (compatible; bingbot/2.0; +http://www.bing.com/bingbot.htm)"
101.226.168.242 - - [14/Dec/2013:05:28:13 +0100] "GET /robots.txt HTTP/1.1" 200 177 "http://www.mink-gmbh.de/robots.txt" "Mozilla/4.0 (compatible; MSIE 8.0; Windows NT 6.1; Trident/4.0; SLCC2; .NET CLR 2.0.50727; .NET CLR 3.5.30729; .NET CLR 3.0.30729; Media Center PC 6.0; MDDR; .NET4.0C; .NET4.0E; .NET CLR 1.1.4322; Tablet PC 2.0); 360Spider"
5.10.83.105 - - [14/Dec/2013:05:31:19 +0100] "GET /news.php?cs_go=archiv&cs_id=4556&cs_search= HTTP/1.1" 200 7824 "-" "Mozilla/5.0 (compatible; AhrefsBot/5.0; +http://ahrefs.com/robot/)"
130.149.225.144 - - [14/Dec/2013:05:33:17 +0100] "GET /robots.txt HTTP/1.0" 200 177 "-" "MiaDev/0.0.1 (MIA Bot for research project MIA (www.MIA-marktplatz.de); http://www.mia-marktplatz.de/spider; spider@mia-marktplatz.de)"
130.149.225.144 - - [14/Dec/2013:05:33:17 +0100] "GET /index.php HTTP/1.0" 200 12376 "-" "MiaDev/0.0.1 (MIA Bot for research project MIA (www.MIA-marktplatz.de); http://www.mia-marktplatz.de/spider; spider@mia-marktplatz.de)"
5.10.83.102 - - [14/Dec/2013:05:34:10 +0100] "GET /news.php?cs_go=archiv&cs_startpos=120 HTTP/1.1" 200 20523 "-" "Mozilla/5.0 (compatible; AhrefsBot/5.0; +http://ahrefs.com/robot/)"
5.10.83.81 - - [14/Dec/2013:05:37:09 +0100] "GET /lexikon.php?cs_go=3&cs_id=98 HTTP/1.1" 200 5979 "-" "Mozilla/5.0 (compatible; AhrefsBot/5.0; +http://ahrefs.com/robot/)"
5.10.83.89 - - [14/Dec/2013:05:45:41 +0100] "GET /lexikon.php?cs_go=3&cs_id=179 HTTP/1.1" 200 9147 "-" "Mozilla/5.0 (compatible; AhrefsBot/5.0; +http://ahrefs.com/robot/)"
5.10.83.43 - - [14/Dec/2013:06:00:51 +0100] "GET /lexikon.php?cs_go=2&cs_char=i HTTP/1.1" 200 5966 "-" "Mozilla/5.0 (compatible; AhrefsBot/5.0; +http://ahrefs.com/robot/)"
66.249.78.46 - - [14/Dec/2013:06:01:48 +0100] "GET /news.php?cs_go=archiv&cs_id=4426&cs_search= HTTP/1.1" 200 13794 "-" "Mozilla/5.0 (compatible; Googlebot/2.1; +http://www.google.com/bot.html)"
5.10.83.97 - - [14/Dec/2013:06:03:31 +0100] "GET /edl.php HTTP/1.1" 200 8596 "-" "Mozilla/5.0 (compatible; AhrefsBot/5.0; +http://ahrefs.com/robot/)"
5.10.83.31 - - [14/Dec/2013:06:05:16 +0100] "GET /lexikon.php?cs_go=3&cs_id=166 HTTP/1.1" 200 6755 "-" "Mozilla/5.0 (compatible; AhrefsBot/5.0; +http://ahrefs.com/robot/)"
66.249.78.46 - - [14/Dec/2013:06:08:35 +0100] "GET /news.php?cs_go=archiv&cs_id=4764 HTTP/1.1" 200 11663 "-" "Mozilla/5.0 (iPhone; CPU iPhone OS 6_0 like Mac OS X) AppleWebKit/536.26 (KHTML, like Gecko) Version/6.0 Mobile/10A5376e Safari/8536.25 (compatible; Googlebot-Mobile/2.1; +http://www.google.com/bot.html)"
5.10.83.90 - - [14/Dec/2013:06:17:58 +0100] "GET /news.php?cs_go=archiv&cs_id=4637&cs_search= HTTP/1.1" 200 7585 "-" "Mozilla/5.0 (compatible; AhrefsBot/5.0; +http://ahrefs.com/robot/)"
66.249.78.46 - - [14/Dec/2013:06:20:10 +0100] "GET /news.php HTTP/1.1" 200 19847 "-" "Mozilla/5.0 (compatible; Googlebot/2.1; +http://www.google.com/bot.html)"
66.249.78.46 - - [14/Dec/2013:06:25:54 +0100] "GET /news.php?cs_go=archiv&cs_id=4773&cs_search= HTTP/1.1" 200 11615 "-" "Mozilla/5.0 (compatible; Googlebot/2.1; +http://www.google.com/bot.html)"
66.249.78.46 - - [14/Dec/2013:06:25:55 +0100] "GET /news.php?cs_go=archiv&cs_id=4775&cs_search= HTTP/1.1" 200 11726 "-" "Mozilla/5.0 (compatible; Googlebot/2.1; +http://www.google.com/bot.html)"
66.249.78.46 - - [14/Dec/2013:06:25:56 +0100] "GET /news.php?cs_go=archiv&cs_id=4747&cs_search= HTTP/1.1" 200 13330 "-" "Mozilla/5.0 (compatible; Googlebot/2.1; +http://www.google.com/bot.html)"
66.249.78.46 - - [14/Dec/2013:06:25:56 +0100] "GET /news.php?cs_go=archiv&cs_id=4771&cs_search= HTTP/1.1" 200 7613 "-" "Mozilla/5.0 (compatible; Googlebot/2.1; +http://www.google.com/bot.html)"
66.249.78.46 - - [14/Dec/2013:06:27:56 +0100] "GET /news.php?cs_go=archiv&cs_id=4774&cs_search= HTTP/1.1" 200 7413 "-" "Mozilla/5.0 (compatible; Googlebot/2.1; +http://www.google.com/bot.html)"
5.10.83.81 - - [14/Dec/2013:06:30:14 +0100] "GET /kwk.php?cs_go=1 HTTP/1.1" 200 8447 "-" "Mozilla/5.0 (compatible; AhrefsBot/5.0; +http://ahrefs.com/robot/)"
66.249.78.46 - - [14/Dec/2013:06:31:13 +0100] "GET /news.php?cs_go=archiv&cs_id=4772&cs_search= HTTP/1.1" 200 8278 "-" "Mozilla/5.0 (compatible; Googlebot/2.1; +http://www.google.com/bot.html)"
5.10.83.35 - - [14/Dec/2013:06:33:31 +0100] "GET /news.php?cs_go=archiv&cs_id=4638&cs_search= HTTP/1.1" 200 11386 "-" "Mozilla/5.0 (compatible; AhrefsBot/5.0; +http://ahrefs.com/robot/)"
5.10.83.102 - - [14/Dec/2013:06:48:21 +0100] "GET /lexikon.php?cs_go=3&cs_id=206 HTTP/1.1" 200 5922 "-" "Mozilla/5.0 (compatible; AhrefsBot/5.0; +http://ahrefs.com/robot/)"
5.10.83.97 - - [14/Dec/2013:06:48:44 +0100] "GET /news.php?cs_go=archiv&cs_id=4529&cs_search= HTTP/1.1" 200 16549 "-" "Mozilla/5.0 (compatible; AhrefsBot/5.0; +http://ahrefs.com/robot/)"
66.249.78.46 - - [14/Dec/2013:06:51:01 +0100] "GET /images/logos.jpg?cache6686 HTTP/1.1" 200 35043 "-" "Googlebot-Image/1.0"
208.115.113.91 - - [14/Dec/2013:06:51:24 +0100] "GET /jobs.php HTTP/1.1" 200 4965 "-" "Mozilla/5.0 (compatible; Ezooms/1.0; help@moz.com)"
208.115.113.91 - - [14/Dec/2013:06:51:30 +0100] "GET /news.php?cs_go=archiv&cs_id=4547&cs_search= HTTP/1.1" 200 8652 "-" "Mozilla/5.0 (compatible; Ezooms/1.0; help@moz.com)"
208.115.113.91 - - [14/Dec/2013:06:51:34 +0100] "GET /news.php?cs_go=archiv&cs_id=4631&cs_search= HTTP/1.1" 200 7725 "-" "Mozilla/5.0 (compatible; Ezooms/1.0; help@moz.com)"
84.146.238.112 - - [14/Dec/2013:06:52:18 +0100] "GET /news.php?cs_go=archiv&cs_id=4697 HTTP/1.1" 200 7447 "-" "Mozilla/5.0 (Windows; U; Windows NT 5.1; en-US; rv:1.9.1) Gecko/20090624 Firefox/3.5"
84.200.14.65 - - [14/Dec/2013:06:52:56 +0100] "GET /news.php?cs_go=archiv&cs_id=4688 HTTP/1.1" 200 8556 "-" "Mozilla/5.0 (Windows; U; Windows NT 5.1; en-US; rv:1.9.1) Gecko/20090624 Firefox/3.5"
5.10.83.43 - - [14/Dec/2013:07:01:07 +0100] "GET /news.php?cs_go=archiv&cs_id=4643&cs_search= HTTP/1.1" 200 7686 "-" "Mozilla/5.0 (compatible; AhrefsBot/5.0; +http://ahrefs.com/robot/)"
65.55.55.230 - - [14/Dec/2013:07:03:39 +0100] "GET /robots.txt HTTP/1.1" 200 177 "-" "Mozilla/5.0 (compatible; bingbot/2.0; +http://www.bing.com/bingbot.htm)"
66.249.78.46 - - [14/Dec/2013:07:07:56 +0100] "GET /lexikon.php?cs_go=3&cs_id=93 HTTP/1.1" 200 5555 "-" "Mozilla/5.0 (compatible; Googlebot/2.1; +http://www.google.com/bot.html)"
5.10.83.79 - - [14/Dec/2013:07:10:36 +0100] "GET /lexikon.php?cs_go=3&cs_id=133 HTTP/1.1" 200 6296 "-" "Mozilla/5.0 (compatible; AhrefsBot/5.0; +http://ahrefs.com/robot/)"
5.10.83.105 - - [14/Dec/2013:07:11:44 +0100] "GET /news.php?cs_go=archiv&cs_id=4616&cs_search= HTTP/1.1" 200 9397 "-" "Mozilla/5.0 (compatible; AhrefsBot/5.0; +http://ahrefs.com/robot/)"
5.10.83.31 - - [14/Dec/2013:07:17:34 +0100] "GET /lexikon.php?cs_go=3&cs_id=57 HTTP/1.1" 200 7641 "-" "Mozilla/5.0 (compatible; AhrefsBot/5.0; +http://ahrefs.com/robot/)"
65.55.55.230 - - [14/Dec/2013:07:18:31 +0100] "GET /news.php?cs_go=archiv&cs_id=4697&cs_search= HTTP/1.1" 200 7447 "-" "Mozilla/5.0 (compatible; bingbot/2.0; +http://www.bing.com/bingbot.htm)"
5.10.83.102 - - [14/Dec/2013:07:19:25 +0100] "GET /news.php?cs_go=archiv&cs_id=4759&cs_search= HTTP/1.1" 200 11550 "-" "Mozilla/5.0 (compatible; AhrefsBot/5.0; +http://ahrefs.com/robot/)"
5.10.83.89 - - [14/Dec/2013:07:21:00 +0100] "GET /lexikon.php?cs_go=3&cs_id=202 HTTP/1.1" 200 6083 "-" "Mozilla/5.0 (compatible; AhrefsBot/5.0; +http://ahrefs.com/robot/)"
5.10.83.43 - - [14/Dec/2013:07:27:27 +0100] "GET /news.php?cs_go=archiv&cs_id=4601&cs_search= HTTP/1.1" 200 7853 "-" "Mozilla/5.0 (compatible; AhrefsBot/5.0; +http://ahrefs.com/robot/)"
66.249.78.46 - - [14/Dec/2013:07:29:59 +0100] "GET /optiplus.php HTTP/1.1" 200 8639 "-" "Mozilla/5.0 (compatible; Googlebot/2.1; +http://www.google.com/bot.html)"
5.10.83.74 - - [14/Dec/2013:07:30:47 +0100] "GET /news.php?cs_go=archiv&cs_id=4726&cs_search= HTTP/1.1" 200 11408 "-" "Mozilla/5.0 (compatible; AhrefsBot/5.0; +http://ahrefs.com/robot/)"
5.10.83.105 - - [14/Dec/2013:07:32:12 +0100] "GET /news.php?cs_go=archiv&cs_id=4711&cs_search= HTTP/1.1" 200 7882 "-" "Mozilla/5.0 (compatible; AhrefsBot/5.0; +http://ahrefs.com/robot/)"
5.10.83.89 - - [14/Dec/2013:07:39:49 +0100] "GET /news.php?cs_go=archiv&cs_id=4735&cs_search= HTTP/1.1" 200 8277 "-" "Mozilla/5.0 (compatible; AhrefsBot/5.0; +http://ahrefs.com/robot/)"
5.10.83.35 - - [14/Dec/2013:07:41:56 +0100] "GET /lexikon.php?cs_go=3&cs_id=77 HTTP/1.1" 200 6236 "-" "Mozilla/5.0 (compatible; AhrefsBot/5.0; +http://ahrefs.com/robot/)"
5.10.83.74 - - [14/Dec/2013:07:46:51 +0100] "GET /lexikon.php?cs_go=2&cs_char=r HTTP/1.1" 200 7296 "-" "Mozilla/5.0 (compatible; AhrefsBot/5.0; +http://ahrefs.com/robot/)"
5.10.83.105 - - [14/Dec/2013:08:02:53 +0100] "GET /lexikon.php?cs_go=3&cs_id=118 HTTP/1.1" 200 6068 "-" "Mozilla/5.0 (compatible; AhrefsBot/5.0; +http://ahrefs.com/robot/)"
66.249.78.46 - - [14/Dec/2013:08:10:24 +0100] "GET /news.php?cs_go=archiv&cs_id=4404 HTTP/1.1" 200 8983 "-" "Mozilla/5.0 (compatible; Googlebot/2.1; +http://www.google.com/bot.html)"
5.10.83.35 - - [14/Dec/2013:08:10:32 +0100] "GET /news.php?cs_go=archiv&cs_id=4545&cs_search= HTTP/1.1" 200 9724 "-" "Mozilla/5.0 (compatible; AhrefsBot/5.0; +http://ahrefs.com/robot/)"
66.249.78.46 - - [14/Dec/2013:08:14:04 +0100] "GET /news.php?cs_go=archiv&cs_id=4759 HTTP/1.1" 200 11550 "-" "Mozilla/5.0 (compatible; Googlebot/2.1; +http://www.google.com/bot.html)"
5.10.83.102 - - [14/Dec/2013:08:16:45 +0100] "GET /news.php?cs_go=archiv&cs_id=4511&cs_search= HTTP/1.1" 200 13818 "-" "Mozilla/5.0 (compatible; AhrefsBot/5.0; +http://ahrefs.com/robot/)"
5.9.88.119 - - [14/Dec/2013:08:18:29 +0100] "GET /robots.txt HTTP/1.1" 200 177 "-" "Mozilla/5.0 (compatible; Infohelfer/1.3.3; +http://www.infohelfer.de/crawler.php)"
5.9.88.119 - - [14/Dec/2013:08:18:29 +0100] "GET /news.php?cs_go=archiv&cs_startpos=250 HTTP/1.1" 200 5874 "-" "Mozilla/5.0 (compatible; Infohelfer/1.3.3; +http://www.infohelfer.de/crawler.php)"
5.10.83.74 - - [14/Dec/2013:08:21:36 +0100] "GET /lexikon.php?cs_go=3&cs_id=196 HTTP/1.1" 200 5855 "-" "Mozilla/5.0 (compatible; AhrefsBot/5.0; +http://ahrefs.com/robot/)"
65.36.241.79 - - [14/Dec/2013:08:22:45 +0100] "HEAD / HTTP/1.1" 200 - "-" "InternetSeer.com"
157.55.32.81 - - [14/Dec/2013:08:24:29 +0100] "GET /robots.txt HTTP/1.1" 200 177 "-" "Mozilla/5.0 (compatible; bingbot/2.0; +http://www.bing.com/bingbot.htm)"
157.55.32.81 - - [14/Dec/2013:08:24:59 +0100] "GET /preisanfrage.php HTTP/1.1" 200 8502 "-" "Mozilla/5.0 (compatible; bingbot/2.0; +http://www.bing.com/bingbot.htm)"
5.10.83.97 - - [14/Dec/2013:08:25:03 +0100] "GET /news.php?cs_go=archiv&cs_id=4673&cs_search= HTTP/1.1" 200 7701 "-" "Mozilla/5.0 (compatible; AhrefsBot/5.0; +http://ahrefs.com/robot/)"
157.55.32.81 - - [14/Dec/2013:08:29:39 +0100] "GET /preisanfrage.php HTTP/1.1" 200 8502 "-" "Mozilla/5.0 (compatible; bingbot/2.0; +http://www.bing.com/bingbot.htm)"
66.249.78.46 - - [14/Dec/2013:08:35:27 +0100] "GET /news.php?cs_go=archiv&cs_id=3936&cs_search= HTTP/1.1" 200 9669 "-" "SAMSUNG-SGH-E250/1.0 Profile/MIDP-2.0 Configuration/CLDC-1.1 UP.Browser/6.2.3.3.c.1.101 (GUI) MMP/2.0 (compatible; Googlebot-Mobile/2.1; +http://www.google.com/bot.html)"
5.10.83.97 - - [14/Dec/2013:08:35:49 +0100] "GET /news.php?cs_go=archiv&cs_id=4506&cs_search= HTTP/1.1" 200 8011 "-" "Mozilla/5.0 (compatible; AhrefsBot/5.0; +http://ahrefs.com/robot/)"
5.10.83.79 - - [14/Dec/2013:08:40:47 +0100] "GET /lexikon.php?cs_go=3&cs_id=94 HTTP/1.1" 200 6042 "-" "Mozilla/5.0 (compatible; AhrefsBot/5.0; +http://ahrefs.com/robot/)"
5.9.88.119 - - [14/Dec/2013:08:41:24 +0100] "GET /news.php?cs_go=archiv&cs_id=4614&cs_search= HTTP/1.1" 200 11536 "-" "Mozilla/5.0 (compatible; Infohelfer/1.3.3; +http://www.infohelfer.de/crawler.php)"
5.10.83.89 - - [14/Dec/2013:08:48:18 +0100] "GET /lexikon.php?cs_go=3&cs_id=68 HTTP/1.1" 200 6064 "-" "Mozilla/5.0 (compatible; AhrefsBot/5.0; +http://ahrefs.com/robot/)"
208.115.113.91 - - [14/Dec/2013:08:52:49 +0100] "GET /robots.txt HTTP/1.1" 200 177 "-" "Mozilla/5.0 (compatible; Ezooms/1.0; help@moz.com)"
5.9.88.119 - - [14/Dec/2013:08:53:32 +0100] "GET /news.php?cs_go=archiv&cs_id=4581&cs_search= HTTP/1.1" 200 7633 "-" "Mozilla/5.0 (compatible; Infohelfer/1.3.3; +http://www.infohelfer.de/crawler.php)"
5.10.83.97 - - [14/Dec/2013:09:00:52 +0100] "GET /lexikon.php?cs_go=2&cs_char=j HTTP/1.1" 200 6174 "-" "Mozilla/5.0 (compatible; AhrefsBot/5.0; +http://ahrefs.com/robot/)"
5.10.83.74 - - [14/Dec/2013:09:00:54 +0100] "GET /lexikon.php?cs_go=3&cs_id=182 HTTP/1.1" 200 5974 "-" "Mozilla/5.0 (compatible; AhrefsBot/5.0; +http://ahrefs.com/robot/)"
66.249.78.46 - - [14/Dec/2013:09:12:52 +0100] "GET /news.php?cs_go=archiv&cs_id=3279&cs_search= HTTP/1.1" 200 11025 "-" "Mozilla/5.0 (compatible; Googlebot/2.1; +http://www.google.com/bot.html)"
5.10.83.43 - - [14/Dec/2013:09:20:47 +0100] "GET /kwk.php?cs_go=4 HTTP/1.1" 200 7818 "-" "Mozilla/5.0 (compatible; AhrefsBot/5.0; +http://ahrefs.com/robot/)"
5.10.83.97 - - [14/Dec/2013:09:21:01 +0100] "GET /news.php?cs_go=archiv&cs_id=4628&cs_search= HTTP/1.1" 200 9351 "-" "Mozilla/5.0 (compatible; AhrefsBot/5.0; +http://ahrefs.com/robot/)"
66.249.78.46 - - [14/Dec/2013:09:23:53 +0100] "GET /preisanfrage.php HTTP/1.1" 200 8502 "-" "Mozilla/5.0 (compatible; Googlebot/2.1; +http://www.google.com/bot.html)"
5.10.83.90 - - [14/Dec/2013:09:27:22 +0100] "GET /news.php?cs_go=archiv&cs_id=4565&cs_search= HTTP/1.1" 200 9153 "-" "Mozilla/5.0 (compatible; AhrefsBot/5.0; +http://ahrefs.com/robot/)"
5.10.83.90 - - [14/Dec/2013:09:30:56 +0100] "GET /news.php?cs_go=archiv&cs_id=4624&cs_search= HTTP/1.1" 200 11678 "-" "Mozilla/5.0 (compatible; AhrefsBot/5.0; +http://ahrefs.com/robot/)"
66.249.78.46 - - [14/Dec/2013:09:31:35 +0100] "GET /news.php?cs_go=archiv&cs_id=4761&cs_search= HTTP/1.1" 200 8283 "-" "Mozilla/5.0 (iPhone; CPU iPhone OS 6_0 like Mac OS X) AppleWebKit/536.26 (KHTML, like Gecko) Version/6.0 Mobile/10A5376e Safari/8536.25 (compatible; Googlebot-Mobile/2.1; +http://www.google.com/bot.html)"
5.10.83.31 - - [14/Dec/2013:09:40:18 +0100] "GET / HTTP/1.1" 200 12376 "-" "Mozilla/5.0 (compatible; AhrefsBot/5.0; +http://ahrefs.com/robot/)"
5.10.83.43 - - [14/Dec/2013:09:41:45 +0100] "GET /lexikon.php?cs_go=3&cs_id=170 HTTP/1.1" 200 6988 "-" "Mozilla/5.0 (compatible; AhrefsBot/5.0; +http://ahrefs.com/robot/)"
123.125.71.31 - - [14/Dec/2013:09:49:20 +0100] "GET / HTTP/1.1" 200 12376 "-" "Mozilla/5.0 (compatible; Baiduspider/2.0; +http://www.baidu.com/search/spider.html)"
5.10.83.43 - - [14/Dec/2013:09:52:12 +0100] "GET /lexikon.php?cs_go=2&cs_char=e HTTP/1.1" 200 6643 "-" "Mozilla/5.0 (compatible; AhrefsBot/5.0; +http://ahrefs.com/robot/)"
5.10.83.97 - - [14/Dec/2013:09:53:52 +0100] "GET /news.php?cs_go=archiv&cs_startpos=70 HTTP/1.1" 200 20491 "-" "Mozilla/5.0 (compatible; AhrefsBot/5.0; +http://ahrefs.com/robot/)"
5.10.83.97 - - [14/Dec/2013:09:54:50 +0100] "GET /news.php?cs_go=archiv&cs_id=4736&cs_search= HTTP/1.1" 200 11535 "-" "Mozilla/5.0 (compatible; AhrefsBot/5.0; +http://ahrefs.com/robot/)"
220.181.108.107 - - [14/Dec/2013:09:57:24 +0100] "GET / HTTP/1.1" 200 8862 "-" "Mozilla/5.0 (compatible; Baiduspider/2.0; +http://www.baidu.com/search/spider.html)"
87.178.144.188 - - [14/Dec/2013:10:00:50 +0100] "GET / HTTP/1.1" 200 12376 "http://www.google.de/url?sa=t&rct=j&q=&esrc=s&source=web&cd=1&ved=0CD8QFjAA&url=http%3A%2F%2Fwww.mink-gmbh.de%2F&ei=8R2sUp7_EIncswbatYCwBw&usg=AFQjCNFHX4Iglls9oo-KYXTmDUV_5KOVIg&bvm=bv.57967247,d.Yms" "Mozilla/5.0 (Windows NT 5.1; rv:26.0) Gecko/20100101 Firefox/26.0"
87.178.144.188 - - [14/Dec/2013:10:00:51 +0100] "GET /style.css HTTP/1.1" 200 8402 "http://www.mink-gmbh.de/" "Mozilla/5.0 (Windows NT 5.1; rv:26.0) Gecko/20100101 Firefox/26.0"
87.178.144.188 - - [14/Dec/2013:10:00:51 +0100] "GET /js_contentserver24_greybox/gb_styles.css HTTP/1.1" 200 2302 "http://www.mink-gmbh.de/" "Mozilla/5.0 (Windows NT 5.1; rv:26.0) Gecko/20100101 Firefox/26.0"
87.178.144.188 - - [14/Dec/2013:10:00:51 +0100] "GET /favicon.ico HTTP/1.1" 200 3638 "-" "Mozilla/5.0 (Windows NT 5.1; rv:26.0) Gecko/20100101 Firefox/26.0"
87.178.144.188 - - [14/Dec/2013:10:00:51 +0100] "GET /modul.css HTTP/1.1" 200 35038 "http://www.mink-gmbh.de/" "Mozilla/5.0 (Windows NT 5.1; rv:26.0) Gecko/20100101 Firefox/26.0"
87.178.144.188 - - [14/Dec/2013:10:00:51 +0100] "GET /js_contentserver24_greybox/AJS_fx.js HTTP/1.1" 200 3192 "http://www.mink-gmbh.de/" "Mozilla/5.0 (Windows NT 5.1; rv:26.0) Gecko/20100101 Firefox/26.0"
87.178.144.188 - - [14/Dec/2013:10:00:51 +0100] "GET /js_contentserver24_greybox/gb_scripts.js HTTP/1.1" 200 11913 "http://www.mink-gmbh.de/" "Mozilla/5.0 (Windows NT 5.1; rv:26.0) Gecko/20100101 Firefox/26.0"
87.178.144.188 - - [14/Dec/2013:10:00:51 +0100] "GET /js_contentserver24_greybox/AJS.js HTTP/1.1" 200 10396 "http://www.mink-gmbh.de/" "Mozilla/5.0 (Windows NT 5.1; rv:26.0) Gecko/20100101 Firefox/26.0"
87.178.144.188 - - [14/Dec/2013:10:00:52 +0100] "GET /images/mail.jpg HTTP/1.1" 200 12099 "http://www.mink-gmbh.de/" "Mozilla/5.0 (Windows NT 5.1; rv:26.0) Gecko/20100101 Firefox/26.0"
87.178.144.188 - - [14/Dec/2013:10:00:52 +0100] "GET /images/team-energie.png HTTP/1.1" 200 17383 "http://www.mink-gmbh.de/" "Mozilla/5.0 (Windows NT 5.1; rv:26.0) Gecko/20100101 Firefox/26.0"
87.178.144.188 - - [14/Dec/2013:10:00:52 +0100] "GET /images/kwk.gif HTTP/1.1" 200 6403 "http://www.mink-gmbh.de/" "Mozilla/5.0 (Windows NT 5.1; rv:26.0) Gecko/20100101 Firefox/26.0"
87.178.144.188 - - [14/Dec/2013:10:00:52 +0100] "GET /images/wunschpreis.jpg HTTP/1.1" 200 16767 "http://www.mink-gmbh.de/" "Mozilla/5.0 (Windows NT 5.1; rv:26.0) Gecko/20100101 Firefox/26.0"
87.178.144.188 - - [14/Dec/2013:10:00:52 +0100] "GET /images/logos.jpg?cache2660 HTTP/1.1" 200 35043 "http://www.mink-gmbh.de/" "Mozilla/5.0 (Windows NT 5.1; rv:26.0) Gecko/20100101 Firefox/26.0"
87.178.144.188 - - [14/Dec/2013:10:00:52 +0100] "GET /images/bg.png HTTP/1.1" 200 922 "http://www.mink-gmbh.de/style.css" "Mozilla/5.0 (Windows NT 5.1; rv:26.0) Gecko/20100101 Firefox/26.0"
87.178.144.188 - - [14/Dec/2013:10:00:51 +0100] "GET /images/tkw.jpg HTTP/1.1" 200 64031 "http://www.mink-gmbh.de/" "Mozilla/5.0 (Windows NT 5.1; rv:26.0) Gecko/20100101 Firefox/26.0"
87.178.144.188 - - [14/Dec/2013:10:00:52 +0100] "GET /js_contentserver24_greybox/w_close.gif HTTP/1.1" 200 74 "http://www.mink-gmbh.de/" "Mozilla/5.0 (Windows NT 5.1; rv:26.0) Gecko/20100101 Firefox/26.0"
87.178.144.188 - - [14/Dec/2013:10:00:52 +0100] "GET /images/close.png HTTP/1.1" 200 703 "http://www.mink-gmbh.de/" "Mozilla/5.0 (Windows NT 5.1; rv:26.0) Gecko/20100101 Firefox/26.0"
87.178.144.188 - - [14/Dec/2013:10:00:52 +0100] "GET /images/newsletter_bg.jpg HTTP/1.1" 200 33610 "http://www.mink-gmbh.de/" "Mozilla/5.0 (Windows NT 5.1; rv:26.0) Gecko/20100101 Firefox/26.0"
87.178.144.188 - - [14/Dec/2013:10:00:52 +0100] "GET /images/newsletter.png HTTP/1.1" 200 14619 "http://www.mink-gmbh.de/style.css" "Mozilla/5.0 (Windows NT 5.1; rv:26.0) Gecko/20100101 Firefox/26.0"
87.178.144.188 - - [14/Dec/2013:10:00:52 +0100] "GET /images/freecall.jpg HTTP/1.1" 200 39195 "http://www.mink-gmbh.de/" "Mozilla/5.0 (Windows NT 5.1; rv:26.0) Gecko/20100101 Firefox/26.0"
87.178.144.188 - - [14/Dec/2013:10:00:52 +0100] "GET /images/wrapperbg.jpg HTTP/1.1" 200 27465 "http://www.mink-gmbh.de/style.css" "Mozilla/5.0 (Windows NT 5.1; rv:26.0) Gecko/20100101 Firefox/26.0"
87.178.144.188 - - [14/Dec/2013:10:00:52 +0100] "GET /images/header.jpg HTTP/1.1" 200 25189 "http://www.mink-gmbh.de/style.css" "Mozilla/5.0 (Windows NT 5.1; rv:26.0) Gecko/20100101 Firefox/26.0"
87.178.144.188 - - [14/Dec/2013:10:00:52 +0100] "GET /images/navibg.png HTTP/1.1" 200 2803 "http://www.mink-gmbh.de/style.css" "Mozilla/5.0 (Windows NT 5.1; rv:26.0) Gecko/20100101 Firefox/26.0"
87.178.144.188 - - [14/Dec/2013:10:00:52 +0100] "GET /images/fallend.png HTTP/1.1" 200 713 "http://www.mink-gmbh.de/modul.css" "Mozilla/5.0 (Windows NT 5.1; rv:26.0) Gecko/20100101 Firefox/26.0"
87.178.144.188 - - [14/Dec/2013:10:00:52 +0100] "GET /images/mobil.jpg HTTP/1.1" 200 25293 "http://www.mink-gmbh.de/style.css" "Mozilla/5.0 (Windows NT 5.1; rv:26.0) Gecko/20100101 Firefox/26.0"
87.178.144.188 - - [14/Dec/2013:10:00:52 +0100] "GET /images/steigend.png HTTP/1.1" 200 688 "http://www.mink-gmbh.de/modul.css" "Mozilla/5.0 (Windows NT 5.1; rv:26.0) Gecko/20100101 Firefox/26.0"
87.178.144.188 - - [14/Dec/2013:10:00:52 +0100] "GET /images/newsletter.jpg HTTP/1.1" 200 13130 "http://www.mink-gmbh.de/style.css" "Mozilla/5.0 (Windows NT 5.1; rv:26.0) Gecko/20100101 Firefox/26.0"
87.178.144.188 - - [14/Dec/2013:10:00:52 +0100] "GET /images/footerbg.jpg HTTP/1.1" 200 2184 "http://www.mink-gmbh.de/style.css" "Mozilla/5.0 (Windows NT 5.1; rv:26.0) Gecko/20100101 Firefox/26.0"
87.178.144.188 - - [14/Dec/2013:10:00:52 +0100] "GET /js_contentserver24_greybox/loader_frame.html?s=0 HTTP/1.1" 200 2084 "http://www.mink-gmbh.de/" "Mozilla/5.0 (Windows NT 5.1; rv:26.0) Gecko/20100101 Firefox/26.0"
87.178.144.188 - - [14/Dec/2013:10:00:52 +0100] "GET /js_contentserver24_greybox/header_bg.gif HTTP/1.1" 200 1188 "http://www.mink-gmbh.de/" "Mozilla/5.0 (Windows NT 5.1; rv:26.0) Gecko/20100101 Firefox/26.0"
87.178.144.188 - - [14/Dec/2013:10:00:52 +0100] "GET /js_contentserver24_greybox/indicator.gif HTTP/1.1" 200 8238 "http://www.mink-gmbh.de/js_contentserver24_greybox/loader_frame.html?s=0" "Mozilla/5.0 (Windows NT 5.1; rv:26.0) Gecko/20100101 Firefox/26.0"
87.178.144.188 - - [14/Dec/2013:10:00:53 +0100] "GET /js_contentserver24_greybox/g_close.gif HTTP/1.1" 200 541 "http://www.mink-gmbh.de/" "Mozilla/5.0 (Windows NT 5.1; rv:26.0) Gecko/20100101 Firefox/26.0"
87.178.144.188 - - [14/Dec/2013:10:01:01 +0100] "GET /kontakt.php HTTP/1.1" 200 6966 "http://www.mink-gmbh.de/" "Mozilla/5.0 (Windows NT 5.1; rv:26.0) Gecko/20100101 Firefox/26.0"
87.178.144.188 - - [14/Dec/2013:10:01:02 +0100] "GET /images/logos.jpg HTTP/1.1" 200 35043 "http://www.mink-gmbh.de/kontakt.php" "Mozilla/5.0 (Windows NT 5.1; rv:26.0) Gecko/20100101 Firefox/26.0"
