5.9.66.55 - - [10/Dec/2013:17:44:36 +0100] "GET /news.php?cs_go=archiv&cs_id=4581&cs_search= HTTP/1.0" 200 7633 "-" "Mozilla/5.0 (compatible; MJ12bot/v1.4.4; http://www.majestic12.co.uk/bot.php?+)"
5.9.66.55 - - [10/Dec/2013:17:44:48 +0100] "GET /news.php?cs_go=archiv&cs_id=4582&cs_search= HTTP/1.0" 200 9093 "-" "Mozilla/5.0 (compatible; MJ12bot/v1.4.4; http://www.majestic12.co.uk/bot.php?+)"
5.9.66.55 - - [10/Dec/2013:17:44:53 +0100] "GET /news.php?cs_go=archiv&cs_id=4583&cs_search= HTTP/1.0" 200 13188 "-" "Mozilla/5.0 (compatible; MJ12bot/v1.4.4; http://www.majestic12.co.uk/bot.php?+)"
66.249.76.225 - - [10/Dec/2013:17:44:55 +0100] "GET /modul.css HTTP/1.1" 200 35038 "-" "Mozilla/5.0 (compatible; Googlebot/2.1; +http://www.google.com/bot.html)"
5.9.66.55 - - [10/Dec/2013:17:44:57 +0100] "GET /news.php?cs_go=archiv&cs_id=4585&cs_search= HTTP/1.0" 200 7652 "-" "Mozilla/5.0 (compatible; MJ12bot/v1.4.4; http://www.majestic12.co.uk/bot.php?+)"
5.9.66.55 - - [10/Dec/2013:17:45:11 +0100] "GET /news.php?cs_go=archiv&cs_id=4586&cs_search= HTTP/1.0" 200 8879 "-" "Mozilla/5.0 (compatible; MJ12bot/v1.4.4; http://www.majestic12.co.uk/bot.php?+)"
5.9.66.55 - - [10/Dec/2013:17:45:16 +0100] "GET /news.php?cs_go=archiv&cs_id=4587&cs_search= HTTP/1.0" 200 10134 "-" "Mozilla/5.0 (compatible; MJ12bot/v1.4.4; http://www.majestic12.co.uk/bot.php?+)"
5.9.66.55 - - [10/Dec/2013:17:45:19 +0100] "GET /news.php?cs_go=archiv&cs_id=4588&cs_search= HTTP/1.0" 200 9557 "-" "Mozilla/5.0 (compatible; MJ12bot/v1.4.4; http://www.majestic12.co.uk/bot.php?+)"
5.9.66.55 - - [10/Dec/2013:17:45:28 +0100] "GET /news.php?cs_go=archiv&cs_id=4589&cs_search= HTTP/1.0" 200 11787 "-" "Mozilla/5.0 (compatible; MJ12bot/v1.4.4; http://www.majestic12.co.uk/bot.php?+)"
5.9.66.55 - - [10/Dec/2013:17:45:30 +0100] "GET /news.php?cs_go=archiv&cs_id=4590&cs_search= HTTP/1.0" 200 7746 "-" "Mozilla/5.0 (compatible; MJ12bot/v1.4.4; http://www.majestic12.co.uk/bot.php?+)"
5.9.66.55 - - [10/Dec/2013:17:45:36 +0100] "GET /news.php?cs_go=archiv&cs_id=4591&cs_search= HTTP/1.0" 200 8426 "-" "Mozilla/5.0 (compatible; MJ12bot/v1.4.4; http://www.majestic12.co.uk/bot.php?+)"
5.9.66.55 - - [10/Dec/2013:17:45:51 +0100] "GET /news.php?cs_go=archiv&cs_id=4595&cs_search= HTTP/1.0" 200 7539 "-" "Mozilla/5.0 (compatible; MJ12bot/v1.4.4; http://www.majestic12.co.uk/bot.php?+)"
5.9.66.55 - - [10/Dec/2013:17:46:02 +0100] "GET /news.php?cs_go=archiv&cs_id=4596&cs_search= HTTP/1.0" 200 9389 "-" "Mozilla/5.0 (compatible; MJ12bot/v1.4.4; http://www.majestic12.co.uk/bot.php?+)"
5.9.66.55 - - [10/Dec/2013:17:46:11 +0100] "GET /news.php?cs_go=archiv&cs_id=4597&cs_search= HTTP/1.0" 200 19782 "-" "Mozilla/5.0 (compatible; MJ12bot/v1.4.4; http://www.majestic12.co.uk/bot.php?+)"
5.9.66.55 - - [10/Dec/2013:17:46:14 +0100] "GET /news.php?cs_go=archiv&cs_id=4598&cs_search= HTTP/1.0" 200 11809 "-" "Mozilla/5.0 (compatible; MJ12bot/v1.4.4; http://www.majestic12.co.uk/bot.php?+)"
5.9.66.55 - - [10/Dec/2013:17:46:25 +0100] "GET /news.php?cs_go=archiv&cs_id=4599&cs_search= HTTP/1.0" 200 7509 "-" "Mozilla/5.0 (compatible; MJ12bot/v1.4.4; http://www.majestic12.co.uk/bot.php?+)"
5.9.66.55 - - [10/Dec/2013:17:46:30 +0100] "GET /news.php?cs_go=archiv&cs_id=4645&cs_search= HTTP/1.0" 200 7509 "-" "Mozilla/5.0 (compatible; MJ12bot/v1.4.4; http://www.majestic12.co.uk/bot.php?+)"
5.9.66.55 - - [10/Dec/2013:17:46:43 +0100] "GET /news.php?cs_go=archiv&cs_id=4646&cs_search= HTTP/1.0" 200 10720 "-" "Mozilla/5.0 (compatible; MJ12bot/v1.4.4; http://www.majestic12.co.uk/bot.php?+)"
5.9.66.55 - - [10/Dec/2013:17:46:48 +0100] "GET /news.php?cs_go=archiv&cs_id=4647&cs_search= HTTP/1.0" 200 8188 "-" "Mozilla/5.0 (compatible; MJ12bot/v1.4.4; http://www.majestic12.co.uk/bot.php?+)"
5.9.66.55 - - [10/Dec/2013:17:46:52 +0100] "GET /news.php?cs_go=archiv&cs_id=4648&cs_search= HTTP/1.0" 200 9572 "-" "Mozilla/5.0 (compatible; MJ12bot/v1.4.4; http://www.majestic12.co.uk/bot.php?+)"
5.9.66.55 - - [10/Dec/2013:17:47:01 +0100] "GET /news.php?cs_go=archiv&cs_id=4650&cs_search= HTTP/1.0" 200 11730 "-" "Mozilla/5.0 (compatible; MJ12bot/v1.4.4; http://www.majestic12.co.uk/bot.php?+)"
5.9.66.55 - - [10/Dec/2013:17:47:09 +0100] "GET /news.php?cs_go=archiv&cs_id=4651&cs_search= HTTP/1.0" 200 7557 "-" "Mozilla/5.0 (compatible; MJ12bot/v1.4.4; http://www.majestic12.co.uk/bot.php?+)"
5.9.66.55 - - [10/Dec/2013:17:47:12 +0100] "GET /news.php?cs_go=archiv&cs_id=4653&cs_search= HTTP/1.0" 200 7521 "-" "Mozilla/5.0 (compatible; MJ12bot/v1.4.4; http://www.majestic12.co.uk/bot.php?+)"
5.10.83.73 - - [10/Dec/2013:17:49:09 +0100] "GET /news.php?cs_go=archiv&cs_startpos=90 HTTP/1.1" 200 20399 "-" "Mozilla/5.0 (compatible; AhrefsBot/5.0; +http://ahrefs.com/robot/)"
141.8.147.12 - - [10/Dec/2013:18:13:57 +0100] "GET /news.php?cs_go=archiv&cs_id=4759 HTTP/1.1" 200 11550 "-" "Mozilla/5.0 (compatible; YandexBot/3.0; +http://yandex.com/bots)"
5.10.83.73 - - [10/Dec/2013:18:15:14 +0100] "GET /lexikon.php?cs_go=3&cs_id=229 HTTP/1.1" 200 5560 "-" "Mozilla/5.0 (compatible; AhrefsBot/5.0; +http://ahrefs.com/robot/)"
157.55.33.25 - - [10/Dec/2013:18:28:43 +0100] "GET /robots.txt HTTP/1.1" 200 177 "-" "Mozilla/5.0 (compatible; bingbot/2.0; +http://www.bing.com/bingbot.htm)"
5.10.83.16 - - [10/Dec/2013:18:29:11 +0100] "GET /lexikon.php?cs_go=3&cs_id=225 HTTP/1.1" 200 5780 "-" "Mozilla/5.0 (compatible; AhrefsBot/5.0; +http://ahrefs.com/robot/)"
157.55.33.25 - - [10/Dec/2013:18:29:16 +0100] "GET /impressum.php HTTP/1.1" 200 6306 "-" "Mozilla/5.0 (compatible; bingbot/2.0; +http://www.bing.com/bingbot.htm)"
5.10.83.10 - - [10/Dec/2013:18:33:17 +0100] "GET /news.php?cs_go=archiv&cs_startpos=241 HTTP/1.1" 200 5966 "-" "Mozilla/5.0 (compatible; AhrefsBot/5.0; +http://ahrefs.com/robot/)"
208.115.113.91 - - [10/Dec/2013:18:41:52 +0100] "GET /news.php?cs_go=archiv&cs_id=4597&cs_search= HTTP/1.1" 200 19782 "-" "Mozilla/5.0 (compatible; Ezooms/1.0; help@moz.com)"
208.115.113.91 - - [10/Dec/2013:18:41:55 +0100] "GET /news.php?cs_go=archiv&cs_startpos=150 HTTP/1.1" 200 20694 "-" "Mozilla/5.0 (compatible; Ezooms/1.0; help@moz.com)"
208.115.111.75 - - [10/Dec/2013:18:44:42 +0100] "GET /robots.txt HTTP/1.1" 200 177 "-" "Mozilla/5.0 (compatible; Ezooms/1.0; help@moz.com)"
220.181.108.122 - - [10/Dec/2013:18:52:51 +0100] "GET / HTTP/1.1" 200 8884 "-" "Mozilla/5.0 (compatible; Baiduspider/2.0; +http://www.baidu.com/search/spider.html)"
123.125.71.12 - - [10/Dec/2013:19:01:55 +0100] "GET / HTTP/1.1" 200 12398 "-" "Mozilla/5.0 (compatible; Baiduspider/2.0; +http://www.baidu.com/search/spider.html)"
5.10.83.86 - - [10/Dec/2013:19:12:49 +0100] "GET /news.php?cs_go=archiv&cs_id=4631&cs_search= HTTP/1.1" 200 7725 "-" "Mozilla/5.0 (compatible; AhrefsBot/5.0; +http://ahrefs.com/robot/)"
5.10.83.28 - - [10/Dec/2013:19:15:51 +0100] "GET /lexikon.php?cs_go=2&cs_char=l HTTP/1.1" 200 6337 "-" "Mozilla/5.0 (compatible; AhrefsBot/5.0; +http://ahrefs.com/robot/)"
5.10.83.86 - - [10/Dec/2013:19:30:33 +0100] "GET /lexikon.php?cs_go=3&cs_id=224 HTTP/1.1" 200 5840 "-" "Mozilla/5.0 (compatible; AhrefsBot/5.0; +http://ahrefs.com/robot/)"
5.10.83.102 - - [10/Dec/2013:19:36:09 +0100] "GET /news.php?cs_go=archiv&cs_id=4614&cs_search= HTTP/1.1" 200 11536 "-" "Mozilla/5.0 (compatible; AhrefsBot/5.0; +http://ahrefs.com/robot/)"
65.36.241.79 - - [10/Dec/2013:19:41:27 +0100] "HEAD / HTTP/1.1" 200 - "-" "InternetSeer.com"
5.10.83.74 - - [10/Dec/2013:19:44:35 +0100] "GET /news.php?cs_go=archiv&cs_id=4658&cs_search= HTTP/1.1" 200 7413 "-" "Mozilla/5.0 (compatible; AhrefsBot/5.0; +http://ahrefs.com/robot/)"
27.159.229.0 - - [10/Dec/2013:19:50:00 +0100] "GET /news.php?cs_go=archiv&cs_id=4112&cs_search= HTTP/1.0" 200 9435 "http://www.mink-gmbh.de/news.php?cs_go=archiv&cs_id=4112&cs_search=" "Opera/9.80 (Windows NT 6.1; Edition Yx) Presto/2.12.388 Version/12.10"
5.10.83.74 - - [10/Dec/2013:19:50:08 +0100] "GET /lexikon.php?cs_go=3&cs_id=188 HTTP/1.1" 200 5566 "-" "Mozilla/5.0 (compatible; AhrefsBot/5.0; +http://ahrefs.com/robot/)"
5.10.83.73 - - [10/Dec/2013:19:50:12 +0100] "GET /news.php?cs_go=archiv&cs_id=4729&cs_search= HTTP/1.1" 200 8331 "-" "Mozilla/5.0 (compatible; AhrefsBot/5.0; +http://ahrefs.com/robot/)"
220.181.108.76 - - [10/Dec/2013:19:51:32 +0100] "GET / HTTP/1.1" 200 8884 "-" "Mozilla/5.0 (compatible; Baiduspider/2.0; +http://www.baidu.com/search/spider.html)"
5.10.83.86 - - [10/Dec/2013:19:51:50 +0100] "GET /news.php?cs_go=archiv&cs_id=4568&cs_search= HTTP/1.1" 200 9631 "-" "Mozilla/5.0 (compatible; AhrefsBot/5.0; +http://ahrefs.com/robot/)"
5.10.83.73 - - [10/Dec/2013:19:56:56 +0100] "GET /lexikon.php?cs_go=3&cs_id=98 HTTP/1.1" 200 5979 "-" "Mozilla/5.0 (compatible; AhrefsBot/5.0; +http://ahrefs.com/robot/)"
5.10.83.86 - - [10/Dec/2013:19:57:36 +0100] "GET /news.php?cs_go=archiv&cs_startpos=1 HTTP/1.1" 200 19919 "-" "Mozilla/5.0 (compatible; AhrefsBot/5.0; +http://ahrefs.com/robot/)"
5.10.83.102 - - [10/Dec/2013:20:02:46 +0100] "GET /news.php?cs_go=archiv&cs_startpos=110 HTTP/1.1" 200 20440 "-" "Mozilla/5.0 (compatible; AhrefsBot/5.0; +http://ahrefs.com/robot/)"
5.10.83.73 - - [10/Dec/2013:20:17:21 +0100] "GET /news.php?cs_go=archiv&cs_startpos=50 HTTP/1.1" 200 20272 "-" "Mozilla/5.0 (compatible; AhrefsBot/5.0; +http://ahrefs.com/robot/)"
141.8.147.12 - - [10/Dec/2013:20:17:57 +0100] "GET /robots.txt HTTP/1.1" 200 177 "-" "Mozilla/5.0 (compatible; YandexBot/3.0; +http://yandex.com/bots)"
5.10.83.73 - - [10/Dec/2013:20:21:25 +0100] "GET /news.php?cs_go=archiv&cs_id=4677&cs_search= HTTP/1.1" 200 9937 "-" "Mozilla/5.0 (compatible; AhrefsBot/5.0; +http://ahrefs.com/robot/)"
157.56.229.244 - - [10/Dec/2013:20:23:35 +0100] "GET /robots.txt HTTP/1.1" 200 177 "-" "Mozilla/5.0 (compatible; bingbot/2.0; +http://www.bing.com/bingbot.htm)"
157.56.229.244 - - [10/Dec/2013:20:24:42 +0100] "GET / HTTP/1.1" 200 12398 "-" "Mozilla/5.0 (compatible; bingbot/2.0; +http://www.bing.com/bingbot.htm)"
157.56.229.244 - - [10/Dec/2013:20:24:42 +0100] "GET /news.php?cs_go=archiv&cs_id=4701&cs_search= HTTP/1.1" 200 11642 "-" "Mozilla/5.0 (compatible; bingbot/2.0; +http://www.bing.com/bingbot.htm)"
208.115.111.75 - - [10/Dec/2013:20:29:08 +0100] "GET /edl.php HTTP/1.1" 200 8596 "-" "Mozilla/5.0 (compatible; Ezooms/1.0; help@moz.com)"
5.10.83.74 - - [10/Dec/2013:20:31:45 +0100] "GET /optiplus.php HTTP/1.1" 200 8639 "-" "Mozilla/5.0 (compatible; AhrefsBot/5.0; +http://ahrefs.com/robot/)"
5.10.83.82 - - [10/Dec/2013:20:34:45 +0100] "GET /news.php?cs_go=archiv&cs_id=4475&cs_search= HTTP/1.1" 200 7569 "-" "Mozilla/5.0 (compatible; AhrefsBot/5.0; +http://ahrefs.com/robot/)"
5.10.83.82 - - [10/Dec/2013:20:35:48 +0100] "GET /lexikon.php?cs_go=2&cs_char=m HTTP/1.1" 200 6637 "-" "Mozilla/5.0 (compatible; AhrefsBot/5.0; +http://ahrefs.com/robot/)"
5.10.83.86 - - [10/Dec/2013:20:42:30 +0100] "GET /lexikon.php?cs_go=3&cs_id=22 HTTP/1.1" 200 6281 "-" "Mozilla/5.0 (compatible; AhrefsBot/5.0; +http://ahrefs.com/robot/)"
5.10.83.38 - - [10/Dec/2013:20:46:58 +0100] "GET /lexikon.php?cs_go=3&cs_id=123 HTTP/1.1" 200 5620 "-" "Mozilla/5.0 (compatible; AhrefsBot/5.0; +http://ahrefs.com/robot/)"
5.10.83.73 - - [10/Dec/2013:20:49:54 +0100] "GET /news.php?cs_go=archiv&cs_id=4650&cs_search= HTTP/1.1" 200 11730 "-" "Mozilla/5.0 (compatible; AhrefsBot/5.0; +http://ahrefs.com/robot/)"
5.10.83.16 - - [10/Dec/2013:20:50:13 +0100] "GET /news.php?cs_go=archiv&cs_id=4680&cs_search= HTTP/1.1" 200 7520 "-" "Mozilla/5.0 (compatible; AhrefsBot/5.0; +http://ahrefs.com/robot/)"
5.10.83.100 - - [10/Dec/2013:20:50:24 +0100] "GET /lexikon.php?cs_go=3&cs_id=137 HTTP/1.1" 200 6890 "-" "Mozilla/5.0 (compatible; AhrefsBot/5.0; +http://ahrefs.com/robot/)"
5.10.83.16 - - [10/Dec/2013:20:57:32 +0100] "GET /lexikon.php?cs_go=3&cs_id=2 HTTP/1.1" 200 5988 "-" "Mozilla/5.0 (compatible; AhrefsBot/5.0; +http://ahrefs.com/robot/)"
208.115.113.91 - - [10/Dec/2013:21:12:45 +0100] "GET /robots.txt HTTP/1.1" 200 177 "-" "Mozilla/5.0 (compatible; Ezooms/1.0; help@moz.com)"
5.10.83.102 - - [10/Dec/2013:21:20:13 +0100] "GET /lexikon.php?cs_go=3&cs_id=140 HTTP/1.1" 200 6308 "-" "Mozilla/5.0 (compatible; AhrefsBot/5.0; +http://ahrefs.com/robot/)"
5.10.83.74 - - [10/Dec/2013:21:30:32 +0100] "GET /news.php?cs_go=archiv&cs_startpos=180 HTTP/1.1" 200 20383 "-" "Mozilla/5.0 (compatible; AhrefsBot/5.0; +http://ahrefs.com/robot/)"
5.10.83.66 - - [10/Dec/2013:21:33:53 +0100] "GET /news.php?cs_go=archiv&cs_id=4662&cs_search= HTTP/1.1" 200 11527 "-" "Mozilla/5.0 (compatible; AhrefsBot/5.0; +http://ahrefs.com/robot/)"
66.249.76.225 - - [10/Dec/2013:21:55:41 +0100] "GET /news.php?cs_go=archiv&cs_id=4762 HTTP/1.1" 200 11485 "-" "Mozilla/5.0 (iPhone; CPU iPhone OS 6_0 like Mac OS X) AppleWebKit/536.26 (KHTML, like Gecko) Version/6.0 Mobile/10A5376e Safari/8536.25 (compatible; Googlebot-Mobile/2.1; +http://www.google.com/bot.html)"
5.10.83.16 - - [10/Dec/2013:21:57:59 +0100] "GET /lexikon.php?cs_go=2&cs_char=a HTTP/1.1" 200 7367 "-" "Mozilla/5.0 (compatible; AhrefsBot/5.0; +http://ahrefs.com/robot/)"
198.100.144.77 - - [10/Dec/2013:22:03:09 +0100] "GET /news.php HTTP/1.1" 200 19761 "http://www.mink-gmbh.de/" "Mozilla/5.0 (X11; Linux x86_64) AppleWebKit/537.36 (KHTML, like Gecko) Chrome/27.0.1453.110 Safari/537.36"
198.100.144.77 - - [10/Dec/2013:22:03:11 +0100] "GET /kwk.php HTTP/1.1" 200 8447 "http://www.mink-gmbh.de/" "Mozilla/5.0 (X11; Linux x86_64) AppleWebKit/537.36 (KHTML, like Gecko) Chrome/27.0.1453.110 Safari/537.36"
117.62.173.252 - - [10/Dec/2013:22:10:15 +0100] "GET / HTTP/1.1" 200 12398 "-" "Mozilla/4.0 (compatible; MSIE 6.0; Windows NT 5.1; SV1;)"
5.10.83.100 - - [10/Dec/2013:22:15:14 +0100] "GET /news.php?cs_go=archiv&cs_id=4736&cs_search= HTTP/1.1" 200 11535 "-" "Mozilla/5.0 (compatible; AhrefsBot/5.0; +http://ahrefs.com/robot/)"
5.10.83.66 - - [10/Dec/2013:22:33:39 +0100] "GET /lexikon.php?cs_go=2&cs_char=y HTTP/1.1" 200 6174 "-" "Mozilla/5.0 (compatible; AhrefsBot/5.0; +http://ahrefs.com/robot/)"
5.10.83.10 - - [10/Dec/2013:22:35:12 +0100] "GET /news.php?cs_go=archiv&cs_id=4605&cs_search= HTTP/1.1" 200 7667 "-" "Mozilla/5.0 (compatible; AhrefsBot/5.0; +http://ahrefs.com/robot/)"
54.227.211.43 - - [10/Dec/2013:22:53:02 +0100] "GET / HTTP/1.0" 200 12398 "-" "Mozilla/5.0 (compatible; NetcraftSurveyAgent/1.0; +info@netcraft.com)"
5.10.83.74 - - [10/Dec/2013:23:06:46 +0100] "GET /jobs.php HTTP/1.1" 200 4965 "-" "Mozilla/5.0 (compatible; AhrefsBot/5.0; +http://ahrefs.com/robot/)"
94.222.252.50 - - [10/Dec/2013:23:09:38 +0100] "GET /style.css HTTP/1.1" 200 8402 "http://www.mink-gmbh.de/" "Mozilla/5.0 (Windows NT 5.1) AppleWebKit/537.36 (KHTML, like Gecko) Chrome/31.0.1650.63 Safari/537.36"
94.222.252.50 - - [10/Dec/2013:23:09:38 +0100] "GET /js_contentserver24_greybox/gb_styles.css HTTP/1.1" 200 2302 "http://www.mink-gmbh.de/" "Mozilla/5.0 (Windows NT 5.1) AppleWebKit/537.36 (KHTML, like Gecko) Chrome/31.0.1650.63 Safari/537.36"
94.222.252.50 - - [10/Dec/2013:23:09:38 +0100] "GET /modul.css HTTP/1.1" 200 35038 "http://www.mink-gmbh.de/" "Mozilla/5.0 (Windows NT 5.1) AppleWebKit/537.36 (KHTML, like Gecko) Chrome/31.0.1650.63 Safari/537.36"
94.222.252.50 - - [10/Dec/2013:23:09:38 +0100] "GET /js_contentserver24_greybox/AJS.js HTTP/1.1" 200 10396 "http://www.mink-gmbh.de/" "Mozilla/5.0 (Windows NT 5.1) AppleWebKit/537.36 (KHTML, like Gecko) Chrome/31.0.1650.63 Safari/537.36"
94.222.252.50 - - [10/Dec/2013:23:09:38 +0100] "GET /js_contentserver24_greybox/AJS_fx.js HTTP/1.1" 200 3192 "http://www.mink-gmbh.de/" "Mozilla/5.0 (Windows NT 5.1) AppleWebKit/537.36 (KHTML, like Gecko) Chrome/31.0.1650.63 Safari/537.36"
94.222.252.50 - - [10/Dec/2013:23:09:38 +0100] "GET /js_contentserver24_greybox/gb_scripts.js HTTP/1.1" 200 11913 "http://www.mink-gmbh.de/" "Mozilla/5.0 (Windows NT 5.1) AppleWebKit/537.36 (KHTML, like Gecko) Chrome/31.0.1650.63 Safari/537.36"
94.222.252.50 - - [10/Dec/2013:23:09:38 +0100] "GET /js_contentserver24_greybox/w_close.gif HTTP/1.1" 200 74 "http://www.mink-gmbh.de/" "Mozilla/5.0 (Windows NT 5.1) AppleWebKit/537.36 (KHTML, like Gecko) Chrome/31.0.1650.63 Safari/537.36"
94.222.252.50 - - [10/Dec/2013:23:09:38 +0100] "GET / HTTP/1.1" 200 12398 "https://www.google.de/" "Mozilla/5.0 (Windows NT 5.1) AppleWebKit/537.36 (KHTML, like Gecko) Chrome/31.0.1650.63 Safari/537.36"
94.222.252.50 - - [10/Dec/2013:23:09:38 +0100] "GET /images/bg.png HTTP/1.1" 200 922 "http://www.mink-gmbh.de/" "Mozilla/5.0 (Windows NT 5.1) AppleWebKit/537.36 (KHTML, like Gecko) Chrome/31.0.1650.63 Safari/537.36"
94.222.252.50 - - [10/Dec/2013:23:09:38 +0100] "GET /images/wrapperbg.jpg HTTP/1.1" 200 27465 "http://www.mink-gmbh.de/" "Mozilla/5.0 (Windows NT 5.1) AppleWebKit/537.36 (KHTML, like Gecko) Chrome/31.0.1650.63 Safari/537.36"
94.222.252.50 - - [10/Dec/2013:23:09:38 +0100] "GET /images/header.jpg HTTP/1.1" 200 25189 "http://www.mink-gmbh.de/" "Mozilla/5.0 (Windows NT 5.1) AppleWebKit/537.36 (KHTML, like Gecko) Chrome/31.0.1650.63 Safari/537.36"
94.222.252.50 - - [10/Dec/2013:23:09:39 +0100] "GET /images/navibg.png HTTP/1.1" 200 2803 "http://www.mink-gmbh.de/" "Mozilla/5.0 (Windows NT 5.1) AppleWebKit/537.36 (KHTML, like Gecko) Chrome/31.0.1650.63 Safari/537.36"
94.222.252.50 - - [10/Dec/2013:23:09:39 +0100] "GET /images/fallend.png HTTP/1.1" 200 713 "http://www.mink-gmbh.de/" "Mozilla/5.0 (Windows NT 5.1) AppleWebKit/537.36 (KHTML, like Gecko) Chrome/31.0.1650.63 Safari/537.36"
94.222.252.50 - - [10/Dec/2013:23:09:39 +0100] "GET /images/steigend.png HTTP/1.1" 200 688 "http://www.mink-gmbh.de/" "Mozilla/5.0 (Windows NT 5.1) AppleWebKit/537.36 (KHTML, like Gecko) Chrome/31.0.1650.63 Safari/537.36"
94.222.252.50 - - [10/Dec/2013:23:09:39 +0100] "GET /images/newsletter.png HTTP/1.1" 200 14619 "http://www.mink-gmbh.de/" "Mozilla/5.0 (Windows NT 5.1) AppleWebKit/537.36 (KHTML, like Gecko) Chrome/31.0.1650.63 Safari/537.36"
94.222.252.50 - - [10/Dec/2013:23:09:39 +0100] "GET /images/close.png HTTP/1.1" 200 703 "http://www.mink-gmbh.de/" "Mozilla/5.0 (Windows NT 5.1) AppleWebKit/537.36 (KHTML, like Gecko) Chrome/31.0.1650.63 Safari/537.36"
94.222.252.50 - - [10/Dec/2013:23:09:39 +0100] "GET /images/newsletter_bg.jpg HTTP/1.1" 200 33610 "http://www.mink-gmbh.de/" "Mozilla/5.0 (Windows NT 5.1) AppleWebKit/537.36 (KHTML, like Gecko) Chrome/31.0.1650.63 Safari/537.36"
94.222.252.50 - - [10/Dec/2013:23:09:39 +0100] "GET /images/team-energie.png HTTP/1.1" 200 17383 "http://www.mink-gmbh.de/" "Mozilla/5.0 (Windows NT 5.1) AppleWebKit/537.36 (KHTML, like Gecko) Chrome/31.0.1650.63 Safari/537.36"
94.222.252.50 - - [10/Dec/2013:23:09:39 +0100] "GET /images/freecall.jpg HTTP/1.1" 200 39195 "http://www.mink-gmbh.de/" "Mozilla/5.0 (Windows NT 5.1) AppleWebKit/537.36 (KHTML, like Gecko) Chrome/31.0.1650.63 Safari/537.36"
94.222.252.50 - - [10/Dec/2013:23:09:39 +0100] "GET /images/mail.jpg HTTP/1.1" 200 12099 "http://www.mink-gmbh.de/" "Mozilla/5.0 (Windows NT 5.1) AppleWebKit/537.36 (KHTML, like Gecko) Chrome/31.0.1650.63 Safari/537.36"
94.222.252.50 - - [10/Dec/2013:23:09:39 +0100] "GET /images/kwk.gif HTTP/1.1" 200 6403 "http://www.mink-gmbh.de/" "Mozilla/5.0 (Windows NT 5.1) AppleWebKit/537.36 (KHTML, like Gecko) Chrome/31.0.1650.63 Safari/537.36"
94.222.252.50 - - [10/Dec/2013:23:09:39 +0100] "GET /images/wunschpreis.jpg HTTP/1.1" 200 16767 "http://www.mink-gmbh.de/" "Mozilla/5.0 (Windows NT 5.1) AppleWebKit/537.36 (KHTML, like Gecko) Chrome/31.0.1650.63 Safari/537.36"
94.222.252.50 - - [10/Dec/2013:23:09:39 +0100] "GET /images/tkw.jpg HTTP/1.1" 200 64031 "http://www.mink-gmbh.de/" "Mozilla/5.0 (Windows NT 5.1) AppleWebKit/537.36 (KHTML, like Gecko) Chrome/31.0.1650.63 Safari/537.36"
94.222.252.50 - - [10/Dec/2013:23:09:39 +0100] "GET /images/logos.jpg?cache3095 HTTP/1.1" 200 35043 "http://www.mink-gmbh.de/" "Mozilla/5.0 (Windows NT 5.1) AppleWebKit/537.36 (KHTML, like Gecko) Chrome/31.0.1650.63 Safari/537.36"
94.222.252.50 - - [10/Dec/2013:23:09:39 +0100] "GET /images/footerbg.jpg HTTP/1.1" 200 2184 "http://www.mink-gmbh.de/" "Mozilla/5.0 (Windows NT 5.1) AppleWebKit/537.36 (KHTML, like Gecko) Chrome/31.0.1650.63 Safari/537.36"
94.222.252.50 - - [10/Dec/2013:23:09:39 +0100] "GET /images/mobil.jpg HTTP/1.1" 200 25293 "http://www.mink-gmbh.de/" "Mozilla/5.0 (Windows NT 5.1) AppleWebKit/537.36 (KHTML, like Gecko) Chrome/31.0.1650.63 Safari/537.36"
94.222.252.50 - - [10/Dec/2013:23:09:39 +0100] "GET /images/newsletter.jpg HTTP/1.1" 200 13130 "http://www.mink-gmbh.de/" "Mozilla/5.0 (Windows NT 5.1) AppleWebKit/537.36 (KHTML, like Gecko) Chrome/31.0.1650.63 Safari/537.36"
94.222.252.50 - - [10/Dec/2013:23:09:39 +0100] "GET /js_contentserver24_greybox/header_bg.gif HTTP/1.1" 200 1188 "http://www.mink-gmbh.de/" "Mozilla/5.0 (Windows NT 5.1) AppleWebKit/537.36 (KHTML, like Gecko) Chrome/31.0.1650.63 Safari/537.36"
94.222.252.50 - - [10/Dec/2013:23:09:39 +0100] "GET /js_contentserver24_greybox/loader_frame.html?s=0 HTTP/1.1" 200 2084 "http://www.mink-gmbh.de/" "Mozilla/5.0 (Windows NT 5.1) AppleWebKit/537.36 (KHTML, like Gecko) Chrome/31.0.1650.63 Safari/537.36"
94.222.252.50 - - [10/Dec/2013:23:09:39 +0100] "GET /js_contentserver24_greybox/g_close.gif HTTP/1.1" 200 541 "http://www.mink-gmbh.de/" "Mozilla/5.0 (Windows NT 5.1) AppleWebKit/537.36 (KHTML, like Gecko) Chrome/31.0.1650.63 Safari/537.36"
94.222.252.50 - - [10/Dec/2013:23:09:39 +0100] "GET /js_contentserver24_greybox/indicator.gif HTTP/1.1" 200 8238 "http://www.mink-gmbh.de/" "Mozilla/5.0 (Windows NT 5.1) AppleWebKit/537.36 (KHTML, like Gecko) Chrome/31.0.1650.63 Safari/537.36"
94.222.252.50 - - [10/Dec/2013:23:09:40 +0100] "GET /favicon.ico HTTP/1.1" 200 3638 "-" "Mozilla/5.0 (Windows NT 5.1) AppleWebKit/537.36 (KHTML, like Gecko) Chrome/31.0.1650.63 Safari/537.36"
94.222.252.50 - - [10/Dec/2013:23:09:53 +0100] "GET /news.php HTTP/1.1" 200 19761 "http://www.mink-gmbh.de/" "Mozilla/5.0 (Windows NT 5.1) AppleWebKit/537.36 (KHTML, like Gecko) Chrome/31.0.1650.63 Safari/537.36"
94.222.252.50 - - [10/Dec/2013:23:09:54 +0100] "GET /images/logos.jpg HTTP/1.1" 200 35043 "http://www.mink-gmbh.de/news.php" "Mozilla/5.0 (Windows NT 5.1) AppleWebKit/537.36 (KHTML, like Gecko) Chrome/31.0.1650.63 Safari/537.36"
94.222.252.50 - - [10/Dec/2013:23:10:03 +0100] "GET /faq.php HTTP/1.1" 200 216831 "http://www.mink-gmbh.de/news.php" "Mozilla/5.0 (Windows NT 5.1) AppleWebKit/537.36 (KHTML, like Gecko) Chrome/31.0.1650.63 Safari/537.36"
208.115.113.91 - - [10/Dec/2013:23:10:55 +0100] "GET /news.php?cs_go=archiv&cs_id=4543&cs_search= HTTP/1.1" 200 9822 "-" "Mozilla/5.0 (compatible; Ezooms/1.0; help@moz.com)"
5.10.83.30 - - [10/Dec/2013:23:19:24 +0100] "GET /news.php?cs_go=archiv&cs_startpos=140 HTTP/1.1" 200 20704 "-" "Mozilla/5.0 (compatible; AhrefsBot/5.0; +http://ahrefs.com/robot/)"
5.10.83.100 - - [10/Dec/2013:23:33:14 +0100] "GET /lexikon.php?cs_go=3&cs_id=154 HTTP/1.1" 200 5790 "-" "Mozilla/5.0 (compatible; AhrefsBot/5.0; +http://ahrefs.com/robot/)"
141.8.147.12 - - [10/Dec/2013:23:41:05 +0100] "GET /news.php?cs_go=archiv&cs_id=4753 HTTP/1.1" 200 7689 "-" "Mozilla/5.0 (compatible; YandexBot/3.0; +http://yandex.com/bots)"
5.10.83.74 - - [10/Dec/2013:23:43:38 +0100] "GET /\"http://www.brennstoffboerse.de/index.php?go=fluessiggas_pruefung\" HTTP/1.1" 404 - "-" "Mozilla/5.0 (compatible; AhrefsBot/5.0; +http://ahrefs.com/robot/)"
5.10.83.86 - - [10/Dec/2013:23:45:00 +0100] "GET /lexikon.php?cs_go=3&cs_id=159 HTTP/1.1" 200 7323 "-" "Mozilla/5.0 (compatible; AhrefsBot/5.0; +http://ahrefs.com/robot/)"
5.10.83.10 - - [11/Dec/2013:00:15:17 +0100] "GET /lexikon.php?cs_go=2&cs_char=d HTTP/1.1" 200 6985 "-" "Mozilla/5.0 (compatible; AhrefsBot/5.0; +http://ahrefs.com/robot/)"
5.10.83.102 - - [11/Dec/2013:00:16:24 +0100] "GET /news.php?cs_go=archiv&cs_id=4665&cs_search= HTTP/1.1" 200 8135 "-" "Mozilla/5.0 (compatible; AhrefsBot/5.0; +http://ahrefs.com/robot/)"
5.10.83.30 - - [11/Dec/2013:00:17:08 +0100] "GET /wunschpreis.php HTTP/1.1" 200 10237 "-" "Mozilla/5.0 (compatible; AhrefsBot/5.0; +http://ahrefs.com/robot/)"
5.10.83.38 - - [11/Dec/2013:00:27:25 +0100] "GET /lexikon.php?cs_go=3&cs_id=14 HTTP/1.1" 200 6146 "-" "Mozilla/5.0 (compatible; AhrefsBot/5.0; +http://ahrefs.com/robot/)"
5.10.83.38 - - [11/Dec/2013:00:30:07 +0100] "GET /lexikon.php?cs_go=2&cs_char=f HTTP/1.1" 200 7159 "-" "Mozilla/5.0 (compatible; AhrefsBot/5.0; +http://ahrefs.com/robot/)"
5.10.83.74 - - [11/Dec/2013:00:44:23 +0100] "GET / HTTP/1.1" 200 12398 "-" "Mozilla/5.0 (compatible; AhrefsBot/5.0; +http://ahrefs.com/robot/)"
208.115.113.91 - - [11/Dec/2013:00:49:03 +0100] "GET /robots.txt HTTP/1.1" 200 177 "-" "Mozilla/5.0 (compatible; Ezooms/1.0; help@moz.com)"
66.249.76.225 - - [11/Dec/2013:00:52:07 +0100] "GET /index.php HTTP/1.1" 200 12398 "-" "Mozilla/5.0 (compatible; Googlebot/2.1; +http://www.google.com/bot.html)"
65.36.241.79 - - [11/Dec/2013:00:52:17 +0100] "HEAD / HTTP/1.1" 200 - "-" "InternetSeer.com"
66.249.76.225 - - [11/Dec/2013:00:54:43 +0100] "GET /news.php?cs_go=archiv&cs_id=4766 HTTP/1.1" 200 11327 "-" "Mozilla/5.0 (compatible; Googlebot/2.1; +http://www.google.com/bot.html)"
66.249.76.225 - - [11/Dec/2013:00:54:44 +0100] "GET /news.php?cs_go=archiv&cs_id=4768 HTTP/1.1" 200 11681 "-" "Mozilla/5.0 (compatible; Googlebot/2.1; +http://www.google.com/bot.html)"
66.249.76.225 - - [11/Dec/2013:00:54:45 +0100] "GET /news.php?cs_go=archiv&cs_id=4767 HTTP/1.1" 200 7638 "-" "Mozilla/5.0 (compatible; Googlebot/2.1; +http://www.google.com/bot.html)"
66.249.76.225 - - [11/Dec/2013:00:54:45 +0100] "GET /news.php?cs_go=archiv&cs_id=4745 HTTP/1.1" 200 10004 "-" "Mozilla/5.0 (compatible; Googlebot/2.1; +http://www.google.com/bot.html)"
5.10.83.74 - - [11/Dec/2013:00:57:13 +0100] "GET /news.php?cs_go=archiv&cs_id=4518&cs_search= HTTP/1.1" 200 7626 "-" "Mozilla/5.0 (compatible; AhrefsBot/5.0; +http://ahrefs.com/robot/)"
5.10.83.38 - - [11/Dec/2013:00:58:17 +0100] "GET /news.php?cs_go=archiv&cs_id=4478&cs_search= HTTP/1.1" 200 7676 "-" "Mozilla/5.0 (compatible; AhrefsBot/5.0; +http://ahrefs.com/robot/)"
5.10.83.28 - - [11/Dec/2013:00:58:44 +0100] "GET /lexikon.php?cs_go=3&cs_id=227 HTTP/1.1" 200 6241 "-" "Mozilla/5.0 (compatible; AhrefsBot/5.0; +http://ahrefs.com/robot/)"
5.10.83.74 - - [11/Dec/2013:01:01:31 +0100] "GET /lexikon.php?cs_go=3&cs_id=221 HTTP/1.1" 200 5581 "-" "Mozilla/5.0 (compatible; AhrefsBot/5.0; +http://ahrefs.com/robot/)"
5.10.83.100 - - [11/Dec/2013:01:15:41 +0100] "GET /news.php?cs_go=archiv&cs_startpos=151 HTTP/1.1" 200 20765 "-" "Mozilla/5.0 (compatible; AhrefsBot/5.0; +http://ahrefs.com/robot/)"
5.10.83.74 - - [11/Dec/2013:01:16:35 +0100] "GET /news.php?cs_go=archiv&cs_id=4630&cs_search= HTTP/1.1" 200 11671 "-" "Mozilla/5.0 (compatible; AhrefsBot/5.0; +http://ahrefs.com/robot/)"
5.10.83.100 - - [11/Dec/2013:01:31:08 +0100] "GET /news.php?cs_go=archiv&cs_id=4638&cs_search= HTTP/1.1" 200 11386 "-" "Mozilla/5.0 (compatible; AhrefsBot/5.0; +http://ahrefs.com/robot/)"
5.10.83.16 - - [11/Dec/2013:01:32:49 +0100] "GET /lexikon.php?cs_go=3&cs_id=146 HTTP/1.1" 200 6181 "-" "Mozilla/5.0 (compatible; AhrefsBot/5.0; +http://ahrefs.com/robot/)"
198.100.144.77 - - [11/Dec/2013:01:42:09 +0100] "GET /news.php?cs_go=archiv&cs_id=4734 HTTP/1.1" 200 7777 "http://www.mink-gmbh.de/" "Mozilla/5.0 (X11; Linux x86_64) AppleWebKit/537.36 (KHTML, like Gecko) Chrome/28.0.1500.52 Safari/537.36"
198.100.144.77 - - [11/Dec/2013:01:42:10 +0100] "GET /kwk.php HTTP/1.1" 200 8447 "http://www.mink-gmbh.de/" "Mozilla/5.0 (X11; Linux x86_64) AppleWebKit/537.36 (KHTML, like Gecko) Chrome/28.0.1500.52 Safari/537.36"
5.10.83.38 - - [11/Dec/2013:02:02:25 +0100] "GET /lexikon.php?cs_go=2&cs_char=h HTTP/1.1" 200 6364 "-" "Mozilla/5.0 (compatible; AhrefsBot/5.0; +http://ahrefs.com/robot/)"
66.249.76.225 - - [11/Dec/2013:02:07:55 +0100] "GET /robots.txt HTTP/1.1" 200 177 "-" "Mozilla/5.0 (compatible; Googlebot/2.1; +http://www.google.com/bot.html)"
66.249.76.225 - - [11/Dec/2013:02:07:55 +0100] "GET /news.php?cs_go=archiv HTTP/1.1" 200 19761 "-" "Mozilla/5.0 (compatible; Googlebot/2.1; +http://www.google.com/bot.html)"
54.202.181.79 - - [11/Dec/2013:02:12:53 +0100] "GET / HTTP/1.1" 200 12398 "http://www.ausergrubhof.info" "Mozilla/5.0 (Windows NT 6.1; Win64; x64; rv:25.0) Gecko/20100101 Firefox/25.0"
66.249.76.225 - - [11/Dec/2013:02:14:44 +0100] "GET /news.php?cs_go=archiv&cs_id=4745&cs_search= HTTP/1.1" 200 10004 "-" "Mozilla/5.0 (compatible; Googlebot/2.1; +http://www.google.com/bot.html)"
66.249.76.225 - - [11/Dec/2013:02:17:54 +0100] "GET /news.php?cs_go=archiv&cs_id=4768&cs_search= HTTP/1.1" 200 11681 "-" "Mozilla/5.0 (compatible; Googlebot/2.1; +http://www.google.com/bot.html)"
66.249.76.225 - - [11/Dec/2013:02:19:29 +0100] "GET /news.php?cs_go=archiv&cs_id=4767&cs_search= HTTP/1.1" 200 7638 "-" "Mozilla/5.0 (compatible; Googlebot/2.1; +http://www.google.com/bot.html)"
77.75.77.17 - - [11/Dec/2013:02:35:17 +0100] "GET /robots.txt HTTP/1.1" 200 177 "-" "SeznamBot/3.0 (+http://fulltext.sblog.cz/)"
77.75.77.17 - - [11/Dec/2013:02:35:17 +0100] "GET /agb.php HTTP/1.1" 200 17543 "-" "SeznamBot/3.0 (+http://fulltext.sblog.cz/)"
208.115.113.91 - - [11/Dec/2013:02:47:14 +0100] "GET /news.php?cs_go=archiv&cs_id=4601&cs_search= HTTP/1.1" 200 7853 "-" "Mozilla/5.0 (compatible; Ezooms/1.0; help@moz.com)"
5.10.83.66 - - [11/Dec/2013:03:04:16 +0100] "GET /kontakt.php HTTP/1.1" 200 6966 "-" "Mozilla/5.0 (compatible; AhrefsBot/5.0; +http://ahrefs.com/robot/)"
5.10.83.66 - - [11/Dec/2013:03:15:08 +0100] "GET /lexikon.php?cs_go=3&cs_id=125 HTTP/1.1" 200 6543 "-" "Mozilla/5.0 (compatible; AhrefsBot/5.0; +http://ahrefs.com/robot/)"
66.249.76.225 - - [11/Dec/2013:03:27:31 +0100] "GET /news.php?cs_go=archiv&cs_id=4729&cs_search= HTTP/1.1" 200 8331 "-" "Mozilla/5.0 (compatible; Googlebot/2.1; +http://www.google.com/bot.html)"
5.10.83.86 - - [11/Dec/2013:03:48:56 +0100] "GET /news.php?cs_go=archiv&cs_id=4695&cs_search= HTTP/1.1" 200 9459 "-" "Mozilla/5.0 (compatible; AhrefsBot/5.0; +http://ahrefs.com/robot/)"
5.10.83.66 - - [11/Dec/2013:04:01:10 +0100] "GET /news.php?cs_go=archiv&cs_startpos=80 HTTP/1.1" 200 20529 "-" "Mozilla/5.0 (compatible; AhrefsBot/5.0; +http://ahrefs.com/robot/)"
5.10.83.28 - - [11/Dec/2013:04:18:22 +0100] "GET /news.php?cs_go=archiv&cs_startpos=81 HTTP/1.1" 200 20557 "-" "Mozilla/5.0 (compatible; AhrefsBot/5.0; +http://ahrefs.com/robot/)"
5.10.83.82 - - [11/Dec/2013:04:19:00 +0100] "GET /news.php?cs_go=archiv&cs_id=4722&cs_search= HTTP/1.1" 200 11340 "-" "Mozilla/5.0 (compatible; AhrefsBot/5.0; +http://ahrefs.com/robot/)"
5.10.83.102 - - [11/Dec/2013:04:21:14 +0100] "GET /news.php?cs_go=archiv&cs_id=4656&cs_search= HTTP/1.1" 200 7776 "-" "Mozilla/5.0 (compatible; AhrefsBot/5.0; +http://ahrefs.com/robot/)"
66.249.76.225 - - [11/Dec/2013:04:24:22 +0100] "GET /news.php?cs_go=archiv&cs_id=4749&cs_search= HTTP/1.1" 200 11351 "-" "Mozilla/5.0 (compatible; Googlebot/2.1; +http://www.google.com/bot.html)"
5.10.83.16 - - [11/Dec/2013:04:32:45 +0100] "GET /rueckrufservice.php HTTP/1.1" 200 8300 "-" "Mozilla/5.0 (compatible; AhrefsBot/5.0; +http://ahrefs.com/robot/)"
5.10.83.30 - - [11/Dec/2013:04:46:05 +0100] "GET /news.php?cs_go=archiv&cs_id=4606&cs_search= HTTP/1.1" 200 11593 "-" "Mozilla/5.0 (compatible; AhrefsBot/5.0; +http://ahrefs.com/robot/)"
208.115.113.91 - - [11/Dec/2013:04:50:00 +0100] "GET /robots.txt HTTP/1.1" 200 177 "-" "Mozilla/5.0 (compatible; Ezooms/1.0; help@moz.com)"
5.10.83.28 - - [11/Dec/2013:04:51:52 +0100] "GET /news.php?cs_go=archiv&cs_id=4525&cs_search= HTTP/1.1" 200 7488 "-" "Mozilla/5.0 (compatible; AhrefsBot/5.0; +http://ahrefs.com/robot/)"
141.8.147.12 - - [11/Dec/2013:04:55:20 +0100] "GET /news.php?cs_go=archiv&cs_startpos=51 HTTP/1.1" 200 20259 "-" "Mozilla/5.0 (compatible; YandexBot/3.0; +http://yandex.com/bots)"
5.10.83.74 - - [11/Dec/2013:05:03:02 +0100] "GET /news.php?cs_go=archiv&cs_id=4569&cs_search= HTTP/1.1" 200 7695 "-" "Mozilla/5.0 (compatible; AhrefsBot/5.0; +http://ahrefs.com/robot/)"
157.56.92.152 - - [11/Dec/2013:05:03:32 +0100] "GET /robots.txt HTTP/1.1" 200 177 "-" "Mozilla/5.0 (compatible; bingbot/2.0; +http://www.bing.com/bingbot.htm)"
157.56.92.152 - - [11/Dec/2013:05:04:11 +0100] "GET / HTTP/1.1" 200 12398 "-" "Mozilla/5.0 (compatible; bingbot/2.0; +http://www.bing.com/bingbot.htm)"
5.10.83.100 - - [11/Dec/2013:05:19:25 +0100] "GET /lexikon.php?cs_go=3&cs_id=132 HTTP/1.1" 200 5548 "-" "Mozilla/5.0 (compatible; AhrefsBot/5.0; +http://ahrefs.com/robot/)"
5.10.83.38 - - [11/Dec/2013:05:41:58 +0100] "GET /news.php?cs_go=archiv&cs_startpos=230 HTTP/1.1" 200 6058 "-" "Mozilla/5.0 (compatible; AhrefsBot/5.0; +http://ahrefs.com/robot/)"
66.249.76.225 - - [11/Dec/2013:05:51:33 +0100] "GET /news.php?cs_go=archiv&cs_id=4752&cs_search= HTTP/1.1" 200 11598 "-" "Mozilla/5.0 (compatible; Googlebot/2.1; +http://www.google.com/bot.html)"
66.249.76.225 - - [11/Dec/2013:05:55:20 +0100] "GET /news.php?cs_go=archiv&cs_id=4759&cs_search= HTTP/1.1" 200 11550 "-" "Mozilla/5.0 (compatible; Googlebot/2.1; +http://www.google.com/bot.html)"
5.10.83.100 - - [11/Dec/2013:06:14:14 +0100] "GET /lexikon.php?cs_go=3&cs_id=33 HTTP/1.1" 200 6386 "-" "Mozilla/5.0 (compatible; AhrefsBot/5.0; +http://ahrefs.com/robot/)"
157.55.33.81 - - [11/Dec/2013:06:14:22 +0100] "GET /robots.txt HTTP/1.1" 200 177 "-" "Mozilla/5.0 (compatible; bingbot/2.0; +http://www.bing.com/bingbot.htm)"
157.55.33.81 - - [11/Dec/2013:06:17:34 +0100] "GET /schwefelarmstandard.php HTTP/1.1" 200 10730 "-" "Mozilla/5.0 (compatible; bingbot/2.0; +http://www.bing.com/bingbot.htm)"
66.249.76.225 - - [11/Dec/2013:06:19:18 +0100] "GET / HTTP/1.1" 200 12398 "-" "Mozilla/5.0 (iPhone; CPU iPhone OS 6_0 like Mac OS X) AppleWebKit/536.26 (KHTML, like Gecko) Version/6.0 Mobile/10A5376e Safari/8536.25 (compatible; Googlebot-Mobile/2.1; +http://www.google.com/bot.html)"
66.249.76.225 - - [11/Dec/2013:06:25:24 +0100] "GET /js_contentserver24_greybox/gb_styles.css HTTP/1.1" 200 2302 "-" "Mozilla/5.0 (compatible; Googlebot/2.1; +http://www.google.com/bot.html)"
5.10.83.28 - - [11/Dec/2013:06:28:29 +0100] "GET /news.php?cs_go=archiv&cs_id=4550&cs_search= HTTP/1.1" 200 8187 "-" "Mozilla/5.0 (compatible; AhrefsBot/5.0; +http://ahrefs.com/robot/)"
5.10.83.66 - - [11/Dec/2013:06:32:23 +0100] "GET /lexikon.php?cs_go=3&cs_id=214 HTTP/1.1" 200 5703 "-" "Mozilla/5.0 (compatible; AhrefsBot/5.0; +http://ahrefs.com/robot/)"
5.10.83.74 - - [11/Dec/2013:06:36:50 +0100] "GET /lexikon.php?cs_go=2&cs_char=k HTTP/1.1" 200 7443 "-" "Mozilla/5.0 (compatible; AhrefsBot/5.0; +http://ahrefs.com/robot/)"
208.115.113.91 - - [11/Dec/2013:06:46:54 +0100] "GET /diesel.php HTTP/1.1" 200 8192 "-" "Mozilla/5.0 (compatible; Ezooms/1.0; help@moz.com)"
66.249.76.225 - - [11/Dec/2013:06:52:12 +0100] "GET /news.php?cs_go=archiv&cs_id=3018&cs_search= HTTP/1.1" 200 12969 "-" "Mozilla/5.0 (compatible; Googlebot/2.1; +http://www.google.com/bot.html)"
5.10.83.10 - - [11/Dec/2013:07:00:06 +0100] "GET /news.php?cs_go=archiv&cs_id=4693&cs_search= HTTP/1.1" 200 7930 "-" "Mozilla/5.0 (compatible; AhrefsBot/5.0; +http://ahrefs.com/robot/)"
5.10.83.73 - - [11/Dec/2013:07:12:28 +0100] "GET /news.php?cs_go=archiv&cs_id=4582&cs_search= HTTP/1.1" 200 9093 "-" "Mozilla/5.0 (compatible; AhrefsBot/5.0; +http://ahrefs.com/robot/)"
5.10.83.86 - - [11/Dec/2013:07:19:00 +0100] "GET /lexikon.php?cs_go=3&cs_id=122 HTTP/1.1" 200 5783 "-" "Mozilla/5.0 (compatible; AhrefsBot/5.0; +http://ahrefs.com/robot/)"
66.249.76.225 - - [11/Dec/2013:07:22:31 +0100] "GET /news.php?cs_go=archiv&cs_id=4389&cs_search= HTTP/1.1" 200 7610 "-" "Mozilla/5.0 (compatible; Googlebot/2.1; +http://www.google.com/bot.html)"
66.249.76.225 - - [11/Dec/2013:07:30:06 +0100] "GET /news.php?cs_go=archiv&cs_id=4753&cs_search= HTTP/1.1" 200 7689 "-" "Mozilla/5.0 (compatible; Googlebot/2.1; +http://www.google.com/bot.html)"
5.10.83.16 - - [11/Dec/2013:07:30:40 +0100] "GET /news.php?cs_go=archiv&cs_startpos=10 HTTP/1.1" 200 20201 "-" "Mozilla/5.0 (compatible; AhrefsBot/5.0; +http://ahrefs.com/robot/)"
5.10.83.102 - - [11/Dec/2013:07:32:31 +0100] "GET /news.php?cs_go=archiv&cs_id=4567&cs_search= HTTP/1.1" 200 9128 "-" "Mozilla/5.0 (compatible; AhrefsBot/5.0; +http://ahrefs.com/robot/)"
65.36.241.79 - - [11/Dec/2013:07:47:21 +0100] "HEAD / HTTP/1.1" 200 - "-" "InternetSeer.com"
5.10.83.82 - - [11/Dec/2013:08:03:45 +0100] "GET /news.php?cs_go=archiv&cs_startpos=0 HTTP/1.1" 200 19780 "-" "Mozilla/5.0 (compatible; AhrefsBot/5.0; +http://ahrefs.com/robot/)"
5.10.83.66 - - [11/Dec/2013:08:15:10 +0100] "GET /news.php?cs_go=archiv&cs_id=4641&cs_search= HTTP/1.1" 200 7634 "-" "Mozilla/5.0 (compatible; AhrefsBot/5.0; +http://ahrefs.com/robot/)"
66.249.76.225 - - [11/Dec/2013:08:23:09 +0100] "GET /news.php?cs_go=archiv&cs_id=4390&cs_search= HTTP/1.1" 200 11530 "-" "Mozilla/5.0 (compatible; Googlebot/2.1; +http://www.google.com/bot.html)"
66.249.76.225 - - [11/Dec/2013:08:24:17 +0100] "GET /standard.php HTTP/1.1" 200 6770 "-" "Mozilla/5.0 (iPhone; CPU iPhone OS 6_0 like Mac OS X) AppleWebKit/536.26 (KHTML, like Gecko) Version/6.0 Mobile/10A5376e Safari/8536.25 (compatible; Googlebot-Mobile/2.1; +http://www.google.com/bot.html)"
66.249.76.225 - - [11/Dec/2013:08:25:51 +0100] "GET / HTTP/1.1" 200 12402 "-" "DoCoMo/2.0 N905i(c100;TB;W24H16) (compatible; Googlebot-Mobile/2.1; +http://www.google.com/bot.html)"
141.8.147.12 - - [11/Dec/2013:08:29:53 +0100] "GET /robots.txt HTTP/1.1" 200 177 "-" "Mozilla/5.0 (compatible; YandexBot/3.0; +http://yandex.com/bots)"
66.249.76.225 - - [11/Dec/2013:08:34:32 +0100] "GET /news.php?cs_go=archiv&cs_id=4730&cs_search= HTTP/1.1" 200 9134 "-" "Mozilla/5.0 (compatible; Googlebot/2.1; +http://www.google.com/bot.html)"
5.10.83.100 - - [11/Dec/2013:08:36:43 +0100] "GET /news.php?cs_go=archiv&cs_startpos=120 HTTP/1.1" 200 20447 "-" "Mozilla/5.0 (compatible; AhrefsBot/5.0; +http://ahrefs.com/robot/)"
5.10.83.30 - - [11/Dec/2013:08:41:45 +0100] "GET /lexikon.php?cs_go=3&cs_id=145 HTTP/1.1" 200 6474 "-" "Mozilla/5.0 (compatible; AhrefsBot/5.0; +http://ahrefs.com/robot/)"
5.10.83.38 - - [11/Dec/2013:08:46:37 +0100] "GET /news.php?cs_go=archiv&cs_id=4659&cs_search= HTTP/1.1" 200 11613 "-" "Mozilla/5.0 (compatible; AhrefsBot/5.0; +http://ahrefs.com/robot/)"
208.115.113.91 - - [11/Dec/2013:08:47:14 +0100] "GET /robots.txt HTTP/1.1" 200 177 "-" "Mozilla/5.0 (compatible; Ezooms/1.0; help@moz.com)"
5.10.83.102 - - [11/Dec/2013:08:47:42 +0100] "GET /energiesparcheck.php HTTP/1.1" 200 11144 "-" "Mozilla/5.0 (compatible; AhrefsBot/5.0; +http://ahrefs.com/robot/)"
5.9.110.79 - - [11/Dec/2013:08:49:06 +0100] "GET /robots.txt HTTP/1.0" 200 177 "-" "Mozilla/5.0 (compatible; MJ12bot/v1.4.4; http://www.majestic12.co.uk/bot.php?+)"
5.9.110.79 - - [11/Dec/2013:08:49:10 +0100] "GET /news.php?cs_go=archiv&cs_id=4109&cs_search= HTTP/1.0" 200 8956 "-" "Mozilla/5.0 (compatible; MJ12bot/v1.4.4; http://www.majestic12.co.uk/bot.php?+)"
5.10.83.86 - - [11/Dec/2013:08:49:12 +0100] "GET /lexikon.php?cs_go=3&cs_id=199 HTTP/1.1" 200 5555 "-" "Mozilla/5.0 (compatible; AhrefsBot/5.0; +http://ahrefs.com/robot/)"
5.9.110.79 - - [11/Dec/2013:08:49:21 +0100] "GET /news.php?cs_go=archiv&cs_startpos=130 HTTP/1.0" 200 20438 "-" "Mozilla/5.0 (compatible; MJ12bot/v1.4.4; http://www.majestic12.co.uk/bot.php?+)"
5.9.110.79 - - [11/Dec/2013:08:49:33 +0100] "GET /news.php?cs_go=archiv&cs_startpos=190 HTTP/1.0" 200 20112 "-" "Mozilla/5.0 (compatible; MJ12bot/v1.4.4; http://www.majestic12.co.uk/bot.php?+)"
5.9.110.79 - - [11/Dec/2013:08:49:41 +0100] "GET /news.php?cs_go=archiv&cs_startpos=200 HTTP/1.0" 200 20143 "-" "Mozilla/5.0 (compatible; MJ12bot/v1.4.4; http://www.majestic12.co.uk/bot.php?+)"
66.249.76.225 - - [11/Dec/2013:08:56:40 +0100] "GET /news.php?cs_go=archiv&cs_startpos=10 HTTP/1.1" 200 20154 "-" "SAMSUNG-SGH-E250/1.0 Profile/MIDP-2.0 Configuration/CLDC-1.1 UP.Browser/6.2.3.3.c.1.101 (GUI) MMP/2.0 (compatible; Googlebot-Mobile/2.1; +http://www.google.com/bot.html)"
5.10.83.74 - - [11/Dec/2013:09:05:45 +0100] "GET /news.php?cs_go=archiv&cs_id=4725&cs_search= HTTP/1.1" 200 8987 "-" "Mozilla/5.0 (compatible; AhrefsBot/5.0; +http://ahrefs.com/robot/)"
195.145.148.246 - - [11/Dec/2013:09:06:45 +0100] "GET / HTTP/1.1" 200 12395 "http://www.google.de/url?sa=t&rct=j&q=&esrc=s&source=web&cd=1&ved=0CDEQFjAA&url=http%3A%2F%2Fwww.mink-gmbh.de%2F&ei=_RyoUvuoMIKKyAPEoYGADA&usg=AFQjCNFHX4Iglls9oo-KYXTmDUV_5KOVIg&bvm=bv.57799294,d.bGQ" "Mozilla/5.0 (Windows NT 5.1; rv:10.0.6) Gecko/20100101 Firefox/10.0.6"
195.145.148.246 - - [11/Dec/2013:09:06:46 +0100] "GET /modul.css HTTP/1.1" 200 35038 "http://www.mink-gmbh.de/" "Mozilla/5.0 (Windows NT 5.1; rv:10.0.6) Gecko/20100101 Firefox/10.0.6"
195.145.148.246 - - [11/Dec/2013:09:06:46 +0100] "GET /style.css HTTP/1.1" 200 8402 "http://www.mink-gmbh.de/" "Mozilla/5.0 (Windows NT 5.1; rv:10.0.6) Gecko/20100101 Firefox/10.0.6"
195.145.148.246 - - [11/Dec/2013:09:06:46 +0100] "GET /js_contentserver24_greybox/gb_styles.css HTTP/1.1" 200 2302 "http://www.mink-gmbh.de/" "Mozilla/5.0 (Windows NT 5.1; rv:10.0.6) Gecko/20100101 Firefox/10.0.6"
195.145.148.246 - - [11/Dec/2013:09:06:46 +0100] "GET /js_contentserver24_greybox/AJS_fx.js HTTP/1.1" 200 3192 "http://www.mink-gmbh.de/" "Mozilla/5.0 (Windows NT 5.1; rv:10.0.6) Gecko/20100101 Firefox/10.0.6"
195.145.148.246 - - [11/Dec/2013:09:06:46 +0100] "GET /js_contentserver24_greybox/AJS.js HTTP/1.1" 200 10396 "http://www.mink-gmbh.de/" "Mozilla/5.0 (Windows NT 5.1; rv:10.0.6) Gecko/20100101 Firefox/10.0.6"
195.145.148.246 - - [11/Dec/2013:09:06:46 +0100] "GET /js_contentserver24_greybox/gb_scripts.js HTTP/1.1" 200 11913 "http://www.mink-gmbh.de/" "Mozilla/5.0 (Windows NT 5.1; rv:10.0.6) Gecko/20100101 Firefox/10.0.6"
195.145.148.246 - - [11/Dec/2013:09:06:46 +0100] "GET /images/tkw.jpg HTTP/1.1" 200 64031 "http://www.mink-gmbh.de/" "Mozilla/5.0 (Windows NT 5.1; rv:10.0.6) Gecko/20100101 Firefox/10.0.6"
195.145.148.246 - - [11/Dec/2013:09:06:47 +0100] "GET /images/team-energie.png HTTP/1.1" 200 17383 "http://www.mink-gmbh.de/" "Mozilla/5.0 (Windows NT 5.1; rv:10.0.6) Gecko/20100101 Firefox/10.0.6"
195.145.148.246 - - [11/Dec/2013:09:06:47 +0100] "GET /images/kwk.gif HTTP/1.1" 200 6403 "http://www.mink-gmbh.de/" "Mozilla/5.0 (Windows NT 5.1; rv:10.0.6) Gecko/20100101 Firefox/10.0.6"
195.145.148.246 - - [11/Dec/2013:09:06:47 +0100] "GET /images/mail.jpg HTTP/1.1" 200 12099 "http://www.mink-gmbh.de/" "Mozilla/5.0 (Windows NT 5.1; rv:10.0.6) Gecko/20100101 Firefox/10.0.6"
195.145.148.246 - - [11/Dec/2013:09:06:47 +0100] "GET /images/freecall.jpg HTTP/1.1" 200 39195 "http://www.mink-gmbh.de/" "Mozilla/5.0 (Windows NT 5.1; rv:10.0.6) Gecko/20100101 Firefox/10.0.6"
195.145.148.246 - - [11/Dec/2013:09:06:47 +0100] "GET /images/wunschpreis.jpg HTTP/1.1" 200 16767 "http://www.mink-gmbh.de/" "Mozilla/5.0 (Windows NT 5.1; rv:10.0.6) Gecko/20100101 Firefox/10.0.6"
195.145.148.246 - - [11/Dec/2013:09:06:47 +0100] "GET /favicon.ico HTTP/1.1" 200 3638 "-" "Mozilla/5.0 (Windows NT 5.1; rv:10.0.6) Gecko/20100101 Firefox/10.0.6"
195.145.148.246 - - [11/Dec/2013:09:06:47 +0100] "GET /images/logos.jpg?cache8451 HTTP/1.1" 200 35043 "http://www.mink-gmbh.de/" "Mozilla/5.0 (Windows NT 5.1; rv:10.0.6) Gecko/20100101 Firefox/10.0.6"
195.145.148.246 - - [11/Dec/2013:09:06:47 +0100] "GET /js_contentserver24_greybox/w_close.gif HTTP/1.1" 200 74 "http://www.mink-gmbh.de/" "Mozilla/5.0 (Windows NT 5.1; rv:10.0.6) Gecko/20100101 Firefox/10.0.6"
195.145.148.246 - - [11/Dec/2013:09:06:47 +0100] "GET /images/bg.png HTTP/1.1" 200 922 "http://www.mink-gmbh.de/style.css" "Mozilla/5.0 (Windows NT 5.1; rv:10.0.6) Gecko/20100101 Firefox/10.0.6"
195.145.148.246 - - [11/Dec/2013:09:06:47 +0100] "GET /images/close.png HTTP/1.1" 200 703 "http://www.mink-gmbh.de/" "Mozilla/5.0 (Windows NT 5.1; rv:10.0.6) Gecko/20100101 Firefox/10.0.6"
195.145.148.246 - - [11/Dec/2013:09:06:47 +0100] "GET /images/newsletter_bg.jpg HTTP/1.1" 200 33610 "http://www.mink-gmbh.de/" "Mozilla/5.0 (Windows NT 5.1; rv:10.0.6) Gecko/20100101 Firefox/10.0.6"
195.145.148.246 - - [11/Dec/2013:09:06:47 +0100] "GET /images/newsletter.png HTTP/1.1" 200 14619 "http://www.mink-gmbh.de/style.css" "Mozilla/5.0 (Windows NT 5.1; rv:10.0.6) Gecko/20100101 Firefox/10.0.6"
195.145.148.246 - - [11/Dec/2013:09:06:47 +0100] "GET /images/header.jpg HTTP/1.1" 200 25189 "http://www.mink-gmbh.de/style.css" "Mozilla/5.0 (Windows NT 5.1; rv:10.0.6) Gecko/20100101 Firefox/10.0.6"
195.145.148.246 - - [11/Dec/2013:09:06:47 +0100] "GET /images/navibg.png HTTP/1.1" 200 2803 "http://www.mink-gmbh.de/style.css" "Mozilla/5.0 (Windows NT 5.1; rv:10.0.6) Gecko/20100101 Firefox/10.0.6"
195.145.148.246 - - [11/Dec/2013:09:06:47 +0100] "GET /images/wrapperbg.jpg HTTP/1.1" 200 27465 "http://www.mink-gmbh.de/style.css" "Mozilla/5.0 (Windows NT 5.1; rv:10.0.6) Gecko/20100101 Firefox/10.0.6"
195.145.148.246 - - [11/Dec/2013:09:06:47 +0100] "GET /images/fallend.png HTTP/1.1" 200 713 "http://www.mink-gmbh.de/modul.css" "Mozilla/5.0 (Windows NT 5.1; rv:10.0.6) Gecko/20100101 Firefox/10.0.6"
195.145.148.246 - - [11/Dec/2013:09:06:47 +0100] "GET /images/steigend.png HTTP/1.1" 200 688 "http://www.mink-gmbh.de/modul.css" "Mozilla/5.0 (Windows NT 5.1; rv:10.0.6) Gecko/20100101 Firefox/10.0.6"
195.145.148.246 - - [11/Dec/2013:09:06:47 +0100] "GET /images/footerbg.jpg HTTP/1.1" 200 2184 "http://www.mink-gmbh.de/style.css" "Mozilla/5.0 (Windows NT 5.1; rv:10.0.6) Gecko/20100101 Firefox/10.0.6"
195.145.148.246 - - [11/Dec/2013:09:06:47 +0100] "GET /images/mobil.jpg HTTP/1.1" 200 25293 "http://www.mink-gmbh.de/style.css" "Mozilla/5.0 (Windows NT 5.1; rv:10.0.6) Gecko/20100101 Firefox/10.0.6"
195.145.148.246 - - [11/Dec/2013:09:06:47 +0100] "GET /images/newsletter.jpg HTTP/1.1" 200 13130 "http://www.mink-gmbh.de/style.css" "Mozilla/5.0 (Windows NT 5.1; rv:10.0.6) Gecko/20100101 Firefox/10.0.6"
195.145.148.246 - - [11/Dec/2013:09:06:47 +0100] "GET /js_contentserver24_greybox/header_bg.gif HTTP/1.1" 200 1188 "http://www.mink-gmbh.de/" "Mozilla/5.0 (Windows NT 5.1; rv:10.0.6) Gecko/20100101 Firefox/10.0.6"
195.145.148.246 - - [11/Dec/2013:09:06:47 +0100] "GET /js_contentserver24_greybox/g_close.gif HTTP/1.1" 200 541 "http://www.mink-gmbh.de/" "Mozilla/5.0 (Windows NT 5.1; rv:10.0.6) Gecko/20100101 Firefox/10.0.6"
195.145.148.246 - - [11/Dec/2013:09:06:47 +0100] "GET /js_contentserver24_greybox/loader_frame.html?s=0 HTTP/1.1" 200 2084 "http://www.mink-gmbh.de/" "Mozilla/5.0 (Windows NT 5.1; rv:10.0.6) Gecko/20100101 Firefox/10.0.6"
195.145.148.246 - - [11/Dec/2013:09:06:47 +0100] "GET /js_contentserver24_greybox/indicator.gif HTTP/1.1" 200 8238 "http://www.mink-gmbh.de/" "Mozilla/5.0 (Windows NT 5.1; rv:10.0.6) Gecko/20100101 Firefox/10.0.6"
195.145.148.246 - - [11/Dec/2013:09:07:24 +0100] "GET /kontakt.php HTTP/1.1" 200 6966 "http://www.mink-gmbh.de/" "Mozilla/5.0 (Windows NT 5.1; rv:10.0.6) Gecko/20100101 Firefox/10.0.6"
195.145.148.246 - - [11/Dec/2013:09:07:24 +0100] "GET /images/logos.jpg HTTP/1.1" 200 35043 "http://www.mink-gmbh.de/kontakt.php" "Mozilla/5.0 (Windows NT 5.1; rv:10.0.6) Gecko/20100101 Firefox/10.0.6"
195.145.148.246 - - [11/Dec/2013:09:08:56 +0100] "GET /index.php HTTP/1.1" 200 11655 "http://www.mink-gmbh.de/kontakt.php" "Mozilla/5.0 (Windows NT 5.1; rv:10.0.6) Gecko/20100101 Firefox/10.0.6"
195.145.148.246 - - [11/Dec/2013:09:08:57 +0100] "GET /images/logos.jpg?cache6014 HTTP/1.1" 200 35043 "http://www.mink-gmbh.de/index.php" "Mozilla/5.0 (Windows NT 5.1; rv:10.0.6) Gecko/20100101 Firefox/10.0.6"
5.10.83.28 - - [11/Dec/2013:09:16:55 +0100] "GET /lexikon.php?cs_go=3&cs_id=138 HTTP/1.1" 200 6468 "-" "Mozilla/5.0 (compatible; AhrefsBot/5.0; +http://ahrefs.com/robot/)"
5.10.83.16 - - [11/Dec/2013:09:20:27 +0100] "GET /lexikon.php?cs_go=2&cs_char=v HTTP/1.1" 200 6681 "-" "Mozilla/5.0 (compatible; AhrefsBot/5.0; +http://ahrefs.com/robot/)"
5.10.83.73 - - [11/Dec/2013:09:21:01 +0100] "GET /news.php?cs_go=archiv&cs_id=4505&cs_search= HTTP/1.1" 200 7541 "-" "Mozilla/5.0 (compatible; AhrefsBot/5.0; +http://ahrefs.com/robot/)"
77.245.45.86 - - [11/Dec/2013:09:22:05 +0100] "GET /style.css HTTP/1.1" 200 8402 "http://www.mink-gmbh.de/" "Mozilla/5.0 (Windows NT 6.1; Trident/7.0; rv:11.0) like Gecko"
77.245.45.86 - - [11/Dec/2013:09:22:05 +0100] "GET /modul.css HTTP/1.1" 200 35038 "http://www.mink-gmbh.de/" "Mozilla/5.0 (Windows NT 6.1; Trident/7.0; rv:11.0) like Gecko"
77.245.45.86 - - [11/Dec/2013:09:22:05 +0100] "GET /js_contentserver24_greybox/gb_styles.css HTTP/1.1" 200 2302 "http://www.mink-gmbh.de/" "Mozilla/5.0 (Windows NT 6.1; Trident/7.0; rv:11.0) like Gecko"
77.245.45.86 - - [11/Dec/2013:09:22:05 +0100] "GET /js_contentserver24_greybox/AJS.js HTTP/1.1" 200 10396 "http://www.mink-gmbh.de/" "Mozilla/5.0 (Windows NT 6.1; Trident/7.0; rv:11.0) like Gecko"
77.245.45.86 - - [11/Dec/2013:09:22:05 +0100] "GET /js_contentserver24_greybox/AJS_fx.js HTTP/1.1" 200 3192 "http://www.mink-gmbh.de/" "Mozilla/5.0 (Windows NT 6.1; Trident/7.0; rv:11.0) like Gecko"
77.245.45.86 - - [11/Dec/2013:09:22:05 +0100] "GET /js_contentserver24_greybox/gb_scripts.js HTTP/1.1" 200 11913 "http://www.mink-gmbh.de/" "Mozilla/5.0 (Windows NT 6.1; Trident/7.0; rv:11.0) like Gecko"
77.245.45.86 - - [11/Dec/2013:09:22:05 +0100] "GET /images/bg.png HTTP/1.1" 200 922 "http://www.mink-gmbh.de/" "Mozilla/5.0 (Windows NT 6.1; Trident/7.0; rv:11.0) like Gecko"
77.245.45.86 - - [11/Dec/2013:09:22:05 +0100] "GET /js_contentserver24_greybox/w_close.gif HTTP/1.1" 200 74 "http://www.mink-gmbh.de/" "Mozilla/5.0 (Windows NT 6.1; Trident/7.0; rv:11.0) like Gecko"
77.245.45.86 - - [11/Dec/2013:09:22:05 +0100] "GET /images/newsletter_bg.jpg HTTP/1.1" 200 33610 "http://www.mink-gmbh.de/" "Mozilla/5.0 (Windows NT 6.1; Trident/7.0; rv:11.0) like Gecko"
77.245.45.86 - - [11/Dec/2013:09:22:05 +0100] "GET /js_contentserver24_greybox/header_bg.gif HTTP/1.1" 200 1188 "http://www.mink-gmbh.de/" "Mozilla/5.0 (Windows NT 6.1; Trident/7.0; rv:11.0) like Gecko"
77.245.45.86 - - [11/Dec/2013:09:22:05 +0100] "GET /images/close.png HTTP/1.1" 200 703 "http://www.mink-gmbh.de/" "Mozilla/5.0 (Windows NT 6.1; Trident/7.0; rv:11.0) like Gecko"
