79.208.238.64 - - [02/Dec/2013:13:12:50 +0100] "GET /images/mail.jpg HTTP/1.1" 200 12099 "http://www.mink-gmbh.de/" "Mozilla/5.0 (Windows NT 6.1; WOW64; rv:25.0) Gecko/20100101 Firefox/25.0"
79.208.238.64 - - [02/Dec/2013:13:12:50 +0100] "GET /images/kwk.gif HTTP/1.1" 200 6403 "http://www.mink-gmbh.de/" "Mozilla/5.0 (Windows NT 6.1; WOW64; rv:25.0) Gecko/20100101 Firefox/25.0"
79.208.238.64 - - [02/Dec/2013:13:12:50 +0100] "GET /images/wunschpreis.jpg HTTP/1.1" 200 16767 "http://www.mink-gmbh.de/" "Mozilla/5.0 (Windows NT 6.1; WOW64; rv:25.0) Gecko/20100101 Firefox/25.0"
79.208.238.64 - - [02/Dec/2013:13:12:50 +0100] "GET /images/logos.jpg?cache2551 HTTP/1.1" 200 35043 "http://www.mink-gmbh.de/" "Mozilla/5.0 (Windows NT 6.1; WOW64; rv:25.0) Gecko/20100101 Firefox/25.0"
79.208.238.64 - - [02/Dec/2013:13:12:50 +0100] "GET /images/mobil.jpg HTTP/1.1" 200 25293 "http://www.mink-gmbh.de/style.css" "Mozilla/5.0 (Windows NT 6.1; WOW64; rv:25.0) Gecko/20100101 Firefox/25.0"
79.208.238.64 - - [02/Dec/2013:13:12:50 +0100] "GET /images/newsletter.jpg HTTP/1.1" 200 13130 "http://www.mink-gmbh.de/style.css" "Mozilla/5.0 (Windows NT 6.1; WOW64; rv:25.0) Gecko/20100101 Firefox/25.0"
79.208.238.64 - - [02/Dec/2013:13:12:50 +0100] "GET /images/tkw.jpg HTTP/1.1" 200 64031 "http://www.mink-gmbh.de/" "Mozilla/5.0 (Windows NT 6.1; WOW64; rv:25.0) Gecko/20100101 Firefox/25.0"
79.208.238.64 - - [02/Dec/2013:13:12:50 +0100] "GET /images/footerbg.jpg HTTP/1.1" 200 2184 "http://www.mink-gmbh.de/style.css" "Mozilla/5.0 (Windows NT 6.1; WOW64; rv:25.0) Gecko/20100101 Firefox/25.0"
79.208.238.64 - - [02/Dec/2013:13:12:50 +0100] "GET /images/freecall.jpg HTTP/1.1" 200 39195 "http://www.mink-gmbh.de/" "Mozilla/5.0 (Windows NT 6.1; WOW64; rv:25.0) Gecko/20100101 Firefox/25.0"
79.208.238.64 - - [02/Dec/2013:13:12:50 +0100] "GET /js_contentserver24_greybox/loader_frame.html?s=0 HTTP/1.1" 200 2084 "http://www.mink-gmbh.de/" "Mozilla/5.0 (Windows NT 6.1; WOW64; rv:25.0) Gecko/20100101 Firefox/25.0"
79.208.238.64 - - [02/Dec/2013:13:12:50 +0100] "GET /js_contentserver24_greybox/header_bg.gif HTTP/1.1" 200 1188 "http://www.mink-gmbh.de/" "Mozilla/5.0 (Windows NT 6.1; WOW64; rv:25.0) Gecko/20100101 Firefox/25.0"
79.208.238.64 - - [02/Dec/2013:13:12:50 +0100] "GET /js_contentserver24_greybox/indicator.gif HTTP/1.1" 200 8238 "http://www.mink-gmbh.de/js_contentserver24_greybox/loader_frame.html?s=0" "Mozilla/5.0 (Windows NT 6.1; WOW64; rv:25.0) Gecko/20100101 Firefox/25.0"
79.208.238.64 - - [02/Dec/2013:13:12:50 +0100] "GET /js_contentserver24_greybox/g_close.gif HTTP/1.1" 200 541 "http://www.mink-gmbh.de/" "Mozilla/5.0 (Windows NT 6.1; WOW64; rv:25.0) Gecko/20100101 Firefox/25.0"
5.10.83.32 - - [02/Dec/2013:13:21:57 +0100] "GET /news.php?cs_go=archiv&cs_id=4664&cs_search= HTTP/1.1" 200 7703 "-" "Mozilla/5.0 (compatible; AhrefsBot/5.0; +http://ahrefs.com/robot/)"
5.10.83.11 - - [02/Dec/2013:13:24:17 +0100] "GET /lexikon.php?cs_go=3&cs_id=99 HTTP/1.1" 200 7064 "-" "Mozilla/5.0 (compatible; AhrefsBot/5.0; +http://ahrefs.com/robot/)"
46.161.41.24 - - [02/Dec/2013:13:28:38 +0100] "GET /news.php?cs_go=archiv&cs_id=4512&cs_search= HTTP/1.1" 200 11653 "-" "Mozilla/4.0 (compatible; MSIE 6.0; MSIE 5.5; Windows 95) Opera 7.03 [de]"
66.249.78.46 - - [02/Dec/2013:13:30:08 +0100] "GET /robots.txt HTTP/1.1" 200 177 "-" "Mozilla/5.0 (compatible; Googlebot/2.1; +http://www.google.com/bot.html)"
66.249.78.46 - - [02/Dec/2013:13:30:08 +0100] "GET /images/logos.jpg?cache1405 HTTP/1.1" 200 35043 "-" "Googlebot-Image/1.0"
5.10.83.47 - - [02/Dec/2013:13:36:36 +0100] "GET /lexikon.php?cs_go=3&cs_id=11 HTTP/1.1" 200 5809 "-" "Mozilla/5.0 (compatible; AhrefsBot/5.0; +http://ahrefs.com/robot/)"
5.10.83.29 - - [02/Dec/2013:13:36:39 +0100] "GET /news.php?cs_go=archiv&cs_id=4633&cs_search= HTTP/1.1" 200 11670 "-" "Mozilla/5.0 (compatible; AhrefsBot/5.0; +http://ahrefs.com/robot/)"
5.10.83.32 - - [02/Dec/2013:13:48:22 +0100] "GET /lexikon.php?cs_go=3&cs_id=229 HTTP/1.1" 200 5560 "-" "Mozilla/5.0 (compatible; AhrefsBot/5.0; +http://ahrefs.com/robot/)"
5.10.83.47 - - [02/Dec/2013:13:53:15 +0100] "GET /news.php?cs_go=archiv&cs_id=4547&cs_search= HTTP/1.1" 200 8652 "-" "Mozilla/5.0 (compatible; AhrefsBot/5.0; +http://ahrefs.com/robot/)"
5.10.83.97 - - [02/Dec/2013:14:06:32 +0100] "GET /news.php?cs_go=archiv&cs_id=4661&cs_search= HTTP/1.1" 200 8654 "-" "Mozilla/5.0 (compatible; AhrefsBot/5.0; +http://ahrefs.com/robot/)"
5.10.83.99 - - [02/Dec/2013:14:08:51 +0100] "GET /news.php?cs_go=archiv&cs_id=4569&cs_search= HTTP/1.1" 200 7695 "-" "Mozilla/5.0 (compatible; AhrefsBot/5.0; +http://ahrefs.com/robot/)"
5.10.83.56 - - [02/Dec/2013:14:11:02 +0100] "GET /lexikon.php?cs_go=3&cs_id=7 HTTP/1.1" 200 6095 "-" "Mozilla/5.0 (compatible; AhrefsBot/5.0; +http://ahrefs.com/robot/)"
5.10.83.11 - - [02/Dec/2013:14:12:09 +0100] "GET /news.php?cs_go=archiv&cs_id=4577&cs_search= HTTP/1.1" 200 7511 "-" "Mozilla/5.0 (compatible; AhrefsBot/5.0; +http://ahrefs.com/robot/)"
5.10.83.101 - - [02/Dec/2013:14:41:09 +0100] "GET /news.php?cs_go=archiv&cs_id=4691&cs_search= HTTP/1.1" 200 9443 "-" "Mozilla/5.0 (compatible; AhrefsBot/5.0; +http://ahrefs.com/robot/)"
5.10.83.2 - - [02/Dec/2013:14:48:09 +0100] "GET /news.php?cs_go=archiv&cs_id=4655&cs_search= HTTP/1.1" 200 11385 "-" "Mozilla/5.0 (compatible; AhrefsBot/5.0; +http://ahrefs.com/robot/)"
208.115.111.75 - - [02/Dec/2013:14:49:12 +0100] "GET /robots.txt HTTP/1.1" 200 177 "-" "Mozilla/5.0 (compatible; Ezooms/1.0; ezooms.bot@gmail.com)"
5.10.83.11 - - [02/Dec/2013:14:49:14 +0100] "GET /news.php?cs_go=archiv&cs_id=4712&cs_search= HTTP/1.1" 200 11228 "-" "Mozilla/5.0 (compatible; AhrefsBot/5.0; +http://ahrefs.com/robot/)"
5.10.83.32 - - [02/Dec/2013:14:51:00 +0100] "GET /news.php?cs_go=archiv&cs_id=4708 HTTP/1.1" 200 11180 "-" "Mozilla/5.0 (compatible; AhrefsBot/5.0; +http://ahrefs.com/robot/)"
5.10.83.42 - - [02/Dec/2013:15:08:46 +0100] "GET /lexikon.php?cs_go=3&cs_id=176 HTTP/1.1" 200 5851 "-" "Mozilla/5.0 (compatible; AhrefsBot/5.0; +http://ahrefs.com/robot/)"
46.161.41.24 - - [02/Dec/2013:15:10:45 +0100] "GET /news.php?cs_go=archiv&cs_id=4513&cs_search= HTTP/1.1" 200 7689 "-" "Mozilla/4.0 (compatible; MSIE 6.0; MSIE 5.5; Windows 95) Opera 7.03 [de]"
5.10.83.47 - - [02/Dec/2013:15:10:48 +0100] "GET /news.php?cs_go=archiv&cs_id=4711&cs_search= HTTP/1.1" 200 7882 "-" "Mozilla/5.0 (compatible; AhrefsBot/5.0; +http://ahrefs.com/robot/)"
5.10.83.47 - - [02/Dec/2013:15:35:21 +0100] "GET /news.php?cs_go=archiv&cs_id=4512&cs_search= HTTP/1.1" 200 11653 "-" "Mozilla/5.0 (compatible; AhrefsBot/5.0; +http://ahrefs.com/robot/)"
5.10.83.47 - - [02/Dec/2013:15:41:22 +0100] "GET /lexikon.php?cs_go=3&cs_id=166 HTTP/1.1" 200 6755 "-" "Mozilla/5.0 (compatible; AhrefsBot/5.0; +http://ahrefs.com/robot/)"
5.10.83.53 - - [02/Dec/2013:15:52:10 +0100] "GET /news.php?cs_go=archiv&cs_startpos=190 HTTP/1.1" 200 20054 "-" "Mozilla/5.0 (compatible; AhrefsBot/5.0; +http://ahrefs.com/robot/)"
91.177.186.155 - - [02/Dec/2013:15:52:35 +0100] "GET /images/Optiseite.jpg HTTP/1.1" 200 32107 "http://images.search.yahoo.com/images/view;_ylt=A0PDoX0unpxSLWoAX.2JzbkF;_ylu=X3oDMTIyOTJ1NnAyBHNlYwNzcgRzbGsDaW1nBG9pZANjYmIzMGQzMzVjODU5ZmQ1YTgzNjJjMmFkZjA0ZTVmOQRncG9zAzEEaXQDYmluZw--?back=http%3A%2F%2Fimages.search.yahoo.com%2Fsearch%2Fimages%3Fp%3DESSO%2BOPTI%2BPLUS%26fr%3Daaplw%26fr2%3Dpiv-web%26tab%3Dorganic%26ri%3D1&w=200&h=200&imgurl=www.essomazout.be%2FEssomazout%2Ffileadmin%2Fimages%2FESSO_Optiplus_FR.png&rurl=http%3A%2F%2Fwww.essomazout.be%2FEssomazout%2FFR%2Fesso-optiplus.htm&size=28.0KB&name=%3Cb%3EESSO+%3C%2Fb%3EOPTIPLUS+Gasoil+Extra+basse+teneur+en+soufre.&p=esso+optiplus&oid=cbb30d335c859fd5a8362c2adf04e5f9&fr2=piv-web&fr=aaplw&rw=esso+optiplus&tt=%3Cb%3EESSO+%3C%2Fb%3EOPTIPLUS+Gasoil+Extra+basse+teneur+en+soufre.&b=0&ni=288&no=1&ts=&tab=organic&sigr=11ocgeb33&sigb=133n6je33&sigi=1223fendd&.crumb=H0BMH9TIn7O&fr=aaplw" "Mozilla/5.0 (Macintosh; Intel Mac OS X 10_5_8) AppleWebKit/534.50.2 (KHTML, like Gecko) Version/5.0.6 Safari/533.22.3"
5.10.83.2 - - [02/Dec/2013:15:54:59 +0100] "GET /news.php?cs_go=archiv&cs_id=4704&cs_search= HTTP/1.1" 200 7528 "-" "Mozilla/5.0 (compatible; AhrefsBot/5.0; +http://ahrefs.com/robot/)"
5.10.83.101 - - [02/Dec/2013:15:55:44 +0100] "GET /lexikon.php?cs_go=3&cs_id=124 HTTP/1.1" 200 6055 "-" "Mozilla/5.0 (compatible; AhrefsBot/5.0; +http://ahrefs.com/robot/)"
5.10.83.2 - - [02/Dec/2013:15:56:51 +0100] "GET /news.php?cs_go=archiv&cs_id=4601&cs_search= HTTP/1.1" 200 7853 "-" "Mozilla/5.0 (compatible; AhrefsBot/5.0; +http://ahrefs.com/robot/)"
5.10.83.69 - - [02/Dec/2013:16:04:20 +0100] "GET /schwefelarmstandard.php HTTP/1.1" 200 10730 "-" "Mozilla/5.0 (compatible; AhrefsBot/5.0; +http://ahrefs.com/robot/)"
5.10.83.97 - - [02/Dec/2013:16:10:21 +0100] "GET /news.php?cs_go=archiv&cs_id=4550&cs_search= HTTP/1.1" 200 8187 "-" "Mozilla/5.0 (compatible; AhrefsBot/5.0; +http://ahrefs.com/robot/)"
5.10.83.32 - - [02/Dec/2013:16:36:07 +0100] "GET /news.php?cs_go=archiv&cs_id=4672&cs_search= HTTP/1.1" 200 11387 "-" "Mozilla/5.0 (compatible; AhrefsBot/5.0; +http://ahrefs.com/robot/)"
178.5.171.249 - - [02/Dec/2013:16:40:18 +0100] "GET /style.css HTTP/1.1" 200 8402 "http://www.mink-gmbh.de/" "Mozilla/5.0 (Windows NT 5.1; rv:25.0) Gecko/20100101 Firefox/25.0"
178.5.171.249 - - [02/Dec/2013:16:40:18 +0100] "GET /favicon.ico HTTP/1.1" 200 3638 "-" "Mozilla/5.0 (Windows NT 5.1; rv:25.0) Gecko/20100101 Firefox/25.0"
178.5.171.249 - - [02/Dec/2013:16:40:18 +0100] "GET /js_contentserver24_greybox/gb_styles.css HTTP/1.1" 200 2302 "http://www.mink-gmbh.de/" "Mozilla/5.0 (Windows NT 5.1; rv:25.0) Gecko/20100101 Firefox/25.0"
178.5.171.249 - - [02/Dec/2013:16:40:18 +0100] "GET /modul.css HTTP/1.1" 200 35038 "http://www.mink-gmbh.de/" "Mozilla/5.0 (Windows NT 5.1; rv:25.0) Gecko/20100101 Firefox/25.0"
178.5.171.249 - - [02/Dec/2013:16:40:18 +0100] "GET /js_contentserver24_greybox/AJS.js HTTP/1.1" 200 10396 "http://www.mink-gmbh.de/" "Mozilla/5.0 (Windows NT 5.1; rv:25.0) Gecko/20100101 Firefox/25.0"
178.5.171.249 - - [02/Dec/2013:16:40:18 +0100] "GET /js_contentserver24_greybox/AJS_fx.js HTTP/1.1" 200 3192 "http://www.mink-gmbh.de/" "Mozilla/5.0 (Windows NT 5.1; rv:25.0) Gecko/20100101 Firefox/25.0"
178.5.171.249 - - [02/Dec/2013:16:40:18 +0100] "GET /js_contentserver24_greybox/gb_scripts.js HTTP/1.1" 200 11913 "http://www.mink-gmbh.de/" "Mozilla/5.0 (Windows NT 5.1; rv:25.0) Gecko/20100101 Firefox/25.0"
178.5.171.249 - - [02/Dec/2013:16:40:18 +0100] "GET /images/bg.png HTTP/1.1" 200 922 "http://www.mink-gmbh.de/style.css" "Mozilla/5.0 (Windows NT 5.1; rv:25.0) Gecko/20100101 Firefox/25.0"
178.5.171.249 - - [02/Dec/2013:16:40:18 +0100] "GET /js_contentserver24_greybox/w_close.gif HTTP/1.1" 200 74 "http://www.mink-gmbh.de/" "Mozilla/5.0 (Windows NT 5.1; rv:25.0) Gecko/20100101 Firefox/25.0"
178.5.171.249 - - [02/Dec/2013:16:40:18 +0100] "GET /images/close.png HTTP/1.1" 200 703 "http://www.mink-gmbh.de/" "Mozilla/5.0 (Windows NT 5.1; rv:25.0) Gecko/20100101 Firefox/25.0"
178.5.171.249 - - [02/Dec/2013:16:40:18 +0100] "GET /images/newsletter_bg.jpg HTTP/1.1" 200 33610 "http://www.mink-gmbh.de/" "Mozilla/5.0 (Windows NT 5.1; rv:25.0) Gecko/20100101 Firefox/25.0"
178.5.171.249 - - [02/Dec/2013:16:40:17 +0100] "GET / HTTP/1.1" 200 12440 "http://www.gelbeseiten.de/heizoele/berlin/s2" "Mozilla/5.0 (Windows NT 5.1; rv:25.0) Gecko/20100101 Firefox/25.0"
178.5.171.249 - - [02/Dec/2013:16:40:18 +0100] "GET /images/newsletter.png HTTP/1.1" 200 14619 "http://www.mink-gmbh.de/style.css" "Mozilla/5.0 (Windows NT 5.1; rv:25.0) Gecko/20100101 Firefox/25.0"
178.5.171.249 - - [02/Dec/2013:16:40:18 +0100] "GET /images/wrapperbg.jpg HTTP/1.1" 200 27465 "http://www.mink-gmbh.de/style.css" "Mozilla/5.0 (Windows NT 5.1; rv:25.0) Gecko/20100101 Firefox/25.0"
178.5.171.249 - - [02/Dec/2013:16:40:18 +0100] "GET /images/header.jpg HTTP/1.1" 200 25189 "http://www.mink-gmbh.de/style.css" "Mozilla/5.0 (Windows NT 5.1; rv:25.0) Gecko/20100101 Firefox/25.0"
178.5.171.249 - - [02/Dec/2013:16:40:18 +0100] "GET /images/navibg.png HTTP/1.1" 200 2803 "http://www.mink-gmbh.de/style.css" "Mozilla/5.0 (Windows NT 5.1; rv:25.0) Gecko/20100101 Firefox/25.0"
178.5.171.249 - - [02/Dec/2013:16:40:18 +0100] "GET /images/fallend.png HTTP/1.1" 200 713 "http://www.mink-gmbh.de/modul.css" "Mozilla/5.0 (Windows NT 5.1; rv:25.0) Gecko/20100101 Firefox/25.0"
178.5.171.249 - - [02/Dec/2013:16:40:18 +0100] "GET /images/steigend.png HTTP/1.1" 200 688 "http://www.mink-gmbh.de/modul.css" "Mozilla/5.0 (Windows NT 5.1; rv:25.0) Gecko/20100101 Firefox/25.0"
178.5.171.249 - - [02/Dec/2013:16:40:18 +0100] "GET /images/team-energie.png HTTP/1.1" 200 17383 "http://www.mink-gmbh.de/" "Mozilla/5.0 (Windows NT 5.1; rv:25.0) Gecko/20100101 Firefox/25.0"
178.5.171.249 - - [02/Dec/2013:16:40:18 +0100] "GET /images/freecall.jpg HTTP/1.1" 200 39195 "http://www.mink-gmbh.de/" "Mozilla/5.0 (Windows NT 5.1; rv:25.0) Gecko/20100101 Firefox/25.0"
178.5.171.249 - - [02/Dec/2013:16:40:18 +0100] "GET /images/mail.jpg HTTP/1.1" 200 12099 "http://www.mink-gmbh.de/" "Mozilla/5.0 (Windows NT 5.1; rv:25.0) Gecko/20100101 Firefox/25.0"
178.5.171.249 - - [02/Dec/2013:16:40:18 +0100] "GET /images/tkw.jpg HTTP/1.1" 200 64031 "http://www.mink-gmbh.de/" "Mozilla/5.0 (Windows NT 5.1; rv:25.0) Gecko/20100101 Firefox/25.0"
178.5.171.249 - - [02/Dec/2013:16:40:18 +0100] "GET /images/kwk.gif HTTP/1.1" 200 6403 "http://www.mink-gmbh.de/" "Mozilla/5.0 (Windows NT 5.1; rv:25.0) Gecko/20100101 Firefox/25.0"
178.5.171.249 - - [02/Dec/2013:16:40:18 +0100] "GET /images/wunschpreis.jpg HTTP/1.1" 200 16767 "http://www.mink-gmbh.de/" "Mozilla/5.0 (Windows NT 5.1; rv:25.0) Gecko/20100101 Firefox/25.0"
178.5.171.249 - - [02/Dec/2013:16:40:18 +0100] "GET /images/logos.jpg?cache5323 HTTP/1.1" 200 35043 "http://www.mink-gmbh.de/" "Mozilla/5.0 (Windows NT 5.1; rv:25.0) Gecko/20100101 Firefox/25.0"
178.5.171.249 - - [02/Dec/2013:16:40:18 +0100] "GET /images/mobil.jpg HTTP/1.1" 200 25293 "http://www.mink-gmbh.de/style.css" "Mozilla/5.0 (Windows NT 5.1; rv:25.0) Gecko/20100101 Firefox/25.0"
178.5.171.249 - - [02/Dec/2013:16:40:18 +0100] "GET /images/newsletter.jpg HTTP/1.1" 200 13130 "http://www.mink-gmbh.de/style.css" "Mozilla/5.0 (Windows NT 5.1; rv:25.0) Gecko/20100101 Firefox/25.0"
178.5.171.249 - - [02/Dec/2013:16:40:18 +0100] "GET /images/footerbg.jpg HTTP/1.1" 200 2184 "http://www.mink-gmbh.de/style.css" "Mozilla/5.0 (Windows NT 5.1; rv:25.0) Gecko/20100101 Firefox/25.0"
178.5.171.249 - - [02/Dec/2013:16:40:19 +0100] "GET /js_contentserver24_greybox/loader_frame.html?s=0 HTTP/1.1" 200 2084 "http://www.mink-gmbh.de/" "Mozilla/5.0 (Windows NT 5.1; rv:25.0) Gecko/20100101 Firefox/25.0"
178.5.171.249 - - [02/Dec/2013:16:40:19 +0100] "GET /js_contentserver24_greybox/header_bg.gif HTTP/1.1" 200 1188 "http://www.mink-gmbh.de/" "Mozilla/5.0 (Windows NT 5.1; rv:25.0) Gecko/20100101 Firefox/25.0"
178.5.171.249 - - [02/Dec/2013:16:40:19 +0100] "GET /js_contentserver24_greybox/indicator.gif HTTP/1.1" 200 8238 "http://www.mink-gmbh.de/js_contentserver24_greybox/loader_frame.html?s=0" "Mozilla/5.0 (Windows NT 5.1; rv:25.0) Gecko/20100101 Firefox/25.0"
178.5.171.249 - - [02/Dec/2013:16:40:19 +0100] "GET /js_contentserver24_greybox/g_close.gif HTTP/1.1" 200 541 "http://www.mink-gmbh.de/" "Mozilla/5.0 (Windows NT 5.1; rv:25.0) Gecko/20100101 Firefox/25.0"
178.5.171.249 - - [02/Dec/2013:16:40:38 +0100] "GET /preisanfrage.php HTTP/1.1" 200 8502 "http://www.mink-gmbh.de/" "Mozilla/5.0 (Windows NT 5.1; rv:25.0) Gecko/20100101 Firefox/25.0"
178.5.171.249 - - [02/Dec/2013:16:40:38 +0100] "GET /images/logos.jpg HTTP/1.1" 200 35043 "http://www.mink-gmbh.de/preisanfrage.php" "Mozilla/5.0 (Windows NT 5.1; rv:25.0) Gecko/20100101 Firefox/25.0"
5.10.83.47 - - [02/Dec/2013:16:41:46 +0100] "GET /news.php?cs_go=archiv&cs_startpos=110 HTTP/1.1" 200 20414 "-" "Mozilla/5.0 (compatible; AhrefsBot/5.0; +http://ahrefs.com/robot/)"
208.115.111.75 - - [02/Dec/2013:16:41:50 +0100] "GET /news.php?cs_go=archiv&cs_startpos=230 HTTP/1.1" 200 6150 "-" "Mozilla/5.0 (compatible; Ezooms/1.0; ezooms.bot@gmail.com)"
208.115.113.91 - - [02/Dec/2013:16:47:38 +0100] "GET /robots.txt HTTP/1.1" 200 177 "-" "Mozilla/5.0 (compatible; Ezooms/1.0; ezooms.bot@gmail.com)"
66.249.78.46 - - [02/Dec/2013:16:50:15 +0100] "GET /news.php?cs_go=archiv&cs_id=4343 HTTP/1.1" 200 11349 "-" "SAMSUNG-SGH-E250/1.0 Profile/MIDP-2.0 Configuration/CLDC-1.1 UP.Browser/6.2.3.3.c.1.101 (GUI) MMP/2.0 (compatible; Googlebot-Mobile/2.1; +http://www.google.com/bot.html)"
66.249.78.46 - - [02/Dec/2013:17:08:19 +0100] "GET /news.php?cs_go=archiv&cs_id=4715&cs_search= HTTP/1.1" 200 10717 "-" "Mozilla/5.0 (iPhone; CPU iPhone OS 6_0 like Mac OS X) AppleWebKit/536.26 (KHTML, like Gecko) Version/6.0 Mobile/10A5376e Safari/8536.25 (compatible; Googlebot-Mobile/2.1; +http://www.google.com/bot.html)"
5.10.83.97 - - [02/Dec/2013:17:09:06 +0100] "GET /news.php?cs_go=archiv&cs_id=4714&cs_search= HTTP/1.1" 200 7445 "-" "Mozilla/5.0 (compatible; AhrefsBot/5.0; +http://ahrefs.com/robot/)"
66.249.78.46 - - [02/Dec/2013:17:16:42 +0100] "GET /style.css HTTP/1.1" 200 8402 "http://www.mink-gmbh.de/news.php?cs_go=archiv&cs_id=4715&cs_search=" "Mozilla/5.0 (compatible; Googlebot/2.1; +http://www.google.com/bot.html)"
66.249.78.46 - - [02/Dec/2013:17:16:43 +0100] "GET /modul.css HTTP/1.1" 200 35038 "http://www.mink-gmbh.de/news.php?cs_go=archiv&cs_id=4715&cs_search=" "Mozilla/5.0 (compatible; Googlebot/2.1; +http://www.google.com/bot.html)"
5.10.83.99 - - [02/Dec/2013:17:21:55 +0100] "GET /news.php?cs_go=archiv&cs_id=4485&cs_search= HTTP/1.1" 200 7680 "-" "Mozilla/5.0 (compatible; AhrefsBot/5.0; +http://ahrefs.com/robot/)"
5.10.83.99 - - [02/Dec/2013:17:22:10 +0100] "GET /lexikon.php?cs_go=3&cs_id=8 HTTP/1.1" 200 6791 "-" "Mozilla/5.0 (compatible; AhrefsBot/5.0; +http://ahrefs.com/robot/)"
5.10.83.11 - - [02/Dec/2013:17:22:27 +0100] "GET /lexikon.php?cs_go=3&cs_id=136 HTTP/1.1" 200 5552 "-" "Mozilla/5.0 (compatible; AhrefsBot/5.0; +http://ahrefs.com/robot/)"
5.10.83.11 - - [02/Dec/2013:17:33:19 +0100] "GET /news.php?cs_go=archiv&cs_id=4489&cs_search= HTTP/1.1" 200 12037 "-" "Mozilla/5.0 (compatible; AhrefsBot/5.0; +http://ahrefs.com/robot/)"
5.10.83.69 - - [02/Dec/2013:17:46:54 +0100] "GET /news.php?cs_go=archiv&cs_id=4549&cs_search= HTTP/1.1" 200 7599 "-" "Mozilla/5.0 (compatible; AhrefsBot/5.0; +http://ahrefs.com/robot/)"
5.10.83.69 - - [02/Dec/2013:18:02:29 +0100] "GET /news.php?cs_go=archiv&cs_startpos=221 HTTP/1.1" 200 11638 "-" "Mozilla/5.0 (compatible; AhrefsBot/5.0; +http://ahrefs.com/robot/)"
5.10.83.29 - - [02/Dec/2013:18:02:35 +0100] "GET /lexikon.php?cs_go=3&cs_id=218 HTTP/1.1" 200 5578 "-" "Mozilla/5.0 (compatible; AhrefsBot/5.0; +http://ahrefs.com/robot/)"
123.125.71.38 - - [02/Dec/2013:18:08:37 +0100] "GET / HTTP/1.1" 200 6597 "-" "Mozilla/5.0 (compatible; Baiduspider/2.0; +http://www.baidu.com/search/spider.html)"
220.181.108.89 - - [02/Dec/2013:18:09:39 +0100] "GET / HTTP/1.1" 200 6597 "-" "Mozilla/5.0 (compatible; Baiduspider/2.0; +http://www.baidu.com/search/spider.html)"
208.43.255.29 - - [02/Dec/2013:18:16:37 +0100] "GET /robots.txt HTTP/1.1" 200 177 "-" "Mozilla/5.0 (compatible; MSIE 9.0; Windows NT 6.1; WOW64; Trident/5.0; chromeframe/19.0.1084.52)"
208.43.255.29 - - [02/Dec/2013:18:16:42 +0100] "GET /rueckrufservice.php HTTP/1.1" 200 8300 "-" "Mozilla/5.0 (compatible; MSIE 9.0; Windows NT 6.1; WOW64; Trident/5.0; chromeframe/19.0.1084.52)"
208.43.255.29 - - [02/Dec/2013:18:16:52 +0100] "GET /news.php?cs_go=archiv&cs_id=4738 HTTP/1.1" 200 20086 "-" "Mozilla/5.0 (compatible; MSIE 9.0; Windows NT 6.1; WOW64; Trident/5.0; chromeframe/19.0.1084.52)"
208.43.255.29 - - [02/Dec/2013:18:17:02 +0100] "GET /news.php?cs_go=archiv&cs_id=4729 HTTP/1.1" 200 20086 "-" "Mozilla/5.0 (compatible; MSIE 9.0; Windows NT 6.1; WOW64; Trident/5.0; chromeframe/19.0.1084.52)"
208.43.255.29 - - [02/Dec/2013:18:17:12 +0100] "GET /news.php?cs_go=archiv HTTP/1.1" 200 20086 "-" "Mozilla/5.0 (compatible; MSIE 9.0; Windows NT 6.1; WOW64; Trident/5.0; chromeframe/19.0.1084.52)"
208.43.255.29 - - [02/Dec/2013:18:17:22 +0100] "GET /news.php HTTP/1.1" 200 20086 "-" "Mozilla/5.0 (compatible; MSIE 9.0; Windows NT 6.1; WOW64; Trident/5.0; chromeframe/19.0.1084.52)"
208.43.255.29 - - [02/Dec/2013:18:17:32 +0100] "GET /kwk.php HTTP/1.1" 200 8447 "-" "Mozilla/5.0 (compatible; MSIE 9.0; Windows NT 6.1; WOW64; Trident/5.0; chromeframe/19.0.1084.52)"
5.10.83.97 - - [02/Dec/2013:18:19:18 +0100] "GET /lexikon.php?cs_go=2&cs_char=n HTTP/1.1" 200 6142 "-" "Mozilla/5.0 (compatible; AhrefsBot/5.0; +http://ahrefs.com/robot/)"
5.10.83.56 - - [02/Dec/2013:18:31:46 +0100] "GET /news.php?cs_go=archiv&cs_id=4542&cs_search= HTTP/1.1" 200 7564 "-" "Mozilla/5.0 (compatible; AhrefsBot/5.0; +http://ahrefs.com/robot/)"
5.10.83.32 - - [02/Dec/2013:18:34:06 +0100] "GET /lexikon.php?cs_go=3&cs_id=61 HTTP/1.1" 200 6356 "-" "Mozilla/5.0 (compatible; AhrefsBot/5.0; +http://ahrefs.com/robot/)"
5.10.83.42 - - [02/Dec/2013:18:35:25 +0100] "GET /lexikon.php?cs_go=3&cs_id=210 HTTP/1.1" 200 7108 "-" "Mozilla/5.0 (compatible; AhrefsBot/5.0; +http://ahrefs.com/robot/)"
208.115.113.91 - - [02/Dec/2013:18:39:43 +0100] "GET /news.php?cs_go=archiv&cs_id=4570 HTTP/1.1" 200 8313 "-" "Mozilla/5.0 (compatible; Ezooms/1.0; ezooms.bot@gmail.com)"
5.10.83.101 - - [02/Dec/2013:18:39:59 +0100] "GET /lexikon.php?cs_go=3&cs_id=149 HTTP/1.1" 200 7293 "-" "Mozilla/5.0 (compatible; AhrefsBot/5.0; +http://ahrefs.com/robot/)"
208.115.111.75 - - [02/Dec/2013:18:45:15 +0100] "GET /robots.txt HTTP/1.1" 200 177 "-" "Mozilla/5.0 (compatible; Ezooms/1.0; ezooms.bot@gmail.com)"
5.10.83.29 - - [02/Dec/2013:18:46:49 +0100] "GET /news.php?cs_go=archiv&cs_id=4689&cs_search= HTTP/1.1" 200 9366 "-" "Mozilla/5.0 (compatible; AhrefsBot/5.0; +http://ahrefs.com/robot/)"
5.10.83.101 - - [02/Dec/2013:18:47:21 +0100] "GET /news.php?cs_go=archiv&cs_id=4668&cs_search= HTTP/1.1" 200 7860 "-" "Mozilla/5.0 (compatible; AhrefsBot/5.0; +http://ahrefs.com/robot/)"
5.10.83.69 - - [02/Dec/2013:18:49:20 +0100] "GET /lexikon.php?cs_go=3&cs_id=37 HTTP/1.1" 200 5970 "-" "Mozilla/5.0 (compatible; AhrefsBot/5.0; +http://ahrefs.com/robot/)"
5.10.83.97 - - [02/Dec/2013:19:01:48 +0100] "GET /news.php?cs_go=archiv&cs_startpos=210 HTTP/1.1" 200 19813 "-" "Mozilla/5.0 (compatible; AhrefsBot/5.0; +http://ahrefs.com/robot/)"
5.10.83.11 - - [02/Dec/2013:19:03:49 +0100] "GET /news.php?cs_go=archiv&cs_id=4521&cs_search= HTTP/1.1" 200 7745 "-" "Mozilla/5.0 (compatible; AhrefsBot/5.0; +http://ahrefs.com/robot/)"
5.10.83.2 - - [02/Dec/2013:19:04:42 +0100] "GET /lexikon.php?cs_go=3&cs_id=94 HTTP/1.1" 200 6042 "-" "Mozilla/5.0 (compatible; AhrefsBot/5.0; +http://ahrefs.com/robot/)"
5.10.83.56 - - [02/Dec/2013:19:06:44 +0100] "GET /faq.php HTTP/1.1" 200 216831 "-" "Mozilla/5.0 (compatible; AhrefsBot/5.0; +http://ahrefs.com/robot/)"
5.10.83.2 - - [02/Dec/2013:19:08:11 +0100] "GET /news.php?cs_go=archiv&cs_id=4523&cs_search= HTTP/1.1" 200 9394 "-" "Mozilla/5.0 (compatible; AhrefsBot/5.0; +http://ahrefs.com/robot/)"
5.10.83.32 - - [02/Dec/2013:19:11:05 +0100] "GET /news.php?cs_go=archiv&cs_id=4490&cs_search= HTTP/1.1" 200 7603 "-" "Mozilla/5.0 (compatible; AhrefsBot/5.0; +http://ahrefs.com/robot/)"
65.36.241.79 - - [02/Dec/2013:19:31:06 +0100] "HEAD / HTTP/1.1" 200 - "-" "InternetSeer.com"
5.10.83.99 - - [02/Dec/2013:19:42:14 +0100] "GET /news.php?cs_go=archiv&cs_startpos=50 HTTP/1.1" 200 20394 "-" "Mozilla/5.0 (compatible; AhrefsBot/5.0; +http://ahrefs.com/robot/)"
5.10.83.53 - - [02/Dec/2013:19:45:50 +0100] "GET /lexikon.php?cs_go=2&cs_char=h HTTP/1.1" 200 6364 "-" "Mozilla/5.0 (compatible; AhrefsBot/5.0; +http://ahrefs.com/robot/)"
5.10.83.32 - - [02/Dec/2013:19:52:37 +0100] "GET /lexikon.php?cs_go=3&cs_id=117 HTTP/1.1" 200 5933 "-" "Mozilla/5.0 (compatible; AhrefsBot/5.0; +http://ahrefs.com/robot/)"
5.10.83.42 - - [02/Dec/2013:20:06:02 +0100] "GET /news.php?cs_go=archiv&cs_startpos=30 HTTP/1.1" 200 20138 "-" "Mozilla/5.0 (compatible; AhrefsBot/5.0; +http://ahrefs.com/robot/)"
5.10.83.47 - - [02/Dec/2013:20:06:21 +0100] "GET /lexikon.php?cs_go=3&cs_id=39 HTTP/1.1" 200 5921 "-" "Mozilla/5.0 (compatible; AhrefsBot/5.0; +http://ahrefs.com/robot/)"
5.10.83.47 - - [02/Dec/2013:20:07:56 +0100] "GET /lexikon.php?cs_go=3&cs_id=58 HTTP/1.1" 200 8395 "-" "Mozilla/5.0 (compatible; AhrefsBot/5.0; +http://ahrefs.com/robot/)"
141.8.147.12 - - [02/Dec/2013:20:20:17 +0100] "GET /robots.txt HTTP/1.1" 200 177 "-" "Mozilla/5.0 (compatible; YandexBot/3.0; +http://yandex.com/bots)"
5.10.83.47 - - [02/Dec/2013:20:31:03 +0100] "GET /news.php?cs_go=archiv&cs_id=4502&cs_search= HTTP/1.1" 200 7537 "-" "Mozilla/5.0 (compatible; AhrefsBot/5.0; +http://ahrefs.com/robot/)"
217.69.133.217 - - [02/Dec/2013:20:35:15 +0100] "GET /robots.txt HTTP/1.0" 200 177 "-" "Mozilla/5.0 (compatible; Linux x86_64; Mail.RU_Bot/2.0; +http://go.mail.ru/help/robots)"
5.10.83.11 - - [02/Dec/2013:20:35:16 +0100] "GET /lexikon.php?cs_go=3&cs_id=150 HTTP/1.1" 200 5782 "-" "Mozilla/5.0 (compatible; AhrefsBot/5.0; +http://ahrefs.com/robot/)"
217.69.133.84 - - [02/Dec/2013:20:35:16 +0100] "GET /news.php?cs_go=archiv&cs_id=4567 HTTP/1.0" 200 9128 "-" "Mozilla/5.0 (compatible; Linux x86_64; Mail.RU_Bot/2.0; +http://go.mail.ru/help/robots)"
208.115.111.75 - - [02/Dec/2013:20:36:45 +0100] "GET /news.php?cs_go=archiv&cs_id=4599&cs_search= HTTP/1.1" 200 7509 "-" "Mozilla/5.0 (compatible; Ezooms/1.0; ezooms.bot@gmail.com)"
208.115.111.75 - - [02/Dec/2013:20:36:49 +0100] "GET /news.php?cs_go=archiv&cs_startpos=20 HTTP/1.1" 200 20017 "-" "Mozilla/5.0 (compatible; Ezooms/1.0; ezooms.bot@gmail.com)"
208.115.113.91 - - [02/Dec/2013:20:49:11 +0100] "GET /robots.txt HTTP/1.1" 200 177 "-" "Mozilla/5.0 (compatible; Ezooms/1.0; ezooms.bot@gmail.com)"
5.10.83.32 - - [02/Dec/2013:20:52:33 +0100] "GET /news.php?cs_go=archiv&cs_id=4698&cs_search= HTTP/1.1" 200 7476 "-" "Mozilla/5.0 (compatible; AhrefsBot/5.0; +http://ahrefs.com/robot/)"
5.10.83.99 - - [02/Dec/2013:21:09:38 +0100] "GET /news.php?cs_go=archiv&cs_id=4691 HTTP/1.1" 200 9443 "-" "Mozilla/5.0 (compatible; AhrefsBot/5.0; +http://ahrefs.com/robot/)"
141.8.147.12 - - [02/Dec/2013:21:52:25 +0100] "GET /news.php?cs_go=archiv&cs_id=4726&cs_search= HTTP/1.1" 200 11408 "-" "Mozilla/5.0 (compatible; YandexBot/3.0; +http://yandex.com/bots)"
141.8.147.12 - - [02/Dec/2013:22:27:24 +0100] "GET /news.php?cs_go=archiv&cs_id=4734&cs_search= HTTP/1.1" 200 7777 "-" "Mozilla/5.0 (compatible; YandexBot/3.0; +http://yandex.com/bots)"
208.115.113.91 - - [02/Dec/2013:22:40:01 +0100] "GET /news.php?cs_go=archiv&cs_id=4572 HTTP/1.1" 200 11817 "-" "Mozilla/5.0 (compatible; Ezooms/1.0; ezooms.bot@gmail.com)"
208.115.111.75 - - [02/Dec/2013:22:44:59 +0100] "GET /robots.txt HTTP/1.1" 200 177 "-" "Mozilla/5.0 (compatible; Ezooms/1.0; ezooms.bot@gmail.com)"
27.159.237.245 - - [02/Dec/2013:22:46:23 +0100] "GET /news.php?cs_go=archiv&cs_id=4112&cs_search= HTTP/1.0" 200 9435 "http://www.mink-gmbh.de/news.php?cs_go=archiv&cs_id=4112&cs_search=" "Mozilla/5.0 (Windows NT 5.1; rv:15.0) Gecko/20100101 Firefox/15.0.1"
141.8.147.12 - - [02/Dec/2013:22:58:59 +0100] "GET / HTTP/1.1" 200 12440 "-" "Mozilla/5.0 (compatible; YandexBot/3.0; +http://yandex.com/bots)"
141.8.147.12 - - [02/Dec/2013:22:59:04 +0100] "GET /news.php HTTP/1.1" 200 20086 "-" "Mozilla/5.0 (compatible; YandexBot/3.0; +http://yandex.com/bots)"
141.8.147.12 - - [02/Dec/2013:22:59:10 +0100] "GET /news.php?cs_go=archiv&cs_startpos=0 HTTP/1.1" 200 20086 "-" "Mozilla/5.0 (compatible; YandexBot/3.0; +http://yandex.com/bots)"
65.36.241.79 - - [03/Dec/2013:00:30:35 +0100] "HEAD / HTTP/1.1" 200 - "-" "InternetSeer.com"
208.115.111.75 - - [03/Dec/2013:00:31:50 +0100] "GET /lexikon.php?cs_go=2&cs_char=v HTTP/1.1" 200 6681 "-" "Mozilla/5.0 (compatible; Ezooms/1.0; ezooms.bot@gmail.com)"
208.115.111.75 - - [03/Dec/2013:00:31:54 +0100] "GET /news.php?cs_go=archiv&cs_id=4578&cs_search= HTTP/1.1" 200 9840 "-" "Mozilla/5.0 (compatible; Ezooms/1.0; ezooms.bot@gmail.com)"
208.115.111.75 - - [03/Dec/2013:00:31:57 +0100] "GET /preisanfrage.php HTTP/1.1" 200 8502 "-" "Mozilla/5.0 (compatible; Ezooms/1.0; ezooms.bot@gmail.com)"
208.115.111.75 - - [03/Dec/2013:02:49:38 +0100] "GET /robots.txt HTTP/1.1" 200 177 "-" "Mozilla/5.0 (compatible; Ezooms/1.0; ezooms.bot@gmail.com)"
110.85.114.88 - - [03/Dec/2013:03:35:18 +0100] "GET /news.php?cs_go=archiv&cs_id=4112&cs_search= HTTP/1.0" 200 9435 "http://www.mink-gmbh.de/news.php?cs_go=archiv&cs_id=4112&cs_search=" "Mozilla/5.0 (Windows NT 6.1; WOW64; rv:17.0) Gecko/20100101 Firefox/17.0"
141.8.147.12 - - [03/Dec/2013:03:36:14 +0100] "GET /diesel.php HTTP/1.1" 200 8192 "-" "Mozilla/5.0 (compatible; YandexBot/3.0; +http://yandex.com/bots)"
208.115.111.75 - - [03/Dec/2013:04:35:51 +0100] "GET /lexikon.php?cs_go=2&cs_char=t HTTP/1.1" 200 6526 "-" "Mozilla/5.0 (compatible; Ezooms/1.0; ezooms.bot@gmail.com)"
208.115.111.75 - - [03/Dec/2013:04:35:54 +0100] "GET /modernisierung.php HTTP/1.1" 200 9252 "-" "Mozilla/5.0 (compatible; Ezooms/1.0; ezooms.bot@gmail.com)"
82.94.179.38 - - [03/Dec/2013:04:59:48 +0100] "GET /robots.txt HTTP/1.0" 200 177 "-" "Mozilla/4.0 (compatible; Freshbot/1.0/EU; http://webagent.wise-guys.nl/)"
82.94.179.38 - - [03/Dec/2013:04:59:48 +0100] "GET / HTTP/1.1" 200 12440 "-" "Mozilla/5.0 (X11; Linux i686; rv:6.0) Gecko/20100101 Firefox/6.0 (Freshbot/1.0/EU; http://webagent.wise-guys.nl/)"
82.94.179.38 - - [03/Dec/2013:04:59:56 +0100] "GET /news.php?cs_go=archiv&cs_id=4749 HTTP/1.1" 200 11351 "-" "Mozilla/5.0 (X11; Linux i686; rv:6.0) Gecko/20100101 Firefox/6.0 (Freshbot/1.0/EU; http://webagent.wise-guys.nl/)"
82.94.179.38 - - [03/Dec/2013:05:00:01 +0100] "GET /news.php?cs_go=archiv&cs_id=4739 HTTP/1.1" 200 9839 "-" "Mozilla/5.0 (X11; Linux i686; rv:6.0) Gecko/20100101 Firefox/6.0 (Freshbot/1.0/EU; http://webagent.wise-guys.nl/)"
82.94.179.38 - - [03/Dec/2013:05:00:06 +0100] "GET /news.php?cs_go=archiv&cs_id=4740 HTTP/1.1" 200 7550 "-" "Mozilla/5.0 (X11; Linux i686; rv:6.0) Gecko/20100101 Firefox/6.0 (Freshbot/1.0/EU; http://webagent.wise-guys.nl/)"
66.249.78.46 - - [03/Dec/2013:05:07:10 +0100] "GET /news.php?cs_go=archiv&cs_id=4729 HTTP/1.1" 200 8331 "-" "Mozilla/5.0 (iPhone; CPU iPhone OS 6_0 like Mac OS X) AppleWebKit/536.26 (KHTML, like Gecko) Version/6.0 Mobile/10A5376e Safari/8536.25 (compatible; Googlebot-Mobile/2.1; +http://www.google.com/bot.html)"
217.69.133.84 - - [03/Dec/2013:05:32:26 +0100] "GET /robots.txt HTTP/1.0" 200 177 "-" "Mozilla/5.0 (compatible; Linux x86_64; Mail.RU_Bot/2.0; +http://go.mail.ru/help/robots)"
217.69.133.219 - - [03/Dec/2013:05:32:27 +0100] "GET /preisanfrage.php HTTP/1.0" 200 8502 "-" "Mozilla/5.0 (compatible; Linux x86_64; Mail.RU_Bot/2.0; +http://go.mail.ru/help/robots)"
66.249.78.46 - - [03/Dec/2013:05:50:39 +0100] "GET /images/tkw.jpg HTTP/1.1" 200 64031 "-" "Googlebot-Image/1.0"
157.56.92.161 - - [03/Dec/2013:05:52:15 +0100] "GET /robots.txt HTTP/1.1" 200 177 "-" "Mozilla/5.0 (compatible; bingbot/2.0; +http://www.bing.com/bingbot.htm)"
157.56.92.150 - - [03/Dec/2013:05:52:51 +0100] "GET /news.php?cs_go=archiv&cs_id=4575&cs_search= HTTP/1.1" 200 8368 "-" "Mozilla/5.0 (compatible; bingbot/2.0; +http://www.bing.com/bingbot.htm)"
157.56.92.150 - - [03/Dec/2013:05:52:51 +0100] "GET /news.php?cs_go=archiv&cs_id=4546 HTTP/1.1" 200 8177 "-" "Mozilla/5.0 (compatible; bingbot/2.0; +http://www.bing.com/bingbot.htm)"
157.56.92.150 - - [03/Dec/2013:05:52:52 +0100] "GET /news.php?cs_go=archiv&cs_id=4588 HTTP/1.1" 200 9557 "-" "Mozilla/5.0 (compatible; bingbot/2.0; +http://www.bing.com/bingbot.htm)"
157.56.92.150 - - [03/Dec/2013:05:52:53 +0100] "GET /energiesparcheck.php HTTP/1.1" 200 11144 "-" "Mozilla/5.0 (compatible; bingbot/2.0; +http://www.bing.com/bingbot.htm)"
157.56.92.150 - - [03/Dec/2013:05:52:53 +0100] "GET /impressum.php HTTP/1.1" 200 6306 "-" "Mozilla/5.0 (compatible; bingbot/2.0; +http://www.bing.com/bingbot.htm)"
157.56.92.150 - - [03/Dec/2013:05:52:53 +0100] "GET /news.php?cs_go=archiv&cs_id=4556 HTTP/1.1" 200 7824 "-" "Mozilla/5.0 (compatible; bingbot/2.0; +http://www.bing.com/bingbot.htm)"
157.55.32.57 - - [03/Dec/2013:05:53:10 +0100] "GET /Heizoel.htm HTTP/1.1" 404 - "-" "Mozilla/5.0 (compatible; bingbot/2.0; +http://www.bing.com/bingbot.htm)"
157.55.32.57 - - [03/Dec/2013:05:53:10 +0100] "GET /images/RAL_Guetezeichen_Energiehandel.pdf HTTP/1.1" 200 288367 "-" "Mozilla/5.0 (compatible; bingbot/2.0; +http://www.bing.com/bingbot.htm)"
157.55.32.57 - - [03/Dec/2013:05:53:10 +0100] "GET /news.php?cs_go=archiv&cs_id=4555&cs_search= HTTP/1.1" 200 9452 "-" "Mozilla/5.0 (compatible; bingbot/2.0; +http://www.bing.com/bingbot.htm)"
157.55.32.57 - - [03/Dec/2013:05:53:11 +0100] "GET /kwk.php?cs_go=2 HTTP/1.1" 200 9418 "-" "Mozilla/5.0 (compatible; bingbot/2.0; +http://www.bing.com/bingbot.htm)"
157.56.93.63 - - [03/Dec/2013:05:53:31 +0100] "GET /news.php?cs_go=archiv&cs_id=4611&cs_search= HTTP/1.1" 200 8091 "-" "Mozilla/5.0 (compatible; bingbot/2.0; +http://www.bing.com/bingbot.htm)"
157.56.93.63 - - [03/Dec/2013:05:53:31 +0100] "GET /diesel.php HTTP/1.1" 200 8192 "-" "Mozilla/5.0 (compatible; bingbot/2.0; +http://www.bing.com/bingbot.htm)"
157.56.93.63 - - [03/Dec/2013:05:53:32 +0100] "GET /modernisierung.php?cs_gp_go=description HTTP/1.1" 200 8408 "-" "Mozilla/5.0 (compatible; bingbot/2.0; +http://www.bing.com/bingbot.htm)"
157.56.93.63 - - [03/Dec/2013:05:53:32 +0100] "GET /news.php?cs_go=archiv&cs_id=4523 HTTP/1.1" 200 9394 "-" "Mozilla/5.0 (compatible; bingbot/2.0; +http://www.bing.com/bingbot.htm)"
157.56.93.63 - - [03/Dec/2013:05:53:33 +0100] "GET /news.php?cs_go=archiv&cs_id=4524 HTTP/1.1" 200 11609 "-" "Mozilla/5.0 (compatible; bingbot/2.0; +http://www.bing.com/bingbot.htm)"
157.56.93.63 - - [03/Dec/2013:05:53:33 +0100] "GET /foerdermittel.php HTTP/1.1" 200 10473 "-" "Mozilla/5.0 (compatible; bingbot/2.0; +http://www.bing.com/bingbot.htm)"
157.56.93.63 - - [03/Dec/2013:05:53:34 +0100] "GET /kwk.php?cs_go=3 HTTP/1.1" 200 7848 "-" "Mozilla/5.0 (compatible; bingbot/2.0; +http://www.bing.com/bingbot.htm)"
157.56.93.63 - - [03/Dec/2013:05:53:34 +0100] "GET /kwk.php?cs_go=4 HTTP/1.1" 200 7818 "-" "Mozilla/5.0 (compatible; bingbot/2.0; +http://www.bing.com/bingbot.htm)"
157.56.92.161 - - [03/Dec/2013:05:56:13 +0100] "GET /news.php?cs_go=archiv HTTP/1.1" 200 20086 "-" "Mozilla/5.0 (compatible; bingbot/2.0; +http://www.bing.com/bingbot.htm)"
157.56.92.161 - - [03/Dec/2013:05:56:14 +0100] "GET /news.php?cs_go=archiv&cs_id=4508 HTTP/1.1" 200 7953 "-" "Mozilla/5.0 (compatible; bingbot/2.0; +http://www.bing.com/bingbot.htm)"
157.56.92.161 - - [03/Dec/2013:05:56:14 +0100] "GET /news.php?cs_go=archiv&cs_id=4557 HTTP/1.1" 200 7784 "-" "Mozilla/5.0 (compatible; bingbot/2.0; +http://www.bing.com/bingbot.htm)"
157.56.92.161 - - [03/Dec/2013:05:56:15 +0100] "GET /news.php?cs_go=archiv&cs_id=4576&cs_search= HTTP/1.1" 200 11936 "-" "Mozilla/5.0 (compatible; bingbot/2.0; +http://www.bing.com/bingbot.htm)"
157.56.92.161 - - [03/Dec/2013:05:56:15 +0100] "GET /news.php?cs_go=archiv&cs_id=4589 HTTP/1.1" 200 11787 "-" "Mozilla/5.0 (compatible; bingbot/2.0; +http://www.bing.com/bingbot.htm)"
157.56.92.161 - - [03/Dec/2013:05:56:16 +0100] "GET /news.php?cs_go=archiv&cs_id=4547 HTTP/1.1" 200 8652 "-" "Mozilla/5.0 (compatible; bingbot/2.0; +http://www.bing.com/bingbot.htm)"
157.56.92.161 - - [03/Dec/2013:05:56:16 +0100] "GET /news.php?cs_go=archiv&cs_id=4585 HTTP/1.1" 200 7652 "-" "Mozilla/5.0 (compatible; bingbot/2.0; +http://www.bing.com/bingbot.htm)"
157.56.92.161 - - [03/Dec/2013:05:56:16 +0100] "GET /kwk.php?cs_go=1 HTTP/1.1" 200 8447 "-" "Mozilla/5.0 (compatible; bingbot/2.0; +http://www.bing.com/bingbot.htm)"
157.56.92.161 - - [03/Dec/2013:05:56:17 +0100] "GET /edl.php HTTP/1.1" 200 8596 "-" "Mozilla/5.0 (compatible; bingbot/2.0; +http://www.bing.com/bingbot.htm)"
157.56.92.161 - - [03/Dec/2013:05:56:17 +0100] "GET /agb.php HTTP/1.1" 200 17543 "-" "Mozilla/5.0 (compatible; bingbot/2.0; +http://www.bing.com/bingbot.htm)"
157.56.92.161 - - [03/Dec/2013:05:56:18 +0100] "GET /modernisierung.php?cs_gp_go=coupon HTTP/1.1" 200 7829 "-" "Mozilla/5.0 (compatible; bingbot/2.0; +http://www.bing.com/bingbot.htm)"
157.56.92.161 - - [03/Dec/2013:05:56:18 +0100] "GET /additive.php HTTP/1.1" 200 5937 "-" "Mozilla/5.0 (compatible; bingbot/2.0; +http://www.bing.com/bingbot.htm)"
157.56.92.150 - - [03/Dec/2013:05:59:12 +0100] "GET / HTTP/1.1" 200 12440 "-" "Mozilla/5.0 (compatible; bingbot/2.0; +http://www.bing.com/bingbot.htm)"
219.136.100.198 - - [03/Dec/2013:06:32:47 +0100] "GET /news.php?cs_go=archiv&cs_id=4698 HTTP/1.1" 200 7476 "-" "Mozilla/4.0 (compatible; MSIE 6.0; Windows NT 5.1; SV1; Mozilla/4.0 (compatible; MSIE 6.0; Windows NT 5.1; SV1) ; .NET CLR 1.0.3705)"
208.115.111.75 - - [03/Dec/2013:06:47:09 +0100] "GET /robots.txt HTTP/1.1" 200 177 "-" "Mozilla/5.0 (compatible; Ezooms/1.0; ezooms.bot@gmail.com)"
65.36.241.79 - - [03/Dec/2013:07:11:31 +0100] "HEAD / HTTP/1.1" 200 - "-" "InternetSeer.com"
66.249.78.46 - - [03/Dec/2013:08:11:45 +0100] "GET /robots.txt HTTP/1.1" 200 177 "-" "Mozilla/5.0 (compatible; Googlebot/2.1; +http://www.google.com/bot.html)"
66.249.78.46 - - [03/Dec/2013:08:11:45 +0100] "GET /schwefelarmstandard.php HTTP/1.1" 200 10730 "-" "SAMSUNG-SGH-E250/1.0 Profile/MIDP-2.0 Configuration/CLDC-1.1 UP.Browser/6.2.3.3.c.1.101 (GUI) MMP/2.0 (compatible; Googlebot-Mobile/2.1; +http://www.google.com/bot.html)"
208.115.111.75 - - [03/Dec/2013:08:37:45 +0100] "GET /lexikon.php?cs_go=2&cs_char=r HTTP/1.1" 200 7296 "-" "Mozilla/5.0 (compatible; Ezooms/1.0; ezooms.bot@gmail.com)"
208.115.113.91 - - [03/Dec/2013:08:46:11 +0100] "GET /robots.txt HTTP/1.1" 200 177 "-" "Mozilla/5.0 (compatible; Ezooms/1.0; ezooms.bot@gmail.com)"
212.202.159.46 - - [03/Dec/2013:08:53:44 +0100] "GET / HTTP/1.1" 200 12417 "https://www.google.de/" "Mozilla/5.0 (Windows NT 6.2; WOW64) AppleWebKit/537.36 (KHTML, like Gecko) Chrome/31.0.1650.57 Safari/537.36"
212.202.159.46 - - [03/Dec/2013:08:53:45 +0100] "GET /style.css HTTP/1.1" 200 8402 "http://www.mink-gmbh.de/" "Mozilla/5.0 (Windows NT 6.2; WOW64) AppleWebKit/537.36 (KHTML, like Gecko) Chrome/31.0.1650.57 Safari/537.36"
212.202.159.46 - - [03/Dec/2013:08:53:45 +0100] "GET /js_contentserver24_greybox/gb_styles.css HTTP/1.1" 200 2302 "http://www.mink-gmbh.de/" "Mozilla/5.0 (Windows NT 6.2; WOW64) AppleWebKit/537.36 (KHTML, like Gecko) Chrome/31.0.1650.57 Safari/537.36"
212.202.159.46 - - [03/Dec/2013:08:53:45 +0100] "GET /js_contentserver24_greybox/AJS_fx.js HTTP/1.1" 200 3192 "http://www.mink-gmbh.de/" "Mozilla/5.0 (Windows NT 6.2; WOW64) AppleWebKit/537.36 (KHTML, like Gecko) Chrome/31.0.1650.57 Safari/537.36"
212.202.159.46 - - [03/Dec/2013:08:53:45 +0100] "GET /js_contentserver24_greybox/AJS.js HTTP/1.1" 200 10396 "http://www.mink-gmbh.de/" "Mozilla/5.0 (Windows NT 6.2; WOW64) AppleWebKit/537.36 (KHTML, like Gecko) Chrome/31.0.1650.57 Safari/537.36"
212.202.159.46 - - [03/Dec/2013:08:53:45 +0100] "GET /js_contentserver24_greybox/gb_scripts.js HTTP/1.1" 200 11913 "http://www.mink-gmbh.de/" "Mozilla/5.0 (Windows NT 6.2; WOW64) AppleWebKit/537.36 (KHTML, like Gecko) Chrome/31.0.1650.57 Safari/537.36"
212.202.159.46 - - [03/Dec/2013:08:53:45 +0100] "GET /modul.css HTTP/1.1" 200 35038 "http://www.mink-gmbh.de/" "Mozilla/5.0 (Windows NT 6.2; WOW64) AppleWebKit/537.36 (KHTML, like Gecko) Chrome/31.0.1650.57 Safari/537.36"
212.202.159.46 - - [03/Dec/2013:08:53:45 +0100] "GET /images/mail.jpg HTTP/1.1" 200 12099 "http://www.mink-gmbh.de/" "Mozilla/5.0 (Windows NT 6.2; WOW64) AppleWebKit/537.36 (KHTML, like Gecko) Chrome/31.0.1650.57 Safari/537.36"
212.202.159.46 - - [03/Dec/2013:08:53:45 +0100] "GET /images/team-energie.png HTTP/1.1" 200 17383 "http://www.mink-gmbh.de/" "Mozilla/5.0 (Windows NT 6.2; WOW64) AppleWebKit/537.36 (KHTML, like Gecko) Chrome/31.0.1650.57 Safari/537.36"
212.202.159.46 - - [03/Dec/2013:08:53:45 +0100] "GET /images/wunschpreis.jpg HTTP/1.1" 200 16767 "http://www.mink-gmbh.de/" "Mozilla/5.0 (Windows NT 6.2; WOW64) AppleWebKit/537.36 (KHTML, like Gecko) Chrome/31.0.1650.57 Safari/537.36"
212.202.159.46 - - [03/Dec/2013:08:53:45 +0100] "GET /images/kwk.gif HTTP/1.1" 200 6403 "http://www.mink-gmbh.de/" "Mozilla/5.0 (Windows NT 6.2; WOW64) AppleWebKit/537.36 (KHTML, like Gecko) Chrome/31.0.1650.57 Safari/537.36"
212.202.159.46 - - [03/Dec/2013:08:53:45 +0100] "GET /images/tkw.jpg HTTP/1.1" 200 64031 "http://www.mink-gmbh.de/" "Mozilla/5.0 (Windows NT 6.2; WOW64) AppleWebKit/537.36 (KHTML, like Gecko) Chrome/31.0.1650.57 Safari/537.36"
212.202.159.46 - - [03/Dec/2013:08:53:45 +0100] "GET /images/logos.jpg?cache9285 HTTP/1.1" 200 35043 "http://www.mink-gmbh.de/" "Mozilla/5.0 (Windows NT 6.2; WOW64) AppleWebKit/537.36 (KHTML, like Gecko) Chrome/31.0.1650.57 Safari/537.36"
212.202.159.46 - - [03/Dec/2013:08:53:45 +0100] "GET /js_contentserver24_greybox/w_close.gif HTTP/1.1" 200 74 "http://www.mink-gmbh.de/" "Mozilla/5.0 (Windows NT 6.2; WOW64) AppleWebKit/537.36 (KHTML, like Gecko) Chrome/31.0.1650.57 Safari/537.36"
212.202.159.46 - - [03/Dec/2013:08:53:45 +0100] "GET /images/freecall.jpg HTTP/1.1" 200 39195 "http://www.mink-gmbh.de/" "Mozilla/5.0 (Windows NT 6.2; WOW64) AppleWebKit/537.36 (KHTML, like Gecko) Chrome/31.0.1650.57 Safari/537.36"
212.202.159.46 - - [03/Dec/2013:08:53:45 +0100] "GET /images/bg.png HTTP/1.1" 200 922 "http://www.mink-gmbh.de/" "Mozilla/5.0 (Windows NT 6.2; WOW64) AppleWebKit/537.36 (KHTML, like Gecko) Chrome/31.0.1650.57 Safari/537.36"
212.202.159.46 - - [03/Dec/2013:08:53:45 +0100] "GET /images/wrapperbg.jpg HTTP/1.1" 200 27465 "http://www.mink-gmbh.de/" "Mozilla/5.0 (Windows NT 6.2; WOW64) AppleWebKit/537.36 (KHTML, like Gecko) Chrome/31.0.1650.57 Safari/537.36"
212.202.159.46 - - [03/Dec/2013:08:53:45 +0100] "GET /images/header.jpg HTTP/1.1" 200 25189 "http://www.mink-gmbh.de/" "Mozilla/5.0 (Windows NT 6.2; WOW64) AppleWebKit/537.36 (KHTML, like Gecko) Chrome/31.0.1650.57 Safari/537.36"
212.202.159.46 - - [03/Dec/2013:08:53:45 +0100] "GET /images/navibg.png HTTP/1.1" 200 2803 "http://www.mink-gmbh.de/" "Mozilla/5.0 (Windows NT 6.2; WOW64) AppleWebKit/537.36 (KHTML, like Gecko) Chrome/31.0.1650.57 Safari/537.36"
212.202.159.46 - - [03/Dec/2013:08:53:45 +0100] "GET /images/fallend.png HTTP/1.1" 200 713 "http://www.mink-gmbh.de/" "Mozilla/5.0 (Windows NT 6.2; WOW64) AppleWebKit/537.36 (KHTML, like Gecko) Chrome/31.0.1650.57 Safari/537.36"
212.202.159.46 - - [03/Dec/2013:08:53:45 +0100] "GET /images/steigend.png HTTP/1.1" 200 688 "http://www.mink-gmbh.de/" "Mozilla/5.0 (Windows NT 6.2; WOW64) AppleWebKit/537.36 (KHTML, like Gecko) Chrome/31.0.1650.57 Safari/537.36"
212.202.159.46 - - [03/Dec/2013:08:53:45 +0100] "GET /images/mobil.jpg HTTP/1.1" 200 25293 "http://www.mink-gmbh.de/" "Mozilla/5.0 (Windows NT 6.2; WOW64) AppleWebKit/537.36 (KHTML, like Gecko) Chrome/31.0.1650.57 Safari/537.36"
212.202.159.46 - - [03/Dec/2013:08:53:46 +0100] "GET /images/newsletter.jpg HTTP/1.1" 200 13130 "http://www.mink-gmbh.de/" "Mozilla/5.0 (Windows NT 6.2; WOW64) AppleWebKit/537.36 (KHTML, like Gecko) Chrome/31.0.1650.57 Safari/537.36"
212.202.159.46 - - [03/Dec/2013:08:53:46 +0100] "GET /images/footerbg.jpg HTTP/1.1" 200 2184 "http://www.mink-gmbh.de/" "Mozilla/5.0 (Windows NT 6.2; WOW64) AppleWebKit/537.36 (KHTML, like Gecko) Chrome/31.0.1650.57 Safari/537.36"
212.202.159.46 - - [03/Dec/2013:08:53:46 +0100] "GET /images/newsletter.png HTTP/1.1" 200 14619 "http://www.mink-gmbh.de/" "Mozilla/5.0 (Windows NT 6.2; WOW64) AppleWebKit/537.36 (KHTML, like Gecko) Chrome/31.0.1650.57 Safari/537.36"
212.202.159.46 - - [03/Dec/2013:08:53:46 +0100] "GET /images/close.png HTTP/1.1" 200 703 "http://www.mink-gmbh.de/" "Mozilla/5.0 (Windows NT 6.2; WOW64) AppleWebKit/537.36 (KHTML, like Gecko) Chrome/31.0.1650.57 Safari/537.36"
212.202.159.46 - - [03/Dec/2013:08:53:46 +0100] "GET /images/newsletter_bg.jpg HTTP/1.1" 200 33610 "http://www.mink-gmbh.de/" "Mozilla/5.0 (Windows NT 6.2; WOW64) AppleWebKit/537.36 (KHTML, like Gecko) Chrome/31.0.1650.57 Safari/537.36"
212.202.159.46 - - [03/Dec/2013:08:53:46 +0100] "GET /js_contentserver24_greybox/header_bg.gif HTTP/1.1" 200 1188 "http://www.mink-gmbh.de/" "Mozilla/5.0 (Windows NT 6.2; WOW64) AppleWebKit/537.36 (KHTML, like Gecko) Chrome/31.0.1650.57 Safari/537.36"
212.202.159.46 - - [03/Dec/2013:08:53:46 +0100] "GET /js_contentserver24_greybox/loader_frame.html?s=0 HTTP/1.1" 200 2084 "http://www.mink-gmbh.de/" "Mozilla/5.0 (Windows NT 6.2; WOW64) AppleWebKit/537.36 (KHTML, like Gecko) Chrome/31.0.1650.57 Safari/537.36"
212.202.159.46 - - [03/Dec/2013:08:53:46 +0100] "GET /js_contentserver24_greybox/indicator.gif HTTP/1.1" 200 8238 "http://www.mink-gmbh.de/js_contentserver24_greybox/loader_frame.html?s=0" "Mozilla/5.0 (Windows NT 6.2; WOW64) AppleWebKit/537.36 (KHTML, like Gecko) Chrome/31.0.1650.57 Safari/537.36"
212.202.159.46 - - [03/Dec/2013:08:53:46 +0100] "GET /js_contentserver24_greybox/g_close.gif HTTP/1.1" 200 541 "http://www.mink-gmbh.de/" "Mozilla/5.0 (Windows NT 6.2; WOW64) AppleWebKit/537.36 (KHTML, like Gecko) Chrome/31.0.1650.57 Safari/537.36"
212.202.159.46 - - [03/Dec/2013:08:53:46 +0100] "GET /favicon.ico HTTP/1.1" 200 3638 "-" "Mozilla/5.0 (Windows NT 6.2; WOW64) AppleWebKit/537.36 (KHTML, like Gecko) Chrome/31.0.1650.57 Safari/537.36"
157.56.92.150 - - [03/Dec/2013:08:53:53 +0100] "GET /robots.txt HTTP/1.1" 200 177 "-" "Mozilla/5.0 (compatible; bingbot/2.0; +http://www.bing.com/bingbot.htm)"
212.202.159.46 - - [03/Dec/2013:08:54:12 +0100] "GET /kontakt.php HTTP/1.1" 200 6966 "http://www.mink-gmbh.de/" "Mozilla/5.0 (Windows NT 6.2; WOW64) AppleWebKit/537.36 (KHTML, like Gecko) Chrome/31.0.1650.57 Safari/537.36"
212.202.159.46 - - [03/Dec/2013:08:54:13 +0100] "GET /images/logos.jpg HTTP/1.1" 200 35043 "http://www.mink-gmbh.de/kontakt.php" "Mozilla/5.0 (Windows NT 6.2; WOW64) AppleWebKit/537.36 (KHTML, like Gecko) Chrome/31.0.1650.57 Safari/537.36"
212.202.159.46 - - [03/Dec/2013:08:54:25 +0100] "GET /index.php HTTP/1.1" 200 11677 "http://www.mink-gmbh.de/kontakt.php" "Mozilla/5.0 (Windows NT 6.2; WOW64) AppleWebKit/537.36 (KHTML, like Gecko) Chrome/31.0.1650.57 Safari/537.36"
212.202.159.46 - - [03/Dec/2013:08:54:25 +0100] "GET /images/logos.jpg?cache2420 HTTP/1.1" 200 35043 "http://www.mink-gmbh.de/index.php" "Mozilla/5.0 (Windows NT 6.2; WOW64) AppleWebKit/537.36 (KHTML, like Gecko) Chrome/31.0.1650.57 Safari/537.36"
157.56.92.150 - - [03/Dec/2013:08:54:31 +0100] "GET / HTTP/1.1" 200 12417 "-" "Mozilla/5.0 (compatible; bingbot/2.0; +http://www.bing.com/bingbot.htm)"
66.249.74.81 - - [03/Dec/2013:09:07:38 +0100] "GET /news.php HTTP/1.1" 200 20044 "-" "DoCoMo/2.0 N905i(c100;TB;W24H16) (compatible; Googlebot-Mobile/2.1; +http://www.google.com/bot.html)"
176.9.16.253 - - [03/Dec/2013:09:33:02 +0100] "GET /faq.php HTTP/1.1" 200 216831 "-" "BacklinkCrawler (http://www.backlinktest.com/crawler.html)"
220.181.108.108 - - [03/Dec/2013:09:45:43 +0100] "GET / HTTP/1.1" 200 6597 "-" "Mozilla/5.0 (compatible; Baiduspider/2.0; +http://www.baidu.com/search/spider.html)"
157.56.92.150 - - [03/Dec/2013:09:51:39 +0100] "GET / HTTP/1.1" 200 12417 "-" "Mozilla/5.0 (compatible; bingbot/2.0; +http://www.bing.com/bingbot.htm)"
85.13.131.53 - - [03/Dec/2013:10:27:53 +0100] "GET / HTTP/1.0" 200 5684 "-" "-"
85.13.131.53 - - [03/Dec/2013:10:27:53 +0100] "GET / HTTP/1.0" 200 1686 "-" "-"
195.145.200.116 - - [03/Dec/2013:10:37:39 +0100] "GET /style.css HTTP/1.1" 200 8402 "http://www.mink-gmbh.de/" "Mozilla/5.0 (compatible; MSIE 10.0; Windows NT 6.1; WOW64; Trident/6.0)"
195.145.200.116 - - [03/Dec/2013:10:37:39 +0100] "GET /modul.css HTTP/1.1" 200 35038 "http://www.mink-gmbh.de/" "Mozilla/5.0 (compatible; MSIE 10.0; Windows NT 6.1; WOW64; Trident/6.0)"
195.145.200.116 - - [03/Dec/2013:10:37:39 +0100] "GET /js_contentserver24_greybox/AJS.js HTTP/1.1" 200 10396 "http://www.mink-gmbh.de/" "Mozilla/5.0 (compatible; MSIE 10.0; Windows NT 6.1; WOW64; Trident/6.0)"
195.145.200.116 - - [03/Dec/2013:10:37:39 +0100] "GET /js_contentserver24_greybox/gb_styles.css HTTP/1.1" 200 2302 "http://www.mink-gmbh.de/" "Mozilla/5.0 (compatible; MSIE 10.0; Windows NT 6.1; WOW64; Trident/6.0)"
195.145.200.116 - - [03/Dec/2013:10:37:39 +0100] "GET /js_contentserver24_greybox/AJS_fx.js HTTP/1.1" 200 3192 "http://www.mink-gmbh.de/" "Mozilla/5.0 (compatible; MSIE 10.0; Windows NT 6.1; WOW64; Trident/6.0)"
195.145.200.116 - - [03/Dec/2013:10:37:39 +0100] "GET /js_contentserver24_greybox/gb_scripts.js HTTP/1.1" 200 11913 "http://www.mink-gmbh.de/" "Mozilla/5.0 (compatible; MSIE 10.0; Windows NT 6.1; WOW64; Trident/6.0)"
195.145.200.116 - - [03/Dec/2013:10:37:39 +0100] "GET / HTTP/1.1" 200 12417 "http://www.google.de/url?sa=t&rct=j&q=&esrc=s&frm=1&source=web&cd=1&ved=0CC8QFjAA&url=http%3A%2F%2Fwww.mink-gmbh.de%2F&ei=VqadUpGHJs3Lswaa34HACQ&usg=AFQjCNFHX4Iglls9oo-KYXTmDUV_5KOVIg" "Mozilla/5.0 (compatible; MSIE 10.0; Windows NT 6.1; WOW64; Trident/6.0)"
195.145.200.116 - - [03/Dec/2013:10:37:39 +0100] "GET /images/kwk.gif HTTP/1.1" 200 6403 "http://www.mink-gmbh.de/" "Mozilla/5.0 (compatible; MSIE 10.0; Windows NT 6.1; WOW64; Trident/6.0)"
195.145.200.116 - - [03/Dec/2013:10:37:39 +0100] "GET /images/team-energie.png HTTP/1.1" 200 17383 "http://www.mink-gmbh.de/" "Mozilla/5.0 (compatible; MSIE 10.0; Windows NT 6.1; WOW64; Trident/6.0)"
195.145.200.116 - - [03/Dec/2013:10:37:39 +0100] "GET /images/mail.jpg HTTP/1.1" 200 12099 "http://www.mink-gmbh.de/" "Mozilla/5.0 (compatible; MSIE 10.0; Windows NT 6.1; WOW64; Trident/6.0)"
195.145.200.116 - - [03/Dec/2013:10:37:39 +0100] "GET /images/wunschpreis.jpg HTTP/1.1" 200 16767 "http://www.mink-gmbh.de/" "Mozilla/5.0 (compatible; MSIE 10.0; Windows NT 6.1; WOW64; Trident/6.0)"
195.145.200.116 - - [03/Dec/2013:10:37:39 +0100] "GET /images/tkw.jpg HTTP/1.1" 200 64031 "http://www.mink-gmbh.de/" "Mozilla/5.0 (compatible; MSIE 10.0; Windows NT 6.1; WOW64; Trident/6.0)"
