5.10.83.33 - - [17/Dec/2013:11:59:53 +0100] "GET /kwk.php?cs_go=1 HTTP/1.1" 200 8447 "-" "Mozilla/5.0 (compatible; AhrefsBot/5.0; +http://ahrefs.com/robot/)"
5.10.83.33 - - [17/Dec/2013:12:00:38 +0100] "GET /schwefelarmstandard.php HTTP/1.1" 200 10730 "-" "Mozilla/5.0 (compatible; AhrefsBot/5.0; +http://ahrefs.com/robot/)"
157.55.33.106 - - [17/Dec/2013:12:12:36 +0100] "GET /robots.txt HTTP/1.1" 200 177 "-" "Mozilla/5.0 (compatible; bingbot/2.0; +http://www.bing.com/bingbot.htm)"
157.55.33.106 - - [17/Dec/2013:12:18:36 +0100] "GET / HTTP/1.1" 200 12412 "-" "Mozilla/5.0 (compatible; bingbot/2.0; +http://www.bing.com/bingbot.htm)"
5.10.83.101 - - [17/Dec/2013:12:35:59 +0100] "GET /lexikon.php?cs_go=3&cs_id=208 HTTP/1.1" 200 5921 "-" "Mozilla/5.0 (compatible; AhrefsBot/5.0; +http://ahrefs.com/robot/)"
5.10.83.35 - - [17/Dec/2013:12:36:52 +0100] "GET /lexikon.php?cs_go=3&cs_id=49 HTTP/1.1" 200 6699 "-" "Mozilla/5.0 (compatible; AhrefsBot/5.0; +http://ahrefs.com/robot/)"
208.115.111.75 - - [17/Dec/2013:12:42:50 +0100] "GET /news.php?cs_go=archiv&cs_id=4629&cs_search= HTTP/1.1" 200 8923 "-" "Mozilla/5.0 (compatible; Ezooms/1.0; help@moz.com)"
5.10.83.50 - - [17/Dec/2013:12:45:54 +0100] "GET /news.php?cs_go=archiv&cs_startpos=130 HTTP/1.1" 200 20398 "-" "Mozilla/5.0 (compatible; AhrefsBot/5.0; +http://ahrefs.com/robot/)"
220.181.108.90 - - [17/Dec/2013:12:48:57 +0100] "GET / HTTP/1.1" 200 12412 "-" "Mozilla/5.0 (compatible; Baiduspider/2.0; +http://www.baidu.com/search/spider.html)"
5.10.83.101 - - [17/Dec/2013:12:50:46 +0100] "GET /lexikon.php?cs_go=3&cs_id=80 HTTP/1.1" 200 5967 "-" "Mozilla/5.0 (compatible; AhrefsBot/5.0; +http://ahrefs.com/robot/)"
208.115.113.91 - - [17/Dec/2013:12:50:58 +0100] "GET /robots.txt HTTP/1.1" 200 177 "-" "Mozilla/5.0 (compatible; Ezooms/1.0; help@moz.com)"
123.125.71.18 - - [17/Dec/2013:12:51:15 +0100] "GET / HTTP/1.1" 200 6597 "-" "Mozilla/5.0 (compatible; Baiduspider/2.0; +http://www.baidu.com/search/spider.html)"
5.10.83.37 - - [17/Dec/2013:12:56:12 +0100] "GET /news.php?cs_go=archiv&cs_id=4663&cs_search= HTTP/1.1" 200 7755 "-" "Mozilla/5.0 (compatible; AhrefsBot/5.0; +http://ahrefs.com/robot/)"
5.10.83.22 - - [17/Dec/2013:13:07:00 +0100] "GET /lexikon.php?cs_go=3&cs_id=214 HTTP/1.1" 200 5703 "-" "Mozilla/5.0 (compatible; AhrefsBot/5.0; +http://ahrefs.com/robot/)"
5.10.83.33 - - [17/Dec/2013:13:20:38 +0100] "GET /news.php?cs_go=archiv&cs_id=4600&cs_search= HTTP/1.1" 200 11530 "-" "Mozilla/5.0 (compatible; AhrefsBot/5.0; +http://ahrefs.com/robot/)"
5.10.83.37 - - [17/Dec/2013:13:21:03 +0100] "GET /lexikon.php?cs_go=3&cs_id=176 HTTP/1.1" 200 5851 "-" "Mozilla/5.0 (compatible; AhrefsBot/5.0; +http://ahrefs.com/robot/)"
157.55.32.59 - - [17/Dec/2013:13:44:09 +0100] "GET /robots.txt HTTP/1.1" 200 177 "-" "Mozilla/5.0 (compatible; bingbot/2.0; +http://www.bing.com/bingbot.htm)"
5.10.83.35 - - [17/Dec/2013:13:49:42 +0100] "GET /lexikon.php?cs_go=3&cs_id=60 HTTP/1.1" 200 6064 "-" "Mozilla/5.0 (compatible; AhrefsBot/5.0; +http://ahrefs.com/robot/)"
5.10.83.37 - - [17/Dec/2013:13:51:39 +0100] "GET /news.php?cs_go=archiv&cs_id=4674&cs_search= HTTP/1.1" 200 9618 "-" "Mozilla/5.0 (compatible; AhrefsBot/5.0; +http://ahrefs.com/robot/)"
69.58.178.59 - - [17/Dec/2013:13:58:11 +0100] "GET /robots.txt HTTP/1.1" 200 177 "-" "Mozilla/5.0 (X11; Ubuntu; Linux i686; rv:14.0; ips-agent) Gecko/20100101 Firefox/14.0.1"
69.58.178.59 - - [17/Dec/2013:13:58:12 +0100] "GET / HTTP/1.1" 200 12412 "-" "Mozilla/5.0 (X11; Ubuntu; Linux i686; rv:14.0; ips-agent) Gecko/20100101 Firefox/14.0.1"
69.58.178.59 - - [17/Dec/2013:13:58:14 +0100] "GET /newsletter.php HTTP/1.1" 200 6492 "-" "Mozilla/5.0 (X11; Ubuntu; Linux i686; rv:14.0; ips-agent) Gecko/20100101 Firefox/14.0.1"
69.58.178.59 - - [17/Dec/2013:13:58:16 +0100] "GET /index.php HTTP/1.1" 200 12412 "-" "Mozilla/5.0 (X11; Ubuntu; Linux i686; rv:14.0; ips-agent) Gecko/20100101 Firefox/14.0.1"
69.58.178.59 - - [17/Dec/2013:13:58:18 +0100] "GET /standard.php HTTP/1.1" 200 6770 "-" "Mozilla/5.0 (X11; Ubuntu; Linux i686; rv:14.0; ips-agent) Gecko/20100101 Firefox/14.0.1"
69.58.178.59 - - [17/Dec/2013:13:58:20 +0100] "GET /wunschpreis.php HTTP/1.1" 200 10237 "-" "Mozilla/5.0 (X11; Ubuntu; Linux i686; rv:14.0; ips-agent) Gecko/20100101 Firefox/14.0.1"
69.58.178.59 - - [17/Dec/2013:13:58:22 +0100] "GET /preisanfrage.php HTTP/1.1" 200 8502 "-" "Mozilla/5.0 (X11; Ubuntu; Linux i686; rv:14.0; ips-agent) Gecko/20100101 Firefox/14.0.1"
69.58.178.59 - - [17/Dec/2013:13:58:23 +0100] "GET /news.php HTTP/1.1" 200 19772 "-" "Mozilla/5.0 (X11; Ubuntu; Linux i686; rv:14.0; ips-agent) Gecko/20100101 Firefox/14.0.1"
69.58.178.59 - - [17/Dec/2013:13:58:25 +0100] "GET /kontakt.php HTTP/1.1" 200 4996 "-" "Mozilla/5.0 (X11; Ubuntu; Linux i686; rv:14.0; ips-agent) Gecko/20100101 Firefox/14.0.1"
69.58.178.59 - - [17/Dec/2013:13:58:29 +0100] "GET /jobs.php HTTP/1.1" 200 4965 "-" "Mozilla/5.0 (X11; Ubuntu; Linux i686; rv:14.0; ips-agent) Gecko/20100101 Firefox/14.0.1"
69.58.178.59 - - [17/Dec/2013:13:58:30 +0100] "GET /impressum.php HTTP/1.1" 200 6306 "-" "Mozilla/5.0 (X11; Ubuntu; Linux i686; rv:14.0; ips-agent) Gecko/20100101 Firefox/14.0.1"
157.56.92.176 - - [17/Dec/2013:14:07:11 +0100] "GET /index.php HTTP/1.1" 200 12412 "-" "Mozilla/5.0 (compatible; bingbot/2.0; +http://www.bing.com/bingbot.htm)"
157.56.92.176 - - [17/Dec/2013:14:07:13 +0100] "GET /jobs.php HTTP/1.1" 200 4965 "-" "Mozilla/5.0 (compatible; bingbot/2.0; +http://www.bing.com/bingbot.htm)"
157.56.92.176 - - [17/Dec/2013:14:07:13 +0100] "GET /kwk.php HTTP/1.1" 200 8447 "-" "Mozilla/5.0 (compatible; bingbot/2.0; +http://www.bing.com/bingbot.htm)"
157.56.92.176 - - [17/Dec/2013:14:07:14 +0100] "GET /modernisierung.php HTTP/1.1" 200 9252 "-" "Mozilla/5.0 (compatible; bingbot/2.0; +http://www.bing.com/bingbot.htm)"
157.56.92.176 - - [17/Dec/2013:14:07:14 +0100] "GET /news.php?cs_go=archiv&cs_id=4572&cs_search= HTTP/1.1" 200 11817 "-" "Mozilla/5.0 (compatible; bingbot/2.0; +http://www.bing.com/bingbot.htm)"
157.56.92.176 - - [17/Dec/2013:14:07:14 +0100] "GET /standard.php HTTP/1.1" 200 6770 "-" "Mozilla/5.0 (compatible; bingbot/2.0; +http://www.bing.com/bingbot.htm)"
5.10.83.38 - - [17/Dec/2013:14:11:37 +0100] "GET /news.php?cs_go=archiv&cs_startpos=190 HTTP/1.1" 200 20214 "-" "Mozilla/5.0 (compatible; AhrefsBot/5.0; +http://ahrefs.com/robot/)"
5.10.83.33 - - [17/Dec/2013:14:23:35 +0100] "GET /lexikon.php?cs_go=3&cs_id=59 HTTP/1.1" 200 6273 "-" "Mozilla/5.0 (compatible; AhrefsBot/5.0; +http://ahrefs.com/robot/)"
5.10.83.37 - - [17/Dec/2013:14:23:59 +0100] "GET /lexikon.php?cs_go=3&cs_id=141 HTTP/1.1" 200 6440 "-" "Mozilla/5.0 (compatible; AhrefsBot/5.0; +http://ahrefs.com/robot/)"
5.10.83.58 - - [17/Dec/2013:14:26:57 +0100] "GET /news.php?cs_go=archiv&cs_id=4761&cs_search= HTTP/1.1" 200 8283 "-" "Mozilla/5.0 (compatible; AhrefsBot/5.0; +http://ahrefs.com/robot/)"
157.55.32.106 - - [17/Dec/2013:14:29:05 +0100] "GET /news.php HTTP/1.1" 200 19772 "-" "Mozilla/5.0 (compatible; bingbot/2.0; +http://www.bing.com/bingbot.htm)"
157.55.32.106 - - [17/Dec/2013:14:29:06 +0100] "GET /news.php?cs_go=archiv&cs_id=4351 HTTP/1.1" 200 11029 "-" "Mozilla/5.0 (compatible; bingbot/2.0; +http://www.bing.com/bingbot.htm)"
157.55.32.106 - - [17/Dec/2013:14:29:06 +0100] "GET /news.php?cs_go=archiv&cs_id=4556&cs_search= HTTP/1.1" 200 7824 "-" "Mozilla/5.0 (compatible; bingbot/2.0; +http://www.bing.com/bingbot.htm)"
157.55.32.106 - - [17/Dec/2013:14:29:07 +0100] "GET /news.php?cs_go=archiv&cs_id=4567 HTTP/1.1" 200 9128 "-" "Mozilla/5.0 (compatible; bingbot/2.0; +http://www.bing.com/bingbot.htm)"
157.55.32.106 - - [17/Dec/2013:14:29:07 +0100] "GET /news.php?cs_go=archiv&cs_id=4568&cs_search= HTTP/1.1" 200 9631 "-" "Mozilla/5.0 (compatible; bingbot/2.0; +http://www.bing.com/bingbot.htm)"
157.55.32.106 - - [17/Dec/2013:14:29:07 +0100] "GET /news.php?cs_go=archiv&cs_id=4611&cs_search= HTTP/1.1" 200 8091 "-" "Mozilla/5.0 (compatible; bingbot/2.0; +http://www.bing.com/bingbot.htm)"
157.55.32.106 - - [17/Dec/2013:14:29:08 +0100] "GET /news.php?cs_go=archiv&cs_id=4613&cs_search= HTTP/1.1" 200 8795 "-" "Mozilla/5.0 (compatible; bingbot/2.0; +http://www.bing.com/bingbot.htm)"
157.55.32.106 - - [17/Dec/2013:14:29:08 +0100] "GET /news.php?cs_go=archiv&cs_id=4615&cs_search= HTTP/1.1" 200 7657 "-" "Mozilla/5.0 (compatible; bingbot/2.0; +http://www.bing.com/bingbot.htm)"
157.55.32.106 - - [17/Dec/2013:14:29:09 +0100] "GET /newsletter.php HTTP/1.1" 200 6492 "-" "Mozilla/5.0 (compatible; bingbot/2.0; +http://www.bing.com/bingbot.htm)"
157.55.32.106 - - [17/Dec/2013:14:29:09 +0100] "GET /optiplus.php HTTP/1.1" 200 8639 "-" "Mozilla/5.0 (compatible; bingbot/2.0; +http://www.bing.com/bingbot.htm)"
157.55.32.106 - - [17/Dec/2013:14:29:09 +0100] "GET /schwefelarmstandard.php HTTP/1.1" 200 10730 "-" "Mozilla/5.0 (compatible; bingbot/2.0; +http://www.bing.com/bingbot.htm)"
5.10.83.35 - - [17/Dec/2013:14:38:06 +0100] "GET /lexikon.php?cs_go=3&cs_id=228 HTTP/1.1" 200 6808 "-" "Mozilla/5.0 (compatible; AhrefsBot/5.0; +http://ahrefs.com/robot/)"
5.10.83.33 - - [17/Dec/2013:14:40:26 +0100] "GET /lexikon.php?cs_go=3&cs_id=124 HTTP/1.1" 200 6055 "-" "Mozilla/5.0 (compatible; AhrefsBot/5.0; +http://ahrefs.com/robot/)"
208.115.113.91 - - [17/Dec/2013:14:50:05 +0100] "GET /news.php?cs_go=archiv&cs_id=4691&cs_search= HTTP/1.1" 200 9443 "-" "Mozilla/5.0 (compatible; Ezooms/1.0; help@moz.com)"
5.10.83.101 - - [17/Dec/2013:14:50:59 +0100] "GET /lexikon.php?cs_go=3&cs_id=89 HTTP/1.1" 200 5959 "-" "Mozilla/5.0 (compatible; AhrefsBot/5.0; +http://ahrefs.com/robot/)"
220.181.108.78 - - [17/Dec/2013:14:51:12 +0100] "GET / HTTP/1.1" 200 6594 "-" "Mozilla/5.0 (compatible; Baiduspider/2.0; +http://www.baidu.com/search/spider.html)"
208.115.111.75 - - [17/Dec/2013:14:51:27 +0100] "GET /robots.txt HTTP/1.1" 200 177 "-" "Mozilla/5.0 (compatible; Ezooms/1.0; help@moz.com)"
5.10.83.58 - - [17/Dec/2013:14:52:40 +0100] "GET /news.php?cs_go=archiv&cs_id=4676&cs_search= HTTP/1.1" 200 11598 "-" "Mozilla/5.0 (compatible; AhrefsBot/5.0; +http://ahrefs.com/robot/)"
123.125.71.52 - - [17/Dec/2013:14:52:47 +0100] "GET / HTTP/1.1" 200 6594 "-" "Mozilla/5.0 (compatible; Baiduspider/2.0; +http://www.baidu.com/search/spider.html)"
157.55.32.59 - - [17/Dec/2013:14:55:19 +0100] "GET /lexikon.php HTTP/1.1" 200 8115 "-" "Mozilla/5.0 (compatible; bingbot/2.0; +http://www.bing.com/bingbot.htm)"
157.55.32.59 - - [17/Dec/2013:14:55:20 +0100] "GET /news.php?cs_go=archiv&cs_startpos=30 HTTP/1.1" 200 20528 "-" "Mozilla/5.0 (compatible; bingbot/2.0; +http://www.bing.com/bingbot.htm)"
157.55.32.59 - - [17/Dec/2013:14:55:21 +0100] "GET /news.php?cs_go=archiv&cs_id=4557&cs_search= HTTP/1.1" 200 7784 "-" "Mozilla/5.0 (compatible; bingbot/2.0; +http://www.bing.com/bingbot.htm)"
157.55.32.59 - - [17/Dec/2013:14:55:21 +0100] "GET /news.php?cs_go=archiv&cs_id=4605 HTTP/1.1" 200 7667 "-" "Mozilla/5.0 (compatible; bingbot/2.0; +http://www.bing.com/bingbot.htm)"
157.55.32.59 - - [17/Dec/2013:14:55:21 +0100] "GET /news.php?cs_go=archiv&cs_id=4612&cs_search= HTTP/1.1" 200 8143 "-" "Mozilla/5.0 (compatible; bingbot/2.0; +http://www.bing.com/bingbot.htm)"
157.55.32.59 - - [17/Dec/2013:14:55:22 +0100] "GET /news.php?cs_go=archiv&cs_id=4614&cs_search= HTTP/1.1" 200 11536 "-" "Mozilla/5.0 (compatible; bingbot/2.0; +http://www.bing.com/bingbot.htm)"
157.55.32.59 - - [17/Dec/2013:14:55:22 +0100] "GET /rueckrufservice.php HTTP/1.1" 200 8300 "-" "Mozilla/5.0 (compatible; bingbot/2.0; +http://www.bing.com/bingbot.htm)"
5.10.83.35 - - [17/Dec/2013:14:57:08 +0100] "GET /lexikon.php?cs_go=3&cs_id=41 HTTP/1.1" 200 5917 "-" "Mozilla/5.0 (compatible; AhrefsBot/5.0; +http://ahrefs.com/robot/)"
65.36.241.79 - - [17/Dec/2013:14:57:53 +0100] "HEAD / HTTP/1.1" 200 - "-" "InternetSeer.com"
5.10.83.33 - - [17/Dec/2013:15:07:54 +0100] "GET /lexikon.php?cs_go=3&cs_id=152 HTTP/1.1" 200 6142 "-" "Mozilla/5.0 (compatible; AhrefsBot/5.0; +http://ahrefs.com/robot/)"
5.10.83.35 - - [17/Dec/2013:15:09:00 +0100] "GET /additive.php HTTP/1.1" 200 5937 "-" "Mozilla/5.0 (compatible; AhrefsBot/5.0; +http://ahrefs.com/robot/)"
5.10.83.50 - - [17/Dec/2013:15:21:30 +0100] "GET /lexikon.php?cs_go=3&cs_id=82 HTTP/1.1" 200 5953 "-" "Mozilla/5.0 (compatible; AhrefsBot/5.0; +http://ahrefs.com/robot/)"
66.249.78.46 - - [17/Dec/2013:15:24:28 +0100] "GET /robots.txt HTTP/1.1" 200 177 "-" "Mozilla/5.0 (compatible; Googlebot/2.1; +http://www.google.com/bot.html)"
66.249.78.46 - - [17/Dec/2013:15:24:28 +0100] "GET /news.php?cs_go=archiv&cs_id=4770 HTTP/1.1" 200 11527 "-" "Mozilla/5.0 (iPhone; CPU iPhone OS 6_0 like Mac OS X) AppleWebKit/536.26 (KHTML, like Gecko) Version/6.0 Mobile/10A5376e Safari/8536.25 (compatible; Googlebot-Mobile/2.1; +http://www.google.com/bot.html)"
5.10.83.22 - - [17/Dec/2013:15:26:06 +0100] "GET /preisanfrage.php HTTP/1.1" 200 8502 "-" "Mozilla/5.0 (compatible; AhrefsBot/5.0; +http://ahrefs.com/robot/)"
157.55.34.93 - - [17/Dec/2013:15:28:11 +0100] "GET /robots.txt HTTP/1.1" 200 177 "-" "Mozilla/5.0 (compatible; bingbot/2.0; +http://www.bing.com/bingbot.htm)"
157.55.34.93 - - [17/Dec/2013:15:28:47 +0100] "GET / HTTP/1.1" 200 12409 "-" "Mozilla/5.0 (compatible; bingbot/2.0; +http://www.bing.com/bingbot.htm)"
5.10.83.92 - - [17/Dec/2013:15:36:04 +0100] "GET /lexikon.php?cs_go=3&cs_id=161 HTTP/1.1" 200 5604 "-" "Mozilla/5.0 (compatible; AhrefsBot/5.0; +http://ahrefs.com/robot/)"
5.10.83.82 - - [17/Dec/2013:15:37:41 +0100] "GET /lexikon.php?cs_go=3&cs_id=63 HTTP/1.1" 200 5926 "-" "Mozilla/5.0 (compatible; AhrefsBot/5.0; +http://ahrefs.com/robot/)"
5.10.83.50 - - [17/Dec/2013:15:42:50 +0100] "GET / HTTP/1.1" 200 12409 "-" "Mozilla/5.0 (compatible; AhrefsBot/5.0; +http://ahrefs.com/robot/)"
220.181.108.95 - - [17/Dec/2013:15:50:46 +0100] "GET / HTTP/1.1" 200 6594 "-" "Mozilla/5.0 (compatible; Baiduspider/2.0; +http://www.baidu.com/search/spider.html)"
5.10.83.101 - - [17/Dec/2013:15:51:47 +0100] "GET /lexikon.php?cs_go=3&cs_id=231 HTTP/1.1" 200 5935 "-" "Mozilla/5.0 (compatible; AhrefsBot/5.0; +http://ahrefs.com/robot/)"
123.125.71.14 - - [17/Dec/2013:15:52:45 +0100] "GET / HTTP/1.1" 200 6720 "-" "Mozilla/5.0 (compatible; Baiduspider/2.0; +http://www.baidu.com/search/spider.html)"
5.10.83.92 - - [17/Dec/2013:16:08:26 +0100] "GET /news.php?cs_go=archiv&cs_startpos=150 HTTP/1.1" 200 20537 "-" "Mozilla/5.0 (compatible; AhrefsBot/5.0; +http://ahrefs.com/robot/)"
5.10.83.101 - - [17/Dec/2013:16:10:57 +0100] "GET /news.php?cs_go=archiv&cs_id=4635&cs_search= HTTP/1.1" 200 7647 "-" "Mozilla/5.0 (compatible; AhrefsBot/5.0; +http://ahrefs.com/robot/)"
5.10.83.82 - - [17/Dec/2013:16:11:16 +0100] "GET /kwk.php?cs_go=4 HTTP/1.1" 200 7818 "-" "Mozilla/5.0 (compatible; AhrefsBot/5.0; +http://ahrefs.com/robot/)"
5.10.83.92 - - [17/Dec/2013:16:15:11 +0100] "GET /kwk.php?cs_go=2 HTTP/1.1" 200 9418 "-" "Mozilla/5.0 (compatible; AhrefsBot/5.0; +http://ahrefs.com/robot/)"
5.10.83.58 - - [17/Dec/2013:16:15:35 +0100] "GET /lexikon.php?cs_go=2&cs_char=a HTTP/1.1" 200 7367 "-" "Mozilla/5.0 (compatible; AhrefsBot/5.0; +http://ahrefs.com/robot/)"
84.130.145.162 - - [17/Dec/2013:16:16:27 +0100] "GET /kwk.php HTTP/1.1" 200 8447 "http://www.google.de/url?sa=t&rct=j&q=&esrc=s&source=web&cd=9&ved=0CGIQFjAI&url=http%3A%2F%2Fwww.mink-gmbh.de%2Fkwk.php&ei=umqwUo-IIYvHswbIv4GICQ&usg=AFQjCNGJX9pmJcxX74rgu0xR5BtEnG4u2w&bvm=bv.57967247,d.Yms&cad=rja" "Mozilla/5.0 (Windows NT 5.1; rv:25.0) Gecko/20100101 Firefox/25.0"
84.130.145.162 - - [17/Dec/2013:16:16:27 +0100] "GET /style.css HTTP/1.1" 200 8402 "http://www.mink-gmbh.de/kwk.php" "Mozilla/5.0 (Windows NT 5.1; rv:25.0) Gecko/20100101 Firefox/25.0"
84.130.145.162 - - [17/Dec/2013:16:16:27 +0100] "GET /modul.css HTTP/1.1" 200 35038 "http://www.mink-gmbh.de/kwk.php" "Mozilla/5.0 (Windows NT 5.1; rv:25.0) Gecko/20100101 Firefox/25.0"
84.130.145.162 - - [17/Dec/2013:16:16:28 +0100] "GET /favicon.ico HTTP/1.1" 200 3638 "-" "Mozilla/5.0 (Windows NT 5.1; rv:25.0) Gecko/20100101 Firefox/25.0"
84.130.145.162 - - [17/Dec/2013:16:16:28 +0100] "GET /images/wunschpreis.jpg HTTP/1.1" 200 16767 "http://www.mink-gmbh.de/kwk.php" "Mozilla/5.0 (Windows NT 5.1; rv:25.0) Gecko/20100101 Firefox/25.0"
84.130.145.162 - - [17/Dec/2013:16:16:28 +0100] "GET /images/logos.jpg HTTP/1.1" 200 35043 "http://www.mink-gmbh.de/kwk.php" "Mozilla/5.0 (Windows NT 5.1; rv:25.0) Gecko/20100101 Firefox/25.0"
84.130.145.162 - - [17/Dec/2013:16:16:28 +0100] "GET /images/kwk.gif HTTP/1.1" 200 6403 "http://www.mink-gmbh.de/kwk.php" "Mozilla/5.0 (Windows NT 5.1; rv:25.0) Gecko/20100101 Firefox/25.0"
84.130.145.162 - - [17/Dec/2013:16:16:28 +0100] "GET /images/freecall.jpg HTTP/1.1" 200 39195 "http://www.mink-gmbh.de/kwk.php" "Mozilla/5.0 (Windows NT 5.1; rv:25.0) Gecko/20100101 Firefox/25.0"
84.130.145.162 - - [17/Dec/2013:16:16:28 +0100] "GET /images/bg.png HTTP/1.1" 200 922 "http://www.mink-gmbh.de/style.css" "Mozilla/5.0 (Windows NT 5.1; rv:25.0) Gecko/20100101 Firefox/25.0"
84.130.145.162 - - [17/Dec/2013:16:16:28 +0100] "GET /images/newsletter.png HTTP/1.1" 200 14619 "http://www.mink-gmbh.de/style.css" "Mozilla/5.0 (Windows NT 5.1; rv:25.0) Gecko/20100101 Firefox/25.0"
84.130.145.162 - - [17/Dec/2013:16:16:28 +0100] "GET /images/wrapperbg.jpg HTTP/1.1" 200 27465 "http://www.mink-gmbh.de/style.css" "Mozilla/5.0 (Windows NT 5.1; rv:25.0) Gecko/20100101 Firefox/25.0"
84.130.145.162 - - [17/Dec/2013:16:16:28 +0100] "GET /images/header.jpg HTTP/1.1" 200 25189 "http://www.mink-gmbh.de/style.css" "Mozilla/5.0 (Windows NT 5.1; rv:25.0) Gecko/20100101 Firefox/25.0"
84.130.145.162 - - [17/Dec/2013:16:16:28 +0100] "GET /images/navibg.png HTTP/1.1" 200 2803 "http://www.mink-gmbh.de/style.css" "Mozilla/5.0 (Windows NT 5.1; rv:25.0) Gecko/20100101 Firefox/25.0"
84.130.145.162 - - [17/Dec/2013:16:16:28 +0100] "GET /images/footerbg.jpg HTTP/1.1" 200 2184 "http://www.mink-gmbh.de/style.css" "Mozilla/5.0 (Windows NT 5.1; rv:25.0) Gecko/20100101 Firefox/25.0"
84.130.145.162 - - [17/Dec/2013:16:16:50 +0100] "GET /standard.php HTTP/1.1" 200 6770 "http://www.mink-gmbh.de/kwk.php" "Mozilla/5.0 (Windows NT 5.1; rv:25.0) Gecko/20100101 Firefox/25.0"
5.10.83.35 - - [17/Dec/2013:16:18:42 +0100] "GET /robots.txt HTTP/1.1" 200 177 "-" "Mozilla/5.0 (compatible; AhrefsBot/5.0; +http://ahrefs.com/robot/)"
193.158.74.218 - - [17/Dec/2013:16:20:48 +0100] "GET /style.css HTTP/1.1" 200 8402 "http://www.mink-gmbh.de/" "Mozilla/4.0 (compatible; MSIE 8.0; Windows NT 5.1; Trident/4.0; .NET CLR 1.1.4322; .NET CLR 2.0.50727; .NET CLR 3.0.04506.30; .NET CLR 3.0.04506.648; .NET CLR 3.0.4506.2152; .NET CLR 3.5.30729)"
193.158.74.218 - - [17/Dec/2013:16:20:48 +0100] "GET /modul.css HTTP/1.1" 200 35038 "http://www.mink-gmbh.de/" "Mozilla/4.0 (compatible; MSIE 8.0; Windows NT 5.1; Trident/4.0; .NET CLR 1.1.4322; .NET CLR 2.0.50727; .NET CLR 3.0.04506.30; .NET CLR 3.0.04506.648; .NET CLR 3.0.4506.2152; .NET CLR 3.5.30729)"
193.158.74.218 - - [17/Dec/2013:16:20:48 +0100] "GET /js_contentserver24_greybox/gb_styles.css HTTP/1.1" 200 2302 "http://www.mink-gmbh.de/" "Mozilla/4.0 (compatible; MSIE 8.0; Windows NT 5.1; Trident/4.0; .NET CLR 1.1.4322; .NET CLR 2.0.50727; .NET CLR 3.0.04506.30; .NET CLR 3.0.04506.648; .NET CLR 3.0.4506.2152; .NET CLR 3.5.30729)"
193.158.74.218 - - [17/Dec/2013:16:20:48 +0100] "GET /js_contentserver24_greybox/AJS_fx.js HTTP/1.1" 200 3192 "http://www.mink-gmbh.de/" "Mozilla/4.0 (compatible; MSIE 8.0; Windows NT 5.1; Trident/4.0; .NET CLR 1.1.4322; .NET CLR 2.0.50727; .NET CLR 3.0.04506.30; .NET CLR 3.0.04506.648; .NET CLR 3.0.4506.2152; .NET CLR 3.5.30729)"
193.158.74.218 - - [17/Dec/2013:16:20:48 +0100] "GET /js_contentserver24_greybox/gb_scripts.js HTTP/1.1" 200 11913 "http://www.mink-gmbh.de/" "Mozilla/4.0 (compatible; MSIE 8.0; Windows NT 5.1; Trident/4.0; .NET CLR 1.1.4322; .NET CLR 2.0.50727; .NET CLR 3.0.04506.30; .NET CLR 3.0.04506.648; .NET CLR 3.0.4506.2152; .NET CLR 3.5.30729)"
193.158.74.218 - - [17/Dec/2013:16:20:48 +0100] "GET /js_contentserver24_greybox/AJS.js HTTP/1.1" 200 10396 "http://www.mink-gmbh.de/" "Mozilla/4.0 (compatible; MSIE 8.0; Windows NT 5.1; Trident/4.0; .NET CLR 1.1.4322; .NET CLR 2.0.50727; .NET CLR 3.0.04506.30; .NET CLR 3.0.04506.648; .NET CLR 3.0.4506.2152; .NET CLR 3.5.30729)"
193.158.74.218 - - [17/Dec/2013:16:20:48 +0100] "GET / HTTP/1.1" 200 12409 "http://handball.bfc-preussen.de/index.php/aktuelles/veranstaltungen/28-veranstaltungen/228--es-wird-ruhe-im-adlerhorst--besinnliche-gedanken-zur-weihnachtszeit-und-zum-jahreswechsel" "Mozilla/4.0 (compatible; MSIE 8.0; Windows NT 5.1; Trident/4.0; .NET CLR 1.1.4322; .NET CLR 2.0.50727; .NET CLR 3.0.04506.30; .NET CLR 3.0.04506.648; .NET CLR 3.0.4506.2152; .NET CLR 3.5.30729)"
193.158.74.218 - - [17/Dec/2013:16:20:49 +0100] "GET /js_contentserver24_greybox/w_close.gif HTTP/1.1" 200 74 "http://www.mink-gmbh.de/" "Mozilla/4.0 (compatible; MSIE 8.0; Windows NT 5.1; Trident/4.0; .NET CLR 1.1.4322; .NET CLR 2.0.50727; .NET CLR 3.0.04506.30; .NET CLR 3.0.04506.648; .NET CLR 3.0.4506.2152; .NET CLR 3.5.30729)"
193.158.74.218 - - [17/Dec/2013:16:20:49 +0100] "GET /images/bg.png HTTP/1.1" 200 922 "http://www.mink-gmbh.de/" "Mozilla/4.0 (compatible; MSIE 8.0; Windows NT 5.1; Trident/4.0; .NET CLR 1.1.4322; .NET CLR 2.0.50727; .NET CLR 3.0.04506.30; .NET CLR 3.0.04506.648; .NET CLR 3.0.4506.2152; .NET CLR 3.5.30729)"
193.158.74.218 - - [17/Dec/2013:16:20:49 +0100] "GET /js_contentserver24_greybox/header_bg.gif HTTP/1.1" 200 1188 "http://www.mink-gmbh.de/" "Mozilla/4.0 (compatible; MSIE 8.0; Windows NT 5.1; Trident/4.0; .NET CLR 1.1.4322; .NET CLR 2.0.50727; .NET CLR 3.0.04506.30; .NET CLR 3.0.04506.648; .NET CLR 3.0.4506.2152; .NET CLR 3.5.30729)"
193.158.74.218 - - [17/Dec/2013:16:20:49 +0100] "GET /images/wrapperbg.jpg HTTP/1.1" 200 27465 "http://www.mink-gmbh.de/" "Mozilla/4.0 (compatible; MSIE 8.0; Windows NT 5.1; Trident/4.0; .NET CLR 1.1.4322; .NET CLR 2.0.50727; .NET CLR 3.0.04506.30; .NET CLR 3.0.04506.648; .NET CLR 3.0.4506.2152; .NET CLR 3.5.30729)"
193.158.74.218 - - [17/Dec/2013:16:20:49 +0100] "GET /images/navibg.png HTTP/1.1" 200 2803 "http://www.mink-gmbh.de/" "Mozilla/4.0 (compatible; MSIE 8.0; Windows NT 5.1; Trident/4.0; .NET CLR 1.1.4322; .NET CLR 2.0.50727; .NET CLR 3.0.04506.30; .NET CLR 3.0.04506.648; .NET CLR 3.0.4506.2152; .NET CLR 3.5.30729)"
193.158.74.218 - - [17/Dec/2013:16:20:49 +0100] "GET /images/newsletter_bg.jpg HTTP/1.1" 200 33610 "http://www.mink-gmbh.de/" "Mozilla/4.0 (compatible; MSIE 8.0; Windows NT 5.1; Trident/4.0; .NET CLR 1.1.4322; .NET CLR 2.0.50727; .NET CLR 3.0.04506.30; .NET CLR 3.0.04506.648; .NET CLR 3.0.4506.2152; .NET CLR 3.5.30729)"
193.158.74.218 - - [17/Dec/2013:16:20:49 +0100] "GET /images/newsletter.png HTTP/1.1" 200 14619 "http://www.mink-gmbh.de/" "Mozilla/4.0 (compatible; MSIE 8.0; Windows NT 5.1; Trident/4.0; .NET CLR 1.1.4322; .NET CLR 2.0.50727; .NET CLR 3.0.04506.30; .NET CLR 3.0.04506.648; .NET CLR 3.0.4506.2152; .NET CLR 3.5.30729)"
193.158.74.218 - - [17/Dec/2013:16:20:49 +0100] "GET /images/close.png HTTP/1.1" 200 703 "http://www.mink-gmbh.de/" "Mozilla/4.0 (compatible; MSIE 8.0; Windows NT 5.1; Trident/4.0; .NET CLR 1.1.4322; .NET CLR 2.0.50727; .NET CLR 3.0.04506.30; .NET CLR 3.0.04506.648; .NET CLR 3.0.4506.2152; .NET CLR 3.5.30729)"
193.158.74.218 - - [17/Dec/2013:16:20:49 +0100] "GET /images/header.jpg HTTP/1.1" 200 25189 "http://www.mink-gmbh.de/" "Mozilla/4.0 (compatible; MSIE 8.0; Windows NT 5.1; Trident/4.0; .NET CLR 1.1.4322; .NET CLR 2.0.50727; .NET CLR 3.0.04506.30; .NET CLR 3.0.04506.648; .NET CLR 3.0.4506.2152; .NET CLR 3.5.30729)"
193.158.74.218 - - [17/Dec/2013:16:20:49 +0100] "GET /images/steigend.png HTTP/1.1" 200 688 "http://www.mink-gmbh.de/" "Mozilla/4.0 (compatible; MSIE 8.0; Windows NT 5.1; Trident/4.0; .NET CLR 1.1.4322; .NET CLR 2.0.50727; .NET CLR 3.0.04506.30; .NET CLR 3.0.04506.648; .NET CLR 3.0.4506.2152; .NET CLR 3.5.30729)"
193.158.74.218 - - [17/Dec/2013:16:20:49 +0100] "GET /images/fallend.png HTTP/1.1" 200 713 "http://www.mink-gmbh.de/" "Mozilla/4.0 (compatible; MSIE 8.0; Windows NT 5.1; Trident/4.0; .NET CLR 1.1.4322; .NET CLR 2.0.50727; .NET CLR 3.0.04506.30; .NET CLR 3.0.04506.648; .NET CLR 3.0.4506.2152; .NET CLR 3.5.30729)"
193.158.74.218 - - [17/Dec/2013:16:20:49 +0100] "GET /images/freecall.jpg HTTP/1.1" 200 39195 "http://www.mink-gmbh.de/" "Mozilla/4.0 (compatible; MSIE 8.0; Windows NT 5.1; Trident/4.0; .NET CLR 1.1.4322; .NET CLR 2.0.50727; .NET CLR 3.0.04506.30; .NET CLR 3.0.04506.648; .NET CLR 3.0.4506.2152; .NET CLR 3.5.30729)"
193.158.74.218 - - [17/Dec/2013:16:20:49 +0100] "GET /images/kwk.gif HTTP/1.1" 200 6403 "http://www.mink-gmbh.de/" "Mozilla/4.0 (compatible; MSIE 8.0; Windows NT 5.1; Trident/4.0; .NET CLR 1.1.4322; .NET CLR 2.0.50727; .NET CLR 3.0.04506.30; .NET CLR 3.0.04506.648; .NET CLR 3.0.4506.2152; .NET CLR 3.5.30729)"
193.158.74.218 - - [17/Dec/2013:16:20:49 +0100] "GET /images/team-energie.png HTTP/1.1" 200 17383 "http://www.mink-gmbh.de/" "Mozilla/4.0 (compatible; MSIE 8.0; Windows NT 5.1; Trident/4.0; .NET CLR 1.1.4322; .NET CLR 2.0.50727; .NET CLR 3.0.04506.30; .NET CLR 3.0.04506.648; .NET CLR 3.0.4506.2152; .NET CLR 3.5.30729)"
193.158.74.218 - - [17/Dec/2013:16:20:49 +0100] "GET /images/mail.jpg HTTP/1.1" 200 12099 "http://www.mink-gmbh.de/" "Mozilla/4.0 (compatible; MSIE 8.0; Windows NT 5.1; Trident/4.0; .NET CLR 1.1.4322; .NET CLR 2.0.50727; .NET CLR 3.0.04506.30; .NET CLR 3.0.04506.648; .NET CLR 3.0.4506.2152; .NET CLR 3.5.30729)"
193.158.74.218 - - [17/Dec/2013:16:20:49 +0100] "GET /images/tkw.jpg HTTP/1.1" 200 64031 "http://www.mink-gmbh.de/" "Mozilla/4.0 (compatible; MSIE 8.0; Windows NT 5.1; Trident/4.0; .NET CLR 1.1.4322; .NET CLR 2.0.50727; .NET CLR 3.0.04506.30; .NET CLR 3.0.04506.648; .NET CLR 3.0.4506.2152; .NET CLR 3.5.30729)"
193.158.74.218 - - [17/Dec/2013:16:20:49 +0100] "GET /images/wunschpreis.jpg HTTP/1.1" 200 16767 "http://www.mink-gmbh.de/" "Mozilla/4.0 (compatible; MSIE 8.0; Windows NT 5.1; Trident/4.0; .NET CLR 1.1.4322; .NET CLR 2.0.50727; .NET CLR 3.0.04506.30; .NET CLR 3.0.04506.648; .NET CLR 3.0.4506.2152; .NET CLR 3.5.30729)"
193.158.74.218 - - [17/Dec/2013:16:20:49 +0100] "GET /images/logos.jpg?cache1910 HTTP/1.1" 200 35043 "http://www.mink-gmbh.de/" "Mozilla/4.0 (compatible; MSIE 8.0; Windows NT 5.1; Trident/4.0; .NET CLR 1.1.4322; .NET CLR 2.0.50727; .NET CLR 3.0.04506.30; .NET CLR 3.0.04506.648; .NET CLR 3.0.4506.2152; .NET CLR 3.5.30729)"
193.158.74.218 - - [17/Dec/2013:16:20:49 +0100] "GET /images/mobil.jpg HTTP/1.1" 200 25293 "http://www.mink-gmbh.de/" "Mozilla/4.0 (compatible; MSIE 8.0; Windows NT 5.1; Trident/4.0; .NET CLR 1.1.4322; .NET CLR 2.0.50727; .NET CLR 3.0.04506.30; .NET CLR 3.0.04506.648; .NET CLR 3.0.4506.2152; .NET CLR 3.5.30729)"
193.158.74.218 - - [17/Dec/2013:16:20:49 +0100] "GET /images/footerbg.jpg HTTP/1.1" 200 2184 "http://www.mink-gmbh.de/" "Mozilla/4.0 (compatible; MSIE 8.0; Windows NT 5.1; Trident/4.0; .NET CLR 1.1.4322; .NET CLR 2.0.50727; .NET CLR 3.0.04506.30; .NET CLR 3.0.04506.648; .NET CLR 3.0.4506.2152; .NET CLR 3.5.30729)"
193.158.74.218 - - [17/Dec/2013:16:20:49 +0100] "GET /images/newsletter.jpg HTTP/1.1" 200 13130 "http://www.mink-gmbh.de/" "Mozilla/4.0 (compatible; MSIE 8.0; Windows NT 5.1; Trident/4.0; .NET CLR 1.1.4322; .NET CLR 2.0.50727; .NET CLR 3.0.04506.30; .NET CLR 3.0.04506.648; .NET CLR 3.0.4506.2152; .NET CLR 3.5.30729)"
193.158.74.218 - - [17/Dec/2013:16:20:49 +0100] "GET /js_contentserver24_greybox/loader_frame.html?s=0 HTTP/1.1" 200 2084 "http://www.mink-gmbh.de/" "Mozilla/4.0 (compatible; MSIE 8.0; Windows NT 5.1; Trident/4.0; .NET CLR 1.1.4322; .NET CLR 2.0.50727; .NET CLR 3.0.04506.30; .NET CLR 3.0.04506.648; .NET CLR 3.0.4506.2152; .NET CLR 3.5.30729)"
193.158.74.218 - - [17/Dec/2013:16:20:49 +0100] "GET /js_contentserver24_greybox/indicator.gif HTTP/1.1" 200 8238 "http://www.mink-gmbh.de/js_contentserver24_greybox/loader_frame.html?s=0" "Mozilla/4.0 (compatible; MSIE 8.0; Windows NT 5.1; Trident/4.0; .NET CLR 1.1.4322; .NET CLR 2.0.50727; .NET CLR 3.0.04506.30; .NET CLR 3.0.04506.648; .NET CLR 3.0.4506.2152; .NET CLR 3.5.30729)"
193.158.74.218 - - [17/Dec/2013:16:20:50 +0100] "GET /js_contentserver24_greybox/g_close.gif HTTP/1.1" 200 541 "http://www.mink-gmbh.de/" "Mozilla/4.0 (compatible; MSIE 8.0; Windows NT 5.1; Trident/4.0; .NET CLR 1.1.4322; .NET CLR 2.0.50727; .NET CLR 3.0.04506.30; .NET CLR 3.0.04506.648; .NET CLR 3.0.4506.2152; .NET CLR 3.5.30729)"
193.158.74.218 - - [17/Dec/2013:16:20:50 +0100] "GET /favicon.ico HTTP/1.1" 200 3638 "-" "Mozilla/4.0 (compatible; MSIE 8.0; Windows NT 5.1; Trident/4.0; .NET CLR 1.1.4322; .NET CLR 2.0.50727; .NET CLR 3.0.04506.30; .NET CLR 3.0.04506.648; .NET CLR 3.0.4506.2152; .NET CLR 3.5.30729)"
5.10.83.37 - - [17/Dec/2013:16:23:14 +0100] "GET /lexikon.php?cs_go=3&cs_id=27 HTTP/1.1" 200 6080 "-" "Mozilla/5.0 (compatible; AhrefsBot/5.0; +http://ahrefs.com/robot/)"
157.55.33.102 - - [17/Dec/2013:16:27:53 +0100] "GET / HTTP/1.1" 200 12409 "-" "Mozilla/5.0 (compatible; bingbot/2.0; +http://www.bing.com/bingbot.htm)"
157.55.33.102 - - [17/Dec/2013:16:27:54 +0100] "GET / HTTP/1.1" 200 12409 "-" "Mozilla/5.0 (compatible; bingbot/2.0; +http://www.bing.com/bingbot.htm)"
157.55.33.102 - - [17/Dec/2013:16:27:55 +0100] "GET /faq.php HTTP/1.1" 200 216831 "-" "Mozilla/5.0 (compatible; bingbot/2.0; +http://www.bing.com/bingbot.htm)"
157.55.33.102 - - [17/Dec/2013:16:27:58 +0100] "GET /kontakt.php HTTP/1.1" 200 6966 "-" "Mozilla/5.0 (compatible; bingbot/2.0; +http://www.bing.com/bingbot.htm)"
157.55.33.102 - - [17/Dec/2013:16:27:59 +0100] "GET /news.php?cs_go=archiv&cs_id=4565&cs_search= HTTP/1.1" 200 9153 "-" "Mozilla/5.0 (compatible; bingbot/2.0; +http://www.bing.com/bingbot.htm)"
157.55.33.102 - - [17/Dec/2013:16:27:59 +0100] "GET /news.php?cs_go=archiv&cs_id=4567&cs_search= HTTP/1.1" 200 9128 "-" "Mozilla/5.0 (compatible; bingbot/2.0; +http://www.bing.com/bingbot.htm)"
157.55.33.102 - - [17/Dec/2013:16:28:00 +0100] "GET /preisanfrage.php HTTP/1.1" 200 8502 "-" "Mozilla/5.0 (compatible; bingbot/2.0; +http://www.bing.com/bingbot.htm)"
157.55.33.102 - - [17/Dec/2013:16:28:00 +0100] "GET /wunschpreis.php HTTP/1.1" 200 10237 "-" "Mozilla/5.0 (compatible; bingbot/2.0; +http://www.bing.com/bingbot.htm)"
5.10.83.22 - - [17/Dec/2013:16:35:01 +0100] "GET /news.php?cs_go=archiv&cs_id=4629&cs_search= HTTP/1.1" 200 8923 "-" "Mozilla/5.0 (compatible; AhrefsBot/5.0; +http://ahrefs.com/robot/)"
208.115.111.75 - - [17/Dec/2013:16:49:47 +0100] "GET /news.php?cs_go=archiv&cs_id=4710&cs_search= HTTP/1.1" 200 10767 "-" "Mozilla/5.0 (compatible; Ezooms/1.0; help@moz.com)"
208.115.111.75 - - [17/Dec/2013:16:49:51 +0100] "GET /news.php?cs_go=archiv&cs_startpos=230 HTTP/1.1" 200 5966 "-" "Mozilla/5.0 (compatible; Ezooms/1.0; help@moz.com)"
157.55.34.93 - - [17/Dec/2013:16:50:11 +0100] "GET / HTTP/1.1" 200 12409 "-" "Mozilla/5.0 (compatible; bingbot/2.0; +http://www.bing.com/bingbot.htm)"
5.10.83.50 - - [17/Dec/2013:16:51:26 +0100] "GET /lexikon.php?cs_go=3&cs_id=101 HTTP/1.1" 200 7780 "-" "Mozilla/5.0 (compatible; AhrefsBot/5.0; +http://ahrefs.com/robot/)"
144.76.137.226 - - [17/Dec/2013:16:59:25 +0100] "GET /robots.txt HTTP/1.0" 200 177 "-" "Mozilla/5.0 (compatible; MJ12bot/v1.4.4; http://www.majestic12.co.uk/bot.php?+)"
66.249.78.46 - - [17/Dec/2013:17:05:13 +0100] "GET /lexikon.php?cs_go=2&cs_char=l HTTP/1.1" 200 6337 "-" "Mozilla/5.0 (compatible; Googlebot/2.1; +http://www.google.com/bot.html)"
157.55.34.93 - - [17/Dec/2013:17:34:13 +0100] "GET / HTTP/1.1" 200 12420 "-" "Mozilla/5.0 (compatible; bingbot/2.0; +http://www.bing.com/bingbot.htm)"
5.10.83.58 - - [17/Dec/2013:17:34:55 +0100] "GET /news.php?cs_go=archiv&cs_id=4490&cs_search= HTTP/1.1" 200 7603 "-" "Mozilla/5.0 (compatible; AhrefsBot/5.0; +http://ahrefs.com/robot/)"
5.10.83.37 - - [17/Dec/2013:17:49:25 +0100] "GET /news.php?cs_go=archiv&cs_startpos=121 HTTP/1.1" 200 20314 "-" "Mozilla/5.0 (compatible; AhrefsBot/5.0; +http://ahrefs.com/robot/)"
66.249.78.46 - - [17/Dec/2013:17:56:39 +0100] "GET /news.php?cs_go=archiv&cs_id=4113&cs_search= HTTP/1.1" 200 9443 "-" "Mozilla/5.0 (compatible; Googlebot/2.1; +http://www.google.com/bot.html)"
5.10.83.33 - - [17/Dec/2013:17:59:35 +0100] "GET /news.php?cs_go=archiv&cs_id=4732&cs_search= HTTP/1.1" 200 7555 "-" "Mozilla/5.0 (compatible; AhrefsBot/5.0; +http://ahrefs.com/robot/)"
5.10.83.22 - - [17/Dec/2013:18:07:51 +0100] "GET /news.php?cs_go=archiv&cs_id=4553&cs_search= HTTP/1.1" 200 9667 "-" "Mozilla/5.0 (compatible; AhrefsBot/5.0; +http://ahrefs.com/robot/)"
5.10.83.38 - - [17/Dec/2013:18:08:07 +0100] "GET /lexikon.php?cs_go=3&cs_id=90 HTTP/1.1" 200 7129 "-" "Mozilla/5.0 (compatible; AhrefsBot/5.0; +http://ahrefs.com/robot/)"
5.10.83.92 - - [17/Dec/2013:18:13:21 +0100] "GET /news.php?cs_go=archiv&cs_id=4736&cs_search= HTTP/1.1" 200 11535 "-" "Mozilla/5.0 (compatible; AhrefsBot/5.0; +http://ahrefs.com/robot/)"
157.55.32.153 - - [17/Dec/2013:18:17:54 +0100] "GET / HTTP/1.1" 200 12420 "-" "Mozilla/5.0 (compatible; bingbot/2.0; +http://www.bing.com/bingbot.htm)"
5.10.83.58 - - [17/Dec/2013:18:21:27 +0100] "GET /news.php?cs_go=archiv&cs_id=4578&cs_search= HTTP/1.1" 200 9840 "-" "Mozilla/5.0 (compatible; AhrefsBot/5.0; +http://ahrefs.com/robot/)"
5.10.83.82 - - [17/Dec/2013:18:21:35 +0100] "GET /lexikon.php?cs_go=3&cs_id=56 HTTP/1.1" 200 5568 "-" "Mozilla/5.0 (compatible; AhrefsBot/5.0; +http://ahrefs.com/robot/)"
5.10.83.42 - - [17/Dec/2013:18:37:58 +0100] "GET /news.php?cs_go=archiv&cs_id=4577&cs_search= HTTP/1.1" 200 7511 "-" "Mozilla/5.0 (compatible; AhrefsBot/5.0; +http://ahrefs.com/robot/)"
5.10.83.42 - - [17/Dec/2013:18:42:21 +0100] "GET /news.php?cs_go=archiv&cs_id=4741&cs_search= HTTP/1.1" 200 11697 "-" "Mozilla/5.0 (compatible; AhrefsBot/5.0; +http://ahrefs.com/robot/)"
217.172.189.42 - - [17/Dec/2013:18:46:56 +0100] "GET /content/encyclopedia/images/1_023.jpg HTTP/1.1" 404 - "-" "Mozilla/5.0 (compatible; waybackarchive.org/1.0; +spider@waybackarchive.org)"
66.249.78.46 - - [17/Dec/2013:18:48:05 +0100] "GET /lexikon.php?cs_go=2&cs_char=m HTTP/1.1" 200 6637 "-" "Mozilla/5.0 (compatible; Googlebot/2.1; +http://www.google.com/bot.html)"
208.115.111.75 - - [17/Dec/2013:18:49:27 +0100] "GET /robots.txt HTTP/1.1" 200 177 "-" "Mozilla/5.0 (compatible; Ezooms/1.0; help@moz.com)"
5.10.83.92 - - [17/Dec/2013:18:52:02 +0100] "GET /news.php?cs_go=archiv HTTP/1.1" 200 19742 "-" "Mozilla/5.0 (compatible; AhrefsBot/5.0; +http://ahrefs.com/robot/)"
5.10.83.37 - - [17/Dec/2013:18:53:29 +0100] "GET /lexikon.php?cs_go=3&cs_id=44 HTTP/1.1" 200 5567 "-" "Mozilla/5.0 (compatible; AhrefsBot/5.0; +http://ahrefs.com/robot/)"
5.10.83.58 - - [17/Dec/2013:18:53:38 +0100] "GET /lexikon.php?cs_go=3&cs_id=114 HTTP/1.1" 200 6248 "-" "Mozilla/5.0 (compatible; AhrefsBot/5.0; +http://ahrefs.com/robot/)"
66.249.78.46 - - [17/Dec/2013:18:54:36 +0100] "GET /lexikon.php?cs_go=3&cs_id=129 HTTP/1.1" 200 6211 "-" "Mozilla/5.0 (compatible; Googlebot/2.1; +http://www.google.com/bot.html)"
5.10.83.22 - - [17/Dec/2013:18:55:04 +0100] "GET /lexikon.php?cs_go=3&cs_id=137 HTTP/1.1" 200 6890 "-" "Mozilla/5.0 (compatible; AhrefsBot/5.0; +http://ahrefs.com/robot/)"
66.249.78.46 - - [17/Dec/2013:19:01:17 +0100] "GET /news.php?cs_go=archiv&cs_id=4513&cs_search= HTTP/1.1" 200 7689 "-" "Mozilla/5.0 (iPhone; CPU iPhone OS 6_0 like Mac OS X) AppleWebKit/536.26 (KHTML, like Gecko) Version/6.0 Mobile/10A5376e Safari/8536.25 (compatible; Googlebot-Mobile/2.1; +http://www.google.com/bot.html)"
144.76.137.226 - - [17/Dec/2013:19:05:07 +0100] "GET /robots.txt HTTP/1.0" 200 177 "-" "Mozilla/5.0 (compatible; MJ12bot/v1.4.4; http://www.majestic12.co.uk/bot.php?+)"
144.76.137.226 - - [17/Dec/2013:19:05:09 +0100] "GET /news.php?cs_go=archiv&cs_id=4582 HTTP/1.0" 200 9093 "-" "Mozilla/5.0 (compatible; MJ12bot/v1.4.4; http://www.majestic12.co.uk/bot.php?+)"
144.76.137.226 - - [17/Dec/2013:19:05:39 +0100] "GET /news.php?cs_go=archiv&cs_id=4583 HTTP/1.0" 200 13188 "-" "Mozilla/5.0 (compatible; MJ12bot/v1.4.4; http://www.majestic12.co.uk/bot.php?+)"
144.76.137.226 - - [17/Dec/2013:19:05:47 +0100] "GET /news.php?cs_go=archiv&cs_id=4585 HTTP/1.0" 200 7652 "-" "Mozilla/5.0 (compatible; MJ12bot/v1.4.4; http://www.majestic12.co.uk/bot.php?+)"
144.76.137.226 - - [17/Dec/2013:19:05:49 +0100] "GET /news.php?cs_go=archiv&cs_id=4586 HTTP/1.0" 200 8879 "-" "Mozilla/5.0 (compatible; MJ12bot/v1.4.4; http://www.majestic12.co.uk/bot.php?+)"
144.76.137.226 - - [17/Dec/2013:19:06:03 +0100] "GET /news.php?cs_go=archiv&cs_id=4587 HTTP/1.0" 200 10134 "-" "Mozilla/5.0 (compatible; MJ12bot/v1.4.4; http://www.majestic12.co.uk/bot.php?+)"
144.76.137.226 - - [17/Dec/2013:19:06:07 +0100] "GET /news.php?cs_go=archiv&cs_id=4595 HTTP/1.0" 200 7539 "-" "Mozilla/5.0 (compatible; MJ12bot/v1.4.4; http://www.majestic12.co.uk/bot.php?+)"
144.76.137.226 - - [17/Dec/2013:19:06:22 +0100] "GET /news.php?cs_go=archiv&cs_id=4596 HTTP/1.0" 200 9389 "-" "Mozilla/5.0 (compatible; MJ12bot/v1.4.4; http://www.majestic12.co.uk/bot.php?+)"
144.76.137.226 - - [17/Dec/2013:19:06:30 +0100] "GET /news.php?cs_go=archiv&cs_id=4598 HTTP/1.0" 200 11809 "-" "Mozilla/5.0 (compatible; MJ12bot/v1.4.4; http://www.majestic12.co.uk/bot.php?+)"
5.10.83.40 - - [17/Dec/2013:19:10:27 +0100] "GET /news.php?cs_go=archiv&cs_id=4565&cs_search= HTTP/1.1" 200 9153 "-" "Mozilla/5.0 (compatible; AhrefsBot/5.0; +http://ahrefs.com/robot/)"
5.10.83.22 - - [17/Dec/2013:19:10:51 +0100] "GET /news.php?cs_go=archiv&cs_id=4598&cs_search= HTTP/1.1" 200 11809 "-" "Mozilla/5.0 (compatible; AhrefsBot/5.0; +http://ahrefs.com/robot/)"
5.10.83.58 - - [17/Dec/2013:19:28:14 +0100] "GET /\"http://www.brennstoffboerse.de/index.php?go=fluessiggas_pruefung\" HTTP/1.1" 404 - "-" "Mozilla/5.0 (compatible; AhrefsBot/5.0; +http://ahrefs.com/robot/)"
5.10.83.35 - - [17/Dec/2013:19:35:43 +0100] "GET /lexikon.php?cs_go=3&cs_id=167 HTTP/1.1" 200 5566 "-" "Mozilla/5.0 (compatible; AhrefsBot/5.0; +http://ahrefs.com/robot/)"
5.10.83.37 - - [17/Dec/2013:19:36:27 +0100] "GET /news.php?cs_go=archiv&cs_id=4708&cs_search= HTTP/1.1" 200 11180 "-" "Mozilla/5.0 (compatible; AhrefsBot/5.0; +http://ahrefs.com/robot/)"
66.249.78.46 - - [17/Dec/2013:19:45:31 +0100] "GET /news.php HTTP/1.1" 200 19742 "-" "SAMSUNG-SGH-E250/1.0 Profile/MIDP-2.0 Configuration/CLDC-1.1 UP.Browser/6.2.3.3.c.1.101 (GUI) MMP/2.0 (compatible; Googlebot-Mobile/2.1; +http://www.google.com/bot.html)"
5.10.83.50 - - [17/Dec/2013:19:51:20 +0100] "GET /lexikon.php?cs_go=3&cs_id=83 HTTP/1.1" 200 5999 "-" "Mozilla/5.0 (compatible; AhrefsBot/5.0; +http://ahrefs.com/robot/)"
66.249.78.46 - - [17/Dec/2013:19:52:22 +0100] "GET /news.php?cs_go=archiv&cs_id=4747 HTTP/1.1" 200 13330 "-" "Mozilla/5.0 (iPhone; CPU iPhone OS 6_0 like Mac OS X) AppleWebKit/536.26 (KHTML, like Gecko) Version/6.0 Mobile/10A5376e Safari/8536.25 (compatible; Googlebot-Mobile/2.1; +http://www.google.com/bot.html)"
5.10.83.92 - - [17/Dec/2013:19:53:07 +0100] "GET /lexikon.php?cs_go=3&cs_id=67 HTTP/1.1" 200 6190 "-" "Mozilla/5.0 (compatible; AhrefsBot/5.0; +http://ahrefs.com/robot/)"
5.10.83.82 - - [17/Dec/2013:19:53:35 +0100] "GET /news.php HTTP/1.1" 200 19742 "-" "Mozilla/5.0 (compatible; AhrefsBot/5.0; +http://ahrefs.com/robot/)"
66.249.78.46 - - [17/Dec/2013:19:54:14 +0100] "GET /lexikon.php?cs_go=3&cs_id=125 HTTP/1.1" 200 6543 "-" "Mozilla/5.0 (compatible; Googlebot/2.1; +http://www.google.com/bot.html)"
5.10.83.33 - - [17/Dec/2013:20:08:43 +0100] "GET /news.php?cs_go=archiv&cs_startpos=80 HTTP/1.1" 200 20502 "-" "Mozilla/5.0 (compatible; AhrefsBot/5.0; +http://ahrefs.com/robot/)"
5.10.83.58 - - [17/Dec/2013:20:09:43 +0100] "GET /news.php?cs_go=archiv&cs_id=4502&cs_search= HTTP/1.1" 200 7537 "-" "Mozilla/5.0 (compatible; AhrefsBot/5.0; +http://ahrefs.com/robot/)"
5.10.83.92 - - [17/Dec/2013:20:22:35 +0100] "GET /news.php?cs_go=archiv&cs_id=4679&cs_search= HTTP/1.1" 200 11686 "-" "Mozilla/5.0 (compatible; AhrefsBot/5.0; +http://ahrefs.com/robot/)"
5.10.83.92 - - [17/Dec/2013:20:27:23 +0100] "GET /news.php?cs_go=archiv&cs_startpos=220 HTTP/1.1" 200 6150 "-" "Mozilla/5.0 (compatible; AhrefsBot/5.0; +http://ahrefs.com/robot/)"
5.10.83.92 - - [17/Dec/2013:20:35:46 +0100] "GET /news.php?cs_go=archiv&cs_id=4667&cs_search= HTTP/1.1" 200 7519 "-" "Mozilla/5.0 (compatible; AhrefsBot/5.0; +http://ahrefs.com/robot/)"
5.10.83.38 - - [17/Dec/2013:20:36:05 +0100] "GET /news.php?cs_go=archiv&cs_id=4634&cs_search= HTTP/1.1" 200 7809 "-" "Mozilla/5.0 (compatible; AhrefsBot/5.0; +http://ahrefs.com/robot/)"
65.36.241.79 - - [17/Dec/2013:20:36:06 +0100] "HEAD / HTTP/1.1" 200 - "-" "InternetSeer.com"
5.10.83.101 - - [17/Dec/2013:20:38:17 +0100] "GET /lexikon.php?cs_go=3&cs_id=1 HTTP/1.1" 200 6127 "-" "Mozilla/5.0 (compatible; AhrefsBot/5.0; +http://ahrefs.com/robot/)"
66.249.78.46 - - [17/Dec/2013:20:38:19 +0100] "GET /news.php?cs_go=archiv&cs_id=3000&cs_search= HTTP/1.1" 200 13254 "-" "Mozilla/5.0 (compatible; Googlebot/2.1; +http://www.google.com/bot.html)"
208.115.111.75 - - [17/Dec/2013:20:42:39 +0100] "GET /news.php?cs_go=archiv&cs_startpos=20 HTTP/1.1" 200 20163 "-" "Mozilla/5.0 (compatible; Ezooms/1.0; help@moz.com)"
5.10.83.37 - - [17/Dec/2013:20:50:54 +0100] "GET /lexikon.php?cs_go=2&cs_char=n HTTP/1.1" 200 6142 "-" "Mozilla/5.0 (compatible; AhrefsBot/5.0; +http://ahrefs.com/robot/)"
5.10.83.35 - - [17/Dec/2013:20:59:54 +0100] "GET /news.php?cs_go=archiv&cs_id=4587&cs_search= HTTP/1.1" 200 10134 "-" "Mozilla/5.0 (compatible; AhrefsBot/5.0; +http://ahrefs.com/robot/)"
5.10.83.101 - - [17/Dec/2013:21:06:40 +0100] "GET /lexikon.php?cs_go=2&cs_char=f HTTP/1.1" 200 7159 "-" "Mozilla/5.0 (compatible; AhrefsBot/5.0; +http://ahrefs.com/robot/)"
5.10.83.40 - - [17/Dec/2013:21:09:26 +0100] "GET /lexikon.php?cs_go=3&cs_id=21 HTTP/1.1" 200 6669 "-" "Mozilla/5.0 (compatible; AhrefsBot/5.0; +http://ahrefs.com/robot/)"
5.10.83.38 - - [17/Dec/2013:21:13:56 +0100] "GET /lexikon.php?cs_go=3&cs_id=230 HTTP/1.1" 200 6124 "-" "Mozilla/5.0 (compatible; AhrefsBot/5.0; +http://ahrefs.com/robot/)"
66.249.78.46 - - [17/Dec/2013:21:29:45 +0100] "GET /news.php?cs_go=archiv&cs_id=2911 HTTP/1.1" 200 11466 "-" "Mozilla/5.0 (compatible; Googlebot/2.1; +http://www.google.com/bot.html)"
5.10.83.82 - - [17/Dec/2013:21:51:47 +0100] "GET /news.php?cs_go=archiv&cs_id=4692&cs_search= HTTP/1.1" 200 11268 "-" "Mozilla/5.0 (compatible; AhrefsBot/5.0; +http://ahrefs.com/robot/)"
46.229.164.102 - - [17/Dec/2013:22:06:59 +0100] "GET / HTTP/1.1" 200 12420 "-" "Mozilla/5.0 (compatible; SemrushBot/0.97; +http://www.semrush.com/bot.html)"
5.10.83.40 - - [17/Dec/2013:22:14:59 +0100] "GET /lexikon.php?cs_go=3&cs_id=165 HTTP/1.1" 200 5850 "-" "Mozilla/5.0 (compatible; AhrefsBot/5.0; +http://ahrefs.com/robot/)"
5.10.83.35 - - [17/Dec/2013:22:20:07 +0100] "GET /jobs.php HTTP/1.1" 200 4965 "-" "Mozilla/5.0 (compatible; AhrefsBot/5.0; +http://ahrefs.com/robot/)"
5.10.83.22 - - [17/Dec/2013:22:20:47 +0100] "GET /lexikon.php?cs_go=3&cs_id=88 HTTP/1.1" 200 6380 "-" "Mozilla/5.0 (compatible; AhrefsBot/5.0; +http://ahrefs.com/robot/)"
5.10.83.50 - - [17/Dec/2013:22:37:20 +0100] "GET /news.php?cs_go=archiv&cs_startpos=170 HTTP/1.1" 200 20702 "-" "Mozilla/5.0 (compatible; AhrefsBot/5.0; +http://ahrefs.com/robot/)"
5.10.83.82 - - [17/Dec/2013:22:38:54 +0100] "GET /lexikon.php?cs_go=3&cs_id=218 HTTP/1.1" 200 5578 "-" "Mozilla/5.0 (compatible; AhrefsBot/5.0; +http://ahrefs.com/robot/)"
5.10.83.58 - - [17/Dec/2013:22:44:16 +0100] "GET /news.php?cs_go=archiv&cs_id=4727&cs_search= HTTP/1.1" 200 7729 "-" "Mozilla/5.0 (compatible; AhrefsBot/5.0; +http://ahrefs.com/robot/)"
5.10.83.92 - - [17/Dec/2013:22:50:00 +0100] "GET /faq.php HTTP/1.1" 200 216831 "-" "Mozilla/5.0 (compatible; AhrefsBot/5.0; +http://ahrefs.com/robot/)"
208.115.111.75 - - [17/Dec/2013:22:50:50 +0100] "GET /robots.txt HTTP/1.1" 200 177 "-" "Mozilla/5.0 (compatible; Ezooms/1.0; help@moz.com)"
66.249.78.46 - - [17/Dec/2013:22:55:46 +0100] "GET /news.php?cs_go=archiv&cs_startpos=180 HTTP/1.1" 200 20469 "-" "Mozilla/5.0 (iPhone; CPU iPhone OS 6_0 like Mac OS X) AppleWebKit/536.26 (KHTML, like Gecko) Version/6.0 Mobile/10A5376e Safari/8536.25 (compatible; Googlebot-Mobile/2.1; +http://www.google.com/bot.html)"
5.10.83.92 - - [17/Dec/2013:23:00:31 +0100] "GET /news.php?cs_go=archiv&cs_id=4499&cs_search= HTTP/1.1" 200 8910 "-" "Mozilla/5.0 (compatible; AhrefsBot/5.0; +http://ahrefs.com/robot/)"
5.10.83.22 - - [17/Dec/2013:23:00:35 +0100] "GET /rueckrufservice.php HTTP/1.1" 200 8300 "-" "Mozilla/5.0 (compatible; AhrefsBot/5.0; +http://ahrefs.com/robot/)"
5.10.83.35 - - [17/Dec/2013:23:08:48 +0100] "GET /lexikon.php?cs_go=2&cs_char=o HTTP/1.1" 200 6825 "-" "Mozilla/5.0 (compatible; AhrefsBot/5.0; +http://ahrefs.com/robot/)"
66.249.78.46 - - [17/Dec/2013:23:10:25 +0100] "GET /style.css HTTP/1.1" 200 8402 "-" "Mozilla/5.0 (compatible; Googlebot/2.1; +http://www.google.com/bot.html)"
5.10.83.58 - - [17/Dec/2013:23:11:15 +0100] "GET /news.php?cs_go=archiv&cs_startpos=210 HTTP/1.1" 200 7588 "-" "Mozilla/5.0 (compatible; AhrefsBot/5.0; +http://ahrefs.com/robot/)"
66.249.78.46 - - [17/Dec/2013:23:12:38 +0100] "GET /news.php?cs_go=archiv&cs_id=4617 HTTP/1.1" 200 9475 "-" "Mozilla/5.0 (compatible; Googlebot/2.1; +http://www.google.com/bot.html)"
5.10.83.42 - - [17/Dec/2013:23:21:51 +0100] "GET /lexikon.php?cs_go=3&cs_id=84 HTTP/1.1" 200 5919 "-" "Mozilla/5.0 (compatible; AhrefsBot/5.0; +http://ahrefs.com/robot/)"
5.10.83.58 - - [17/Dec/2013:23:28:13 +0100] "GET /lexikon.php?cs_go=3&cs_id=138 HTTP/1.1" 200 6468 "-" "Mozilla/5.0 (compatible; AhrefsBot/5.0; +http://ahrefs.com/robot/)"
5.10.83.92 - - [17/Dec/2013:23:29:35 +0100] "GET /lexikon.php?cs_go=3&cs_id=123 HTTP/1.1" 200 5620 "-" "Mozilla/5.0 (compatible; AhrefsBot/5.0; +http://ahrefs.com/robot/)"
5.10.83.22 - - [17/Dec/2013:23:38:37 +0100] "GET /news.php?cs_go=archiv&cs_id=4722&cs_search= HTTP/1.1" 200 11340 "-" "Mozilla/5.0 (compatible; AhrefsBot/5.0; +http://ahrefs.com/robot/)"
5.10.83.58 - - [17/Dec/2013:23:43:53 +0100] "GET /news.php?cs_go=archiv&cs_id=4724&cs_search= HTTP/1.1" 200 9026 "-" "Mozilla/5.0 (compatible; AhrefsBot/5.0; +http://ahrefs.com/robot/)"
5.10.83.33 - - [17/Dec/2013:23:49:51 +0100] "GET /lexikon.php?cs_go=3&cs_id=26 HTTP/1.1" 200 8372 "-" "Mozilla/5.0 (compatible; AhrefsBot/5.0; +http://ahrefs.com/robot/)"
5.10.83.22 - - [17/Dec/2013:23:54:39 +0100] "GET /lexikon.php?cs_go=3&cs_id=121 HTTP/1.1" 200 5937 "-" "Mozilla/5.0 (compatible; AhrefsBot/5.0; +http://ahrefs.com/robot/)"
5.10.83.33 - - [17/Dec/2013:23:58:07 +0100] "GET /lexikon.php?cs_go=3&cs_id=205 HTTP/1.1" 200 5863 "-" "Mozilla/5.0 (compatible; AhrefsBot/5.0; +http://ahrefs.com/robot/)"
5.10.83.101 - - [18/Dec/2013:00:06:19 +0100] "GET /news.php?cs_go=archiv&cs_id=4546&cs_search= HTTP/1.1" 200 8177 "-" "Mozilla/5.0 (compatible; AhrefsBot/5.0; +http://ahrefs.com/robot/)"
5.10.83.58 - - [18/Dec/2013:00:10:37 +0100] "GET /lexikon.php?cs_go=3&cs_id=99 HTTP/1.1" 200 7064 "-" "Mozilla/5.0 (compatible; AhrefsBot/5.0; +http://ahrefs.com/robot/)"
66.249.78.46 - - [18/Dec/2013:00:11:25 +0100] "GET /news.php?cs_go=archiv&cs_id=4633 HTTP/1.1" 200 11670 "-" "Mozilla/5.0 (compatible; Googlebot/2.1; +http://www.google.com/bot.html)"
66.249.78.46 - - [18/Dec/2013:00:33:28 +0100] "GET /news.php?cs_go=archiv&cs_id=4634 HTTP/1.1" 200 7809 "-" "Mozilla/5.0 (compatible; Googlebot/2.1; +http://www.google.com/bot.html)"
5.10.83.82 - - [18/Dec/2013:00:37:06 +0100] "GET /lexikon.php?cs_go=3&cs_id=181 HTTP/1.1" 200 5557 "-" "Mozilla/5.0 (compatible; AhrefsBot/5.0; +http://ahrefs.com/robot/)"
208.115.111.75 - - [18/Dec/2013:00:41:12 +0100] "GET /preisanfrage.php HTTP/1.1" 200 8502 "-" "Mozilla/5.0 (compatible; Ezooms/1.0; help@moz.com)"
5.10.83.38 - - [18/Dec/2013:00:42:23 +0100] "GET /news.php?cs_go=archiv&cs_id=4749&cs_search= HTTP/1.1" 200 11351 "-" "Mozilla/5.0 (compatible; AhrefsBot/5.0; +http://ahrefs.com/robot/)"
5.10.83.22 - - [18/Dec/2013:00:46:20 +0100] "GET /lexikon.php?cs_go=2&cs_char=k HTTP/1.1" 200 7443 "-" "Mozilla/5.0 (compatible; AhrefsBot/5.0; +http://ahrefs.com/robot/)"
66.249.75.49 - - [18/Dec/2013:00:47:15 +0100] "GET /images/RAL_Guetezeichen_Energiehandel.pdf HTTP/1.1" 200 288367 "-" "DoCoMo/2.0 N905i(c100;TB;W24H16) (compatible; Googlebot-Mobile/2.1; +http://www.google.com/bot.html)"
5.10.83.42 - - [18/Dec/2013:00:50:14 +0100] "GET /\"http://www.brennstoffboerse.de/index.php?go=fluessiggas_tank\" HTTP/1.1" 404 - "-" "Mozilla/5.0 (compatible; AhrefsBot/5.0; +http://ahrefs.com/robot/)"
5.10.83.92 - - [18/Dec/2013:00:56:47 +0100] "GET /lexikon.php?cs_go=2&cs_char=z HTTP/1.1" 200 5825 "-" "Mozilla/5.0 (compatible; AhrefsBot/5.0; +http://ahrefs.com/robot/)"
5.10.83.38 - - [18/Dec/2013:01:05:31 +0100] "GET /lexikon.php?cs_go=3&cs_id=24 HTTP/1.1" 200 5633 "-" "Mozilla/5.0 (compatible; AhrefsBot/5.0; +http://ahrefs.com/robot/)"
5.10.83.92 - - [18/Dec/2013:01:08:26 +0100] "GET /lexikon.php?cs_go=3&cs_id=66 HTTP/1.1" 200 5561 "-" "Mozilla/5.0 (compatible; AhrefsBot/5.0; +http://ahrefs.com/robot/)"
5.10.83.58 - - [18/Dec/2013:01:10:06 +0100] "GET /lexikon.php?cs_go=3&cs_id=202 HTTP/1.1" 200 6083 "-" "Mozilla/5.0 (compatible; AhrefsBot/5.0; +http://ahrefs.com/robot/)"
82.94.179.38 - - [18/Dec/2013:01:17:33 +0100] "GET /robots.txt HTTP/1.0" 200 177 "-" "Mozilla/4.0 (compatible; Freshbot/1.0/EU; http://webagent.wise-guys.nl/)"
82.94.179.38 - - [18/Dec/2013:01:17:33 +0100] "GET / HTTP/1.1" 200 12420 "-" "Mozilla/5.0 (X11; Linux i686; rv:6.0) Gecko/20100101 Firefox/6.0 (Freshbot/1.0/EU; http://webagent.wise-guys.nl/)"
5.10.83.58 - - [18/Dec/2013:01:21:42 +0100] "GET /lexikon.php?cs_go=3&cs_id=81 HTTP/1.1" 200 5984 "-" "Mozilla/5.0 (compatible; AhrefsBot/5.0; +http://ahrefs.com/robot/)"
5.10.83.82 - - [18/Dec/2013:01:24:12 +0100] "GET /edl.php HTTP/1.1" 200 8596 "-" "Mozilla/5.0 (compatible; AhrefsBot/5.0; +http://ahrefs.com/robot/)"
5.10.83.101 - - [18/Dec/2013:01:26:54 +0100] "GET /news.php?cs_go=archiv&cs_id=4723&cs_search= HTTP/1.1" 200 7554 "-" "Mozilla/5.0 (compatible; AhrefsBot/5.0; +http://ahrefs.com/robot/)"
