144.76.95.231 - - [13/Dec/2013:00:19:53 +0100] "GET /robots.txt HTTP/1.0" 200 177 "-" "Mozilla/5.0 (compatible; MJ12bot/v1.4.4; http://www.majestic12.co.uk/bot.php?+)"
144.76.95.231 - - [13/Dec/2013:00:20:45 +0100] "GET /news.php?cs_go=archiv&cs_id=4565&cs_search= HTTP/1.0" 200 9153 "-" "Mozilla/5.0 (compatible; MJ12bot/v1.4.4; http://www.majestic12.co.uk/bot.php?+)"
144.76.95.231 - - [13/Dec/2013:00:21:06 +0100] "GET /news.php?cs_go=archiv&cs_id=4567&cs_search= HTTP/1.0" 200 9128 "-" "Mozilla/5.0 (compatible; MJ12bot/v1.4.4; http://www.majestic12.co.uk/bot.php?+)"
144.76.95.231 - - [13/Dec/2013:00:21:32 +0100] "GET /robots.txt HTTP/1.0" 200 177 "-" "Mozilla/5.0 (compatible; MJ12bot/v1.4.4; http://www.majestic12.co.uk/bot.php?+)"
144.76.95.231 - - [13/Dec/2013:00:21:59 +0100] "GET /news.php?cs_go=archiv&cs_id=4568&cs_search= HTTP/1.0" 200 9631 "-" "Mozilla/5.0 (compatible; MJ12bot/v1.4.4; http://www.majestic12.co.uk/bot.php?+)"
144.76.95.231 - - [13/Dec/2013:00:22:53 +0100] "GET /news.php?cs_go=archiv&cs_id=4569&cs_search= HTTP/1.0" 200 7695 "-" "Mozilla/5.0 (compatible; MJ12bot/v1.4.4; http://www.majestic12.co.uk/bot.php?+)"
144.76.95.231 - - [13/Dec/2013:00:23:10 +0100] "GET /news.php?cs_go=archiv&cs_id=4570&cs_search= HTTP/1.0" 200 8313 "-" "Mozilla/5.0 (compatible; MJ12bot/v1.4.4; http://www.majestic12.co.uk/bot.php?+)"
144.76.95.231 - - [13/Dec/2013:00:23:37 +0100] "GET /robots.txt HTTP/1.0" 200 177 "-" "Mozilla/5.0 (compatible; MJ12bot/v1.4.4; http://www.majestic12.co.uk/bot.php?+)"
144.76.95.231 - - [13/Dec/2013:00:24:04 +0100] "GET /news.php?cs_go=archiv&cs_id=4572&cs_search= HTTP/1.0" 200 11817 "-" "Mozilla/5.0 (compatible; MJ12bot/v1.4.4; http://www.majestic12.co.uk/bot.php?+)"
144.76.95.231 - - [13/Dec/2013:00:24:39 +0100] "GET /robots.txt HTTP/1.0" 200 177 "-" "Mozilla/5.0 (compatible; MJ12bot/v1.4.4; http://www.majestic12.co.uk/bot.php?+)"
144.76.95.231 - - [13/Dec/2013:00:25:33 +0100] "GET /news.php?cs_go=archiv&cs_id=4573&cs_search= HTTP/1.0" 200 7523 "-" "Mozilla/5.0 (compatible; MJ12bot/v1.4.4; http://www.majestic12.co.uk/bot.php?+)"
144.76.95.231 - - [13/Dec/2013:00:25:41 +0100] "GET /robots.txt HTTP/1.0" 200 177 "-" "Mozilla/5.0 (compatible; MJ12bot/v1.4.4; http://www.majestic12.co.uk/bot.php?+)"
144.76.95.231 - - [13/Dec/2013:00:25:47 +0100] "GET /news.php?cs_go=archiv&cs_id=4575&cs_search= HTTP/1.0" 200 8368 "-" "Mozilla/5.0 (compatible; MJ12bot/v1.4.4; http://www.majestic12.co.uk/bot.php?+)"
144.76.95.231 - - [13/Dec/2013:00:26:19 +0100] "GET /news.php?cs_go=archiv&cs_id=4576&cs_search= HTTP/1.0" 200 11936 "-" "Mozilla/5.0 (compatible; MJ12bot/v1.4.4; http://www.majestic12.co.uk/bot.php?+)"
144.76.95.231 - - [13/Dec/2013:00:26:35 +0100] "GET /news.php?cs_go=archiv&cs_id=4577&cs_search= HTTP/1.0" 200 7511 "-" "Mozilla/5.0 (compatible; MJ12bot/v1.4.4; http://www.majestic12.co.uk/bot.php?+)"
144.76.95.231 - - [13/Dec/2013:00:27:02 +0100] "GET /robots.txt HTTP/1.0" 200 177 "-" "Mozilla/5.0 (compatible; MJ12bot/v1.4.4; http://www.majestic12.co.uk/bot.php?+)"
144.76.95.231 - - [13/Dec/2013:00:27:10 +0100] "GET /news.php?cs_go=archiv&cs_id=4578&cs_search= HTTP/1.0" 200 9840 "-" "Mozilla/5.0 (compatible; MJ12bot/v1.4.4; http://www.majestic12.co.uk/bot.php?+)"
144.76.95.231 - - [13/Dec/2013:00:27:15 +0100] "GET /news.php?cs_go=archiv&cs_id=4579&cs_search= HTTP/1.0" 200 8969 "-" "Mozilla/5.0 (compatible; MJ12bot/v1.4.4; http://www.majestic12.co.uk/bot.php?+)"
144.76.95.231 - - [13/Dec/2013:00:27:20 +0100] "GET /news.php?cs_go=archiv&cs_id=4580&cs_search= HTTP/1.0" 200 11460 "-" "Mozilla/5.0 (compatible; MJ12bot/v1.4.4; http://www.majestic12.co.uk/bot.php?+)"
144.76.95.231 - - [13/Dec/2013:00:27:38 +0100] "GET /news.php?cs_go=archiv&cs_id=4581&cs_search= HTTP/1.0" 200 7633 "-" "Mozilla/5.0 (compatible; MJ12bot/v1.4.4; http://www.majestic12.co.uk/bot.php?+)"
144.76.95.231 - - [13/Dec/2013:00:27:56 +0100] "GET /news.php?cs_go=archiv&cs_id=4582&cs_search= HTTP/1.0" 200 9093 "-" "Mozilla/5.0 (compatible; MJ12bot/v1.4.4; http://www.majestic12.co.uk/bot.php?+)"
144.76.95.231 - - [13/Dec/2013:00:28:12 +0100] "GET /news.php?cs_go=archiv&cs_id=4583&cs_search= HTTP/1.0" 200 13188 "-" "Mozilla/5.0 (compatible; MJ12bot/v1.4.4; http://www.majestic12.co.uk/bot.php?+)"
144.76.95.231 - - [13/Dec/2013:00:28:18 +0100] "GET /news.php?cs_go=archiv&cs_id=4585&cs_search= HTTP/1.0" 200 7652 "-" "Mozilla/5.0 (compatible; MJ12bot/v1.4.4; http://www.majestic12.co.uk/bot.php?+)"
144.76.95.231 - - [13/Dec/2013:00:28:24 +0100] "GET /news.php?cs_go=archiv&cs_id=4586&cs_search= HTTP/1.0" 200 8879 "-" "Mozilla/5.0 (compatible; MJ12bot/v1.4.4; http://www.majestic12.co.uk/bot.php?+)"
144.76.95.231 - - [13/Dec/2013:00:28:35 +0100] "GET /news.php?cs_go=archiv&cs_id=4587&cs_search= HTTP/1.0" 200 10134 "-" "Mozilla/5.0 (compatible; MJ12bot/v1.4.4; http://www.majestic12.co.uk/bot.php?+)"
144.76.95.231 - - [13/Dec/2013:00:28:45 +0100] "GET /robots.txt HTTP/1.0" 200 177 "-" "Mozilla/5.0 (compatible; MJ12bot/v1.4.4; http://www.majestic12.co.uk/bot.php?+)"
144.76.95.231 - - [13/Dec/2013:00:28:56 +0100] "GET /news.php?cs_go=archiv&cs_id=4588&cs_search= HTTP/1.0" 200 9557 "-" "Mozilla/5.0 (compatible; MJ12bot/v1.4.4; http://www.majestic12.co.uk/bot.php?+)"
144.76.95.231 - - [13/Dec/2013:00:29:05 +0100] "GET /news.php?cs_go=archiv&cs_id=4589&cs_search= HTTP/1.0" 200 11787 "-" "Mozilla/5.0 (compatible; MJ12bot/v1.4.4; http://www.majestic12.co.uk/bot.php?+)"
144.76.95.231 - - [13/Dec/2013:00:29:17 +0100] "GET /news.php?cs_go=archiv&cs_id=4590&cs_search= HTTP/1.0" 200 7746 "-" "Mozilla/5.0 (compatible; MJ12bot/v1.4.4; http://www.majestic12.co.uk/bot.php?+)"
144.76.95.231 - - [13/Dec/2013:00:29:26 +0100] "GET /news.php?cs_go=archiv&cs_id=4591&cs_search= HTTP/1.0" 200 8426 "-" "Mozilla/5.0 (compatible; MJ12bot/v1.4.4; http://www.majestic12.co.uk/bot.php?+)"
144.76.95.231 - - [13/Dec/2013:00:29:32 +0100] "GET /news.php?cs_go=archiv&cs_id=4595&cs_search= HTTP/1.0" 200 7539 "-" "Mozilla/5.0 (compatible; MJ12bot/v1.4.4; http://www.majestic12.co.uk/bot.php?+)"
144.76.95.231 - - [13/Dec/2013:00:29:40 +0100] "GET /news.php?cs_go=archiv&cs_id=4596&cs_search= HTTP/1.0" 200 9389 "-" "Mozilla/5.0 (compatible; MJ12bot/v1.4.4; http://www.majestic12.co.uk/bot.php?+)"
144.76.95.231 - - [13/Dec/2013:00:29:47 +0100] "GET /news.php?cs_go=archiv&cs_id=4597&cs_search= HTTP/1.0" 200 19782 "-" "Mozilla/5.0 (compatible; MJ12bot/v1.4.4; http://www.majestic12.co.uk/bot.php?+)"
144.76.95.231 - - [13/Dec/2013:00:29:54 +0100] "GET /news.php?cs_go=archiv&cs_id=4598&cs_search= HTTP/1.0" 200 11809 "-" "Mozilla/5.0 (compatible; MJ12bot/v1.4.4; http://www.majestic12.co.uk/bot.php?+)"
144.76.95.231 - - [13/Dec/2013:00:30:02 +0100] "GET /news.php?cs_go=archiv&cs_id=4599&cs_search= HTTP/1.0" 200 7509 "-" "Mozilla/5.0 (compatible; MJ12bot/v1.4.4; http://www.majestic12.co.uk/bot.php?+)"
144.76.95.231 - - [13/Dec/2013:00:30:09 +0100] "GET /news.php?cs_go=archiv&cs_id=4645&cs_search= HTTP/1.0" 200 7509 "-" "Mozilla/5.0 (compatible; MJ12bot/v1.4.4; http://www.majestic12.co.uk/bot.php?+)"
144.76.95.231 - - [13/Dec/2013:00:30:25 +0100] "GET /news.php?cs_go=archiv&cs_id=4646&cs_search= HTTP/1.0" 200 10720 "-" "Mozilla/5.0 (compatible; MJ12bot/v1.4.4; http://www.majestic12.co.uk/bot.php?+)"
144.76.95.231 - - [13/Dec/2013:00:30:31 +0100] "GET /news.php?cs_go=archiv&cs_id=4647&cs_search= HTTP/1.0" 200 8188 "-" "Mozilla/5.0 (compatible; MJ12bot/v1.4.4; http://www.majestic12.co.uk/bot.php?+)"
144.76.95.231 - - [13/Dec/2013:00:30:49 +0100] "GET /news.php?cs_go=archiv&cs_id=4648&cs_search= HTTP/1.0" 200 9572 "-" "Mozilla/5.0 (compatible; MJ12bot/v1.4.4; http://www.majestic12.co.uk/bot.php?+)"
144.76.95.231 - - [13/Dec/2013:00:31:11 +0100] "GET /news.php?cs_go=archiv&cs_id=4650&cs_search= HTTP/1.0" 200 11730 "-" "Mozilla/5.0 (compatible; MJ12bot/v1.4.4; http://www.majestic12.co.uk/bot.php?+)"
144.76.95.231 - - [13/Dec/2013:00:31:19 +0100] "GET /robots.txt HTTP/1.0" 200 177 "-" "Mozilla/5.0 (compatible; MJ12bot/v1.4.4; http://www.majestic12.co.uk/bot.php?+)"
144.76.95.231 - - [13/Dec/2013:00:31:25 +0100] "GET /news.php?cs_go=archiv&cs_id=4651&cs_search= HTTP/1.0" 200 7557 "-" "Mozilla/5.0 (compatible; MJ12bot/v1.4.4; http://www.majestic12.co.uk/bot.php?+)"
144.76.95.231 - - [13/Dec/2013:00:31:30 +0100] "GET /news.php?cs_go=archiv&cs_id=4653&cs_search= HTTP/1.0" 200 7521 "-" "Mozilla/5.0 (compatible; MJ12bot/v1.4.4; http://www.majestic12.co.uk/bot.php?+)"
157.55.33.19 - - [13/Dec/2013:00:38:23 +0100] "GET /robots.txt HTTP/1.1" 200 177 "-" "Mozilla/5.0 (compatible; bingbot/2.0; +http://www.bing.com/bingbot.htm)"
157.55.33.19 - - [13/Dec/2013:00:41:51 +0100] "GET /news.php?cs_go=archiv&cs_id=4694&cs_search= HTTP/1.1" 200 7764 "-" "Mozilla/5.0 (compatible; bingbot/2.0; +http://www.bing.com/bingbot.htm)"
85.176.77.188 - - [13/Dec/2013:00:44:26 +0100] "GET /style.css HTTP/1.1" 200 8402 "http://www.mink-gmbh.de/" "Mozilla/5.0 (Windows NT 6.0) AppleWebKit/537.36 (KHTML, like Gecko) Chrome/31.0.1650.63 Safari/537.36"
85.176.77.188 - - [13/Dec/2013:00:44:26 +0100] "GET /js_contentserver24_greybox/gb_styles.css HTTP/1.1" 200 2302 "http://www.mink-gmbh.de/" "Mozilla/5.0 (Windows NT 6.0) AppleWebKit/537.36 (KHTML, like Gecko) Chrome/31.0.1650.63 Safari/537.36"
85.176.77.188 - - [13/Dec/2013:00:44:26 +0100] "GET /js_contentserver24_greybox/AJS_fx.js HTTP/1.1" 200 3192 "http://www.mink-gmbh.de/" "Mozilla/5.0 (Windows NT 6.0) AppleWebKit/537.36 (KHTML, like Gecko) Chrome/31.0.1650.63 Safari/537.36"
85.176.77.188 - - [13/Dec/2013:00:44:26 +0100] "GET /js_contentserver24_greybox/AJS.js HTTP/1.1" 200 10396 "http://www.mink-gmbh.de/" "Mozilla/5.0 (Windows NT 6.0) AppleWebKit/537.36 (KHTML, like Gecko) Chrome/31.0.1650.63 Safari/537.36"
85.176.77.188 - - [13/Dec/2013:00:44:26 +0100] "GET /modul.css HTTP/1.1" 200 35038 "http://www.mink-gmbh.de/" "Mozilla/5.0 (Windows NT 6.0) AppleWebKit/537.36 (KHTML, like Gecko) Chrome/31.0.1650.63 Safari/537.36"
85.176.77.188 - - [13/Dec/2013:00:44:26 +0100] "GET /images/bg.png HTTP/1.1" 200 922 "http://www.mink-gmbh.de/" "Mozilla/5.0 (Windows NT 6.0) AppleWebKit/537.36 (KHTML, like Gecko) Chrome/31.0.1650.63 Safari/537.36"
85.176.77.188 - - [13/Dec/2013:00:44:26 +0100] "GET /js_contentserver24_greybox/gb_scripts.js HTTP/1.1" 200 11913 "http://www.mink-gmbh.de/" "Mozilla/5.0 (Windows NT 6.0) AppleWebKit/537.36 (KHTML, like Gecko) Chrome/31.0.1650.63 Safari/537.36"
85.176.77.188 - - [13/Dec/2013:00:44:26 +0100] "GET / HTTP/1.1" 200 12406 "http://www.gelbeseiten.de/heizoele/s58/relevanz" "Mozilla/5.0 (Windows NT 6.0) AppleWebKit/537.36 (KHTML, like Gecko) Chrome/31.0.1650.63 Safari/537.36"
85.176.77.188 - - [13/Dec/2013:00:44:27 +0100] "GET /js_contentserver24_greybox/w_close.gif HTTP/1.1" 200 74 "http://www.mink-gmbh.de/" "Mozilla/5.0 (Windows NT 6.0) AppleWebKit/537.36 (KHTML, like Gecko) Chrome/31.0.1650.63 Safari/537.36"
85.176.77.188 - - [13/Dec/2013:00:44:27 +0100] "GET /images/wrapperbg.jpg HTTP/1.1" 200 27465 "http://www.mink-gmbh.de/" "Mozilla/5.0 (Windows NT 6.0) AppleWebKit/537.36 (KHTML, like Gecko) Chrome/31.0.1650.63 Safari/537.36"
85.176.77.188 - - [13/Dec/2013:00:44:27 +0100] "GET /images/header.jpg HTTP/1.1" 200 25189 "http://www.mink-gmbh.de/" "Mozilla/5.0 (Windows NT 6.0) AppleWebKit/537.36 (KHTML, like Gecko) Chrome/31.0.1650.63 Safari/537.36"
85.176.77.188 - - [13/Dec/2013:00:44:27 +0100] "GET /images/steigend.png HTTP/1.1" 200 688 "http://www.mink-gmbh.de/" "Mozilla/5.0 (Windows NT 6.0) AppleWebKit/537.36 (KHTML, like Gecko) Chrome/31.0.1650.63 Safari/537.36"
85.176.77.188 - - [13/Dec/2013:00:44:27 +0100] "GET /images/navibg.png HTTP/1.1" 200 2803 "http://www.mink-gmbh.de/" "Mozilla/5.0 (Windows NT 6.0) AppleWebKit/537.36 (KHTML, like Gecko) Chrome/31.0.1650.63 Safari/537.36"
85.176.77.188 - - [13/Dec/2013:00:44:27 +0100] "GET /images/fallend.png HTTP/1.1" 200 713 "http://www.mink-gmbh.de/" "Mozilla/5.0 (Windows NT 6.0) AppleWebKit/537.36 (KHTML, like Gecko) Chrome/31.0.1650.63 Safari/537.36"
85.176.77.188 - - [13/Dec/2013:00:44:27 +0100] "GET /images/newsletter.png HTTP/1.1" 200 14619 "http://www.mink-gmbh.de/" "Mozilla/5.0 (Windows NT 6.0) AppleWebKit/537.36 (KHTML, like Gecko) Chrome/31.0.1650.63 Safari/537.36"
85.176.77.188 - - [13/Dec/2013:00:44:27 +0100] "GET /images/close.png HTTP/1.1" 200 703 "http://www.mink-gmbh.de/" "Mozilla/5.0 (Windows NT 6.0) AppleWebKit/537.36 (KHTML, like Gecko) Chrome/31.0.1650.63 Safari/537.36"
85.176.77.188 - - [13/Dec/2013:00:44:27 +0100] "GET /images/newsletter_bg.jpg HTTP/1.1" 200 33610 "http://www.mink-gmbh.de/" "Mozilla/5.0 (Windows NT 6.0) AppleWebKit/537.36 (KHTML, like Gecko) Chrome/31.0.1650.63 Safari/537.36"
85.176.77.188 - - [13/Dec/2013:00:44:28 +0100] "GET /images/tkw.jpg HTTP/1.1" 200 64031 "http://www.mink-gmbh.de/" "Mozilla/5.0 (Windows NT 6.0) AppleWebKit/537.36 (KHTML, like Gecko) Chrome/31.0.1650.63 Safari/537.36"
85.176.77.188 - - [13/Dec/2013:00:44:28 +0100] "GET /images/team-energie.png HTTP/1.1" 200 17383 "http://www.mink-gmbh.de/" "Mozilla/5.0 (Windows NT 6.0) AppleWebKit/537.36 (KHTML, like Gecko) Chrome/31.0.1650.63 Safari/537.36"
85.176.77.188 - - [13/Dec/2013:00:44:28 +0100] "GET /images/kwk.gif HTTP/1.1" 200 6403 "http://www.mink-gmbh.de/" "Mozilla/5.0 (Windows NT 6.0) AppleWebKit/537.36 (KHTML, like Gecko) Chrome/31.0.1650.63 Safari/537.36"
85.176.77.188 - - [13/Dec/2013:00:44:28 +0100] "GET /images/mail.jpg HTTP/1.1" 200 12099 "http://www.mink-gmbh.de/" "Mozilla/5.0 (Windows NT 6.0) AppleWebKit/537.36 (KHTML, like Gecko) Chrome/31.0.1650.63 Safari/537.36"
85.176.77.188 - - [13/Dec/2013:00:44:28 +0100] "GET /images/wunschpreis.jpg HTTP/1.1" 200 16767 "http://www.mink-gmbh.de/" "Mozilla/5.0 (Windows NT 6.0) AppleWebKit/537.36 (KHTML, like Gecko) Chrome/31.0.1650.63 Safari/537.36"
85.176.77.188 - - [13/Dec/2013:00:44:29 +0100] "GET /images/logos.jpg?cache4756 HTTP/1.1" 200 35043 "http://www.mink-gmbh.de/" "Mozilla/5.0 (Windows NT 6.0) AppleWebKit/537.36 (KHTML, like Gecko) Chrome/31.0.1650.63 Safari/537.36"
85.176.77.188 - - [13/Dec/2013:00:44:29 +0100] "GET /js_contentserver24_greybox/loader_frame.html?s=0 HTTP/1.1" 200 2084 "http://www.mink-gmbh.de/" "Mozilla/5.0 (Windows NT 6.0) AppleWebKit/537.36 (KHTML, like Gecko) Chrome/31.0.1650.63 Safari/537.36"
85.176.77.188 - - [13/Dec/2013:00:44:28 +0100] "GET /images/freecall.jpg HTTP/1.1" 200 39195 "http://www.mink-gmbh.de/" "Mozilla/5.0 (Windows NT 6.0) AppleWebKit/537.36 (KHTML, like Gecko) Chrome/31.0.1650.63 Safari/537.36"
85.176.77.188 - - [13/Dec/2013:00:44:29 +0100] "GET /images/mobil.jpg HTTP/1.1" 200 25293 "http://www.mink-gmbh.de/" "Mozilla/5.0 (Windows NT 6.0) AppleWebKit/537.36 (KHTML, like Gecko) Chrome/31.0.1650.63 Safari/537.36"
85.176.77.188 - - [13/Dec/2013:00:44:29 +0100] "GET /images/footerbg.jpg HTTP/1.1" 200 2184 "http://www.mink-gmbh.de/" "Mozilla/5.0 (Windows NT 6.0) AppleWebKit/537.36 (KHTML, like Gecko) Chrome/31.0.1650.63 Safari/537.36"
85.176.77.188 - - [13/Dec/2013:00:44:29 +0100] "GET /images/newsletter.jpg HTTP/1.1" 200 13130 "http://www.mink-gmbh.de/" "Mozilla/5.0 (Windows NT 6.0) AppleWebKit/537.36 (KHTML, like Gecko) Chrome/31.0.1650.63 Safari/537.36"
85.176.77.188 - - [13/Dec/2013:00:44:29 +0100] "GET /js_contentserver24_greybox/header_bg.gif HTTP/1.1" 200 1188 "http://www.mink-gmbh.de/" "Mozilla/5.0 (Windows NT 6.0) AppleWebKit/537.36 (KHTML, like Gecko) Chrome/31.0.1650.63 Safari/537.36"
85.176.77.188 - - [13/Dec/2013:00:44:29 +0100] "GET /js_contentserver24_greybox/indicator.gif HTTP/1.1" 200 8238 "http://www.mink-gmbh.de/js_contentserver24_greybox/loader_frame.html?s=0" "Mozilla/5.0 (Windows NT 6.0) AppleWebKit/537.36 (KHTML, like Gecko) Chrome/31.0.1650.63 Safari/537.36"
85.176.77.188 - - [13/Dec/2013:00:44:29 +0100] "GET /js_contentserver24_greybox/g_close.gif HTTP/1.1" 200 541 "http://www.mink-gmbh.de/" "Mozilla/5.0 (Windows NT 6.0) AppleWebKit/537.36 (KHTML, like Gecko) Chrome/31.0.1650.63 Safari/537.36"
85.176.77.188 - - [13/Dec/2013:00:44:29 +0100] "GET /favicon.ico HTTP/1.1" 200 3638 "-" "Mozilla/5.0 (Windows NT 6.0) AppleWebKit/537.36 (KHTML, like Gecko) Chrome/31.0.1650.63 Safari/537.36"
85.176.77.188 - - [13/Dec/2013:00:44:32 +0100] "GET /impressum.php HTTP/1.1" 200 6306 "http://www.mink-gmbh.de/" "Mozilla/5.0 (Windows NT 6.0) AppleWebKit/537.36 (KHTML, like Gecko) Chrome/31.0.1650.63 Safari/537.36"
85.176.77.188 - - [13/Dec/2013:00:44:34 +0100] "GET /images/logos.jpg HTTP/1.1" 200 35043 "http://www.mink-gmbh.de/impressum.php" "Mozilla/5.0 (Windows NT 6.0) AppleWebKit/537.36 (KHTML, like Gecko) Chrome/31.0.1650.63 Safari/537.36"
75.98.9.250 - - [13/Dec/2013:00:44:36 +0100] "GET /robots.txt HTTP/1.1" 200 177 "-" "Mozilla/5.0 (compatible; NetSeer crawler/2.0; +http://www.netseer.com/crawler.html; crawler@netseer.com)"
75.98.9.250 - - [13/Dec/2013:00:44:36 +0100] "GET / HTTP/1.1" 200 12406 "-" "Mozilla/5.0 (compatible; NetSeer crawler/2.0; +http://www.netseer.com/crawler.html; crawler@netseer.com)"
85.176.77.188 - - [13/Dec/2013:00:44:57 +0100] "GET / HTTP/1.1" 200 11666 "http://www.gelbeseiten.de/heizoele/s58/relevanz" "Mozilla/5.0 (Windows NT 6.0) AppleWebKit/537.36 (KHTML, like Gecko) Chrome/31.0.1650.63 Safari/537.36"
85.176.77.188 - - [13/Dec/2013:00:44:58 +0100] "GET /images/logos.jpg?cache1655 HTTP/1.1" 200 35043 "http://www.mink-gmbh.de/" "Mozilla/5.0 (Windows NT 6.0) AppleWebKit/537.36 (KHTML, like Gecko) Chrome/31.0.1650.63 Safari/537.36"
85.176.77.188 - - [13/Dec/2013:00:45:00 +0100] "GET /jobs.php HTTP/1.1" 200 4965 "http://www.mink-gmbh.de/" "Mozilla/5.0 (Windows NT 6.0) AppleWebKit/537.36 (KHTML, like Gecko) Chrome/31.0.1650.63 Safari/537.36"
85.176.77.188 - - [13/Dec/2013:00:45:04 +0100] "GET /impressum.php HTTP/1.1" 200 6306 "http://www.mink-gmbh.de/jobs.php" "Mozilla/5.0 (Windows NT 6.0) AppleWebKit/537.36 (KHTML, like Gecko) Chrome/31.0.1650.63 Safari/537.36"
208.115.113.91 - - [13/Dec/2013:00:50:01 +0100] "GET /robots.txt HTTP/1.1" 200 177 "-" "Mozilla/5.0 (compatible; Ezooms/1.0; help@moz.com)"
157.56.92.143 - - [13/Dec/2013:00:59:29 +0100] "GET /news.php?cs_go=archiv&cs_id=4688&cs_search= HTTP/1.1" 200 8556 "-" "Mozilla/5.0 (compatible; bingbot/2.0; +http://www.bing.com/bingbot.htm)"
5.10.83.105 - - [13/Dec/2013:01:02:21 +0100] "GET /news.php?cs_go=archiv&cs_id=4745&cs_search= HTTP/1.1" 200 10004 "-" "Mozilla/5.0 (compatible; AhrefsBot/5.0; +http://ahrefs.com/robot/)"
192.99.11.146 - - [13/Dec/2013:01:34:26 +0100] "GET /news.php?cs_go=archiv&cs_id=4734 HTTP/1.1" 200 7777 "http://www.mink-gmbh.de/" "Mozilla/5.0 (X11; Linux x86_64) AppleWebKit/537.36 (KHTML, like Gecko) Chrome/28.0.1500.71 Safari/537.36"
192.99.11.146 - - [13/Dec/2013:01:34:26 +0100] "GET /kwk.php HTTP/1.1" 200 8447 "http://www.mink-gmbh.de/" "Mozilla/5.0 (X11; Linux x86_64) AppleWebKit/537.36 (KHTML, like Gecko) Chrome/28.0.1500.71 Safari/537.36"
66.249.78.46 - - [13/Dec/2013:02:01:03 +0100] "GET /news.php HTTP/1.1" 200 19861 "-" "Mozilla/5.0 (iPhone; CPU iPhone OS 6_0 like Mac OS X) AppleWebKit/536.26 (KHTML, like Gecko) Version/6.0 Mobile/10A5376e Safari/8536.25 (compatible; Googlebot-Mobile/2.1; +http://www.google.com/bot.html)"
5.10.83.90 - - [13/Dec/2013:02:04:36 +0100] "GET /news.php?cs_go=archiv&cs_id=4743&cs_search= HTTP/1.1" 200 12376 "-" "Mozilla/5.0 (compatible; AhrefsBot/5.0; +http://ahrefs.com/robot/)"
157.55.35.35 - - [13/Dec/2013:02:11:55 +0100] "GET /robots.txt HTTP/1.1" 200 177 "-" "Mozilla/5.0 (compatible; bingbot/2.0; +http://www.bing.com/bingbot.htm)"
157.55.35.35 - - [13/Dec/2013:02:16:51 +0100] "GET /preisanfrage.php HTTP/1.1" 200 8502 "-" "Mozilla/5.0 (compatible; bingbot/2.0; +http://www.bing.com/bingbot.htm)"
157.55.35.35 - - [13/Dec/2013:02:18:45 +0100] "GET /modul.css HTTP/1.1" 200 35038 "-" "Mozilla/5.0 (compatible; bingbot/2.0; +http://www.bing.com/bingbot.htm)"
82.94.179.38 - - [13/Dec/2013:02:18:50 +0100] "GET /robots.txt HTTP/1.0" 200 177 "-" "Mozilla/4.0 (compatible; Freshbot/1.0/EU; http://webagent.wise-guys.nl/)"
82.94.179.38 - - [13/Dec/2013:02:18:50 +0100] "GET / HTTP/1.1" 200 12406 "-" "Mozilla/5.0 (X11; Linux i686; rv:6.0) Gecko/20100101 Firefox/6.0 (Freshbot/1.0/EU; http://webagent.wise-guys.nl/)"
5.10.83.50 - - [13/Dec/2013:02:22:15 +0100] "GET /news.php?cs_go=archiv&cs_id=4766 HTTP/1.1" 200 11327 "-" "Mozilla/5.0 (compatible; AhrefsBot/5.0; +http://ahrefs.com/robot/)"
157.55.35.35 - - [13/Dec/2013:02:25:05 +0100] "GET /style.css HTTP/1.1" 200 8402 "-" "Mozilla/5.0 (compatible; bingbot/2.0; +http://www.bing.com/bingbot.htm)"
157.56.92.143 - - [13/Dec/2013:02:39:45 +0100] "GET /images/logos.jpg HTTP/1.1" 200 35043 "-" "Mozilla/5.0 (compatible; bingbot/2.0; +http://www.bing.com/bingbot.htm)"
157.55.35.35 - - [13/Dec/2013:02:47:06 +0100] "GET /images/kwk.gif HTTP/1.1" 200 6403 "-" "Mozilla/5.0 (compatible; bingbot/2.0; +http://www.bing.com/bingbot.htm)"
5.10.83.61 - - [13/Dec/2013:02:49:31 +0100] "GET /news.php?cs_go=archiv&cs_id=4745 HTTP/1.1" 200 10004 "-" "Mozilla/5.0 (compatible; AhrefsBot/5.0; +http://ahrefs.com/robot/)"
208.115.113.91 - - [13/Dec/2013:02:51:38 +0100] "GET /news.php?cs_go=archiv&cs_startpos=10 HTTP/1.1" 200 20102 "-" "Mozilla/5.0 (compatible; Ezooms/1.0; help@moz.com)"
208.115.113.91 - - [13/Dec/2013:02:51:40 +0100] "GET /schwefelarmstandard.php HTTP/1.1" 200 10730 "-" "Mozilla/5.0 (compatible; Ezooms/1.0; help@moz.com)"
157.55.33.19 - - [13/Dec/2013:02:54:05 +0100] "GET /images/wunschpreis.jpg HTTP/1.1" 200 16767 "-" "Mozilla/5.0 (compatible; bingbot/2.0; +http://www.bing.com/bingbot.htm)"
66.249.78.46 - - [13/Dec/2013:02:58:58 +0100] "GET /news.php?cs_go=archiv&cs_id=4062&cs_search= HTTP/1.1" 200 10762 "-" "Mozilla/5.0 (compatible; Googlebot/2.1; +http://www.google.com/bot.html)"
5.10.83.100 - - [13/Dec/2013:03:02:44 +0100] "GET /news.php?cs_go=archiv&cs_id=4767 HTTP/1.1" 200 5365 "-" "Mozilla/5.0 (compatible; AhrefsBot/5.0; +http://ahrefs.com/robot/)"
141.8.147.12 - - [13/Dec/2013:03:07:03 +0100] "GET /robots.txt HTTP/1.1" 200 177 "-" "Mozilla/5.0 (compatible; YandexBot/3.0; +http://yandex.com/bots)"
65.36.241.79 - - [13/Dec/2013:03:10:00 +0100] "HEAD / HTTP/1.1" 200 - "-" "InternetSeer.com"
5.10.83.50 - - [13/Dec/2013:03:16:23 +0100] "GET /news.php?cs_go=archiv&cs_id=4768 HTTP/1.1" 200 11681 "-" "Mozilla/5.0 (compatible; AhrefsBot/5.0; +http://ahrefs.com/robot/)"
199.30.25.25 - - [13/Dec/2013:03:18:33 +0100] "GET /images/newsletter.png HTTP/1.1" 200 14619 "http://www.mink-gmbh.de/preisanfrage.php" "Mozilla/5.0 (Windows NT 6.1; WOW64) AppleWebKit/534+ (KHTML, like Gecko) BingPreview/1.0b"
199.30.25.25 - - [13/Dec/2013:03:18:33 +0100] "GET /images/bg.png HTTP/1.1" 200 922 "http://www.mink-gmbh.de/preisanfrage.php" "Mozilla/5.0 (Windows NT 6.1; WOW64) AppleWebKit/534+ (KHTML, like Gecko) BingPreview/1.0b"
199.30.25.25 - - [13/Dec/2013:03:18:33 +0100] "GET /images/header.jpg HTTP/1.1" 200 25189 "http://www.mink-gmbh.de/preisanfrage.php" "Mozilla/5.0 (Windows NT 6.1; WOW64) AppleWebKit/534+ (KHTML, like Gecko) BingPreview/1.0b"
199.30.25.25 - - [13/Dec/2013:03:18:33 +0100] "GET /images/wrapperbg.jpg HTTP/1.1" 200 27465 "http://www.mink-gmbh.de/preisanfrage.php" "Mozilla/5.0 (Windows NT 6.1; WOW64) AppleWebKit/534+ (KHTML, like Gecko) BingPreview/1.0b"
199.30.25.25 - - [13/Dec/2013:03:18:34 +0100] "GET /images/navibg.png HTTP/1.1" 200 2803 "http://www.mink-gmbh.de/preisanfrage.php" "Mozilla/5.0 (Windows NT 6.1; WOW64) AppleWebKit/534+ (KHTML, like Gecko) BingPreview/1.0b"
199.30.25.25 - - [13/Dec/2013:03:18:36 +0100] "GET /images/freecall.jpg HTTP/1.1" 200 39195 "http://www.mink-gmbh.de/preisanfrage.php" "Mozilla/5.0 (Windows NT 6.1; WOW64) AppleWebKit/534+ (KHTML, like Gecko) BingPreview/1.0b"
199.30.25.25 - - [13/Dec/2013:03:18:37 +0100] "GET /images/footerbg.jpg HTTP/1.1" 200 2184 "http://www.mink-gmbh.de/preisanfrage.php" "Mozilla/5.0 (Windows NT 6.1; WOW64) AppleWebKit/534+ (KHTML, like Gecko) BingPreview/1.0b"
178.77.126.55 - - [13/Dec/2013:03:41:17 +0100] "GET /robots.txt HTTP/1.1" 200 177 "-" "Mozilla/5.0 (compatible; CareerBot/1.1; +http://www.career-x.de/bot.html)"
178.77.126.55 - - [13/Dec/2013:03:41:18 +0100] "GET / HTTP/1.1" 200 12406 "-" "Mozilla/5.0 (compatible; CareerBot/1.1; +http://www.career-x.de/bot.html)"
5.10.83.40 - - [13/Dec/2013:03:46:51 +0100] "GET /news.php?cs_go=archiv&cs_id=4765&cs_search= HTTP/1.1" 200 7522 "-" "Mozilla/5.0 (compatible; AhrefsBot/5.0; +http://ahrefs.com/robot/)"
5.10.83.59 - - [13/Dec/2013:03:55:35 +0100] "GET /news.php?cs_go=archiv&cs_id=4768&cs_search= HTTP/1.1" 200 11681 "-" "Mozilla/5.0 (compatible; AhrefsBot/5.0; +http://ahrefs.com/robot/)"
5.10.83.74 - - [13/Dec/2013:04:09:15 +0100] "GET /news.php?cs_go=archiv&cs_id=4767&cs_search= HTTP/1.1" 200 7638 "-" "Mozilla/5.0 (compatible; AhrefsBot/5.0; +http://ahrefs.com/robot/)"
5.10.83.97 - - [13/Dec/2013:04:25:28 +0100] "GET /lexikon.php?cs_go=3&cs_id=178 HTTP/1.1" 200 6037 "-" "Mozilla/5.0 (compatible; AhrefsBot/5.0; +http://ahrefs.com/robot/)"
141.8.147.12 - - [13/Dec/2013:04:33:11 +0100] "GET /news.php?cs_go=archiv&cs_id=4767 HTTP/1.1" 200 7638 "-" "Mozilla/5.0 (compatible; YandexBot/3.0; +http://yandex.com/bots)"
5.10.83.90 - - [13/Dec/2013:04:35:10 +0100] "GET /lexikon.php?cs_go=3&cs_id=31 HTTP/1.1" 200 5601 "-" "Mozilla/5.0 (compatible; AhrefsBot/5.0; +http://ahrefs.com/robot/)"
5.10.83.81 - - [13/Dec/2013:04:49:24 +0100] "GET /news.php?cs_go=archiv&cs_startpos=160 HTTP/1.1" 200 20824 "-" "Mozilla/5.0 (compatible; AhrefsBot/5.0; +http://ahrefs.com/robot/)"
5.10.83.105 - - [13/Dec/2013:05:19:56 +0100] "GET /news.php?cs_go=archiv&cs_id=4697&cs_search= HTTP/1.1" 200 7447 "-" "Mozilla/5.0 (compatible; AhrefsBot/5.0; +http://ahrefs.com/robot/)"
66.249.78.46 - - [13/Dec/2013:05:20:32 +0100] "GET /news.php?cs_go=archiv&cs_id=4040 HTTP/1.1" 200 10047 "-" "SAMSUNG-SGH-E250/1.0 Profile/MIDP-2.0 Configuration/CLDC-1.1 UP.Browser/6.2.3.3.c.1.101 (GUI) MMP/2.0 (compatible; Googlebot-Mobile/2.1; +http://www.google.com/bot.html)"
5.10.83.31 - - [13/Dec/2013:05:25:01 +0100] "GET /news.php?cs_go=archiv&cs_startpos=100 HTTP/1.1" 200 20177 "-" "Mozilla/5.0 (compatible; AhrefsBot/5.0; +http://ahrefs.com/robot/)"
5.10.83.102 - - [13/Dec/2013:05:33:14 +0100] "GET /news.php?cs_go=archiv&cs_id=4740&cs_search= HTTP/1.1" 200 7550 "-" "Mozilla/5.0 (compatible; AhrefsBot/5.0; +http://ahrefs.com/robot/)"
5.10.83.105 - - [13/Dec/2013:05:42:04 +0100] "GET /news.php?cs_go=archiv&cs_id=4732&cs_search= HTTP/1.1" 200 7555 "-" "Mozilla/5.0 (compatible; AhrefsBot/5.0; +http://ahrefs.com/robot/)"
66.249.66.49 - - [13/Dec/2013:05:50:35 +0100] "GET /news.php?cs_go=archiv&cs_id=4430 HTTP/1.1" 200 11561 "-" "Mozilla/5.0 (iPhone; CPU iPhone OS 6_0 like Mac OS X) AppleWebKit/536.26 (KHTML, like Gecko) Version/6.0 Mobile/10A5376e Safari/8536.25 (compatible; Googlebot-Mobile/2.1; +http://www.google.com/bot.html)"
66.249.78.46 - - [13/Dec/2013:05:52:14 +0100] "GET / HTTP/1.1" 200 12406 "-" "Mozilla/5.0 (compatible; Googlebot/2.1; +http://www.google.com/bot.html)"
157.55.34.29 - - [13/Dec/2013:05:58:33 +0100] "GET /robots.txt HTTP/1.1" 200 177 "-" "Mozilla/5.0 (compatible; bingbot/2.0; +http://www.bing.com/bingbot.htm)"
141.8.147.12 - - [13/Dec/2013:06:04:43 +0100] "GET /news.php?cs_go=archiv&cs_id=4745 HTTP/1.1" 200 10004 "-" "Mozilla/5.0 (compatible; YandexBot/3.0; +http://yandex.com/bots)"
5.10.83.74 - - [13/Dec/2013:06:15:43 +0100] "GET /news.php?cs_go=archiv&cs_id=4541&cs_search= HTTP/1.1" 200 12046 "-" "Mozilla/5.0 (compatible; AhrefsBot/5.0; +http://ahrefs.com/robot/)"
5.10.83.43 - - [13/Dec/2013:06:16:53 +0100] "GET /news.php?cs_go=archiv&cs_startpos=201 HTTP/1.1" 200 20041 "-" "Mozilla/5.0 (compatible; AhrefsBot/5.0; +http://ahrefs.com/robot/)"
66.249.78.46 - - [13/Dec/2013:06:28:51 +0100] "GET /news.php?cs_go=archiv&cs_id=4772 HTTP/1.1" 200 8278 "-" "Mozilla/5.0 (compatible; Googlebot/2.1; +http://www.google.com/bot.html)"
66.249.66.49 - - [13/Dec/2013:06:29:56 +0100] "GET /news.php?cs_go=archiv&cs_id=4773 HTTP/1.1" 200 11615 "-" "Mozilla/5.0 (compatible; Googlebot/2.1; +http://www.google.com/bot.html)"
66.249.78.46 - - [13/Dec/2013:06:32:02 +0100] "GET /news.php?cs_go=archiv&cs_id=4771 HTTP/1.1" 200 7613 "-" "Mozilla/5.0 (compatible; Googlebot/2.1; +http://www.google.com/bot.html)"
157.55.34.29 - - [13/Dec/2013:06:35:54 +0100] "GET / HTTP/1.1" 200 12406 "-" "Mozilla/5.0 (compatible; bingbot/2.0; +http://www.bing.com/bingbot.htm)"
5.10.83.74 - - [13/Dec/2013:06:38:45 +0100] "GET /lexikon.php?cs_go=3&cs_id=219 HTTP/1.1" 200 5557 "-" "Mozilla/5.0 (compatible; AhrefsBot/5.0; +http://ahrefs.com/robot/)"
5.10.83.90 - - [13/Dec/2013:07:04:49 +0100] "GET /news.php?cs_go=archiv&cs_id=4701&cs_search= HTTP/1.1" 200 11642 "-" "Mozilla/5.0 (compatible; AhrefsBot/5.0; +http://ahrefs.com/robot/)"
5.10.83.97 - - [13/Dec/2013:07:26:05 +0100] "GET /lexikon.php?cs_go=3&cs_id=92 HTTP/1.1" 200 6089 "-" "Mozilla/5.0 (compatible; AhrefsBot/5.0; +http://ahrefs.com/robot/)"
157.56.93.40 - - [13/Dec/2013:07:44:54 +0100] "GET /robots.txt HTTP/1.1" 200 177 "-" "Mozilla/5.0 (compatible; bingbot/2.0; +http://www.bing.com/bingbot.htm)"
5.10.83.90 - - [13/Dec/2013:07:53:12 +0100] "GET /news.php?cs_go=archiv&cs_id=4710&cs_search= HTTP/1.1" 200 10767 "-" "Mozilla/5.0 (compatible; AhrefsBot/5.0; +http://ahrefs.com/robot/)"
157.56.93.40 - - [13/Dec/2013:07:55:41 +0100] "GET /energiesparcheck.php HTTP/1.1" 200 11144 "-" "Mozilla/5.0 (compatible; bingbot/2.0; +http://www.bing.com/bingbot.htm)"
149.211.174.104 - - [13/Dec/2013:07:59:17 +0100] "GET / HTTP/1.0" 200 12406 "http://www.google.de/url?sa=t&rct=j&q=&esrc=s&frm=1&source=web&cd=5&ved=0CFEQFjAE&url=http%3A%2F%2Fwww.mink-gmbh.de%2F&ei=B7CqUp20ELTN7AaRjoFI&usg=AFQjCNFHX4Iglls9oo-KYXTmDUV_5KOVIg&bvm=bv.57967247,d.bGE" "Mozilla/5.0 (compatible; MSIE 9.0; Windows NT 6.1; Trident/5.0)"
149.211.174.104 - - [13/Dec/2013:07:59:18 +0100] "GET /style.css HTTP/1.0" 200 8402 "http://www.mink-gmbh.de/" "Mozilla/5.0 (compatible; MSIE 9.0; Windows NT 6.1; Trident/5.0)"
149.211.174.104 - - [13/Dec/2013:07:59:18 +0100] "GET /modul.css HTTP/1.0" 200 35038 "http://www.mink-gmbh.de/" "Mozilla/5.0 (compatible; MSIE 9.0; Windows NT 6.1; Trident/5.0)"
149.211.174.104 - - [13/Dec/2013:07:59:18 +0100] "GET /js_contentserver24_greybox/gb_scripts.js HTTP/1.0" 200 11913 "http://www.mink-gmbh.de/" "Mozilla/5.0 (compatible; MSIE 9.0; Windows NT 6.1; Trident/5.0)"
149.211.174.104 - - [13/Dec/2013:07:59:18 +0100] "GET /images/mail.jpg HTTP/1.0" 200 12099 "http://www.mink-gmbh.de/" "Mozilla/5.0 (compatible; MSIE 9.0; Windows NT 6.1; Trident/5.0)"
149.211.174.104 - - [13/Dec/2013:07:59:18 +0100] "GET /js_contentserver24_greybox/AJS_fx.js HTTP/1.0" 200 3192 "http://www.mink-gmbh.de/" "Mozilla/5.0 (compatible; MSIE 9.0; Windows NT 6.1; Trident/5.0)"
149.211.174.104 - - [13/Dec/2013:07:59:18 +0100] "GET /images/team-energie.png HTTP/1.0" 200 17383 "http://www.mink-gmbh.de/" "Mozilla/5.0 (compatible; MSIE 9.0; Windows NT 6.1; Trident/5.0)"
149.211.174.104 - - [13/Dec/2013:07:59:18 +0100] "GET /js_contentserver24_greybox/AJS.js HTTP/1.0" 200 10396 "http://www.mink-gmbh.de/" "Mozilla/5.0 (compatible; MSIE 9.0; Windows NT 6.1; Trident/5.0)"
149.211.174.104 - - [13/Dec/2013:07:59:18 +0100] "GET /js_contentserver24_greybox/gb_styles.css HTTP/1.0" 200 2302 "http://www.mink-gmbh.de/" "Mozilla/5.0 (compatible; MSIE 9.0; Windows NT 6.1; Trident/5.0)"
149.211.174.104 - - [13/Dec/2013:07:59:18 +0100] "GET /images/wunschpreis.jpg HTTP/1.0" 200 16767 "http://www.mink-gmbh.de/" "Mozilla/5.0 (compatible; MSIE 9.0; Windows NT 6.1; Trident/5.0)"
149.211.174.104 - - [13/Dec/2013:07:59:18 +0100] "GET /images/tkw.jpg HTTP/1.0" 200 64031 "http://www.mink-gmbh.de/" "Mozilla/5.0 (compatible; MSIE 9.0; Windows NT 6.1; Trident/5.0)"
149.211.174.104 - - [13/Dec/2013:07:59:18 +0100] "GET /images/freecall.jpg HTTP/1.0" 200 39195 "http://www.mink-gmbh.de/" "Mozilla/5.0 (compatible; MSIE 9.0; Windows NT 6.1; Trident/5.0)"
149.211.174.104 - - [13/Dec/2013:07:59:18 +0100] "GET /images/logos.jpg?cache9670 HTTP/1.0" 200 35043 "http://www.mink-gmbh.de/" "Mozilla/5.0 (compatible; MSIE 9.0; Windows NT 6.1; Trident/5.0)"
149.211.174.104 - - [13/Dec/2013:07:59:18 +0100] "GET /images/kwk.gif HTTP/1.0" 200 6403 "http://www.mink-gmbh.de/" "Mozilla/5.0 (compatible; MSIE 9.0; Windows NT 6.1; Trident/5.0)"
149.211.174.104 - - [13/Dec/2013:07:59:19 +0100] "GET /images/bg.png HTTP/1.0" 200 922 "http://www.mink-gmbh.de/" "Mozilla/5.0 (compatible; MSIE 9.0; Windows NT 6.1; Trident/5.0)"
149.211.174.104 - - [13/Dec/2013:07:59:19 +0100] "GET /js_contentserver24_greybox/w_close.gif HTTP/1.0" 200 74 "http://www.mink-gmbh.de/" "Mozilla/5.0 (compatible; MSIE 9.0; Windows NT 6.1; Trident/5.0)"
149.211.174.104 - - [13/Dec/2013:07:59:19 +0100] "GET /images/fallend.png HTTP/1.0" 200 713 "http://www.mink-gmbh.de/" "Mozilla/5.0 (compatible; MSIE 9.0; Windows NT 6.1; Trident/5.0)"
149.211.174.104 - - [13/Dec/2013:07:59:19 +0100] "GET /images/newsletter_bg.jpg HTTP/1.0" 200 33610 "http://www.mink-gmbh.de/" "Mozilla/5.0 (compatible; MSIE 9.0; Windows NT 6.1; Trident/5.0)"
149.211.174.104 - - [13/Dec/2013:07:59:19 +0100] "GET /images/navibg.png HTTP/1.0" 200 2803 "http://www.mink-gmbh.de/" "Mozilla/5.0 (compatible; MSIE 9.0; Windows NT 6.1; Trident/5.0)"
149.211.174.104 - - [13/Dec/2013:07:59:19 +0100] "GET /images/steigend.png HTTP/1.0" 200 688 "http://www.mink-gmbh.de/" "Mozilla/5.0 (compatible; MSIE 9.0; Windows NT 6.1; Trident/5.0)"
149.211.174.104 - - [13/Dec/2013:07:59:19 +0100] "GET /images/newsletter.png HTTP/1.0" 200 14619 "http://www.mink-gmbh.de/" "Mozilla/5.0 (compatible; MSIE 9.0; Windows NT 6.1; Trident/5.0)"
149.211.174.104 - - [13/Dec/2013:07:59:19 +0100] "GET /images/header.jpg HTTP/1.0" 200 25189 "http://www.mink-gmbh.de/" "Mozilla/5.0 (compatible; MSIE 9.0; Windows NT 6.1; Trident/5.0)"
149.211.174.104 - - [13/Dec/2013:07:59:19 +0100] "GET /images/close.png HTTP/1.0" 200 703 "http://www.mink-gmbh.de/" "Mozilla/5.0 (compatible; MSIE 9.0; Windows NT 6.1; Trident/5.0)"
149.211.174.104 - - [13/Dec/2013:07:59:19 +0100] "GET /images/wrapperbg.jpg HTTP/1.0" 200 27465 "http://www.mink-gmbh.de/" "Mozilla/5.0 (compatible; MSIE 9.0; Windows NT 6.1; Trident/5.0)"
149.211.174.104 - - [13/Dec/2013:07:59:19 +0100] "GET /images/newsletter.jpg HTTP/1.0" 200 13130 "http://www.mink-gmbh.de/" "Mozilla/5.0 (compatible; MSIE 9.0; Windows NT 6.1; Trident/5.0)"
149.211.174.104 - - [13/Dec/2013:07:59:19 +0100] "GET /js_contentserver24_greybox/header_bg.gif HTTP/1.0" 200 1188 "http://www.mink-gmbh.de/" "Mozilla/5.0 (compatible; MSIE 9.0; Windows NT 6.1; Trident/5.0)"
149.211.174.104 - - [13/Dec/2013:07:59:19 +0100] "GET /images/footerbg.jpg HTTP/1.0" 200 2184 "http://www.mink-gmbh.de/" "Mozilla/5.0 (compatible; MSIE 9.0; Windows NT 6.1; Trident/5.0)"
149.211.174.104 - - [13/Dec/2013:07:59:19 +0100] "GET /images/mobil.jpg HTTP/1.0" 200 25293 "http://www.mink-gmbh.de/" "Mozilla/5.0 (compatible; MSIE 9.0; Windows NT 6.1; Trident/5.0)"
149.211.174.104 - - [13/Dec/2013:07:59:19 +0100] "GET /js_contentserver24_greybox/loader_frame.html?s=0 HTTP/1.0" 200 2084 "http://www.mink-gmbh.de/" "Mozilla/5.0 (compatible; MSIE 9.0; Windows NT 6.1; Trident/5.0)"
149.211.174.104 - - [13/Dec/2013:07:59:19 +0100] "GET /js_contentserver24_greybox/indicator.gif HTTP/1.0" 200 8238 "http://www.mink-gmbh.de/js_contentserver24_greybox/loader_frame.html?s=0" "Mozilla/5.0 (compatible; MSIE 9.0; Windows NT 6.1; Trident/5.0)"
149.211.174.104 - - [13/Dec/2013:07:59:20 +0100] "GET /js_contentserver24_greybox/g_close.gif HTTP/1.0" 200 541 "http://www.mink-gmbh.de/" "Mozilla/5.0 (compatible; MSIE 9.0; Windows NT 6.1; Trident/5.0)"
149.211.174.104 - - [13/Dec/2013:07:59:20 +0100] "GET /favicon.ico HTTP/1.0" 200 3638 "-" "Mozilla/5.0 (compatible; MSIE 9.0; Windows NT 6.1; Trident/5.0)"
5.10.83.97 - - [13/Dec/2013:08:01:15 +0100] "GET /newsletter.php HTTP/1.1" 200 6492 "-" "Mozilla/5.0 (compatible; AhrefsBot/5.0; +http://ahrefs.com/robot/)"
5.10.83.97 - - [13/Dec/2013:08:04:47 +0100] "GET /news.php?cs_go=archiv&cs_id=4741&cs_search= HTTP/1.1" 200 11697 "-" "Mozilla/5.0 (compatible; AhrefsBot/5.0; +http://ahrefs.com/robot/)"
5.10.83.80 - - [13/Dec/2013:08:05:14 +0100] "GET /news.php?cs_go=archiv&cs_id=4562&cs_search= HTTP/1.1" 200 11648 "-" "Mozilla/5.0 (compatible; AhrefsBot/5.0; +http://ahrefs.com/robot/)"
5.10.83.105 - - [13/Dec/2013:08:06:31 +0100] "GET /lexikon.php?cs_go=3&cs_id=191 HTTP/1.1" 200 6926 "-" "Mozilla/5.0 (compatible; AhrefsBot/5.0; +http://ahrefs.com/robot/)"
117.62.157.229 - - [13/Dec/2013:08:06:37 +0100] "GET / HTTP/1.1" 200 12427 "-" "Mozilla/4.0 (compatible; MSIE 6.0; Windows NT 5.1; SV1;)"
5.10.83.43 - - [13/Dec/2013:08:01:22 +0100] "GET /news.php?cs_go=archiv&cs_startpos=50 HTTP/1.1" 200 20449 "-" "Mozilla/5.0 (compatible; AhrefsBot/5.0; +http://ahrefs.com/robot/)"
66.249.78.46 - - [13/Dec/2013:08:09:17 +0100] "GET /news.php?cs_go=archiv&cs_id=4550 HTTP/1.1" 200 8187 "-" "Mozilla/5.0 (compatible; Googlebot/2.1; +http://www.google.com/bot.html)"
144.76.95.39 - - [13/Dec/2013:08:19:01 +0100] "GET /robots.txt HTTP/1.0" 200 177 "-" "Mozilla/5.0 (compatible; MJ12bot/v1.4.4; http://www.majestic12.co.uk/bot.php?+)"
144.76.95.39 - - [13/Dec/2013:08:19:17 +0100] "GET /news.php?cs_go=archiv&cs_startpos=270 HTTP/1.0" 200 5690 "-" "Mozilla/5.0 (compatible; MJ12bot/v1.4.4; http://www.majestic12.co.uk/bot.php?+)"
5.10.83.79 - - [13/Dec/2013:08:22:46 +0100] "GET /news.php?cs_go=archiv&cs_id=4722&cs_search= HTTP/1.1" 200 11340 "-" "Mozilla/5.0 (compatible; AhrefsBot/5.0; +http://ahrefs.com/robot/)"
5.10.83.79 - - [13/Dec/2013:08:23:41 +0100] "GET /lexikon.php?cs_go=3&cs_id=90 HTTP/1.1" 200 7129 "-" "Mozilla/5.0 (compatible; AhrefsBot/5.0; +http://ahrefs.com/robot/)"
65.36.241.79 - - [13/Dec/2013:08:31:28 +0100] "HEAD / HTTP/1.1" 200 - "-" "InternetSeer.com"
66.249.78.46 - - [13/Dec/2013:08:35:50 +0100] "GET /news.php?cs_go=archiv&cs_id=4760&cs_search= HTTP/1.1" 200 7631 "-" "Mozilla/5.0 (iPhone; CPU iPhone OS 6_0 like Mac OS X) AppleWebKit/536.26 (KHTML, like Gecko) Version/6.0 Mobile/10A5376e Safari/8536.25 (compatible; Googlebot-Mobile/2.1; +http://www.google.com/bot.html)"
157.55.33.19 - - [13/Dec/2013:08:46:16 +0100] "GET /robots.txt HTTP/1.1" 200 177 "-" "Mozilla/5.0 (compatible; bingbot/2.0; +http://www.bing.com/bingbot.htm)"
157.55.33.19 - - [13/Dec/2013:08:48:35 +0100] "GET /foerdermittel.php HTTP/1.1" 200 10473 "-" "Mozilla/5.0 (compatible; bingbot/2.0; +http://www.bing.com/bingbot.htm)"
208.115.113.91 - - [13/Dec/2013:08:50:39 +0100] "GET /robots.txt HTTP/1.1" 200 177 "-" "Mozilla/5.0 (compatible; Ezooms/1.0; help@moz.com)"
141.8.147.12 - - [13/Dec/2013:08:55:35 +0100] "GET /news.php?cs_go=archiv&cs_id=4768 HTTP/1.1" 200 11681 "-" "Mozilla/5.0 (compatible; YandexBot/3.0; +http://yandex.com/bots)"
5.10.83.90 - - [13/Dec/2013:09:09:23 +0100] "GET /lexikon.php?cs_go=2&cs_char=k HTTP/1.1" 200 7443 "-" "Mozilla/5.0 (compatible; AhrefsBot/5.0; +http://ahrefs.com/robot/)"
5.10.83.31 - - [13/Dec/2013:09:10:22 +0100] "GET /lexikon.php?cs_go=3&cs_id=200 HTTP/1.1" 200 7564 "-" "Mozilla/5.0 (compatible; AhrefsBot/5.0; +http://ahrefs.com/robot/)"
5.10.83.90 - - [13/Dec/2013:09:11:42 +0100] "GET /lexikon.php?cs_go=3&cs_id=230 HTTP/1.1" 200 6124 "-" "Mozilla/5.0 (compatible; AhrefsBot/5.0; +http://ahrefs.com/robot/)"
5.10.83.74 - - [13/Dec/2013:09:16:41 +0100] "GET /modernisierung.php?cs_gp_go=description HTTP/1.1" 200 8408 "-" "Mozilla/5.0 (compatible; AhrefsBot/5.0; +http://ahrefs.com/robot/)"
5.10.83.97 - - [13/Dec/2013:09:25:46 +0100] "GET /lexikon.php?cs_go=3&cs_id=16 HTTP/1.1" 200 6494 "-" "Mozilla/5.0 (compatible; AhrefsBot/5.0; +http://ahrefs.com/robot/)"
5.10.83.102 - - [13/Dec/2013:09:52:54 +0100] "GET /news.php?cs_go=archiv HTTP/1.1" 200 19780 "-" "Mozilla/5.0 (compatible; AhrefsBot/5.0; +http://ahrefs.com/robot/)"
157.56.93.95 - - [13/Dec/2013:09:53:24 +0100] "GET /robots.txt HTTP/1.1" 200 177 "-" "Mozilla/5.0 (compatible; bingbot/2.0; +http://www.bing.com/bingbot.htm)"
5.10.83.97 - - [13/Dec/2013:09:55:12 +0100] "GET /news.php?cs_go=archiv&cs_id=4728&cs_search= HTTP/1.1" 200 9648 "-" "Mozilla/5.0 (compatible; AhrefsBot/5.0; +http://ahrefs.com/robot/)"
91.22.199.181 - - [13/Dec/2013:10:08:40 +0100] "GET /style.css HTTP/1.1" 200 8402 "http://www.mink-gmbh.de/" "Mozilla/5.0 (Windows NT 6.1; rv:25.0) Gecko/20100101 Firefox/25.0"
91.22.199.181 - - [13/Dec/2013:10:08:40 +0100] "GET /js_contentserver24_greybox/gb_styles.css HTTP/1.1" 200 2302 "http://www.mink-gmbh.de/" "Mozilla/5.0 (Windows NT 6.1; rv:25.0) Gecko/20100101 Firefox/25.0"
91.22.199.181 - - [13/Dec/2013:10:08:40 +0100] "GET /favicon.ico HTTP/1.1" 200 3638 "-" "Mozilla/5.0 (Windows NT 6.1; rv:25.0) Gecko/20100101 Firefox/25.0"
91.22.199.181 - - [13/Dec/2013:10:08:39 +0100] "GET / HTTP/1.1" 200 12367 "-" "Mozilla/5.0 (Windows NT 6.1; rv:25.0) Gecko/20100101 Firefox/25.0"
91.22.199.181 - - [13/Dec/2013:10:08:40 +0100] "GET /modul.css HTTP/1.1" 200 35038 "http://www.mink-gmbh.de/" "Mozilla/5.0 (Windows NT 6.1; rv:25.0) Gecko/20100101 Firefox/25.0"
91.22.199.181 - - [13/Dec/2013:10:08:40 +0100] "GET /images/team-energie.png HTTP/1.1" 200 17383 "http://www.mink-gmbh.de/" "Mozilla/5.0 (Windows NT 6.1; rv:25.0) Gecko/20100101 Firefox/25.0"
91.22.199.181 - - [13/Dec/2013:10:08:40 +0100] "GET /images/header.jpg HTTP/1.1" 200 25189 "http://www.mink-gmbh.de/style.css" "Mozilla/5.0 (Windows NT 6.1; rv:25.0) Gecko/20100101 Firefox/25.0"
91.22.199.181 - - [13/Dec/2013:10:08:40 +0100] "GET /images/tkw.jpg HTTP/1.1" 200 64031 "http://www.mink-gmbh.de/" "Mozilla/5.0 (Windows NT 6.1; rv:25.0) Gecko/20100101 Firefox/25.0"
91.22.199.181 - - [13/Dec/2013:10:08:41 +0100] "GET /images/mobil.jpg HTTP/1.1" 200 25293 "http://www.mink-gmbh.de/style.css" "Mozilla/5.0 (Windows NT 6.1; rv:25.0) Gecko/20100101 Firefox/25.0"
91.22.199.181 - - [13/Dec/2013:10:08:40 +0100] "GET /images/freecall.jpg HTTP/1.1" 200 39195 "http://www.mink-gmbh.de/" "Mozilla/5.0 (Windows NT 6.1; rv:25.0) Gecko/20100101 Firefox/25.0"
91.22.199.181 - - [13/Dec/2013:10:08:41 +0100] "GET /images/navibg.png HTTP/1.1" 200 2803 "http://www.mink-gmbh.de/style.css" "Mozilla/5.0 (Windows NT 6.1; rv:25.0) Gecko/20100101 Firefox/25.0"
91.22.199.181 - - [13/Dec/2013:10:08:41 +0100] "GET /images/kwk.gif HTTP/1.1" 200 6403 "http://www.mink-gmbh.de/" "Mozilla/5.0 (Windows NT 6.1; rv:25.0) Gecko/20100101 Firefox/25.0"
91.22.199.181 - - [13/Dec/2013:10:08:41 +0100] "GET /images/wunschpreis.jpg HTTP/1.1" 200 16767 "http://www.mink-gmbh.de/" "Mozilla/5.0 (Windows NT 6.1; rv:25.0) Gecko/20100101 Firefox/25.0"
91.22.199.181 - - [13/Dec/2013:10:08:41 +0100] "GET /images/mail.jpg HTTP/1.1" 200 12099 "http://www.mink-gmbh.de/" "Mozilla/5.0 (Windows NT 6.1; rv:25.0) Gecko/20100101 Firefox/25.0"
91.22.199.181 - - [13/Dec/2013:10:08:41 +0100] "GET /images/steigend.png HTTP/1.1" 200 688 "http://www.mink-gmbh.de/modul.css" "Mozilla/5.0 (Windows NT 6.1; rv:25.0) Gecko/20100101 Firefox/25.0"
91.22.199.181 - - [13/Dec/2013:10:08:41 +0100] "GET /images/bg.png HTTP/1.1" 200 922 "http://www.mink-gmbh.de/style.css" "Mozilla/5.0 (Windows NT 6.1; rv:25.0) Gecko/20100101 Firefox/25.0"
91.22.199.181 - - [13/Dec/2013:10:08:41 +0100] "GET /images/close.png HTTP/1.1" 200 703 "http://www.mink-gmbh.de/" "Mozilla/5.0 (Windows NT 6.1; rv:25.0) Gecko/20100101 Firefox/25.0"
91.22.199.181 - - [13/Dec/2013:10:08:41 +0100] "GET /images/logos.jpg?cache2849 HTTP/1.1" 200 35043 "http://www.mink-gmbh.de/" "Mozilla/5.0 (Windows NT 6.1; rv:25.0) Gecko/20100101 Firefox/25.0"
91.22.199.181 - - [13/Dec/2013:10:08:41 +0100] "GET /images/fallend.png HTTP/1.1" 200 713 "http://www.mink-gmbh.de/modul.css" "Mozilla/5.0 (Windows NT 6.1; rv:25.0) Gecko/20100101 Firefox/25.0"
91.22.199.181 - - [13/Dec/2013:10:08:41 +0100] "GET /images/wrapperbg.jpg HTTP/1.1" 200 27465 "http://www.mink-gmbh.de/style.css" "Mozilla/5.0 (Windows NT 6.1; rv:25.0) Gecko/20100101 Firefox/25.0"
91.22.199.181 - - [13/Dec/2013:10:08:41 +0100] "GET /images/newsletter.png HTTP/1.1" 200 14619 "http://www.mink-gmbh.de/style.css" "Mozilla/5.0 (Windows NT 6.1; rv:25.0) Gecko/20100101 Firefox/25.0"
91.22.199.181 - - [13/Dec/2013:10:08:41 +0100] "GET /images/newsletter.jpg HTTP/1.1" 200 13130 "http://www.mink-gmbh.de/style.css" "Mozilla/5.0 (Windows NT 6.1; rv:25.0) Gecko/20100101 Firefox/25.0"
91.22.199.181 - - [13/Dec/2013:10:08:41 +0100] "GET /images/newsletter_bg.jpg HTTP/1.1" 200 33610 "http://www.mink-gmbh.de/" "Mozilla/5.0 (Windows NT 6.1; rv:25.0) Gecko/20100101 Firefox/25.0"
5.10.83.35 - - [13/Dec/2013:10:08:41 +0100] "GET /lexikon.php?cs_go=2&cs_char=w HTTP/1.1" 200 6151 "-" "Mozilla/5.0 (compatible; AhrefsBot/5.0; +http://ahrefs.com/robot/)"
91.22.199.181 - - [13/Dec/2013:10:08:42 +0100] "GET /images/footerbg.jpg HTTP/1.1" 200 2184 "http://www.mink-gmbh.de/style.css" "Mozilla/5.0 (Windows NT 6.1; rv:25.0) Gecko/20100101 Firefox/25.0"
149.91.16.10 - - [13/Dec/2013:10:14:12 +0100] "GET / HTTP/1.1" 200 12367 "-" "-"
157.56.93.95 - - [13/Dec/2013:10:20:48 +0100] "GET / HTTP/1.1" 200 12367 "-" "Mozilla/5.0 (compatible; bingbot/2.0; +http://www.bing.com/bingbot.htm)"
62.181.145.137 - - [13/Dec/2013:10:22:29 +0100] "GET /impressum.php HTTP/1.1" 200 6306 "http://www.bing.com/search?q=teamenergie+gmbh+impressum&src=IE-SearchBox&Form=IE8SRC" "Mozilla/4.0 (compatible; MSIE 8.0; Windows NT 5.2; Trident/4.0; .NET CLR 1.1.4322; .NET CLR 2.0.50727; .NET CLR 3.0.4506.2152; .NET CLR 3.5.30729; InfoPath.3; .NET4.0C; .NET4.0E)"
62.181.145.137 - - [13/Dec/2013:10:22:29 +0100] "GET /images/kwk.gif HTTP/1.1" 200 6403 "http://www.mink-gmbh.de/impressum.php" "Mozilla/4.0 (compatible; MSIE 8.0; Windows NT 5.2; Trident/4.0; .NET CLR 1.1.4322; .NET CLR 2.0.50727; .NET CLR 3.0.4506.2152; .NET CLR 3.5.30729; InfoPath.3; .NET4.0C; .NET4.0E)"
62.181.145.137 - - [13/Dec/2013:10:22:29 +0100] "GET /images/wunschpreis.jpg HTTP/1.1" 200 16767 "http://www.mink-gmbh.de/impressum.php" "Mozilla/4.0 (compatible; MSIE 8.0; Windows NT 5.2; Trident/4.0; .NET CLR 1.1.4322; .NET CLR 2.0.50727; .NET CLR 3.0.4506.2152; .NET CLR 3.5.30729; InfoPath.3; .NET4.0C; .NET4.0E)"
62.181.145.137 - - [13/Dec/2013:10:22:29 +0100] "GET /images/freecall.jpg HTTP/1.1" 200 39195 "http://www.mink-gmbh.de/impressum.php" "Mozilla/4.0 (compatible; MSIE 8.0; Windows NT 5.2; Trident/4.0; .NET CLR 1.1.4322; .NET CLR 2.0.50727; .NET CLR 3.0.4506.2152; .NET CLR 3.5.30729; InfoPath.3; .NET4.0C; .NET4.0E)"
62.181.145.137 - - [13/Dec/2013:10:22:29 +0100] "GET /style.css HTTP/1.1" 200 8402 "http://www.mink-gmbh.de/impressum.php" "Mozilla/4.0 (compatible; MSIE 8.0; Windows NT 5.2; Trident/4.0; .NET CLR 1.1.4322; .NET CLR 2.0.50727; .NET CLR 3.0.4506.2152; .NET CLR 3.5.30729; InfoPath.3; .NET4.0C; .NET4.0E)"
62.181.145.137 - - [13/Dec/2013:10:22:29 +0100] "GET /images/logos.jpg HTTP/1.1" 200 35043 "http://www.mink-gmbh.de/impressum.php" "Mozilla/4.0 (compatible; MSIE 8.0; Windows NT 5.2; Trident/4.0; .NET CLR 1.1.4322; .NET CLR 2.0.50727; .NET CLR 3.0.4506.2152; .NET CLR 3.5.30729; InfoPath.3; .NET4.0C; .NET4.0E)"
62.181.145.137 - - [13/Dec/2013:10:22:29 +0100] "GET /modul.css HTTP/1.1" 200 35038 "http://www.mink-gmbh.de/impressum.php" "Mozilla/4.0 (compatible; MSIE 8.0; Windows NT 5.2; Trident/4.0; .NET CLR 1.1.4322; .NET CLR 2.0.50727; .NET CLR 3.0.4506.2152; .NET CLR 3.5.30729; InfoPath.3; .NET4.0C; .NET4.0E)"
62.181.145.137 - - [13/Dec/2013:10:22:29 +0100] "GET /images/newsletter.png HTTP/1.1" 200 14619 "http://www.mink-gmbh.de/impressum.php" "Mozilla/4.0 (compatible; MSIE 8.0; Windows NT 5.2; Trident/4.0; .NET CLR 1.1.4322; .NET CLR 2.0.50727; .NET CLR 3.0.4506.2152; .NET CLR 3.5.30729; InfoPath.3; .NET4.0C; .NET4.0E)"
62.181.145.137 - - [13/Dec/2013:10:22:29 +0100] "GET /images/header.jpg HTTP/1.1" 200 25189 "http://www.mink-gmbh.de/impressum.php" "Mozilla/4.0 (compatible; MSIE 8.0; Windows NT 5.2; Trident/4.0; .NET CLR 1.1.4322; .NET CLR 2.0.50727; .NET CLR 3.0.4506.2152; .NET CLR 3.5.30729; InfoPath.3; .NET4.0C; .NET4.0E)"
62.181.145.137 - - [13/Dec/2013:10:22:29 +0100] "GET /images/bg.png HTTP/1.1" 200 922 "http://www.mink-gmbh.de/impressum.php" "Mozilla/4.0 (compatible; MSIE 8.0; Windows NT 5.2; Trident/4.0; .NET CLR 1.1.4322; .NET CLR 2.0.50727; .NET CLR 3.0.4506.2152; .NET CLR 3.5.30729; InfoPath.3; .NET4.0C; .NET4.0E)"
62.181.145.137 - - [13/Dec/2013:10:22:29 +0100] "GET /images/navibg.png HTTP/1.1" 200 2803 "http://www.mink-gmbh.de/impressum.php" "Mozilla/4.0 (compatible; MSIE 8.0; Windows NT 5.2; Trident/4.0; .NET CLR 1.1.4322; .NET CLR 2.0.50727; .NET CLR 3.0.4506.2152; .NET CLR 3.5.30729; InfoPath.3; .NET4.0C; .NET4.0E)"
62.181.145.137 - - [13/Dec/2013:10:22:29 +0100] "GET /images/wrapperbg.jpg HTTP/1.1" 200 27465 "http://www.mink-gmbh.de/impressum.php" "Mozilla/4.0 (compatible; MSIE 8.0; Windows NT 5.2; Trident/4.0; .NET CLR 1.1.4322; .NET CLR 2.0.50727; .NET CLR 3.0.4506.2152; .NET CLR 3.5.30729; InfoPath.3; .NET4.0C; .NET4.0E)"
62.181.145.137 - - [13/Dec/2013:10:22:29 +0100] "GET /images/footerbg.jpg HTTP/1.1" 200 2184 "http://www.mink-gmbh.de/impressum.php" "Mozilla/4.0 (compatible; MSIE 8.0; Windows NT 5.2; Trident/4.0; .NET CLR 1.1.4322; .NET CLR 2.0.50727; .NET CLR 3.0.4506.2152; .NET CLR 3.5.30729; InfoPath.3; .NET4.0C; .NET4.0E)"
62.181.145.137 - - [13/Dec/2013:10:22:29 +0100] "GET /favicon.ico HTTP/1.1" 200 3638 "-" "Mozilla/4.0 (compatible; MSIE 8.0; Windows NT 5.2; Trident/4.0; .NET CLR 1.1.4322; .NET CLR 2.0.50727; .NET CLR 3.0.4506.2152; .NET CLR 3.5.30729; InfoPath.3; .NET4.0C; .NET4.0E)"
199.19.249.196 - - [13/Dec/2013:10:22:29 +0100] "GET /impressum.php HTTP/1.1" 200 6306 "-" "Mozilla/4.0 (compatible; MSIE 7.0; Windows NT 5.1; InfoPath.1; .NET CLR 2.0.50727; .NET CLR 1.1.4322; MS-RTC LM 8; .NET CLR 3.0.4506.2152; .NET CLR 3.5.30729)"
5.10.83.97 - - [13/Dec/2013:10:24:16 +0100] "GET /news.php?cs_go=archiv&cs_id=4758&cs_search= HTTP/1.1" 200 8181 "-" "Mozilla/5.0 (compatible; AhrefsBot/5.0; +http://ahrefs.com/robot/)"
208.115.113.91 - - [13/Dec/2013:10:51:48 +0100] "GET /news.php?cs_go=archiv&cs_id=4596&cs_search= HTTP/1.1" 200 9389 "-" "Mozilla/5.0 (compatible; Ezooms/1.0; help@moz.com)"
