87.166.63.76 - - [01/Dec/2013:18:46:17 +0100] "GET /images/bg.png HTTP/1.1" 200 922 "http://www.mink-gmbh.de/" "Mozilla/5.0 (Macintosh; U; Intel Mac OS X 10_6_8; de-de) AppleWebKit/533.21.1 (KHTML, like Gecko) Version/5.0.5 Safari/533.21.1"
87.166.63.76 - - [01/Dec/2013:18:46:17 +0100] "GET /js_contentserver24_greybox/AJS.js HTTP/1.1" 200 10396 "http://www.mink-gmbh.de/" "Mozilla/5.0 (Macintosh; U; Intel Mac OS X 10_6_8; de-de) AppleWebKit/533.21.1 (KHTML, like Gecko) Version/5.0.5 Safari/533.21.1"
87.166.63.76 - - [01/Dec/2013:18:46:17 +0100] "GET /js_contentserver24_greybox/gb_styles.css HTTP/1.1" 200 2302 "http://www.mink-gmbh.de/" "Mozilla/5.0 (Macintosh; U; Intel Mac OS X 10_6_8; de-de) AppleWebKit/533.21.1 (KHTML, like Gecko) Version/5.0.5 Safari/533.21.1"
87.166.63.76 - - [01/Dec/2013:18:46:17 +0100] "GET /images/team-energie.png HTTP/1.1" 200 17383 "http://www.mink-gmbh.de/" "Mozilla/5.0 (Macintosh; U; Intel Mac OS X 10_6_8; de-de) AppleWebKit/533.21.1 (KHTML, like Gecko) Version/5.0.5 Safari/533.21.1"
87.166.63.76 - - [01/Dec/2013:18:46:17 +0100] "GET /js_contentserver24_greybox/gb_scripts.js HTTP/1.1" 200 11913 "http://www.mink-gmbh.de/" "Mozilla/5.0 (Macintosh; U; Intel Mac OS X 10_6_8; de-de) AppleWebKit/533.21.1 (KHTML, like Gecko) Version/5.0.5 Safari/533.21.1"
87.166.63.76 - - [01/Dec/2013:18:46:17 +0100] "GET /js_contentserver24_greybox/AJS_fx.js HTTP/1.1" 200 3192 "http://www.mink-gmbh.de/" "Mozilla/5.0 (Macintosh; U; Intel Mac OS X 10_6_8; de-de) AppleWebKit/533.21.1 (KHTML, like Gecko) Version/5.0.5 Safari/533.21.1"
87.166.63.76 - - [01/Dec/2013:18:46:17 +0100] "GET /images/tkw.jpg HTTP/1.1" 200 64031 "http://www.mink-gmbh.de/" "Mozilla/5.0 (Macintosh; U; Intel Mac OS X 10_6_8; de-de) AppleWebKit/533.21.1 (KHTML, like Gecko) Version/5.0.5 Safari/533.21.1"
87.166.63.76 - - [01/Dec/2013:18:46:17 +0100] "GET /images/freecall.jpg HTTP/1.1" 200 39195 "http://www.mink-gmbh.de/" "Mozilla/5.0 (Macintosh; U; Intel Mac OS X 10_6_8; de-de) AppleWebKit/533.21.1 (KHTML, like Gecko) Version/5.0.5 Safari/533.21.1"
87.166.63.76 - - [01/Dec/2013:18:46:17 +0100] "GET /images/mail.jpg HTTP/1.1" 200 12099 "http://www.mink-gmbh.de/" "Mozilla/5.0 (Macintosh; U; Intel Mac OS X 10_6_8; de-de) AppleWebKit/533.21.1 (KHTML, like Gecko) Version/5.0.5 Safari/533.21.1"
87.166.63.76 - - [01/Dec/2013:18:46:17 +0100] "GET /images/kwk.gif HTTP/1.1" 200 6403 "http://www.mink-gmbh.de/" "Mozilla/5.0 (Macintosh; U; Intel Mac OS X 10_6_8; de-de) AppleWebKit/533.21.1 (KHTML, like Gecko) Version/5.0.5 Safari/533.21.1"
87.166.63.76 - - [01/Dec/2013:18:46:17 +0100] "GET /images/wunschpreis.jpg HTTP/1.1" 200 16767 "http://www.mink-gmbh.de/" "Mozilla/5.0 (Macintosh; U; Intel Mac OS X 10_6_8; de-de) AppleWebKit/533.21.1 (KHTML, like Gecko) Version/5.0.5 Safari/533.21.1"
87.166.63.76 - - [01/Dec/2013:18:46:17 +0100] "GET /images/logos.jpg?cache4977 HTTP/1.1" 200 35043 "http://www.mink-gmbh.de/" "Mozilla/5.0 (Macintosh; U; Intel Mac OS X 10_6_8; de-de) AppleWebKit/533.21.1 (KHTML, like Gecko) Version/5.0.5 Safari/533.21.1"
87.166.63.76 - - [01/Dec/2013:18:46:17 +0100] "GET /images/close.png HTTP/1.1" 200 703 "http://www.mink-gmbh.de/" "Mozilla/5.0 (Macintosh; U; Intel Mac OS X 10_6_8; de-de) AppleWebKit/533.21.1 (KHTML, like Gecko) Version/5.0.5 Safari/533.21.1"
87.166.63.76 - - [01/Dec/2013:18:46:17 +0100] "GET /js_contentserver24_greybox/w_close.gif HTTP/1.1" 200 74 "http://www.mink-gmbh.de/" "Mozilla/5.0 (Macintosh; U; Intel Mac OS X 10_6_8; de-de) AppleWebKit/533.21.1 (KHTML, like Gecko) Version/5.0.5 Safari/533.21.1"
87.166.63.76 - - [01/Dec/2013:18:46:17 +0100] "GET /images/newsletter_bg.jpg HTTP/1.1" 200 33610 "http://www.mink-gmbh.de/" "Mozilla/5.0 (Macintosh; U; Intel Mac OS X 10_6_8; de-de) AppleWebKit/533.21.1 (KHTML, like Gecko) Version/5.0.5 Safari/533.21.1"
87.166.63.76 - - [01/Dec/2013:18:46:17 +0100] "GET /images/newsletter.png HTTP/1.1" 200 14619 "http://www.mink-gmbh.de/" "Mozilla/5.0 (Macintosh; U; Intel Mac OS X 10_6_8; de-de) AppleWebKit/533.21.1 (KHTML, like Gecko) Version/5.0.5 Safari/533.21.1"
87.166.63.76 - - [01/Dec/2013:18:46:17 +0100] "GET /images/wrapperbg.jpg HTTP/1.1" 200 27465 "http://www.mink-gmbh.de/" "Mozilla/5.0 (Macintosh; U; Intel Mac OS X 10_6_8; de-de) AppleWebKit/533.21.1 (KHTML, like Gecko) Version/5.0.5 Safari/533.21.1"
87.166.63.76 - - [01/Dec/2013:18:46:17 +0100] "GET /images/header.jpg HTTP/1.1" 200 25189 "http://www.mink-gmbh.de/" "Mozilla/5.0 (Macintosh; U; Intel Mac OS X 10_6_8; de-de) AppleWebKit/533.21.1 (KHTML, like Gecko) Version/5.0.5 Safari/533.21.1"
87.166.63.76 - - [01/Dec/2013:18:46:18 +0100] "GET /js_contentserver24_greybox/loader_frame.html?s=0 HTTP/1.1" 200 2084 "http://www.mink-gmbh.de/" "Mozilla/5.0 (Macintosh; U; Intel Mac OS X 10_6_8; de-de) AppleWebKit/533.21.1 (KHTML, like Gecko) Version/5.0.5 Safari/533.21.1"
87.166.63.76 - - [01/Dec/2013:18:46:18 +0100] "GET /images/navibg.png HTTP/1.1" 200 2803 "http://www.mink-gmbh.de/" "Mozilla/5.0 (Macintosh; U; Intel Mac OS X 10_6_8; de-de) AppleWebKit/533.21.1 (KHTML, like Gecko) Version/5.0.5 Safari/533.21.1"
87.166.63.76 - - [01/Dec/2013:18:46:18 +0100] "GET /images/steigend.png HTTP/1.1" 200 688 "http://www.mink-gmbh.de/" "Mozilla/5.0 (Macintosh; U; Intel Mac OS X 10_6_8; de-de) AppleWebKit/533.21.1 (KHTML, like Gecko) Version/5.0.5 Safari/533.21.1"
87.166.63.76 - - [01/Dec/2013:18:46:18 +0100] "GET /images/fallend.png HTTP/1.1" 200 713 "http://www.mink-gmbh.de/" "Mozilla/5.0 (Macintosh; U; Intel Mac OS X 10_6_8; de-de) AppleWebKit/533.21.1 (KHTML, like Gecko) Version/5.0.5 Safari/533.21.1"
87.166.63.76 - - [01/Dec/2013:18:46:18 +0100] "GET /images/mobil.jpg HTTP/1.1" 200 25293 "http://www.mink-gmbh.de/" "Mozilla/5.0 (Macintosh; U; Intel Mac OS X 10_6_8; de-de) AppleWebKit/533.21.1 (KHTML, like Gecko) Version/5.0.5 Safari/533.21.1"
87.166.63.76 - - [01/Dec/2013:18:46:18 +0100] "GET /images/footerbg.jpg HTTP/1.1" 200 2184 "http://www.mink-gmbh.de/" "Mozilla/5.0 (Macintosh; U; Intel Mac OS X 10_6_8; de-de) AppleWebKit/533.21.1 (KHTML, like Gecko) Version/5.0.5 Safari/533.21.1"
87.166.63.76 - - [01/Dec/2013:18:46:18 +0100] "GET /images/newsletter.jpg HTTP/1.1" 200 13130 "http://www.mink-gmbh.de/" "Mozilla/5.0 (Macintosh; U; Intel Mac OS X 10_6_8; de-de) AppleWebKit/533.21.1 (KHTML, like Gecko) Version/5.0.5 Safari/533.21.1"
87.166.63.76 - - [01/Dec/2013:18:46:18 +0100] "GET /js_contentserver24_greybox/header_bg.gif HTTP/1.1" 200 1188 "http://www.mink-gmbh.de/" "Mozilla/5.0 (Macintosh; U; Intel Mac OS X 10_6_8; de-de) AppleWebKit/533.21.1 (KHTML, like Gecko) Version/5.0.5 Safari/533.21.1"
87.166.63.76 - - [01/Dec/2013:18:46:18 +0100] "GET /js_contentserver24_greybox/indicator.gif HTTP/1.1" 200 8238 "http://www.mink-gmbh.de/js_contentserver24_greybox/loader_frame.html?s=0" "Mozilla/5.0 (Macintosh; U; Intel Mac OS X 10_6_8; de-de) AppleWebKit/533.21.1 (KHTML, like Gecko) Version/5.0.5 Safari/533.21.1"
87.166.63.76 - - [01/Dec/2013:18:46:19 +0100] "GET /favicon.ico HTTP/1.1" 200 3638 "http://www.mink-gmbh.de/" "Mozilla/5.0 (Macintosh; U; Intel Mac OS X 10_6_8; de-de) AppleWebKit/533.21.1 (KHTML, like Gecko) Version/5.0.5 Safari/533.21.1"
87.166.63.76 - - [01/Dec/2013:18:46:19 +0100] "GET /js_contentserver24_greybox/g_close.gif HTTP/1.1" 200 541 "http://www.mink-gmbh.de/" "Mozilla/5.0 (Macintosh; U; Intel Mac OS X 10_6_8; de-de) AppleWebKit/533.21.1 (KHTML, like Gecko) Version/5.0.5 Safari/533.21.1"
5.10.83.2 - - [01/Dec/2013:18:46:19 +0100] "GET /lexikon.php?cs_go=3&cs_id=230 HTTP/1.1" 200 6124 "-" "Mozilla/5.0 (compatible; AhrefsBot/5.0; +http://ahrefs.com/robot/)"
5.10.83.101 - - [01/Dec/2013:18:49:35 +0100] "GET /news.php?cs_go=archiv&cs_id=4665&cs_search= HTTP/1.1" 200 8135 "-" "Mozilla/5.0 (compatible; AhrefsBot/5.0; +http://ahrefs.com/robot/)"
66.249.78.46 - - [01/Dec/2013:19:00:12 +0100] "GET /impressum.php HTTP/1.1" 200 6306 "-" "Mozilla/5.0 (compatible; Googlebot/2.1; +http://www.google.com/bot.html)"
5.10.83.32 - - [01/Dec/2013:19:00:32 +0100] "GET /lexikon.php?cs_go=3&cs_id=206 HTTP/1.1" 200 5922 "-" "Mozilla/5.0 (compatible; AhrefsBot/5.0; +http://ahrefs.com/robot/)"
5.10.83.69 - - [01/Dec/2013:19:01:54 +0100] "GET /news.php?cs_go=archiv&cs_id=4496&cs_search= HTTP/1.1" 200 10876 "-" "Mozilla/5.0 (compatible; AhrefsBot/5.0; +http://ahrefs.com/robot/)"
5.10.83.69 - - [01/Dec/2013:19:03:04 +0100] "GET /lexikon.php?cs_go=3&cs_id=121 HTTP/1.1" 200 5937 "-" "Mozilla/5.0 (compatible; AhrefsBot/5.0; +http://ahrefs.com/robot/)"
217.172.189.42 - - [01/Dec/2013:19:04:59 +0100] "GET /content/encyclopedia/images/1_023.jpg HTTP/1.1" 404 - "-" "Mozilla/5.0 (compatible; waybackarchive.org/1.0; +spider@waybackarchive.org)"
65.36.241.79 - - [01/Dec/2013:19:08:30 +0100] "HEAD / HTTP/1.1" 200 - "-" "InternetSeer.com"
220.181.108.80 - - [01/Dec/2013:19:16:01 +0100] "GET / HTTP/1.1" 200 6597 "-" "Mozilla/5.0 (compatible; Baiduspider/2.0; +http://www.baidu.com/search/spider.html)"
123.125.71.30 - - [01/Dec/2013:19:16:09 +0100] "GET / HTTP/1.1" 200 6597 "-" "Mozilla/5.0 (compatible; Baiduspider/2.0; +http://www.baidu.com/search/spider.html)"
5.10.83.47 - - [01/Dec/2013:19:26:41 +0100] "GET /news.php?cs_go=archiv&cs_id=4494&cs_search= HTTP/1.1" 200 11100 "-" "Mozilla/5.0 (compatible; AhrefsBot/5.0; +http://ahrefs.com/robot/)"
5.10.83.53 - - [01/Dec/2013:19:29:20 +0100] "GET /lexikon.php?cs_go=3&cs_id=228 HTTP/1.1" 200 6808 "-" "Mozilla/5.0 (compatible; AhrefsBot/5.0; +http://ahrefs.com/robot/)"
5.10.83.101 - - [01/Dec/2013:19:30:43 +0100] "GET /news.php?cs_go=archiv&cs_startpos=61 HTTP/1.1" 200 20505 "-" "Mozilla/5.0 (compatible; AhrefsBot/5.0; +http://ahrefs.com/robot/)"
5.10.83.56 - - [01/Dec/2013:19:34:07 +0100] "GET /lexikon.php?cs_go=3&cs_id=126 HTTP/1.1" 200 5926 "-" "Mozilla/5.0 (compatible; AhrefsBot/5.0; +http://ahrefs.com/robot/)"
5.10.83.56 - - [01/Dec/2013:19:35:00 +0100] "GET /news.php?cs_go=archiv&cs_id=4696&cs_search= HTTP/1.1" 200 8199 "-" "Mozilla/5.0 (compatible; AhrefsBot/5.0; +http://ahrefs.com/robot/)"
5.10.83.56 - - [01/Dec/2013:19:47:09 +0100] "GET /rueckrufservice.php HTTP/1.1" 200 8300 "-" "Mozilla/5.0 (compatible; AhrefsBot/5.0; +http://ahrefs.com/robot/)"
66.249.78.46 - - [01/Dec/2013:19:54:33 +0100] "GET /schwefelarmstandard.php HTTP/1.1" 200 10730 "-" "Mozilla/5.0 (compatible; Googlebot/2.1; +http://www.google.com/bot.html)"
141.8.147.12 - - [01/Dec/2013:19:56:03 +0100] "GET /robots.txt HTTP/1.1" 200 177 "-" "Mozilla/5.0 (compatible; YandexBot/3.0; +http://yandex.com/bots)"
141.8.147.12 - - [01/Dec/2013:19:58:42 +0100] "GET /news.php?cs_go=archiv&cs_id=4732&cs_search= HTTP/1.1" 200 7555 "-" "Mozilla/5.0 (compatible; YandexBot/3.0; +http://yandex.com/bots)"
141.8.147.12 - - [01/Dec/2013:20:01:17 +0100] "GET /news.php?cs_go=archiv&cs_id=4735 HTTP/1.1" 200 8277 "-" "Mozilla/5.0 (compatible; YandexBot/3.0; +http://yandex.com/bots)"
5.10.83.47 - - [01/Dec/2013:20:17:01 +0100] "GET /news.php?cs_go=archiv&cs_id=4673&cs_search= HTTP/1.1" 200 7701 "-" "Mozilla/5.0 (compatible; AhrefsBot/5.0; +http://ahrefs.com/robot/)"
5.10.83.42 - - [01/Dec/2013:20:20:56 +0100] "GET /news.php?cs_go=archiv&cs_startpos=100 HTTP/1.1" 200 20492 "-" "Mozilla/5.0 (compatible; AhrefsBot/5.0; +http://ahrefs.com/robot/)"
5.10.83.56 - - [01/Dec/2013:20:21:17 +0100] "GET /lexikon.php?cs_go=3&cs_id=148 HTTP/1.1" 200 6084 "-" "Mozilla/5.0 (compatible; AhrefsBot/5.0; +http://ahrefs.com/robot/)"
5.10.83.2 - - [01/Dec/2013:20:28:53 +0100] "GET /lexikon.php?cs_go=3&cs_id=79 HTTP/1.1" 200 5563 "-" "Mozilla/5.0 (compatible; AhrefsBot/5.0; +http://ahrefs.com/robot/)"
5.10.83.97 - - [01/Dec/2013:20:29:43 +0100] "GET /news.php?cs_go=archiv&cs_id=4726 HTTP/1.1" 200 11408 "-" "Mozilla/5.0 (compatible; AhrefsBot/5.0; +http://ahrefs.com/robot/)"
66.249.78.46 - - [01/Dec/2013:20:55:42 +0100] "GET /kwk.php HTTP/1.1" 200 8447 "-" "Mozilla/5.0 (compatible; Googlebot/2.1; +http://www.google.com/bot.html)"
5.10.83.42 - - [01/Dec/2013:21:05:51 +0100] "GET /news.php?cs_go=archiv&cs_startpos=161 HTTP/1.1" 200 20525 "-" "Mozilla/5.0 (compatible; AhrefsBot/5.0; +http://ahrefs.com/robot/)"
5.10.83.97 - - [01/Dec/2013:21:19:43 +0100] "GET /lexikon.php?cs_go=3&cs_id=226 HTTP/1.1" 200 6317 "-" "Mozilla/5.0 (compatible; AhrefsBot/5.0; +http://ahrefs.com/robot/)"
5.10.83.53 - - [01/Dec/2013:21:22:07 +0100] "GET /lexikon.php?cs_go=2&cs_char=u HTTP/1.1" 200 6308 "-" "Mozilla/5.0 (compatible; AhrefsBot/5.0; +http://ahrefs.com/robot/)"
5.10.83.101 - - [01/Dec/2013:21:27:05 +0100] "GET /news.php?cs_go=archiv&cs_id=4632&cs_search= HTTP/1.1" 200 8146 "-" "Mozilla/5.0 (compatible; AhrefsBot/5.0; +http://ahrefs.com/robot/)"
5.10.83.97 - - [01/Dec/2013:21:34:03 +0100] "GET /lexikon.php?cs_go=3&cs_id=4 HTTP/1.1" 200 5753 "-" "Mozilla/5.0 (compatible; AhrefsBot/5.0; +http://ahrefs.com/robot/)"
192.99.9.164 - - [01/Dec/2013:22:00:01 +0100] "GET / HTTP/1.1" 200 12486 "-" "Mozilla/5.0 (Macintosh; Intel Mac OS X 10_8_4) AppleWebKit/537.36 (KHTML, like Gecko) Chrome/27.0.1453.110 Safari/537.36"
5.10.83.47 - - [01/Dec/2013:22:06:42 +0100] "GET /news.php?cs_go=archiv&cs_id=4616&cs_search= HTTP/1.1" 200 9397 "-" "Mozilla/5.0 (compatible; AhrefsBot/5.0; +http://ahrefs.com/robot/)"
5.10.83.56 - - [01/Dec/2013:22:13:49 +0100] "GET /news.php?cs_go=archiv&cs_id=4625&cs_search= HTTP/1.1" 200 7664 "-" "Mozilla/5.0 (compatible; AhrefsBot/5.0; +http://ahrefs.com/robot/)"
5.10.83.56 - - [01/Dec/2013:22:14:58 +0100] "GET /lexikon.php?cs_go=3&cs_id=140 HTTP/1.1" 200 6308 "-" "Mozilla/5.0 (compatible; AhrefsBot/5.0; +http://ahrefs.com/robot/)"
5.10.83.99 - - [01/Dec/2013:22:18:34 +0100] "GET /news.php?cs_go=archiv&cs_id=4697&cs_search= HTTP/1.1" 200 7447 "-" "Mozilla/5.0 (compatible; AhrefsBot/5.0; +http://ahrefs.com/robot/)"
5.10.83.2 - - [01/Dec/2013:22:19:34 +0100] "GET /index.php HTTP/1.1" 200 12486 "-" "Mozilla/5.0 (compatible; AhrefsBot/5.0; +http://ahrefs.com/robot/)"
141.8.147.12 - - [01/Dec/2013:22:27:47 +0100] "GET /news.php?cs_go=archiv&cs_id=4734 HTTP/1.1" 200 7777 "-" "Mozilla/5.0 (compatible; YandexBot/3.0; +http://yandex.com/bots)"
5.10.83.47 - - [01/Dec/2013:22:31:58 +0100] "GET /diesel.php HTTP/1.1" 200 8192 "-" "Mozilla/5.0 (compatible; AhrefsBot/5.0; +http://ahrefs.com/robot/)"
5.10.83.53 - - [01/Dec/2013:22:35:34 +0100] "GET /news.php?cs_go=archiv&cs_id=4702&cs_search= HTTP/1.1" 200 7792 "-" "Mozilla/5.0 (compatible; AhrefsBot/5.0; +http://ahrefs.com/robot/)"
5.10.83.69 - - [01/Dec/2013:22:37:21 +0100] "GET /lexikon.php?cs_go=3&cs_id=38 HTTP/1.1" 200 5736 "-" "Mozilla/5.0 (compatible; AhrefsBot/5.0; +http://ahrefs.com/robot/)"
5.10.83.69 - - [01/Dec/2013:22:46:03 +0100] "GET /lexikon.php?cs_go=3&cs_id=231 HTTP/1.1" 200 5935 "-" "Mozilla/5.0 (compatible; AhrefsBot/5.0; +http://ahrefs.com/robot/)"
5.10.83.53 - - [01/Dec/2013:22:50:01 +0100] "GET /lexikon.php?cs_go=3&cs_id=102 HTTP/1.1" 200 5552 "-" "Mozilla/5.0 (compatible; AhrefsBot/5.0; +http://ahrefs.com/robot/)"
5.10.83.47 - - [01/Dec/2013:22:50:46 +0100] "GET /news.php?cs_go=archiv&cs_id=4647&cs_search= HTTP/1.1" 200 8188 "-" "Mozilla/5.0 (compatible; AhrefsBot/5.0; +http://ahrefs.com/robot/)"
5.10.83.47 - - [01/Dec/2013:23:13:53 +0100] "GET /jobs.php HTTP/1.1" 200 4965 "-" "Mozilla/5.0 (compatible; AhrefsBot/5.0; +http://ahrefs.com/robot/)"
66.249.78.46 - - [01/Dec/2013:23:16:41 +0100] "GET / HTTP/1.1" 200 12486 "-" "Mozilla/5.0 (iPhone; CPU iPhone OS 6_0 like Mac OS X) AppleWebKit/536.26 (KHTML, like Gecko) Version/6.0 Mobile/10A5376e Safari/8536.25 (compatible; Googlebot-Mobile/2.1; +http://www.google.com/bot.html)"
5.10.83.53 - - [01/Dec/2013:23:16:46 +0100] "GET /lexikon.php?cs_go=3&cs_id=51 HTTP/1.1" 200 7058 "-" "Mozilla/5.0 (compatible; AhrefsBot/5.0; +http://ahrefs.com/robot/)"
5.10.83.69 - - [01/Dec/2013:23:17:04 +0100] "GET /lexikon.php?cs_go=2&cs_char=b HTTP/1.1" 200 7294 "-" "Mozilla/5.0 (compatible; AhrefsBot/5.0; +http://ahrefs.com/robot/)"
5.10.83.11 - - [01/Dec/2013:23:17:05 +0100] "GET /news.php?cs_go=archiv&cs_id=4546&cs_search= HTTP/1.1" 200 8177 "-" "Mozilla/5.0 (compatible; AhrefsBot/5.0; +http://ahrefs.com/robot/)"
66.249.78.46 - - [01/Dec/2013:23:26:03 +0100] "GET /schwefelarmstandard.php HTTP/1.1" 200 10730 "-" "Mozilla/5.0 (iPhone; CPU iPhone OS 6_0 like Mac OS X) AppleWebKit/536.26 (KHTML, like Gecko) Version/6.0 Mobile/10A5376e Safari/8536.25 (compatible; Googlebot-Mobile/2.1; +http://www.google.com/bot.html)"
5.10.83.69 - - [01/Dec/2013:23:43:43 +0100] "GET /news.php?cs_go=archiv&cs_id=4695&cs_search= HTTP/1.1" 200 9459 "-" "Mozilla/5.0 (compatible; AhrefsBot/5.0; +http://ahrefs.com/robot/)"
5.10.83.32 - - [01/Dec/2013:23:45:08 +0100] "GET /lexikon.php?cs_go=3&cs_id=92 HTTP/1.1" 200 6089 "-" "Mozilla/5.0 (compatible; AhrefsBot/5.0; +http://ahrefs.com/robot/)"
5.10.83.2 - - [01/Dec/2013:23:48:21 +0100] "GET /news.php?cs_go=archiv&cs_id=4560&cs_search= HTTP/1.1" 200 9041 "-" "Mozilla/5.0 (compatible; AhrefsBot/5.0; +http://ahrefs.com/robot/)"
5.10.83.56 - - [01/Dec/2013:23:51:19 +0100] "GET /news.php?cs_go=archiv&cs_id=4562&cs_search= HTTP/1.1" 200 11648 "-" "Mozilla/5.0 (compatible; AhrefsBot/5.0; +http://ahrefs.com/robot/)"
66.249.78.46 - - [02/Dec/2013:00:12:43 +0100] "GET /preisanfrage.php HTTP/1.1" 200 8502 "-" "Mozilla/5.0 (compatible; Googlebot/2.1; +http://www.google.com/bot.html)"
65.36.241.79 - - [02/Dec/2013:00:14:00 +0100] "HEAD / HTTP/1.1" 200 - "-" "InternetSeer.com"
208.78.96.220 - - [02/Dec/2013:00:25:01 +0100] "HEAD / HTTP/1.1" 200 - "-" "Mozilla/5.0"
141.8.147.12 - - [02/Dec/2013:00:29:55 +0100] "GET /kwk.php?cs_go=1 HTTP/1.1" 200 8447 "-" "Mozilla/5.0 (compatible; YandexBot/3.0; +http://yandex.com/bots)"
66.249.78.46 - - [02/Dec/2013:00:33:06 +0100] "GET /news.php?cs_go=archiv&cs_id=4718 HTTP/1.1" 200 8151 "-" "Mozilla/5.0 (compatible; Googlebot/2.1; +http://www.google.com/bot.html)"
62.210.188.226 - - [02/Dec/2013:00:40:41 +0100] "GET /js_contentserver24_greybox/AJS.js HTTP/1.1" 200 10396 "http://www.mink-gmbh.de/" "Mozilla/5.0 (X11; Linux x86_64) AppleWebKit/534.34 (KHTML, like Gecko) Qt/4.8.1 Safari/534.34"
62.210.188.226 - - [02/Dec/2013:00:40:41 +0100] "GET /js_contentserver24_greybox/gb_scripts.js HTTP/1.1" 200 11913 "http://www.mink-gmbh.de/" "Mozilla/5.0 (X11; Linux x86_64) AppleWebKit/534.34 (KHTML, like Gecko) Qt/4.8.1 Safari/534.34"
62.210.188.226 - - [02/Dec/2013:00:40:41 +0100] "GET /js_contentserver24_greybox/AJS_fx.js HTTP/1.1" 200 3192 "http://www.mink-gmbh.de/" "Mozilla/5.0 (X11; Linux x86_64) AppleWebKit/534.34 (KHTML, like Gecko) Qt/4.8.1 Safari/534.34"
62.210.188.226 - - [02/Dec/2013:00:40:41 +0100] "GET / HTTP/1.1" 200 12486 "-" "Mozilla/5.0 (X11; Linux x86_64) AppleWebKit/534.34 (KHTML, like Gecko) Qt/4.8.1 Safari/534.34"
62.210.188.226 - - [02/Dec/2013:00:40:42 +0100] "GET /js_contentserver24_greybox/loader_frame.html?s=0 HTTP/1.1" 200 2084 "http://www.mink-gmbh.de/" "Mozilla/5.0 (X11; Linux x86_64) AppleWebKit/534.34 (KHTML, like Gecko) Qt/4.8.1 Safari/534.34"
208.115.113.91 - - [02/Dec/2013:00:45:34 +0100] "GET /robots.txt HTTP/1.1" 200 177 "-" "Mozilla/5.0 (compatible; Ezooms/1.0; ezooms.bot@gmail.com)"
65.55.215.54 - - [02/Dec/2013:00:46:31 +0100] "GET /robots.txt HTTP/1.1" 200 177 "-" "msnbot-media/1.1 (+http://search.msn.com/msnbot.htm)"
65.55.215.54 - - [02/Dec/2013:00:46:31 +0100] "GET /images/wunschpreis.jpg HTTP/1.1" 200 16767 "-" "msnbot-media/1.1 (+http://search.msn.com/msnbot.htm)"
66.249.78.46 - - [02/Dec/2013:02:22:39 +0100] "GET /news.php?cs_go=archiv&cs_id=4472 HTTP/1.1" 200 7777 "-" "Mozilla/5.0 (iPhone; CPU iPhone OS 6_0 like Mac OS X) AppleWebKit/536.26 (KHTML, like Gecko) Version/6.0 Mobile/10A5376e Safari/8536.25 (compatible; Googlebot-Mobile/2.1; +http://www.google.com/bot.html)"
141.8.147.12 - - [02/Dec/2013:02:27:21 +0100] "GET /news.php?cs_go=archiv&cs_id=4728 HTTP/1.1" 200 9648 "-" "Mozilla/5.0 (compatible; YandexBot/3.0; +http://yandex.com/bots)"
141.8.147.12 - - [02/Dec/2013:02:38:45 +0100] "GET /index.php HTTP/1.1" 200 12486 "-" "Mozilla/5.0 (compatible; YandexBot/3.0; +http://yandex.com/bots)"
208.115.113.91 - - [02/Dec/2013:02:39:17 +0100] "GET /news.php?cs_go=archiv&cs_id=4540&cs_search= HTTP/1.1" 200 8300 "-" "Mozilla/5.0 (compatible; Ezooms/1.0; ezooms.bot@gmail.com)"
208.115.113.91 - - [02/Dec/2013:02:39:20 +0100] "GET /news.php?cs_go=archiv&cs_startpos=220 HTTP/1.1" 200 10330 "-" "Mozilla/5.0 (compatible; Ezooms/1.0; ezooms.bot@gmail.com)"
208.115.111.75 - - [02/Dec/2013:02:45:05 +0100] "GET /robots.txt HTTP/1.1" 200 177 "-" "Mozilla/5.0 (compatible; Ezooms/1.0; ezooms.bot@gmail.com)"
141.8.147.12 - - [02/Dec/2013:02:50:01 +0100] "GET /news.php?cs_go=archiv&cs_id=4733 HTTP/1.1" 200 11351 "-" "Mozilla/5.0 (compatible; YandexBot/3.0; +http://yandex.com/bots)"
66.249.78.46 - - [02/Dec/2013:03:09:21 +0100] "GET /news.php?cs_go=archiv&cs_id=3912 HTTP/1.1" 200 9232 "-" "Mozilla/5.0 (compatible; Googlebot/2.1; +http://www.google.com/bot.html)"
157.55.35.97 - - [02/Dec/2013:04:20:19 +0100] "GET /robots.txt HTTP/1.1" 200 177 "-" "Mozilla/5.0 (compatible; bingbot/2.0; +http://www.bing.com/bingbot.htm)"
157.55.35.97 - - [02/Dec/2013:04:21:55 +0100] "GET / HTTP/1.1" 200 12486 "-" "Mozilla/5.0 (compatible; bingbot/2.0; +http://www.bing.com/bingbot.htm)"
199.30.24.246 - - [02/Dec/2013:04:21:57 +0100] "GET /style.css HTTP/1.1" 200 8402 "http://www.mink-gmbh.de/" "Mozilla/5.0 (Windows NT 6.1; WOW64) AppleWebKit/534+ (KHTML, like Gecko) BingPreview/1.0b"
157.55.32.97 - - [02/Dec/2013:04:22:38 +0100] "GET /js_contentserver24_greybox/gb_scripts.js HTTP/1.1" 200 11913 "-" "Mozilla/5.0 (compatible; bingbot/2.0; +http://www.bing.com/bingbot.htm)"
157.56.92.161 - - [02/Dec/2013:04:23:45 +0100] "GET /js_contentserver24_greybox/gb_styles.css HTTP/1.1" 200 2302 "-" "Mozilla/5.0 (compatible; bingbot/2.0; +http://www.bing.com/bingbot.htm)"
66.249.78.46 - - [02/Dec/2013:04:30:23 +0100] "GET /news.php?cs_go=archiv&cs_id=4722&cs_search= HTTP/1.1" 200 11340 "-" "Mozilla/5.0 (iPhone; CPU iPhone OS 6_0 like Mac OS X) AppleWebKit/536.26 (KHTML, like Gecko) Version/6.0 Mobile/10A5376e Safari/8536.25 (compatible; Googlebot-Mobile/2.1; +http://www.google.com/bot.html)"
208.115.111.75 - - [02/Dec/2013:04:33:49 +0100] "GET /modernisierung.php?cs_gp_go=coupon HTTP/1.1" 200 7829 "-" "Mozilla/5.0 (compatible; Ezooms/1.0; ezooms.bot@gmail.com)"
208.115.113.91 - - [02/Dec/2013:04:45:11 +0100] "GET /robots.txt HTTP/1.1" 200 177 "-" "Mozilla/5.0 (compatible; Ezooms/1.0; ezooms.bot@gmail.com)"
66.249.78.46 - - [02/Dec/2013:04:46:24 +0100] "GET /preisanfrage.php HTTP/1.1" 200 8502 "-" "SAMSUNG-SGH-E250/1.0 Profile/MIDP-2.0 Configuration/CLDC-1.1 UP.Browser/6.2.3.3.c.1.101 (GUI) MMP/2.0 (compatible; Googlebot-Mobile/2.1; +http://www.google.com/bot.html)"
82.94.179.38 - - [02/Dec/2013:04:52:34 +0100] "GET /robots.txt HTTP/1.0" 200 177 "-" "Mozilla/4.0 (compatible; Freshbot/1.0/EU; http://webagent.wise-guys.nl/)"
82.94.179.38 - - [02/Dec/2013:04:52:34 +0100] "GET / HTTP/1.1" 200 12486 "-" "Mozilla/5.0 (X11; Linux i686; rv:6.0) Gecko/20100101 Firefox/6.0 (Freshbot/1.0/EU; http://webagent.wise-guys.nl/)"
157.55.32.97 - - [02/Dec/2013:04:57:57 +0100] "GET /js_contentserver24_greybox/AJS.js HTTP/1.1" 200 10396 "-" "Mozilla/5.0 (compatible; bingbot/2.0; +http://www.bing.com/bingbot.htm)"
157.55.32.97 - - [02/Dec/2013:04:57:58 +0100] "GET /js_contentserver24_greybox/AJS_fx.js HTTP/1.1" 200 3192 "-" "Mozilla/5.0 (compatible; bingbot/2.0; +http://www.bing.com/bingbot.htm)"
5.10.83.101 - - [02/Dec/2013:05:16:55 +0100] "GET /news.php?cs_go=archiv&cs_id=4708&cs_search= HTTP/1.1" 200 11180 "-" "Mozilla/5.0 (compatible; AhrefsBot/5.0; +http://ahrefs.com/robot/)"
157.55.32.97 - - [02/Dec/2013:05:24:08 +0100] "GET /js_contentserver24_greybox/AJS.js HTTP/1.1" 200 10396 "-" "Mozilla/5.0 (compatible; bingbot/2.0; +http://www.bing.com/bingbot.htm)"
157.56.92.161 - - [02/Dec/2013:05:24:15 +0100] "GET /js_contentserver24_greybox/gb_styles.css HTTP/1.1" 200 2302 "-" "Mozilla/5.0 (compatible; bingbot/2.0; +http://www.bing.com/bingbot.htm)"
208.115.113.91 - - [02/Dec/2013:06:39:03 +0100] "GET /faq.php HTTP/1.1" 200 216831 "-" "Mozilla/5.0 (compatible; Ezooms/1.0; ezooms.bot@gmail.com)"
208.115.113.91 - - [02/Dec/2013:06:39:09 +0100] "GET /news.php?cs_go=archiv HTTP/1.1" 200 20147 "-" "Mozilla/5.0 (compatible; Ezooms/1.0; ezooms.bot@gmail.com)"
157.55.34.179 - - [02/Dec/2013:06:40:43 +0100] "GET /robots.txt HTTP/1.1" 200 177 "-" "Mozilla/5.0 (compatible; bingbot/2.0; +http://www.bing.com/bingbot.htm)"
157.55.34.179 - - [02/Dec/2013:06:41:22 +0100] "GET / HTTP/1.1" 200 12486 "-" "Mozilla/5.0 (compatible; bingbot/2.0; +http://www.bing.com/bingbot.htm)"
157.55.34.179 - - [02/Dec/2013:06:41:22 +0100] "GET /kontakt.php HTTP/1.1" 200 6966 "-" "Mozilla/5.0 (compatible; bingbot/2.0; +http://www.bing.com/bingbot.htm)"
208.115.111.75 - - [02/Dec/2013:06:45:47 +0100] "GET /robots.txt HTTP/1.1" 200 177 "-" "Mozilla/5.0 (compatible; Ezooms/1.0; ezooms.bot@gmail.com)"
66.249.78.46 - - [02/Dec/2013:06:46:45 +0100] "GET /news.php?cs_go=archiv&cs_id=3108&cs_search= HTTP/1.1" 200 8837 "-" "Mozilla/5.0 (compatible; Googlebot/2.1; +http://www.google.com/bot.html)"
5.10.83.101 - - [02/Dec/2013:06:55:13 +0100] "GET /lexikon.php?cs_go=2&cs_char=w HTTP/1.1" 200 6151 "-" "Mozilla/5.0 (compatible; AhrefsBot/5.0; +http://ahrefs.com/robot/)"
5.10.83.42 - - [02/Dec/2013:07:03:51 +0100] "GET /news.php?cs_go=archiv&cs_id=4578&cs_search= HTTP/1.1" 200 9840 "-" "Mozilla/5.0 (compatible; AhrefsBot/5.0; +http://ahrefs.com/robot/)"
5.10.83.97 - - [02/Dec/2013:07:05:26 +0100] "GET /lexikon.php?cs_go=3&cs_id=217 HTTP/1.1" 200 5685 "-" "Mozilla/5.0 (compatible; AhrefsBot/5.0; +http://ahrefs.com/robot/)"
5.10.83.53 - - [02/Dec/2013:07:08:05 +0100] "GET /lexikon.php?cs_go=3&cs_id=80 HTTP/1.1" 200 5967 "-" "Mozilla/5.0 (compatible; AhrefsBot/5.0; +http://ahrefs.com/robot/)"
66.249.75.49 - - [02/Dec/2013:07:13:05 +0100] "GET /news.php?cs_go=archiv&cs_id=4194 HTTP/1.1" 200 11784 "-" "DoCoMo/2.0 N905i(c100;TB;W24H16) (compatible; Googlebot-Mobile/2.1; +http://www.google.com/bot.html)"
66.249.78.46 - - [02/Dec/2013:07:21:49 +0100] "GET /images/logos.jpg?cache1911 HTTP/1.1" 304 - "-" "Googlebot-Image/1.0"
66.249.78.46 - - [02/Dec/2013:07:22:33 +0100] "GET /images/tkw.jpg HTTP/1.1" 304 - "-" "Googlebot-Image/1.0"
5.10.83.42 - - [02/Dec/2013:07:33:40 +0100] "GET /lexikon.php?cs_go=3&cs_id=204 HTTP/1.1" 200 5568 "-" "Mozilla/5.0 (compatible; AhrefsBot/5.0; +http://ahrefs.com/robot/)"
5.10.83.47 - - [02/Dec/2013:07:36:50 +0100] "GET /news.php?cs_go=archiv&cs_startpos=121 HTTP/1.1" 200 20680 "-" "Mozilla/5.0 (compatible; AhrefsBot/5.0; +http://ahrefs.com/robot/)"
65.36.241.79 - - [02/Dec/2013:07:47:26 +0100] "HEAD / HTTP/1.1" 200 - "-" "InternetSeer.com"
5.10.83.11 - - [02/Dec/2013:07:47:33 +0100] "GET /lexikon.php?cs_go=2&cs_char=i HTTP/1.1" 200 5966 "-" "Mozilla/5.0 (compatible; AhrefsBot/5.0; +http://ahrefs.com/robot/)"
5.10.83.53 - - [02/Dec/2013:08:02:28 +0100] "GET /lexikon.php?cs_go=3&cs_id=120 HTTP/1.1" 200 6081 "-" "Mozilla/5.0 (compatible; AhrefsBot/5.0; +http://ahrefs.com/robot/)"
5.10.83.69 - - [02/Dec/2013:08:06:12 +0100] "GET /news.php?cs_go=archiv&cs_startpos=200 HTTP/1.1" 200 20030 "-" "Mozilla/5.0 (compatible; AhrefsBot/5.0; +http://ahrefs.com/robot/)"
5.10.83.53 - - [02/Dec/2013:08:07:51 +0100] "GET /agb.php HTTP/1.1" 200 17543 "-" "Mozilla/5.0 (compatible; AhrefsBot/5.0; +http://ahrefs.com/robot/)"
5.10.83.42 - - [02/Dec/2013:08:19:01 +0100] "GET /news.php?cs_go=archiv&cs_id=4564&cs_search= HTTP/1.1" 200 11209 "-" "Mozilla/5.0 (compatible; AhrefsBot/5.0; +http://ahrefs.com/robot/)"
5.10.83.69 - - [02/Dec/2013:08:23:39 +0100] "GET /news.php?cs_go=archiv&cs_id=4662&cs_search= HTTP/1.1" 200 11527 "-" "Mozilla/5.0 (compatible; AhrefsBot/5.0; +http://ahrefs.com/robot/)"
66.249.78.46 - - [02/Dec/2013:08:44:20 +0100] "GET /js_contentserver24_greybox/gb_styles.css HTTP/1.1" 200 2302 "-" "Mozilla/5.0 (compatible; Googlebot/2.1; +http://www.google.com/bot.html)"
5.10.83.69 - - [02/Dec/2013:08:47:18 +0100] "GET /lexikon.php?cs_go=3&cs_id=24 HTTP/1.1" 200 5633 "-" "Mozilla/5.0 (compatible; AhrefsBot/5.0; +http://ahrefs.com/robot/)"
188.138.41.175 - - [02/Dec/2013:08:48:11 +0100] "GET / HTTP/1.1" 200 12490 "-" "Mozilla/5.0 (X11; U; Linux i686; en-US; rv:1.9.0.1) Gecko/2008070206 Firefox/3.0.1"
188.138.41.175 - - [02/Dec/2013:08:48:12 +0100] "GET /impressum.php HTTP/1.1" 200 6306 "-" "Mozilla/5.0 (X11; U; Linux i686; en-US; rv:1.9.0.1) Gecko/2008070206 Firefox/3.0.1"
188.138.41.175 - - [02/Dec/2013:08:48:14 +0100] "GET / HTTP/1.1" 200 11750 "-" "Mozilla/5.0 (X11; U; Linux i686; en-US; rv:1.9.0.1) Gecko/2008070206 Firefox/3.0.1"
188.138.41.175 - - [02/Dec/2013:08:48:14 +0100] "GET /impressum.php HTTP/1.1" 200 6306 "-" "Mozilla/5.0 (X11; U; Linux i686; en-US; rv:1.9.0.1) Gecko/2008070206 Firefox/3.0.1"
220.181.108.121 - - [02/Dec/2013:08:49:07 +0100] "GET / HTTP/1.1" 200 6597 "-" "Mozilla/5.0 (compatible; Baiduspider/2.0; +http://www.baidu.com/search/spider.html)"
123.125.71.51 - - [02/Dec/2013:08:49:19 +0100] "GET / HTTP/1.1" 200 6597 "-" "Mozilla/5.0 (compatible; Baiduspider/2.0; +http://www.baidu.com/search/spider.html)"
5.10.83.53 - - [02/Dec/2013:08:51:24 +0100] "GET /news.php?cs_go=archiv&cs_id=4520&cs_search= HTTP/1.1" 200 12057 "-" "Mozilla/5.0 (compatible; AhrefsBot/5.0; +http://ahrefs.com/robot/)"
5.10.83.32 - - [02/Dec/2013:08:55:04 +0100] "GET /lexikon.php?cs_go=3&cs_id=192 HTTP/1.1" 200 5971 "-" "Mozilla/5.0 (compatible; AhrefsBot/5.0; +http://ahrefs.com/robot/)"
5.10.83.47 - - [02/Dec/2013:09:02:35 +0100] "GET /lexikon.php?cs_go=3&cs_id=232 HTTP/1.1" 200 5537 "-" "Mozilla/5.0 (compatible; AhrefsBot/5.0; +http://ahrefs.com/robot/)"
208.115.111.75 - - [02/Dec/2013:09:20:40 +0100] "GET /news.php?cs_go=archiv&cs_id=4634&cs_search= HTTP/1.1" 200 7809 "-" "Mozilla/5.0 (compatible; Ezooms/1.0; ezooms.bot@gmail.com)"
5.10.83.53 - - [02/Dec/2013:09:21:36 +0100] "GET /news.php?cs_go=archiv&cs_id=4516&cs_search= HTTP/1.1" 200 8862 "-" "Mozilla/5.0 (compatible; AhrefsBot/5.0; +http://ahrefs.com/robot/)"
5.10.83.101 - - [02/Dec/2013:09:35:24 +0100] "GET /news.php?cs_go=archiv&cs_id=4507&cs_search= HTTP/1.1" 200 9332 "-" "Mozilla/5.0 (compatible; AhrefsBot/5.0; +http://ahrefs.com/robot/)"
46.161.41.24 - - [02/Dec/2013:09:41:06 +0100] "GET /news.php?cs_go=archiv&cs_startpos=190 HTTP/1.1" 200 20110 "-" "Mozilla/4.0 (compatible; MSIE 6.0; MSIE 5.5; Windows 95) Opera 7.03 [de]"
123.125.71.18 - - [02/Dec/2013:09:46:14 +0100] "GET / HTTP/1.1" 200 6597 "-" "Mozilla/5.0 (compatible; Baiduspider/2.0; +http://www.baidu.com/search/spider.html)"
220.181.108.118 - - [02/Dec/2013:09:47:00 +0100] "GET / HTTP/1.1" 200 6597 "-" "Mozilla/5.0 (compatible; Baiduspider/2.0; +http://www.baidu.com/search/spider.html)"
188.138.41.175 - - [02/Dec/2013:09:49:13 +0100] "GET / HTTP/1.1" 200 11750 "-" "Mozilla/5.0 (X11; U; Linux i686; en-US; rv:1.9.0.1) Gecko/2008070206 Firefox/3.0.1"
188.138.41.175 - - [02/Dec/2013:09:49:14 +0100] "GET /impressum.php HTTP/1.1" 200 6306 "-" "Mozilla/5.0 (X11; U; Linux i686; en-US; rv:1.9.0.1) Gecko/2008070206 Firefox/3.0.1"
5.10.83.42 - - [02/Dec/2013:09:52:47 +0100] "GET /lexikon.php?cs_go=3&cs_id=1 HTTP/1.1" 200 6127 "-" "Mozilla/5.0 (compatible; AhrefsBot/5.0; +http://ahrefs.com/robot/)"
65.55.52.112 - - [02/Dec/2013:10:06:07 +0100] "GET /robots.txt HTTP/1.1" 200 177 "-" "Mozilla/5.0 (compatible; bingbot/2.0; +http://www.bing.com/bingbot.htm)"
5.10.83.69 - - [02/Dec/2013:10:06:14 +0100] "GET /news.php?cs_go=archiv&cs_id=4514&cs_search= HTTP/1.1" 200 10154 "-" "Mozilla/5.0 (compatible; AhrefsBot/5.0; +http://ahrefs.com/robot/)"
65.55.52.112 - - [02/Dec/2013:10:09:47 +0100] "GET / HTTP/1.1" 200 12475 "-" "Mozilla/5.0 (compatible; bingbot/2.0; +http://www.bing.com/bingbot.htm)"
5.10.83.101 - - [02/Dec/2013:10:20:27 +0100] "GET /modernisierung.php?cs_gp_go=plus HTTP/1.1" 200 9252 "-" "Mozilla/5.0 (compatible; AhrefsBot/5.0; +http://ahrefs.com/robot/)"
5.10.83.2 - - [02/Dec/2013:10:24:32 +0100] "GET /lexikon.php?cs_go=3&cs_id=193 HTTP/1.1" 200 5569 "-" "Mozilla/5.0 (compatible; AhrefsBot/5.0; +http://ahrefs.com/robot/)"
5.10.83.2 - - [02/Dec/2013:10:33:38 +0100] "GET /lexikon.php?cs_go=3&cs_id=137 HTTP/1.1" 200 6890 "-" "Mozilla/5.0 (compatible; AhrefsBot/5.0; +http://ahrefs.com/robot/)"
5.10.83.47 - - [02/Dec/2013:10:37:39 +0100] "GET /news.php?cs_go=archiv&cs_id=4619&cs_search= HTTP/1.1" 200 7692 "-" "Mozilla/5.0 (compatible; AhrefsBot/5.0; +http://ahrefs.com/robot/)"
85.25.100.239 - - [02/Dec/2013:10:37:52 +0100] "GET /kontakt.php HTTP/1.1" 200 6966 "-" "Mozilla/4.0 (compatible; MSIE 6.0; Windows 98; Win 9x4.90)"
5.10.83.69 - - [02/Dec/2013:10:40:43 +0100] "GET /lexikon.php?cs_go=3&cs_id=116 HTTP/1.1" 200 6930 "-" "Mozilla/5.0 (compatible; AhrefsBot/5.0; +http://ahrefs.com/robot/)"
5.10.83.97 - - [02/Dec/2013:10:41:52 +0100] "GET /lexikon.php?cs_go=3&cs_id=44 HTTP/1.1" 200 5567 "-" "Mozilla/5.0 (compatible; AhrefsBot/5.0; +http://ahrefs.com/robot/)"
208.115.111.75 - - [02/Dec/2013:10:45:29 +0100] "GET /robots.txt HTTP/1.1" 200 177 "-" "Mozilla/5.0 (compatible; Ezooms/1.0; ezooms.bot@gmail.com)"
217.92.198.41 - - [02/Dec/2013:10:50:21 +0100] "GET /style.css HTTP/1.1" 200 8402 "http://www.mink-gmbh.de/" "Mozilla/5.0 (compatible; MSIE 9.0; Windows NT 6.1; WOW64; Trident/5.0)"
217.92.198.41 - - [02/Dec/2013:10:50:21 +0100] "GET /modul.css HTTP/1.1" 200 35038 "http://www.mink-gmbh.de/" "Mozilla/5.0 (compatible; MSIE 9.0; Windows NT 6.1; WOW64; Trident/5.0)"
217.92.198.41 - - [02/Dec/2013:10:50:21 +0100] "GET /js_contentserver24_greybox/gb_scripts.js HTTP/1.1" 200 11913 "http://www.mink-gmbh.de/" "Mozilla/5.0 (compatible; MSIE 9.0; Windows NT 6.1; WOW64; Trident/5.0)"
217.92.198.41 - - [02/Dec/2013:10:50:21 +0100] "GET /js_contentserver24_greybox/gb_styles.css HTTP/1.1" 200 2302 "http://www.mink-gmbh.de/" "Mozilla/5.0 (compatible; MSIE 9.0; Windows NT 6.1; WOW64; Trident/5.0)"
217.92.198.41 - - [02/Dec/2013:10:50:21 +0100] "GET /js_contentserver24_greybox/AJS.js HTTP/1.1" 200 10396 "http://www.mink-gmbh.de/" "Mozilla/5.0 (compatible; MSIE 9.0; Windows NT 6.1; WOW64; Trident/5.0)"
217.92.198.41 - - [02/Dec/2013:10:50:21 +0100] "GET /js_contentserver24_greybox/AJS_fx.js HTTP/1.1" 200 3192 "http://www.mink-gmbh.de/" "Mozilla/5.0 (compatible; MSIE 9.0; Windows NT 6.1; WOW64; Trident/5.0)"
217.92.198.41 - - [02/Dec/2013:10:50:20 +0100] "GET / HTTP/1.1" 200 12475 "http://www.google.de/url?sa=t&rct=j&q=&esrc=s&frm=1&source=web&cd=2&ved=0CDoQFjAB&url=http%3A%2F%2Fwww.mink-gmbh.de%2F&ei=clecUtCjHobhywPquoCwCg&usg=AFQjCNFHX4Iglls9oo-KYXTmDUV_5KOVIg&bvm=bv.57155469,d.bGQ" "Mozilla/5.0 (compatible; MSIE 9.0; Windows NT 6.1; WOW64; Trident/5.0)"
217.92.198.41 - - [02/Dec/2013:10:50:21 +0100] "GET /images/team-energie.png HTTP/1.1" 200 17383 "http://www.mink-gmbh.de/" "Mozilla/5.0 (compatible; MSIE 9.0; Windows NT 6.1; WOW64; Trident/5.0)"
217.92.198.41 - - [02/Dec/2013:10:50:21 +0100] "GET /images/mail.jpg HTTP/1.1" 200 12099 "http://www.mink-gmbh.de/" "Mozilla/5.0 (compatible; MSIE 9.0; Windows NT 6.1; WOW64; Trident/5.0)"
217.92.198.41 - - [02/Dec/2013:10:50:21 +0100] "GET /images/kwk.gif HTTP/1.1" 200 6403 "http://www.mink-gmbh.de/" "Mozilla/5.0 (compatible; MSIE 9.0; Windows NT 6.1; WOW64; Trident/5.0)"
217.92.198.41 - - [02/Dec/2013:10:50:21 +0100] "GET /images/wunschpreis.jpg HTTP/1.1" 200 16767 "http://www.mink-gmbh.de/" "Mozilla/5.0 (compatible; MSIE 9.0; Windows NT 6.1; WOW64; Trident/5.0)"
217.92.198.41 - - [02/Dec/2013:10:50:21 +0100] "GET /images/logos.jpg?cache5460 HTTP/1.1" 200 35043 "http://www.mink-gmbh.de/" "Mozilla/5.0 (compatible; MSIE 9.0; Windows NT 6.1; WOW64; Trident/5.0)"
217.92.198.41 - - [02/Dec/2013:10:50:21 +0100] "GET /images/tkw.jpg HTTP/1.1" 200 64031 "http://www.mink-gmbh.de/" "Mozilla/5.0 (compatible; MSIE 9.0; Windows NT 6.1; WOW64; Trident/5.0)"
217.92.198.41 - - [02/Dec/2013:10:50:22 +0100] "GET /images/bg.png HTTP/1.1" 200 922 "http://www.mink-gmbh.de/" "Mozilla/5.0 (compatible; MSIE 9.0; Windows NT 6.1; WOW64; Trident/5.0)"
217.92.198.41 - - [02/Dec/2013:10:50:22 +0100] "GET /js_contentserver24_greybox/w_close.gif HTTP/1.1" 200 74 "http://www.mink-gmbh.de/" "Mozilla/5.0 (compatible; MSIE 9.0; Windows NT 6.1; WOW64; Trident/5.0)"
217.92.198.41 - - [02/Dec/2013:10:50:22 +0100] "GET /images/close.png HTTP/1.1" 200 703 "http://www.mink-gmbh.de/" "Mozilla/5.0 (compatible; MSIE 9.0; Windows NT 6.1; WOW64; Trident/5.0)"
217.92.198.41 - - [02/Dec/2013:10:50:22 +0100] "GET /images/navibg.png HTTP/1.1" 200 2803 "http://www.mink-gmbh.de/" "Mozilla/5.0 (compatible; MSIE 9.0; Windows NT 6.1; WOW64; Trident/5.0)"
217.92.198.41 - - [02/Dec/2013:10:50:21 +0100] "GET /images/freecall.jpg HTTP/1.1" 200 39195 "http://www.mink-gmbh.de/" "Mozilla/5.0 (compatible; MSIE 9.0; Windows NT 6.1; WOW64; Trident/5.0)"
217.92.198.41 - - [02/Dec/2013:10:50:22 +0100] "GET /images/wrapperbg.jpg HTTP/1.1" 200 27465 "http://www.mink-gmbh.de/" "Mozilla/5.0 (compatible; MSIE 9.0; Windows NT 6.1; WOW64; Trident/5.0)"
217.92.198.41 - - [02/Dec/2013:10:50:22 +0100] "GET /images/newsletter_bg.jpg HTTP/1.1" 200 33610 "http://www.mink-gmbh.de/" "Mozilla/5.0 (compatible; MSIE 9.0; Windows NT 6.1; WOW64; Trident/5.0)"
217.92.198.41 - - [02/Dec/2013:10:50:22 +0100] "GET /images/newsletter.png HTTP/1.1" 200 14619 "http://www.mink-gmbh.de/" "Mozilla/5.0 (compatible; MSIE 9.0; Windows NT 6.1; WOW64; Trident/5.0)"
217.92.198.41 - - [02/Dec/2013:10:50:22 +0100] "GET /images/header.jpg HTTP/1.1" 200 25189 "http://www.mink-gmbh.de/" "Mozilla/5.0 (compatible; MSIE 9.0; Windows NT 6.1; WOW64; Trident/5.0)"
217.92.198.41 - - [02/Dec/2013:10:50:22 +0100] "GET /images/steigend.png HTTP/1.1" 200 688 "http://www.mink-gmbh.de/" "Mozilla/5.0 (compatible; MSIE 9.0; Windows NT 6.1; WOW64; Trident/5.0)"
217.92.198.41 - - [02/Dec/2013:10:50:22 +0100] "GET /images/fallend.png HTTP/1.1" 200 713 "http://www.mink-gmbh.de/" "Mozilla/5.0 (compatible; MSIE 9.0; Windows NT 6.1; WOW64; Trident/5.0)"
217.92.198.41 - - [02/Dec/2013:10:50:22 +0100] "GET /js_contentserver24_greybox/loader_frame.html?s=0 HTTP/1.1" 200 2084 "http://www.mink-gmbh.de/" "Mozilla/5.0 (compatible; MSIE 9.0; Windows NT 6.1; WOW64; Trident/5.0)"
217.92.198.41 - - [02/Dec/2013:10:50:22 +0100] "GET /images/mobil.jpg HTTP/1.1" 200 25293 "http://www.mink-gmbh.de/" "Mozilla/5.0 (compatible; MSIE 9.0; Windows NT 6.1; WOW64; Trident/5.0)"
217.92.198.41 - - [02/Dec/2013:10:50:22 +0100] "GET /images/newsletter.jpg HTTP/1.1" 200 13130 "http://www.mink-gmbh.de/" "Mozilla/5.0 (compatible; MSIE 9.0; Windows NT 6.1; WOW64; Trident/5.0)"
217.92.198.41 - - [02/Dec/2013:10:50:22 +0100] "GET /images/footerbg.jpg HTTP/1.1" 200 2184 "http://www.mink-gmbh.de/" "Mozilla/5.0 (compatible; MSIE 9.0; Windows NT 6.1; WOW64; Trident/5.0)"
217.92.198.41 - - [02/Dec/2013:10:50:22 +0100] "GET /js_contentserver24_greybox/header_bg.gif HTTP/1.1" 200 1188 "http://www.mink-gmbh.de/" "Mozilla/5.0 (compatible; MSIE 9.0; Windows NT 6.1; WOW64; Trident/5.0)"
217.92.198.41 - - [02/Dec/2013:10:50:22 +0100] "GET /js_contentserver24_greybox/indicator.gif HTTP/1.1" 200 8238 "http://www.mink-gmbh.de/js_contentserver24_greybox/loader_frame.html?s=0" "Mozilla/5.0 (compatible; MSIE 9.0; Windows NT 6.1; WOW64; Trident/5.0)"
217.92.198.41 - - [02/Dec/2013:10:50:23 +0100] "GET /js_contentserver24_greybox/g_close.gif HTTP/1.1" 200 541 "http://www.mink-gmbh.de/" "Mozilla/5.0 (compatible; MSIE 9.0; Windows NT 6.1; WOW64; Trident/5.0)"
217.92.198.41 - - [02/Dec/2013:10:50:41 +0100] "GET /news.php?cs_go=archiv&cs_id=4739 HTTP/1.1" 200 9839 "http://www.mink-gmbh.de/" "Mozilla/5.0 (compatible; MSIE 9.0; Windows NT 6.1; WOW64; Trident/5.0)"
217.92.198.41 - - [02/Dec/2013:10:50:41 +0100] "GET /images/logos.jpg HTTP/1.1" 200 35043 "http://www.mink-gmbh.de/news.php?cs_go=archiv&cs_id=4739" "Mozilla/5.0 (compatible; MSIE 9.0; Windows NT 6.1; WOW64; Trident/5.0)"
217.92.198.41 - - [02/Dec/2013:10:50:47 +0100] "GET / HTTP/1.1" 200 11735 "http://www.google.de/url?sa=t&rct=j&q=&esrc=s&frm=1&source=web&cd=2&ved=0CDoQFjAB&url=http%3A%2F%2Fwww.mink-gmbh.de%2F&ei=clecUtCjHobhywPquoCwCg&usg=AFQjCNFHX4Iglls9oo-KYXTmDUV_5KOVIg&bvm=bv.57155469,d.bGQ" "Mozilla/5.0 (compatible; MSIE 9.0; Windows NT 6.1; WOW64; Trident/5.0)"
217.92.198.41 - - [02/Dec/2013:10:50:48 +0100] "GET /images/logos.jpg?cache1891 HTTP/1.1" 200 35043 "http://www.mink-gmbh.de/" "Mozilla/5.0 (compatible; MSIE 9.0; Windows NT 6.1; WOW64; Trident/5.0)"
217.92.198.41 - - [02/Dec/2013:10:50:54 +0100] "GET /preisanfrage.php HTTP/1.1" 200 8502 "http://www.mink-gmbh.de/" "Mozilla/5.0 (compatible; MSIE 9.0; Windows NT 6.1; WOW64; Trident/5.0)"
217.92.198.41 - - [02/Dec/2013:10:50:57 +0100] "GET /news.php HTTP/1.1" 200 20154 "http://www.mink-gmbh.de/preisanfrage.php" "Mozilla/5.0 (compatible; MSIE 9.0; Windows NT 6.1; WOW64; Trident/5.0)"
217.92.198.41 - - [02/Dec/2013:10:51:09 +0100] "GET /news.php?cs_go=archiv&cs_id=4738&cs_search= HTTP/1.1" 200 11728 "http://www.mink-gmbh.de/news.php" "Mozilla/5.0 (compatible; MSIE 9.0; Windows NT 6.1; WOW64; Trident/5.0)"
5.10.83.69 - - [02/Dec/2013:10:51:15 +0100] "GET /news.php?cs_go=archiv&cs_id=4497&cs_search= HTTP/1.1" 200 9403 "-" "Mozilla/5.0 (compatible; AhrefsBot/5.0; +http://ahrefs.com/robot/)"
66.249.78.46 - - [02/Dec/2013:10:52:23 +0100] "GET /news.php HTTP/1.1" 200 20154 "-" "Mozilla/5.0 (iPhone; CPU iPhone OS 6_0 like Mac OS X) AppleWebKit/536.26 (KHTML, like Gecko) Version/6.0 Mobile/10A5376e Safari/8536.25 (compatible; Googlebot-Mobile/2.1; +http://www.google.com/bot.html)"
5.10.83.56 - - [02/Dec/2013:10:52:36 +0100] "GET /lexikon.php?cs_go=3&cs_id=64 HTTP/1.1" 200 6293 "-" "Mozilla/5.0 (compatible; AhrefsBot/5.0; +http://ahrefs.com/robot/)"
5.10.83.47 - - [02/Dec/2013:10:55:51 +0100] "GET /news.php?cs_go=archiv&cs_id=4524&cs_search= HTTP/1.1" 200 11609 "-" "Mozilla/5.0 (compatible; AhrefsBot/5.0; +http://ahrefs.com/robot/)"
65.55.52.112 - - [02/Dec/2013:10:57:48 +0100] "GET / HTTP/1.1" 200 12475 "-" "Mozilla/5.0 (compatible; bingbot/2.0; +http://www.bing.com/bingbot.htm)"
188.138.41.175 - - [02/Dec/2013:10:58:12 +0100] "GET / HTTP/1.1" 200 11735 "-" "Mozilla/5.0 (X11; U; Linux i686; en-US; rv:1.9.0.1) Gecko/2008070206 Firefox/3.0.1"
188.138.41.175 - - [02/Dec/2013:10:58:12 +0100] "GET /impressum.php HTTP/1.1" 200 6306 "-" "Mozilla/5.0 (X11; U; Linux i686; en-US; rv:1.9.0.1) Gecko/2008070206 Firefox/3.0.1"
5.10.83.29 - - [02/Dec/2013:11:03:36 +0100] "GET /lexikon.php?cs_go=3&cs_id=110 HTTP/1.1" 200 6265 "-" "Mozilla/5.0 (compatible; AhrefsBot/5.0; +http://ahrefs.com/robot/)"
5.10.83.97 - - [02/Dec/2013:11:05:33 +0100] "GET /news.php?cs_go=archiv&cs_id=4470&cs_search= HTTP/1.1" 200 8303 "-" "Mozilla/5.0 (compatible; AhrefsBot/5.0; +http://ahrefs.com/robot/)"
46.161.41.24 - - [02/Dec/2013:11:07:03 +0100] "GET /news.php?cs_go=archiv&cs_id=4504&cs_search= HTTP/1.1" 200 11769 "-" "Mozilla/4.0 (compatible; MSIE 6.0; MSIE 5.5; Windows 95) Opera 7.03 [de]"
5.10.83.97 - - [02/Dec/2013:11:12:03 +0100] "GET /lexikon.php?cs_go=2&cs_char=s HTTP/1.1" 200 7632 "-" "Mozilla/5.0 (compatible; AhrefsBot/5.0; +http://ahrefs.com/robot/)"
5.10.83.101 - - [02/Dec/2013:11:19:24 +0100] "GET /lexikon.php?cs_go=3&cs_id=75 HTTP/1.1" 200 6160 "-" "Mozilla/5.0 (compatible; AhrefsBot/5.0; +http://ahrefs.com/robot/)"
208.43.255.28 - - [02/Dec/2013:11:27:57 +0100] "GET /robots.txt HTTP/1.1" 200 177 "-" "Mozilla/5.0 (compatible; MSIE 9.0; Windows NT 6.1; WOW64; Trident/5.0; chromeframe/19.0.1084.52)"
208.43.255.28 - - [02/Dec/2013:11:28:02 +0100] "GET / HTTP/1.1" 200 12475 "-" "Mozilla/5.0 (compatible; MSIE 9.0; Windows NT 6.1; WOW64; Trident/5.0; chromeframe/19.0.1084.52)"
208.43.255.26 - - [02/Dec/2013:11:31:07 +0100] "GET /robots.txt HTTP/1.1" 200 177 "-" "Mozilla/5.0 (compatible; MSIE 9.0; Windows NT 6.1; WOW64; Trident/5.0; chromeframe/19.0.1084.52)"
208.43.255.26 - - [02/Dec/2013:11:31:12 +0100] "GET / HTTP/1.1" 200 12475 "-" "Mozilla/5.0 (compatible; MSIE 9.0; Windows NT 6.1; WOW64; Trident/5.0; chromeframe/19.0.1084.52)"
5.10.83.101 - - [02/Dec/2013:11:48:52 +0100] "GET /lexikon.php?cs_go=3&cs_id=225 HTTP/1.1" 200 5780 "-" "Mozilla/5.0 (compatible; AhrefsBot/5.0; +http://ahrefs.com/robot/)"
5.10.83.47 - - [02/Dec/2013:11:51:31 +0100] "GET /news.php?cs_go=archiv&cs_id=4627&cs_search= HTTP/1.1" 200 10706 "-" "Mozilla/5.0 (compatible; AhrefsBot/5.0; +http://ahrefs.com/robot/)"
5.10.83.32 - - [02/Dec/2013:11:56:41 +0100] "GET /news.php?cs_go=archiv&cs_id=4585&cs_search= HTTP/1.1" 200 7652 "-" "Mozilla/5.0 (compatible; AhrefsBot/5.0; +http://ahrefs.com/robot/)"
5.10.83.56 - - [02/Dec/2013:12:24:49 +0100] "GET /lexikon.php?cs_go=3&cs_id=203 HTTP/1.1" 200 6374 "-" "Mozilla/5.0 (compatible; AhrefsBot/5.0; +http://ahrefs.com/robot/)"
5.10.83.53 - - [02/Dec/2013:12:33:39 +0100] "GET /lexikon.php?cs_go=2&cs_char=y HTTP/1.1" 200 6174 "-" "Mozilla/5.0 (compatible; AhrefsBot/5.0; +http://ahrefs.com/robot/)"
208.115.111.75 - - [02/Dec/2013:12:36:49 +0100] "GET /news.php?cs_go=archiv&cs_id=4629&cs_search= HTTP/1.1" 200 8923 "-" "Mozilla/5.0 (compatible; Ezooms/1.0; ezooms.bot@gmail.com)"
5.10.83.47 - - [02/Dec/2013:12:37:56 +0100] "GET /kwk.php?cs_go=2 HTTP/1.1" 200 9418 "-" "Mozilla/5.0 (compatible; AhrefsBot/5.0; +http://ahrefs.com/robot/)"
65.36.241.79 - - [02/Dec/2013:12:49:58 +0100] "HEAD / HTTP/1.1" 200 - "-" "InternetSeer.com"
220.181.108.103 - - [02/Dec/2013:12:52:21 +0100] "GET / HTTP/1.1" 200 6597 "-" "Mozilla/5.0 (compatible; Baiduspider/2.0; +http://www.baidu.com/search/spider.html)"
123.125.71.31 - - [02/Dec/2013:12:53:47 +0100] "GET / HTTP/1.1" 200 6597 "-" "Mozilla/5.0 (compatible; Baiduspider/2.0; +http://www.baidu.com/search/spider.html)"
5.10.83.2 - - [02/Dec/2013:12:55:52 +0100] "GET /lexikon.php?cs_go=2&cs_char=a HTTP/1.1" 200 7367 "-" "Mozilla/5.0 (compatible; AhrefsBot/5.0; +http://ahrefs.com/robot/)"
46.78.77.6 - - [02/Dec/2013:13:03:22 +0100] "GET / HTTP/1.1" 200 12475 "-" "Mozilla/5.0 (iPhone; CPU iPhone OS 7_0_4 like Mac OS X) AppleWebKit/537.51.1 (KHTML, like Gecko) Version/7.0 Mobile/11B554a Safari/9537.53"
79.208.238.64 - - [02/Dec/2013:13:12:49 +0100] "GET /style.css HTTP/1.1" 200 8402 "http://www.mink-gmbh.de/" "Mozilla/5.0 (Windows NT 6.1; WOW64; rv:25.0) Gecko/20100101 Firefox/25.0"
79.208.238.64 - - [02/Dec/2013:13:12:49 +0100] "GET /favicon.ico HTTP/1.1" 200 3638 "-" "Mozilla/5.0 (Windows NT 6.1; WOW64; rv:25.0) Gecko/20100101 Firefox/25.0"
79.208.238.64 - - [02/Dec/2013:13:12:49 +0100] "GET /modul.css HTTP/1.1" 200 35038 "http://www.mink-gmbh.de/" "Mozilla/5.0 (Windows NT 6.1; WOW64; rv:25.0) Gecko/20100101 Firefox/25.0"
79.208.238.64 - - [02/Dec/2013:13:12:49 +0100] "GET /js_contentserver24_greybox/gb_styles.css HTTP/1.1" 200 2302 "http://www.mink-gmbh.de/" "Mozilla/5.0 (Windows NT 6.1; WOW64; rv:25.0) Gecko/20100101 Firefox/25.0"
79.208.238.64 - - [02/Dec/2013:13:12:50 +0100] "GET /js_contentserver24_greybox/gb_scripts.js HTTP/1.1" 200 11913 "http://www.mink-gmbh.de/" "Mozilla/5.0 (Windows NT 6.1; WOW64; rv:25.0) Gecko/20100101 Firefox/25.0"
79.208.238.64 - - [02/Dec/2013:13:12:50 +0100] "GET /js_contentserver24_greybox/AJS_fx.js HTTP/1.1" 200 3192 "http://www.mink-gmbh.de/" "Mozilla/5.0 (Windows NT 6.1; WOW64; rv:25.0) Gecko/20100101 Firefox/25.0"
79.208.238.64 - - [02/Dec/2013:13:12:50 +0100] "GET /js_contentserver24_greybox/AJS.js HTTP/1.1" 200 10396 "http://www.mink-gmbh.de/" "Mozilla/5.0 (Windows NT 6.1; WOW64; rv:25.0) Gecko/20100101 Firefox/25.0"
79.208.238.64 - - [02/Dec/2013:13:12:50 +0100] "GET /images/bg.png HTTP/1.1" 200 922 "http://www.mink-gmbh.de/style.css" "Mozilla/5.0 (Windows NT 6.1; WOW64; rv:25.0) Gecko/20100101 Firefox/25.0"
79.208.238.64 - - [02/Dec/2013:13:12:50 +0100] "GET /js_contentserver24_greybox/w_close.gif HTTP/1.1" 200 74 "http://www.mink-gmbh.de/" "Mozilla/5.0 (Windows NT 6.1; WOW64; rv:25.0) Gecko/20100101 Firefox/25.0"
79.208.238.64 - - [02/Dec/2013:13:12:50 +0100] "GET /images/close.png HTTP/1.1" 200 703 "http://www.mink-gmbh.de/" "Mozilla/5.0 (Windows NT 6.1; WOW64; rv:25.0) Gecko/20100101 Firefox/25.0"
79.208.238.64 - - [02/Dec/2013:13:12:50 +0100] "GET /images/newsletter.png HTTP/1.1" 200 14619 "http://www.mink-gmbh.de/style.css" "Mozilla/5.0 (Windows NT 6.1; WOW64; rv:25.0) Gecko/20100101 Firefox/25.0"
79.208.238.64 - - [02/Dec/2013:13:12:50 +0100] "GET /images/navibg.png HTTP/1.1" 200 2803 "http://www.mink-gmbh.de/style.css" "Mozilla/5.0 (Windows NT 6.1; WOW64; rv:25.0) Gecko/20100101 Firefox/25.0"
79.208.238.64 - - [02/Dec/2013:13:12:50 +0100] "GET /images/steigend.png HTTP/1.1" 200 688 "http://www.mink-gmbh.de/modul.css" "Mozilla/5.0 (Windows NT 6.1; WOW64; rv:25.0) Gecko/20100101 Firefox/25.0"
79.208.238.64 - - [02/Dec/2013:13:12:50 +0100] "GET /images/newsletter_bg.jpg HTTP/1.1" 200 33610 "http://www.mink-gmbh.de/" "Mozilla/5.0 (Windows NT 6.1; WOW64; rv:25.0) Gecko/20100101 Firefox/25.0"
79.208.238.64 - - [02/Dec/2013:13:12:50 +0100] "GET /images/fallend.png HTTP/1.1" 200 713 "http://www.mink-gmbh.de/modul.css" "Mozilla/5.0 (Windows NT 6.1; WOW64; rv:25.0) Gecko/20100101 Firefox/25.0"
79.208.238.64 - - [02/Dec/2013:13:12:50 +0100] "GET /images/wrapperbg.jpg HTTP/1.1" 200 27465 "http://www.mink-gmbh.de/style.css" "Mozilla/5.0 (Windows NT 6.1; WOW64; rv:25.0) Gecko/20100101 Firefox/25.0"
79.208.238.64 - - [02/Dec/2013:13:12:50 +0100] "GET /images/header.jpg HTTP/1.1" 200 25189 "http://www.mink-gmbh.de/style.css" "Mozilla/5.0 (Windows NT 6.1; WOW64; rv:25.0) Gecko/20100101 Firefox/25.0"
79.208.238.64 - - [02/Dec/2013:13:12:49 +0100] "GET / HTTP/1.1" 200 12475 "http://www.google.de/url?sa=t&rct=j&q=&esrc=s&source=web&cd=6&ved=0CFwQFjAF&url=http%3A%2F%2Fwww.mink-gmbh.de%2F&ei=0nicUvTENIiAtAbrrIGAAg&usg=AFQjCNFHX4Iglls9oo-KYXTmDUV_5KOVIg&bvm=bv.57155469,d.Yms" "Mozilla/5.0 (Windows NT 6.1; WOW64; rv:25.0) Gecko/20100101 Firefox/25.0"
79.208.238.64 - - [02/Dec/2013:13:12:50 +0100] "GET /images/team-energie.png HTTP/1.1" 200 17383 "http://www.mink-gmbh.de/" "Mozilla/5.0 (Windows NT 6.1; WOW64; rv:25.0) Gecko/20100101 Firefox/25.0"
