176.9.139.112 - - [06/Oct/2012:17:42:47 +0200] "GET /partner.html HTTP/1.1" 200 4485 "-" "Mozilla/5.0 (compatible; SISTRIX Crawler; http://crawler.sistrix.net/)"
176.9.139.112 - - [06/Oct/2012:17:42:47 +0200] "GET /uns.html HTTP/1.1" 200 4398 "-" "Mozilla/5.0 (compatible; SISTRIX Crawler; http://crawler.sistrix.net/)"
176.9.139.112 - - [06/Oct/2012:17:42:47 +0200] "GET /referenz.html HTTP/1.1" 200 10668 "-" "Mozilla/5.0 (compatible; SISTRIX Crawler; http://crawler.sistrix.net/)"
5.9.25.82 - - [06/Oct/2012:21:37:12 +0200] "GET /robots.txt HTTP/1.1" 404 - "-" "Mozilla/4.0 (compatible; MSIE 7.0; Windows NT 6.0; WOW64; Trident/4.0; BTRS124307; SLCC1; .NET CLR 2.0.50727; Media Center PC 5.0; .NET CLR 3.5.21022; .NET CLR 3.5.30729; .NET CLR 3.0.30618; InfoPath.2; .NET4.0C; eMusic DLM/4; .NET CLR 1.1.4322; .NET4.0E;"
5.9.25.82 - - [06/Oct/2012:21:37:12 +0200] "GET /images/bild2.jpg HTTP/1.1" 200 14865 "-" "Mozilla/4.0 (compatible; MSIE 7.0; Windows NT 6.0; WOW64; Trident/4.0; BTRS124307; SLCC1; .NET CLR 2.0.50727; Media Center PC 5.0; .NET CLR 3.5.21022; .NET CLR 3.5.30729; .NET CLR 3.0.30618; InfoPath.2; .NET4.0C; eMusic DLM/4; .NET CLR 1.1.4322; .NET4.0E;"
178.77.126.55 - - [07/Oct/2012:01:36:55 +0200] "GET /robots.txt HTTP/1.1" 404 - "-" "Mozilla/5.0 (compatible; CareerBot/1.1; +http://www.career-x.de/bot.html)"
178.77.126.55 - - [07/Oct/2012:01:36:55 +0200] "GET / HTTP/1.1" 200 4606 "-" "Mozilla/5.0 (compatible; CareerBot/1.1; +http://www.career-x.de/bot.html)"
178.77.126.55 - - [07/Oct/2012:01:36:55 +0200] "GET /uns.html HTTP/1.1" 200 4398 "-" "Mozilla/5.0 (compatible; CareerBot/1.1; +http://www.career-x.de/bot.html)"
66.249.71.23 - - [07/Oct/2012:03:47:39 +0200] "GET /robots.txt HTTP/1.1" 404 - "-" "Mozilla/5.0 (compatible; Googlebot/2.1; +http://www.google.com/bot.html)"
66.249.71.23 - - [07/Oct/2012:03:47:39 +0200] "GET / HTTP/1.1" 200 4606 "-" "Mozilla/5.0 (compatible; Googlebot/2.1; +http://www.google.com/bot.html)"
157.56.229.23 - - [07/Oct/2012:07:24:55 +0200] "GET /robots.txt HTTP/1.1" 404 - "-" "Mozilla/5.0 (compatible; bingbot/2.0; +http://www.bing.com/bingbot.htm)"
157.56.229.23 - - [07/Oct/2012:07:32:39 +0200] "GET /uns.html HTTP/1.1" 200 4398 "-" "Mozilla/5.0 (compatible; bingbot/2.0; +http://www.bing.com/bingbot.htm)"
157.56.93.194 - - [07/Oct/2012:08:08:39 +0200] "GET /kontakt.html HTTP/1.1" 200 4451 "-" "Mozilla/5.0 (compatible; bingbot/2.0; +http://www.bing.com/bingbot.htm)"
157.55.32.58 - - [07/Oct/2012:08:17:51 +0200] "GET /impressum.html HTTP/1.1" 200 5721 "-" "Mozilla/5.0 (compatible; bingbot/2.0; +http://www.bing.com/bingbot.htm)"
157.55.32.58 - - [07/Oct/2012:08:17:52 +0200] "GET /index.html HTTP/1.1" 200 4606 "-" "Mozilla/5.0 (compatible; bingbot/2.0; +http://www.bing.com/bingbot.htm)"
157.55.32.58 - - [07/Oct/2012:09:57:18 +0200] "GET / HTTP/1.1" 304 - "-" "Mozilla/5.0 (compatible; bingbot/2.0; +http://www.bing.com/bingbot.htm)"
66.249.71.23 - - [07/Oct/2012:20:25:25 +0200] "GET /robots.txt HTTP/1.1" 404 - "-" "Mozilla/5.0 (compatible; Googlebot/2.1; +http://www.google.com/bot.html)"
66.249.71.23 - - [07/Oct/2012:20:55:13 +0200] "GET /uns.html HTTP/1.1" 200 4398 "-" "Mozilla/5.0 (compatible; Googlebot/2.1; +http://www.google.com/bot.html)"
66.249.71.23 - - [07/Oct/2012:21:08:37 +0200] "GET /index.html HTTP/1.1" 200 4606 "-" "Mozilla/5.0 (compatible; Googlebot/2.1; +http://www.google.com/bot.html)"
66.249.71.23 - - [07/Oct/2012:21:35:55 +0200] "GET /partner.html HTTP/1.1" 200 4485 "-" "Mozilla/5.0 (compatible; Googlebot/2.1; +http://www.google.com/bot.html)"
66.249.71.23 - - [07/Oct/2012:22:05:46 +0200] "GET /spektrum.html HTTP/1.1" 200 4541 "-" "Mozilla/5.0 (compatible; Googlebot/2.1; +http://www.google.com/bot.html)"
66.249.71.23 - - [07/Oct/2012:22:18:22 +0200] "GET /referenz.html HTTP/1.1" 200 10668 "-" "Mozilla/5.0 (compatible; Googlebot/2.1; +http://www.google.com/bot.html)"
66.249.71.23 - - [07/Oct/2012:22:45:11 +0200] "GET /impressum.html HTTP/1.1" 200 5721 "-" "Mozilla/5.0 (compatible; Googlebot/2.1; +http://www.google.com/bot.html)"
66.249.71.23 - - [07/Oct/2012:22:58:15 +0200] "GET /www.asabau.de HTTP/1.1" 404 - "-" "Mozilla/5.0 (compatible; Googlebot/2.1; +http://www.google.com/bot.html)"
66.249.71.23 - - [07/Oct/2012:23:25:12 +0200] "GET /www.witerra-bau.de HTTP/1.1" 404 - "-" "Mozilla/5.0 (compatible; Googlebot/2.1; +http://www.google.com/bot.html)"
157.56.229.23 - - [07/Oct/2012:23:33:46 +0200] "GET /robots.txt HTTP/1.1" 404 - "-" "Mozilla/5.0 (compatible; bingbot/2.0; +http://www.bing.com/bingbot.htm)"
157.56.229.23 - - [07/Oct/2012:23:36:05 +0200] "GET /uns.html HTTP/1.1" 200 4398 "-" "Mozilla/5.0 (compatible; bingbot/2.0; +http://www.bing.com/bingbot.htm)"
66.249.71.23 - - [07/Oct/2012:23:37:05 +0200] "GET /www.just-malerei.de HTTP/1.1" 404 - "-" "Mozilla/5.0 (compatible; Googlebot/2.1; +http://www.google.com/bot.html)"
157.55.32.58 - - [08/Oct/2012:04:52:59 +0200] "GET /robots.txt HTTP/1.1" 404 - "-" "Mozilla/5.0 (compatible; bingbot/2.0; +http://www.bing.com/bingbot.htm)"
157.55.32.58 - - [08/Oct/2012:04:54:28 +0200] "GET / HTTP/1.1" 304 - "-" "Mozilla/5.0 (compatible; bingbot/2.0; +http://www.bing.com/bingbot.htm)"
188.103.166.174 - - [08/Oct/2012:08:34:36 +0200] "GET / HTTP/1.1" 200 4606 "-" "Mozilla/5.0 (Macintosh; Intel Mac OS X 10_7_5) AppleWebKit/536.26.14 (KHTML, like Gecko) Version/6.0.1 Safari/536.26.14"
188.103.166.174 - - [08/Oct/2012:08:34:36 +0200] "GET /css/style.css HTTP/1.1" 304 - "http://www.mbingenieure.de/" "Mozilla/5.0 (Macintosh; Intel Mac OS X 10_7_5) AppleWebKit/536.26.14 (KHTML, like Gecko) Version/6.0.1 Safari/536.26.14"
188.103.166.174 - - [08/Oct/2012:08:34:36 +0200] "GET /js/plugins.js HTTP/1.1" 304 - "http://www.mbingenieure.de/" "Mozilla/5.0 (Macintosh; Intel Mac OS X 10_7_5) AppleWebKit/536.26.14 (KHTML, like Gecko) Version/6.0.1 Safari/536.26.14"
188.103.166.174 - - [08/Oct/2012:08:34:36 +0200] "GET /js/libs/modernizr-2.5.3.min.js HTTP/1.1" 304 - "http://www.mbingenieure.de/" "Mozilla/5.0 (Macintosh; Intel Mac OS X 10_7_5) AppleWebKit/536.26.14 (KHTML, like Gecko) Version/6.0.1 Safari/536.26.14"
188.103.166.174 - - [08/Oct/2012:08:34:36 +0200] "GET /images/footer.jpg HTTP/1.1" 304 - "http://www.mbingenieure.de/" "Mozilla/5.0 (Macintosh; Intel Mac OS X 10_7_5) AppleWebKit/536.26.14 (KHTML, like Gecko) Version/6.0.1 Safari/536.26.14"
188.103.166.174 - - [08/Oct/2012:08:34:36 +0200] "GET /images/header.jpg HTTP/1.1" 304 - "http://www.mbingenieure.de/" "Mozilla/5.0 (Macintosh; Intel Mac OS X 10_7_5) AppleWebKit/536.26.14 (KHTML, like Gecko) Version/6.0.1 Safari/536.26.14"
188.103.166.174 - - [08/Oct/2012:08:34:36 +0200] "GET /images/navi.jpg HTTP/1.1" 304 - "http://www.mbingenieure.de/" "Mozilla/5.0 (Macintosh; Intel Mac OS X 10_7_5) AppleWebKit/536.26.14 (KHTML, like Gecko) Version/6.0.1 Safari/536.26.14"
188.103.166.174 - - [08/Oct/2012:08:34:36 +0200] "GET /images/bild2.jpg HTTP/1.1" 304 - "http://www.mbingenieure.de/" "Mozilla/5.0 (Macintosh; Intel Mac OS X 10_7_5) AppleWebKit/536.26.14 (KHTML, like Gecko) Version/6.0.1 Safari/536.26.14"
188.103.166.174 - - [08/Oct/2012:08:34:36 +0200] "GET /images/bild4.jpg HTTP/1.1" 304 - "http://www.mbingenieure.de/" "Mozilla/5.0 (Macintosh; Intel Mac OS X 10_7_5) AppleWebKit/536.26.14 (KHTML, like Gecko) Version/6.0.1 Safari/536.26.14"
188.103.166.174 - - [08/Oct/2012:08:34:36 +0200] "GET /images/bild3.png HTTP/1.1" 304 - "http://www.mbingenieure.de/" "Mozilla/5.0 (Macintosh; Intel Mac OS X 10_7_5) AppleWebKit/536.26.14 (KHTML, like Gecko) Version/6.0.1 Safari/536.26.14"
188.103.166.174 - - [08/Oct/2012:09:41:15 +0200] "GET / HTTP/1.1" 200 4606 "-" "Mozilla/5.0 (Macintosh; Intel Mac OS X 10_7_5) AppleWebKit/536.26.14 (KHTML, like Gecko) Version/6.0.1 Safari/536.26.14"
188.103.166.174 - - [08/Oct/2012:09:41:15 +0200] "GET /css/style.css HTTP/1.1" 200 2439 "http://www.mbingenieure.de/" "Mozilla/5.0 (Macintosh; Intel Mac OS X 10_7_5) AppleWebKit/536.26.14 (KHTML, like Gecko) Version/6.0.1 Safari/536.26.14"
188.103.166.174 - - [08/Oct/2012:09:41:15 +0200] "GET /js/plugins.js HTTP/1.1" 200 898 "http://www.mbingenieure.de/" "Mozilla/5.0 (Macintosh; Intel Mac OS X 10_7_5) AppleWebKit/536.26.14 (KHTML, like Gecko) Version/6.0.1 Safari/536.26.14"
188.103.166.174 - - [08/Oct/2012:09:41:15 +0200] "GET /js/libs/modernizr-2.5.3.min.js HTTP/1.1" 200 15274 "http://www.mbingenieure.de/" "Mozilla/5.0 (Macintosh; Intel Mac OS X 10_7_5) AppleWebKit/536.26.14 (KHTML, like Gecko) Version/6.0.1 Safari/536.26.14"
188.103.166.174 - - [08/Oct/2012:09:41:15 +0200] "GET /images/footer.jpg HTTP/1.1" 200 5903 "http://www.mbingenieure.de/" "Mozilla/5.0 (Macintosh; Intel Mac OS X 10_7_5) AppleWebKit/536.26.14 (KHTML, like Gecko) Version/6.0.1 Safari/536.26.14"
188.103.166.174 - - [08/Oct/2012:09:41:16 +0200] "GET /images/header.jpg HTTP/1.1" 200 10807 "http://www.mbingenieure.de/" "Mozilla/5.0 (Macintosh; Intel Mac OS X 10_7_5) AppleWebKit/536.26.14 (KHTML, like Gecko) Version/6.0.1 Safari/536.26.14"
188.103.166.174 - - [08/Oct/2012:09:41:16 +0200] "GET /images/navi.jpg HTTP/1.1" 200 32635 "http://www.mbingenieure.de/" "Mozilla/5.0 (Macintosh; Intel Mac OS X 10_7_5) AppleWebKit/536.26.14 (KHTML, like Gecko) Version/6.0.1 Safari/536.26.14"
188.103.166.174 - - [08/Oct/2012:09:41:16 +0200] "GET /images/bild2.jpg HTTP/1.1" 200 14865 "http://www.mbingenieure.de/" "Mozilla/5.0 (Macintosh; Intel Mac OS X 10_7_5) AppleWebKit/536.26.14 (KHTML, like Gecko) Version/6.0.1 Safari/536.26.14"
188.103.166.174 - - [08/Oct/2012:09:41:17 +0200] "GET /images/bild4.jpg HTTP/1.1" 200 14402 "http://www.mbingenieure.de/" "Mozilla/5.0 (Macintosh; Intel Mac OS X 10_7_5) AppleWebKit/536.26.14 (KHTML, like Gecko) Version/6.0.1 Safari/536.26.14"
188.103.166.174 - - [08/Oct/2012:09:41:17 +0200] "GET /images/bild3.png HTTP/1.1" 200 48627 "http://www.mbingenieure.de/" "Mozilla/5.0 (Macintosh; Intel Mac OS X 10_7_5) AppleWebKit/536.26.14 (KHTML, like Gecko) Version/6.0.1 Safari/536.26.14"
188.103.166.174 - - [08/Oct/2012:11:08:18 +0200] "GET / HTTP/1.1" 200 4606 "-" "Mozilla/5.0 (Macintosh; Intel Mac OS X 10_7_5) AppleWebKit/536.26.14 (KHTML, like Gecko) Version/6.0.1 Safari/536.26.14"
178.154.179.250 - - [08/Oct/2012:12:51:35 +0200] "GET /robots.txt HTTP/1.1" 404 - "-" "Mozilla/5.0 (compatible; YandexBot/3.0; +http://yandex.com/bots)"
188.103.166.174 - - [08/Oct/2012:13:46:05 +0200] "GET / HTTP/1.1" 200 4606 "-" "Mozilla/5.0 (Macintosh; Intel Mac OS X 10_7_5) AppleWebKit/536.26.14 (KHTML, like Gecko) Version/6.0.1 Safari/536.26.14"
188.103.166.174 - - [08/Oct/2012:13:46:05 +0200] "GET /css/style.css HTTP/1.1" 200 2439 "http://www.mbingenieure.de/" "Mozilla/5.0 (Macintosh; Intel Mac OS X 10_7_5) AppleWebKit/536.26.14 (KHTML, like Gecko) Version/6.0.1 Safari/536.26.14"
188.103.166.174 - - [08/Oct/2012:13:46:05 +0200] "GET /js/libs/modernizr-2.5.3.min.js HTTP/1.1" 200 15274 "http://www.mbingenieure.de/" "Mozilla/5.0 (Macintosh; Intel Mac OS X 10_7_5) AppleWebKit/536.26.14 (KHTML, like Gecko) Version/6.0.1 Safari/536.26.14"
188.103.166.174 - - [08/Oct/2012:13:46:05 +0200] "GET /js/plugins.js HTTP/1.1" 200 898 "http://www.mbingenieure.de/" "Mozilla/5.0 (Macintosh; Intel Mac OS X 10_7_5) AppleWebKit/536.26.14 (KHTML, like Gecko) Version/6.0.1 Safari/536.26.14"
188.103.166.174 - - [08/Oct/2012:13:46:05 +0200] "GET /images/footer.jpg HTTP/1.1" 200 5903 "http://www.mbingenieure.de/" "Mozilla/5.0 (Macintosh; Intel Mac OS X 10_7_5) AppleWebKit/536.26.14 (KHTML, like Gecko) Version/6.0.1 Safari/536.26.14"
188.103.166.174 - - [08/Oct/2012:13:46:07 +0200] "GET /images/header.jpg HTTP/1.1" 200 10807 "http://www.mbingenieure.de/" "Mozilla/5.0 (Macintosh; Intel Mac OS X 10_7_5) AppleWebKit/536.26.14 (KHTML, like Gecko) Version/6.0.1 Safari/536.26.14"
188.103.166.174 - - [08/Oct/2012:13:46:07 +0200] "GET /images/navi.jpg HTTP/1.1" 200 32635 "http://www.mbingenieure.de/" "Mozilla/5.0 (Macintosh; Intel Mac OS X 10_7_5) AppleWebKit/536.26.14 (KHTML, like Gecko) Version/6.0.1 Safari/536.26.14"
188.103.166.174 - - [08/Oct/2012:13:46:07 +0200] "GET /images/bild2.jpg HTTP/1.1" 200 14865 "http://www.mbingenieure.de/" "Mozilla/5.0 (Macintosh; Intel Mac OS X 10_7_5) AppleWebKit/536.26.14 (KHTML, like Gecko) Version/6.0.1 Safari/536.26.14"
188.103.166.174 - - [08/Oct/2012:13:46:07 +0200] "GET /images/bild4.jpg HTTP/1.1" 200 14402 "http://www.mbingenieure.de/" "Mozilla/5.0 (Macintosh; Intel Mac OS X 10_7_5) AppleWebKit/536.26.14 (KHTML, like Gecko) Version/6.0.1 Safari/536.26.14"
188.103.166.174 - - [08/Oct/2012:13:46:07 +0200] "GET /images/bild3.png HTTP/1.1" 200 48627 "http://www.mbingenieure.de/" "Mozilla/5.0 (Macintosh; Intel Mac OS X 10_7_5) AppleWebKit/536.26.14 (KHTML, like Gecko) Version/6.0.1 Safari/536.26.14"
178.154.179.250 - - [08/Oct/2012:14:11:12 +0200] "GET /index.html HTTP/1.1" 200 4606 "-" "Mozilla/5.0 (compatible; YandexBot/3.0; +http://yandex.com/bots)"
178.154.179.250 - - [08/Oct/2012:15:55:19 +0200] "GET /uns.html HTTP/1.1" 200 4398 "-" "Mozilla/5.0 (compatible; YandexBot/3.0; +http://yandex.com/bots)"
107.22.127.202 - - [08/Oct/2012:18:02:27 +0200] "GET / HTTP/1.0" 200 4606 "-" "Mozilla/5.0 (compatible; NetcraftSurveyAgent/1.0; +info@netcraft.com)"
178.154.179.250 - - [08/Oct/2012:19:23:31 +0200] "GET /spektrum.html HTTP/1.1" 200 4541 "-" "Mozilla/5.0 (compatible; YandexBot/3.0; +http://yandex.com/bots)"
50.16.102.174 - - [08/Oct/2012:19:38:13 +0200] "GET / HTTP/1.0" 200 4606 "-" "Mozilla/5.0 (compatible; NetcraftSurveyAgent/1.0; +info@netcraft.com)"
188.103.166.174 - - [08/Oct/2012:20:15:44 +0200] "GET / HTTP/1.1" 200 4606 "-" "Mozilla/5.0 (Macintosh; Intel Mac OS X 10_7_5) AppleWebKit/536.26.14 (KHTML, like Gecko) Version/6.0.1 Safari/536.26.14"
188.103.166.174 - - [08/Oct/2012:20:15:44 +0200] "GET /css/style.css HTTP/1.1" 200 2439 "http://www.mbingenieure.de/" "Mozilla/5.0 (Macintosh; Intel Mac OS X 10_7_5) AppleWebKit/536.26.14 (KHTML, like Gecko) Version/6.0.1 Safari/536.26.14"
188.103.166.174 - - [08/Oct/2012:20:15:44 +0200] "GET /js/plugins.js HTTP/1.1" 200 898 "http://www.mbingenieure.de/" "Mozilla/5.0 (Macintosh; Intel Mac OS X 10_7_5) AppleWebKit/536.26.14 (KHTML, like Gecko) Version/6.0.1 Safari/536.26.14"
188.103.166.174 - - [08/Oct/2012:20:15:44 +0200] "GET /js/libs/modernizr-2.5.3.min.js HTTP/1.1" 200 15274 "http://www.mbingenieure.de/" "Mozilla/5.0 (Macintosh; Intel Mac OS X 10_7_5) AppleWebKit/536.26.14 (KHTML, like Gecko) Version/6.0.1 Safari/536.26.14"
188.103.166.174 - - [08/Oct/2012:20:15:45 +0200] "GET /images/footer.jpg HTTP/1.1" 200 5903 "http://www.mbingenieure.de/" "Mozilla/5.0 (Macintosh; Intel Mac OS X 10_7_5) AppleWebKit/536.26.14 (KHTML, like Gecko) Version/6.0.1 Safari/536.26.14"
188.103.166.174 - - [08/Oct/2012:20:15:45 +0200] "GET /images/header.jpg HTTP/1.1" 200 10807 "http://www.mbingenieure.de/" "Mozilla/5.0 (Macintosh; Intel Mac OS X 10_7_5) AppleWebKit/536.26.14 (KHTML, like Gecko) Version/6.0.1 Safari/536.26.14"
188.103.166.174 - - [08/Oct/2012:20:15:45 +0200] "GET /images/navi.jpg HTTP/1.1" 200 32635 "http://www.mbingenieure.de/" "Mozilla/5.0 (Macintosh; Intel Mac OS X 10_7_5) AppleWebKit/536.26.14 (KHTML, like Gecko) Version/6.0.1 Safari/536.26.14"
188.103.166.174 - - [08/Oct/2012:20:15:45 +0200] "GET /images/bild2.jpg HTTP/1.1" 200 14865 "http://www.mbingenieure.de/" "Mozilla/5.0 (Macintosh; Intel Mac OS X 10_7_5) AppleWebKit/536.26.14 (KHTML, like Gecko) Version/6.0.1 Safari/536.26.14"
188.103.166.174 - - [08/Oct/2012:20:15:45 +0200] "GET /images/bild4.jpg HTTP/1.1" 200 14402 "http://www.mbingenieure.de/" "Mozilla/5.0 (Macintosh; Intel Mac OS X 10_7_5) AppleWebKit/536.26.14 (KHTML, like Gecko) Version/6.0.1 Safari/536.26.14"
188.103.166.174 - - [08/Oct/2012:20:15:45 +0200] "GET /images/bild3.png HTTP/1.1" 200 48627 "http://www.mbingenieure.de/" "Mozilla/5.0 (Macintosh; Intel Mac OS X 10_7_5) AppleWebKit/536.26.14 (KHTML, like Gecko) Version/6.0.1 Safari/536.26.14"
178.154.179.250 - - [08/Oct/2012:21:13:08 +0200] "GET /referenz.html HTTP/1.1" 200 10668 "-" "Mozilla/5.0 (compatible; YandexBot/3.0; +http://yandex.com/bots)"
178.154.179.250 - - [08/Oct/2012:22:54:42 +0200] "GET /partner.html HTTP/1.1" 200 4485 "-" "Mozilla/5.0 (compatible; YandexBot/3.0; +http://yandex.com/bots)"
178.154.179.250 - - [08/Oct/2012:23:51:34 +0200] "GET /kontakt.html HTTP/1.1" 200 4451 "-" "Mozilla/5.0 (compatible; YandexBot/3.0; +http://yandex.com/bots)"
178.154.179.250 - - [09/Oct/2012:00:31:17 +0200] "GET /impressum.html HTTP/1.1" 200 5721 "-" "Mozilla/5.0 (compatible; YandexBot/3.0; +http://yandex.com/bots)"
94.23.225.68 - - [09/Oct/2012:01:28:33 +0200] "GET /kontakt.html HTTP/1.1" 200 4451 "-" "Mozilla/5.0 (X11; Linux i686; rv:6.0) Gecko/20100101 Firefox/6.0"
178.77.126.55 - - [09/Oct/2012:03:39:22 +0200] "GET /robots.txt HTTP/1.1" 404 - "-" "Mozilla/5.0 (compatible; CareerBot/1.1; +http://www.career-x.de/bot.html)"
178.77.126.55 - - [09/Oct/2012:03:39:22 +0200] "GET / HTTP/1.1" 200 4606 "-" "Mozilla/5.0 (compatible; CareerBot/1.1; +http://www.career-x.de/bot.html)"
178.77.126.55 - - [09/Oct/2012:03:39:22 +0200] "GET /uns.html HTTP/1.1" 200 4398 "-" "Mozilla/5.0 (compatible; CareerBot/1.1; +http://www.career-x.de/bot.html)"
157.56.229.23 - - [09/Oct/2012:04:56:51 +0200] "GET /robots.txt HTTP/1.1" 404 - "-" "Mozilla/5.0 (compatible; bingbot/2.0; +http://www.bing.com/bingbot.htm)"
157.56.229.23 - - [09/Oct/2012:05:01:59 +0200] "GET /spektrum.html HTTP/1.1" 200 4541 "-" "Mozilla/5.0 (compatible; bingbot/2.0; +http://www.bing.com/bingbot.htm)"
157.55.32.58 - - [09/Oct/2012:06:31:59 +0200] "GET /robots.txt HTTP/1.1" 404 - "-" "Mozilla/5.0 (compatible; bingbot/2.0; +http://www.bing.com/bingbot.htm)"
157.55.32.58 - - [09/Oct/2012:06:32:53 +0200] "GET / HTTP/1.1" 304 - "-" "Mozilla/5.0 (compatible; bingbot/2.0; +http://www.bing.com/bingbot.htm)"
157.56.229.23 - - [09/Oct/2012:12:37:39 +0200] "GET /robots.txt HTTP/1.1" 404 - "-" "Mozilla/5.0 (compatible; bingbot/2.0; +http://www.bing.com/bingbot.htm)"
157.56.229.23 - - [09/Oct/2012:13:06:23 +0200] "GET /referenz.html HTTP/1.1" 200 10668 "-" "Mozilla/5.0 (compatible; bingbot/2.0; +http://www.bing.com/bingbot.htm)"
94.23.220.161 - - [09/Oct/2012:13:26:22 +0200] "GET / HTTP/1.1" 200 4606 "-" "Mozilla/5.0 (X11; Linux i686; rv:6.0) Gecko/20100101 Firefox/6.0"
178.154.179.250 - - [09/Oct/2012:14:47:13 +0200] "GET /robots.txt HTTP/1.1" 404 - "-" "Mozilla/5.0 (compatible; YandexBot/3.0; +http://yandex.com/bots)"
94.222.23.119 - - [09/Oct/2012:16:33:53 +0200] "GET / HTTP/1.1" 200 4606 "-" "Mozilla/5.0 (Macintosh; Intel Mac OS X 10_7_5) AppleWebKit/536.26.14 (KHTML, like Gecko) Version/6.0.1 Safari/536.26.14"
94.222.23.119 - - [09/Oct/2012:16:33:54 +0200] "GET /css/style.css HTTP/1.1" 200 2439 "http://www.mbingenieure.de/" "Mozilla/5.0 (Macintosh; Intel Mac OS X 10_7_5) AppleWebKit/536.26.14 (KHTML, like Gecko) Version/6.0.1 Safari/536.26.14"
94.222.23.119 - - [09/Oct/2012:16:33:54 +0200] "GET /js/libs/modernizr-2.5.3.min.js HTTP/1.1" 200 15274 "http://www.mbingenieure.de/" "Mozilla/5.0 (Macintosh; Intel Mac OS X 10_7_5) AppleWebKit/536.26.14 (KHTML, like Gecko) Version/6.0.1 Safari/536.26.14"
94.222.23.119 - - [09/Oct/2012:16:33:54 +0200] "GET /js/plugins.js HTTP/1.1" 200 898 "http://www.mbingenieure.de/" "Mozilla/5.0 (Macintosh; Intel Mac OS X 10_7_5) AppleWebKit/536.26.14 (KHTML, like Gecko) Version/6.0.1 Safari/536.26.14"
94.222.23.119 - - [09/Oct/2012:16:33:54 +0200] "GET /images/footer.jpg HTTP/1.1" 200 5903 "http://www.mbingenieure.de/" "Mozilla/5.0 (Macintosh; Intel Mac OS X 10_7_5) AppleWebKit/536.26.14 (KHTML, like Gecko) Version/6.0.1 Safari/536.26.14"
94.222.23.119 - - [09/Oct/2012:16:33:55 +0200] "GET /images/header.jpg HTTP/1.1" 200 10807 "http://www.mbingenieure.de/" "Mozilla/5.0 (Macintosh; Intel Mac OS X 10_7_5) AppleWebKit/536.26.14 (KHTML, like Gecko) Version/6.0.1 Safari/536.26.14"
94.222.23.119 - - [09/Oct/2012:16:33:55 +0200] "GET /images/navi.jpg HTTP/1.1" 200 32635 "http://www.mbingenieure.de/" "Mozilla/5.0 (Macintosh; Intel Mac OS X 10_7_5) AppleWebKit/536.26.14 (KHTML, like Gecko) Version/6.0.1 Safari/536.26.14"
94.222.23.119 - - [09/Oct/2012:16:33:55 +0200] "GET /images/bild2.jpg HTTP/1.1" 200 14865 "http://www.mbingenieure.de/" "Mozilla/5.0 (Macintosh; Intel Mac OS X 10_7_5) AppleWebKit/536.26.14 (KHTML, like Gecko) Version/6.0.1 Safari/536.26.14"
94.222.23.119 - - [09/Oct/2012:16:33:55 +0200] "GET /images/bild4.jpg HTTP/1.1" 200 14402 "http://www.mbingenieure.de/" "Mozilla/5.0 (Macintosh; Intel Mac OS X 10_7_5) AppleWebKit/536.26.14 (KHTML, like Gecko) Version/6.0.1 Safari/536.26.14"
94.222.23.119 - - [09/Oct/2012:16:33:55 +0200] "GET /images/bild3.png HTTP/1.1" 200 48627 "http://www.mbingenieure.de/" "Mozilla/5.0 (Macintosh; Intel Mac OS X 10_7_5) AppleWebKit/536.26.14 (KHTML, like Gecko) Version/6.0.1 Safari/536.26.14"
79.232.77.2 - - [09/Oct/2012:16:35:43 +0200] "GET /referenz.html HTTP/1.1" 200 10668 "http://www.google.de/url?sa=t&rct=j&q=mb%20ingenieure&source=web&cd=4&sqi=2&ved=0CDIQFjAD&url=http%3A%2F%2Fwww.mbingenieure.de%2Freferenz.html&ei=KTZ0UNTAMs7OswaVi4CgCA&usg=AFQjCNEjBuJQ2-M4Z4j35BAeh7XDA3bhYQ" "Mozilla/5.0 (compatible; MSIE 9.0; Windows NT 6.1; WOW64; Trident/5.0)"
79.232.77.2 - - [09/Oct/2012:16:35:43 +0200] "GET /css/style.css HTTP/1.1" 200 2439 "http://www.mbingenieure.de/referenz.html" "Mozilla/5.0 (compatible; MSIE 9.0; Windows NT 6.1; WOW64; Trident/5.0)"
79.232.77.2 - - [09/Oct/2012:16:35:43 +0200] "GET /js/libs/modernizr-2.5.3.min.js HTTP/1.1" 200 15274 "http://www.mbingenieure.de/referenz.html" "Mozilla/5.0 (compatible; MSIE 9.0; Windows NT 6.1; WOW64; Trident/5.0)"
79.232.77.2 - - [09/Oct/2012:16:35:43 +0200] "GET /images/footer.jpg HTTP/1.1" 200 5903 "http://www.mbingenieure.de/referenz.html" "Mozilla/5.0 (compatible; MSIE 9.0; Windows NT 6.1; WOW64; Trident/5.0)"
79.232.77.2 - - [09/Oct/2012:16:35:43 +0200] "GET /js/plugins.js HTTP/1.1" 200 898 "http://www.mbingenieure.de/referenz.html" "Mozilla/5.0 (compatible; MSIE 9.0; Windows NT 6.1; WOW64; Trident/5.0)"
79.232.77.2 - - [09/Oct/2012:16:35:43 +0200] "GET /images/header.jpg HTTP/1.1" 200 10807 "http://www.mbingenieure.de/referenz.html" "Mozilla/5.0 (compatible; MSIE 9.0; Windows NT 6.1; WOW64; Trident/5.0)"
79.232.77.2 - - [09/Oct/2012:16:35:43 +0200] "GET /images/navi.jpg HTTP/1.1" 200 32635 "http://www.mbingenieure.de/referenz.html" "Mozilla/5.0 (compatible; MSIE 9.0; Windows NT 6.1; WOW64; Trident/5.0)"
79.232.77.2 - - [09/Oct/2012:16:35:43 +0200] "GET /favicon.ico HTTP/1.1" 200 93062 "-" "Mozilla/5.0 (compatible; MSIE 9.0; Windows NT 6.1; WOW64; Trident/5.0)"
79.232.77.2 - - [09/Oct/2012:16:35:46 +0200] "GET /uns.html HTTP/1.1" 200 4398 "http://www.mbingenieure.de/referenz.html" "Mozilla/5.0 (compatible; MSIE 9.0; Windows NT 6.1; WOW64; Trident/5.0)"
178.154.179.250 - - [09/Oct/2012:18:58:36 +0200] "GET / HTTP/1.1" 200 4606 "-" "Mozilla/5.0 (compatible; YandexBot/3.0; +http://yandex.com/bots)"
37.140.141.34 - - [09/Oct/2012:19:26:10 +0200] "GET /robots.txt HTTP/1.1" 404 - "-" "Mozilla/5.0 (compatible; YandexImages/3.0; +http://yandex.com/bots)"
66.249.71.23 - - [09/Oct/2012:20:44:26 +0200] "GET /robots.txt HTTP/1.1" 404 - "-" "Mozilla/5.0 (compatible; Googlebot/2.1; +http://www.google.com/bot.html)"
66.249.71.23 - - [09/Oct/2012:20:44:26 +0200] "GET /kontakt.html HTTP/1.1" 200 4451 "-" "Mozilla/5.0 (iPhone; U; CPU iPhone OS 4_1 like Mac OS X; en-us) AppleWebKit/532.9 (KHTML, like Gecko) Version/4.0.5 Mobile/8B117 Safari/6531.22.7 (compatible; Googlebot-Mobile/2.1; +http://www.google.com/bot.html)"
208.115.111.69 - - [09/Oct/2012:22:33:00 +0200] "GET /robots.txt HTTP/1.1" 404 - "-" "Mozilla/5.0 (compatible; Ezooms/1.0; ezooms.bot@gmail.com)"
208.115.111.69 - - [09/Oct/2012:22:49:05 +0200] "GET / HTTP/1.1" 200 4606 "-" "Mozilla/5.0 (compatible; Ezooms/1.0; ezooms.bot@gmail.com)"
37.140.141.34 - - [10/Oct/2012:01:28:33 +0200] "GET /images/bild2.jpg HTTP/1.1" 200 14865 "-" "Mozilla/5.0 (compatible; YandexImages/3.0; +http://yandex.com/bots)"
157.56.229.23 - - [10/Oct/2012:02:28:50 +0200] "GET /robots.txt HTTP/1.1" 404 - "-" "Mozilla/5.0 (compatible; bingbot/2.0; +http://www.bing.com/bingbot.htm)"
157.56.229.23 - - [10/Oct/2012:02:29:52 +0200] "GET /referenz.html HTTP/1.1" 304 - "-" "Mozilla/5.0 (compatible; bingbot/2.0; +http://www.bing.com/bingbot.htm)"
157.55.32.58 - - [10/Oct/2012:04:59:18 +0200] "GET /robots.txt HTTP/1.1" 404 - "-" "Mozilla/5.0 (compatible; bingbot/2.0; +http://www.bing.com/bingbot.htm)"
157.55.32.58 - - [10/Oct/2012:05:07:14 +0200] "GET / HTTP/1.1" 304 - "-" "Mozilla/5.0 (compatible; bingbot/2.0; +http://www.bing.com/bingbot.htm)"
208.115.111.69 - - [10/Oct/2012:06:27:24 +0200] "GET /robots.txt HTTP/1.1" 404 - "-" "Mozilla/5.0 (compatible; Ezooms/1.0; ezooms.bot@gmail.com)"
208.115.111.69 - - [10/Oct/2012:08:48:36 +0200] "GET /partner.html HTTP/1.1" 200 4485 "-" "Mozilla/5.0 (compatible; Ezooms/1.0; ezooms.bot@gmail.com)"
37.140.141.34 - - [10/Oct/2012:10:00:16 +0200] "GET /images/bild4.jpg HTTP/1.1" 200 14402 "-" "Mozilla/5.0 (compatible; YandexImages/3.0; +http://yandex.com/bots)"
62.157.59.26 - - [10/Oct/2012:10:36:46 +0200] "GET / HTTP/1.1" 200 4606 "http://www.facebook.com/l.php?u=http%3A%2F%2Fwww.mbingenieure.de&h=6AQGF0YxB&s=1" "Mozilla/5.0 (compatible; MSIE 9.0; Windows NT 6.1; WOW64; de) Opera 12.02"
62.157.59.26 - - [10/Oct/2012:10:36:46 +0200] "GET /css/style.css HTTP/1.1" 200 2439 "http://www.mbingenieure.de/" "Mozilla/5.0 (compatible; MSIE 9.0; Windows NT 6.1; WOW64; de) Opera 12.02"
62.157.59.26 - - [10/Oct/2012:10:36:46 +0200] "GET /js/libs/modernizr-2.5.3.min.js HTTP/1.1" 200 15274 "http://www.mbingenieure.de/" "Mozilla/5.0 (compatible; MSIE 9.0; Windows NT 6.1; WOW64; de) Opera 12.02"
62.157.59.26 - - [10/Oct/2012:10:36:46 +0200] "GET /images/header.jpg HTTP/1.1" 200 10807 "http://www.mbingenieure.de/" "Mozilla/5.0 (compatible; MSIE 9.0; Windows NT 6.1; WOW64; de) Opera 12.02"
62.157.59.26 - - [10/Oct/2012:10:36:46 +0200] "GET /images/footer.jpg HTTP/1.1" 200 5903 "http://www.mbingenieure.de/" "Mozilla/5.0 (compatible; MSIE 9.0; Windows NT 6.1; WOW64; de) Opera 12.02"
62.157.59.26 - - [10/Oct/2012:10:36:46 +0200] "GET /images/bild2.jpg HTTP/1.1" 200 14865 "http://www.mbingenieure.de/" "Mozilla/5.0 (compatible; MSIE 9.0; Windows NT 6.1; WOW64; de) Opera 12.02"
62.157.59.26 - - [10/Oct/2012:10:36:46 +0200] "GET /images/bild4.jpg HTTP/1.1" 200 14402 "http://www.mbingenieure.de/" "Mozilla/5.0 (compatible; MSIE 9.0; Windows NT 6.1; WOW64; de) Opera 12.02"
62.157.59.26 - - [10/Oct/2012:10:36:46 +0200] "GET /js/plugins.js HTTP/1.1" 200 898 "http://www.mbingenieure.de/" "Mozilla/5.0 (compatible; MSIE 9.0; Windows NT 6.1; WOW64; de) Opera 12.02"
62.157.59.26 - - [10/Oct/2012:10:36:46 +0200] "GET /images/navi.jpg HTTP/1.1" 200 32635 "http://www.mbingenieure.de/" "Mozilla/5.0 (compatible; MSIE 9.0; Windows NT 6.1; WOW64; de) Opera 12.02"
69.63.190.245 - - [10/Oct/2012:10:36:46 +0200] "GET / HTTP/1.1" 206 4606 "-" "facebookexternalhit/1.1 (+http://www.facebook.com/externalhit_uatext.php)"
62.157.59.26 - - [10/Oct/2012:10:36:46 +0200] "GET /favicon.ico HTTP/1.1" 200 93062 "http://www.mbingenieure.de/" "Mozilla/5.0 (compatible; MSIE 9.0; Windows NT 6.1; WOW64; de) Opera 12.02"
62.157.59.26 - - [10/Oct/2012:10:36:46 +0200] "GET /images/bild3.png HTTP/1.1" 200 48627 "http://www.mbingenieure.de/" "Mozilla/5.0 (compatible; MSIE 9.0; Windows NT 6.1; WOW64; de) Opera 12.02"
69.63.190.244 - - [10/Oct/2012:10:36:47 +0200] "GET /images/bild2.jpg HTTP/1.1" 206 14865 "-" "facebookexternalhit/1.1 (+http://www.facebook.com/externalhit_uatext.php)"
69.63.190.244 - - [10/Oct/2012:10:36:47 +0200] "GET /images/bild4.jpg HTTP/1.1" 206 14402 "-" "facebookexternalhit/1.1 (+http://www.facebook.com/externalhit_uatext.php)"
69.63.190.250 - - [10/Oct/2012:10:36:47 +0200] "GET /images/bild3.png HTTP/1.1" 206 40961 "-" "facebookexternalhit/1.1 (+http://www.facebook.com/externalhit_uatext.php)"
62.157.59.26 - - [10/Oct/2012:10:37:02 +0200] "GET /partner.html HTTP/1.1" 200 4485 "http://www.mbingenieure.de/" "Mozilla/5.0 (compatible; MSIE 9.0; Windows NT 6.1; WOW64; de) Opera 12.02"
62.157.59.26 - - [10/Oct/2012:10:37:07 +0200] "GET /spektrum.html HTTP/1.1" 200 4541 "http://www.mbingenieure.de/partner.html" "Mozilla/5.0 (compatible; MSIE 9.0; Windows NT 6.1; WOW64; de) Opera 12.02"
62.157.59.26 - - [10/Oct/2012:10:37:08 +0200] "GET /uns.html HTTP/1.1" 200 4398 "http://www.mbingenieure.de/spektrum.html" "Mozilla/5.0 (compatible; MSIE 9.0; Windows NT 6.1; WOW64; de) Opera 12.02"
62.157.59.26 - - [10/Oct/2012:10:37:16 +0200] "GET /referenz.html HTTP/1.1" 200 10668 "http://www.mbingenieure.de/uns.html" "Mozilla/5.0 (compatible; MSIE 9.0; Windows NT 6.1; WOW64; de) Opera 12.02"
62.157.59.26 - - [10/Oct/2012:10:37:28 +0200] "GET /kontakt.html HTTP/1.1" 200 4451 "http://www.mbingenieure.de/referenz.html" "Mozilla/5.0 (compatible; MSIE 9.0; Windows NT 6.1; WOW64; de) Opera 12.02"
62.157.59.26 - - [10/Oct/2012:10:37:29 +0200] "GET /impressum.html HTTP/1.1" 200 5721 "http://www.mbingenieure.de/kontakt.html" "Mozilla/5.0 (compatible; MSIE 9.0; Windows NT 6.1; WOW64; de) Opera 12.02"
188.106.88.88 - - [10/Oct/2012:10:54:32 +0200] "GET / HTTP/1.1" 200 4606 "-" "Mozilla/5.0 (Macintosh; Intel Mac OS X 10_7_5) AppleWebKit/536.26.14 (KHTML, like Gecko) Version/6.0.1 Safari/536.26.14"
188.106.88.88 - - [10/Oct/2012:10:54:32 +0200] "GET /css/style.css HTTP/1.1" 200 2439 "http://www.mbingenieure.de/" "Mozilla/5.0 (Macintosh; Intel Mac OS X 10_7_5) AppleWebKit/536.26.14 (KHTML, like Gecko) Version/6.0.1 Safari/536.26.14"
188.106.88.88 - - [10/Oct/2012:10:54:32 +0200] "GET /js/plugins.js HTTP/1.1" 200 898 "http://www.mbingenieure.de/" "Mozilla/5.0 (Macintosh; Intel Mac OS X 10_7_5) AppleWebKit/536.26.14 (KHTML, like Gecko) Version/6.0.1 Safari/536.26.14"
188.106.88.88 - - [10/Oct/2012:10:54:32 +0200] "GET /js/libs/modernizr-2.5.3.min.js HTTP/1.1" 200 15274 "http://www.mbingenieure.de/" "Mozilla/5.0 (Macintosh; Intel Mac OS X 10_7_5) AppleWebKit/536.26.14 (KHTML, like Gecko) Version/6.0.1 Safari/536.26.14"
188.106.88.88 - - [10/Oct/2012:10:54:32 +0200] "GET /images/footer.jpg HTTP/1.1" 200 5903 "http://www.mbingenieure.de/" "Mozilla/5.0 (Macintosh; Intel Mac OS X 10_7_5) AppleWebKit/536.26.14 (KHTML, like Gecko) Version/6.0.1 Safari/536.26.14"
188.106.88.88 - - [10/Oct/2012:10:54:33 +0200] "GET /images/header.jpg HTTP/1.1" 200 10807 "http://www.mbingenieure.de/" "Mozilla/5.0 (Macintosh; Intel Mac OS X 10_7_5) AppleWebKit/536.26.14 (KHTML, like Gecko) Version/6.0.1 Safari/536.26.14"
188.106.88.88 - - [10/Oct/2012:10:54:33 +0200] "GET /images/navi.jpg HTTP/1.1" 200 32635 "http://www.mbingenieure.de/" "Mozilla/5.0 (Macintosh; Intel Mac OS X 10_7_5) AppleWebKit/536.26.14 (KHTML, like Gecko) Version/6.0.1 Safari/536.26.14"
188.106.88.88 - - [10/Oct/2012:10:54:33 +0200] "GET /images/bild2.jpg HTTP/1.1" 200 14865 "http://www.mbingenieure.de/" "Mozilla/5.0 (Macintosh; Intel Mac OS X 10_7_5) AppleWebKit/536.26.14 (KHTML, like Gecko) Version/6.0.1 Safari/536.26.14"
188.106.88.88 - - [10/Oct/2012:10:54:33 +0200] "GET /images/bild4.jpg HTTP/1.1" 200 14402 "http://www.mbingenieure.de/" "Mozilla/5.0 (Macintosh; Intel Mac OS X 10_7_5) AppleWebKit/536.26.14 (KHTML, like Gecko) Version/6.0.1 Safari/536.26.14"
188.106.88.88 - - [10/Oct/2012:10:54:33 +0200] "GET /images/bild3.png HTTP/1.1" 200 48627 "http://www.mbingenieure.de/" "Mozilla/5.0 (Macintosh; Intel Mac OS X 10_7_5) AppleWebKit/536.26.14 (KHTML, like Gecko) Version/6.0.1 Safari/536.26.14"
66.249.71.23 - - [10/Oct/2012:11:45:24 +0200] "GET /robots.txt HTTP/1.1" 404 - "-" "Mozilla/5.0 (compatible; Googlebot/2.1; +http://www.google.com/bot.html)"
66.249.71.23 - - [10/Oct/2012:11:50:08 +0200] "GET /css/style.css HTTP/1.1" 200 2439 "-" "Mozilla/5.0 (compatible; Googlebot/2.1; +http://www.google.com/bot.html)"
188.106.88.88 - - [10/Oct/2012:12:50:24 +0200] "GET / HTTP/1.1" 200 4606 "-" "Mozilla/5.0 (Macintosh; Intel Mac OS X 10_7_5) AppleWebKit/536.26.14 (KHTML, like Gecko) Version/6.0.1 Safari/536.26.14"
87.193.220.170 - - [10/Oct/2012:14:00:49 +0200] "GET / HTTP/1.1" 200 4606 "http://www.google.de/url?sa=t&rct=j&q=mb%20ingenieure%20gmbh%20panketal&source=web&cd=2&ved=0CCcQFjAB&url=http%3A%2F%2Fwww.mbingenieure.de%2F&ei=U2N1ULmeKYTotQaYtoHQBg&usg=AFQjCNEyLqXMZj9hDUfmjIo04GBdDmaXCQ" "Mozilla/5.0 (Windows NT 6.1; WOW64; rv:15.0) Gecko/20100101 Firefox/15.0.1"
87.193.220.170 - - [10/Oct/2012:14:00:49 +0200] "GET /images/bild2.jpg HTTP/1.1" 200 14865 "http://www.mbingenieure.de/" "Mozilla/5.0 (Windows NT 6.1; WOW64; rv:15.0) Gecko/20100101 Firefox/15.0.1"
87.193.220.170 - - [10/Oct/2012:14:00:49 +0200] "GET /images/bild4.jpg HTTP/1.1" 200 14402 "http://www.mbingenieure.de/" "Mozilla/5.0 (Windows NT 6.1; WOW64; rv:15.0) Gecko/20100101 Firefox/15.0.1"
87.193.220.170 - - [10/Oct/2012:14:00:49 +0200] "GET /images/bild3.png HTTP/1.1" 200 48627 "http://www.mbingenieure.de/" "Mozilla/5.0 (Windows NT 6.1; WOW64; rv:15.0) Gecko/20100101 Firefox/15.0.1"
87.193.220.170 - - [10/Oct/2012:14:00:49 +0200] "GET /css/style.css HTTP/1.1" 200 2439 "http://www.mbingenieure.de/" "Mozilla/5.0 (Windows NT 6.1; WOW64; rv:15.0) Gecko/20100101 Firefox/15.0.1"
87.193.220.170 - - [10/Oct/2012:14:00:49 +0200] "GET /js/plugins.js HTTP/1.1" 200 898 "http://www.mbingenieure.de/" "Mozilla/5.0 (Windows NT 6.1; WOW64; rv:15.0) Gecko/20100101 Firefox/15.0.1"
87.193.220.170 - - [10/Oct/2012:14:00:49 +0200] "GET /js/libs/modernizr-2.5.3.min.js HTTP/1.1" 200 15274 "http://www.mbingenieure.de/" "Mozilla/5.0 (Windows NT 6.1; WOW64; rv:15.0) Gecko/20100101 Firefox/15.0.1"
87.193.220.170 - - [10/Oct/2012:14:00:50 +0200] "GET /images/footer.jpg HTTP/1.1" 200 5903 "http://www.mbingenieure.de/css/style.css" "Mozilla/5.0 (Windows NT 6.1; WOW64; rv:15.0) Gecko/20100101 Firefox/15.0.1"
87.193.220.170 - - [10/Oct/2012:14:00:50 +0200] "GET /images/header.jpg HTTP/1.1" 200 10807 "http://www.mbingenieure.de/css/style.css" "Mozilla/5.0 (Windows NT 6.1; WOW64; rv:15.0) Gecko/20100101 Firefox/15.0.1"
87.193.220.170 - - [10/Oct/2012:14:00:50 +0200] "GET /images/navi.jpg HTTP/1.1" 200 32635 "http://www.mbingenieure.de/css/style.css" "Mozilla/5.0 (Windows NT 6.1; WOW64; rv:15.0) Gecko/20100101 Firefox/15.0.1"
87.193.220.170 - - [10/Oct/2012:14:00:50 +0200] "GET /favicon.ico HTTP/1.1" 200 93062 "-" "Mozilla/5.0 (Windows NT 6.1; WOW64; rv:15.0) Gecko/20100101 Firefox/15.0.1"
37.140.141.34 - - [10/Oct/2012:14:04:07 +0200] "GET /images/bild3.png HTTP/1.1" 200 48627 "-" "Mozilla/5.0 (compatible; YandexImages/3.0; +http://yandex.com/bots)"
87.193.220.170 - - [10/Oct/2012:14:25:29 +0200] "GET / HTTP/1.1" 200 4606 "http://www.google.de/url?sa=t&rct=j&q=mb%20ingenieure%20panketal&source=web&cd=1&ved=0CCIQFjAA&url=http%3A%2F%2Fwww.mbingenieure.de%2F&ei=HGl1UL2HNcretAa_4YGAAQ&usg=AFQjCNEyLqXMZj9hDUfmjIo04GBdDmaXCQ" "Mozilla/5.0 (Windows NT 6.1; WOW64; rv:15.0) Gecko/20100101 Firefox/15.0.1"
87.193.220.170 - - [10/Oct/2012:14:25:29 +0200] "GET /images/bild2.jpg HTTP/1.1" 200 14865 "http://www.mbingenieure.de/" "Mozilla/5.0 (Windows NT 6.1; WOW64; rv:15.0) Gecko/20100101 Firefox/15.0.1"
87.193.220.170 - - [10/Oct/2012:14:25:29 +0200] "GET /images/bild4.jpg HTTP/1.1" 200 14402 "http://www.mbingenieure.de/" "Mozilla/5.0 (Windows NT 6.1; WOW64; rv:15.0) Gecko/20100101 Firefox/15.0.1"
87.193.220.170 - - [10/Oct/2012:14:25:29 +0200] "GET /images/bild3.png HTTP/1.1" 200 48627 "http://www.mbingenieure.de/" "Mozilla/5.0 (Windows NT 6.1; WOW64; rv:15.0) Gecko/20100101 Firefox/15.0.1"
87.193.220.170 - - [10/Oct/2012:14:25:30 +0200] "GET /js/libs/modernizr-2.5.3.min.js HTTP/1.1" 200 15274 "http://www.mbingenieure.de/" "Mozilla/5.0 (Windows NT 6.1; WOW64; rv:15.0) Gecko/20100101 Firefox/15.0.1"
87.193.220.170 - - [10/Oct/2012:14:25:30 +0200] "GET /js/plugins.js HTTP/1.1" 200 898 "http://www.mbingenieure.de/" "Mozilla/5.0 (Windows NT 6.1; WOW64; rv:15.0) Gecko/20100101 Firefox/15.0.1"
87.193.220.170 - - [10/Oct/2012:14:25:30 +0200] "GET /css/style.css HTTP/1.1" 200 2439 "http://www.mbingenieure.de/" "Mozilla/5.0 (Windows NT 6.1; WOW64; rv:15.0) Gecko/20100101 Firefox/15.0.1"
87.193.220.170 - - [10/Oct/2012:14:25:30 +0200] "GET /images/footer.jpg HTTP/1.1" 200 5903 "http://www.mbingenieure.de/css/style.css" "Mozilla/5.0 (Windows NT 6.1; WOW64; rv:15.0) Gecko/20100101 Firefox/15.0.1"
87.193.220.170 - - [10/Oct/2012:14:25:30 +0200] "GET /images/header.jpg HTTP/1.1" 200 10807 "http://www.mbingenieure.de/css/style.css" "Mozilla/5.0 (Windows NT 6.1; WOW64; rv:15.0) Gecko/20100101 Firefox/15.0.1"
87.193.220.170 - - [10/Oct/2012:14:25:30 +0200] "GET /images/navi.jpg HTTP/1.1" 200 32635 "http://www.mbingenieure.de/css/style.css" "Mozilla/5.0 (Windows NT 6.1; WOW64; rv:15.0) Gecko/20100101 Firefox/15.0.1"
87.193.220.170 - - [10/Oct/2012:14:25:31 +0200] "GET /favicon.ico HTTP/1.1" 200 93062 "-" "Mozilla/5.0 (Windows NT 6.1; WOW64; rv:15.0) Gecko/20100101 Firefox/15.0.1"
150.70.172.108 - - [10/Oct/2012:14:27:37 +0200] "GET /js/plugins.js HTTP/1.0" 200 898 "-" "Mozilla/4.0 (compatible; MSIE 6.0; Windows NT 5.1)"
150.70.75.36 - - [10/Oct/2012:14:29:09 +0200] "GET /js/libs/modernizr-2.5.3.min.js HTTP/1.0" 200 15274 "-" "Mozilla/4.0 (compatible; MSIE 6.0; Windows NT 5.1)"
150.70.75.31 - - [10/Oct/2012:14:31:06 +0200] "GET /js/libs/modernizr-2.5.3.min.js HTTP/1.0" 200 15274 "-" "Mozilla/4.0 (compatible; MSIE 6.0; Windows NT 5.1)"
150.70.64.194 - - [10/Oct/2012:14:53:37 +0200] "GET /js/plugins.js HTTP/1.0" 200 898 "-" "Mozilla/4.0 (compatible; MSIE 6.0; Windows NT 5.1)"
188.106.88.88 - - [10/Oct/2012:15:51:52 +0200] "GET / HTTP/1.1" 200 4606 "-" "Mozilla/5.0 (Macintosh; Intel Mac OS X 10_7_5) AppleWebKit/536.26.14 (KHTML, like Gecko) Version/6.0.1 Safari/536.26.14"
188.106.88.88 - - [10/Oct/2012:15:51:52 +0200] "GET /css/style.css HTTP/1.1" 200 2439 "http://www.mbingenieure.de/" "Mozilla/5.0 (Macintosh; Intel Mac OS X 10_7_5) AppleWebKit/536.26.14 (KHTML, like Gecko) Version/6.0.1 Safari/536.26.14"
188.106.88.88 - - [10/Oct/2012:15:51:52 +0200] "GET /js/libs/modernizr-2.5.3.min.js HTTP/1.1" 200 15274 "http://www.mbingenieure.de/" "Mozilla/5.0 (Macintosh; Intel Mac OS X 10_7_5) AppleWebKit/536.26.14 (KHTML, like Gecko) Version/6.0.1 Safari/536.26.14"
188.106.88.88 - - [10/Oct/2012:15:51:52 +0200] "GET /js/plugins.js HTTP/1.1" 200 898 "http://www.mbingenieure.de/" "Mozilla/5.0 (Macintosh; Intel Mac OS X 10_7_5) AppleWebKit/536.26.14 (KHTML, like Gecko) Version/6.0.1 Safari/536.26.14"
188.106.88.88 - - [10/Oct/2012:15:51:52 +0200] "GET /images/footer.jpg HTTP/1.1" 200 5903 "http://www.mbingenieure.de/" "Mozilla/5.0 (Macintosh; Intel Mac OS X 10_7_5) AppleWebKit/536.26.14 (KHTML, like Gecko) Version/6.0.1 Safari/536.26.14"
188.106.88.88 - - [10/Oct/2012:15:51:53 +0200] "GET /images/header.jpg HTTP/1.1" 200 10807 "http://www.mbingenieure.de/" "Mozilla/5.0 (Macintosh; Intel Mac OS X 10_7_5) AppleWebKit/536.26.14 (KHTML, like Gecko) Version/6.0.1 Safari/536.26.14"
188.106.88.88 - - [10/Oct/2012:15:51:53 +0200] "GET /images/navi.jpg HTTP/1.1" 200 32635 "http://www.mbingenieure.de/" "Mozilla/5.0 (Macintosh; Intel Mac OS X 10_7_5) AppleWebKit/536.26.14 (KHTML, like Gecko) Version/6.0.1 Safari/536.26.14"
188.106.88.88 - - [10/Oct/2012:15:51:53 +0200] "GET /images/bild2.jpg HTTP/1.1" 200 14865 "http://www.mbingenieure.de/" "Mozilla/5.0 (Macintosh; Intel Mac OS X 10_7_5) AppleWebKit/536.26.14 (KHTML, like Gecko) Version/6.0.1 Safari/536.26.14"
188.106.88.88 - - [10/Oct/2012:15:51:53 +0200] "GET /images/bild4.jpg HTTP/1.1" 200 14402 "http://www.mbingenieure.de/" "Mozilla/5.0 (Macintosh; Intel Mac OS X 10_7_5) AppleWebKit/536.26.14 (KHTML, like Gecko) Version/6.0.1 Safari/536.26.14"
188.106.88.88 - - [10/Oct/2012:15:51:53 +0200] "GET /images/bild3.png HTTP/1.1" 200 48627 "http://www.mbingenieure.de/" "Mozilla/5.0 (Macintosh; Intel Mac OS X 10_7_5) AppleWebKit/536.26.14 (KHTML, like Gecko) Version/6.0.1 Safari/536.26.14"
157.56.93.194 - - [10/Oct/2012:16:56:06 +0200] "GET /robots.txt HTTP/1.1" 404 - "-" "Mozilla/5.0 (compatible; bingbot/2.0; +http://www.bing.com/bingbot.htm)"
188.106.88.88 - - [10/Oct/2012:18:12:25 +0200] "GET / HTTP/1.1" 200 4606 "-" "Mozilla/5.0 (Macintosh; Intel Mac OS X 10_7_5) AppleWebKit/536.26.14 (KHTML, like Gecko) Version/6.0.1 Safari/536.26.14"
188.106.88.88 - - [10/Oct/2012:18:12:26 +0200] "GET /css/style.css HTTP/1.1" 200 2439 "http://www.mbingenieure.de/" "Mozilla/5.0 (Macintosh; Intel Mac OS X 10_7_5) AppleWebKit/536.26.14 (KHTML, like Gecko) Version/6.0.1 Safari/536.26.14"
188.106.88.88 - - [10/Oct/2012:18:12:26 +0200] "GET /js/plugins.js HTTP/1.1" 200 898 "http://www.mbingenieure.de/" "Mozilla/5.0 (Macintosh; Intel Mac OS X 10_7_5) AppleWebKit/536.26.14 (KHTML, like Gecko) Version/6.0.1 Safari/536.26.14"
188.106.88.88 - - [10/Oct/2012:18:12:26 +0200] "GET /js/libs/modernizr-2.5.3.min.js HTTP/1.1" 200 15274 "http://www.mbingenieure.de/" "Mozilla/5.0 (Macintosh; Intel Mac OS X 10_7_5) AppleWebKit/536.26.14 (KHTML, like Gecko) Version/6.0.1 Safari/536.26.14"
188.106.88.88 - - [10/Oct/2012:18:12:26 +0200] "GET /images/footer.jpg HTTP/1.1" 200 5903 "http://www.mbingenieure.de/" "Mozilla/5.0 (Macintosh; Intel Mac OS X 10_7_5) AppleWebKit/536.26.14 (KHTML, like Gecko) Version/6.0.1 Safari/536.26.14"
188.106.88.88 - - [10/Oct/2012:18:12:26 +0200] "GET /images/header.jpg HTTP/1.1" 200 10807 "http://www.mbingenieure.de/" "Mozilla/5.0 (Macintosh; Intel Mac OS X 10_7_5) AppleWebKit/536.26.14 (KHTML, like Gecko) Version/6.0.1 Safari/536.26.14"
188.106.88.88 - - [10/Oct/2012:18:12:26 +0200] "GET /images/navi.jpg HTTP/1.1" 200 32635 "http://www.mbingenieure.de/" "Mozilla/5.0 (Macintosh; Intel Mac OS X 10_7_5) AppleWebKit/536.26.14 (KHTML, like Gecko) Version/6.0.1 Safari/536.26.14"
188.106.88.88 - - [10/Oct/2012:18:12:26 +0200] "GET /images/bild2.jpg HTTP/1.1" 200 14865 "http://www.mbingenieure.de/" "Mozilla/5.0 (Macintosh; Intel Mac OS X 10_7_5) AppleWebKit/536.26.14 (KHTML, like Gecko) Version/6.0.1 Safari/536.26.14"
188.106.88.88 - - [10/Oct/2012:18:12:27 +0200] "GET /images/bild4.jpg HTTP/1.1" 200 14402 "http://www.mbingenieure.de/" "Mozilla/5.0 (Macintosh; Intel Mac OS X 10_7_5) AppleWebKit/536.26.14 (KHTML, like Gecko) Version/6.0.1 Safari/536.26.14"
188.106.88.88 - - [10/Oct/2012:18:12:27 +0200] "GET /images/bild3.png HTTP/1.1" 200 48627 "http://www.mbingenieure.de/" "Mozilla/5.0 (Macintosh; Intel Mac OS X 10_7_5) AppleWebKit/536.26.14 (KHTML, like Gecko) Version/6.0.1 Safari/536.26.14"
157.56.93.194 - - [10/Oct/2012:18:20:19 +0200] "GET /kontakt.html HTTP/1.1" 200 4451 "-" "Mozilla/5.0 (compatible; bingbot/2.0; +http://www.bing.com/bingbot.htm)"
5.9.56.116 - - [10/Oct/2012:22:41:24 +0200] "GET /robots.txt HTTP/1.1" 404 - "-" "Mozilla/5.0 (compatible; Infohelfer/1.3.0; +http://www.infohelfer.de/crawler.php)"
5.9.56.116 - - [10/Oct/2012:22:41:24 +0200] "GET / HTTP/1.1" 200 4606 "-" "Mozilla/5.0 (compatible; Infohelfer/1.3.0; +http://www.infohelfer.de/crawler.php)"
178.77.126.55 - - [11/Oct/2012:06:50:27 +0200] "GET /robots.txt HTTP/1.1" 404 - "-" "Mozilla/5.0 (compatible; CareerBot/1.1; +http://www.career-x.de/bot.html)"
178.77.126.55 - - [11/Oct/2012:06:50:27 +0200] "GET / HTTP/1.1" 200 4606 "-" "Mozilla/5.0 (compatible; CareerBot/1.1; +http://www.career-x.de/bot.html)"
178.77.126.55 - - [11/Oct/2012:06:50:27 +0200] "GET /uns.html HTTP/1.1" 200 4398 "-" "Mozilla/5.0 (compatible; CareerBot/1.1; +http://www.career-x.de/bot.html)"
66.249.71.23 - - [11/Oct/2012:08:04:50 +0200] "GET /robots.txt HTTP/1.1" 404 - "-" "Mozilla/5.0 (compatible; Googlebot/2.1; +http://www.google.com/bot.html)"
66.249.71.23 - - [11/Oct/2012:08:04:51 +0200] "GET /partner.html HTTP/1.1" 200 4485 "-" "Mozilla/5.0 (iPhone; U; CPU iPhone OS 4_1 like Mac OS X; en-us) AppleWebKit/532.9 (KHTML, like Gecko) Version/4.0.5 Mobile/8B117 Safari/6531.22.7 (compatible; Googlebot-Mobile/2.1; +http://www.google.com/bot.html)"
157.55.32.58 - - [11/Oct/2012:08:51:31 +0200] "GET /robots.txt HTTP/1.1" 404 - "-" "Mozilla/5.0 (compatible; bingbot/2.0; +http://www.bing.com/bingbot.htm)"
157.55.32.58 - - [11/Oct/2012:08:57:54 +0200] "GET / HTTP/1.1" 304 - "-" "Mozilla/5.0 (compatible; bingbot/2.0; +http://www.bing.com/bingbot.htm)"
207.46.194.106 - - [11/Oct/2012:08:58:25 +0200] "GET /robots.txt HTTP/1.1" 404 - "-" "msnbot-media/1.1 (+http://search.msn.com/msnbot.htm)"
207.46.194.106 - - [11/Oct/2012:08:58:25 +0200] "GET /images/bild2.jpg HTTP/1.1" 200 14865 "-" "msnbot-media/1.1 (+http://search.msn.com/msnbot.htm)"
208.115.113.85 - - [11/Oct/2012:20:31:17 +0200] "GET /robots.txt HTTP/1.1" 404 - "-" "Mozilla/5.0 (compatible; Ezooms/1.0; ezooms.bot@gmail.com)"
157.55.32.58 - - [11/Oct/2012:21:30:46 +0200] "GET /robots.txt HTTP/1.1" 404 - "-" "Mozilla/5.0 (compatible; bingbot/2.0; +http://www.bing.com/bingbot.htm)"
157.55.32.58 - - [11/Oct/2012:21:37:42 +0200] "GET / HTTP/1.1" 304 - "-" "Mozilla/5.0 (compatible; bingbot/2.0; +http://www.bing.com/bingbot.htm)"
208.115.113.85 - - [11/Oct/2012:22:25:57 +0200] "GET /referenz.html HTTP/1.1" 200 10668 "-" "Mozilla/5.0 (compatible; Ezooms/1.0; ezooms.bot@gmail.com)"
157.55.32.58 - - [12/Oct/2012:06:09:13 +0200] "GET /robots.txt HTTP/1.1" 404 - "-" "Mozilla/5.0 (compatible; bingbot/2.0; +http://www.bing.com/bingbot.htm)"
157.55.32.58 - - [12/Oct/2012:06:10:01 +0200] "GET / HTTP/1.1" 304 - "-" "Mozilla/5.0 (compatible; bingbot/2.0; +http://www.bing.com/bingbot.htm)"
37.140.141.34 - - [12/Oct/2012:09:38:22 +0200] "GET /robots.txt HTTP/1.1" 404 - "-" "Mozilla/5.0 (compatible; YandexImages/3.0; +http://yandex.com/bots)"
157.55.32.58 - - [12/Oct/2012:10:05:46 +0200] "GET /robots.txt HTTP/1.1" 404 - "-" "Mozilla/5.0 (compatible; bingbot/2.0; +http://www.bing.com/bingbot.htm)"
157.55.32.58 - - [12/Oct/2012:10:08:24 +0200] "GET / HTTP/1.1" 304 - "-" "Mozilla/5.0 (compatible; bingbot/2.0; +http://www.bing.com/bingbot.htm)"
157.55.32.58 - - [12/Oct/2012:10:57:17 +0200] "GET / HTTP/1.1" 304 - "-" "Mozilla/5.0 (compatible; bingbot/2.0; +http://www.bing.com/bingbot.htm)"
157.56.93.194 - - [12/Oct/2012:11:30:48 +0200] "GET /partner.html HTTP/1.1" 200 4485 "-" "Mozilla/5.0 (compatible; bingbot/2.0; +http://www.bing.com/bingbot.htm)"
213.61.83.98 - - [12/Oct/2012:11:37:18 +0200] "GET / HTTP/1.1" 200 4606 "http://www.google.de/url?sa=t&rct=j&q=&esrc=s&source=web&cd=2&ved=0CCsQFjAB&url=http%3A%2F%2Fwww.mbingenieure.de%2F&ei=fuR3UPjJAqn64QSV3oGwAQ&usg=AFQjCNEyLqXMZj9hDUfmjIo04GBdDmaXCQ" "Mozilla/5.0 (Windows NT 5.2; WOW64; rv:15.0) Gecko/20100101 Firefox/15.0.1"
213.61.83.98 - - [12/Oct/2012:11:37:22 +0200] "GET /css/style.css HTTP/1.1" 200 2439 "http://www.mbingenieure.de/" "Mozilla/5.0 (Windows NT 5.2; WOW64; rv:15.0) Gecko/20100101 Firefox/15.0.1"
213.61.83.98 - - [12/Oct/2012:11:37:22 +0200] "GET /js/libs/modernizr-2.5.3.min.js HTTP/1.1" 200 15274 "http://www.mbingenieure.de/" "Mozilla/5.0 (Windows NT 5.2; WOW64; rv:15.0) Gecko/20100101 Firefox/15.0.1"
213.61.83.98 - - [12/Oct/2012:11:37:22 +0200] "GET /images/bild2.jpg HTTP/1.1" 200 14865 "http://www.mbingenieure.de/" "Mozilla/5.0 (Windows NT 5.2; WOW64; rv:15.0) Gecko/20100101 Firefox/15.0.1"
213.61.83.98 - - [12/Oct/2012:11:37:22 +0200] "GET /js/plugins.js HTTP/1.1" 200 898 "http://www.mbingenieure.de/" "Mozilla/5.0 (Windows NT 5.2; WOW64; rv:15.0) Gecko/20100101 Firefox/15.0.1"
213.61.83.98 - - [12/Oct/2012:11:37:22 +0200] "GET /images/bild4.jpg HTTP/1.1" 200 14402 "http://www.mbingenieure.de/" "Mozilla/5.0 (Windows NT 5.2; WOW64; rv:15.0) Gecko/20100101 Firefox/15.0.1"
213.61.83.98 - - [12/Oct/2012:11:37:22 +0200] "GET /images/bild3.png HTTP/1.1" 200 48627 "http://www.mbingenieure.de/" "Mozilla/5.0 (Windows NT 5.2; WOW64; rv:15.0) Gecko/20100101 Firefox/15.0.1"
213.61.83.98 - - [12/Oct/2012:11:37:23 +0200] "GET /images/footer.jpg HTTP/1.1" 200 5903 "http://www.mbingenieure.de/css/style.css" "Mozilla/5.0 (Windows NT 5.2; WOW64; rv:15.0) Gecko/20100101 Firefox/15.0.1"
213.61.83.98 - - [12/Oct/2012:11:37:23 +0200] "GET /images/header.jpg HTTP/1.1" 200 10807 "http://www.mbingenieure.de/css/style.css" "Mozilla/5.0 (Windows NT 5.2; WOW64; rv:15.0) Gecko/20100101 Firefox/15.0.1"
213.61.83.98 - - [12/Oct/2012:11:37:23 +0200] "GET /images/navi.jpg HTTP/1.1" 200 32635 "http://www.mbingenieure.de/css/style.css" "Mozilla/5.0 (Windows NT 5.2; WOW64; rv:15.0) Gecko/20100101 Firefox/15.0.1"
213.61.83.98 - - [12/Oct/2012:11:37:25 +0200] "GET /favicon.ico HTTP/1.1" 200 93062 "-" "Mozilla/5.0 (Windows NT 5.2; WOW64; rv:15.0) Gecko/20100101 Firefox/15.0.1"
213.61.83.98 - - [12/Oct/2012:11:38:33 +0200] "GET /uns.html HTTP/1.1" 200 4398 "http://www.mbingenieure.de/" "Mozilla/5.0 (Windows NT 5.2; WOW64; rv:15.0) Gecko/20100101 Firefox/15.0.1"
213.61.83.98 - - [12/Oct/2012:11:39:02 +0200] "GET /spektrum.html HTTP/1.1" 200 4541 "http://www.mbingenieure.de/uns.html" "Mozilla/5.0 (Windows NT 5.2; WOW64; rv:15.0) Gecko/20100101 Firefox/15.0.1"
213.61.83.98 - - [12/Oct/2012:11:39:22 +0200] "GET /referenz.html HTTP/1.1" 200 10668 "http://www.mbingenieure.de/spektrum.html" "Mozilla/5.0 (Windows NT 5.2; WOW64; rv:15.0) Gecko/20100101 Firefox/15.0.1"
213.61.83.98 - - [12/Oct/2012:11:39:43 +0200] "GET /partner.html HTTP/1.1" 200 4485 "http://www.mbingenieure.de/referenz.html" "Mozilla/5.0 (Windows NT 5.2; WOW64; rv:15.0) Gecko/20100101 Firefox/15.0.1"
213.61.83.98 - - [12/Oct/2012:11:39:51 +0200] "GET /kontakt.html HTTP/1.1" 200 4451 "http://www.mbingenieure.de/partner.html" "Mozilla/5.0 (Windows NT 5.2; WOW64; rv:15.0) Gecko/20100101 Firefox/15.0.1"
80.152.145.237 - - [12/Oct/2012:13:52:24 +0200] "GET / HTTP/1.1" 200 4606 "http://www.baukammerberlin.de/expertensuche/mitgliedanzeige.php?ID=10153.0" "Mozilla/5.0 (Windows NT 5.1; rv:15.0) Gecko/20100101 Firefox/15.0.1"
80.152.145.237 - - [12/Oct/2012:13:52:24 +0200] "GET /css/style.css HTTP/1.1" 200 2439 "http://www.mbingenieure.de/" "Mozilla/5.0 (Windows NT 5.1; rv:15.0) Gecko/20100101 Firefox/15.0.1"
80.152.145.237 - - [12/Oct/2012:13:52:24 +0200] "GET /js/libs/modernizr-2.5.3.min.js HTTP/1.1" 200 15274 "http://www.mbingenieure.de/" "Mozilla/5.0 (Windows NT 5.1; rv:15.0) Gecko/20100101 Firefox/15.0.1"
