178.77.126.55 - - [01/Aug/2012:01:16:08 +0200] "GET /robots.txt HTTP/1.1" 404 - "-" "Mozilla/5.0 (compatible; CareerBot/1.1; +http://www.career-x.de/bot.html)"
178.77.126.55 - - [01/Aug/2012:01:16:08 +0200] "GET / HTTP/1.1" 200 4606 "-" "Mozilla/5.0 (compatible; CareerBot/1.1; +http://www.career-x.de/bot.html)"
178.77.126.55 - - [01/Aug/2012:01:16:08 +0200] "GET /uns.html HTTP/1.1" 200 4398 "-" "Mozilla/5.0 (compatible; CareerBot/1.1; +http://www.career-x.de/bot.html)"
66.249.72.197 - - [01/Aug/2012:08:45:25 +0200] "GET /robots.txt HTTP/1.1" 404 - "-" "Mozilla/5.0 (compatible; Googlebot/2.1; +http://www.google.com/bot.html)"
66.249.72.197 - - [01/Aug/2012:08:45:25 +0200] "GET /impressum.html HTTP/1.1" 304 - "-" "Mozilla/5.0 (iPhone; U; CPU iPhone OS 4_1 like Mac OS X; en-us) AppleWebKit/532.9 (KHTML, like Gecko) Version/4.0.5 Mobile/8B117 Safari/6531.22.7 (compatible; Googlebot-Mobile/2.1; +http://www.google.com/bot.html)"
207.46.13.170 - - [01/Aug/2012:14:34:21 +0200] "GET /robots.txt HTTP/1.1" 404 - "-" "Mozilla/5.0 (compatible; bingbot/2.0; +http://www.bing.com/bingbot.htm)"
207.46.13.170 - - [01/Aug/2012:14:35:10 +0200] "GET /partner.html HTTP/1.1" 304 - "-" "Mozilla/5.0 (compatible; bingbot/2.0; +http://www.bing.com/bingbot.htm)"
141.105.120.154 - - [01/Aug/2012:19:34:31 +0200] "GET /robots.txt HTTP/1.0" 404 - "-" "Mozilla/5.0 (compatible; WebNL; +http://www.web.nl/webmasters/spider.html; helpdesk@web.nl)"
141.105.120.154 - - [01/Aug/2012:19:34:31 +0200] "GET /kontakt.html HTTP/1.0" 200 4451 "-" "Mozilla/5.0 (compatible; WebNL; +http://www.web.nl/webmasters/spider.html; helpdesk@web.nl)"
178.154.179.250 - - [01/Aug/2012:21:34:39 +0200] "GET /robots.txt HTTP/1.1" 404 - "-" "Mozilla/5.0 (compatible; YandexBot/3.0; +http://yandex.com/bots)"
178.154.179.250 - - [02/Aug/2012:00:08:21 +0200] "GET / HTTP/1.1" 200 4606 "-" "Mozilla/5.0 (compatible; YandexBot/3.0; +http://yandex.com/bots)"
65.52.110.151 - - [02/Aug/2012:04:52:40 +0200] "GET /robots.txt HTTP/1.1" 404 - "-" "Mozilla/5.0 (compatible; bingbot/2.0; +http://www.bing.com/bingbot.htm)"
65.52.110.151 - - [02/Aug/2012:04:53:28 +0200] "GET / HTTP/1.1" 304 - "-" "Mozilla/5.0 (compatible; bingbot/2.0; +http://www.bing.com/bingbot.htm)"
94.23.225.68 - - [02/Aug/2012:09:35:56 +0200] "GET /index.html HTTP/1.1" 200 4606 "-" "Mozilla/5.0 (X11; Linux i686; rv:6.0) Gecko/20100101 Firefox/6.0"
94.23.220.161 - - [02/Aug/2012:09:35:56 +0200] "GET /kontakt.html HTTP/1.1" 200 4451 "-" "Mozilla/5.0 (X11; Linux i686; rv:6.0) Gecko/20100101 Firefox/6.0"
94.23.220.161 - - [02/Aug/2012:09:35:56 +0200] "GET /uns.html HTTP/1.1" 200 4398 "-" "Mozilla/5.0 (X11; Linux i686; rv:6.0) Gecko/20100101 Firefox/6.0"
94.23.225.68 - - [02/Aug/2012:09:35:56 +0200] "GET /referenz.html HTTP/1.1" 200 10668 "-" "Mozilla/5.0 (X11; Linux i686; rv:6.0) Gecko/20100101 Firefox/6.0"
94.23.220.161 - - [02/Aug/2012:09:35:56 +0200] "GET / HTTP/1.1" 200 4606 "-" "Mozilla/5.0 (X11; Linux i686; rv:6.0) Gecko/20100101 Firefox/6.0"
94.23.225.68 - - [02/Aug/2012:09:35:59 +0200] "GET /impressum.html HTTP/1.1" 200 5721 "-" "Mozilla/5.0 (X11; Linux i686; rv:6.0) Gecko/20100101 Firefox/6.0"
92.78.104.204 - - [02/Aug/2012:19:10:12 +0200] "GET / HTTP/1.1" 200 4606 "-" "Mozilla/5.0 (Windows NT 6.1; WOW64; rv:14.0) Gecko/20100101 Firefox/14.0.1"
92.78.104.204 - - [02/Aug/2012:19:10:12 +0200] "GET /css/style.css HTTP/1.1" 200 2439 "http://www.mbingenieure.de/" "Mozilla/5.0 (Windows NT 6.1; WOW64; rv:14.0) Gecko/20100101 Firefox/14.0.1"
92.78.104.204 - - [02/Aug/2012:19:10:12 +0200] "GET /js/libs/modernizr-2.5.3.min.js HTTP/1.1" 404 - "http://www.mbingenieure.de/" "Mozilla/5.0 (Windows NT 6.1; WOW64; rv:14.0) Gecko/20100101 Firefox/14.0.1"
92.78.104.204 - - [02/Aug/2012:19:10:12 +0200] "GET /images/bild2.jpg HTTP/1.1" 200 14865 "http://www.mbingenieure.de/" "Mozilla/5.0 (Windows NT 6.1; WOW64; rv:14.0) Gecko/20100101 Firefox/14.0.1"
92.78.104.204 - - [02/Aug/2012:19:10:12 +0200] "GET /images/bild4.jpg HTTP/1.1" 200 14402 "http://www.mbingenieure.de/" "Mozilla/5.0 (Windows NT 6.1; WOW64; rv:14.0) Gecko/20100101 Firefox/14.0.1"
92.78.104.204 - - [02/Aug/2012:19:10:12 +0200] "GET /js/plugins.js HTTP/1.1" 404 - "http://www.mbingenieure.de/" "Mozilla/5.0 (Windows NT 6.1; WOW64; rv:14.0) Gecko/20100101 Firefox/14.0.1"
92.78.104.204 - - [02/Aug/2012:19:10:12 +0200] "GET /images/footer.jpg HTTP/1.1" 200 5903 "http://www.mbingenieure.de/css/style.css" "Mozilla/5.0 (Windows NT 6.1; WOW64; rv:14.0) Gecko/20100101 Firefox/14.0.1"
92.78.104.204 - - [02/Aug/2012:19:10:12 +0200] "GET /images/header.jpg HTTP/1.1" 200 10807 "http://www.mbingenieure.de/css/style.css" "Mozilla/5.0 (Windows NT 6.1; WOW64; rv:14.0) Gecko/20100101 Firefox/14.0.1"
92.78.104.204 - - [02/Aug/2012:19:10:12 +0200] "GET /images/navi.jpg HTTP/1.1" 200 32635 "http://www.mbingenieure.de/css/style.css" "Mozilla/5.0 (Windows NT 6.1; WOW64; rv:14.0) Gecko/20100101 Firefox/14.0.1"
92.78.104.204 - - [02/Aug/2012:19:10:13 +0200] "GET /js/plugins.js HTTP/1.1" 404 - "http://www.mbingenieure.de/" "Mozilla/5.0 (Windows NT 6.1; WOW64; rv:14.0) Gecko/20100101 Firefox/14.0.1"
92.78.104.204 - - [02/Aug/2012:19:10:12 +0200] "GET /images/bild3.png HTTP/1.1" 200 48627 "http://www.mbingenieure.de/" "Mozilla/5.0 (Windows NT 6.1; WOW64; rv:14.0) Gecko/20100101 Firefox/14.0.1"
92.78.104.204 - - [02/Aug/2012:19:10:13 +0200] "GET /favicon.ico HTTP/1.1" 200 93062 "-" "Mozilla/5.0 (Windows NT 6.1; WOW64; rv:14.0) Gecko/20100101 Firefox/14.0.1"
92.78.104.204 - - [02/Aug/2012:19:10:17 +0200] "GET /spektrum.html HTTP/1.1" 200 4541 "http://www.mbingenieure.de/" "Mozilla/5.0 (Windows NT 6.1; WOW64; rv:14.0) Gecko/20100101 Firefox/14.0.1"
92.78.104.204 - - [02/Aug/2012:19:10:17 +0200] "GET /js/libs/modernizr-2.5.3.min.js HTTP/1.1" 404 - "http://www.mbingenieure.de/spektrum.html" "Mozilla/5.0 (Windows NT 6.1; WOW64; rv:14.0) Gecko/20100101 Firefox/14.0.1"
92.78.104.204 - - [02/Aug/2012:19:10:17 +0200] "GET /js/plugins.js HTTP/1.1" 404 - "http://www.mbingenieure.de/spektrum.html" "Mozilla/5.0 (Windows NT 6.1; WOW64; rv:14.0) Gecko/20100101 Firefox/14.0.1"
92.78.104.204 - - [02/Aug/2012:19:10:22 +0200] "GET /uns.html HTTP/1.1" 200 4398 "http://www.mbingenieure.de/spektrum.html" "Mozilla/5.0 (Windows NT 6.1; WOW64; rv:14.0) Gecko/20100101 Firefox/14.0.1"
92.78.104.204 - - [02/Aug/2012:19:10:22 +0200] "GET /js/libs/modernizr-2.5.3.min.js HTTP/1.1" 404 - "http://www.mbingenieure.de/uns.html" "Mozilla/5.0 (Windows NT 6.1; WOW64; rv:14.0) Gecko/20100101 Firefox/14.0.1"
92.78.104.204 - - [02/Aug/2012:19:10:22 +0200] "GET /js/plugins.js HTTP/1.1" 404 - "http://www.mbingenieure.de/uns.html" "Mozilla/5.0 (Windows NT 6.1; WOW64; rv:14.0) Gecko/20100101 Firefox/14.0.1"
92.78.104.204 - - [02/Aug/2012:19:10:23 +0200] "GET /index.html HTTP/1.1" 200 4606 "http://www.mbingenieure.de/uns.html" "Mozilla/5.0 (Windows NT 6.1; WOW64; rv:14.0) Gecko/20100101 Firefox/14.0.1"
92.78.104.204 - - [02/Aug/2012:19:10:24 +0200] "GET /js/libs/modernizr-2.5.3.min.js HTTP/1.1" 404 - "http://www.mbingenieure.de/index.html" "Mozilla/5.0 (Windows NT 6.1; WOW64; rv:14.0) Gecko/20100101 Firefox/14.0.1"
92.78.104.204 - - [02/Aug/2012:19:10:24 +0200] "GET /js/plugins.js HTTP/1.1" 404 - "http://www.mbingenieure.de/index.html" "Mozilla/5.0 (Windows NT 6.1; WOW64; rv:14.0) Gecko/20100101 Firefox/14.0.1"
92.78.104.204 - - [02/Aug/2012:19:10:25 +0200] "GET /js/plugins.js HTTP/1.1" 404 - "http://www.mbingenieure.de/uns.html" "Mozilla/5.0 (Windows NT 6.1; WOW64; rv:14.0) Gecko/20100101 Firefox/14.0.1"
92.78.104.204 - - [02/Aug/2012:19:10:25 +0200] "GET /js/libs/modernizr-2.5.3.min.js HTTP/1.1" 404 - "http://www.mbingenieure.de/uns.html" "Mozilla/5.0 (Windows NT 6.1; WOW64; rv:14.0) Gecko/20100101 Firefox/14.0.1"
92.78.104.204 - - [02/Aug/2012:19:10:25 +0200] "GET /js/plugins.js HTTP/1.1" 404 - "http://www.mbingenieure.de/uns.html" "Mozilla/5.0 (Windows NT 6.1; WOW64; rv:14.0) Gecko/20100101 Firefox/14.0.1"
92.78.104.204 - - [02/Aug/2012:19:10:26 +0200] "GET /js/libs/modernizr-2.5.3.min.js HTTP/1.1" 404 - "http://www.mbingenieure.de/spektrum.html" "Mozilla/5.0 (Windows NT 6.1; WOW64; rv:14.0) Gecko/20100101 Firefox/14.0.1"
92.78.104.204 - - [02/Aug/2012:19:10:26 +0200] "GET /js/plugins.js HTTP/1.1" 404 - "http://www.mbingenieure.de/spektrum.html" "Mozilla/5.0 (Windows NT 6.1; WOW64; rv:14.0) Gecko/20100101 Firefox/14.0.1"
178.77.126.55 - - [02/Aug/2012:21:12:28 +0200] "GET /robots.txt HTTP/1.1" 404 - "-" "Mozilla/5.0 (compatible; CareerBot/1.1; +http://www.career-x.de/bot.html)"
178.77.126.55 - - [02/Aug/2012:21:12:28 +0200] "GET / HTTP/1.1" 200 4606 "-" "Mozilla/5.0 (compatible; CareerBot/1.1; +http://www.career-x.de/bot.html)"
178.77.126.55 - - [02/Aug/2012:21:12:28 +0200] "GET /uns.html HTTP/1.1" 200 4398 "-" "Mozilla/5.0 (compatible; CareerBot/1.1; +http://www.career-x.de/bot.html)"
87.160.198.147 - - [03/Aug/2012:09:47:37 +0200] "GET / HTTP/1.1" 200 4606 "-" "Mozilla/5.0 (Windows NT 5.1; rv:13.0) Gecko/20100101 Firefox/13.0.1"
87.160.198.147 - - [03/Aug/2012:09:47:37 +0200] "GET /css/style.css HTTP/1.1" 200 2439 "http://www.mbingenieure.de/" "Mozilla/5.0 (Windows NT 5.1; rv:13.0) Gecko/20100101 Firefox/13.0.1"
87.160.198.147 - - [03/Aug/2012:09:47:37 +0200] "GET /js/libs/modernizr-2.5.3.min.js HTTP/1.1" 404 - "http://www.mbingenieure.de/" "Mozilla/5.0 (Windows NT 5.1; rv:13.0) Gecko/20100101 Firefox/13.0.1"
87.160.198.147 - - [03/Aug/2012:09:47:37 +0200] "GET /images/bild2.jpg HTTP/1.1" 200 14865 "http://www.mbingenieure.de/" "Mozilla/5.0 (Windows NT 5.1; rv:13.0) Gecko/20100101 Firefox/13.0.1"
87.160.198.147 - - [03/Aug/2012:09:47:37 +0200] "GET /images/bild4.jpg HTTP/1.1" 200 14402 "http://www.mbingenieure.de/" "Mozilla/5.0 (Windows NT 5.1; rv:13.0) Gecko/20100101 Firefox/13.0.1"
87.160.198.147 - - [03/Aug/2012:09:47:37 +0200] "GET /js/plugins.js HTTP/1.1" 404 - "http://www.mbingenieure.de/" "Mozilla/5.0 (Windows NT 5.1; rv:13.0) Gecko/20100101 Firefox/13.0.1"
87.160.198.147 - - [03/Aug/2012:09:47:37 +0200] "GET /images/footer.jpg HTTP/1.1" 200 5903 "http://www.mbingenieure.de/css/style.css" "Mozilla/5.0 (Windows NT 5.1; rv:13.0) Gecko/20100101 Firefox/13.0.1"
87.160.198.147 - - [03/Aug/2012:09:47:37 +0200] "GET /images/header.jpg HTTP/1.1" 200 10807 "http://www.mbingenieure.de/css/style.css" "Mozilla/5.0 (Windows NT 5.1; rv:13.0) Gecko/20100101 Firefox/13.0.1"
87.160.198.147 - - [03/Aug/2012:09:47:37 +0200] "GET /images/navi.jpg HTTP/1.1" 200 32635 "http://www.mbingenieure.de/css/style.css" "Mozilla/5.0 (Windows NT 5.1; rv:13.0) Gecko/20100101 Firefox/13.0.1"
87.160.198.147 - - [03/Aug/2012:09:47:37 +0200] "GET /images/bild3.png HTTP/1.1" 200 48627 "http://www.mbingenieure.de/" "Mozilla/5.0 (Windows NT 5.1; rv:13.0) Gecko/20100101 Firefox/13.0.1"
87.160.198.147 - - [03/Aug/2012:09:47:37 +0200] "GET /js/plugins.js HTTP/1.1" 404 - "http://www.mbingenieure.de/" "Mozilla/5.0 (Windows NT 5.1; rv:13.0) Gecko/20100101 Firefox/13.0.1"
87.160.198.147 - - [03/Aug/2012:09:47:38 +0200] "GET /favicon.ico HTTP/1.1" 200 93062 "-" "Mozilla/5.0 (Windows NT 5.1; rv:13.0) Gecko/20100101 Firefox/13.0.1"
87.160.198.147 - - [03/Aug/2012:09:47:41 +0200] "GET /referenz.html HTTP/1.1" 200 10668 "http://www.mbingenieure.de/" "Mozilla/5.0 (Windows NT 5.1; rv:13.0) Gecko/20100101 Firefox/13.0.1"
87.160.198.147 - - [03/Aug/2012:09:47:41 +0200] "GET /js/libs/modernizr-2.5.3.min.js HTTP/1.1" 404 - "http://www.mbingenieure.de/referenz.html" "Mozilla/5.0 (Windows NT 5.1; rv:13.0) Gecko/20100101 Firefox/13.0.1"
87.160.198.147 - - [03/Aug/2012:09:47:41 +0200] "GET /js/plugins.js HTTP/1.1" 404 - "http://www.mbingenieure.de/referenz.html" "Mozilla/5.0 (Windows NT 5.1; rv:13.0) Gecko/20100101 Firefox/13.0.1"
87.160.198.147 - - [03/Aug/2012:09:47:41 +0200] "GET /js/plugins.js HTTP/1.1" 404 - "http://www.mbingenieure.de/referenz.html" "Mozilla/5.0 (Windows NT 5.1; rv:13.0) Gecko/20100101 Firefox/13.0.1"
87.160.198.147 - - [03/Aug/2012:09:48:03 +0200] "GET /spektrum.html HTTP/1.1" 200 4541 "http://www.mbingenieure.de/referenz.html" "Mozilla/5.0 (Windows NT 5.1; rv:13.0) Gecko/20100101 Firefox/13.0.1"
87.160.198.147 - - [03/Aug/2012:09:48:03 +0200] "GET /js/libs/modernizr-2.5.3.min.js HTTP/1.1" 404 - "http://www.mbingenieure.de/spektrum.html" "Mozilla/5.0 (Windows NT 5.1; rv:13.0) Gecko/20100101 Firefox/13.0.1"
87.160.198.147 - - [03/Aug/2012:09:48:03 +0200] "GET /js/plugins.js HTTP/1.1" 404 - "http://www.mbingenieure.de/spektrum.html" "Mozilla/5.0 (Windows NT 5.1; rv:13.0) Gecko/20100101 Firefox/13.0.1"
178.154.179.250 - - [03/Aug/2012:10:12:55 +0200] "GET /robots.txt HTTP/1.1" 404 - "-" "Mozilla/5.0 (compatible; YandexBot/3.0; +http://yandex.com/bots)"
213.186.127.14 - - [03/Aug/2012:11:04:50 +0200] "GET / HTTP/1.1" 200 4606 "-" "Mozilla/5.0 (compatible; AhrefsBot/3.1; +http://ahrefs.com/robot/)"
65.52.110.151 - - [03/Aug/2012:11:28:45 +0200] "GET /robots.txt HTTP/1.1" 404 - "-" "Mozilla/5.0 (compatible; bingbot/2.0; +http://www.bing.com/bingbot.htm)"
65.52.110.151 - - [03/Aug/2012:11:29:41 +0200] "GET / HTTP/1.1" 304 - "-" "Mozilla/5.0 (compatible; bingbot/2.0; +http://www.bing.com/bingbot.htm)"
83.133.125.202 - - [03/Aug/2012:11:34:49 +0200] "GET / HTTP/1.1" 200 4606 "http://www.bigfinder.de/" "T-Online Browser (Windows NT 6.1; de)"
178.154.179.250 - - [03/Aug/2012:17:00:57 +0200] "GET / HTTP/1.1" 200 4606 "-" "Mozilla/5.0 (compatible; YandexBot/3.0; +http://yandex.com/bots)"
65.52.110.151 - - [04/Aug/2012:05:53:19 +0200] "GET /robots.txt HTTP/1.1" 404 - "-" "Mozilla/5.0 (compatible; bingbot/2.0; +http://www.bing.com/bingbot.htm)"
207.46.13.170 - - [04/Aug/2012:07:28:50 +0200] "GET /robots.txt HTTP/1.1" 404 - "-" "Mozilla/5.0 (compatible; bingbot/2.0; +http://www.bing.com/bingbot.htm)"
207.46.13.170 - - [04/Aug/2012:07:29:24 +0200] "GET /kontakt.html HTTP/1.1" 304 - "-" "Mozilla/5.0 (compatible; bingbot/2.0; +http://www.bing.com/bingbot.htm)"
66.249.72.197 - - [04/Aug/2012:09:55:06 +0200] "GET /robots.txt HTTP/1.1" 404 - "-" "Mozilla/5.0 (compatible; Googlebot/2.1; +http://www.google.com/bot.html)"
66.249.72.197 - - [04/Aug/2012:09:55:06 +0200] "GET / HTTP/1.1" 200 4606 "-" "Mozilla/5.0 (compatible; Googlebot/2.1; +http://www.google.com/bot.html)"
66.249.72.197 - - [04/Aug/2012:10:06:54 +0200] "GET /css/style.css HTTP/1.1" 200 2439 "-" "Mozilla/5.0 (compatible; Googlebot/2.1; +http://www.google.com/bot.html)"
178.154.179.250 - - [04/Aug/2012:14:50:31 +0200] "GET /robots.txt HTTP/1.1" 404 - "-" "Mozilla/5.0 (compatible; YandexBot/3.0; +http://yandex.com/bots)"
208.115.113.85 - - [04/Aug/2012:16:17:51 +0200] "GET /robots.txt HTTP/1.1" 404 - "-" "Mozilla/5.0 (compatible; Ezooms/1.0; ezooms.bot@gmail.com)"
178.154.179.250 - - [04/Aug/2012:17:48:46 +0200] "GET / HTTP/1.1" 200 4606 "-" "Mozilla/5.0 (compatible; YandexBot/3.0; +http://yandex.com/bots)"
208.115.113.85 - - [04/Aug/2012:17:59:04 +0200] "GET /uns.html HTTP/1.1" 200 4398 "-" "Mozilla/5.0 (compatible; Ezooms/1.0; ezooms.bot@gmail.com)"
208.115.111.69 - - [04/Aug/2012:18:00:34 +0200] "GET /robots.txt HTTP/1.1" 404 - "-" "Mozilla/5.0 (compatible; Ezooms/1.0; ezooms.bot@gmail.com)"
208.115.113.85 - - [04/Aug/2012:21:37:20 +0200] "GET /robots.txt HTTP/1.1" 404 - "-" "Mozilla/5.0 (compatible; Ezooms/1.0; ezooms.bot@gmail.com)"
208.115.111.69 - - [04/Aug/2012:23:27:18 +0200] "GET /robots.txt HTTP/1.1" 404 - "-" "Mozilla/5.0 (compatible; Ezooms/1.0; ezooms.bot@gmail.com)"
208.115.113.85 - - [04/Aug/2012:23:30:27 +0200] "GET /robots.txt HTTP/1.1" 404 - "-" "Mozilla/5.0 (compatible; Ezooms/1.0; ezooms.bot@gmail.com)"
208.115.111.69 - - [04/Aug/2012:23:57:53 +0200] "GET /robots.txt HTTP/1.1" 404 - "-" "Mozilla/5.0 (compatible; Ezooms/1.0; ezooms.bot@gmail.com)"
208.115.113.85 - - [05/Aug/2012:01:14:18 +0200] "GET /uns.html HTTP/1.1" 200 4398 "-" "Mozilla/5.0 (compatible; Ezooms/1.0; ezooms.bot@gmail.com)"
178.77.126.55 - - [05/Aug/2012:01:35:36 +0200] "GET /robots.txt HTTP/1.1" 404 - "-" "Mozilla/5.0 (compatible; CareerBot/1.1; +http://www.career-x.de/bot.html)"
178.77.126.55 - - [05/Aug/2012:01:35:36 +0200] "GET / HTTP/1.1" 200 4606 "-" "Mozilla/5.0 (compatible; CareerBot/1.1; +http://www.career-x.de/bot.html)"
178.77.126.55 - - [05/Aug/2012:01:35:36 +0200] "GET /uns.html HTTP/1.1" 200 4398 "-" "Mozilla/5.0 (compatible; CareerBot/1.1; +http://www.career-x.de/bot.html)"
208.115.113.85 - - [05/Aug/2012:06:21:35 +0200] "GET /robots.txt HTTP/1.1" 404 - "-" "Mozilla/5.0 (compatible; Ezooms/1.0; ezooms.bot@gmail.com)"
207.46.13.146 - - [05/Aug/2012:07:40:46 +0200] "GET /robots.txt HTTP/1.1" 404 - "-" "Mozilla/5.0 (compatible; bingbot/2.0; +http://www.bing.com/bingbot.htm)"
207.46.13.146 - - [05/Aug/2012:07:41:54 +0200] "GET /referenz.html HTTP/1.1" 304 - "-" "Mozilla/5.0 (compatible; bingbot/2.0; +http://www.bing.com/bingbot.htm)"
208.115.113.85 - - [05/Aug/2012:08:00:49 +0200] "GET /uns.html HTTP/1.1" 200 4398 "-" "Mozilla/5.0 (compatible; Ezooms/1.0; ezooms.bot@gmail.com)"
178.154.179.250 - - [05/Aug/2012:14:04:02 +0200] "GET /robots.txt HTTP/1.1" 404 - "-" "Mozilla/5.0 (compatible; YandexBot/3.0; +http://yandex.com/bots)"
66.249.66.203 - - [06/Aug/2012:06:24:39 +0200] "GET /robots.txt HTTP/1.1" 404 - "-" "Mozilla/5.0 (compatible; Googlebot/2.1; +http://www.google.com/bot.html)"
66.249.71.23 - - [06/Aug/2012:06:24:39 +0200] "GET /kontakt.html HTTP/1.1" 304 - "-" "Mozilla/5.0 (iPhone; U; CPU iPhone OS 4_1 like Mac OS X; en-us) AppleWebKit/532.9 (KHTML, like Gecko) Version/4.0.5 Mobile/8B117 Safari/6531.22.7 (compatible; Googlebot-Mobile/2.1; +http://www.google.com/bot.html)"
85.25.110.111 - - [06/Aug/2012:08:24:40 +0200] "GET /uns.html HTTP/1.1" 200 4398 "-" "Mozilla/4.0 (compatible; MSIE 6.0; Windows 98; Win 9x4.90)"
178.154.179.250 - - [06/Aug/2012:11:12:55 +0200] "GET /robots.txt HTTP/1.1" 404 - "-" "Mozilla/5.0 (compatible; YandexBot/3.0; +http://yandex.com/bots)"
178.154.179.250 - - [06/Aug/2012:13:54:59 +0200] "GET / HTTP/1.1" 200 4606 "-" "Mozilla/5.0 (compatible; YandexBot/3.0; +http://yandex.com/bots)"
84.191.18.220 - - [06/Aug/2012:15:22:59 +0200] "GET / HTTP/1.1" 200 4606 "-" "Mozilla/5.0 (Windows NT 6.1; WOW64; rv:14.0) Gecko/20100101 Firefox/14.0.1"
84.191.18.220 - - [06/Aug/2012:15:22:59 +0200] "GET /css/style.css HTTP/1.1" 200 2439 "http://www.mbingenieure.de/" "Mozilla/5.0 (Windows NT 6.1; WOW64; rv:14.0) Gecko/20100101 Firefox/14.0.1"
84.191.18.220 - - [06/Aug/2012:15:22:59 +0200] "GET /js/libs/modernizr-2.5.3.min.js HTTP/1.1" 404 - "http://www.mbingenieure.de/" "Mozilla/5.0 (Windows NT 6.1; WOW64; rv:14.0) Gecko/20100101 Firefox/14.0.1"
84.191.18.220 - - [06/Aug/2012:15:22:59 +0200] "GET /images/bild2.jpg HTTP/1.1" 200 14865 "http://www.mbingenieure.de/" "Mozilla/5.0 (Windows NT 6.1; WOW64; rv:14.0) Gecko/20100101 Firefox/14.0.1"
84.191.18.220 - - [06/Aug/2012:15:22:59 +0200] "GET /js/plugins.js HTTP/1.1" 404 - "http://www.mbingenieure.de/" "Mozilla/5.0 (Windows NT 6.1; WOW64; rv:14.0) Gecko/20100101 Firefox/14.0.1"
84.191.18.220 - - [06/Aug/2012:15:22:59 +0200] "GET /images/bild4.jpg HTTP/1.1" 200 14402 "http://www.mbingenieure.de/" "Mozilla/5.0 (Windows NT 6.1; WOW64; rv:14.0) Gecko/20100101 Firefox/14.0.1"
84.191.18.220 - - [06/Aug/2012:15:22:59 +0200] "GET /images/footer.jpg HTTP/1.1" 200 5903 "http://www.mbingenieure.de/css/style.css" "Mozilla/5.0 (Windows NT 6.1; WOW64; rv:14.0) Gecko/20100101 Firefox/14.0.1"
84.191.18.220 - - [06/Aug/2012:15:22:59 +0200] "GET /images/header.jpg HTTP/1.1" 200 10807 "http://www.mbingenieure.de/css/style.css" "Mozilla/5.0 (Windows NT 6.1; WOW64; rv:14.0) Gecko/20100101 Firefox/14.0.1"
84.191.18.220 - - [06/Aug/2012:15:22:59 +0200] "GET /images/navi.jpg HTTP/1.1" 200 32635 "http://www.mbingenieure.de/css/style.css" "Mozilla/5.0 (Windows NT 6.1; WOW64; rv:14.0) Gecko/20100101 Firefox/14.0.1"
84.191.18.220 - - [06/Aug/2012:15:22:59 +0200] "GET /images/bild3.png HTTP/1.1" 200 48627 "http://www.mbingenieure.de/" "Mozilla/5.0 (Windows NT 6.1; WOW64; rv:14.0) Gecko/20100101 Firefox/14.0.1"
84.191.18.220 - - [06/Aug/2012:15:23:00 +0200] "GET /favicon.ico HTTP/1.1" 200 93062 "-" "Mozilla/5.0 (Windows NT 6.1; WOW64; rv:14.0) Gecko/20100101 Firefox/14.0.1"
84.191.18.220 - - [06/Aug/2012:15:23:16 +0200] "GET /index.html HTTP/1.1" 200 4606 "http://www.mbingenieure.de/" "Mozilla/5.0 (Windows NT 6.1; WOW64; rv:14.0) Gecko/20100101 Firefox/14.0.1"
84.191.18.220 - - [06/Aug/2012:15:23:17 +0200] "GET /js/libs/modernizr-2.5.3.min.js HTTP/1.1" 404 - "http://www.mbingenieure.de/index.html" "Mozilla/5.0 (Windows NT 6.1; WOW64; rv:14.0) Gecko/20100101 Firefox/14.0.1"
84.191.18.220 - - [06/Aug/2012:15:23:17 +0200] "GET /js/plugins.js HTTP/1.1" 404 - "http://www.mbingenieure.de/index.html" "Mozilla/5.0 (Windows NT 6.1; WOW64; rv:14.0) Gecko/20100101 Firefox/14.0.1"
84.191.18.220 - - [06/Aug/2012:15:23:21 +0200] "GET /uns.html HTTP/1.1" 200 4398 "http://www.mbingenieure.de/index.html" "Mozilla/5.0 (Windows NT 6.1; WOW64; rv:14.0) Gecko/20100101 Firefox/14.0.1"
84.191.18.220 - - [06/Aug/2012:15:23:21 +0200] "GET /js/libs/modernizr-2.5.3.min.js HTTP/1.1" 404 - "http://www.mbingenieure.de/uns.html" "Mozilla/5.0 (Windows NT 6.1; WOW64; rv:14.0) Gecko/20100101 Firefox/14.0.1"
84.191.18.220 - - [06/Aug/2012:15:23:21 +0200] "GET /js/plugins.js HTTP/1.1" 404 - "http://www.mbingenieure.de/uns.html" "Mozilla/5.0 (Windows NT 6.1; WOW64; rv:14.0) Gecko/20100101 Firefox/14.0.1"
84.191.18.220 - - [06/Aug/2012:15:23:51 +0200] "GET /spektrum.html HTTP/1.1" 200 4541 "http://www.mbingenieure.de/uns.html" "Mozilla/5.0 (Windows NT 6.1; WOW64; rv:14.0) Gecko/20100101 Firefox/14.0.1"
84.191.18.220 - - [06/Aug/2012:15:23:51 +0200] "GET /js/libs/modernizr-2.5.3.min.js HTTP/1.1" 404 - "http://www.mbingenieure.de/spektrum.html" "Mozilla/5.0 (Windows NT 6.1; WOW64; rv:14.0) Gecko/20100101 Firefox/14.0.1"
84.191.18.220 - - [06/Aug/2012:15:23:51 +0200] "GET /js/plugins.js HTTP/1.1" 404 - "http://www.mbingenieure.de/spektrum.html" "Mozilla/5.0 (Windows NT 6.1; WOW64; rv:14.0) Gecko/20100101 Firefox/14.0.1"
84.191.18.220 - - [06/Aug/2012:15:24:00 +0200] "GET /referenz.html HTTP/1.1" 200 10668 "http://www.mbingenieure.de/spektrum.html" "Mozilla/5.0 (Windows NT 6.1; WOW64; rv:14.0) Gecko/20100101 Firefox/14.0.1"
84.191.18.220 - - [06/Aug/2012:15:24:00 +0200] "GET /js/libs/modernizr-2.5.3.min.js HTTP/1.1" 404 - "http://www.mbingenieure.de/referenz.html" "Mozilla/5.0 (Windows NT 6.1; WOW64; rv:14.0) Gecko/20100101 Firefox/14.0.1"
84.191.18.220 - - [06/Aug/2012:15:24:00 +0200] "GET /js/plugins.js HTTP/1.1" 404 - "http://www.mbingenieure.de/referenz.html" "Mozilla/5.0 (Windows NT 6.1; WOW64; rv:14.0) Gecko/20100101 Firefox/14.0.1"
84.191.18.220 - - [06/Aug/2012:15:24:12 +0200] "GET /partner.html HTTP/1.1" 200 4485 "http://www.mbingenieure.de/referenz.html" "Mozilla/5.0 (Windows NT 6.1; WOW64; rv:14.0) Gecko/20100101 Firefox/14.0.1"
84.191.18.220 - - [06/Aug/2012:15:24:12 +0200] "GET /js/libs/modernizr-2.5.3.min.js HTTP/1.1" 404 - "http://www.mbingenieure.de/partner.html" "Mozilla/5.0 (Windows NT 6.1; WOW64; rv:14.0) Gecko/20100101 Firefox/14.0.1"
84.191.18.220 - - [06/Aug/2012:15:24:12 +0200] "GET /js/plugins.js HTTP/1.1" 404 - "http://www.mbingenieure.de/partner.html" "Mozilla/5.0 (Windows NT 6.1; WOW64; rv:14.0) Gecko/20100101 Firefox/14.0.1"
66.249.66.203 - - [06/Aug/2012:15:35:56 +0200] "GET /robots.txt HTTP/1.1" 404 - "-" "Mozilla/5.0 (compatible; Googlebot/2.1; +http://www.google.com/bot.html)"
66.249.66.203 - - [06/Aug/2012:15:35:56 +0200] "GET / HTTP/1.1" 200 4606 "-" "Mozilla/5.0 (iPhone; U; CPU iPhone OS 4_1 like Mac OS X; en-us) AppleWebKit/532.9 (KHTML, like Gecko) Version/4.0.5 Mobile/8B117 Safari/6531.22.7 (compatible; Googlebot-Mobile/2.1; +http://www.google.com/bot.html)"
66.249.66.203 - - [06/Aug/2012:15:52:05 +0200] "GET /images/bild2.jpg HTTP/1.1" 200 14865 "-" "Mozilla/5.0 (compatible; Googlebot/2.1; +http://www.google.com/bot.html)"
66.249.66.203 - - [06/Aug/2012:15:52:06 +0200] "GET /images/bild4.jpg HTTP/1.1" 200 14402 "-" "Mozilla/5.0 (compatible; Googlebot/2.1; +http://www.google.com/bot.html)"
66.249.66.203 - - [06/Aug/2012:15:52:06 +0200] "GET /images/bild3.png HTTP/1.1" 200 48627 "-" "Mozilla/5.0 (compatible; Googlebot/2.1; +http://www.google.com/bot.html)"
65.52.110.151 - - [06/Aug/2012:17:25:17 +0200] "GET /robots.txt HTTP/1.1" 404 - "-" "Mozilla/5.0 (compatible; bingbot/2.0; +http://www.bing.com/bingbot.htm)"
65.52.110.151 - - [06/Aug/2012:17:26:55 +0200] "GET / HTTP/1.1" 304 - "-" "Mozilla/5.0 (compatible; bingbot/2.0; +http://www.bing.com/bingbot.htm)"
107.22.48.181 - - [06/Aug/2012:20:19:14 +0200] "GET / HTTP/1.0" 200 4606 "-" "Mozilla/5.0 (compatible; NetcraftSurveyAgent/1.0; +info@netcraft.com)"
178.77.126.55 - - [06/Aug/2012:20:56:16 +0200] "GET /robots.txt HTTP/1.1" 404 - "-" "Mozilla/5.0 (compatible; CareerBot/1.1; +http://www.career-x.de/bot.html)"
178.77.126.55 - - [06/Aug/2012:20:56:16 +0200] "GET / HTTP/1.1" 200 4606 "-" "Mozilla/5.0 (compatible; CareerBot/1.1; +http://www.career-x.de/bot.html)"
178.77.126.55 - - [06/Aug/2012:20:56:16 +0200] "GET /uns.html HTTP/1.1" 200 4398 "-" "Mozilla/5.0 (compatible; CareerBot/1.1; +http://www.career-x.de/bot.html)"
65.52.110.16 - - [06/Aug/2012:20:57:52 +0200] "GET /robots.txt HTTP/1.1" 404 - "-" "Mozilla/5.0 (compatible; bingbot/2.0; +http://www.bing.com/bingbot.htm)"
65.52.110.16 - - [06/Aug/2012:20:58:40 +0200] "GET /impressum.html HTTP/1.1" 304 - "-" "Mozilla/5.0 (compatible; bingbot/2.0; +http://www.bing.com/bingbot.htm)"
66.249.72.197 - - [07/Aug/2012:01:59:04 +0200] "GET /robots.txt HTTP/1.1" 404 - "-" "Mozilla/5.0 (compatible; Googlebot/2.1; +http://www.google.com/bot.html)"
66.249.72.197 - - [07/Aug/2012:01:59:04 +0200] "GET /kontakt.html HTTP/1.1" 304 - "-" "Mozilla/5.0 (iPhone; U; CPU iPhone OS 4_1 like Mac OS X; en-us) AppleWebKit/532.9 (KHTML, like Gecko) Version/4.0.5 Mobile/8B117 Safari/6531.22.7 (compatible; Googlebot-Mobile/2.1; +http://www.google.com/bot.html)"
208.115.111.69 - - [07/Aug/2012:07:09:14 +0200] "GET /robots.txt HTTP/1.1" 404 - "-" "Mozilla/5.0 (compatible; Ezooms/1.0; ezooms.bot@gmail.com)"
208.115.111.69 - - [07/Aug/2012:09:26:12 +0200] "GET /robots.txt HTTP/1.1" 404 - "-" "Mozilla/5.0 (compatible; Ezooms/1.0; ezooms.bot@gmail.com)"
208.115.111.69 - - [07/Aug/2012:11:23:59 +0200] "GET /kontakt.html HTTP/1.1" 200 4451 "-" "Mozilla/5.0 (compatible; Ezooms/1.0; ezooms.bot@gmail.com)"
66.249.72.197 - - [08/Aug/2012:00:29:23 +0200] "GET /robots.txt HTTP/1.1" 404 - "-" "Mozilla/5.0 (compatible; Googlebot/2.1; +http://www.google.com/bot.html)"
66.249.72.197 - - [08/Aug/2012:00:29:23 +0200] "GET /partner.html HTTP/1.1" 304 - "-" "Mozilla/5.0 (iPhone; U; CPU iPhone OS 4_1 like Mac OS X; en-us) AppleWebKit/532.9 (KHTML, like Gecko) Version/4.0.5 Mobile/8B117 Safari/6531.22.7 (compatible; Googlebot-Mobile/2.1; +http://www.google.com/bot.html)"
78.54.117.131 - - [08/Aug/2012:02:15:37 +0200] "GET / HTTP/1.1" 200 4606 "-" "Jakarta Commons-HttpClient/3.1"
78.54.117.131 - - [08/Aug/2012:02:15:37 +0200] "GET /impressum.html HTTP/1.1" 200 5721 "-" "Jakarta Commons-HttpClient/3.1"
66.249.72.197 - - [08/Aug/2012:04:11:18 +0200] "GET /robots.txt HTTP/1.1" 404 - "-" "Mozilla/5.0 (compatible; Googlebot/2.1; +http://www.google.com/bot.html)"
66.249.72.197 - - [08/Aug/2012:04:11:18 +0200] "GET /impressum.html HTTP/1.1" 304 - "-" "Mozilla/5.0 (compatible; Googlebot/2.1; +http://www.google.com/bot.html)"
145.253.192.242 - - [08/Aug/2012:09:46:36 +0200] "GET / HTTP/1.1" 200 4606 "http://www.google.de/url?sa=t&rct=j&q=mbingenieure&source=web&cd=3&ved=0CFkQFjAC&url=http%3A%2F%2Fwww.mbingenieure.de%2F&ei=OBkiUO7qH4jPtAamkIDoDg&usg=AFQjCNEyLqXMZj9hDUfmjIo04GBdDmaXCQ" "Mozilla/5.0 (compatible; MSIE 9.0; Windows NT 6.1; WOW64; Trident/5.0)"
145.253.192.242 - - [08/Aug/2012:09:46:36 +0200] "GET /images/bild4.jpg HTTP/1.1" 200 14402 "http://www.mbingenieure.de/" "Mozilla/5.0 (compatible; MSIE 9.0; Windows NT 6.1; WOW64; Trident/5.0)"
145.253.192.242 - - [08/Aug/2012:09:46:37 +0200] "GET /images/bild2.jpg HTTP/1.1" 200 14865 "http://www.mbingenieure.de/" "Mozilla/5.0 (compatible; MSIE 9.0; Windows NT 6.1; WOW64; Trident/5.0)"
145.253.192.242 - - [08/Aug/2012:09:46:37 +0200] "GET /js/libs/modernizr-2.5.3.min.js HTTP/1.1" 404 - "http://www.mbingenieure.de/" "Mozilla/5.0 (compatible; MSIE 9.0; Windows NT 6.1; WOW64; Trident/5.0)"
145.253.192.242 - - [08/Aug/2012:09:46:37 +0200] "GET /css/style.css HTTP/1.1" 200 2439 "http://www.mbingenieure.de/" "Mozilla/5.0 (compatible; MSIE 9.0; Windows NT 6.1; WOW64; Trident/5.0)"
145.253.192.242 - - [08/Aug/2012:09:46:37 +0200] "GET /js/plugins.js HTTP/1.1" 404 - "http://www.mbingenieure.de/" "Mozilla/5.0 (compatible; MSIE 9.0; Windows NT 6.1; WOW64; Trident/5.0)"
145.253.192.242 - - [08/Aug/2012:09:46:36 +0200] "GET /images/bild3.png HTTP/1.1" 200 48627 "http://www.mbingenieure.de/" "Mozilla/5.0 (compatible; MSIE 9.0; Windows NT 6.1; WOW64; Trident/5.0)"
145.253.192.242 - - [08/Aug/2012:09:46:37 +0200] "GET /images/footer.jpg HTTP/1.1" 200 5903 "http://www.mbingenieure.de/" "Mozilla/5.0 (compatible; MSIE 9.0; Windows NT 6.1; WOW64; Trident/5.0)"
145.253.192.242 - - [08/Aug/2012:09:46:37 +0200] "GET /images/header.jpg HTTP/1.1" 200 10807 "http://www.mbingenieure.de/" "Mozilla/5.0 (compatible; MSIE 9.0; Windows NT 6.1; WOW64; Trident/5.0)"
145.253.192.242 - - [08/Aug/2012:09:46:37 +0200] "GET /images/navi.jpg HTTP/1.1" 200 32635 "http://www.mbingenieure.de/" "Mozilla/5.0 (compatible; MSIE 9.0; Windows NT 6.1; WOW64; Trident/5.0)"
145.253.192.242 - - [08/Aug/2012:09:46:37 +0200] "GET /favicon.ico HTTP/1.1" 200 93062 "-" "Mozilla/5.0 (compatible; MSIE 9.0; Windows NT 6.1; WOW64; Trident/5.0)"
145.253.192.242 - - [08/Aug/2012:09:47:38 +0200] "GET /uns.html HTTP/1.1" 200 4398 "http://www.mbingenieure.de/" "Mozilla/5.0 (compatible; MSIE 9.0; Windows NT 6.1; WOW64; Trident/5.0)"
145.253.192.242 - - [08/Aug/2012:09:47:38 +0200] "GET /js/libs/modernizr-2.5.3.min.js HTTP/1.1" 404 - "http://www.mbingenieure.de/uns.html" "Mozilla/5.0 (compatible; MSIE 9.0; Windows NT 6.1; WOW64; Trident/5.0)"
145.253.192.242 - - [08/Aug/2012:09:47:38 +0200] "GET /js/plugins.js HTTP/1.1" 404 - "http://www.mbingenieure.de/uns.html" "Mozilla/5.0 (compatible; MSIE 9.0; Windows NT 6.1; WOW64; Trident/5.0)"
145.253.192.242 - - [08/Aug/2012:09:47:50 +0200] "GET /referenz.html HTTP/1.1" 200 10668 "http://www.mbingenieure.de/uns.html" "Mozilla/5.0 (compatible; MSIE 9.0; Windows NT 6.1; WOW64; Trident/5.0)"
145.253.192.242 - - [08/Aug/2012:09:47:51 +0200] "GET /js/libs/modernizr-2.5.3.min.js HTTP/1.1" 404 - "http://www.mbingenieure.de/referenz.html" "Mozilla/5.0 (compatible; MSIE 9.0; Windows NT 6.1; WOW64; Trident/5.0)"
145.253.192.242 - - [08/Aug/2012:09:47:51 +0200] "GET /js/plugins.js HTTP/1.1" 404 - "http://www.mbingenieure.de/referenz.html" "Mozilla/5.0 (compatible; MSIE 9.0; Windows NT 6.1; WOW64; Trident/5.0)"
145.253.192.242 - - [08/Aug/2012:09:48:35 +0200] "GET /partner.html HTTP/1.1" 200 4485 "http://www.mbingenieure.de/referenz.html" "Mozilla/5.0 (compatible; MSIE 9.0; Windows NT 6.1; WOW64; Trident/5.0)"
145.253.192.242 - - [08/Aug/2012:09:48:35 +0200] "GET /js/libs/modernizr-2.5.3.min.js HTTP/1.1" 404 - "http://www.mbingenieure.de/partner.html" "Mozilla/5.0 (compatible; MSIE 9.0; Windows NT 6.1; WOW64; Trident/5.0)"
145.253.192.242 - - [08/Aug/2012:09:48:35 +0200] "GET /js/plugins.js HTTP/1.1" 404 - "http://www.mbingenieure.de/partner.html" "Mozilla/5.0 (compatible; MSIE 9.0; Windows NT 6.1; WOW64; Trident/5.0)"
145.253.192.242 - - [08/Aug/2012:09:48:50 +0200] "GET /index.html HTTP/1.1" 200 4606 "http://www.mbingenieure.de/partner.html" "Mozilla/5.0 (compatible; MSIE 9.0; Windows NT 6.1; WOW64; Trident/5.0)"
145.253.192.242 - - [08/Aug/2012:09:48:50 +0200] "GET /js/libs/modernizr-2.5.3.min.js HTTP/1.1" 404 - "http://www.mbingenieure.de/index.html" "Mozilla/5.0 (compatible; MSIE 9.0; Windows NT 6.1; WOW64; Trident/5.0)"
145.253.192.242 - - [08/Aug/2012:09:48:50 +0200] "GET /js/plugins.js HTTP/1.1" 404 - "http://www.mbingenieure.de/index.html" "Mozilla/5.0 (compatible; MSIE 9.0; Windows NT 6.1; WOW64; Trident/5.0)"
150.70.172.108 - - [08/Aug/2012:10:08:20 +0200] "GET / HTTP/1.0" 200 4606 "-" "Mozilla/4.0 (compatible; MSIE 6.0; Windows NT 5.1)"
150.70.172.202 - - [08/Aug/2012:10:08:34 +0200] "GET /impressum.html HTTP/1.0" 200 5721 "-" "Mozilla/4.0 (compatible; MSIE 6.0; Windows NT 5.1)"
150.70.172.108 - - [08/Aug/2012:10:08:44 +0200] "GET /js/plugins.js HTTP/1.0" 404 - "-" "Mozilla/4.0 (compatible; MSIE 6.0; Windows NT 5.1)"
150.70.172.104 - - [08/Aug/2012:10:09:47 +0200] "GET /js/libs/modernizr-2.5.3.min.js HTTP/1.0" 404 - "-" "Mozilla/4.0 (compatible; MSIE 6.0; Windows NT 5.1)"
178.77.126.55 - - [08/Aug/2012:18:24:48 +0200] "GET /robots.txt HTTP/1.1" 404 - "-" "Mozilla/5.0 (compatible; CareerBot/1.1; +http://www.career-x.de/bot.html)"
178.77.126.55 - - [08/Aug/2012:18:24:48 +0200] "GET / HTTP/1.1" 200 4606 "-" "Mozilla/5.0 (compatible; CareerBot/1.1; +http://www.career-x.de/bot.html)"
178.77.126.55 - - [08/Aug/2012:18:24:48 +0200] "GET /uns.html HTTP/1.1" 200 4398 "-" "Mozilla/5.0 (compatible; CareerBot/1.1; +http://www.career-x.de/bot.html)"
66.249.72.244 - - [09/Aug/2012:06:09:44 +0200] "GET /robots.txt HTTP/1.1" 404 - "-" "Mozilla/5.0 (compatible; Googlebot/2.1; +http://www.google.com/bot.html)"
72.14.199.183 - - [09/Aug/2012:06:09:44 +0200] "GET /google96721bab6c5575fe.html HTTP/1.1" 200 53 "-" "Google-Site-Verification/1.0"
178.154.179.250 - - [09/Aug/2012:13:32:36 +0200] "GET /robots.txt HTTP/1.1" 404 - "-" "Mozilla/5.0 (compatible; YandexBot/3.0; +http://yandex.com/bots)"
66.249.72.244 - - [09/Aug/2012:13:45:06 +0200] "GET /robots.txt HTTP/1.1" 404 - "-" "Mozilla/5.0 (compatible; Googlebot/2.1; +http://www.google.com/bot.html)"
66.249.72.244 - - [09/Aug/2012:13:45:06 +0200] "GET /referenz.html HTTP/1.1" 304 - "-" "Mozilla/5.0 (compatible; Googlebot/2.1; +http://www.google.com/bot.html)"
213.61.229.5 - - [09/Aug/2012:14:47:23 +0200] "GET /impressum.html HTTP/1.1" 200 5721 "http://www.google.de/url?sa=t&rct=j&q=&esrc=s&source=web&cd=3&sqi=2&ved=0CE4QFjAC&url=http%3A%2F%2Fwww.mbingenieure.de%2Fimpressum.html&ei=IrEjUPGFNKn74QSGroHwCw&usg=AFQjCNHELIGYYj_HQnujp4z8JvB7XA-W3w" "Mozilla/5.0 (Windows NT 5.1; rv:14.0) Gecko/20100101 Firefox/14.0.1"
213.61.229.5 - - [09/Aug/2012:14:47:23 +0200] "GET /css/style.css HTTP/1.1" 200 2439 "http://www.mbingenieure.de/impressum.html" "Mozilla/5.0 (Windows NT 5.1; rv:14.0) Gecko/20100101 Firefox/14.0.1"
213.61.229.5 - - [09/Aug/2012:14:47:23 +0200] "GET /js/libs/modernizr-2.5.3.min.js HTTP/1.1" 404 - "http://www.mbingenieure.de/impressum.html" "Mozilla/5.0 (Windows NT 5.1; rv:14.0) Gecko/20100101 Firefox/14.0.1"
213.61.229.5 - - [09/Aug/2012:14:47:24 +0200] "GET /js/plugins.js HTTP/1.1" 404 - "http://www.mbingenieure.de/impressum.html" "Mozilla/5.0 (Windows NT 5.1; rv:14.0) Gecko/20100101 Firefox/14.0.1"
213.61.229.5 - - [09/Aug/2012:14:47:24 +0200] "GET /images/footer.jpg HTTP/1.1" 200 5903 "http://www.mbingenieure.de/css/style.css" "Mozilla/5.0 (Windows NT 5.1; rv:14.0) Gecko/20100101 Firefox/14.0.1"
213.61.229.5 - - [09/Aug/2012:14:47:24 +0200] "GET /images/navi.jpg HTTP/1.1" 200 32635 "http://www.mbingenieure.de/css/style.css" "Mozilla/5.0 (Windows NT 5.1; rv:14.0) Gecko/20100101 Firefox/14.0.1"
213.61.229.5 - - [09/Aug/2012:14:47:24 +0200] "GET /images/header.jpg HTTP/1.1" 200 10807 "http://www.mbingenieure.de/css/style.css" "Mozilla/5.0 (Windows NT 5.1; rv:14.0) Gecko/20100101 Firefox/14.0.1"
213.61.229.5 - - [09/Aug/2012:14:47:24 +0200] "GET /js/plugins.js HTTP/1.1" 404 - "http://www.mbingenieure.de/impressum.html" "Mozilla/5.0 (Windows NT 5.1; rv:14.0) Gecko/20100101 Firefox/14.0.1"
213.61.229.5 - - [09/Aug/2012:14:47:24 +0200] "GET /favicon.ico HTTP/1.1" 200 93062 "-" "Mozilla/5.0 (Windows NT 5.1; rv:14.0) Gecko/20100101 Firefox/14.0.1"
178.154.179.250 - - [09/Aug/2012:19:02:15 +0200] "GET / HTTP/1.1" 200 4606 "-" "Mozilla/5.0 (compatible; YandexBot/3.0; +http://yandex.com/bots)"
37.140.141.34 - - [09/Aug/2012:20:13:22 +0200] "GET /robots.txt HTTP/1.1" 404 - "-" "Mozilla/5.0 (compatible; YandexImages/3.0; +http://yandex.com/bots)"
178.154.179.250 - - [09/Aug/2012:22:08:59 +0200] "GET /spektrum.html HTTP/1.1" 200 4541 "-" "Mozilla/5.0 (compatible; YandexBot/3.0; +http://yandex.com/bots)"
66.249.72.244 - - [09/Aug/2012:23:50:49 +0200] "GET /robots.txt HTTP/1.1" 404 - "-" "Mozilla/5.0 (compatible; Googlebot/2.1; +http://www.google.com/bot.html)"
66.249.72.244 - - [09/Aug/2012:23:50:49 +0200] "GET /uns.html HTTP/1.1" 304 - "-" "Mozilla/5.0 (compatible; Googlebot/2.1; +http://www.google.com/bot.html)"
37.140.141.34 - - [10/Aug/2012:01:33:39 +0200] "GET /images/bild4.jpg HTTP/1.1" 200 14402 "-" "Mozilla/5.0 (compatible; YandexImages/3.0; +http://yandex.com/bots)"
65.52.108.198 - - [10/Aug/2012:05:55:56 +0200] "GET /robots.txt HTTP/1.1" 404 - "-" "Mozilla/5.0 (compatible; bingbot/2.0; +http://www.bing.com/bingbot.htm)"
65.52.108.198 - - [10/Aug/2012:05:56:32 +0200] "GET / HTTP/1.1" 304 - "-" "Mozilla/5.0 (compatible; bingbot/2.0; +http://www.bing.com/bingbot.htm)"
66.249.72.244 - - [10/Aug/2012:07:04:55 +0200] "GET /spektrum.html HTTP/1.1" 304 - "-" "Mozilla/5.0 (iPhone; U; CPU iPhone OS 4_1 like Mac OS X; en-us) AppleWebKit/532.9 (KHTML, like Gecko) Version/4.0.5 Mobile/8B117 Safari/6531.22.7 (compatible; Googlebot-Mobile/2.1; +http://www.google.com/bot.html)"
37.140.141.34 - - [10/Aug/2012:09:33:38 +0200] "GET /images/bild3.png HTTP/1.1" 200 48627 "-" "Mozilla/5.0 (compatible; YandexImages/3.0; +http://yandex.com/bots)"
66.249.72.244 - - [10/Aug/2012:09:56:50 +0200] "GET /kontakt.html HTTP/1.1" 304 - "-" "Mozilla/5.0 (compatible; Googlebot/2.1; +http://www.google.com/bot.html)"
66.249.72.244 - - [10/Aug/2012:12:03:21 +0200] "GET /robots.txt HTTP/1.1" 404 - "-" "Mozilla/5.0 (compatible; Googlebot/2.1; +http://www.google.com/bot.html)"
66.249.72.244 - - [10/Aug/2012:12:03:21 +0200] "GET /kontakt.html HTTP/1.1" 304 - "-" "Mozilla/5.0 (compatible; Googlebot/2.1; +http://www.google.com/bot.html)"
188.111.35.17 - - [10/Aug/2012:14:07:52 +0200] "GET /referenz.html HTTP/1.0" 200 10668 "http://www.google.de/url?sa=t&rct=j&q=%22chemnitz-center%22%2B%22projektentwickler%22&source=web&cd=1&ved=0CEkQFjAA&url=http%3A%2F%2Fwww.mbingenieure.de%2Freferenz.html&ei=TPkkUIKjC9HPsgaZqYD4Dg&usg=AFQjCNEjBuJQ2-M4Z4j35BAeh7XDA3bhYQ" "Mozilla/4.0 (compatible; MSIE 8.0; Windows NT 5.1; Trident/4.0; .NET CLR 1.1.4322; .NET CLR 2.0.50727; .NET4.0C; .NET4.0E; .NET CLR 3.0.4506.2152; .NET CLR 3.5.30729)"
188.111.35.17 - - [10/Aug/2012:14:07:52 +0200] "GET /js/libs/modernizr-2.5.3.min.js HTTP/1.0" 404 - "http://www.mbingenieure.de/referenz.html" "Mozilla/4.0 (compatible; MSIE 8.0; Windows NT 5.1; Trident/4.0; .NET CLR 1.1.4322; .NET CLR 2.0.50727; .NET4.0C; .NET4.0E; .NET CLR 3.0.4506.2152; .NET CLR 3.5.30729)"
188.111.35.17 - - [10/Aug/2012:14:07:52 +0200] "GET /css/style.css HTTP/1.0" 200 2439 "http://www.mbingenieure.de/referenz.html" "Mozilla/4.0 (compatible; MSIE 8.0; Windows NT 5.1; Trident/4.0; .NET CLR 1.1.4322; .NET CLR 2.0.50727; .NET4.0C; .NET4.0E; .NET CLR 3.0.4506.2152; .NET CLR 3.5.30729)"
188.111.35.17 - - [10/Aug/2012:14:07:52 +0200] "GET /images/footer.jpg HTTP/1.0" 200 5903 "http://www.mbingenieure.de/referenz.html" "Mozilla/4.0 (compatible; MSIE 8.0; Windows NT 5.1; Trident/4.0; .NET CLR 1.1.4322; .NET CLR 2.0.50727; .NET4.0C; .NET4.0E; .NET CLR 3.0.4506.2152; .NET CLR 3.5.30729)"
188.111.35.17 - - [10/Aug/2012:14:07:52 +0200] "GET /images/header.jpg HTTP/1.0" 200 10807 "http://www.mbingenieure.de/referenz.html" "Mozilla/4.0 (compatible; MSIE 8.0; Windows NT 5.1; Trident/4.0; .NET CLR 1.1.4322; .NET CLR 2.0.50727; .NET4.0C; .NET4.0E; .NET CLR 3.0.4506.2152; .NET CLR 3.5.30729)"
188.111.35.17 - - [10/Aug/2012:14:07:52 +0200] "GET /images/navi.jpg HTTP/1.0" 200 32635 "http://www.mbingenieure.de/referenz.html" "Mozilla/4.0 (compatible; MSIE 8.0; Windows NT 5.1; Trident/4.0; .NET CLR 1.1.4322; .NET CLR 2.0.50727; .NET4.0C; .NET4.0E; .NET CLR 3.0.4506.2152; .NET CLR 3.5.30729)"
188.111.35.17 - - [10/Aug/2012:14:07:52 +0200] "GET /js/plugins.js HTTP/1.0" 404 - "http://www.mbingenieure.de/referenz.html" "Mozilla/4.0 (compatible; MSIE 8.0; Windows NT 5.1; Trident/4.0; .NET CLR 1.1.4322; .NET CLR 2.0.50727; .NET4.0C; .NET4.0E; .NET CLR 3.0.4506.2152; .NET CLR 3.5.30729)"
188.111.35.17 - - [10/Aug/2012:14:07:52 +0200] "GET /favicon.ico HTTP/1.0" 200 93062 "-" "Mozilla/4.0 (compatible; MSIE 8.0; Windows NT 5.1; Trident/4.0; .NET CLR 1.1.4322; .NET CLR 2.0.50727; .NET4.0C; .NET4.0E; .NET CLR 3.0.4506.2152; .NET CLR 3.5.30729)"
65.52.108.198 - - [10/Aug/2012:16:34:03 +0200] "GET /robots.txt HTTP/1.1" 404 - "-" "Mozilla/5.0 (compatible; bingbot/2.0; +http://www.bing.com/bingbot.htm)"
65.52.108.198 - - [10/Aug/2012:16:34:40 +0200] "GET / HTTP/1.1" 304 - "-" "Mozilla/5.0 (compatible; bingbot/2.0; +http://www.bing.com/bingbot.htm)"
37.140.141.34 - - [10/Aug/2012:20:02:28 +0200] "GET /robots.txt HTTP/1.1" 404 - "-" "Mozilla/5.0 (compatible; YandexImages/3.0; +http://yandex.com/bots)"
66.249.72.244 - - [10/Aug/2012:21:51:11 +0200] "GET /robots.txt HTTP/1.1" 404 - "-" "Mozilla/5.0 (compatible; Googlebot/2.1; +http://www.google.com/bot.html)"
66.249.72.244 - - [10/Aug/2012:21:51:11 +0200] "GET /spektrum.html HTTP/1.1" 304 - "-" "Mozilla/5.0 (compatible; Googlebot/2.1; +http://www.google.com/bot.html)"
208.115.111.69 - - [10/Aug/2012:22:11:17 +0200] "GET /robots.txt HTTP/1.1" 404 - "-" "Mozilla/5.0 (compatible; Ezooms/1.0; ezooms.bot@gmail.com)"
65.52.108.198 - - [10/Aug/2012:23:13:13 +0200] "GET /robots.txt HTTP/1.1" 404 - "-" "Mozilla/5.0 (compatible; bingbot/2.0; +http://www.bing.com/bingbot.htm)"
65.52.108.198 - - [10/Aug/2012:23:13:46 +0200] "GET / HTTP/1.1" 304 - "-" "Mozilla/5.0 (compatible; bingbot/2.0; +http://www.bing.com/bingbot.htm)"
66.249.72.244 - - [11/Aug/2012:00:03:39 +0200] "GET /referenz.html HTTP/1.1" 304 - "-" "Mozilla/5.0 (iPhone; U; CPU iPhone OS 4_1 like Mac OS X; en-us) AppleWebKit/532.9 (KHTML, like Gecko) Version/4.0.5 Mobile/8B117 Safari/6531.22.7 (compatible; Googlebot-Mobile/2.1; +http://www.google.com/bot.html)"
178.77.126.55 - - [11/Aug/2012:00:56:51 +0200] "GET /robots.txt HTTP/1.1" 404 - "-" "Mozilla/5.0 (compatible; CareerBot/1.1; +http://www.career-x.de/bot.html)"
178.77.126.55 - - [11/Aug/2012:00:56:51 +0200] "GET / HTTP/1.1" 200 4606 "-" "Mozilla/5.0 (compatible; CareerBot/1.1; +http://www.career-x.de/bot.html)"
178.77.126.55 - - [11/Aug/2012:00:56:51 +0200] "GET /uns.html HTTP/1.1" 200 4398 "-" "Mozilla/5.0 (compatible; CareerBot/1.1; +http://www.career-x.de/bot.html)"
37.140.141.34 - - [11/Aug/2012:03:14:02 +0200] "GET /images/bild2.jpg HTTP/1.1" 200 14865 "-" "Mozilla/5.0 (compatible; YandexImages/3.0; +http://yandex.com/bots)"
66.249.72.244 - - [11/Aug/2012:08:16:58 +0200] "GET /partner.html HTTP/1.1" 304 - "-" "Mozilla/5.0 (compatible; Googlebot/2.1; +http://www.google.com/bot.html)"
176.9.148.197 - - [11/Aug/2012:13:14:22 +0200] "GET /robots.txt HTTP/1.1" 404 - "-" "Mozilla/5.0 (compatible; SISTRIX Crawler; http://crawler.sistrix.net/)"
176.9.148.197 - - [11/Aug/2012:13:14:22 +0200] "GET / HTTP/1.1" 200 4606 "-" "Mozilla/5.0 (compatible; SISTRIX Crawler; http://crawler.sistrix.net/)"
176.9.148.197 - - [11/Aug/2012:13:14:22 +0200] "GET /kontakt.html HTTP/1.1" 200 4451 "-" "Mozilla/5.0 (compatible; SISTRIX Crawler; http://crawler.sistrix.net/)"
176.9.148.197 - - [11/Aug/2012:13:14:22 +0200] "GET /spektrum.html HTTP/1.1" 200 4541 "-" "Mozilla/5.0 (compatible; SISTRIX Crawler; http://crawler.sistrix.net/)"
176.9.148.197 - - [11/Aug/2012:13:14:22 +0200] "GET /impressum.html HTTP/1.1" 200 5721 "-" "Mozilla/5.0 (compatible; SISTRIX Crawler; http://crawler.sistrix.net/)"
176.9.148.197 - - [11/Aug/2012:13:14:22 +0200] "GET /index.html HTTP/1.1" 200 4606 "-" "Mozilla/5.0 (compatible; SISTRIX Crawler; http://crawler.sistrix.net/)"
176.9.148.197 - - [11/Aug/2012:13:14:22 +0200] "GET /partner.html HTTP/1.1" 200 4485 "-" "Mozilla/5.0 (compatible; SISTRIX Crawler; http://crawler.sistrix.net/)"
176.9.148.197 - - [11/Aug/2012:13:14:22 +0200] "GET /uns.html HTTP/1.1" 200 4398 "-" "Mozilla/5.0 (compatible; SISTRIX Crawler; http://crawler.sistrix.net/)"
176.9.148.197 - - [11/Aug/2012:13:14:22 +0200] "GET /referenz.html HTTP/1.1" 200 10668 "-" "Mozilla/5.0 (compatible; SISTRIX Crawler; http://crawler.sistrix.net/)"
65.52.108.198 - - [11/Aug/2012:17:55:43 +0200] "GET /robots.txt HTTP/1.1" 404 - "-" "Mozilla/5.0 (compatible; bingbot/2.0; +http://www.bing.com/bingbot.htm)"
65.52.108.198 - - [11/Aug/2012:17:56:41 +0200] "GET / HTTP/1.1" 304 - "-" "Mozilla/5.0 (compatible; bingbot/2.0; +http://www.bing.com/bingbot.htm)"
65.52.108.198 - - [11/Aug/2012:18:09:14 +0200] "GET / HTTP/1.1" 200 4606 "-" "Mozilla/5.0 (compatible; bingbot/2.0; +http://www.bing.com/bingbot.htm)"
65.52.108.198 - - [12/Aug/2012:08:31:21 +0200] "GET /robots.txt HTTP/1.1" 404 - "-" "Mozilla/5.0 (compatible; bingbot/2.0; +http://www.bing.com/bingbot.htm)"
65.52.108.198 - - [12/Aug/2012:08:31:56 +0200] "GET / HTTP/1.1" 304 - "-" "Mozilla/5.0 (compatible; bingbot/2.0; +http://www.bing.com/bingbot.htm)"
178.154.179.250 - - [12/Aug/2012:08:32:47 +0200] "GET /robots.txt HTTP/1.1" 404 - "-" "Mozilla/5.0 (compatible; YandexBot/3.0; +http://yandex.com/bots)"
178.154.179.250 - - [12/Aug/2012:18:35:27 +0200] "GET / HTTP/1.1" 200 4606 "-" "Mozilla/5.0 (compatible; YandexBot/3.0; +http://yandex.com/bots)"
178.77.126.55 - - [12/Aug/2012:19:14:55 +0200] "GET /robots.txt HTTP/1.1" 404 - "-" "Mozilla/5.0 (compatible; CareerBot/1.1; +http://www.career-x.de/bot.html)"
178.77.126.55 - - [12/Aug/2012:19:14:55 +0200] "GET / HTTP/1.1" 200 4606 "-" "Mozilla/5.0 (compatible; CareerBot/1.1; +http://www.career-x.de/bot.html)"
178.77.126.55 - - [12/Aug/2012:19:14:56 +0200] "GET /uns.html HTTP/1.1" 200 4398 "-" "Mozilla/5.0 (compatible; CareerBot/1.1; +http://www.career-x.de/bot.html)"
37.140.141.34 - - [12/Aug/2012:20:04:37 +0200] "GET /robots.txt HTTP/1.1" 404 - "-" "Mozilla/5.0 (compatible; YandexImages/3.0; +http://yandex.com/bots)"
176.9.0.12 - - [12/Aug/2012:20:06:06 +0200] "GET /robots.txt HTTP/1.1" 404 - "-" "Pixray-Seeker/1.1 (Pixray-Seeker; http://www.pixray.com/pixraybot; crawler@pixray.com)"
176.9.0.12 - - [12/Aug/2012:20:06:06 +0200] "GET /referenz.html HTTP/1.1" 200 10668 "-" "Pixray-Seeker/1.1 (Pixray-Seeker; http://www.pixray.com/pixraybot; crawler@pixray.com)"
93.196.33.44 - - [13/Aug/2012:00:19:42 +0200] "GET / HTTP/1.1" 200 4606 "-" "Jakarta Commons-HttpClient/3.1"
93.196.33.44 - - [13/Aug/2012:00:19:42 +0200] "GET /impressum.html HTTP/1.1" 200 5721 "-" "Jakarta Commons-HttpClient/3.1"
37.140.141.34 - - [13/Aug/2012:02:03:18 +0200] "GET /images/bild4.jpg HTTP/1.1" 200 14402 "-" "Mozilla/5.0 (compatible; YandexImages/3.0; +http://yandex.com/bots)"
37.140.141.34 - - [13/Aug/2012:10:04:33 +0200] "GET /images/bild3.png HTTP/1.1" 200 48627 "-" "Mozilla/5.0 (compatible; YandexImages/3.0; +http://yandex.com/bots)"
37.140.141.34 - - [13/Aug/2012:14:44:44 +0200] "GET /images/bild2.jpg HTTP/1.1" 200 14865 "-" "Mozilla/5.0 (compatible; YandexImages/3.0; +http://yandex.com/bots)"
213.186.127.9 - - [13/Aug/2012:22:32:09 +0200] "GET /referenz.html HTTP/1.1" 200 10668 "-" "Mozilla/5.0 (compatible; AhrefsBot/3.1; +http://ahrefs.com/robot/)"
46.4.119.231 - - [14/Aug/2012:02:09:33 +0200] "GET /robots.txt HTTP/1.1" 404 - "-" "Pixray-Seeker/1.1 (Pixray-Seeker; http://www.pixray.com/pixraybot; crawler@pixray.com)"
46.4.119.231 - - [14/Aug/2012:02:09:34 +0200] "GET / HTTP/1.1" 200 4606 "-" "Pixray-Seeker/1.1 (Pixray-Seeker; http://www.pixray.com/pixraybot; crawler@pixray.com)"
88.198.67.197 - - [14/Aug/2012:05:11:25 +0200] "GET /robots.txt HTTP/1.1" 404 - "-" "Pixray-Seeker/1.1 (Pixray-Seeker; http://www.pixray.com/pixraybot; crawler@pixray.com)"
88.198.67.197 - - [14/Aug/2012:05:11:25 +0200] "GET /kontakt.html HTTP/1.1" 200 4451 "-" "Pixray-Seeker/1.1 (Pixray-Seeker; http://www.pixray.com/pixraybot; crawler@pixray.com)"
66.249.72.244 - - [14/Aug/2012:06:05:59 +0200] "GET /robots.txt HTTP/1.1" 404 - "-" "Mozilla/5.0 (compatible; Googlebot/2.1; +http://www.google.com/bot.html)"
66.249.72.244 - - [14/Aug/2012:06:05:59 +0200] "GET / HTTP/1.1" 200 4606 "-" "Mozilla/5.0 (compatible; Googlebot/2.1; +http://www.google.com/bot.html)"
207.46.199.48 - - [14/Aug/2012:07:09:32 +0200] "GET /robots.txt HTTP/1.1" 404 - "-" "Mozilla/5.0 (compatible; bingbot/2.0; +http://www.bing.com/bingbot.htm)"
207.46.199.48 - - [14/Aug/2012:07:12:10 +0200] "GET / HTTP/1.1" 304 - "-" "Mozilla/5.0 (compatible; bingbot/2.0; +http://www.bing.com/bingbot.htm)"
213.186.127.8 - - [14/Aug/2012:07:31:00 +0200] "GET /impressum.html HTTP/1.1" 200 5721 "-" "Mozilla/5.0 (compatible; AhrefsBot/3.1; +http://ahrefs.com/robot/)"
207.46.199.48 - - [14/Aug/2012:09:42:53 +0200] "GET /robots.txt HTTP/1.1" 404 - "-" "Mozilla/5.0 (compatible; bingbot/2.0; +http://www.bing.com/bingbot.htm)"
193.25.183.52 - - [14/Aug/2012:15:38:04 +0200] "GET / HTTP/1.1" 200 4606 "http://www.baukammerberlin.de/expertensuche/mitgliedanzeige.php?ID=10153.0" "Mozilla/4.0 (compatible; MSIE 8.0; Windows NT 5.1; Trident/4.0; .NET CLR 1.1.4322; .NET CLR 2.0.50727; .NET CLR 3.0.4506.2152; .NET CLR 3.5.30729; .NET4.0C; .NET4.0E)"
193.25.183.52 - - [14/Aug/2012:15:38:04 +0200] "GET /css/style.css HTTP/1.1" 200 2439 "http://www.mbingenieure.de/" "Mozilla/4.0 (compatible; MSIE 8.0; Windows NT 5.1; Trident/4.0; .NET CLR 1.1.4322; .NET CLR 2.0.50727; .NET CLR 3.0.4506.2152; .NET CLR 3.5.30729; .NET4.0C; .NET4.0E)"
193.25.183.52 - - [14/Aug/2012:15:38:04 +0200] "GET /js/libs/modernizr-2.5.3.min.js HTTP/1.1" 404 - "http://www.mbingenieure.de/" "Mozilla/4.0 (compatible; MSIE 8.0; Windows NT 5.1; Trident/4.0; .NET CLR 1.1.4322; .NET CLR 2.0.50727; .NET CLR 3.0.4506.2152; .NET CLR 3.5.30729; .NET4.0C; .NET4.0E)"
193.25.183.52 - - [14/Aug/2012:15:38:04 +0200] "GET /js/plugins.js HTTP/1.1" 404 - "http://www.mbingenieure.de/" "Mozilla/4.0 (compatible; MSIE 8.0; Windows NT 5.1; Trident/4.0; .NET CLR 1.1.4322; .NET CLR 2.0.50727; .NET CLR 3.0.4506.2152; .NET CLR 3.5.30729; .NET4.0C; .NET4.0E)"
