141.8.147.12 - - [01/Dec/2014:02:35:05 +0100] "GET / HTTP/1.1" 200 1255 "-" "Mozilla/5.0 (compatible; YandexBot/3.0; +http://yandex.com/bots)"
74.52.245.146 - - [01/Dec/2014:09:07:37 +0100] "GET / HTTP/1.0" 200 1255 "-" "Mozilla/5.0 (X11; U; Linux i686; en-US; rv:1.7.5) Gecko/20041107 Firefox/1.0"
207.46.13.125 - - [01/Dec/2014:13:29:04 +0100] "GET /?S=D HTTP/1.1" 304 - "-" "Mozilla/5.0 (compatible; bingbot/2.0; +http://www.bing.com/bingbot.htm)"
207.46.13.125 - - [01/Dec/2014:15:53:44 +0100] "GET / HTTP/1.1" 200 1255 "-" "Mozilla/5.0 (compatible; bingbot/2.0; +http://www.bing.com/bingbot.htm)"
207.46.13.125 - - [02/Dec/2014:10:47:31 +0100] "GET /robots.txt HTTP/1.1" 404 1256 "-" "Mozilla/5.0 (compatible; bingbot/2.0; +http://www.bing.com/bingbot.htm)"
207.46.13.125 - - [02/Dec/2014:10:47:46 +0100] "GET / HTTP/1.1" 200 1255 "-" "Mozilla/5.0 (compatible; bingbot/2.0; +http://www.bing.com/bingbot.htm)"
217.69.133.222 - - [02/Dec/2014:13:42:26 +0100] "GET /robots.txt HTTP/1.1" 404 1256 "-" "Mozilla/5.0 (compatible; Linux x86_64; Mail.RU_Bot/2.0; +http://go.mail.ru/help/robots)"
217.69.133.222 - - [02/Dec/2014:13:42:28 +0100] "GET / HTTP/1.1" 304 - "-" "Mozilla/5.0 (compatible; Linux x86_64; Mail.RU_Bot/2.0; +http://go.mail.ru/help/robots)"
207.46.13.125 - - [03/Dec/2014:06:10:22 +0100] "GET / HTTP/1.1" 200 1255 "-" "Mozilla/5.0 (compatible; bingbot/2.0; +http://www.bing.com/bingbot.htm)"
157.55.39.85 - - [03/Dec/2014:18:24:26 +0100] "GET /?D=A HTTP/1.1" 304 - "-" "Mozilla/5.0 (compatible; bingbot/2.0; +http://www.bing.com/bingbot.htm)"
66.249.78.186 - - [04/Dec/2014:00:28:48 +0100] "GET /robots.txt HTTP/1.1" 404 1256 "-" "Mozilla/5.0 (compatible; Googlebot/2.1; +http://www.google.com/bot.html)"
66.249.78.193 - - [04/Dec/2014:00:28:48 +0100] "GET / HTTP/1.1" 200 1255 "-" "Mozilla/5.0 (compatible; Googlebot/2.1; +http://www.google.com/bot.html)"
207.46.13.125 - - [04/Dec/2014:03:01:54 +0100] "GET / HTTP/1.1" 200 1255 "-" "Mozilla/5.0 (compatible; bingbot/2.0; +http://www.bing.com/bingbot.htm)"
207.46.13.125 - - [04/Dec/2014:05:17:28 +0100] "GET / HTTP/1.1" 304 - "-" "Mozilla/5.0 (compatible; bingbot/2.0; +http://www.bing.com/bingbot.htm)"
141.8.147.12 - - [04/Dec/2014:10:31:21 +0100] "GET /robots.txt HTTP/1.1" 404 1256 "-" "Mozilla/5.0 (compatible; YandexBot/3.0; +http://yandex.com/bots)"
141.8.147.12 - - [04/Dec/2014:11:31:30 +0100] "GET / HTTP/1.1" 200 1255 "-" "Mozilla/5.0 (compatible; YandexBot/3.0; +http://yandex.com/bots)"
66.249.78.186 - - [04/Dec/2014:11:46:13 +0100] "GET / HTTP/1.1" 200 1255 "-" "Mozilla/5.0 (compatible; Googlebot/2.1; +http://www.google.com/bot.html)"
207.46.13.125 - - [04/Dec/2014:19:26:27 +0100] "GET /robots.txt HTTP/1.1" 404 1256 "-" "Mozilla/5.0 (compatible; bingbot/2.0; +http://www.bing.com/bingbot.htm)"
207.46.13.125 - - [04/Dec/2014:19:26:34 +0100] "GET / HTTP/1.1" 200 1255 "-" "Mozilla/5.0 (compatible; bingbot/2.0; +http://www.bing.com/bingbot.htm)"
141.8.147.12 - - [05/Dec/2014:06:55:00 +0100] "GET /robots.txt HTTP/1.1" 404 1256 "-" "Mozilla/5.0 (compatible; YandexBot/3.0; +http://yandex.com/bots)"
141.8.147.12 - - [05/Dec/2014:14:00:32 +0100] "GET / HTTP/1.1" 200 1255 "-" "Mozilla/5.0 (compatible; YandexBot/3.0; +http://yandex.com/bots)"
207.46.13.125 - - [05/Dec/2014:18:53:37 +0100] "GET / HTTP/1.1" 200 1255 "-" "Mozilla/5.0 (compatible; bingbot/2.0; +http://www.bing.com/bingbot.htm)"
141.8.147.12 - - [06/Dec/2014:23:38:31 +0100] "GET /robots.txt HTTP/1.1" 404 1256 "-" "Mozilla/5.0 (compatible; YandexBot/3.0; +http://yandex.com/bots)"
141.8.147.12 - - [07/Dec/2014:00:14:27 +0100] "GET / HTTP/1.1" 200 1255 "-" "Mozilla/5.0 (compatible; YandexBot/3.0; +http://yandex.com/bots)"
157.55.39.85 - - [07/Dec/2014:00:18:04 +0100] "GET /?M=A HTTP/1.1" 304 - "-" "Mozilla/5.0 (compatible; bingbot/2.0; +http://www.bing.com/bingbot.htm)"
157.55.39.158 - - [07/Dec/2014:15:32:20 +0100] "GET /robots.txt HTTP/1.1" 404 1256 "-" "Mozilla/5.0 (compatible; bingbot/2.0; +http://www.bing.com/bingbot.htm)"
157.55.39.158 - - [07/Dec/2014:15:32:24 +0100] "GET / HTTP/1.1" 200 1255 "-" "Mozilla/5.0 (compatible; bingbot/2.0; +http://www.bing.com/bingbot.htm)"
141.8.147.12 - - [07/Dec/2014:21:13:21 +0100] "GET /robots.txt HTTP/1.1" 404 1256 "-" "Mozilla/5.0 (compatible; YandexBot/3.0; +http://yandex.com/bots)"
141.8.147.12 - - [08/Dec/2014:03:12:56 +0100] "GET / HTTP/1.1" 200 1255 "-" "Mozilla/5.0 (compatible; YandexBot/3.0; +http://yandex.com/bots)"
66.249.78.194 - - [08/Dec/2014:08:51:25 +0100] "GET /robots.txt HTTP/1.1" 404 1256 "-" "Mozilla/5.0 (compatible; Googlebot/2.1; +http://www.google.com/bot.html)"
66.249.78.187 - - [08/Dec/2014:08:51:25 +0100] "GET / HTTP/1.1" 200 1255 "-" "Mozilla/5.0 (iPhone; CPU iPhone OS 6_0 like Mac OS X) AppleWebKit/536.26 (KHTML, like Gecko) Version/6.0 Mobile/10A5376e Safari/8536.25 (compatible; Googlebot/2.1; +http://www.google.com/bot.html)"
157.55.39.85 - - [08/Dec/2014:13:10:34 +0100] "GET /?N=D HTTP/1.1" 304 - "-" "Mozilla/5.0 (compatible; bingbot/2.0; +http://www.bing.com/bingbot.htm)"
157.55.39.158 - - [08/Dec/2014:14:18:32 +0100] "GET / HTTP/1.1" 200 1255 "-" "Mozilla/5.0 (compatible; bingbot/2.0; +http://www.bing.com/bingbot.htm)"
141.8.147.12 - - [09/Dec/2014:08:28:39 +0100] "GET /robots.txt HTTP/1.1" 404 1256 "-" "Mozilla/5.0 (compatible; YandexBot/3.0; +http://yandex.com/bots)"
141.8.147.12 - - [09/Dec/2014:09:57:46 +0100] "GET / HTTP/1.1" 200 1255 "-" "Mozilla/5.0 (compatible; YandexBot/3.0; +http://yandex.com/bots)"
157.55.39.158 - - [09/Dec/2014:10:20:15 +0100] "GET /robots.txt HTTP/1.1" 404 1256 "-" "Mozilla/5.0 (compatible; bingbot/2.0; +http://www.bing.com/bingbot.htm)"
64.246.165.190 - - [09/Dec/2014:10:20:21 +0100] "GET /robots.txt HTTP/1.0" 404 1256 "-" "Mozilla/5.0 (Windows; U; Windows NT 5.1; en; rv:1.9.0.13) Gecko/2009073022 Firefox/3.5.2 (.NET CLR 3.5.30729) SurveyBot/2.3 (DomainTools)"
64.246.165.190 - - [09/Dec/2014:10:20:21 +0100] "GET / HTTP/1.1" 200 1255 "http://whois.domaintools.com/ich-habe-ein-problem.de" "Mozilla/5.0 (Windows; U; Windows NT 5.1; en; rv:1.9.0.13) Gecko/2009073022 Firefox/3.5.2 (.NET CLR 3.5.30729) SurveyBot/2.3 (DomainTools)"
157.55.39.158 - - [09/Dec/2014:10:20:27 +0100] "GET / HTTP/1.1" 200 1255 "-" "Mozilla/5.0 (compatible; bingbot/2.0; +http://www.bing.com/bingbot.htm)"
88.198.1.77 - - [09/Dec/2014:20:49:44 +0100] "GET /robots.txt HTTP/1.1" 404 1256 "http://www.sitedomain.de/" "Sitedomain-Bot(Sitedomain-Bot 1.0, http://www.sitedomain.de/sitedomain-bot/)"
141.8.147.12 - - [09/Dec/2014:23:52:25 +0100] "GET /robots.txt HTTP/1.1" 404 1256 "-" "Mozilla/5.0 (compatible; YandexBot/3.0; +http://yandex.com/bots)"
141.8.147.12 - - [09/Dec/2014:23:54:55 +0100] "GET / HTTP/1.1" 200 1255 "-" "Mozilla/5.0 (compatible; YandexBot/3.0; +http://yandex.com/bots)"
157.55.39.158 - - [10/Dec/2014:06:12:05 +0100] "GET / HTTP/1.1" 200 1255 "-" "Mozilla/5.0 (compatible; bingbot/2.0; +http://www.bing.com/bingbot.htm)"
162.243.236.34 - - [10/Dec/2014:16:30:12 +0100] "GET / HTTP/1.0" 200 1255 "-" "Mozilla/5.0 (compatible; NetcraftSurveyAgent/1.0; +info@netcraft.com)"
141.8.147.12 - - [10/Dec/2014:21:27:10 +0100] "GET /robots.txt HTTP/1.1" 404 1256 "-" "Mozilla/5.0 (compatible; YandexBot/3.0; +http://yandex.com/bots)"
141.8.147.12 - - [10/Dec/2014:21:27:13 +0100] "GET / HTTP/1.1" 200 1255 "-" "Mozilla/5.0 (compatible; YandexBot/3.0; +http://yandex.com/bots)"
157.55.39.158 - - [11/Dec/2014:09:57:44 +0100] "GET / HTTP/1.1" 200 1255 "-" "Mozilla/5.0 (compatible; bingbot/2.0; +http://www.bing.com/bingbot.htm)"
141.8.147.12 - - [11/Dec/2014:19:15:44 +0100] "GET /robots.txt HTTP/1.1" 404 1256 "-" "Mozilla/5.0 (compatible; YandexBot/3.0; +http://yandex.com/bots)"
141.8.147.12 - - [11/Dec/2014:21:02:51 +0100] "GET / HTTP/1.1" 200 1255 "-" "Mozilla/5.0 (compatible; YandexBot/3.0; +http://yandex.com/bots)"
157.55.39.158 - - [12/Dec/2014:08:26:25 +0100] "GET /robots.txt HTTP/1.1" 404 1256 "-" "Mozilla/5.0 (compatible; bingbot/2.0; +http://www.bing.com/bingbot.htm)"
157.55.39.158 - - [12/Dec/2014:08:27:09 +0100] "GET / HTTP/1.1" 200 1255 "-" "Mozilla/5.0 (compatible; bingbot/2.0; +http://www.bing.com/bingbot.htm)"
157.55.39.72 - - [13/Dec/2014:05:42:11 +0100] "GET /?N=A HTTP/1.1" 304 - "-" "Mozilla/5.0 (compatible; bingbot/2.0; +http://www.bing.com/bingbot.htm)"
157.55.39.158 - - [13/Dec/2014:09:17:40 +0100] "GET /robots.txt HTTP/1.1" 404 1256 "-" "Mozilla/5.0 (compatible; bingbot/2.0; +http://www.bing.com/bingbot.htm)"
157.55.39.158 - - [13/Dec/2014:09:19:34 +0100] "GET / HTTP/1.1" 200 1255 "-" "Mozilla/5.0 (compatible; bingbot/2.0; +http://www.bing.com/bingbot.htm)"
157.55.39.158 - - [14/Dec/2014:10:37:49 +0100] "GET / HTTP/1.1" 200 1255 "-" "Mozilla/5.0 (compatible; bingbot/2.0; +http://www.bing.com/bingbot.htm)"
81.161.59.17 - - [15/Dec/2014:12:24:27 +0100] "GET / HTTP/1.1" 200 1255 "-" "Mozilla/5.0 (Windows NT 6.2) AppleWebKit/536.6 (KHTML, like Gecko) Chrome/20.0.1090.0 Safari/536.6"
141.8.147.12 - - [15/Dec/2014:12:39:45 +0100] "GET /robots.txt HTTP/1.1" 404 1256 "-" "Mozilla/5.0 (compatible; YandexBot/3.0; +http://yandex.com/bots)"
157.55.39.158 - - [15/Dec/2014:13:34:23 +0100] "GET /robots.txt HTTP/1.1" 404 1256 "-" "Mozilla/5.0 (compatible; bingbot/2.0; +http://www.bing.com/bingbot.htm)"
157.55.39.158 - - [15/Dec/2014:13:34:29 +0100] "GET / HTTP/1.1" 200 1255 "-" "Mozilla/5.0 (compatible; bingbot/2.0; +http://www.bing.com/bingbot.htm)"
141.8.147.12 - - [15/Dec/2014:16:08:38 +0100] "GET / HTTP/1.1" 200 1255 "-" "Mozilla/5.0 (compatible; YandexBot/3.0; +http://yandex.com/bots)"
91.22.186.147 - - [15/Dec/2014:20:15:11 +0100] "GET / HTTP/1.1" 200 1255 "http://www.google.de/url?sa=t&rct=j&q=&esrc=s&source=web&cd=1&ved=0CCEQFjAA&url=http%3A%2F%2Fwww.ich-habe-ein-problem.de%2F&ei=xDKPVNT1D8LSaJeagLgD&usg=AFQjCNGaFscpdWLrJrCYxrbshV6YFPYBVg&bvm=bv.81828268,d.bGQ" "Mozilla/5.0 (Windows NT 6.3; Win64; x64; Trident/7.0; Touch; rv:11.0) like Gecko"
91.22.186.147 - - [15/Dec/2014:20:15:12 +0100] "GET /favicon.ico HTTP/1.1" 404 1256 "-" "Mozilla/5.0 (Windows NT 6.3; Win64; x64; Trident/7.0; Touch; rv:11.0) like Gecko"
217.69.133.223 - - [15/Dec/2014:21:53:52 +0100] "GET /robots.txt HTTP/1.1" 404 1256 "-" "Mozilla/5.0 (compatible; Linux x86_64; Mail.RU_Bot/2.0; +http://go.mail.ru/help/robots)"
217.69.133.220 - - [15/Dec/2014:21:53:53 +0100] "GET / HTTP/1.1" 304 - "-" "Mozilla/5.0 (compatible; Linux x86_64; Mail.RU_Bot/2.0; +http://go.mail.ru/help/robots)"
141.8.147.12 - - [17/Dec/2014:06:03:55 +0100] "GET /robots.txt HTTP/1.1" 404 1256 "-" "Mozilla/5.0 (compatible; YandexBot/3.0; +http://yandex.com/bots)"
141.8.147.12 - - [17/Dec/2014:10:53:29 +0100] "GET / HTTP/1.1" 200 1255 "-" "Mozilla/5.0 (compatible; YandexBot/3.0; +http://yandex.com/bots)"
157.55.39.69 - - [17/Dec/2014:21:25:03 +0100] "GET /robots.txt HTTP/1.1" 404 1256 "-" "Mozilla/5.0 (compatible; bingbot/2.0; +http://www.bing.com/bingbot.htm)"
157.55.39.68 - - [17/Dec/2014:21:25:06 +0100] "GET /?M=D HTTP/1.1" 304 - "-" "Mozilla/5.0 (compatible; bingbot/2.0; +http://www.bing.com/bingbot.htm)"
66.249.78.187 - - [18/Dec/2014:18:32:03 +0100] "GET /robots.txt HTTP/1.1" 404 1256 "-" "Mozilla/5.0 (compatible; Googlebot/2.1; +http://www.google.com/bot.html)"
66.249.78.180 - - [18/Dec/2014:18:32:03 +0100] "GET / HTTP/1.1" 200 1255 "-" "Mozilla/5.0 (iPhone; CPU iPhone OS 6_0 like Mac OS X) AppleWebKit/536.26 (KHTML, like Gecko) Version/6.0 Mobile/10A5376e Safari/8536.25 (compatible; Googlebot/2.1; +http://www.google.com/bot.html)"
141.8.147.12 - - [18/Dec/2014:20:49:33 +0100] "GET /robots.txt HTTP/1.1" 404 1256 "-" "Mozilla/5.0 (compatible; YandexBot/3.0; +http://yandex.com/bots)"
157.55.39.158 - - [18/Dec/2014:23:08:37 +0100] "GET /robots.txt HTTP/1.1" 404 1256 "-" "Mozilla/5.0 (compatible; bingbot/2.0; +http://www.bing.com/bingbot.htm)"
157.55.39.158 - - [18/Dec/2014:23:08:53 +0100] "GET / HTTP/1.1" 200 1255 "-" "Mozilla/5.0 (compatible; bingbot/2.0; +http://www.bing.com/bingbot.htm)"
141.8.147.12 - - [19/Dec/2014:03:16:13 +0100] "GET / HTTP/1.1" 200 1255 "-" "Mozilla/5.0 (compatible; YandexBot/3.0; +http://yandex.com/bots)"
217.69.133.220 - - [19/Dec/2014:13:05:10 +0100] "GET /robots.txt HTTP/1.1" 404 1256 "-" "Mozilla/5.0 (compatible; Linux x86_64; Mail.RU_Bot/2.0; +http://go.mail.ru/help/robots)"
217.69.133.220 - - [19/Dec/2014:13:05:11 +0100] "GET / HTTP/1.1" 304 - "-" "Mozilla/5.0 (compatible; Linux x86_64; Mail.RU_Bot/2.0; +http://go.mail.ru/help/robots)"
141.8.147.12 - - [20/Dec/2014:11:56:21 +0100] "GET /robots.txt HTTP/1.1" 404 1256 "-" "Mozilla/5.0 (compatible; YandexBot/3.0; +http://yandex.com/bots)"
54.93.44.155 - - [20/Dec/2014:12:46:49 +0100] "GET / HTTP/1.1" 200 1255 "-" "Mozilla/5.0 (Windows NT 6.1; WOW64; rv:6.0a2) Gecko/20110613 Firefox/6.0a2"
141.8.147.12 - - [20/Dec/2014:13:49:43 +0100] "GET / HTTP/1.1" 200 1255 "-" "Mozilla/5.0 (compatible; YandexBot/3.0; +http://yandex.com/bots)"
207.46.13.18 - - [20/Dec/2014:16:36:14 +0100] "GET /log/access.log HTTP/1.1" 404 1256 "-" "Mozilla/5.0 (compatible; bingbot/2.0; +http://www.bing.com/bingbot.htm)"
157.55.39.158 - - [20/Dec/2014:19:32:36 +0100] "GET / HTTP/1.1" 200 1255 "-" "Mozilla/5.0 (compatible; bingbot/2.0; +http://www.bing.com/bingbot.htm)"
157.55.39.84 - - [21/Dec/2014:10:50:11 +0100] "GET /robots.txt HTTP/1.1" 404 1256 "-" "Mozilla/5.0 (compatible; bingbot/2.0; +http://www.bing.com/bingbot.htm)"
157.55.39.84 - - [21/Dec/2014:10:50:17 +0100] "GET /?D=A HTTP/1.1" 304 - "-" "Mozilla/5.0 (compatible; bingbot/2.0; +http://www.bing.com/bingbot.htm)"
157.55.39.158 - - [21/Dec/2014:19:18:40 +0100] "GET / HTTP/1.1" 200 1255 "-" "Mozilla/5.0 (compatible; bingbot/2.0; +http://www.bing.com/bingbot.htm)"
157.55.39.158 - - [21/Dec/2014:21:14:22 +0100] "GET / HTTP/1.1" 304 - "-" "Mozilla/5.0 (compatible; bingbot/2.0; +http://www.bing.com/bingbot.htm)"
141.8.147.12 - - [21/Dec/2014:22:40:28 +0100] "GET /robots.txt HTTP/1.1" 404 1256 "-" "Mozilla/5.0 (compatible; YandexBot/3.0; +http://yandex.com/bots)"
157.55.39.84 - - [21/Dec/2014:23:51:11 +0100] "GET /?D=A HTTP/1.1" 304 - "-" "Mozilla/5.0 (compatible; bingbot/2.0; +http://www.bing.com/bingbot.htm)"
141.8.147.12 - - [21/Dec/2014:23:54:15 +0100] "GET / HTTP/1.1" 200 1255 "-" "Mozilla/5.0 (compatible; YandexBot/3.0; +http://yandex.com/bots)"
64.246.165.170 - - [22/Dec/2014:12:36:40 +0100] "GET /robots.txt HTTP/1.0" 404 1256 "-" "Mozilla/5.0 (Windows; U; Windows NT 5.1; en; rv:1.9.0.13) Gecko/2009073022 Firefox/3.5.2 (.NET CLR 3.5.30729) SurveyBot/2.3 (DomainTools)"
64.246.165.170 - - [22/Dec/2014:12:36:41 +0100] "GET / HTTP/1.1" 200 1255 "http://whois.domaintools.com/ich-habe-ein-problem.de" "Mozilla/5.0 (Windows; U; Windows NT 5.1; en; rv:1.9.0.13) Gecko/2009073022 Firefox/3.5.2 (.NET CLR 3.5.30729) SurveyBot/2.3 (DomainTools)"
157.55.39.158 - - [22/Dec/2014:22:55:14 +0100] "GET / HTTP/1.1" 200 1255 "-" "Mozilla/5.0 (compatible; bingbot/2.0; +http://www.bing.com/bingbot.htm)"
207.46.13.24 - - [23/Dec/2014:01:35:46 +0100] "GET /?S=A HTTP/1.1" 304 - "-" "Mozilla/5.0 (compatible; bingbot/2.0; +http://www.bing.com/bingbot.htm)"
157.55.39.158 - - [23/Dec/2014:16:00:08 +0100] "GET /robots.txt HTTP/1.1" 404 1256 "-" "Mozilla/5.0 (compatible; bingbot/2.0; +http://www.bing.com/bingbot.htm)"
157.55.39.158 - - [23/Dec/2014:16:00:15 +0100] "GET / HTTP/1.1" 200 1255 "-" "Mozilla/5.0 (compatible; bingbot/2.0; +http://www.bing.com/bingbot.htm)"
157.55.39.84 - - [24/Dec/2014:04:14:03 +0100] "GET /robots.txt HTTP/1.1" 404 1256 "-" "Mozilla/5.0 (compatible; bingbot/2.0; +http://www.bing.com/bingbot.htm)"
157.55.39.84 - - [24/Dec/2014:04:14:09 +0100] "GET /?M=A HTTP/1.1" 304 - "-" "Mozilla/5.0 (compatible; bingbot/2.0; +http://www.bing.com/bingbot.htm)"
157.55.39.158 - - [24/Dec/2014:06:34:37 +0100] "GET / HTTP/1.1" 200 1255 "-" "Mozilla/5.0 (compatible; bingbot/2.0; +http://www.bing.com/bingbot.htm)"
66.249.79.16 - - [24/Dec/2014:15:41:19 +0100] "GET /robots.txt HTTP/1.1" 404 1256 "-" "Mozilla/5.0 (compatible; Googlebot/2.1; +http://www.google.com/bot.html)"
66.249.79.5 - - [24/Dec/2014:15:41:20 +0100] "GET / HTTP/1.1" 200 1255 "-" "Mozilla/5.0 (compatible; Googlebot/2.1; +http://www.google.com/bot.html)"
83.215.147.221 - - [25/Dec/2014:15:07:01 +0100] "GET / HTTP/1.1" 200 1255 "-" "Mozilla/5.0 (Macintosh; Intel Mac OS X 10_10_1) AppleWebKit/537.36 (KHTML, like Gecko) Chrome/39.0.2171.95 Safari/537.36"
83.215.147.221 - - [25/Dec/2014:15:07:02 +0100] "GET /favicon.ico HTTP/1.1" 404 1256 "-" "Mozilla/5.0 (Macintosh; Intel Mac OS X 10_10_1) AppleWebKit/537.36 (KHTML, like Gecko) Chrome/39.0.2171.95 Safari/537.36"
157.55.39.158 - - [25/Dec/2014:17:06:32 +0100] "GET / HTTP/1.1" 200 1255 "-" "Mozilla/5.0 (compatible; bingbot/2.0; +http://www.bing.com/bingbot.htm)"
157.55.39.84 - - [25/Dec/2014:21:44:52 +0100] "GET /?N=D HTTP/1.1" 304 - "-" "Mozilla/5.0 (compatible; bingbot/2.0; +http://www.bing.com/bingbot.htm)"
157.55.39.158 - - [26/Dec/2014:02:18:09 +0100] "GET / HTTP/1.1" 200 1255 "-" "Mozilla/5.0 (compatible; bingbot/2.0; +http://www.bing.com/bingbot.htm)"
157.55.39.158 - - [27/Dec/2014:00:40:45 +0100] "GET /robots.txt HTTP/1.1" 404 1256 "-" "Mozilla/5.0 (compatible; bingbot/2.0; +http://www.bing.com/bingbot.htm)"
157.55.39.158 - - [27/Dec/2014:00:46:25 +0100] "GET / HTTP/1.1" 200 1255 "-" "Mozilla/5.0 (compatible; bingbot/2.0; +http://www.bing.com/bingbot.htm)"
157.55.39.158 - - [27/Dec/2014:02:41:50 +0100] "GET /log/?M=A HTTP/1.1" 404 1256 "-" "Mozilla/5.0 (compatible; bingbot/2.0; +http://www.bing.com/bingbot.htm)"
157.55.39.158 - - [28/Dec/2014:00:05:08 +0100] "GET / HTTP/1.1" 200 1255 "-" "Mozilla/5.0 (compatible; bingbot/2.0; +http://www.bing.com/bingbot.htm)"
66.249.78.180 - - [28/Dec/2014:15:58:59 +0100] "GET /robots.txt HTTP/1.1" 404 1256 "-" "Mozilla/5.0 (compatible; Googlebot/2.1; +http://www.google.com/bot.html)"
66.249.78.194 - - [28/Dec/2014:15:59:00 +0100] "GET / HTTP/1.1" 200 1255 "-" "Mozilla/5.0 (iPhone; CPU iPhone OS 6_0 like Mac OS X) AppleWebKit/536.26 (KHTML, like Gecko) Version/6.0 Mobile/10A5376e Safari/8536.25 (compatible; Googlebot/2.1; +http://www.google.com/bot.html)"
157.55.39.253 - - [28/Dec/2014:20:08:33 +0100] "GET / HTTP/1.1" 200 1255 "-" "Mozilla/5.0 (compatible; bingbot/2.0; +http://www.bing.com/bingbot.htm)"
157.55.39.253 - - [28/Dec/2014:21:39:47 +0100] "GET / HTTP/1.1" 200 1255 "-" "Mozilla/5.0 (compatible; bingbot/2.0; +http://www.bing.com/bingbot.htm)"
157.55.39.253 - - [29/Dec/2014:19:21:20 +0100] "GET /robots.txt HTTP/1.1" 404 1256 "-" "Mozilla/5.0 (compatible; bingbot/2.0; +http://www.bing.com/bingbot.htm)"
157.55.39.253 - - [29/Dec/2014:19:21:58 +0100] "GET / HTTP/1.1" 200 1255 "-" "Mozilla/5.0 (compatible; bingbot/2.0; +http://www.bing.com/bingbot.htm)"
217.69.133.68 - - [30/Dec/2014:04:24:10 +0100] "GET /robots.txt HTTP/1.1" 404 1256 "-" "Mozilla/5.0 (compatible; Linux x86_64; Mail.RU_Bot/2.0; +http://go.mail.ru/help/robots)"
217.69.133.220 - - [30/Dec/2014:04:24:11 +0100] "GET / HTTP/1.1" 304 - "-" "Mozilla/5.0 (compatible; Linux x86_64; Mail.RU_Bot/2.0; +http://go.mail.ru/help/robots)"
207.46.13.127 - - [30/Dec/2014:09:23:14 +0100] "GET /robots.txt HTTP/1.1" 404 1256 "-" "Mozilla/5.0 (compatible; bingbot/2.0; +http://www.bing.com/bingbot.htm)"
207.46.13.127 - - [30/Dec/2014:09:23:14 +0100] "GET / HTTP/1.1" 200 1255 "-" "Mozilla/5.0 (compatible; bingbot/2.0; +http://www.bing.com/bingbot.htm)"
157.55.39.69 - - [30/Dec/2014:14:39:45 +0100] "GET /?N=A HTTP/1.1" 304 - "-" "Mozilla/5.0 (compatible; bingbot/2.0; +http://www.bing.com/bingbot.htm)"
141.8.147.12 - - [31/Dec/2014:01:53:43 +0100] "GET /robots.txt HTTP/1.1" 404 1256 "-" "Mozilla/5.0 (compatible; YandexBot/3.0; +http://yandex.com/bots)"
141.8.147.12 - - [31/Dec/2014:04:40:49 +0100] "GET / HTTP/1.1" 200 1255 "-" "Mozilla/5.0 (compatible; YandexBot/3.0; +http://yandex.com/bots)"
82.80.249.169 - - [31/Dec/2014:06:03:55 +0100] "GET / HTTP/1.1" 200 1255 "-" "Mozilla/5.0 (Windows NT 5.1; rv:26.0) Gecko/20100101 Firefox/26.0"
207.46.13.127 - - [31/Dec/2014:06:56:45 +0100] "GET / HTTP/1.1" 200 1255 "-" "Mozilla/5.0 (compatible; bingbot/2.0; +http://www.bing.com/bingbot.htm)"