212.86.219.134 - - [11/Sep/2014:10:12:15 +0200] "GET / HTTP/1.1" 302 - "-" "Mozilla/5.0 (Macintosh; U; Intel Mac OS X 10_5_6; en-us) AppleWebKit/528.16 (KHTML, like Gecko) Version/4.0 Safari/528.16"
141.8.147.12 - - [11/Sep/2014:12:51:50 +0200] "GET /robots.txt HTTP/1.1" 404 1256 "-" "Mozilla/5.0 (compatible; YandexBot/3.0; +http://yandex.com/bots)"
141.8.147.12 - - [11/Sep/2014:12:51:53 +0200] "GET / HTTP/1.1" 302 - "-" "Mozilla/5.0 (compatible; YandexBot/3.0; +http://yandex.com/bots)"
148.251.124.174 - - [11/Sep/2014:13:42:05 +0200] "GET /robots.txt HTTP/1.0" 404 1256 "-" "Mozilla/5.0 (compatible; MJ12bot/v1.4.5; http://www.majestic12.co.uk/bot.php?+)"
148.251.124.174 - - [11/Sep/2014:13:42:08 +0200] "GET /?&nid=13 HTTP/1.0" 302 - "-" "Mozilla/5.0 (compatible; MJ12bot/v1.4.5; http://www.majestic12.co.uk/bot.php?+)"
148.251.124.174 - - [11/Sep/2014:13:42:15 +0200] "GET /?&nid=19 HTTP/1.0" 302 - "-" "Mozilla/5.0 (compatible; MJ12bot/v1.4.5; http://www.majestic12.co.uk/bot.php?+)"
85.179.129.76 - - [11/Sep/2014:16:58:59 +0200] "GET / HTTP/1.1" 302 - "http://www.friedrich-list-berlin.eu/fls_1_gaestebuch.php" "Mozilla/5.0 (Windows NT 6.3; WOW64) AppleWebKit/537.36 (KHTML, like Gecko) Chrome/37.0.2062.103 Safari/537.36"
142.54.178.4 - - [11/Sep/2014:17:00:54 +0200] "GET / HTTP/1.1" 302 - "-" "Java/1.4.1_04"
176.9.76.43 - - [11/Sep/2014:17:02:46 +0200] "GET /robots.txt HTTP/1.1" 404 1256 "-" "Mozilla/5.0 (X11; Ubuntu; Linux x86_64; rv:27.0) Gecko/20100101 Firefox/27.0"
176.9.76.43 - - [11/Sep/2014:17:02:46 +0200] "GET / HTTP/1.1" 302 - "-" "Mozilla/5.0 (X11; Ubuntu; Linux x86_64; rv:27.0) Gecko/20100101 Firefox/27.0"
188.138.41.174 - - [11/Sep/2014:18:04:03 +0200] "GET / HTTP/1.1" 302 - "-" "Mozilla/5.0 (Windows NT 6.1; rv:24.0) Gecko/20100101 Firefox/24.0"
188.138.41.174 - - [11/Sep/2014:18:04:28 +0200] "GET /robots.txt HTTP/1.1" 404 1256 "-" "Mozilla/5.0 (Windows NT 6.1; rv:24.0) Gecko/20100101 Firefox/24.0"
188.138.41.174 - - [11/Sep/2014:18:04:28 +0200] "GET / HTTP/1.1" 302 - "-" "Mozilla/5.0 (X11; U; Linux i686; de; rv:1.9.0.1; compatible; iCjobs Stellenangebote Jobs; http://www.icjobs.de) Gecko/20100401 iCjobs/3.2.3"
188.138.41.174 - - [11/Sep/2014:18:04:30 +0200] "GET / HTTP/1.1" 302 - "-" "Mozilla/5.0 (Windows NT 6.1; rv:24.0) Gecko/20100101 Firefox/24.0"
188.138.41.174 - - [11/Sep/2014:18:04:47 +0200] "GET /favicon.ico HTTP/1.1" 404 1256 "-" "Mozilla/5.0 (Windows NT 6.1; rv:24.0) Gecko/20100101 Firefox/24.0"
188.138.41.174 - - [11/Sep/2014:18:04:48 +0200] "GET / HTTP/1.1" 302 - "-" "Mozilla/5.0 (Windows NT 6.1; rv:24.0) Gecko/20100101 Firefox/24.0"
79.193.139.209 - - [11/Sep/2014:18:32:31 +0200] "GET / HTTP/1.1" 302 - "http://www.friedrich-list-berlin.eu/fls_4_impressum.php" "Mozilla/5.0 (Windows NT 6.1; WOW64; rv:32.0) Gecko/20100101 Firefox/32.0"
208.115.113.85 - - [11/Sep/2014:20:42:12 +0200] "GET /robots.txt HTTP/1.1" 404 1256 "-" "Mozilla/5.0 (compatible; DotBot/1.1; http://www.opensiteexplorer.org/dotbot, help@moz.com)"
62.145.201.90 - - [11/Sep/2014:21:14:27 +0200] "GET / HTTP/1.1" 302 - "-" "Mozilla/5.0 (iPhone; CPU iPhone OS 7_1_2 like Mac OS X) AppleWebKit/537.51.2 (KHTML, like Gecko) Version/7.0 Mobile/11D257 Safari/9537.53"
208.115.113.85 - - [11/Sep/2014:22:33:39 +0200] "GET /include.php?path=contentarchive&type=2&catid=0&letter=W&entries=0&searchtext=&order=titled HTTP/1.1" 404 1256 "-" "Mozilla/5.0 (compatible; DotBot/1.1; http://www.opensiteexplorer.org/dotbot, help@moz.com)"
46.229.170.197 - - [11/Sep/2014:23:50:36 +0200] "GET / HTTP/1.1" 302 - "-" "Mozilla/5.0 (Windows NT 5.0; rv:5.0) Gecko/20100101 Firefox/5.0"
66.249.78.18 - - [12/Sep/2014:00:15:27 +0200] "GET /robots.txt HTTP/1.1" 404 1256 "-" "Mozilla/5.0 (compatible; Googlebot/2.1; +http://www.google.com/bot.html)"
66.249.78.18 - - [12/Sep/2014:00:15:27 +0200] "GET /?path=content&contentid=41 HTTP/1.1" 302 - "-" "Mozilla/5.0 (compatible; Googlebot/2.1; +http://www.google.com/bot.html)"
104.131.193.213 - - [12/Sep/2014:00:48:42 +0200] "GET / HTTP/1.0" 302 - "-" "Mozilla/5.0 (compatible; NetcraftSurveyAgent/1.0; +info@netcraft.com)"
193.175.194.33 - - [12/Sep/2014:02:22:58 +0200] "GET / HTTP/1.1" 302 - "-" "Bildungsserver-Linkchecker DBS 0.9 (http://www.bildungsserver.de)"
148.251.124.173 - - [12/Sep/2014:03:14:09 +0200] "GET /robots.txt HTTP/1.0" 404 1256 "-" "Mozilla/5.0 (compatible; MJ12bot/v1.4.5; http://www.majestic12.co.uk/bot.php?+)"
148.251.124.173 - - [12/Sep/2014:03:14:12 +0200] "GET /include.php?path=download&contentid=93&event=download_not_found HTTP/1.0" 404 1256 "-" "Mozilla/5.0 (compatible; MJ12bot/v1.4.5; http://www.majestic12.co.uk/bot.php?+)"
178.255.215.68 - - [12/Sep/2014:04:40:24 +0200] "GET /robots.txt HTTP/1.1" 404 1256 "-" "Mozilla/5.0 (compatible; Exabot/3.0; +http://www.exabot.com/go/robot)"
178.255.215.68 - - [12/Sep/2014:04:40:24 +0200] "GET / HTTP/1.1" 302 - "-" "Mozilla/5.0 (compatible; Exabot/3.0; +http://www.exabot.com/go/robot)"
104.131.210.196 - - [12/Sep/2014:05:43:53 +0200] "GET / HTTP/1.0" 302 - "-" "Mozilla/5.0 (compatible; NetcraftSurveyAgent/1.0; +info@netcraft.com)"
68.180.224.243 - - [12/Sep/2014:06:47:27 +0200] "GET /robots.txt HTTP/1.1" 404 1256 "-" "Mozilla/5.0 (compatible; Yahoo! Slurp; http://help.yahoo.com/help/us/ysearch/slurp)"
68.180.224.243 - - [12/Sep/2014:06:47:28 +0200] "GET / HTTP/1.1" 302 - "-" "Mozilla/5.0 (compatible; Yahoo! Slurp; http://help.yahoo.com/help/us/ysearch/slurp)"
37.5.42.29 - - [12/Sep/2014:09:28:45 +0200] "GET / HTTP/1.1" 302 - "-" "Mozilla/5.0 (Windows NT 6.1; rv:32.0) Gecko/20100101 Firefox/32.0"
50.97.87.82 - - [12/Sep/2014:10:18:25 +0200] "GET / HTTP/1.1" 302 - "-" "Java/1.4.1_04"
50.97.87.82 - - [12/Sep/2014:10:18:26 +0200] "GET /fls_1_aktuelles.php HTTP/1.1" 404 1256 "-" "Java/1.4.1_04"
50.97.87.82 - - [12/Sep/2014:10:18:26 +0200] "GET /fls_2_fremdsprachensekr.php HTTP/1.1" 404 1256 "-" "Java/1.4.1_04"
50.97.87.82 - - [12/Sep/2014:10:18:27 +0200] "GET /fls_3_blog.php HTTP/1.1" 404 1256 "-" "Java/1.4.1_04"
50.97.87.82 - - [12/Sep/2014:10:18:27 +0200] "GET /fls_4_faq.php HTTP/1.1" 404 1256 "-" "Java/1.4.1_04"
50.97.87.82 - - [12/Sep/2014:10:18:27 +0200] "GET /fls_4_impressum.php HTTP/1.1" 404 1256 "-" "Java/1.4.1_04"
50.97.87.82 - - [12/Sep/2014:10:18:27 +0200] "GET /fls_4_kontakt_anmeldung.php HTTP/1.1" 404 1256 "-" "Java/1.4.1_04"
50.97.87.82 - - [12/Sep/2014:10:18:28 +0200] "GET /index.php HTTP/1.1" 302 - "-" "Java/1.4.1_04"
50.97.87.82 - - [12/Sep/2014:10:18:29 +0200] "GET /index_en.php HTTP/1.1" 404 1256 "-" "Java/1.4.1_04"
50.97.87.82 - - [12/Sep/2014:10:18:29 +0200] "GET /index_fr.php HTTP/1.1" 404 1256 "-" "Java/1.4.1_04"
50.97.87.82 - - [12/Sep/2014:10:18:29 +0200] "GET /index_sp.php HTTP/1.1" 404 1256 "-" "Java/1.4.1_04"
50.97.87.82 - - [12/Sep/2014:10:18:29 +0200] "GET /& HTTP/1.1" 404 1256 "-" "Java/1.4.1_04"
50.97.87.82 - - [12/Sep/2014:10:18:30 +0200] "GET /& HTTP/1.1" 404 1256 "-" "Java/1.4.1_04"
50.97.87.82 - - [12/Sep/2014:10:18:30 +0200] "GET /& HTTP/1.1" 404 1256 "-" "Java/1.4.1_04"
50.97.87.82 - - [12/Sep/2014:10:18:30 +0200] "GET /& HTTP/1.1" 404 1256 "-" "Java/1.4.1_04"
50.97.87.82 - - [12/Sep/2014:10:18:31 +0200] "GET /& HTTP/1.1" 404 1256 "-" "Java/1.4.1_04"
50.97.87.82 - - [12/Sep/2014:10:18:31 +0200] "GET /& HTTP/1.1" 404 1256 "-" "Java/1.4.1_04"
50.97.87.82 - - [12/Sep/2014:10:18:31 +0200] "GET /& HTTP/1.1" 404 1256 "-" "Java/1.4.1_04"
50.97.87.82 - - [12/Sep/2014:10:18:31 +0200] "GET /& HTTP/1.1" 404 1256 "-" "Java/1.4.1_04"
50.97.87.82 - - [12/Sep/2014:10:18:32 +0200] "GET /& HTTP/1.1" 404 1256 "-" "Java/1.4.1_04"
50.97.87.82 - - [12/Sep/2014:10:18:32 +0200] "GET /& HTTP/1.1" 404 1256 "-" "Java/1.4.1_04"
50.97.87.82 - - [12/Sep/2014:10:18:32 +0200] "GET /& HTTP/1.1" 404 1256 "-" "Java/1.4.1_04"
50.97.87.82 - - [12/Sep/2014:10:18:33 +0200] "GET /& HTTP/1.1" 404 1256 "-" "Java/1.4.1_04"
50.97.87.82 - - [12/Sep/2014:10:18:33 +0200] "GET /& HTTP/1.1" 404 1256 "-" "Java/1.4.1_04"
50.97.87.82 - - [12/Sep/2014:10:18:33 +0200] "GET /& HTTP/1.1" 404 1256 "-" "Java/1.4.1_04"
50.97.87.82 - - [12/Sep/2014:10:18:33 +0200] "GET /& HTTP/1.1" 404 1256 "-" "Java/1.4.1_04"
50.97.87.82 - - [12/Sep/2014:10:18:34 +0200] "GET /& HTTP/1.1" 404 1256 "-" "Java/1.4.1_04"
50.97.87.82 - - [12/Sep/2014:10:18:34 +0200] "GET /& HTTP/1.1" 404 1256 "-" "Java/1.4.1_04"
50.97.87.82 - - [12/Sep/2014:10:18:34 +0200] "GET /& HTTP/1.1" 404 1256 "-" "Java/1.4.1_04"
50.97.87.82 - - [12/Sep/2014:10:18:34 +0200] "GET /& HTTP/1.1" 404 1256 "-" "Java/1.4.1_04"
50.97.87.82 - - [12/Sep/2014:10:18:35 +0200] "GET /& HTTP/1.1" 404 1256 "-" "Java/1.4.1_04"
162.243.197.76 - - [12/Sep/2014:12:15:40 +0200] "GET /robots.txt HTTP/1.1" 404 1256 "-" "Mozilla/5.0 (compatible; spbot/4.1.0; +http://OpenLinkProfiler.org/bot )"
162.243.197.76 - - [12/Sep/2014:12:15:45 +0200] "GET / HTTP/1.1" 302 - "-" "Mozilla/5.0 (compatible; spbot/4.1.0; +http://OpenLinkProfiler.org/bot )"
87.139.67.64 - - [12/Sep/2014:13:26:03 +0200] "GET / HTTP/1.1" 302 - "-" "Mozilla/5.0 (Windows NT 6.1; WOW64; Trident/7.0; MASBJS; rv:11.0) like Gecko"
141.15.33.1 - - [12/Sep/2014:13:28:25 +0200] "GET / HTTP/1.1" 302 - "http://www.bing.com/local?lid=YN6740x7764354073684075046&id=YN6740x7764354073684075046&q=Oberstufenzentrum+Wirtschaftssprachen+in+Berlin+Kompetenzzentrum+Berlin+Berlin&FORM=LARE" "Mozilla/5.0 (compatible; MSIE 10.0; Windows NT 6.1; Trident/6.0)"
162.210.196.98 - - [12/Sep/2014:14:29:25 +0200] "GET /robots.txt HTTP/1.0" 404 1256 "-" "Mozilla/5.0 (compatible; MJ12bot/v1.4.5; http://www.majestic12.co.uk/bot.php?+)"
162.210.196.98 - - [12/Sep/2014:14:29:26 +0200] "GET / HTTP/1.0" 302 - "-" "Mozilla/5.0 (compatible; MJ12bot/v1.4.5; http://www.majestic12.co.uk/bot.php?+)"
208.115.111.69 - - [12/Sep/2014:14:44:54 +0200] "GET /robots.txt HTTP/1.1" 404 1256 "-" "Mozilla/5.0 (compatible; DotBot/1.1; http://www.opensiteexplorer.org/dotbot, help@moz.com)"
93.228.66.178 - - [12/Sep/2014:15:32:32 +0200] "GET / HTTP/1.1" 302 - "-" "Mozilla/4.0 (compatible; MSIE 7.0; Windows NT 6.0; WOW64; SLCC1; .NET CLR 2.0.50727; .NET CLR 1.1.4322; .NET CLR 3.5.21022; .NET CLR 3.0.04506)"
37.58.100.182 - - [12/Sep/2014:15:35:51 +0200] "GET / HTTP/1.1" 302 - "-" "Mozilla/5.0 (compatible; AhrefsBot/5.0; +http://ahrefs.com/robot/)"
208.115.111.69 - - [12/Sep/2014:16:26:31 +0200] "GET /include.php?path=start&nid=32 HTTP/1.1" 404 1256 "-" "Mozilla/5.0 (compatible; DotBot/1.1; http://www.opensiteexplorer.org/dotbot, help@moz.com)"
199.58.86.211 - - [12/Sep/2014:18:10:16 +0200] "GET /robots.txt HTTP/1.0" 404 1256 "-" "Mozilla/5.0 (compatible; MJ12bot/v1.4.5; http://www.majestic12.co.uk/bot.php?+)"
199.58.86.211 - - [12/Sep/2014:18:10:20 +0200] "GET / HTTP/1.0" 302 - "-" "Mozilla/5.0 (compatible; MJ12bot/v1.4.5; http://www.majestic12.co.uk/bot.php?+)"
176.9.207.91 - - [12/Sep/2014:19:38:45 +0200] "GET /include.php?path=contentarchive&type=2&nid=30 HTTP/1.1" 404 1256 "-" "Mozilla/4.0 (compatible; MSIE 6.0; Windows 98; Win 9x4.90)"
85.178.215.122 - - [12/Sep/2014:21:06:02 +0200] "GET / HTTP/1.1" 302 - "-" "Mozilla/5.0 (Windows NT 6.1; WOW64) AppleWebKit/537.36 (KHTML, like Gecko) Chrome/37.0.2062.103 Safari/537.36"
162.243.110.72 - - [13/Sep/2014:00:42:11 +0200] "GET /robots.txt HTTP/1.1" 404 1256 "-" "Mozilla/5.0 (compatible; spbot/4.1.0; +http://OpenLinkProfiler.org/bot )"
162.243.110.72 - - [13/Sep/2014:00:42:16 +0200] "GET / HTTP/1.1" 302 - "-" "Mozilla/5.0 (compatible; spbot/4.1.0; +http://OpenLinkProfiler.org/bot )"
176.9.207.94 - - [13/Sep/2014:00:50:51 +0200] "GET /include.php?path=contentarchive HTTP/1.1" 404 1256 "-" "Mozilla/4.0 (compatible; MSIE 6.0; Windows 98; Win 9x4.90)"
141.8.147.12 - - [13/Sep/2014:00:53:35 +0200] "GET /robots.txt HTTP/1.1" 404 1256 "-" "Mozilla/5.0 (compatible; YandexBot/3.0; +http://yandex.com/bots)"
100.43.85.7 - - [13/Sep/2014:00:53:38 +0200] "GET / HTTP/1.1" 302 - "-" "Mozilla/5.0 (compatible; YandexBot/3.0; +http://yandex.com/bots)"
37.58.100.92 - - [13/Sep/2014:01:50:50 +0200] "GET /robots.txt HTTP/1.1" 404 1256 "-" "Mozilla/5.0 (compatible; AhrefsBot/5.0; +http://ahrefs.com/robot/)"
81.209.177.145 - - [13/Sep/2014:09:50:05 +0200] "GET /robots.txt HTTP/1.1" 404 1256 "-" "netEstate NE Crawler (+http://www.website-datenbank.de/)"
81.209.177.145 - - [13/Sep/2014:09:50:05 +0200] "GET / HTTP/1.1" 302 - "-" "netEstate NE Crawler (+http://www.website-datenbank.de/)"
148.251.234.168 - - [13/Sep/2014:15:06:32 +0200] "GET /robots.txt HTTP/1.1" 404 1256 "-" "Mozilla/5.0 (X11; Ubuntu; Linux x86_64; rv:27.0) Gecko/20100101 Firefox/27.0"
148.251.234.168 - - [13/Sep/2014:15:06:32 +0200] "GET / HTTP/1.1" 302 - "-" "Mozilla/5.0 (X11; Ubuntu; Linux x86_64; rv:27.0) Gecko/20100101 Firefox/27.0"
92.208.14.163 - - [13/Sep/2014:15:08:41 +0200] "GET / HTTP/1.1" 302 - "https://www.facebook.com/" "Mozilla/5.0 (Windows NT 6.1; WOW64) AppleWebKit/537.36 (KHTML, like Gecko) Chrome/37.0.2062.103 Safari/537.36"
5.199.133.88 - - [13/Sep/2014:15:26:46 +0200] "GET /robots.txt HTTP/1.0" 404 1256 "-" "Mozilla/5.0 (compatible; MJ12bot/v1.4.4; http://www.majestic12.co.uk/bot.php?+)"
5.199.133.88 - - [13/Sep/2014:15:27:00 +0200] "GET / HTTP/1.0" 302 - "-" "Mozilla/5.0 (compatible; MJ12bot/v1.4.4; http://www.majestic12.co.uk/bot.php?+)"
91.21.108.92 - - [13/Sep/2014:15:28:21 +0200] "GET / HTTP/1.1" 302 - "-" "Mozilla/5.0 (Windows NT 6.1; WOW64; rv:32.0) Gecko/20100101 Firefox/32.0"
157.55.39.80 - - [13/Sep/2014:15:46:26 +0200] "GET /robots.txt HTTP/1.1" 404 1256 "-" "Mozilla/5.0 (compatible; bingbot/2.0; +http://www.bing.com/bingbot.htm)"
157.55.39.80 - - [13/Sep/2014:15:46:41 +0200] "GET /include.php?path=content&contentid=8 HTTP/1.1" 404 1256 "-" "Mozilla/5.0 (compatible; bingbot/2.0; +http://www.bing.com/bingbot.htm)"
66.249.78.70 - - [13/Sep/2014:21:42:28 +0200] "GET /robots.txt HTTP/1.1" 404 1256 "-" "Mozilla/5.0 (compatible; Googlebot/2.1; +http://www.google.com/bot.html)"
66.249.78.63 - - [13/Sep/2014:21:42:28 +0200] "GET / HTTP/1.1" 302 - "-" "Mozilla/5.0 (compatible; Googlebot/2.1; +http://www.google.com/bot.html)"
162.243.247.126 - - [13/Sep/2014:22:55:28 +0200] "GET /robots.txt HTTP/1.1" 404 1256 "-" "Mozilla/5.0 (compatible; spbot/4.1.0; +http://OpenLinkProfiler.org/bot )"
162.243.247.126 - - [13/Sep/2014:22:55:33 +0200] "GET / HTTP/1.1" 302 - "-" "Mozilla/5.0 (compatible; spbot/4.1.0; +http://OpenLinkProfiler.org/bot )"
66.249.78.18 - - [13/Sep/2014:23:31:13 +0200] "GET /robots.txt HTTP/1.1" 404 1256 "-" "Mozilla/5.0 (compatible; Googlebot/2.1; +http://www.google.com/bot.html)"
66.249.78.11 - - [13/Sep/2014:23:31:13 +0200] "GET /include.php?path=contentarchive&type=4&letter=0-9&catid=7&themeid=0&searchtext=&entries=0&order=dated&nid=19 HTTP/1.1" 404 1256 "-" "Mozilla/5.0 (compatible; Googlebot/2.1; +http://www.google.com/bot.html)"
66.249.78.11 - - [14/Sep/2014:01:41:33 +0200] "GET /include.php?path=contentarchive&catid=1&type=1 HTTP/1.1" 404 1256 "-" "Mozilla/5.0 (compatible; Googlebot/2.1; +http://www.google.com/bot.html)"
66.249.64.63 - - [14/Sep/2014:01:58:37 +0200] "GET /include.php?path=contentarchive&type=2&catid=1&letter=G&entries=0&searchtext=&order=titled&nid=19 HTTP/1.1" 404 1256 "-" "Mozilla/5.0 (compatible; Googlebot/2.1; +http://www.google.com/bot.html)"
66.249.64.71 - - [14/Sep/2014:01:58:37 +0200] "GET /include.php?path=contentarchive&type=1&catid=1&letter=X&entries=0&searchtext=&order=dated&nid=4 HTTP/1.1" 404 1256 "-" "Mozilla/5.0 (compatible; Googlebot/2.1; +http://www.google.com/bot.html)"
205.144.215.109 - - [14/Sep/2014:04:29:47 +0200] "GET / HTTP/1.1" 302 - "-" "Java/1.7.0_65"
205.144.215.109 - - [14/Sep/2014:04:29:48 +0200] "GET /fls_1_aktuelles.php HTTP/1.1" 404 1256 "-" "Java/1.7.0_65"
205.144.215.109 - - [14/Sep/2014:04:29:48 +0200] "GET /fls_2_fremdsprachensekr.php HTTP/1.1" 404 1256 "-" "Java/1.7.0_65"
205.144.215.109 - - [14/Sep/2014:04:29:48 +0200] "GET /fls_3_blog.php HTTP/1.1" 404 1256 "-" "Java/1.7.0_65"
205.144.215.109 - - [14/Sep/2014:04:29:49 +0200] "GET /fls_4_faq.php HTTP/1.1" 404 1256 "-" "Java/1.7.0_65"
205.144.215.109 - - [14/Sep/2014:04:29:49 +0200] "GET /fls_4_impressum.php HTTP/1.1" 404 1256 "-" "Java/1.7.0_65"
205.144.215.109 - - [14/Sep/2014:04:29:49 +0200] "GET /fls_4_kontakt_anmeldung.php HTTP/1.1" 404 1256 "-" "Java/1.7.0_65"
205.144.215.109 - - [14/Sep/2014:04:29:49 +0200] "GET /index.php HTTP/1.1" 302 - "-" "Java/1.7.0_65"
205.144.215.109 - - [14/Sep/2014:04:29:50 +0200] "GET /index_en.php HTTP/1.1" 404 1256 "-" "Java/1.7.0_65"
205.144.215.109 - - [14/Sep/2014:04:29:51 +0200] "GET /index_fr.php HTTP/1.1" 404 1256 "-" "Java/1.7.0_65"
205.144.215.109 - - [14/Sep/2014:04:29:51 +0200] "GET /index_sp.php HTTP/1.1" 404 1256 "-" "Java/1.7.0_65"
205.144.215.109 - - [14/Sep/2014:04:29:51 +0200] "GET /& HTTP/1.1" 404 1256 "-" "Java/1.7.0_65"
205.144.215.109 - - [14/Sep/2014:04:29:51 +0200] "GET /& HTTP/1.1" 404 1256 "-" "Java/1.7.0_65"
205.144.215.109 - - [14/Sep/2014:04:29:52 +0200] "GET /& HTTP/1.1" 404 1256 "-" "Java/1.7.0_65"
205.144.215.109 - - [14/Sep/2014:04:29:52 +0200] "GET /& HTTP/1.1" 404 1256 "-" "Java/1.7.0_65"
205.144.215.109 - - [14/Sep/2014:04:29:52 +0200] "GET /& HTTP/1.1" 404 1256 "-" "Java/1.7.0_65"
205.144.215.109 - - [14/Sep/2014:04:29:53 +0200] "GET /& HTTP/1.1" 404 1256 "-" "Java/1.7.0_65"
205.144.215.109 - - [14/Sep/2014:04:29:53 +0200] "GET /& HTTP/1.1" 404 1256 "-" "Java/1.7.0_65"
205.144.215.109 - - [14/Sep/2014:04:29:53 +0200] "GET /& HTTP/1.1" 404 1256 "-" "Java/1.7.0_65"
205.144.215.109 - - [14/Sep/2014:04:29:53 +0200] "GET /& HTTP/1.1" 404 1256 "-" "Java/1.7.0_65"
205.144.215.109 - - [14/Sep/2014:04:29:54 +0200] "GET /& HTTP/1.1" 404 1256 "-" "Java/1.7.0_65"
205.144.215.109 - - [14/Sep/2014:04:29:54 +0200] "GET /& HTTP/1.1" 404 1256 "-" "Java/1.7.0_65"
205.144.215.109 - - [14/Sep/2014:04:29:54 +0200] "GET /& HTTP/1.1" 404 1256 "-" "Java/1.7.0_65"
205.144.215.109 - - [14/Sep/2014:04:29:54 +0200] "GET /& HTTP/1.1" 404 1256 "-" "Java/1.7.0_65"
205.144.215.109 - - [14/Sep/2014:04:29:55 +0200] "GET /& HTTP/1.1" 404 1256 "-" "Java/1.7.0_65"
205.144.215.109 - - [14/Sep/2014:04:29:55 +0200] "GET /& HTTP/1.1" 404 1256 "-" "Java/1.7.0_65"
205.144.215.109 - - [14/Sep/2014:04:29:55 +0200] "GET /& HTTP/1.1" 404 1256 "-" "Java/1.7.0_65"
205.144.215.109 - - [14/Sep/2014:04:29:55 +0200] "GET /& HTTP/1.1" 404 1256 "-" "Java/1.7.0_65"
205.144.215.109 - - [14/Sep/2014:04:29:56 +0200] "GET /& HTTP/1.1" 404 1256 "-" "Java/1.7.0_65"
205.144.215.109 - - [14/Sep/2014:04:29:56 +0200] "GET /& HTTP/1.1" 404 1256 "-" "Java/1.7.0_65"
205.144.215.109 - - [14/Sep/2014:04:29:56 +0200] "GET /& HTTP/1.1" 404 1256 "-" "Java/1.7.0_65"
37.58.100.226 - - [14/Sep/2014:04:58:54 +0200] "GET /robots.txt HTTP/1.1" 404 1256 "-" "Mozilla/5.0 (compatible; AhrefsBot/5.0; +http://ahrefs.com/robot/)"
66.249.78.11 - - [14/Sep/2014:06:21:43 +0200] "GET /include.php?path=contentarchive&type=1&letter=F&catid=1&themeid=0&searchtext=&entries=0&order= HTTP/1.1" 404 1256 "-" "Mozilla/5.0 (compatible; Googlebot/2.1; +http://www.google.com/bot.html)"
79.202.65.170 - - [14/Sep/2014:09:53:23 +0200] "GET / HTTP/1.1" 302 - "http://m.bigfinder.de/?c=ws&q=startseite&v=1" "Mozilla/5.0 (Windows NT 6.1; WOW64; rv:28.0) Gecko/20100101 Firefox/28.0"
78.52.167.233 - - [14/Sep/2014:13:12:23 +0200] "GET / HTTP/1.1" 302 - "-" "Mozilla/5.0 (Windows NT 6.1; WOW64; rv:31.0) Gecko/20100101 Firefox/31.0"
144.76.16.195 - - [14/Sep/2014:13:16:31 +0200] "GET /robots.txt HTTP/1.0" 404 1256 "-" "Mozilla/5.0 (Windows NT 6.1; WOW64) AppleWebKit/537.36 (KHTML, like Gecko) Chrome/33.0.1750.146 Safari/537.36"
144.76.16.195 - - [14/Sep/2014:13:16:31 +0200] "GET / HTTP/1.0" 302 - "-" "Mozilla/5.0 (Windows NT 6.1; WOW64) AppleWebKit/537.36 (KHTML, like Gecko) Chrome/33.0.1750.146 Safari/537.36"
91.21.108.92 - - [14/Sep/2014:14:29:17 +0200] "GET / HTTP/1.1" 302 - "-" "Mozilla/5.0 (Windows NT 6.1; WOW64; rv:32.0) Gecko/20100101 Firefox/32.0"
160.45.6.134 - - [14/Sep/2014:16:11:01 +0200] "GET / HTTP/1.1" 302 - "http://www.berlin.de/sen/bildung/schulverzeichnis_und_portraets/anwendung/Schulportrait.aspx?IDSchulzweig=13067" "Mozilla/5.0 (compatible; MSIE 10.0; Windows NT 6.1; WOW64; Trident/6.0)"
81.144.138.34 - - [14/Sep/2014:17:00:24 +0200] "GET /robots.txt HTTP/1.1" 404 1256 "-" "Wotbox/2.01 (+http://www.wotbox.com/bot/)"
81.144.138.34 - - [14/Sep/2014:17:00:36 +0200] "GET / HTTP/1.1" 302 - "-" "Wotbox/2.01 (+http://www.wotbox.com/bot/)"
204.104.55.244 - - [14/Sep/2014:18:07:12 +0200] "GET / HTTP/1.1" 302 - "http://www.yelp.com/biz_redir?url=http%3A%2F%2Fwww.friedrich-list-berlin.de&src_bizid=fSHiYxGQm1Z5g7TwC8oc_A&cachebuster=1410710714&s=7abf86c30dab8e735be2ac7bf076fec86f592373076d0b1485684f1483eabd11" "Mozilla/5.0 (Windows NT 6.1; WOW64) AppleWebKit/537.36 (KHTML, like Gecko) Chrome/37.0.2062.120 Safari/537.36"
204.104.55.244 - - [14/Sep/2014:18:10:19 +0200] "GET / HTTP/1.1" 302 - "http://www.yelp.com/biz_redir?url=http%3A%2F%2Fwww.friedrich-list-berlin.de&src_bizid=fSHiYxGQm1Z5g7TwC8oc_A&cachebuster=1410710714&s=7abf86c30dab8e735be2ac7bf076fec86f592373076d0b1485684f1483eabd11" "Mozilla/5.0 (Windows NT 6.1; WOW64) AppleWebKit/537.36 (KHTML, like Gecko) Chrome/37.0.2062.120 Safari/537.36"
148.251.41.235 - - [14/Sep/2014:21:22:11 +0200] "GET /robots.txt HTTP/1.0" 404 1256 "-" "Mozilla/5.0 (compatible; SEOkicks-Robot; +http://www.seokicks.de/robot.html)"
148.251.41.235 - - [14/Sep/2014:21:22:14 +0200] "GET / HTTP/1.0" 302 - "-" "Mozilla/5.0 (compatible; SEOkicks-Robot; +http://www.seokicks.de/robot.html)"
84.119.28.26 - - [14/Sep/2014:21:28:29 +0200] "OPTIONS / HTTP/1.1" 302 - "-" "Microsoft Office Protocol Discovery"
84.119.28.26 - - [14/Sep/2014:21:28:30 +0200] "GET / HTTP/1.1" 302 - "-" "Mozilla/4.0 (compatible; MSIE 7.0; Windows NT 6.1; Trident/7.0; SLCC2; .NET CLR 2.0.50727; .NET CLR 3.5.30729; .NET CLR 3.0.30729; Media Center PC 6.0; .NET4.0C; InfoPath.3; Tablet PC 2.0; .NET4.0E; ms-office)"
144.76.16.195 - - [14/Sep/2014:23:29:12 +0200] "GET /robots.txt HTTP/1.0" 404 1256 "-" "Mozilla/5.0 (Windows NT 6.1; WOW64) AppleWebKit/537.36 (KHTML, like Gecko) Chrome/33.0.1750.146 Safari/537.36"
144.76.16.195 - - [14/Sep/2014:23:29:12 +0200] "GET / HTTP/1.0" 302 - "-" "Mozilla/5.0 (Windows NT 6.1; WOW64) AppleWebKit/537.36 (KHTML, like Gecko) Chrome/33.0.1750.146 Safari/537.36"
66.249.78.63 - - [15/Sep/2014:01:14:19 +0200] "GET /robots.txt HTTP/1.1" 404 1256 "-" "Mozilla/5.0 (compatible; Googlebot/2.1; +http://www.google.com/bot.html)"
66.249.78.63 - - [15/Sep/2014:01:14:19 +0200] "GET /?&sa=U&ei=yhcWVN7mAcO4O_WOgfAD&ved=0CDIQoAIwBA&usg=AFQjCNF-ACnSUINQav1Zw_eGCxSAPrRgcA HTTP/1.1" 302 - "-" "Mozilla/5.0 (compatible; Googlebot/2.1; +http://www.google.com/bot.html)"
66.249.64.71 - - [15/Sep/2014:06:24:03 +0200] "GET /robots.txt HTTP/1.1" 404 1256 "-" "Mozilla/5.0 (compatible; Googlebot/2.1; +http://www.google.com/bot.html)"
66.249.78.18 - - [15/Sep/2014:06:24:03 +0200] "GET /fx/default/icons/button-link-large.png HTTP/1.1" 404 1256 "-" "Googlebot-Image/1.0"
128.131.102.100 - - [15/Sep/2014:08:31:08 +0200] "GET / HTTP/1.0" 302 - "-" "Mozilla/5.0 (KeepRight OpenStreetMap Checker; http://keepright.at) Gecko/20100101 Firefox/22.0"
37.5.42.29 - - [15/Sep/2014:11:13:14 +0200] "GET / HTTP/1.1" 302 - "-" "Mozilla/5.0 (Windows NT 6.1; rv:32.0) Gecko/20100101 Firefox/32.0"
141.8.147.12 - - [15/Sep/2014:12:47:13 +0200] "GET /robots.txt HTTP/1.1" 404 1256 "-" "Mozilla/5.0 (compatible; YandexBot/3.0; +http://yandex.com/bots)"
141.8.147.12 - - [15/Sep/2014:12:47:15 +0200] "GET / HTTP/1.1" 302 - "-" "Mozilla/5.0 (compatible; YandexBot/3.0; +http://yandex.com/bots)"
173.252.101.112 - - [15/Sep/2014:13:23:28 +0200] "GET /?fb_locale=de_DE HTTP/1.1" 302 - "-" "facebookexternalhit/1.1 (+http://www.facebook.com/externalhit_uatext.php)"
173.252.101.118 - - [15/Sep/2014:13:23:28 +0200] "GET / HTTP/1.1" 302 - "-" "facebookexternalhit/1.1 (+http://www.facebook.com/externalhit_uatext.php)"
79.216.101.183 - - [15/Sep/2014:15:22:35 +0200] "GET / HTTP/1.1" 302 - "http://www.aubi-plus.de/ausbildung/friedrich-list-schule-berlin-fremdsprachenkorrespondent-schul-10823-berlin-deutschland-117120.html" "Mozilla/5.0 (Windows NT 6.1; WOW64; rv:32.0) Gecko/20100101 Firefox/32.0"
54.235.235.27 - - [15/Sep/2014:22:35:48 +0200] "GET / HTTP/1.1" 302 - "-" "HTTPClient/1.0 (2.4.0, ruby 1.9.3 (2013-06-27))"
91.21.108.92 - - [16/Sep/2014:00:11:31 +0200] "GET / HTTP/1.1" 302 - "-" "Mozilla/5.0 (Windows NT 6.1; WOW64; rv:32.0) Gecko/20100101 Firefox/32.0"
212.53.178.249 - - [16/Sep/2014:00:52:10 +0200] "GET / HTTP/1.1" 302 - "https://www.google.de/" "Mozilla/5.0 (Macintosh; Intel Mac OS X 10_9_3) AppleWebKit/537.36 (KHTML, like Gecko) Chrome/37.0.2062.94 Safari/537.36"
176.9.48.201 - - [16/Sep/2014:02:58:47 +0200] "GET /robots.txt HTTP/1.1" 404 1256 "-" "Mozilla/5.0 (X11; Ubuntu; Linux x86_64; rv:27.0) Gecko/20100101 Firefox/27.0"
176.9.48.201 - - [16/Sep/2014:02:58:47 +0200] "GET / HTTP/1.1" 302 - "-" "Mozilla/5.0 (X11; Ubuntu; Linux x86_64; rv:27.0) Gecko/20100101 Firefox/27.0"
188.138.41.140 - - [16/Sep/2014:04:42:43 +0200] "GET / HTTP/1.1" 302 - "-" "Mozilla/5.0 (Windows NT 6.1; rv:24.0) Gecko/20100101 Firefox/24.0"
188.138.41.140 - - [16/Sep/2014:04:43:09 +0200] "GET /robots.txt HTTP/1.1" 404 1256 "-" "Mozilla/5.0 (Windows NT 6.1; rv:24.0) Gecko/20100101 Firefox/24.0"
188.138.41.140 - - [16/Sep/2014:04:43:09 +0200] "GET / HTTP/1.1" 302 - "-" "Mozilla/5.0 (X11; U; Linux i686; de; rv:1.9.0.1; compatible; iCjobs Stellenangebote Jobs; http://www.icjobs.de) Gecko/20100401 iCjobs/3.2.3"
188.138.41.140 - - [16/Sep/2014:04:43:49 +0200] "GET / HTTP/1.1" 302 - "-" "Mozilla/5.0 (Windows NT 6.1; rv:24.0) Gecko/20100101 Firefox/24.0"
188.138.41.140 - - [16/Sep/2014:04:44:01 +0200] "GET /favicon.ico HTTP/1.1" 404 1256 "-" "Mozilla/5.0 (Windows NT 6.1; rv:24.0) Gecko/20100101 Firefox/24.0"
188.138.41.140 - - [16/Sep/2014:04:44:04 +0200] "GET / HTTP/1.1" 302 - "-" "Mozilla/5.0 (Windows NT 6.1; rv:24.0) Gecko/20100101 Firefox/24.0"
37.58.100.87 - - [16/Sep/2014:09:00:49 +0200] "GET / HTTP/1.1" 302 - "-" "Mozilla/5.0 (compatible; AhrefsBot/5.0; +http://ahrefs.com/robot/)"
199.19.249.196 - - [16/Sep/2014:09:36:35 +0200] "GET / HTTP/1.1" 302 - "-" "Mozilla/4.0 (compatible; MSIE 7.0; Windows NT 5.1; InfoPath.1; .NET CLR 2.0.50727; .NET CLR 1.1.4322; MS-RTC LM 8; .NET CLR 3.0.4506.2152; .NET CLR 3.5.30729)"
62.169.4.90 - - [16/Sep/2014:09:36:38 +0200] "GET / HTTP/1.1" 302 - "http://www.degewo.de/config/de/kartenausschnitt.html?zip=10823&city=Berlin&street=Wartburgstr.&number=47&height=1024&width=1024&map=on" "Mozilla/5.0 (compatible; MSIE 9.0; Windows NT 6.1; WOW64; Trident/5.0)"
87.169.103.34 - - [16/Sep/2014:09:57:25 +0200] "GET / HTTP/1.1" 302 - "http://www.google.de/url?sa=t&rct=j&q=&esrc=s&source=web&cd=5&sqi=2&ved=0CFQQoAIwBA&url=http%3A%2F%2Fwww.friedrich-list-berlin.de%2F&ei=Ue0XVMH3OcfiywOmhIDoBg&usg=AFQjCNGsKs3TvBQ4z91zrYvo9_SfKi5nug&bvm=bv.75097201,d.bGQ" "Mozilla/5.0 (Windows NT 6.1; Trident/7.0; rv:11.0) like Gecko"
77.166.20.238 - - [16/Sep/2014:13:33:04 +0200] "GET / HTTP/1.1" 302 - "-" "Java/1.6.0_04"
77.166.20.238 - - [16/Sep/2014:13:33:05 +0200] "GET /fls_1_aktuelles.php HTTP/1.1" 404 1256 "-" "Java/1.6.0_04"
77.166.20.238 - - [16/Sep/2014:13:33:06 +0200] "GET /fls_2_fremdsprachensekr.php HTTP/1.1" 404 1256 "-" "Java/1.6.0_04"
77.166.20.238 - - [16/Sep/2014:13:33:06 +0200] "GET /fls_3_blog.php HTTP/1.1" 404 1256 "-" "Java/1.6.0_04"
77.166.20.238 - - [16/Sep/2014:13:33:06 +0200] "GET /fls_4_faq.php HTTP/1.1" 404 1256 "-" "Java/1.6.0_04"
77.166.20.238 - - [16/Sep/2014:13:33:07 +0200] "GET /fls_4_impressum.php HTTP/1.1" 404 1256 "-" "Java/1.6.0_04"
77.166.20.238 - - [16/Sep/2014:13:33:07 +0200] "GET /fls_4_kontakt_anmeldung.php HTTP/1.1" 404 1256 "-" "Java/1.6.0_04"
77.166.20.238 - - [16/Sep/2014:13:33:07 +0200] "GET /index.php HTTP/1.1" 302 - "-" "Java/1.6.0_04"
77.166.20.238 - - [16/Sep/2014:13:33:08 +0200] "GET /index_en.php HTTP/1.1" 404 1256 "-" "Java/1.6.0_04"
77.166.20.238 - - [16/Sep/2014:13:33:08 +0200] "GET /index_fr.php HTTP/1.1" 404 1256 "-" "Java/1.6.0_04"
77.166.20.238 - - [16/Sep/2014:13:33:09 +0200] "GET /index_sp.php HTTP/1.1" 404 1256 "-" "Java/1.6.0_04"
77.166.20.238 - - [16/Sep/2014:13:33:09 +0200] "GET /& HTTP/1.1" 404 1256 "-" "Java/1.6.0_04"
77.166.20.238 - - [16/Sep/2014:13:33:09 +0200] "GET /& HTTP/1.1" 404 1256 "-" "Java/1.6.0_04"
77.166.20.238 - - [16/Sep/2014:13:33:10 +0200] "GET /& HTTP/1.1" 404 1256 "-" "Java/1.6.0_04"
77.166.20.238 - - [16/Sep/2014:13:33:10 +0200] "GET /& HTTP/1.1" 404 1256 "-" "Java/1.6.0_04"
77.166.20.238 - - [16/Sep/2014:13:33:10 +0200] "GET /& HTTP/1.1" 404 1256 "-" "Java/1.6.0_04"
77.166.20.238 - - [16/Sep/2014:13:33:11 +0200] "GET /& HTTP/1.1" 404 1256 "-" "Java/1.6.0_04"
77.166.20.238 - - [16/Sep/2014:13:33:11 +0200] "GET /& HTTP/1.1" 404 1256 "-" "Java/1.6.0_04"
77.166.20.238 - - [16/Sep/2014:13:33:12 +0200] "GET /& HTTP/1.1" 404 1256 "-" "Java/1.6.0_04"
77.166.20.238 - - [16/Sep/2014:13:33:12 +0200] "GET /& HTTP/1.1" 404 1256 "-" "Java/1.6.0_04"
77.166.20.238 - - [16/Sep/2014:13:33:12 +0200] "GET /& HTTP/1.1" 404 1256 "-" "Java/1.6.0_04"
77.166.20.238 - - [16/Sep/2014:13:33:13 +0200] "GET /& HTTP/1.1" 404 1256 "-" "Java/1.6.0_04"
77.166.20.238 - - [16/Sep/2014:13:33:13 +0200] "GET /& HTTP/1.1" 404 1256 "-" "Java/1.6.0_04"
77.166.20.238 - - [16/Sep/2014:13:33:13 +0200] "GET /& HTTP/1.1" 404 1256 "-" "Java/1.6.0_04"
77.166.20.238 - - [16/Sep/2014:13:33:14 +0200] "GET /& HTTP/1.1" 404 1256 "-" "Java/1.6.0_04"
77.166.20.238 - - [16/Sep/2014:13:33:14 +0200] "GET /& HTTP/1.1" 404 1256 "-" "Java/1.6.0_04"
77.166.20.238 - - [16/Sep/2014:13:33:14 +0200] "GET /& HTTP/1.1" 404 1256 "-" "Java/1.6.0_04"
77.166.20.238 - - [16/Sep/2014:13:33:15 +0200] "GET /& HTTP/1.1" 404 1256 "-" "Java/1.6.0_04"
77.166.20.238 - - [16/Sep/2014:13:33:15 +0200] "GET /& HTTP/1.1" 404 1256 "-" "Java/1.6.0_04"
77.166.20.238 - - [16/Sep/2014:13:33:15 +0200] "GET /& HTTP/1.1" 404 1256 "-" "Java/1.6.0_04"
77.166.20.238 - - [16/Sep/2014:13:33:16 +0200] "GET /& HTTP/1.1" 404 1256 "-" "Java/1.6.0_04"
141.8.147.12 - - [16/Sep/2014:14:20:54 +0200] "GET /robots.txt HTTP/1.1" 404 1256 "-" "Mozilla/5.0 (compatible; YandexBot/3.0; +http://yandex.com/bots)"
141.8.147.12 - - [16/Sep/2014:14:20:57 +0200] "GET / HTTP/1.1" 302 - "-" "Mozilla/5.0 (compatible; YandexBot/3.0; +http://yandex.com/bots)"
37.5.42.29 - - [16/Sep/2014:14:59:04 +0200] "GET / HTTP/1.1" 302 - "-" "Mozilla/5.0 (Windows NT 6.1; rv:32.0) Gecko/20100101 Firefox/32.0"
93.82.175.70 - - [16/Sep/2014:15:01:19 +0200] "HEAD / HTTP/1.1" 302 - "http://www.schulweb.de/schule.html" "Opera/9.80 (Windows NT 5.1; U; en) Presto/2.2.15 Version/10.10"
162.210.196.100 - - [16/Sep/2014:15:03:26 +0200] "GET /robots.txt HTTP/1.0" 404 1256 "-" "Mozilla/5.0 (compatible; MJ12bot/v1.4.5; http://www.majestic12.co.uk/bot.php?+)"
162.210.196.100 - - [16/Sep/2014:15:03:27 +0200] "GET / HTTP/1.0" 302 - "-" "Mozilla/5.0 (compatible; MJ12bot/v1.4.5; http://www.majestic12.co.uk/bot.php?+)"
195.169.9.200 - - [16/Sep/2014:16:21:18 +0200] "GET / HTTP/1.1" 302 - "-" "Mozilla/5.0 (compatible; MSIE 10.0; Windows NT 6.2; Trident/6.0)"
199.58.86.211 - - [16/Sep/2014:16:48:40 +0200] "GET /robots.txt HTTP/1.0" 404 1256 "-" "Mozilla/5.0 (compatible; MJ12bot/v1.4.5; http://www.majestic12.co.uk/bot.php?+)"
199.58.86.211 - - [16/Sep/2014:16:48:46 +0200] "GET / HTTP/1.0" 302 - "-" "Mozilla/5.0 (compatible; MJ12bot/v1.4.5; http://www.majestic12.co.uk/bot.php?+)"
93.82.175.70 - - [16/Sep/2014:17:17:30 +0200] "HEAD / HTTP/1.1" 302 - "http://www.schulweb.de/schule.html" "Opera/9.80 (Windows NT 5.1; U; en) Presto/2.2.15 Version/10.10"
66.249.78.77 - - [16/Sep/2014:21:38:05 +0200] "GET /robots.txt HTTP/1.1" 404 1256 "-" "Mozilla/5.0 (compatible; Googlebot/2.1; +http://www.google.com/bot.html)"
66.249.78.63 - - [16/Sep/2014:21:38:05 +0200] "GET / HTTP/1.1" 302 - "-" "Mozilla/5.0 (compatible; Googlebot/2.1; +http://www.google.com/bot.html)"
94.196.210.55 - - [16/Sep/2014:21:46:01 +0200] "GET / HTTP/1.1" 302 - "http://www.yelp.co.uk/biz_redir?url=http%3A%2F%2Fwww.friedrich-list-berlin.de&src_bizid=fSHiYxGQm1Z5g7TwC8oc_A&cachebuster=1410896614&s=91cf167e19a289e6e1fa3be00e72d9564e8fbe060b977aefd238daecaf007db3" "Mozilla/5.0 (Windows NT 6.1; WOW64; rv:32.0) Gecko/20100101 Firefox/32.0"
46.29.20.219 - - [17/Sep/2014:06:16:22 +0200] "HEAD / HTTP/1.1" 302 - "-" "Mozilla/4.0 (compatible; MSIE 5.01; Windows NT 5.0)"
68.180.224.237 - - [17/Sep/2014:06:33:07 +0200] "GET /robots.txt HTTP/1.1" 404 1256 "-" "Mozilla/5.0 (compatible; Yahoo! Slurp; http://help.yahoo.com/help/us/ysearch/slurp)"
68.180.224.237 - - [17/Sep/2014:06:33:07 +0200] "GET / HTTP/1.1" 302 - "-" "Mozilla/5.0 (compatible; Yahoo! Slurp; http://help.yahoo.com/help/us/ysearch/slurp)"
217.114.217.235 - - [17/Sep/2014:08:09:28 +0200] "GET / HTTP/1.1" 302 - "-" "Mozilla/5.0 (Windows NT 6.1; WOW64) AppleWebKit/537.36 (KHTML, like Gecko) Chrome/32.0.1700.107 Safari/537.36"
37.58.100.85 - - [17/Sep/2014:08:45:56 +0200] "GET /robots.txt HTTP/1.1" 404 1256 "-" "Mozilla/5.0 (compatible; AhrefsBot/5.0; +http://ahrefs.com/robot/)"
89.247.138.125 - - [17/Sep/2014:09:46:43 +0200] "GET / HTTP/1.1" 302 - "http://www.friedrich-list-berlin.eu/fls_1_gaestebuch.php" "Mozilla/5.0 (Windows NT 6.3; WOW64; rv:32.0) Gecko/20100101 Firefox/32.0"
37.5.42.29 - - [17/Sep/2014:10:25:12 +0200] "GET / HTTP/1.1" 302 - "-" "Mozilla/5.0 (Windows NT 6.1; WOW64; Trident/7.0; rv:11.0) like Gecko"
93.82.175.70 - - [17/Sep/2014:11:22:02 +0200] "HEAD / HTTP/1.1" 302 - "http://www.schulweb.de/schule.html" "Opera/9.80 (Windows NT 5.1; U; en) Presto/2.2.15 Version/10.10"
144.76.97.167 - - [17/Sep/2014:16:56:21 +0200] "GET / HTTP/1.1" 302 - "-" "Mozilla/5.0 (Windows NT 6.1; rv:17.0) Gecko/20100101 Firefox/17.0"
217.231.189.104 - - [17/Sep/2014:17:03:21 +0200] "GET / HTTP/1.1" 302 - "http://l.facebook.com/l.php?u=http%3A%2F%2Fwww.friedrich-list-berlin.de%2F&h=ZAQGoutaX&enc=AZP9rtL29zLCT3x8c7bYEeHWbEqKMwSXQPkuL9ky0y5g7JT9foTpwufKzP_pl4wpL867Wuca2k8z7cKrcEyrIDY9afsF1L4y9m4tZfQVAIVrDQ&s=1" "Mozilla/5.0 (Macintosh; Intel Mac OS X 10.6; rv:32.0) Gecko/20100101 Firefox/32.0"
31.13.110.117 - - [17/Sep/2014:17:03:21 +0200] "GET / HTTP/1.1" 302 - "-" "facebookexternalhit/1.1 (+http://www.facebook.com/externalhit_uatext.php)"
144.76.97.167 - - [17/Sep/2014:17:15:23 +0200] "GET / HTTP/1.1" 302 - "-" "Mozilla/5.0 (Windows NT 6.1; rv:17.0) Gecko/20100101 Firefox/17.0"
178.255.215.68 - - [17/Sep/2014:18:31:10 +0200] "GET /robots.txt HTTP/1.1" 404 1256 "-" "Mozilla/5.0 (compatible; Exabot/3.0; +http://www.exabot.com/go/robot)"
178.255.215.68 - - [17/Sep/2014:18:31:10 +0200] "GET / HTTP/1.1" 302 - "-" "Mozilla/5.0 (compatible; Exabot/3.0; +http://www.exabot.com/go/robot)"
37.120.162.91 - - [17/Sep/2014:18:51:46 +0200] "GET / HTTP/1.1" 302 - "http://www.google.de/?source=mog&gl=de" "Mozilla/4.0 (compatible; MSIE 6.0; AOL 9.0; Windows NT 5.0; .NET CLR 1.1.4322)"
217.231.189.104 - - [17/Sep/2014:22:39:01 +0200] "GET / HTTP/1.1" 302 - "http://l.facebook.com/l.php?u=http%3A%2F%2Fwww.friedrich-list-berlin.de%2F&h=3AQF0yI6s&enc=AZOEthJz1gLJ-npnBcq0ElzzwbWqyFQ-NWtF1X_feRFfZ2ORXS47Mp1Zd-_UlU7Z4UzwSvKwtLVrX4ftE2JiANnDpxDwANjWxS1L8c_oh1mptA&s=1" "Mozilla/5.0 (Macintosh; Intel Mac OS X 10.6; rv:32.0) Gecko/20100101 Firefox/32.0"
149.172.116.5 - - [18/Sep/2014:01:22:56 +0200] "GET / HTTP/1.1" 302 - "http://www.friedrich-list-berlin.de" "Opera/9.80 (Windows NT 6.2; Win64; x64) Presto/2.12.388 Version/12.16"
149.172.116.5 - - [18/Sep/2014:01:22:56 +0200] "GET /fls_1_aktuelles.php HTTP/1.1" 404 1256 "http://www.friedrich-list-berlin.de/" "Opera/9.80 (Windows NT 6.2; Win64; x64) Presto/2.12.388 Version/12.16"
149.172.116.5 - - [18/Sep/2014:01:22:56 +0200] "GET /fls_2_fremdsprachensekr.php HTTP/1.1" 404 1256 "http://www.friedrich-list-berlin.de/" "Opera/9.80 (Windows NT 6.2; Win64; x64) Presto/2.12.388 Version/12.16"
149.172.116.5 - - [18/Sep/2014:01:22:56 +0200] "GET /index_sp.php HTTP/1.1" 404 1256 "http://www.friedrich-list-berlin.de/" "Opera/9.80 (Windows NT 6.2; Win64; x64) Presto/2.12.388 Version/12.16"
149.172.116.5 - - [18/Sep/2014:01:22:56 +0200] "GET /fls_3_blog.php HTTP/1.1" 404 1256 "http://www.friedrich-list-berlin.de/" "Opera/9.80 (Windows NT 6.2; Win64; x64) Presto/2.12.388 Version/12.16"
149.172.116.5 - - [18/Sep/2014:01:22:56 +0200] "GET /fls_4_kontakt_anmeldung.php HTTP/1.1" 404 1256 "http://www.friedrich-list-berlin.de/" "Opera/9.80 (Windows NT 6.2; Win64; x64) Presto/2.12.388 Version/12.16"
149.172.116.5 - - [18/Sep/2014:01:22:56 +0200] "GET /index_fr.php HTTP/1.1" 404 1256 "http://www.friedrich-list-berlin.de/" "Opera/9.80 (Windows NT 6.2; Win64; x64) Presto/2.12.388 Version/12.16"
149.172.116.5 - - [18/Sep/2014:01:22:56 +0200] "GET /index_en.php HTTP/1.1" 404 1256 "http://www.friedrich-list-berlin.de/" "Opera/9.80 (Windows NT 6.2; Win64; x64) Presto/2.12.388 Version/12.16"
149.172.116.5 - - [18/Sep/2014:01:22:56 +0200] "GET /index.php HTTP/1.1" 302 - "http://www.friedrich-list-berlin.de/" "Opera/9.80 (Windows NT 6.2; Win64; x64) Presto/2.12.388 Version/12.16"
149.172.116.5 - - [18/Sep/2014:01:22:56 +0200] "GET /js/prototype.js HTTP/1.1" 404 1256 "http://www.friedrich-list-berlin.de/" "Opera/9.80 (Windows NT 6.2; Win64; x64) Presto/2.12.388 Version/12.16"
149.172.116.5 - - [18/Sep/2014:01:22:56 +0200] "GET /ddlevelsfiles/ddlevelsmenu.js HTTP/1.1" 404 1256 "http://www.friedrich-list-berlin.de/" "Opera/9.80 (Windows NT 6.2; Win64; x64) Presto/2.12.388 Version/12.16"
149.172.116.5 - - [18/Sep/2014:01:22:56 +0200] "GET /& HTTP/1.1" 404 1256 "http://www.friedrich-list-berlin.de/" "Opera/9.80 (Windows NT 6.2; Win64; x64) Presto/2.12.388 Version/12.16"
149.172.116.5 - - [18/Sep/2014:01:22:56 +0200] "GET /js/scriptaculous.js?load=effects HTTP/1.1" 404 1256 "http://www.friedrich-list-berlin.de/" "Opera/9.80 (Windows NT 6.2; Win64; x64) Presto/2.12.388 Version/12.16"
149.172.116.5 - - [18/Sep/2014:01:22:56 +0200] "GET /js/lightwindow.js HTTP/1.1" 404 1256 "http://www.friedrich-list-berlin.de/" "Opera/9.80 (Windows NT 6.2; Win64; x64) Presto/2.12.388 Version/12.16"
149.172.116.5 - - [18/Sep/2014:01:22:56 +0200] "GET /fls_4_impressum.php HTTP/1.1" 404 1256 "http://www.friedrich-list-berlin.de/" "Opera/9.80 (Windows NT 6.2; Win64; x64) Presto/2.12.388 Version/12.16"
149.172.116.5 - - [18/Sep/2014:01:22:56 +0200] "GET /fls_4_faq.php HTTP/1.1" 404 1256 "http://www.friedrich-list-berlin.de/" "Opera/9.80 (Windows NT 6.2; Win64; x64) Presto/2.12.388 Version/12.16"
141.8.147.12 - - [18/Sep/2014:04:44:53 +0200] "GET /robots.txt HTTP/1.1" 404 1256 "-" "Mozilla/5.0 (compatible; YandexBot/3.0; +http://yandex.com/bots)"
141.8.147.12 - - [18/Sep/2014:04:44:55 +0200] "GET /fls_4_kontakt_anmeldung.php HTTP/1.1" 404 1256 "-" "Mozilla/5.0 (compatible; YandexBot/3.0; +http://yandex.com/bots)"
141.8.147.12 - - [18/Sep/2014:04:44:57 +0200] "GET /fls_1_aktuelles.php HTTP/1.1" 404 1256 "-" "Mozilla/5.0 (compatible; YandexBot/3.0; +http://yandex.com/bots)"
141.8.147.12 - - [18/Sep/2014:04:44:59 +0200] "GET /fls_2_berufsfachschule.php HTTP/1.1" 404 1256 "-" "Mozilla/5.0 (compatible; YandexBot/3.0; +http://yandex.com/bots)"
141.8.147.12 - - [18/Sep/2014:04:45:01 +0200] "GET /index_fr.php HTTP/1.1" 404 1256 "-" "Mozilla/5.0 (compatible; YandexBot/3.0; +http://yandex.com/bots)"
141.8.147.12 - - [18/Sep/2014:04:45:03 +0200] "GET /fls_2_europakorr.php HTTP/1.1" 404 1256 "-" "Mozilla/5.0 (compatible; YandexBot/3.0; +http://yandex.com/bots)"
141.8.147.12 - - [18/Sep/2014:04:45:05 +0200] "GET /fls_2_fremdsprachensekr.php HTTP/1.1" 404 1256 "-" "Mozilla/5.0 (compatible; YandexBot/3.0; +http://yandex.com/bots)"
141.8.147.12 - - [18/Sep/2014:04:45:07 +0200] "GET /index_sp.php HTTP/1.1" 404 1256 "-" "Mozilla/5.0 (compatible; YandexBot/3.0; +http://yandex.com/bots)"
141.8.147.12 - - [18/Sep/2014:04:45:09 +0200] "GET /index_en.php HTTP/1.1" 404 1256 "-" "Mozilla/5.0 (compatible; YandexBot/3.0; +http://yandex.com/bots)"
141.8.147.12 - - [18/Sep/2014:04:45:11 +0200] "GET /fls_4_impressum.php HTTP/1.1" 404 1256 "-" "Mozilla/5.0 (compatible; YandexBot/3.0; +http://yandex.com/bots)"
141.8.147.12 - - [18/Sep/2014:04:45:13 +0200] "GET /fls_2_fremdsprachenkorr.php HTTP/1.1" 404 1256 "-" "Mozilla/5.0 (compatible; YandexBot/3.0; +http://yandex.com/bots)"
141.8.147.12 - - [18/Sep/2014:04:45:15 +0200] "GET /fls_2_kurs_ecbm_london.php HTTP/1.1" 404 1256 "-" "Mozilla/5.0 (compatible; YandexBot/3.0; +http://yandex.com/bots)"
141.8.147.12 - - [18/Sep/2014:04:45:17 +0200] "GET /fls_1_aktuelles.php?artid=48 HTTP/1.1" 404 1256 "-" "Mozilla/5.0 (compatible; YandexBot/3.0; +http://yandex.com/bots)"
69.58.178.57 - - [18/Sep/2014:05:30:03 +0200] "GET /robots.txt HTTP/1.1" 404 1256 "-" "BlackBerry9000/4.6.0.167 Profile/MIDP-2.0 Configuration/CLDC-1.1 VendorID/102 ips-agent"
69.58.178.57 - - [18/Sep/2014:05:30:04 +0200] "GET / HTTP/1.1" 302 - "-" "Mozilla/5.0 (X11; Ubuntu; Linux i686; rv:14.0; ips-agent) Gecko/20100101 Firefox/14.0.1"
46.29.20.219 - - [18/Sep/2014:07:19:36 +0200] "HEAD / HTTP/1.1" 302 - "-" "Mozilla/4.0 (compatible; MSIE 5.01; Windows NT 5.0)"
37.5.42.29 - - [18/Sep/2014:09:54:33 +0200] "GET / HTTP/1.1" 302 - "-" "Mozilla/5.0 (Windows NT 6.1; rv:32.0) Gecko/20100101 Firefox/32.0"
64.74.215.113 - - [18/Sep/2014:10:51:17 +0200] "HEAD / HTTP/1.1" 302 - "-" "'Mozilla/5.0 (compatible; MSIE 9.0; Windows NT 6.1; Trident/5.0)'"
176.9.48.201 - - [18/Sep/2014:11:59:09 +0200] "GET /robots.txt HTTP/1.1" 404 1256 "-" "Mozilla/5.0 (X11; Ubuntu; Linux x86_64; rv:27.0) Gecko/20100101 Firefox/27.0"
176.9.48.201 - - [18/Sep/2014:11:59:09 +0200] "GET / HTTP/1.1" 302 - "-" "Mozilla/5.0 (X11; Ubuntu; Linux x86_64; rv:27.0) Gecko/20100101 Firefox/27.0"
62.157.38.215 - - [18/Sep/2014:12:00:09 +0200] "GET / HTTP/1.1" 302 - "-" "Mozilla/5.0 (Windows NT 6.1; WOW64; Trident/7.0; rv:11.0) like Gecko"
208.115.111.69 - - [18/Sep/2014:14:47:27 +0200] "GET /robots.txt HTTP/1.1" 404 1256 "-" "Mozilla/5.0 (compatible; DotBot/1.1; http://www.opensiteexplorer.org/dotbot, help@moz.com)"
208.115.111.69 - - [18/Sep/2014:15:11:58 +0200] "GET / HTTP/1.1" 302 - "-" "Mozilla/5.0 (compatible; DotBot/1.1; http://www.opensiteexplorer.org/dotbot, help@moz.com)"
93.196.103.194 - - [18/Sep/2014:16:36:40 +0200] "GET / HTTP/1.1" 302 - "https://www.google.de/" "Mozilla/5.0 (Macintosh; Intel Mac OS X 10_9_2) AppleWebKit/537.36 (KHTML, like Gecko) Chrome/36.0.1985.143 Safari/537.36"
37.58.100.73 - - [18/Sep/2014:17:44:18 +0200] "GET /robots.txt HTTP/1.1" 404 1256 "-" "Mozilla/5.0 (compatible; AhrefsBot/5.0; +http://ahrefs.com/robot/)"
178.255.215.68 - - [18/Sep/2014:18:34:02 +0200] "GET /robots.txt HTTP/1.1" 404 1256 "-" "Mozilla/5.0 (compatible; Exabot/3.0; +http://www.exabot.com/go/robot)"
178.255.215.68 - - [18/Sep/2014:18:34:03 +0200] "GET / HTTP/1.1" 302 - "-" "Mozilla/5.0 (compatible; Exabot/3.0; +http://www.exabot.com/go/robot)"
93.186.202.241 - - [18/Sep/2014:22:38:16 +0200] "GET /include.php?path=content&mode=print&contentid=25 HTTP/1.1" 404 1256 "-" "Mozilla/5.0 (Windows NT 6.2; rv:16.0) Gecko/20100101 Firefox/16.0"
192.99.149.88 - - [19/Sep/2014:00:02:16 +0200] "GET /robots.txt HTTP/1.1" 404 1256 "-" "Mozilla/5.0 (Windows NT 6.1; WOW64; Trident/7.0; rv:11.0) like Gecko"
192.99.149.88 - - [19/Sep/2014:00:02:20 +0200] "GET / HTTP/1.1" 302 - "-" "Mozilla/5.0 (Windows NT 6.1; WOW64; Trident/7.0; rv:11.0) like Gecko"
37.58.100.82 - - [19/Sep/2014:00:04:55 +0200] "GET /robots.txt HTTP/1.1" 404 1256 "-" "Mozilla/5.0 (compatible; AhrefsBot/5.0; +http://ahrefs.com/robot/)"
192.99.149.88 - - [19/Sep/2014:01:30:35 +0200] "GET / HTTP/1.1" 302 - "-" "Mozilla/5.0 (Windows NT 6.1; WOW64; Trident/7.0; rv:11.0) like Gecko"
62.158.239.254 - - [19/Sep/2014:01:44:13 +0200] "GET / HTTP/1.1" 302 - "https://www.google.de/" "Mozilla/5.0 (iPhone; CPU iPhone OS 7_1_2 like Mac OS X) AppleWebKit/537.51.2 (KHTML, like Gecko) Version/7.0 Mobile/11D257 Safari/9537.53"
193.175.194.33 - - [19/Sep/2014:02:22:47 +0200] "GET / HTTP/1.1" 302 - "-" "Bildungsserver-Linkchecker DBS 0.9 (http://www.bildungsserver.de)"
192.99.149.88 - - [19/Sep/2014:02:41:03 +0200] "GET / HTTP/1.1" 302 - "-" "Mozilla/5.0 (Windows NT 6.1; WOW64; Trident/7.0; rv:11.0) like Gecko"
192.99.149.88 - - [19/Sep/2014:04:31:19 +0200] "GET / HTTP/1.1" 302 - "-" "Mozilla/5.0 (Windows NT 6.1; WOW64; Trident/7.0; rv:11.0) like Gecko"
141.8.147.12 - - [19/Sep/2014:04:46:44 +0200] "GET /robots.txt HTTP/1.1" 404 1256 "-" "Mozilla/5.0 (compatible; YandexBot/3.0; +http://yandex.com/bots)"
141.8.147.12 - - [19/Sep/2014:04:46:46 +0200] "GET / HTTP/1.1" 302 - "-" "Mozilla/5.0 (compatible; YandexBot/3.0; +http://yandex.com/bots)"
176.9.50.43 - - [19/Sep/2014:04:59:45 +0200] "GET /?path=contentarchive&type=2&letter=X&catid=0&themeid=0&searchtext=&entries=0&order=&nid=21 HTTP/1.1" 302 - "-" "Mozilla/4.0 (compatible; MSIE 6.0; Windows 98; Win 9x4.90)"
192.99.149.88 - - [19/Sep/2014:05:39:22 +0200] "GET / HTTP/1.1" 302 - "-" "Mozilla/5.0 (Windows NT 6.1; WOW64; Trident/7.0; rv:11.0) like Gecko"
66.249.78.63 - - [19/Sep/2014:06:27:16 +0200] "GET /robots.txt HTTP/1.1" 404 1256 "-" "Mozilla/5.0 (compatible; Googlebot/2.1; +http://www.google.com/bot.html)"
66.249.78.63 - - [19/Sep/2014:06:27:16 +0200] "GET / HTTP/1.1" 302 - "-" "Mozilla/5.0 (compatible; Googlebot/2.1; +http://www.google.com/bot.html)"
92.229.75.29 - - [19/Sep/2014:07:47:31 +0200] "GET / HTTP/1.1" 302 - "http://l.facebook.com/l.php?u=http%3A%2F%2Fwww.fls-berlin.de%2F&h=ZAQHoHoM_&enc=AZM22IeB5GOBrQXNLgiGfOYOc-hOhscDGxUj-aSKdOpobL6qwMqM18j5aN84CAlPo0RalMUl0yYDxQ9z--8AuiHSuahvYh71YT_tFU7LRovO5rlNVYdSMQMmhsTlqPR07Co8Mgo6Z_N6JtA7O3Otraln&s=1" "Mozilla/5.0 (iPhone; CPU iPhone OS 7_1_2 like Mac OS X) AppleWebKit/537.51.2 (KHTML, like Gecko) Version/7.0 Mobile/11D257 Safari/9537.53"
144.76.16.210 - - [19/Sep/2014:12:09:54 +0200] "GET /robots.txt HTTP/1.0" 404 1256 "-" "Mozilla/5.0 (Windows NT 6.1; WOW64) AppleWebKit/537.36 (KHTML, like Gecko) Chrome/33.0.1750.146 Safari/537.36"
144.76.16.210 - - [19/Sep/2014:12:09:55 +0200] "GET / HTTP/1.0" 302 - "-" "Mozilla/5.0 (Windows NT 6.1; WOW64) AppleWebKit/537.36 (KHTML, like Gecko) Chrome/33.0.1750.146 Safari/537.36"
37.5.42.29 - - [19/Sep/2014:12:10:40 +0200] "GET / HTTP/1.1" 302 - "http://www.google.de/url?sa=t&rct=j&q=&esrc=s&source=web&cd=4&ved=0CEQQFjAD&url=http%3A%2F%2Fwww.friedrich-list-berlin.de%2F&ei=4wAcVMeXO8jmyQOn7oGwBw&usg=AFQjCNGsKs3TvBQ4z91zrYvo9_SfKi5nug&bvm=bv.75774317,d.bGQ" "Mozilla/5.0 (Windows NT 6.1; WOW64; rv:32.0) Gecko/20100101 Firefox/32.0"
108.59.8.80 - - [19/Sep/2014:15:05:39 +0200] "GET /robots.txt HTTP/1.0" 404 1256 "-" "Mozilla/5.0 (compatible; MJ12bot/v1.4.5; http://www.majestic12.co.uk/bot.php?+)"
108.59.8.80 - - [19/Sep/2014:15:05:41 +0200] "GET / HTTP/1.0" 302 - "-" "Mozilla/5.0 (compatible; MJ12bot/v1.4.5; http://www.majestic12.co.uk/bot.php?+)"
144.76.16.201 - - [19/Sep/2014:15:56:55 +0200] "GET /robots.txt HTTP/1.0" 404 1256 "-" "Mozilla/5.0 (Windows NT 6.1; WOW64) AppleWebKit/537.36 (KHTML, like Gecko) Chrome/33.0.1750.146 Safari/537.36"
144.76.16.201 - - [19/Sep/2014:15:56:55 +0200] "GET / HTTP/1.0" 302 - "-" "Mozilla/5.0 (Windows NT 6.1; WOW64) AppleWebKit/537.36 (KHTML, like Gecko) Chrome/33.0.1750.146 Safari/537.36"
162.210.196.98 - - [19/Sep/2014:16:17:07 +0200] "GET /robots.txt HTTP/1.0" 404 1256 "-" "Mozilla/5.0 (compatible; MJ12bot/v1.4.5; http://www.majestic12.co.uk/bot.php?+)"
162.210.196.98 - - [19/Sep/2014:16:17:09 +0200] "GET / HTTP/1.0" 302 - "-" "Mozilla/5.0 (compatible; MJ12bot/v1.4.5; http://www.majestic12.co.uk/bot.php?+)"
157.55.39.39 - - [19/Sep/2014:20:13:39 +0200] "GET /robots.txt HTTP/1.1" 404 1256 "-" "Mozilla/5.0 (compatible; bingbot/2.0; +http://www.bing.com/bingbot.htm)"
157.55.39.39 - - [19/Sep/2014:20:13:45 +0200] "GET /include.php?path=content&contentid=68&nid=30&nid=31 HTTP/1.1" 404 1256 "-" "Mozilla/5.0 (compatible; bingbot/2.0; +http://www.bing.com/bingbot.htm)"
91.64.18.129 - - [19/Sep/2014:21:02:28 +0200] "GET / HTTP/1.1" 302 - "https://www.google.de/" "Mozilla/5.0 (iPhone; CPU iPhone OS 7_1_2 like Mac OS X) AppleWebKit/537.51.2 (KHTML, like Gecko) Version/7.0 Mobile/11D257 Safari/9537.53"
85.178.141.167 - - [19/Sep/2014:22:47:06 +0200] "GET / HTTP/1.1" 302 - "https://www.google.de/" "Mozilla/5.0 (Linux; U; Android 4.1.1; de-de; HTC_Desire_X Build/JRO03C) AppleWebKit/534.30 (KHTML, like Gecko) Version/4.0 Mobile Safari/534.30"
37.58.100.154 - - [19/Sep/2014:23:00:24 +0200] "GET /robots.txt HTTP/1.1" 404 1256 "-" "Mozilla/5.0 (compatible; AhrefsBot/5.0; +http://ahrefs.com/robot/)"
62.219.8.234 - - [20/Sep/2014:01:15:23 +0200] "GET / HTTP/1.1" 302 - "-" "Mozilla/5.0 (Macintosh; Intel Mac OS X 10.9; rv:25.0) Gecko/20100101 Firefox/25.0"
62.219.8.234 - - [20/Sep/2014:01:15:44 +0200] "GET / HTTP/1.1" 302 - "-" "Mozilla/5.0 (X11; Linux x86_64) AppleWebKit/537.36 (KHTML, like Gecko) Chrome/31.0.1650.63 Safari/537.36"
208.115.111.69 - - [20/Sep/2014:02:40:47 +0200] "GET /robots.txt HTTP/1.1" 404 1256 "-" "Mozilla/5.0 (compatible; DotBot/1.1; http://www.opensiteexplorer.org/dotbot, help@moz.com)"
208.115.111.69 - - [20/Sep/2014:04:20:35 +0200] "GET /include.php?path=contentarchive&type=3&catid=0&letter=C&entries=0&searchtext=&order=date HTTP/1.1" 404 1256 "-" "Mozilla/5.0 (compatible; DotBot/1.1; http://www.opensiteexplorer.org/dotbot, help@moz.com)"
188.138.41.173 - - [20/Sep/2014:05:22:55 +0200] "GET / HTTP/1.1" 302 - "-" "Mozilla/5.0 (Windows NT 6.1; rv:24.0) Gecko/20100101 Firefox/24.0"
188.138.41.173 - - [20/Sep/2014:05:23:09 +0200] "GET /robots.txt HTTP/1.1" 404 1256 "-" "Mozilla/5.0 (Windows NT 6.1; rv:24.0) Gecko/20100101 Firefox/24.0"
188.138.41.173 - - [20/Sep/2014:05:23:10 +0200] "GET / HTTP/1.1" 302 - "-" "Mozilla/5.0 (X11; U; Linux i686; de; rv:1.9.0.1; compatible; iCjobs Stellenangebote Jobs; http://www.icjobs.de) Gecko/20100401 iCjobs/3.2.3"
188.138.41.173 - - [20/Sep/2014:05:23:15 +0200] "GET / HTTP/1.1" 302 - "-" "Mozilla/5.0 (Windows NT 6.1; rv:24.0) Gecko/20100101 Firefox/24.0"
188.138.41.173 - - [20/Sep/2014:05:23:44 +0200] "GET /favicon.ico HTTP/1.1" 404 1256 "-" "Mozilla/5.0 (Windows NT 6.1; rv:24.0) Gecko/20100101 Firefox/24.0"
