188.138.41.173 - - [20/Sep/2014:05:23:46 +0200] "GET / HTTP/1.1" 302 - "-" "Mozilla/5.0 (Windows NT 6.1; rv:24.0) Gecko/20100101 Firefox/24.0"
157.55.39.19 - - [20/Sep/2014:05:53:26 +0200] "GET /?&nid=13 HTTP/1.1" 302 - "-" "Mozilla/5.0 (compatible; bingbot/2.0; +http://www.bing.com/bingbot.htm)"
157.55.39.18 - - [20/Sep/2014:06:06:06 +0200] "GET /?path=faq HTTP/1.1" 302 - "-" "Mozilla/5.0 (compatible; bingbot/2.0; +http://www.bing.com/bingbot.htm)"
157.55.39.39 - - [20/Sep/2014:06:06:15 +0200] "GET /?path=start HTTP/1.1" 302 - "-" "Mozilla/5.0 (compatible; bingbot/2.0; +http://www.bing.com/bingbot.htm)"
208.115.111.69 - - [20/Sep/2014:06:42:29 +0200] "GET /robots.txt HTTP/1.1" 404 1256 "-" "Mozilla/5.0 (compatible; DotBot/1.1; http://www.opensiteexplorer.org/dotbot, help@moz.com)"
82.94.179.38 - - [20/Sep/2014:06:57:25 +0200] "GET /robots.txt HTTP/1.0" 404 1256 "-" "Mozilla/4.0 (compatible; Vagabondo/4.0/EU; http://webagent.wise-guys.nl/)"
82.94.179.38 - - [20/Sep/2014:06:57:25 +0200] "GET / HTTP/1.1" 302 - "-" "Mozilla/4.0 (compatible; Vagabondo/4.0/EU; http://www.wise-guys.nl/)"
208.115.111.69 - - [20/Sep/2014:08:24:45 +0200] "GET /include.php?path=contentarchive&type=2&catid=0&letter=W&entries=0&searchtext=&order=title HTTP/1.1" 404 1256 "-" "Mozilla/5.0 (compatible; DotBot/1.1; http://www.opensiteexplorer.org/dotbot, help@moz.com)"
141.8.147.12 - - [20/Sep/2014:10:30:17 +0200] "GET /robots.txt HTTP/1.1" 404 1256 "-" "Mozilla/5.0 (compatible; YandexBot/3.0; +http://yandex.com/bots)"
141.8.147.12 - - [20/Sep/2014:10:30:19 +0200] "GET / HTTP/1.1" 302 - "-" "Mozilla/5.0 (compatible; YandexBot/3.0; +http://yandex.com/bots)"
79.221.69.80 - - [20/Sep/2014:12:17:58 +0200] "GET / HTTP/1.1" 302 - "-" "Mozilla/5.0 (Windows NT 6.1; WOW64; rv:32.0) Gecko/20100101 Firefox/32.0"
66.249.78.70 - - [20/Sep/2014:12:39:50 +0200] "GET /robots.txt HTTP/1.1" 404 1256 "-" "Mozilla/5.0 (compatible; Googlebot/2.1; +http://www.google.com/bot.html)"
66.249.78.63 - - [20/Sep/2014:12:39:50 +0200] "GET / HTTP/1.1" 302 - "-" "Mozilla/5.0 (compatible; Googlebot/2.1; +http://www.google.com/bot.html)"
79.221.69.80 - - [20/Sep/2014:13:23:52 +0200] "GET / HTTP/1.1" 302 - "-" "Mozilla/5.0 (Windows NT 6.1; WOW64; rv:32.0) Gecko/20100101 Firefox/32.0"
85.178.136.70 - - [20/Sep/2014:22:13:52 +0200] "GET / HTTP/1.1" 302 - "https://www.google.de/" "Mozilla/5.0 (Linux; U; Android 4.1.1; de-de; HTC_Desire_X Build/JRO03C) AppleWebKit/534.30 (KHTML, like Gecko) Version/4.0 Mobile Safari/534.30"
178.255.215.70 - - [20/Sep/2014:22:57:00 +0200] "GET /robots.txt HTTP/1.1" 404 1256 "-" "Mozilla/5.0 (compatible; Exabot/3.0; +http://www.exabot.com/go/robot)"
178.255.215.70 - - [20/Sep/2014:22:57:00 +0200] "GET / HTTP/1.1" 302 - "-" "Mozilla/5.0 (compatible; Exabot/3.0; +http://www.exabot.com/go/robot)"
176.9.76.43 - - [21/Sep/2014:01:23:24 +0200] "GET /robots.txt HTTP/1.1" 404 1256 "-" "Mozilla/5.0 (X11; Ubuntu; Linux x86_64; rv:27.0) Gecko/20100101 Firefox/27.0"
176.9.76.43 - - [21/Sep/2014:01:23:24 +0200] "GET / HTTP/1.1" 302 - "-" "Mozilla/5.0 (X11; Ubuntu; Linux x86_64; rv:27.0) Gecko/20100101 Firefox/27.0"
208.115.113.85 - - [21/Sep/2014:04:43:47 +0200] "GET /robots.txt HTTP/1.1" 404 1256 "-" "Mozilla/5.0 (compatible; DotBot/1.1; http://www.opensiteexplorer.org/dotbot, help@moz.com)"
208.115.113.85 - - [21/Sep/2014:06:37:22 +0200] "GET /include.php?path=contentarchive&type=3&catid=0&letter=C&entries=0&searchtext=&order=titled HTTP/1.1" 404 1256 "-" "Mozilla/5.0 (compatible; DotBot/1.1; http://www.opensiteexplorer.org/dotbot, help@moz.com)"
78.158.11.226 - - [21/Sep/2014:07:26:32 +0200] "GET / HTTP/1.0" 302 - "http://www.google.com/url?sa=t&rct=j&q=www.friedrich-list-berlin.de&source=web&cd=5&ved=0CF0QFjAE&url=http:%2F%2Fwww.friedrich-list-berlin.de%2F&cad=rja" "Lynx/2.8.5rel.1 libwww-FM/2.15FC SSL-MM/1.4.1c OpenSSL/0.9.7e-dev"
176.9.48.201 - - [21/Sep/2014:09:15:32 +0200] "GET /robots.txt HTTP/1.1" 404 1256 "-" "Mozilla/5.0 (X11; Ubuntu; Linux x86_64; rv:27.0) Gecko/20100101 Firefox/27.0"
176.9.48.201 - - [21/Sep/2014:09:15:32 +0200] "GET / HTTP/1.1" 302 - "-" "Mozilla/5.0 (X11; Ubuntu; Linux x86_64; rv:27.0) Gecko/20100101 Firefox/27.0"
68.180.224.237 - - [21/Sep/2014:10:01:54 +0200] "GET /robots.txt HTTP/1.1" 404 1256 "-" "Mozilla/5.0 (compatible; Yahoo! Slurp; http://help.yahoo.com/help/us/ysearch/slurp)"
68.180.224.237 - - [21/Sep/2014:10:01:55 +0200] "GET / HTTP/1.1" 302 - "-" "Mozilla/5.0 (compatible; Yahoo! Slurp; http://help.yahoo.com/help/us/ysearch/slurp)"
198.27.80.144 - - [21/Sep/2014:10:34:29 +0200] "GET /robots.txt HTTP/1.1" 404 1256 "-" "Mozilla/5.0 (compatible; ca-crawler/1.0)"
198.27.80.144 - - [21/Sep/2014:10:34:31 +0200] "GET / HTTP/1.1" 302 - "-" "Mozilla/5.0 (compatible; ca-crawler/1.0)"
207.46.13.43 - - [21/Sep/2014:12:47:07 +0200] "GET /robots.txt HTTP/1.1" 404 1256 "-" "Mozilla/5.0 (compatible; bingbot/2.0; +http://www.bing.com/bingbot.htm)"
207.46.13.43 - - [21/Sep/2014:12:47:11 +0200] "GET / HTTP/1.1" 302 - "-" "Mozilla/5.0 (compatible; bingbot/2.0; +http://www.bing.com/bingbot.htm)"
79.221.69.80 - - [21/Sep/2014:13:40:06 +0200] "GET / HTTP/1.1" 302 - "-" "Mozilla/5.0 (Windows NT 6.1; WOW64; rv:32.0) Gecko/20100101 Firefox/32.0"
185.3.40.131 - - [21/Sep/2014:14:51:46 +0200] "HEAD / HTTP/1.1" 302 - "-" "Mozilla/5.0 (Macintosh; Intel Mac OS X 10_7_5) AppleWebKit/537.4 (KHTML, like Gecko) Chrome/22.0.1229.94 Safari/537.4"
139.18.2.216 - - [21/Sep/2014:15:56:22 +0200] "GET /robots.txt HTTP/1.0" 404 1256 "-" "Mozilla/5.0 (compatible; heritrix/3.1.1; UniLeipzigASV +http://corpora.informatik.uni-leipzig.de/crawler_faq.html)"
139.18.2.216 - - [21/Sep/2014:15:56:26 +0200] "GET / HTTP/1.0" 302 - "http://www.aubi-plus.de/weiterbildung/friedrich-list-schule-berlin-staatlich-gepruefte-r-europakorrespondent-in-10823-berlin-deutschland-1747.html" "Mozilla/5.0 (compatible; heritrix/3.1.1; UniLeipzigASV +http://corpora.informatik.uni-leipzig.de/crawler_faq.html)"
207.241.226.219 - - [21/Sep/2014:16:52:08 +0200] "GET /robots.txt HTTP/1.1" 404 1256 "-" "Mozilla/5.0 (compatible; archive.org_bot; Wayback Machine Live Record; +http://archive.org/details/archive.org_bot)"
208.115.111.69 - - [21/Sep/2014:22:52:10 +0200] "GET /robots.txt HTTP/1.1" 404 1256 "-" "Mozilla/5.0 (compatible; DotBot/1.1; http://www.opensiteexplorer.org/dotbot, help@moz.com)"
84.175.77.244 - - [21/Sep/2014:22:54:53 +0200] "GET / HTTP/1.1" 302 - "-" "Mozilla/5.0 (iPad; CPU OS 8_0 like Mac OS X) AppleWebKit/600.1.4 (KHTML, like Gecko) Version/8.0 Mobile/12A365 Safari/600.1.4"
208.115.111.69 - - [22/Sep/2014:00:31:43 +0200] "GET /include.php?path=contentarchive&type=3&catid=0&letter=C&entries=0&searchtext=&order=dated HTTP/1.1" 404 1256 "-" "Mozilla/5.0 (compatible; DotBot/1.1; http://www.opensiteexplorer.org/dotbot, help@moz.com)"
80.111.220.228 - - [22/Sep/2014:00:34:22 +0200] "GET / HTTP/1.1" 302 - "https://www.google.ie/" "Mozilla/5.0 (Windows NT 6.0) AppleWebKit/537.36 (KHTML, like Gecko) Chrome/37.0.2062.120 Safari/537.36"
83.60.169.82 - - [22/Sep/2014:02:40:00 +0200] "GET / HTTP/1.1" 302 - "-" "Java/1.7.0_45"
83.60.169.82 - - [22/Sep/2014:02:40:01 +0200] "GET /fls_1_aktuelles.php HTTP/1.1" 404 1256 "-" "Java/1.7.0_45"
83.60.169.82 - - [22/Sep/2014:02:40:01 +0200] "GET /fls_2_fremdsprachensekr.php HTTP/1.1" 404 1256 "-" "Java/1.7.0_45"
83.60.169.82 - - [22/Sep/2014:02:40:02 +0200] "GET /fls_3_blog.php HTTP/1.1" 404 1256 "-" "Java/1.7.0_45"
83.60.169.82 - - [22/Sep/2014:02:40:02 +0200] "GET /fls_4_faq.php HTTP/1.1" 404 1256 "-" "Java/1.7.0_45"
83.60.169.82 - - [22/Sep/2014:02:40:02 +0200] "GET /fls_4_impressum.php HTTP/1.1" 404 1256 "-" "Java/1.7.0_45"
83.60.169.82 - - [22/Sep/2014:02:40:02 +0200] "GET /fls_4_kontakt_anmeldung.php HTTP/1.1" 404 1256 "-" "Java/1.7.0_45"
83.60.169.82 - - [22/Sep/2014:02:40:03 +0200] "GET /index.php HTTP/1.1" 302 - "-" "Java/1.7.0_45"
83.60.169.82 - - [22/Sep/2014:02:40:04 +0200] "GET /index_en.php HTTP/1.1" 404 1256 "-" "Java/1.7.0_45"
83.60.169.82 - - [22/Sep/2014:02:40:04 +0200] "GET /index_fr.php HTTP/1.1" 404 1256 "-" "Java/1.7.0_45"
83.60.169.82 - - [22/Sep/2014:02:40:05 +0200] "GET /index_sp.php HTTP/1.1" 404 1256 "-" "Java/1.7.0_45"
128.131.102.100 - - [22/Sep/2014:05:32:46 +0200] "GET / HTTP/1.0" 302 - "-" "Mozilla/5.0 (KeepRight OpenStreetMap Checker; http://keepright.at) Gecko/20100101 Firefox/22.0"
207.46.13.126 - - [22/Sep/2014:11:23:34 +0200] "GET /robots.txt HTTP/1.1" 404 1256 "-" "Mozilla/5.0 (compatible; bingbot/2.0; +http://www.bing.com/bingbot.htm)"
207.46.13.126 - - [22/Sep/2014:11:23:41 +0200] "GET /?&nid=32 HTTP/1.1" 302 - "-" "Mozilla/5.0 (compatible; bingbot/2.0; +http://www.bing.com/bingbot.htm)"
5.9.0.81 - - [22/Sep/2014:11:37:17 +0200] "HEAD / HTTP/1.1" 302 - "-" "Mozilla/5.0 (compatible; SEOdiver/1.0; +http://www.seodiver.com/bot)"
5.9.0.81 - - [22/Sep/2014:11:37:17 +0200] "HEAD / HTTP/1.1" 302 - "-" "Mozilla/5.0 (compatible; SEOdiver/1.0; +http://www.seodiver.com/bot)"
5.9.0.81 - - [22/Sep/2014:11:37:17 +0200] "HEAD / HTTP/1.1" 302 - "-" "Mozilla/5.0 (compatible; SEOdiver/1.0; +http://www.seodiver.com/bot)"
5.9.0.81 - - [22/Sep/2014:11:40:25 +0200] "HEAD / HTTP/1.1" 302 - "-" "Mozilla/5.0 (compatible; SEOdiver/1.0; +http://www.seodiver.com/bot)"
5.9.0.81 - - [22/Sep/2014:11:40:25 +0200] "HEAD / HTTP/1.1" 302 - "-" "Mozilla/5.0 (compatible; SEOdiver/1.0; +http://www.seodiver.com/bot)"
5.9.0.81 - - [22/Sep/2014:11:40:25 +0200] "HEAD / HTTP/1.1" 302 - "-" "Mozilla/5.0 (compatible; SEOdiver/1.0; +http://www.seodiver.com/bot)"
5.9.0.81 - - [22/Sep/2014:11:40:47 +0200] "HEAD / HTTP/1.1" 302 - "-" "Mozilla/5.0 (compatible; SEOdiver/1.0; +http://www.seodiver.com/bot)"
5.9.0.81 - - [22/Sep/2014:11:40:47 +0200] "HEAD / HTTP/1.1" 302 - "-" "Mozilla/5.0 (compatible; SEOdiver/1.0; +http://www.seodiver.com/bot)"
5.9.0.81 - - [22/Sep/2014:11:40:47 +0200] "HEAD / HTTP/1.1" 302 - "-" "Mozilla/5.0 (compatible; SEOdiver/1.0; +http://www.seodiver.com/bot)"
5.9.0.81 - - [22/Sep/2014:11:42:04 +0200] "HEAD / HTTP/1.1" 302 - "-" "Mozilla/5.0 (compatible; SEOdiver/1.0; +http://www.seodiver.com/bot)"
5.9.0.81 - - [22/Sep/2014:11:42:04 +0200] "HEAD / HTTP/1.1" 302 - "-" "Mozilla/5.0 (compatible; SEOdiver/1.0; +http://www.seodiver.com/bot)"
5.9.0.81 - - [22/Sep/2014:11:42:04 +0200] "HEAD / HTTP/1.1" 302 - "-" "Mozilla/5.0 (compatible; SEOdiver/1.0; +http://www.seodiver.com/bot)"
5.9.0.81 - - [22/Sep/2014:11:43:52 +0200] "HEAD / HTTP/1.1" 302 - "-" "Mozilla/5.0 (compatible; SEOdiver/1.0; +http://www.seodiver.com/bot)"
5.9.0.81 - - [22/Sep/2014:11:43:52 +0200] "HEAD / HTTP/1.1" 302 - "-" "Mozilla/5.0 (compatible; SEOdiver/1.0; +http://www.seodiver.com/bot)"
5.9.0.81 - - [22/Sep/2014:11:43:52 +0200] "HEAD / HTTP/1.1" 302 - "-" "Mozilla/5.0 (compatible; SEOdiver/1.0; +http://www.seodiver.com/bot)"
82.94.179.38 - - [22/Sep/2014:15:07:45 +0200] "GET /robots.txt HTTP/1.0" 404 1256 "-" "Mozilla/4.0 (compatible; Vagabondo/4.0/EU; http://webagent.wise-guys.nl/)"
82.94.179.38 - - [22/Sep/2014:15:07:45 +0200] "GET / HTTP/1.1" 302 - "-" "Mozilla/4.0 (compatible; Vagabondo/4.0/EU; http://www.wise-guys.nl/)"
162.210.196.97 - - [22/Sep/2014:15:11:43 +0200] "GET /robots.txt HTTP/1.0" 404 1256 "-" "Mozilla/5.0 (compatible; MJ12bot/v1.4.5; http://www.majestic12.co.uk/bot.php?+)"
162.210.196.97 - - [22/Sep/2014:15:11:46 +0200] "GET / HTTP/1.0" 302 - "-" "Mozilla/5.0 (compatible; MJ12bot/v1.4.5; http://www.majestic12.co.uk/bot.php?+)"
173.252.100.116 - - [22/Sep/2014:15:26:07 +0200] "GET /?fb_locale=de_DE HTTP/1.1" 302 - "-" "facebookexternalhit/1.1 (+http://www.facebook.com/externalhit_uatext.php)"
173.252.100.113 - - [22/Sep/2014:15:26:07 +0200] "GET / HTTP/1.1" 302 - "-" "facebookexternalhit/1.1 (+http://www.facebook.com/externalhit_uatext.php)"
79.221.69.80 - - [22/Sep/2014:15:27:37 +0200] "GET / HTTP/1.1" 302 - "-" "Mozilla/5.0 (Windows NT 6.1; WOW64; rv:32.0) Gecko/20100101 Firefox/32.0"
84.126.96.53 - - [22/Sep/2014:16:57:35 +0200] "GET / HTTP/1.1" 302 - "http://www.mecd.gob.es/alemania/dms/consejerias-exteriores/alemania/ser-estudiante/centros-ele/ele_berlin2012.pdf" "Mozilla/5.0 (Windows NT 6.3; WOW64) AppleWebKit/537.36 (KHTML, like Gecko) Chrome/37.0.2062.120 Safari/537.36"
84.126.96.53 - - [22/Sep/2014:17:02:20 +0200] "GET / HTTP/1.1" 302 - "http://www.mecd.gob.es/alemania/dms/consejerias-exteriores/alemania/ser-estudiante/centros-ele/ele_berlin2012.pdf" "Mozilla/5.0 (Windows NT 6.3) AppleWebKit/537.36 (KHTML, like Gecko) Chrome/37.0.2062.120 Safari/537.36"
178.255.215.68 - - [22/Sep/2014:19:22:56 +0200] "GET /robots.txt HTTP/1.1" 404 1256 "-" "Mozilla/5.0 (compatible; Exabot/3.0; +http://www.exabot.com/go/robot)"
178.255.215.68 - - [22/Sep/2014:19:22:56 +0200] "GET / HTTP/1.1" 302 - "-" "Mozilla/5.0 (compatible; Exabot/3.0; +http://www.exabot.com/go/robot)"
178.238.232.180 - - [22/Sep/2014:22:01:53 +0200] "GET / HTTP/1.1" 302 - "-" "-"
93.220.104.55 - - [22/Sep/2014:23:21:57 +0200] "GET / HTTP/1.1" 302 - "http://www.aubi-plus.com/ausbildung/friedrich-list-schule-berlin-fremdsprachenkorrespondent-schul-10823-berlin-deutschland-117120.html" "Mozilla/5.0 (Windows NT 6.1; WOW64; rv:32.0) Gecko/20100101 Firefox/32.0"
93.220.202.224 - - [23/Sep/2014:01:54:17 +0200] "GET / HTTP/1.1" 302 - "-" "Mozilla/4.0+(compatible;+MSIE+7.0;+Windows+NT+5.1)"
54.235.235.27 - - [23/Sep/2014:02:18:31 +0200] "GET / HTTP/1.1" 302 - "-" "HTTPClient/1.0 (2.4.0, ruby 1.9.3 (2013-06-27))"
66.249.78.77 - - [23/Sep/2014:05:16:48 +0200] "GET /robots.txt HTTP/1.1" 404 1256 "-" "Mozilla/5.0 (compatible; Googlebot/2.1; +http://www.google.com/bot.html)"
66.249.78.70 - - [23/Sep/2014:05:16:48 +0200] "GET / HTTP/1.1" 302 - "-" "Mozilla/5.0 (compatible; Googlebot/2.1; +http://www.google.com/bot.html)"
81.144.138.34 - - [23/Sep/2014:06:13:47 +0200] "GET /robots.txt HTTP/1.1" 404 1256 "-" "Wotbox/2.01 (+http://www.wotbox.com/bot/)"
81.144.138.34 - - [23/Sep/2014:06:13:59 +0200] "GET / HTTP/1.1" 302 - "-" "Wotbox/2.01 (+http://www.wotbox.com/bot/)"
95.91.243.181 - - [23/Sep/2014:07:09:00 +0200] "GET / HTTP/1.1" 302 - "-" "Mozilla/5.0 (Windows NT 5.1; rv:32.0) Gecko/20100101 Firefox/32.0"
79.221.69.80 - - [23/Sep/2014:08:35:30 +0200] "GET / HTTP/1.1" 302 - "-" "Mozilla/5.0 (Windows NT 6.1; WOW64; rv:32.0) Gecko/20100101 Firefox/32.0"
37.5.40.145 - - [23/Sep/2014:09:15:25 +0200] "GET /content/ HTTP/1.1" 404 1256 "-" "Mozilla/5.0 (Windows NT 6.1; WOW64; rv:17.0) Gecko/20100101 Firefox/17.0"
37.5.40.145 - - [23/Sep/2014:09:15:25 +0200] "GET /favicon.ico HTTP/1.1" 404 1256 "-" "Mozilla/5.0 (Windows NT 6.1; WOW64; rv:17.0) Gecko/20100101 Firefox/17.0"
37.5.40.145 - - [23/Sep/2014:09:15:33 +0200] "GET / HTTP/1.1" 302 - "-" "Mozilla/5.0 (Windows NT 6.1; WOW64; rv:17.0) Gecko/20100101 Firefox/17.0"
37.5.40.145 - - [23/Sep/2014:09:16:02 +0200] "GET / HTTP/1.1" 302 - "-" "Mozilla/5.0 (Windows NT 6.1; WOW64; rv:17.0) Gecko/20100101 Firefox/17.0"
91.64.33.87 - - [23/Sep/2014:10:15:34 +0200] "GET / HTTP/1.1" 302 - "http://www.google.com/m?hl=de&gl=de&client=ms-android-samsung&source=android-launcher-widget&action=devloc&q=friedrich+list+schule" "Mozilla/5.0 (Linux; U; Android 2.3.3; de-de; GT-S5830 Build/GINGERBREAD) AppleWebKit/533.1 (KHTML, like Gecko) Version/4.0 Mobile Safari/533.1"
90.176.58.133 - - [23/Sep/2014:10:31:52 +0200] "GET / HTTP/1.1" 302 - "-" "Mozilla/4.0 (compatible; MSIE 8.0; Windows NT 5.1; Trident/4.0; .NET CLR 2.0.50727; .NET CLR 3.0.04506.648; .NET CLR 3.5.21022; .NET4.0C; .NET4.0E; .NET CLR 3.0.4506.2152; .NET CLR 3.5.30729)"
37.5.40.145 - - [23/Sep/2014:11:19:21 +0200] "GET / HTTP/1.1" 302 - "-" "Mozilla/5.0 (Windows NT 6.1; WOW64; rv:32.0) Gecko/20100101 Firefox/32.0"
89.204.139.193 - - [23/Sep/2014:12:42:35 +0200] "GET / HTTP/1.1" 302 - "http://www.google.de/url?sa=t&rct=j&q=&esrc=s&source=web&cd=1&ved=0CCMQFjAA&url=http%3A%2F%2Fwww.fls-berlin.de%2F&ei=kE4hVLSmDuH-ywPA-oHYDQ&usg=AFQjCNG4fgXtDKSWFE8hgLKnipf8LQYy-g&sig2=b6tA9Skh2FhiIJJqt5mXLA&bvm=bv.75775273,d.bGQ" "Mozilla/5.0 (Macintosh; Intel Mac OS X 10.6; rv:32.0) Gecko/20100101 Firefox/32.0"
216.145.17.190 - - [23/Sep/2014:12:47:57 +0200] "GET /robots.txt HTTP/1.0" 404 1256 "-" "Mozilla/5.0 (Windows; U; Windows NT 5.1; en; rv:1.9.0.13) Gecko/2009073022 Firefox/3.5.2 (.NET CLR 3.5.30729) SurveyBot/2.3 (DomainTools)"
216.145.17.190 - - [23/Sep/2014:12:47:58 +0200] "GET / HTTP/1.1" 302 - "http://whois.domaintools.com/fls-berlin.de" "Mozilla/5.0 (Windows; U; Windows NT 5.1; en; rv:1.9.0.13) Gecko/2009073022 Firefox/3.5.2 (.NET CLR 3.5.30729) SurveyBot/2.3 (DomainTools)"
64.246.187.42 - - [23/Sep/2014:15:07:53 +0200] "GET /robots.txt HTTP/1.0" 404 1256 "-" "Mozilla/5.0 (Windows; U; Windows NT 5.1; en; rv:1.9.0.13) Gecko/2009073022 Firefox/3.5.2 (.NET CLR 3.5.30729) SurveyBot/2.3 (DomainTools)"
64.246.187.42 - - [23/Sep/2014:15:07:53 +0200] "GET / HTTP/1.1" 302 - "http://whois.domaintools.com/friedrich-list-berlin.de" "Mozilla/5.0 (Windows; U; Windows NT 5.1; en; rv:1.9.0.13) Gecko/2009073022 Firefox/3.5.2 (.NET CLR 3.5.30729) SurveyBot/2.3 (DomainTools)"
209.126.105.156 - - [23/Sep/2014:18:40:48 +0200] "GET / HTTP/1.1" 302 - "-" "Mozilla/5.0 (compatible; MSIE 9.0; Windows NT 6.1; Trident/5.0; SLCC2; .NET CLR 2.0.50727; .NET CLR 3.5.30729; .NET CLR 3.0.30729; Media Center PC 6.0; Tablet PC 2.0; .NET4.0E; .NET4.0C)"
209.126.105.156 - - [23/Sep/2014:18:40:49 +0200] "GET / HTTP/1.1" 302 - "-" "Mozilla/5.0 (compatible; MSIE 9.0; Windows NT 6.1; Trident/5.0; SLCC2; .NET CLR 2.0.50727; .NET CLR 3.5.30729; .NET CLR 3.0.30729; Media Center PC 6.0; Tablet PC 2.0; .NET4.0E; .NET4.0C)"
209.126.105.156 - - [23/Sep/2014:18:40:51 +0200] "GET /robots.txt HTTP/1.1" 404 1256 "-" "Java/1.7.0_55"
141.8.147.12 - - [23/Sep/2014:21:02:14 +0200] "GET /robots.txt HTTP/1.1" 404 1256 "-" "Mozilla/5.0 (compatible; YandexBot/3.0; +http://yandex.com/bots)"
141.8.147.12 - - [23/Sep/2014:21:02:16 +0200] "GET /fls_1_aktuelles.php HTTP/1.1" 404 1256 "-" "Mozilla/5.0 (compatible; YandexBot/3.0; +http://yandex.com/bots)"
141.8.147.12 - - [23/Sep/2014:21:02:18 +0200] "GET /fls_4_kontakt_anmeldung.php HTTP/1.1" 404 1256 "-" "Mozilla/5.0 (compatible; YandexBot/3.0; +http://yandex.com/bots)"
141.8.147.12 - - [23/Sep/2014:21:02:20 +0200] "GET /fls_2_berufsfachschule.php HTTP/1.1" 404 1256 "-" "Mozilla/5.0 (compatible; YandexBot/3.0; +http://yandex.com/bots)"
141.8.147.12 - - [23/Sep/2014:21:02:22 +0200] "GET /index_fr.php HTTP/1.1" 404 1256 "-" "Mozilla/5.0 (compatible; YandexBot/3.0; +http://yandex.com/bots)"
141.8.147.12 - - [23/Sep/2014:21:02:24 +0200] "GET /fls_2_kurs_ecbm_london.php HTTP/1.1" 404 1256 "-" "Mozilla/5.0 (compatible; YandexBot/3.0; +http://yandex.com/bots)"
141.8.147.12 - - [23/Sep/2014:21:02:26 +0200] "GET /fls_2_fremdsprachensekr.php HTTP/1.1" 404 1256 "-" "Mozilla/5.0 (compatible; YandexBot/3.0; +http://yandex.com/bots)"
141.8.147.12 - - [23/Sep/2014:21:02:28 +0200] "GET /fls_1_aktuelles.php?artid=48 HTTP/1.1" 404 1256 "-" "Mozilla/5.0 (compatible; YandexBot/3.0; +http://yandex.com/bots)"
141.8.147.12 - - [23/Sep/2014:21:02:30 +0200] "GET /fls_2_fremdsprachenkorr.php HTTP/1.1" 404 1256 "-" "Mozilla/5.0 (compatible; YandexBot/3.0; +http://yandex.com/bots)"
141.8.147.12 - - [23/Sep/2014:21:02:32 +0200] "GET /fls_2_europakorr.php HTTP/1.1" 404 1256 "-" "Mozilla/5.0 (compatible; YandexBot/3.0; +http://yandex.com/bots)"
141.8.147.12 - - [23/Sep/2014:21:02:34 +0200] "GET /index_en.php HTTP/1.1" 404 1256 "-" "Mozilla/5.0 (compatible; YandexBot/3.0; +http://yandex.com/bots)"
141.8.147.12 - - [23/Sep/2014:21:02:36 +0200] "GET /index_sp.php HTTP/1.1" 404 1256 "-" "Mozilla/5.0 (compatible; YandexBot/3.0; +http://yandex.com/bots)"
141.8.147.12 - - [23/Sep/2014:21:02:38 +0200] "GET /fls_4_impressum.php HTTP/1.1" 404 1256 "-" "Mozilla/5.0 (compatible; YandexBot/3.0; +http://yandex.com/bots)"
141.8.147.12 - - [23/Sep/2014:23:08:11 +0200] "GET /robots.txt HTTP/1.1" 404 1256 "-" "Mozilla/5.0 (compatible; YandexBot/3.0; +http://yandex.com/bots)"
141.8.147.12 - - [23/Sep/2014:23:08:13 +0200] "GET / HTTP/1.1" 302 - "-" "Mozilla/5.0 (compatible; YandexBot/3.0; +http://yandex.com/bots)"
199.58.86.211 - - [24/Sep/2014:00:28:38 +0200] "GET /robots.txt HTTP/1.0" 404 1256 "-" "Mozilla/5.0 (compatible; MJ12bot/v1.4.5; http://www.majestic12.co.uk/bot.php?+)"
199.58.86.211 - - [24/Sep/2014:00:28:40 +0200] "GET / HTTP/1.0" 302 - "-" "Mozilla/5.0 (compatible; MJ12bot/v1.4.5; http://www.majestic12.co.uk/bot.php?+)"
208.115.111.69 - - [24/Sep/2014:02:45:21 +0200] "GET /robots.txt HTTP/1.1" 404 1256 "-" "Mozilla/5.0 (compatible; DotBot/1.1; http://www.opensiteexplorer.org/dotbot, help@moz.com)"
208.115.111.69 - - [24/Sep/2014:03:08:09 +0200] "GET / HTTP/1.1" 302 - "-" "Mozilla/5.0 (compatible; DotBot/1.1; http://www.opensiteexplorer.org/dotbot, help@moz.com)"
66.249.65.103 - - [24/Sep/2014:07:53:35 +0200] "GET /robots.txt HTTP/1.1" 404 1256 "-" "Mozilla/5.0 (compatible; Googlebot/2.1; +http://www.google.com/bot.html)"
66.249.65.95 - - [24/Sep/2014:07:53:35 +0200] "GET / HTTP/1.1" 302 - "-" "Mozilla/5.0 (compatible; Googlebot/2.1; +http://www.google.com/bot.html)"
37.5.67.236 - - [24/Sep/2014:09:34:39 +0200] "GET / HTTP/1.1" 302 - "-" "Mozilla/5.0 (Windows NT 6.1; rv:32.0) Gecko/20100101 Firefox/32.0"
188.104.142.225 - - [24/Sep/2014:10:17:48 +0200] "GET / HTTP/1.1" 302 - "-" "Mozilla/5.0 (Windows NT 6.1; WOW64) AppleWebKit/537.36 (KHTML, like Gecko) Chrome/37.0.2062.120 Safari/537.36"
188.138.41.140 - - [24/Sep/2014:12:25:35 +0200] "GET / HTTP/1.1" 302 - "-" "Mozilla/5.0 (Windows NT 6.1; rv:24.0) Gecko/20100101 Firefox/24.0"
188.138.41.140 - - [24/Sep/2014:12:25:52 +0200] "GET /robots.txt HTTP/1.1" 404 1256 "-" "Mozilla/5.0 (Windows NT 6.1; rv:24.0) Gecko/20100101 Firefox/24.0"
188.138.41.140 - - [24/Sep/2014:12:25:52 +0200] "GET / HTTP/1.1" 302 - "-" "Mozilla/5.0 (X11; U; Linux i686; de; rv:1.9.0.1; compatible; iCjobs Stellenangebote Jobs; http://www.icjobs.de) Gecko/20100401 iCjobs/3.2.3"
188.138.41.140 - - [24/Sep/2014:12:25:52 +0200] "GET / HTTP/1.1" 302 - "-" "Mozilla/5.0 (Windows NT 6.1; rv:24.0) Gecko/20100101 Firefox/24.0"
188.138.41.140 - - [24/Sep/2014:12:26:16 +0200] "GET /favicon.ico HTTP/1.1" 404 1256 "-" "Mozilla/5.0 (Windows NT 6.1; rv:24.0) Gecko/20100101 Firefox/24.0"
188.138.41.140 - - [24/Sep/2014:12:26:17 +0200] "GET / HTTP/1.1" 302 - "-" "Mozilla/5.0 (Windows NT 6.1; rv:24.0) Gecko/20100101 Firefox/24.0"
198.143.133.154 - - [24/Sep/2014:13:24:52 +0200] "GET /robots.txt HTTP/1.1" 404 1256 "-" "Mozilla/5.0 (compatible; BLEXBot/1.0; +http://webmeup-crawler.com/)"
198.143.133.154 - - [24/Sep/2014:13:24:52 +0200] "GET / HTTP/1.1" 302 - "-" "Mozilla/5.0 (compatible; BLEXBot/1.0; +http://webmeup-crawler.com/)"
195.88.117.170 - - [24/Sep/2014:14:12:38 +0200] "GET / HTTP/1.1" 302 - "-" "-"
195.88.117.170 - - [24/Sep/2014:14:12:38 +0200] "GET / HTTP/1.1" 302 - "http://www.bing.com/entities/search?q=friedrich+list+schule&filters=segment%3a%22local%22&FORM=LARE" "Mozilla/5.0 (compatible; MSIE 9.0; Windows NT 6.1; WOW64; Trident/5.0)"
150.70.173.54 - - [24/Sep/2014:14:13:50 +0200] "GET / HTTP/1.1" 302 - "-" "Mozilla/4.0 (compatible; MSIE 8.0; Windows NT 5.1; Trident/4.0)"
150.70.173.60 - - [24/Sep/2014:14:22:56 +0200] "GET / HTTP/1.1" 302 - "-" "Mozilla/4.0 (compatible; MSIE 8.0; Windows NT 5.1; Trident/4.0)"
208.115.111.69 - - [24/Sep/2014:14:42:52 +0200] "GET /robots.txt HTTP/1.1" 404 1256 "-" "Mozilla/5.0 (compatible; DotBot/1.1; http://www.opensiteexplorer.org/dotbot, help@moz.com)"
46.114.143.190 - - [24/Sep/2014:15:17:38 +0200] "GET / HTTP/1.1" 302 - "https://www.google.de/" "Mozilla/5.0 (Windows NT 6.1) AppleWebKit/537.36 (KHTML, like Gecko) Chrome/37.0.2062.120 Safari/537.36"
176.9.48.201 - - [24/Sep/2014:15:46:41 +0200] "GET /robots.txt HTTP/1.1" 404 1256 "-" "Mozilla/5.0 (X11; Ubuntu; Linux x86_64; rv:27.0) Gecko/20100101 Firefox/27.0"
176.9.48.201 - - [24/Sep/2014:15:46:41 +0200] "GET / HTTP/1.1" 302 - "-" "Mozilla/5.0 (X11; Ubuntu; Linux x86_64; rv:27.0) Gecko/20100101 Firefox/27.0"
85.179.172.172 - - [24/Sep/2014:16:02:29 +0200] "GET / HTTP/1.1" 302 - "https://www.google.de/" "Mozilla/5.0 (Linux; Android 4.1.2; GT-I8190 Build/JZO54K) AppleWebKit/537.36 (KHTML, like Gecko) Chrome/36.0.1985.128 Mobile Safari/537.36"
157.55.39.208 - - [24/Sep/2014:16:06:13 +0200] "GET /robots.txt HTTP/1.1" 404 1256 "-" "Mozilla/5.0 (compatible; bingbot/2.0; +http://www.bing.com/bingbot.htm)"
157.55.39.208 - - [24/Sep/2014:16:06:18 +0200] "GET /?path=start HTTP/1.1" 302 - "-" "Mozilla/5.0 (compatible; bingbot/2.0; +http://www.bing.com/bingbot.htm)"
208.115.111.69 - - [24/Sep/2014:16:26:01 +0200] "GET /include.php?path=contentarchive&type=3&catid=0&letter=&entries=0&searchtext=&order=title HTTP/1.1" 404 1256 "-" "Mozilla/5.0 (compatible; DotBot/1.1; http://www.opensiteexplorer.org/dotbot, help@moz.com)"
157.55.39.18 - - [24/Sep/2014:16:54:54 +0200] "GET /?path=faq HTTP/1.1" 302 - "-" "Mozilla/5.0 (compatible; bingbot/2.0; +http://www.bing.com/bingbot.htm)"
37.58.100.138 - - [24/Sep/2014:22:23:13 +0200] "GET /robots.txt HTTP/1.1" 404 1256 "-" "Mozilla/5.0 (compatible; AhrefsBot/5.0; +http://ahrefs.com/robot/)"
188.194.80.102 - - [24/Sep/2014:23:21:02 +0200] "GET / HTTP/1.1" 302 - "http://l.facebook.com/l.php?u=http%3A%2F%2Fwww.friedrich-list-berlin.de%2F&h=zAQFFdTog&s=1" "Mozilla/5.0 (Windows NT 6.1; WOW64; rv:32.0) Gecko/20100101 Firefox/32.0"
173.252.120.115 - - [24/Sep/2014:23:21:03 +0200] "GET / HTTP/1.1" 302 - "-" "facebookexternalhit/1.1 (+http://www.facebook.com/externalhit_uatext.php)"
93.186.202.253 - - [25/Sep/2014:00:43:35 +0200] "GET /include.php?path=content&contentid=4&nid=21 HTTP/1.1" 404 1256 "-" "Mozilla/5.0 (compatible; Windows; U; Windows NT 6.2; WOW64; en-US; rv:12.0) Gecko/20120403211507 Firefox/12.0"
144.76.185.173 - - [25/Sep/2014:00:43:35 +0200] "GET /include.php?path=content&contentid=4&nid=19 HTTP/1.1" 404 1256 "-" "Mozilla/5.0 (Macintosh; Intel Mac OS X 10_7_5) AppleWebKit/537.31 (KHTML, like Gecko) Chrome/26.0.1410.65 Safari/537.31"
144.76.155.8 - - [25/Sep/2014:00:43:49 +0200] "GET /include.php?path=content&contentid=4&nid=21 HTTP/1.1" 404 1256 "-" "Mozilla/5.0 (Windows NT 6.1; rv:21.0) Gecko/20100101 Firefox/21.0"
141.8.147.12 - - [25/Sep/2014:07:46:09 +0200] "GET /robots.txt HTTP/1.1" 404 1256 "-" "Mozilla/5.0 (compatible; YandexBot/3.0; +http://yandex.com/bots)"
141.8.147.12 - - [25/Sep/2014:07:46:11 +0200] "GET / HTTP/1.1" 302 - "-" "Mozilla/5.0 (compatible; YandexBot/3.0; +http://yandex.com/bots)"
79.247.36.242 - - [25/Sep/2014:11:17:03 +0200] "GET / HTTP/1.1" 302 - "https://www.facebook.com/" "Mozilla/5.0 (Windows NT 6.1; WOW64) AppleWebKit/537.36 (KHTML, like Gecko) Chrome/37.0.2062.124 Safari/537.36"
212.3.4.130 - - [25/Sep/2014:11:19:29 +0200] "GET / HTTP/1.1" 302 - "https://www.google.se/" "Mozilla/5.0 (Macintosh; Intel Mac OS X 10_9_4) AppleWebKit/537.36 (KHTML, like Gecko) Chrome/37.0.2062.122 Safari/537.36"
64.74.215.113 - - [25/Sep/2014:12:16:34 +0200] "HEAD / HTTP/1.1" 302 - "-" "'Mozilla/5.0 (compatible; MSIE 9.0; Windows NT 6.1; Trident/5.0)'"
37.5.67.236 - - [25/Sep/2014:14:10:34 +0200] "GET / HTTP/1.1" 302 - "-" "Mozilla/5.0 (Windows NT 6.1; rv:32.0) Gecko/20100101 Firefox/32.0"
108.59.8.80 - - [25/Sep/2014:14:12:19 +0200] "GET /robots.txt HTTP/1.0" 404 1256 "-" "Mozilla/5.0 (compatible; MJ12bot/v1.4.5; http://www.majestic12.co.uk/bot.php?+)"
108.59.8.80 - - [25/Sep/2014:14:12:20 +0200] "GET / HTTP/1.0" 302 - "-" "Mozilla/5.0 (compatible; MJ12bot/v1.4.5; http://www.majestic12.co.uk/bot.php?+)"
37.58.100.232 - - [25/Sep/2014:16:34:06 +0200] "GET /robots.txt HTTP/1.1" 404 1256 "-" "Mozilla/5.0 (compatible; AhrefsBot/5.0; +http://ahrefs.com/robot/)"
91.121.112.108 - - [25/Sep/2014:17:07:19 +0200] "GET / HTTP/1.1" 302 - "-" "Mozilla/5.0 (Windows NT 6.1; WOW64) AppleWebKit/537.31 (KHTML, like Gecko) Chrome/26.0.1410.64 Safari/537.31"
160.45.24.177 - - [25/Sep/2014:17:24:32 +0200] "GET / HTTP/1.1" 302 - "http://www.yelp.com/biz_redir?url=http%3A%2F%2Fwww.friedrich-list-berlin.de&src_bizid=fSHiYxGQm1Z5g7TwC8oc_A&cachebuster=1411658205&s=0f4e7e9a12ce21d53bb555a27ad24f5c11ce1058d93f2de28bb0ba5c0f8f9325" "Mozilla/5.0 (X11; Linux x86_64) AppleWebKit/537.36 (KHTML, like Gecko) Chrome/37.0.2062.94 Safari/537.36"
141.8.147.12 - - [25/Sep/2014:20:56:43 +0200] "GET /robots.txt HTTP/1.1" 404 1256 "-" "Mozilla/5.0 (compatible; YandexBot/3.0; +http://yandex.com/bots)"
141.8.147.12 - - [25/Sep/2014:20:56:45 +0200] "GET / HTTP/1.1" 302 - "-" "Mozilla/5.0 (compatible; YandexBot/3.0; +http://yandex.com/bots)"
79.221.69.80 - - [25/Sep/2014:21:57:18 +0200] "GET / HTTP/1.1" 302 - "-" "Mozilla/5.0 (Windows NT 6.1; WOW64; rv:32.0) Gecko/20100101 Firefox/32.0"
77.251.104.35 - - [26/Sep/2014:01:39:57 +0200] "GET / HTTP/1.1" 302 - "-" "Java/1.7.0_17"
77.251.104.35 - - [26/Sep/2014:01:39:57 +0200] "GET /fls_1_aktuelles.php HTTP/1.1" 404 1256 "-" "Java/1.7.0_17"
77.251.104.35 - - [26/Sep/2014:01:39:58 +0200] "GET /fls_2_fremdsprachensekr.php HTTP/1.1" 404 1256 "-" "Java/1.7.0_17"
77.251.104.35 - - [26/Sep/2014:01:39:58 +0200] "GET /fls_3_blog.php HTTP/1.1" 404 1256 "-" "Java/1.7.0_17"
77.251.104.35 - - [26/Sep/2014:01:39:58 +0200] "GET /fls_4_faq.php HTTP/1.1" 404 1256 "-" "Java/1.7.0_17"
77.251.104.35 - - [26/Sep/2014:01:39:58 +0200] "GET /fls_4_impressum.php HTTP/1.1" 404 1256 "-" "Java/1.7.0_17"
77.251.104.35 - - [26/Sep/2014:01:39:58 +0200] "GET /fls_4_kontakt_anmeldung.php HTTP/1.1" 404 1256 "-" "Java/1.7.0_17"
77.251.104.35 - - [26/Sep/2014:01:39:58 +0200] "GET /index.php HTTP/1.1" 302 - "-" "Java/1.7.0_17"
77.251.104.35 - - [26/Sep/2014:01:39:59 +0200] "GET /index_en.php HTTP/1.1" 404 1256 "-" "Java/1.7.0_17"
77.251.104.35 - - [26/Sep/2014:01:39:59 +0200] "GET /index_fr.php HTTP/1.1" 404 1256 "-" "Java/1.7.0_17"
77.251.104.35 - - [26/Sep/2014:01:39:59 +0200] "GET /index_sp.php HTTP/1.1" 404 1256 "-" "Java/1.7.0_17"
77.251.104.35 - - [26/Sep/2014:01:39:59 +0200] "GET /& HTTP/1.1" 404 1256 "-" "Java/1.7.0_17"
77.251.104.35 - - [26/Sep/2014:01:40:00 +0200] "GET /& HTTP/1.1" 404 1256 "-" "Java/1.7.0_17"
77.251.104.35 - - [26/Sep/2014:01:40:00 +0200] "GET /& HTTP/1.1" 404 1256 "-" "Java/1.7.0_17"
77.251.104.35 - - [26/Sep/2014:01:40:00 +0200] "GET /& HTTP/1.1" 404 1256 "-" "Java/1.7.0_17"
77.251.104.35 - - [26/Sep/2014:01:40:00 +0200] "GET /& HTTP/1.1" 404 1256 "-" "Java/1.7.0_17"
77.251.104.35 - - [26/Sep/2014:01:40:00 +0200] "GET /& HTTP/1.1" 404 1256 "-" "Java/1.7.0_17"
77.251.104.35 - - [26/Sep/2014:01:40:00 +0200] "GET /& HTTP/1.1" 404 1256 "-" "Java/1.7.0_17"
77.251.104.35 - - [26/Sep/2014:01:40:00 +0200] "GET /& HTTP/1.1" 404 1256 "-" "Java/1.7.0_17"
77.251.104.35 - - [26/Sep/2014:01:40:00 +0200] "GET /& HTTP/1.1" 404 1256 "-" "Java/1.7.0_17"
77.251.104.35 - - [26/Sep/2014:01:40:01 +0200] "GET /& HTTP/1.1" 404 1256 "-" "Java/1.7.0_17"
77.251.104.35 - - [26/Sep/2014:01:40:01 +0200] "GET /& HTTP/1.1" 404 1256 "-" "Java/1.7.0_17"
77.251.104.35 - - [26/Sep/2014:01:40:01 +0200] "GET /& HTTP/1.1" 404 1256 "-" "Java/1.7.0_17"
77.251.104.35 - - [26/Sep/2014:01:40:01 +0200] "GET /& HTTP/1.1" 404 1256 "-" "Java/1.7.0_17"
77.251.104.35 - - [26/Sep/2014:01:40:01 +0200] "GET /& HTTP/1.1" 404 1256 "-" "Java/1.7.0_17"
77.251.104.35 - - [26/Sep/2014:01:40:01 +0200] "GET /& HTTP/1.1" 404 1256 "-" "Java/1.7.0_17"
77.251.104.35 - - [26/Sep/2014:01:40:01 +0200] "GET /& HTTP/1.1" 404 1256 "-" "Java/1.7.0_17"
77.251.104.35 - - [26/Sep/2014:01:40:01 +0200] "GET /& HTTP/1.1" 404 1256 "-" "Java/1.7.0_17"
77.251.104.35 - - [26/Sep/2014:01:40:02 +0200] "GET /& HTTP/1.1" 404 1256 "-" "Java/1.7.0_17"
77.251.104.35 - - [26/Sep/2014:01:40:05 +0200] "GET /& HTTP/1.1" 404 1256 "-" "Java/1.7.0_17"
77.251.104.35 - - [26/Sep/2014:01:40:05 +0200] "GET /& HTTP/1.1" 404 1256 "-" "Java/1.7.0_17"
193.175.194.33 - - [26/Sep/2014:02:23:04 +0200] "GET / HTTP/1.1" 302 - "-" "Bildungsserver-Linkchecker DBS 0.9 (http://www.bildungsserver.de)"
66.249.78.63 - - [26/Sep/2014:07:19:19 +0200] "GET /robots.txt HTTP/1.1" 404 1256 "-" "Mozilla/5.0 (compatible; Googlebot/2.1; +http://www.google.com/bot.html)"
66.249.78.63 - - [26/Sep/2014:07:19:19 +0200] "GET / HTTP/1.1" 302 - "-" "Mozilla/5.0 (compatible; Googlebot/2.1; +http://www.google.com/bot.html)"
62.212.73.211 - - [26/Sep/2014:08:28:37 +0200] "GET /robots.txt HTTP/1.0" 404 1256 "-" "Mozilla/5.0 (compatible; MJ12bot/v1.4.5; http://www.majestic12.co.uk/bot.php?+)"
62.212.73.211 - - [26/Sep/2014:08:28:39 +0200] "GET / HTTP/1.0" 302 - "-" "Mozilla/5.0 (compatible; MJ12bot/v1.4.5; http://www.majestic12.co.uk/bot.php?+)"
37.5.67.236 - - [26/Sep/2014:11:06:27 +0200] "GET / HTTP/1.1" 302 - "-" "Mozilla/5.0 (Windows NT 6.1; WOW64; rv:32.0) Gecko/20100101 Firefox/32.0"
77.186.97.195 - - [26/Sep/2014:11:41:02 +0200] "GET / HTTP/1.1" 302 - "https://www.google.de/" "Mozilla/5.0 (Windows NT 6.1) AppleWebKit/537.36 (KHTML, like Gecko) Chrome/34.0.1847.137 Safari/537.36"
37.5.67.236 - - [26/Sep/2014:11:43:08 +0200] "GET / HTTP/1.1" 302 - "-" "Mozilla/5.0 (Windows NT 6.1; rv:32.0) Gecko/20100101 Firefox/32.0"
77.186.97.195 - - [26/Sep/2014:11:43:42 +0200] "GET / HTTP/1.1" 302 - "https://www.google.de/" "Mozilla/5.0 (Windows NT 6.1) AppleWebKit/537.36 (KHTML, like Gecko) Chrome/34.0.1847.137 Safari/537.36"
77.186.97.195 - - [26/Sep/2014:11:43:44 +0200] "GET / HTTP/1.1" 302 - "https://www.google.de/" "Mozilla/5.0 (Windows NT 6.1) AppleWebKit/537.36 (KHTML, like Gecko) Chrome/34.0.1847.137 Safari/537.36"
192.99.149.88 - - [26/Sep/2014:15:48:22 +0200] "GET /robots.txt HTTP/1.1" 404 1256 "-" "Mozilla/5.0 (Windows NT 6.1; WOW64; Trident/7.0; rv:11.0) like Gecko"
192.99.149.88 - - [26/Sep/2014:15:48:22 +0200] "GET / HTTP/1.1" 302 - "-" "Mozilla/5.0 (Windows NT 6.1; WOW64; Trident/7.0; rv:11.0) like Gecko"
77.250.168.112 - - [26/Sep/2014:21:35:09 +0200] "GET / HTTP/1.1" 302 - "-" "Java/1.7.0_60"
77.250.168.112 - - [26/Sep/2014:21:35:10 +0200] "GET /fls_1_aktuelles.php HTTP/1.1" 404 1256 "-" "Java/1.7.0_60"
77.250.168.112 - - [26/Sep/2014:21:35:11 +0200] "GET /fls_2_fremdsprachensekr.php HTTP/1.1" 404 1256 "-" "Java/1.7.0_60"
77.250.168.112 - - [26/Sep/2014:21:35:11 +0200] "GET /fls_3_blog.php HTTP/1.1" 404 1256 "-" "Java/1.7.0_60"
77.250.168.112 - - [26/Sep/2014:21:35:12 +0200] "GET /fls_4_faq.php HTTP/1.1" 404 1256 "-" "Java/1.7.0_60"
77.250.168.112 - - [26/Sep/2014:21:35:12 +0200] "GET /fls_4_impressum.php HTTP/1.1" 404 1256 "-" "Java/1.7.0_60"
77.250.168.112 - - [26/Sep/2014:21:35:13 +0200] "GET /fls_4_kontakt_anmeldung.php HTTP/1.1" 404 1256 "-" "Java/1.7.0_60"
77.250.168.112 - - [26/Sep/2014:21:35:14 +0200] "GET /index.php HTTP/1.1" 302 - "-" "Java/1.7.0_60"
77.250.168.112 - - [26/Sep/2014:21:35:15 +0200] "GET /index_en.php HTTP/1.1" 404 1256 "-" "Java/1.7.0_60"
77.250.168.112 - - [26/Sep/2014:21:35:16 +0200] "GET /index_fr.php HTTP/1.1" 404 1256 "-" "Java/1.7.0_60"
77.250.168.112 - - [26/Sep/2014:21:35:16 +0200] "GET /index_sp.php HTTP/1.1" 404 1256 "-" "Java/1.7.0_60"
77.250.168.112 - - [26/Sep/2014:21:35:17 +0200] "GET /& HTTP/1.1" 404 1256 "-" "Java/1.7.0_60"
77.250.168.112 - - [26/Sep/2014:21:35:18 +0200] "GET /& HTTP/1.1" 404 1256 "-" "Java/1.7.0_60"
77.250.168.112 - - [26/Sep/2014:21:35:19 +0200] "GET /& HTTP/1.1" 404 1256 "-" "Java/1.7.0_60"
77.250.168.112 - - [26/Sep/2014:21:35:20 +0200] "GET /& HTTP/1.1" 404 1256 "-" "Java/1.7.0_60"
77.250.168.112 - - [26/Sep/2014:21:35:21 +0200] "GET /& HTTP/1.1" 404 1256 "-" "Java/1.7.0_60"
77.250.168.112 - - [26/Sep/2014:21:35:21 +0200] "GET /& HTTP/1.1" 404 1256 "-" "Java/1.7.0_60"
77.250.168.112 - - [26/Sep/2014:21:35:22 +0200] "GET /& HTTP/1.1" 404 1256 "-" "Java/1.7.0_60"
77.250.168.112 - - [26/Sep/2014:21:35:22 +0200] "GET /& HTTP/1.1" 404 1256 "-" "Java/1.7.0_60"
77.250.168.112 - - [26/Sep/2014:21:35:23 +0200] "GET /& HTTP/1.1" 404 1256 "-" "Java/1.7.0_60"
77.250.168.112 - - [26/Sep/2014:21:35:23 +0200] "GET /& HTTP/1.1" 404 1256 "-" "Java/1.7.0_60"
77.250.168.112 - - [26/Sep/2014:21:35:24 +0200] "GET /& HTTP/1.1" 404 1256 "-" "Java/1.7.0_60"
77.250.168.112 - - [26/Sep/2014:21:35:25 +0200] "GET /& HTTP/1.1" 404 1256 "-" "Java/1.7.0_60"
77.250.168.112 - - [26/Sep/2014:21:35:25 +0200] "GET /& HTTP/1.1" 404 1256 "-" "Java/1.7.0_60"
77.250.168.112 - - [26/Sep/2014:21:35:26 +0200] "GET /& HTTP/1.1" 404 1256 "-" "Java/1.7.0_60"
77.250.168.112 - - [26/Sep/2014:21:35:27 +0200] "GET /& HTTP/1.1" 404 1256 "-" "Java/1.7.0_60"
77.250.168.112 - - [26/Sep/2014:21:35:27 +0200] "GET /& HTTP/1.1" 404 1256 "-" "Java/1.7.0_60"
77.250.168.112 - - [26/Sep/2014:21:35:28 +0200] "GET /& HTTP/1.1" 404 1256 "-" "Java/1.7.0_60"
77.250.168.112 - - [26/Sep/2014:21:35:29 +0200] "GET /& HTTP/1.1" 404 1256 "-" "Java/1.7.0_60"
77.250.168.112 - - [26/Sep/2014:21:35:30 +0200] "GET /& HTTP/1.1" 404 1256 "-" "Java/1.7.0_60"
77.250.168.112 - - [26/Sep/2014:21:35:30 +0200] "GET /& HTTP/1.1" 404 1256 "-" "Java/1.7.0_60"
86.56.125.76 - - [26/Sep/2014:22:03:30 +0200] "GET / HTTP/1.1" 302 - "https://www.facebook.com/" "Mozilla/5.0 (Windows NT 6.3; WOW64) AppleWebKit/537.36 (KHTML, like Gecko) Chrome/37.0.2062.124 Safari/537.36"
192.99.149.88 - - [26/Sep/2014:23:59:31 +0200] "GET / HTTP/1.1" 302 - "-" "Mozilla/5.0 (Windows NT 6.1; WOW64; Trident/7.0; rv:11.0) like Gecko"
192.99.149.88 - - [27/Sep/2014:01:23:13 +0200] "GET / HTTP/1.1" 302 - "-" "Mozilla/5.0 (Windows NT 6.1; WOW64; Trident/7.0; rv:11.0) like Gecko"
140.237.38.90 - - [27/Sep/2014:02:47:31 +0200] "GET / HTTP/1.0" 302 - "http://www.friedrich-list-berlin.de" "Mozilla/4.0 (compatible; MSIE 6.0; Windows NT 5.1; SV1; .NET CLR 2.0.50727)"
140.237.38.90 - - [27/Sep/2014:02:47:36 +0200] "GET /index_sp.php HTTP/1.0" 404 1256 "http://www.friedrich-list-berlin.de/index_sp.php" "Mozilla/4.0 (compatible; MSIE 6.0; Windows NT 5.1; SV1; .NET CLR 2.0.50727)"
140.237.38.90 - - [27/Sep/2014:02:47:37 +0200] "GET /fls_2_fremdsprachensekr.php HTTP/1.0" 404 1256 "http://www.friedrich-list-berlin.de/fls_2_fremdsprachensekr.php" "Mozilla/4.0 (compatible; MSIE 6.0; Windows NT 5.1; SV1; .NET CLR 2.0.50727)"
140.237.38.90 - - [27/Sep/2014:02:47:37 +0200] "GET /fls_4_kontakt_anmeldung.php HTTP/1.0" 404 1256 "http://www.friedrich-list-berlin.de/fls_4_kontakt_anmeldung.php" "Mozilla/4.0 (compatible; MSIE 6.0; Windows NT 5.1; SV1; .NET CLR 2.0.50727)"
140.237.38.90 - - [27/Sep/2014:02:47:38 +0200] "GET /& HTTP/1.0" 404 1256 "http://www.friedrich-list-berlin.de/mailto:j.martzinski@fls-international.de" "Mozilla/4.0 (compatible; MSIE 6.0; Windows NT 5.1; SV1; .NET CLR 2.0.50727)"
140.237.38.90 - - [27/Sep/2014:02:48:07 +0200] "GET /fls_3_blog.php HTTP/1.0" 404 1256 "http://www.friedrich-list-berlin.de/fls_3_blog.php" "Mozilla/4.0 (compatible; MSIE 6.0; Windows NT 5.1; SV1; .NET CLR 2.0.50727)"
140.237.38.90 - - [27/Sep/2014:02:48:07 +0200] "GET /fls_1_aktuelles.php HTTP/1.0" 404 1256 "http://www.friedrich-list-berlin.de/fls_1_aktuelles.php" "Mozilla/4.0 (compatible; MSIE 6.0; Windows NT 5.1; SV1; .NET CLR 2.0.50727)"
140.237.38.90 - - [27/Sep/2014:02:48:08 +0200] "GET /index_fr.php HTTP/1.0" 404 1256 "http://www.friedrich-list-berlin.de/index_fr.php" "Mozilla/4.0 (compatible; MSIE 6.0; Windows NT 5.1; SV1; .NET CLR 2.0.50727)"
140.237.38.90 - - [27/Sep/2014:02:48:09 +0200] "GET /index.php HTTP/1.0" 302 - "http://www.friedrich-list-berlin.de/index.php" "Mozilla/4.0 (compatible; MSIE 6.0; Windows NT 5.1; SV1; .NET CLR 2.0.50727)"
140.237.38.90 - - [27/Sep/2014:02:48:11 +0200] "GET /index_en.php HTTP/1.0" 404 1256 "http://www.friedrich-list-berlin.de/index_en.php" "Mozilla/4.0 (compatible; MSIE 6.0; Windows NT 5.1; SV1; .NET CLR 2.0.50727)"
192.99.149.88 - - [27/Sep/2014:03:08:10 +0200] "GET / HTTP/1.1" 302 - "-" "Mozilla/5.0 (Windows NT 6.1; WOW64; Trident/7.0; rv:11.0) like Gecko"
192.99.149.88 - - [27/Sep/2014:04:59:28 +0200] "GET / HTTP/1.1" 302 - "-" "Mozilla/5.0 (Windows NT 6.1; WOW64; Trident/7.0; rv:11.0) like Gecko"
37.16.72.159 - - [27/Sep/2014:05:29:23 +0200] "GET / HTTP/1.1" 302 - "-" "Mozilla/5.0 (X11; U; Linux x86_64; en-US; rv:1.9.1.16) Gecko/20121207 Iceweasel/3.5.16 (like Firefox/3.5.16)"
192.99.149.88 - - [27/Sep/2014:07:27:03 +0200] "GET / HTTP/1.1" 302 - "-" "Mozilla/5.0 (Windows NT 6.1; WOW64; Trident/7.0; rv:11.0) like Gecko"
88.198.160.51 - - [27/Sep/2014:08:14:06 +0200] "GET / HTTP/1.1" 302 - "-" "Mozilla/5.0 (compatible; XoviBot/2.0; +http://www.xovibot.net/)"
192.99.149.88 - - [27/Sep/2014:09:06:22 +0200] "GET / HTTP/1.1" 302 - "-" "Mozilla/5.0 (Windows NT 6.1; WOW64; Trident/7.0; rv:11.0) like Gecko"
176.9.47.53 - - [27/Sep/2014:10:56:38 +0200] "GET / HTTP/1.1" 302 - "http://www.abcd4.de" "Mozilla/5.0 (Unknown; Linux x86_64) AppleWebKit/534.34 (KHTML, like Gecko) PhantomJS/1.9.7 Safari/534.34"
176.9.47.53 - - [27/Sep/2014:10:56:39 +0200] "GET / HTTP/1.1" 302 - "http://www.abcd4.de" "Mozilla/5.0 (Unknown; Linux x86_64) AppleWebKit/534.34 (KHTML, like Gecko) PhantomJS/1.9.7 Safari/534.34"
192.99.149.88 - - [27/Sep/2014:11:24:38 +0200] "GET / HTTP/1.1" 302 - "-" "Mozilla/5.0 (Windows NT 6.1; WOW64; Trident/7.0; rv:11.0) like Gecko"
192.99.149.88 - - [27/Sep/2014:15:25:21 +0200] "GET / HTTP/1.1" 302 - "-" "Mozilla/5.0 (Windows NT 6.1; WOW64; Trident/7.0; rv:11.0) like Gecko"
85.178.136.185 - - [27/Sep/2014:16:23:23 +0200] "GET / HTTP/1.1" 302 - "https://www.google.de/" "Mozilla/5.0 (Linux; U; Android 4.1.1; de-de; HTC_Desire_X Build/JRO03C) AppleWebKit/534.30 (KHTML, like Gecko) Version/4.0 Mobile Safari/534.30"
91.121.112.108 - - [27/Sep/2014:18:34:00 +0200] "GET / HTTP/1.1" 302 - "-" "Mozilla/5.0 (Windows NT 6.1; WOW64) AppleWebKit/537.31 (KHTML, like Gecko) Chrome/26.0.1410.64 Safari/537.31"
68.180.224.237 - - [27/Sep/2014:19:06:53 +0200] "GET /robots.txt HTTP/1.1" 404 1256 "-" "Mozilla/5.0 (compatible; Yahoo! Slurp; http://help.yahoo.com/help/us/ysearch/slurp)"
68.180.224.237 - - [27/Sep/2014:19:06:54 +0200] "GET / HTTP/1.1" 302 - "-" "Mozilla/5.0 (compatible; Yahoo! Slurp; http://help.yahoo.com/help/us/ysearch/slurp)"
207.46.13.83 - - [27/Sep/2014:21:52:55 +0200] "GET /robots.txt HTTP/1.1" 404 1256 "-" "Mozilla/5.0 (compatible; bingbot/2.0; +http://www.bing.com/bingbot.htm)"
207.46.13.83 - - [27/Sep/2014:21:53:20 +0200] "GET /?&nid=21 HTTP/1.1" 302 - "-" "Mozilla/5.0 (compatible; bingbot/2.0; +http://www.bing.com/bingbot.htm)"
198.100.144.226 - - [27/Sep/2014:22:26:11 +0200] "GET / HTTP/1.1" 302 - "-" "Mozilla/5.0"
141.8.147.12 - - [27/Sep/2014:22:51:27 +0200] "GET /robots.txt HTTP/1.1" 404 1256 "-" "Mozilla/5.0 (compatible; YandexBot/3.0; +http://yandex.com/bots)"
141.8.147.12 - - [27/Sep/2014:22:51:30 +0200] "GET / HTTP/1.1" 302 - "-" "Mozilla/5.0 (compatible; YandexBot/3.0; +http://yandex.com/bots)"
192.99.9.164 - - [27/Sep/2014:22:52:53 +0200] "GET / HTTP/1.1" 302 - "-" "Mozilla/5.0 (Macintosh; Intel Mac OS X 10_8_4) AppleWebKit/537.36 (KHTML, like Gecko) Chrome/27.0.1453.110 Safari/537.36"
208.89.211.245 - - [27/Sep/2014:23:36:11 +0200] "GET / HTTP/1.1" 302 - "-" "Java/1.6.0_04"
192.99.149.88 - - [27/Sep/2014:23:37:33 +0200] "GET / HTTP/1.1" 302 - "-" "Mozilla/5.0 (Windows NT 6.1; WOW64; Trident/7.0; rv:11.0) like Gecko"
176.9.76.43 - - [28/Sep/2014:00:54:26 +0200] "GET /robots.txt HTTP/1.1" 404 1256 "-" "Mozilla/5.0 (X11; Ubuntu; Linux x86_64; rv:27.0) Gecko/20100101 Firefox/27.0"
176.9.76.43 - - [28/Sep/2014:00:54:26 +0200] "GET / HTTP/1.1" 302 - "-" "Mozilla/5.0 (X11; Ubuntu; Linux x86_64; rv:27.0) Gecko/20100101 Firefox/27.0"
69.50.234.130 - - [28/Sep/2014:01:40:14 +0200] "GET / HTTP/1.1" 302 - "-" "Mozilla/5.0 (compatible; MixrankBot; crawler@mixrank.com)"
141.8.147.12 - - [28/Sep/2014:04:48:10 +0200] "GET /robots.txt HTTP/1.1" 404 1256 "-" "Mozilla/5.0 (compatible; YandexBot/3.0; +http://yandex.com/bots)"
141.8.147.12 - - [28/Sep/2014:04:48:12 +0200] "GET /fls_4_impressum.php HTTP/1.1" 404 1256 "-" "Mozilla/5.0 (compatible; YandexBot/3.0; +http://yandex.com/bots)"
141.8.147.12 - - [28/Sep/2014:04:48:14 +0200] "GET /fls_1_aktuelles.php HTTP/1.1" 404 1256 "-" "Mozilla/5.0 (compatible; YandexBot/3.0; +http://yandex.com/bots)"
141.8.147.12 - - [28/Sep/2014:04:48:16 +0200] "GET /fls_2_fremdsprachensekr.php HTTP/1.1" 404 1256 "-" "Mozilla/5.0 (compatible; YandexBot/3.0; +http://yandex.com/bots)"
141.8.147.12 - - [28/Sep/2014:04:48:18 +0200] "GET /fls_2_kurs_ecbm_london.php HTTP/1.1" 404 1256 "-" "Mozilla/5.0 (compatible; YandexBot/3.0; +http://yandex.com/bots)"
141.8.147.12 - - [28/Sep/2014:04:48:20 +0200] "GET /fls_4_kontakt_anmeldung.php HTTP/1.1" 404 1256 "-" "Mozilla/5.0 (compatible; YandexBot/3.0; +http://yandex.com/bots)"
141.8.147.12 - - [28/Sep/2014:04:48:22 +0200] "GET /fls_2_berufsfachschule.php HTTP/1.1" 404 1256 "-" "Mozilla/5.0 (compatible; YandexBot/3.0; +http://yandex.com/bots)"
141.8.147.12 - - [28/Sep/2014:04:48:24 +0200] "GET /fls_1_aktuelles.php?artid=49 HTTP/1.1" 404 1256 "-" "Mozilla/5.0 (compatible; YandexBot/3.0; +http://yandex.com/bots)"
141.8.147.12 - - [28/Sep/2014:04:48:26 +0200] "GET /index_en.php HTTP/1.1" 404 1256 "-" "Mozilla/5.0 (compatible; YandexBot/3.0; +http://yandex.com/bots)"
141.8.147.12 - - [28/Sep/2014:04:48:28 +0200] "GET /fls_2_fremdsprachenkorr.php HTTP/1.1" 404 1256 "-" "Mozilla/5.0 (compatible; YandexBot/3.0; +http://yandex.com/bots)"
141.8.147.12 - - [28/Sep/2014:04:48:30 +0200] "GET /fls_2_europakorr.php HTTP/1.1" 404 1256 "-" "Mozilla/5.0 (compatible; YandexBot/3.0; +http://yandex.com/bots)"
141.8.147.12 - - [28/Sep/2014:04:48:32 +0200] "GET /index_fr.php HTTP/1.1" 404 1256 "-" "Mozilla/5.0 (compatible; YandexBot/3.0; +http://yandex.com/bots)"
141.8.147.12 - - [28/Sep/2014:04:48:34 +0200] "GET /index_sp.php HTTP/1.1" 404 1256 "-" "Mozilla/5.0 (compatible; YandexBot/3.0; +http://yandex.com/bots)"
46.29.20.219 - - [28/Sep/2014:07:42:03 +0200] "HEAD / HTTP/1.1" 302 - "-" "Mozilla/4.0 (compatible; MSIE 5.01; Windows NT 5.0)"
162.210.196.98 - - [28/Sep/2014:10:28:19 +0200] "GET /robots.txt HTTP/1.0" 404 1256 "-" "Mozilla/5.0 (compatible; MJ12bot/v1.4.5; http://www.majestic12.co.uk/bot.php?+)"
162.210.196.98 - - [28/Sep/2014:10:28:21 +0200] "GET / HTTP/1.0" 302 - "-" "Mozilla/5.0 (compatible; MJ12bot/v1.4.5; http://www.majestic12.co.uk/bot.php?+)"
79.221.69.80 - - [28/Sep/2014:11:36:30 +0200] "GET / HTTP/1.1" 302 - "-" "Mozilla/5.0 (Windows NT 6.1; WOW64; rv:32.0) Gecko/20100101 Firefox/32.0"
192.99.149.88 - - [28/Sep/2014:12:10:50 +0200] "GET / HTTP/1.1" 302 - "-" "Mozilla/5.0 (Windows NT 6.1; WOW64; Trident/7.0; rv:11.0) like Gecko"
95.91.242.65 - - [28/Sep/2014:13:04:50 +0200] "GET / HTTP/1.1" 302 - "https://www.facebook.com/" "Mozilla/5.0 (Windows NT 6.3; WOW64) AppleWebKit/537.36 (KHTML, like Gecko) Chrome/35.0.1916.153 Safari/537.36"
79.221.69.80 - - [28/Sep/2014:13:15:06 +0200] "GET / HTTP/1.1" 302 - "-" "Mozilla/5.0 (Windows NT 6.1; WOW64; rv:32.0) Gecko/20100101 Firefox/32.0"
178.12.113.202 - - [28/Sep/2014:14:19:20 +0200] "GET / HTTP/1.1" 302 - "http://www.aubi-plus.de/ausbildung/friedrich-list-schule-berlin-fremdsprachenkorrespondent-schul-10823-berlin-deutschland-117120.html" "Mozilla/5.0 (Windows NT 6.1; rv:32.0) Gecko/20100101 Firefox/32.0"
188.138.41.172 - - [28/Sep/2014:21:37:14 +0200] "GET / HTTP/1.1" 302 - "-" "Mozilla/5.0 (Windows NT 6.1; rv:24.0) Gecko/20100101 Firefox/24.0"
188.138.41.172 - - [28/Sep/2014:21:37:27 +0200] "GET /robots.txt HTTP/1.1" 404 1256 "-" "Mozilla/5.0 (Windows NT 6.1; rv:24.0) Gecko/20100101 Firefox/24.0"
188.138.41.172 - - [28/Sep/2014:21:37:28 +0200] "GET / HTTP/1.1" 302 - "-" "Mozilla/5.0 (X11; U; Linux i686; de; rv:1.9.0.1; compatible; iCjobs Stellenangebote Jobs; http://www.icjobs.de) Gecko/20100401 iCjobs/3.2.3"
188.138.41.172 - - [28/Sep/2014:21:37:31 +0200] "GET / HTTP/1.1" 302 - "-" "Mozilla/5.0 (Windows NT 6.1; rv:24.0) Gecko/20100101 Firefox/24.0"
188.138.41.172 - - [28/Sep/2014:21:37:52 +0200] "GET /favicon.ico HTTP/1.1" 404 1256 "-" "Mozilla/5.0 (Windows NT 6.1; rv:24.0) Gecko/20100101 Firefox/24.0"
188.138.41.172 - - [28/Sep/2014:21:37:52 +0200] "GET / HTTP/1.1" 302 - "-" "Mozilla/5.0 (Windows NT 6.1; rv:24.0) Gecko/20100101 Firefox/24.0"
192.99.149.88 - - [28/Sep/2014:22:30:44 +0200] "GET / HTTP/1.1" 302 - "-" "Mozilla/5.0 (Windows NT 6.1; WOW64; Trident/7.0; rv:11.0) like Gecko"
217.87.71.249 - - [28/Sep/2014:23:36:30 +0200] "GET / HTTP/1.1" 302 - "https://www.google.de/" "Mozilla/5.0 (Linux; Android 4.1.1; ALCATEL ONE TOUCH 6030X Build/JRO03C) AppleWebKit/537.36 (KHTML, like Gecko) Chrome/37.0.2062.117 Mobile Safari/537.36"
192.99.149.88 - - [29/Sep/2014:01:13:37 +0200] "GET / HTTP/1.1" 302 - "-" "Mozilla/5.0 (Windows NT 6.1; WOW64; Trident/7.0; rv:11.0) like Gecko"
128.131.102.100 - - [29/Sep/2014:01:35:19 +0200] "GET / HTTP/1.0" 302 - "-" "Mozilla/5.0 (KeepRight OpenStreetMap Checker; http://keepright.at) Gecko/20100101 Firefox/22.0"
78.52.71.78 - - [29/Sep/2014:02:59:01 +0200] "GET / HTTP/1.1" 302 - "-" "Mozilla/5.0 (Windows NT 6.1; WOW64; rv:32.0) Gecko/20100101 Firefox/32.0"
78.42.136.69 - - [29/Sep/2014:12:59:10 +0200] "GET / HTTP/1.1" 302 - "-" "Mozilla/5.0 (Windows NT 6.1; WOW64; rv:33.0) Gecko/20100101 Firefox/33.0"
23.23.222.104 - - [29/Sep/2014:13:13:22 +0200] "GET / HTTP/1.1" 302 - "-" "Mozilla/5.0 (Windows NT 6.1; WOW64; rv:28.0) Gecko/20100101 Firefox/28.0"
79.245.160.87 - - [29/Sep/2014:15:21:49 +0200] "GET / HTTP/1.1" 302 - "http://www.aubi-plus.de/ausbildung/friedrich-list-schule-berlin-fremdsprachenkorrespondent-schul-10823-berlin-deutschland-117120.html" "Mozilla/4.0 (compatible; MSIE 8.0; Windows NT 5.1; Trident/4.0; .NET CLR 2.0.50727)"
157.55.39.121 - - [29/Sep/2014:15:28:32 +0200] "GET /robots.txt HTTP/1.1" 404 1256 "-" "Mozilla/5.0 (compatible; bingbot/2.0; +http://www.bing.com/bingbot.htm)"
157.55.39.121 - - [29/Sep/2014:15:28:35 +0200] "GET / HTTP/1.1" 302 - "-" "Mozilla/5.0 (compatible; bingbot/2.0; +http://www.bing.com/bingbot.htm)"
192.99.149.88 - - [29/Sep/2014:16:21:50 +0200] "GET /robots.txt HTTP/1.1" 404 1256 "-" "Mozilla/5.0 (Windows NT 6.1; WOW64; Trident/7.0; rv:11.0) like Gecko"
192.99.149.88 - - [29/Sep/2014:16:21:51 +0200] "GET / HTTP/1.1" 302 - "-" "Mozilla/5.0 (Windows NT 6.1; WOW64; Trident/7.0; rv:11.0) like Gecko"
66.249.78.77 - - [29/Sep/2014:17:54:35 +0200] "GET /robots.txt HTTP/1.1" 404 1256 "-" "Mozilla/5.0 (compatible; Googlebot/2.1; +http://www.google.com/bot.html)"
