37.187.56.47 - - [02/Jan/2019:11:35:06 +0100] "GET /robots.txt HTTP/1.0" 404 1256 "-" ""
37.187.56.47 - - [02/Jan/2019:11:35:06 +0100] "GET / HTTP/1.1" 206 4983 "-" "Mozilla/5.0 (X11; U; Linux amd64; rv:5.0) Gecko/20100101 Firefox/5.0 (Debian)"
37.187.56.47 - - [02/Jan/2019:11:35:08 +0100] "GET /index.html HTTP/1.1" 206 4983 "-" "Mozilla/5.0 (X11; U; Linux amd64; rv:5.0) Gecko/20100101 Firefox/5.0 (Debian)"
37.187.56.47 - - [02/Jan/2019:11:35:10 +0100] "GET /seiten/firma.html HTTP/1.1" 404 1256 "-" "Mozilla/5.0 (X11; U; Linux amd64; rv:5.0) Gecko/20100101 Firefox/5.0 (Debian)"
37.187.56.47 - - [02/Jan/2019:11:35:10 +0100] "GET /seiten/projekte.html HTTP/1.1" 404 1256 "-" "Mozilla/5.0 (X11; U; Linux amd64; rv:5.0) Gecko/20100101 Firefox/5.0 (Debian)"
37.187.56.47 - - [02/Jan/2019:11:35:11 +0100] "GET /seiten/leistungen.html HTTP/1.1" 404 1256 "-" "Mozilla/5.0 (X11; U; Linux amd64; rv:5.0) Gecko/20100101 Firefox/5.0 (Debian)"
37.187.56.47 - - [02/Jan/2019:11:35:11 +0100] "GET /seiten/kontakt.php HTTP/1.1" 404 1256 "-" "Mozilla/5.0 (X11; U; Linux amd64; rv:5.0) Gecko/20100101 Firefox/5.0 (Debian)"
37.187.56.47 - - [02/Jan/2019:11:35:11 +0100] "GET /li_gre.html HTTP/1.1" 206 1973 "-" "Mozilla/5.0 (X11; U; Linux amd64; rv:5.0) Gecko/20100101 Firefox/5.0 (Debian)"
37.187.56.47 - - [02/Jan/2019:11:35:13 +0100] "GET /seiten/impressum.html HTTP/1.1" 404 1256 "-" "Mozilla/5.0 (X11; U; Linux amd64; rv:5.0) Gecko/20100101 Firefox/5.0 (Debian)"
37.187.56.47 - - [02/Jan/2019:11:35:13 +0100] "GET /seiten/agb.html HTTP/1.1" 404 1256 "-" "Mozilla/5.0 (X11; U; Linux amd64; rv:5.0) Gecko/20100101 Firefox/5.0 (Debian)"
37.187.56.47 - - [02/Jan/2019:11:35:13 +0100] "GET /seiten/sitemap.html HTTP/1.1" 404 1256 "-" "Mozilla/5.0 (X11; U; Linux amd64; rv:5.0) Gecko/20100101 Firefox/5.0 (Debian)"
52.53.201.78 - - [02/Jan/2019:22:53:36 +0100] "GET / HTTP/1.1" 200 4983 "-" "Mozilla/5.0 (Macintosh; Intel Mac OS X 10_12_6) AppleWebKit/537.36 (KHTML, like Gecko) Chrome/61.0.3163.100 Safari/537.36"
174.138.62.199 - - [03/Jan/2019:00:06:44 +0100] "GET / HTTP/1.0" 200 4983 "-" "Mozilla/5.0 (compatible; NetcraftSurveyAgent/1.0; +info@netcraft.com)"
89.234.68.90 - - [03/Jan/2019:05:30:30 +0100] "GET / HTTP/1.1" 200 4983 "http://www.familie-wilde.com" "Mozilla/5.0 (Windows; U; Windows NT 5.1; en-US; rv:1.9.2.8) Gecko/20100721 Firefox/3.6.8"
104.227.246.106 - - [03/Jan/2019:18:11:01 +0100] "GET / HTTP/1.1" 200 4983 "-" "Mozilla/5.0 (Windows NT 6.1; WOW64) AppleWebKit/537.36 (KHTML, like Gecko) Chrome/34.0.1847.131 Safari/537.36"
116.203.43.177 - - [04/Jan/2019:01:10:22 +0100] "GET / HTTP/1.1" 200 4983 "http://www.familie-wilde.com/" "Mozilla/5.0 (Windows NT 10.0; Win64; x64) AppleWebKit/537.36 (KHTML, like Gecko) Chrome/68.0.3440.84 Safari/537.36"
116.203.43.177 - - [04/Jan/2019:01:10:23 +0100] "GET /index.html HTTP/1.1" 200 4983 "http://www.familie-wilde.com/index.html" "Mozilla/5.0 (Windows NT 10.0; Win64; x64) AppleWebKit/537.36 (KHTML, like Gecko) Chrome/68.0.3440.84 Safari/537.36"
116.203.43.177 - - [04/Jan/2019:01:10:23 +0100] "GET /seiten/firma.html HTTP/1.1" 404 1256 "http://www.familie-wilde.com/seiten/firma.html" "Mozilla/5.0 (Windows NT 10.0; Win64; x64) AppleWebKit/537.36 (KHTML, like Gecko) Chrome/68.0.3440.84 Safari/537.36"
116.203.43.177 - - [04/Jan/2019:01:10:23 +0100] "GET /seiten/projekte.html HTTP/1.1" 404 1256 "http://www.familie-wilde.com/seiten/projekte.html" "Mozilla/5.0 (Windows NT 10.0; Win64; x64) AppleWebKit/537.36 (KHTML, like Gecko) Chrome/68.0.3440.84 Safari/537.36"
116.203.43.177 - - [04/Jan/2019:01:10:23 +0100] "GET /seiten/leistungen.html HTTP/1.1" 404 1256 "http://www.familie-wilde.com/seiten/leistungen.html" "Mozilla/5.0 (Windows NT 10.0; Win64; x64) AppleWebKit/537.36 (KHTML, like Gecko) Chrome/68.0.3440.84 Safari/537.36"
116.203.43.177 - - [04/Jan/2019:01:10:23 +0100] "GET /seiten/kontakt.php HTTP/1.1" 404 1256 "http://www.familie-wilde.com/seiten/kontakt.php" "Mozilla/5.0 (Windows NT 10.0; Win64; x64) AppleWebKit/537.36 (KHTML, like Gecko) Chrome/68.0.3440.84 Safari/537.36"
116.203.43.177 - - [04/Jan/2019:01:10:23 +0100] "GET /li_gre.html HTTP/1.1" 200 1973 "http://www.familie-wilde.com/li_gre.html" "Mozilla/5.0 (Windows NT 10.0; Win64; x64) AppleWebKit/537.36 (KHTML, like Gecko) Chrome/68.0.3440.84 Safari/537.36"
116.203.43.177 - - [04/Jan/2019:01:10:23 +0100] "GET /seiten/impressum.html HTTP/1.1" 404 1256 "http://www.familie-wilde.com/seiten/impressum.html" "Mozilla/5.0 (Windows NT 10.0; Win64; x64) AppleWebKit/537.36 (KHTML, like Gecko) Chrome/68.0.3440.84 Safari/537.36"
116.203.43.177 - - [04/Jan/2019:01:10:23 +0100] "GET /seiten/agb.html HTTP/1.1" 404 1256 "http://www.familie-wilde.com/seiten/agb.html" "Mozilla/5.0 (Windows NT 10.0; Win64; x64) AppleWebKit/537.36 (KHTML, like Gecko) Chrome/68.0.3440.84 Safari/537.36"
116.203.43.177 - - [04/Jan/2019:01:10:23 +0100] "GET /seiten/sitemap.html HTTP/1.1" 404 1256 "http://www.familie-wilde.com/seiten/sitemap.html" "Mozilla/5.0 (Windows NT 10.0; Win64; x64) AppleWebKit/537.36 (KHTML, like Gecko) Chrome/68.0.3440.84 Safari/537.36"
39.98.174.211 - - [04/Jan/2019:20:40:32 +0100] "GET /wordpress/wp-config.php~ HTTP/1.1" 404 1256 "-" "-"
157.55.39.38 - - [04/Jan/2019:23:57:50 +0100] "GET /robots.txt HTTP/1.1" 404 1256 "-" "Mozilla/5.0 (compatible; bingbot/2.0; +http://www.bing.com/bingbot.htm)"
157.55.39.97 - - [04/Jan/2019:23:57:55 +0100] "GET / HTTP/1.1" 200 4983 "-" "Mozilla/5.0 (compatible; bingbot/2.0; +http://www.bing.com/bingbot.htm)"
157.55.39.97 - - [05/Jan/2019:00:59:01 +0100] "GET /robots.txt HTTP/1.1" 404 1256 "-" "Mozilla/5.0 (compatible; bingbot/2.0; +http://www.bing.com/bingbot.htm)"
52.53.201.78 - - [05/Jan/2019:07:02:26 +0100] "GET / HTTP/1.1" 200 4983 "-" "Mozilla/5.0 (Macintosh; Intel Mac OS X 10_12_6) AppleWebKit/537.36 (KHTML, like Gecko) Chrome/61.0.3163.100 Safari/537.36"
47.92.135.145 - - [05/Jan/2019:15:31:17 +0100] "GET /wordpress/wp-config.php~ HTTP/1.1" 404 1256 "-" "-"
207.46.13.88 - - [06/Jan/2019:05:37:38 +0100] "GET / HTTP/1.1" 304 - "-" "Mozilla/5.0 (compatible; bingbot/2.0; +http://www.bing.com/bingbot.htm)"
52.53.201.78 - - [07/Jan/2019:13:43:28 +0100] "GET / HTTP/1.1" 200 4983 "-" "Mozilla/5.0 (Macintosh; Intel Mac OS X 10_12_6) AppleWebKit/537.36 (KHTML, like Gecko) Chrome/61.0.3163.100 Safari/537.36"
38.100.21.66 - - [07/Jan/2019:14:56:52 +0100] "GET / HTTP/1.1" 200 4983 "-" "Mozilla/4.0 (compatible; MSIE 7.0; Windows NT 5.2)"
38.100.21.66 - - [07/Jan/2019:14:56:53 +0100] "GET /css/style.css HTTP/1.1" 404 1256 "-" "Mozilla/4.0 (compatible; MSIE 7.0; Windows NT 5.2)"
38.100.21.66 - - [07/Jan/2019:14:56:53 +0100] "GET /index.html HTTP/1.1" 200 4983 "-" "Mozilla/4.0 (compatible; MSIE 7.0; Windows NT 5.2)"
38.100.21.66 - - [07/Jan/2019:14:56:53 +0100] "GET /li_gre.html HTTP/1.1" 200 1973 "-" "Mozilla/4.0 (compatible; MSIE 7.0; Windows NT 5.2)"
38.100.21.66 - - [07/Jan/2019:14:56:53 +0100] "GET /seiten/projekte.html HTTP/1.1" 404 1256 "-" "Mozilla/4.0 (compatible; MSIE 7.0; Windows NT 5.2)"
38.100.21.66 - - [07/Jan/2019:14:56:53 +0100] "GET /seiten/impressum.html HTTP/1.1" 404 1256 "-" "Mozilla/4.0 (compatible; MSIE 7.0; Windows NT 5.2)"
38.100.21.66 - - [07/Jan/2019:14:56:53 +0100] "GET /seiten/kontakt.php HTTP/1.1" 404 1256 "-" "Mozilla/4.0 (compatible; MSIE 7.0; Windows NT 5.2)"
38.100.21.66 - - [07/Jan/2019:14:56:53 +0100] "GET /seiten/sitemap.html HTTP/1.1" 404 1256 "-" "Mozilla/4.0 (compatible; MSIE 7.0; Windows NT 5.2)"
38.100.21.66 - - [07/Jan/2019:14:56:53 +0100] "GET /seiten/agb.html HTTP/1.1" 404 1256 "-" "Mozilla/4.0 (compatible; MSIE 7.0; Windows NT 5.2)"
38.100.21.66 - - [07/Jan/2019:14:56:54 +0100] "GET /seiten/firma.html HTTP/1.1" 404 1256 "-" "Mozilla/4.0 (compatible; MSIE 7.0; Windows NT 5.2)"
38.100.21.66 - - [07/Jan/2019:14:56:54 +0100] "GET /seiten/leistungen.html HTTP/1.1" 404 1256 "-" "Mozilla/4.0 (compatible; MSIE 7.0; Windows NT 5.2)"
178.154.245.134 - - [07/Jan/2019:22:19:57 +0100] "GET /robots.txt HTTP/1.1" 404 1256 "-" "Mozilla/5.0 (compatible; YandexBot/3.0; +http://yandex.com/bots)"
178.154.245.134 - - [07/Jan/2019:22:20:00 +0100] "GET / HTTP/1.1" 200 4983 "-" "Mozilla/5.0 (compatible; YandexBot/3.0; +http://yandex.com/bots)"
178.154.245.134 - - [08/Jan/2019:07:01:20 +0100] "GET /robots.txt HTTP/1.1" 404 1256 "-" "Mozilla/5.0 (compatible; YandexBot/3.0; +http://yandex.com/bots)"
178.154.245.134 - - [08/Jan/2019:07:01:24 +0100] "GET /seiten/impressum.html HTTP/1.1" 404 1256 "-" "Mozilla/5.0 (compatible; YandexBot/3.0; +http://yandex.com/bots)"
178.154.245.134 - - [08/Jan/2019:15:45:14 +0100] "GET /robots.txt HTTP/1.1" 404 1256 "-" "Mozilla/5.0 (compatible; YandexBot/3.0; +http://yandex.com/bots)"
178.154.245.134 - - [08/Jan/2019:15:45:18 +0100] "GET /img/favicon.ico HTTP/1.1" 404 1256 "-" "Mozilla/5.0 (compatible; YandexBot/3.0; +http://yandex.com/bots)"
52.53.201.78 - - [09/Jan/2019:16:35:16 +0100] "GET / HTTP/1.1" 200 4983 "-" "Mozilla/5.0 (Macintosh; Intel Mac OS X 10_12_6) AppleWebKit/537.36 (KHTML, like Gecko) Chrome/61.0.3163.100 Safari/537.36"
66.249.70.25 - - [10/Jan/2019:04:41:16 +0100] "GET /robots.txt HTTP/1.1" 404 1256 "-" "Mozilla/5.0 (compatible; Googlebot/2.1; +http://www.google.com/bot.html)"
66.249.70.25 - - [10/Jan/2019:04:41:16 +0100] "GET / HTTP/1.1" 200 4983 "-" "Mozilla/5.0 (Linux; Android 6.0.1; Nexus 5X Build/MMB29P) AppleWebKit/537.36 (KHTML, like Gecko) Chrome/41.0.2272.96 Mobile Safari/537.36 (compatible; Googlebot/2.1; +http://www.google.com/bot.html)"
66.249.70.23 - - [10/Jan/2019:04:41:19 +0100] "GET / HTTP/1.1" 200 4983 "-" "Mozilla/5.0 (Linux; Android 6.0.1; Nexus 5X Build/MMB29P) AppleWebKit/537.36 (KHTML, like Gecko) Chrome/41.0.2272.96 Mobile Safari/537.36 (compatible; Googlebot/2.1; +http://www.google.com/bot.html)"
66.249.70.21 - - [10/Jan/2019:04:41:20 +0100] "GET /css/style.css HTTP/1.1" 404 1256 "http://www.familie-wilde.com/" "Mozilla/5.0 (Linux; Android 6.0.1; Nexus 5X Build/MMB29P) AppleWebKit/537.36 (KHTML, like Gecko) Chrome/41.0.2272.96 Mobile Safari/537.36 (compatible; Googlebot/2.1; +http://www.google.com/bot.html)"
66.249.70.23 - - [10/Jan/2019:15:05:34 +0100] "GET / HTTP/1.1" 200 4983 "-" "Mozilla/5.0 (Linux; Android 6.0.1; Nexus 5X Build/MMB29P) AppleWebKit/537.36 (KHTML, like Gecko) Chrome/41.0.2272.96 Mobile Safari/537.36 (compatible; Googlebot/2.1; +http://www.google.com/bot.html)"
66.249.70.23 - - [10/Jan/2019:15:05:38 +0100] "GET / HTTP/1.1" 200 4983 "-" "Mozilla/5.0 (Linux; Android 6.0.1; Nexus 5X Build/MMB29P) AppleWebKit/537.36 (KHTML, like Gecko) Chrome/41.0.2272.96 Mobile Safari/537.36 (compatible; Googlebot/2.1; +http://www.google.com/bot.html)"
66.249.70.23 - - [10/Jan/2019:15:05:38 +0100] "GET /css/style.css HTTP/1.1" 404 1256 "http://www.familie-wilde.com/" "Mozilla/5.0 (Linux; Android 6.0.1; Nexus 5X Build/MMB29P) AppleWebKit/537.36 (KHTML, like Gecko) Chrome/41.0.2272.96 Mobile Safari/537.36 (compatible; Googlebot/2.1; +http://www.google.com/bot.html)"
66.249.70.23 - - [11/Jan/2019:00:34:36 +0100] "GET /robots.txt HTTP/1.1" 404 1256 "-" "Mozilla/5.0 (compatible; Googlebot/2.1; +http://www.google.com/bot.html)"
66.249.70.25 - - [11/Jan/2019:01:12:59 +0100] "GET /css/style.css HTTP/1.1" 404 1256 "http://www.familie-wilde.com/" "Mozilla/5.0 (Linux; Android 6.0.1; Nexus 5X Build/MMB29P) AppleWebKit/537.36 (KHTML, like Gecko) Chrome/41.0.2272.96 Mobile Safari/537.36 (compatible; Googlebot/2.1; +http://www.google.com/bot.html)"
178.154.245.134 - - [11/Jan/2019:02:10:04 +0100] "GET /robots.txt HTTP/1.1" 404 1256 "-" "Mozilla/5.0 (compatible; YandexBot/3.0; +http://yandex.com/bots)"
178.154.245.134 - - [11/Jan/2019:02:10:07 +0100] "GET /seiten/sitemap.html HTTP/1.1" 404 1256 "-" "Mozilla/5.0 (compatible; YandexBot/3.0; +http://yandex.com/bots)"
64.246.165.150 - - [11/Jan/2019:06:15:07 +0100] "GET /robots.txt HTTP/1.0" 404 1256 "-" "Mozilla/5.0 (Macintosh; Intel Mac OS X 10.10; rv:59.0) Gecko/20100101 Firefox/59.0"
64.246.165.150 - - [11/Jan/2019:06:15:07 +0100] "GET / HTTP/1.1" 200 4983 "-" "Mozilla/5.0 (Macintosh; Intel Mac OS X 10.10; rv:59.0) Gecko/20100101 Firefox/59.0"
69.58.178.58 - - [11/Jan/2019:10:10:24 +0100] "GET /robots.txt HTTP/1.1" 404 1256 "-" "Mozilla/5.0 (compatible; ips-agent)"
69.58.178.58 - - [11/Jan/2019:10:10:25 +0100] "GET / HTTP/1.1" 200 4983 "-" "Mozilla/5.0 (compatible; ips-agent)"
69.58.178.58 - - [11/Jan/2019:10:10:26 +0100] "GET /seiten/impressum.html HTTP/1.1" 404 1256 "-" "Mozilla/5.0 (compatible; ips-agent)"
69.58.178.58 - - [11/Jan/2019:10:10:28 +0100] "GET /seiten/leistungen.html HTTP/1.1" 404 1256 "-" "Mozilla/5.0 (compatible; ips-agent)"
69.58.178.58 - - [11/Jan/2019:10:10:29 +0100] "GET /seiten/kontakt.php HTTP/1.1" 404 1256 "-" "Mozilla/5.0 (compatible; ips-agent)"
69.58.178.58 - - [11/Jan/2019:10:10:30 +0100] "GET /index.html HTTP/1.1" 200 4983 "-" "Mozilla/5.0 (compatible; ips-agent)"
69.58.178.58 - - [11/Jan/2019:10:10:31 +0100] "GET /seiten/firma.html HTTP/1.1" 404 1256 "-" "Mozilla/5.0 (compatible; ips-agent)"
69.58.178.58 - - [11/Jan/2019:10:10:32 +0100] "GET /seiten/projekte.html HTTP/1.1" 404 1256 "-" "Mozilla/5.0 (compatible; ips-agent)"
69.58.178.58 - - [11/Jan/2019:10:10:33 +0100] "GET /li_gre.html HTTP/1.1" 200 1973 "-" "Mozilla/5.0 (compatible; ips-agent)"
178.154.245.134 - - [11/Jan/2019:12:02:17 +0100] "GET /robots.txt HTTP/1.1" 404 1256 "-" "Mozilla/5.0 (compatible; YandexBot/3.0; +http://yandex.com/bots)"
178.154.245.134 - - [11/Jan/2019:12:02:21 +0100] "GET /seiten/kontakt.php HTTP/1.1" 404 1256 "-" "Mozilla/5.0 (compatible; YandexBot/3.0; +http://yandex.com/bots)"
148.64.56.112 - - [12/Jan/2019:15:07:25 +0100] "GET /robots.txt HTTP/1.1" 404 1256 "-" "Mozilla/5.0 (compatible; GrapeshotCrawler/2.0; +http://www.grapeshot.co.uk/crawler.php)"
148.64.56.112 - - [12/Jan/2019:15:07:30 +0100] "GET / HTTP/1.1" 200 4983 "-" "Mozilla/5.0 (compatible; GrapeshotCrawler/2.0; +http://www.grapeshot.co.uk/crawler.php)"
52.53.201.78 - - [13/Jan/2019:06:15:43 +0100] "GET / HTTP/1.1" 200 4983 "-" "Mozilla/5.0 (Macintosh; Intel Mac OS X 10_12_6) AppleWebKit/537.36 (KHTML, like Gecko) Chrome/61.0.3163.100 Safari/537.36"
159.69.189.213 - - [13/Jan/2019:14:13:19 +0100] "GET / HTTP/1.1" 200 4983 "-" "Mozilla/5.0 (compatible; Seekport Crawler; http://seekport.com/)"
159.69.189.213 - - [13/Jan/2019:14:13:19 +0100] "GET /robots.txt HTTP/1.1" 404 1256 "-" "Mozilla/5.0 (compatible; Seekport Crawler; http://seekport.com/)"
159.69.189.213 - - [13/Jan/2019:14:13:19 +0100] "GET / HTTP/1.1" 200 4983 "-" "Mozilla/5.0 (compatible; Seekport Crawler; http://seekport.com/)"
159.69.189.213 - - [13/Jan/2019:14:13:19 +0100] "GET /index.html HTTP/1.1" 200 4983 "-" "Mozilla/5.0 (compatible; Seekport Crawler; http://seekport.com/)"
159.69.189.213 - - [13/Jan/2019:14:13:19 +0100] "GET /seiten/firma.html HTTP/1.1" 404 1256 "-" "Mozilla/5.0 (compatible; Seekport Crawler; http://seekport.com/)"
159.69.189.213 - - [13/Jan/2019:14:13:20 +0100] "GET /seiten/projekte.html HTTP/1.1" 404 1256 "-" "Mozilla/5.0 (compatible; Seekport Crawler; http://seekport.com/)"
159.69.189.213 - - [13/Jan/2019:14:13:20 +0100] "GET /seiten/leistungen.html HTTP/1.1" 404 1256 "-" "Mozilla/5.0 (compatible; Seekport Crawler; http://seekport.com/)"
159.69.189.213 - - [13/Jan/2019:14:13:20 +0100] "GET /seiten/kontakt.php HTTP/1.1" 404 1256 "-" "Mozilla/5.0 (compatible; Seekport Crawler; http://seekport.com/)"
159.69.189.213 - - [13/Jan/2019:14:13:21 +0100] "GET /li_gre.html HTTP/1.1" 200 1973 "-" "Mozilla/5.0 (compatible; Seekport Crawler; http://seekport.com/)"
159.69.189.213 - - [13/Jan/2019:14:13:21 +0100] "GET /seiten/impressum.html HTTP/1.1" 404 1256 "-" "Mozilla/5.0 (compatible; Seekport Crawler; http://seekport.com/)"
159.69.189.213 - - [13/Jan/2019:14:13:21 +0100] "GET /seiten/agb.html HTTP/1.1" 404 1256 "-" "Mozilla/5.0 (compatible; Seekport Crawler; http://seekport.com/)"
159.69.189.213 - - [13/Jan/2019:14:13:22 +0100] "GET /seiten/sitemap.html HTTP/1.1" 404 1256 "-" "Mozilla/5.0 (compatible; Seekport Crawler; http://seekport.com/)"
209.17.97.90 - - [15/Jan/2019:10:56:07 +0100] "GET / HTTP/1.1" 200 4983 "-" "Mozilla/5.0 (compatible; Nimbostratus-Bot/v1.3.2; http://cloudsystemnetworks.com)"
52.53.201.78 - - [15/Jan/2019:14:12:26 +0100] "GET / HTTP/1.1" 200 4983 "-" "Mozilla/5.0 (Macintosh; Intel Mac OS X 10_12_6) AppleWebKit/537.36 (KHTML, like Gecko) Chrome/61.0.3163.100 Safari/537.36"
188.165.233.34 - - [16/Jan/2019:04:09:12 +0100] "GET /robots.txt HTTP/1.0" 404 1256 "-" ""
188.165.233.34 - - [16/Jan/2019:04:09:12 +0100] "GET / HTTP/1.1" 206 4983 "-" "Mozilla/5.0 (X11; Ubuntu; Linux x86_64; rv:21.0) Gecko/20130331 Firefox/21.0"
188.165.233.34 - - [16/Jan/2019:04:09:14 +0100] "GET /index.html HTTP/1.1" 206 4983 "-" "Mozilla/5.0 (X11; Ubuntu; Linux x86_64; rv:21.0) Gecko/20130331 Firefox/21.0"
188.165.233.34 - - [16/Jan/2019:04:09:16 +0100] "GET /seiten/firma.html HTTP/1.1" 404 1256 "-" "Mozilla/5.0 (X11; Ubuntu; Linux x86_64; rv:21.0) Gecko/20130331 Firefox/21.0"
188.165.233.34 - - [16/Jan/2019:04:09:16 +0100] "GET /seiten/projekte.html HTTP/1.1" 404 1256 "-" "Mozilla/5.0 (X11; Ubuntu; Linux x86_64; rv:21.0) Gecko/20130331 Firefox/21.0"
188.165.233.34 - - [16/Jan/2019:04:09:16 +0100] "GET /seiten/leistungen.html HTTP/1.1" 404 1256 "-" "Mozilla/5.0 (X11; Ubuntu; Linux x86_64; rv:21.0) Gecko/20130331 Firefox/21.0"
188.165.233.34 - - [16/Jan/2019:04:09:16 +0100] "GET /seiten/kontakt.php HTTP/1.1" 404 1256 "-" "Mozilla/5.0 (X11; Ubuntu; Linux x86_64; rv:21.0) Gecko/20130331 Firefox/21.0"
188.165.233.34 - - [16/Jan/2019:04:09:16 +0100] "GET /li_gre.html HTTP/1.1" 206 1973 "-" "Mozilla/5.0 (X11; Ubuntu; Linux x86_64; rv:21.0) Gecko/20130331 Firefox/21.0"
188.165.233.34 - - [16/Jan/2019:04:09:18 +0100] "GET /seiten/impressum.html HTTP/1.1" 404 1256 "-" "Mozilla/5.0 (X11; Ubuntu; Linux x86_64; rv:21.0) Gecko/20130331 Firefox/21.0"
188.165.233.34 - - [16/Jan/2019:04:09:18 +0100] "GET /seiten/agb.html HTTP/1.1" 404 1256 "-" "Mozilla/5.0 (X11; Ubuntu; Linux x86_64; rv:21.0) Gecko/20130331 Firefox/21.0"
188.165.233.34 - - [16/Jan/2019:04:09:18 +0100] "GET /seiten/sitemap.html HTTP/1.1" 404 1256 "-" "Mozilla/5.0 (X11; Ubuntu; Linux x86_64; rv:21.0) Gecko/20130331 Firefox/21.0"
39.98.177.244 - - [16/Jan/2019:16:06:47 +0100] "GET /joomla/ HTTP/1.1" 404 1256 "-" "-"
52.53.201.78 - - [17/Jan/2019:22:07:09 +0100] "GET / HTTP/1.1" 200 4983 "-" "Mozilla/5.0 (Macintosh; Intel Mac OS X 10_12_6) AppleWebKit/537.36 (KHTML, like Gecko) Chrome/61.0.3163.100 Safari/537.36"
66.249.66.57 - - [18/Jan/2019:09:13:47 +0100] "GET /robots.txt HTTP/1.1" 404 1256 "-" "Mozilla/5.0 (compatible; Googlebot/2.1; +http://www.google.com/bot.html)"
66.249.66.57 - - [18/Jan/2019:09:13:47 +0100] "GET / HTTP/1.1" 200 4983 "-" "Mozilla/5.0 (compatible; Googlebot/2.1; +http://www.google.com/bot.html)"
66.249.66.57 - - [18/Jan/2019:09:24:46 +0100] "GET / HTTP/1.1" 200 4983 "-" "Mozilla/5.0 AppleWebKit/537.36 (KHTML, like Gecko; compatible; Googlebot/2.1; +http://www.google.com/bot.html) Safari/537.36"
39.98.177.226 - - [19/Jan/2019:03:23:26 +0100] "GET /new/wp-admin/ HTTP/1.1" 404 1256 "-" "-"
178.154.245.134 - - [19/Jan/2019:03:30:10 +0100] "GET /robots.txt HTTP/1.1" 404 1256 "-" "Mozilla/5.0 (compatible; YandexBot/3.0; +http://yandex.com/bots)"
178.154.245.134 - - [19/Jan/2019:03:30:13 +0100] "GET /img/favicon.ico HTTP/1.1" 404 1256 "-" "Mozilla/5.0 (compatible; YandexBot/3.0; +http://yandex.com/bots)"
52.53.201.78 - - [20/Jan/2019:06:04:23 +0100] "GET / HTTP/1.1" 200 4983 "-" "Mozilla/5.0 (Macintosh; Intel Mac OS X 10_12_6) AppleWebKit/537.36 (KHTML, like Gecko) Chrome/61.0.3163.100 Safari/537.36"
157.55.39.35 - - [20/Jan/2019:22:28:22 +0100] "GET /robots.txt HTTP/1.1" 404 1256 "-" "Mozilla/5.0 (compatible; bingbot/2.0; +http://www.bing.com/bingbot.htm)"
40.77.167.74 - - [20/Jan/2019:22:28:26 +0100] "GET / HTTP/1.1" 304 - "-" "Mozilla/5.0 (compatible; bingbot/2.0; +http://www.bing.com/bingbot.htm)"
39.98.176.120 - - [21/Jan/2019:15:10:05 +0100] "GET /new/wp-admin/ HTTP/1.1" 404 1256 "-" "-"
52.53.201.78 - - [22/Jan/2019:13:51:55 +0100] "GET / HTTP/1.1" 200 4983 "-" "Mozilla/5.0 (Macintosh; Intel Mac OS X 10_12_6) AppleWebKit/537.36 (KHTML, like Gecko) Chrome/61.0.3163.100 Safari/537.36"
47.92.90.246 - - [24/Jan/2019:07:42:11 +0100] "GET /site/wp-admin/ HTTP/1.1" 404 1256 "-" "-"
66.249.79.151 - - [24/Jan/2019:10:49:22 +0100] "GET /robots.txt HTTP/1.1" 404 1256 "-" "Mozilla/5.0 (compatible; Googlebot/2.1; +http://www.google.com/bot.html)"
66.249.79.147 - - [24/Jan/2019:10:49:22 +0100] "GET / HTTP/1.1" 200 4983 "-" "Mozilla/5.0 (compatible; Googlebot/2.1; +http://www.google.com/bot.html)"
158.69.225.35 - - [24/Jan/2019:18:03:23 +0100] "GET / HTTP/1.1" 200 4983 "-" "Mozilla/5.0 (compatible; Dataprovider.com)"
158.69.225.35 - - [24/Jan/2019:18:03:25 +0100] "GET /robots.txt HTTP/1.1" 404 1256 "-" "Mozilla/5.0 (compatible; Dataprovider.com)"
158.69.225.35 - - [24/Jan/2019:18:03:25 +0100] "GET /sitemap.xml HTTP/1.1" 404 1256 "-" "Mozilla/5.0 (compatible; Dataprovider.com)"
158.69.225.35 - - [24/Jan/2019:18:03:26 +0100] "GET / HTTP/1.1" 200 4983 "-" "Mozilla/5.0 (compatible; Dataprovider.com)"
158.69.225.35 - - [24/Jan/2019:18:03:27 +0100] "GET /seiten/kontakt.php HTTP/1.1" 404 1256 "-" "Mozilla/5.0 (compatible; Dataprovider.com)"
158.69.225.35 - - [24/Jan/2019:18:03:28 +0100] "GET /seiten/impressum.html HTTP/1.1" 404 1256 "-" "Mozilla/5.0 (compatible; Dataprovider.com)"
158.69.225.35 - - [24/Jan/2019:18:03:29 +0100] "GET /seiten/agb.html HTTP/1.1" 404 1256 "-" "Mozilla/5.0 (compatible; Dataprovider.com)"
158.69.225.35 - - [24/Jan/2019:18:03:30 +0100] "GET /seiten/leistungen.html HTTP/1.1" 404 1256 "-" "Mozilla/5.0 (compatible; Dataprovider.com)"
158.69.225.35 - - [24/Jan/2019:18:03:32 +0100] "GET /seiten/projekte.html HTTP/1.1" 404 1256 "-" "Mozilla/5.0 (compatible; Dataprovider.com)"
158.69.225.35 - - [24/Jan/2019:18:03:33 +0100] "GET /li_gre.html HTTP/1.1" 200 1973 "-" "Mozilla/5.0 (compatible; Dataprovider.com)"
158.69.225.35 - - [24/Jan/2019:18:03:34 +0100] "GET /index.html HTTP/1.1" 200 4983 "-" "Mozilla/5.0 (compatible; Dataprovider.com)"
158.69.225.35 - - [24/Jan/2019:18:03:35 +0100] "GET /seiten/sitemap.html HTTP/1.1" 404 1256 "-" "Mozilla/5.0 (compatible; Dataprovider.com)"
158.69.225.35 - - [24/Jan/2019:18:03:36 +0100] "GET /seiten/firma.html HTTP/1.1" 404 1256 "-" "Mozilla/5.0 (compatible; Dataprovider.com)"
158.69.225.35 - - [24/Jan/2019:18:03:37 +0100] "GET /ads.txt HTTP/1.1" 404 1256 "-" "Mozilla/5.0 (compatible; Dataprovider.com)"
158.69.225.35 - - [24/Jan/2019:18:03:38 +0100] "GET / HTTP/1.1" 200 4983 "-" "Mozilla/5.0 (Linux; Android 5.1.1; SM-G925F Build/LMY47X) AppleWebKit/537.36 (KHTML, like Gecko) Chrome/45.0.2454.94 Mobile Safari/537.36"
66.249.70.25 - - [24/Jan/2019:20:12:26 +0100] "GET / HTTP/1.1" 200 4983 "-" "Mozilla/5.0 (compatible; Googlebot/2.1; +http://www.google.com/bot.html)"
66.249.70.23 - - [24/Jan/2019:20:12:43 +0100] "GET /css/style.css HTTP/1.1" 404 1256 "http://www.familie-wilde.com/" "Mozilla/5.0 AppleWebKit/537.36 (KHTML, like Gecko; compatible; Googlebot/2.1; +http://www.google.com/bot.html) Safari/537.36"
52.53.201.78 - - [24/Jan/2019:21:26:25 +0100] "GET / HTTP/1.1" 200 4983 "-" "Mozilla/5.0 (Macintosh; Intel Mac OS X 10_12_6) AppleWebKit/537.36 (KHTML, like Gecko) Chrome/61.0.3163.100 Safari/537.36"
59.56.241.218 - - [25/Jan/2019:02:59:25 +0100] "GET / HTTP/1.1" 200 4983 "-" "Mozilla/5.0 (Windows NT 6.1) AppleWebKit/537.36 (KHTML, like Gecko) Chrome/55.0.2883.75 Safari/537.36"
120.35.38.245 - - [25/Jan/2019:03:06:04 +0100] "GET /site/wp-admin/ HTTP/1.1" 404 1256 "-" "-"
66.249.70.25 - - [25/Jan/2019:05:14:32 +0100] "GET /robots.txt HTTP/1.1" 404 1256 "-" "Mozilla/5.0 (compatible; Googlebot/2.1; +http://www.google.com/bot.html)"
66.249.70.21 - - [25/Jan/2019:05:14:36 +0100] "GET /css/style.css HTTP/1.1" 404 1256 "http://www.familie-wilde.com/" "Mozilla/5.0 AppleWebKit/537.36 (KHTML, like Gecko; compatible; Googlebot/2.1; +http://www.google.com/bot.html) Safari/537.36"
54.165.43.233 - - [25/Jan/2019:07:41:12 +0100] "GET / HTTP/1.1" 200 4983 "-" "User-Agent: Mozilla/5.0 (Macintosh; Intel Mac OS X 10_13_5) AppleWebKit/537.36 (KHTML, like Gecko) Chrome/67.0.3396.99 Safari/537.36"
66.249.70.25 - - [25/Jan/2019:14:12:16 +0100] "GET / HTTP/1.1" 200 4983 "-" "Mozilla/5.0 (compatible; Googlebot/2.1; +http://www.google.com/bot.html)"
66.249.70.23 - - [25/Jan/2019:14:12:22 +0100] "GET /css/style.css HTTP/1.1" 404 1256 "http://www.familie-wilde.com/" "Mozilla/5.0 AppleWebKit/537.36 (KHTML, like Gecko; compatible; Googlebot/2.1; +http://www.google.com/bot.html) Safari/537.36"
167.114.181.145 - - [25/Jan/2019:23:05:07 +0100] "GET / HTTP/1.1" 200 4983 "-" "Mozilla/5.0 (Windows NT 10.0; Win64; x64; rv:63.0) Gecko/20100101 Firefox/63.0"
167.114.181.145 - - [25/Jan/2019:23:05:07 +0100] "GET /css/style.css HTTP/1.1" 404 1256 "http://www.familie-wilde.com/" "Mozilla/5.0 (Windows NT 10.0; Win64; x64; rv:63.0) Gecko/20100101 Firefox/63.0"
178.154.245.134 - - [26/Jan/2019:04:45:02 +0100] "GET /robots.txt HTTP/1.1" 404 1256 "-" "Mozilla/5.0 (compatible; YandexBot/3.0; +http://yandex.com/bots)"
178.154.245.134 - - [26/Jan/2019:04:45:06 +0100] "GET /seiten/agb.html HTTP/1.1" 404 1256 "-" "Mozilla/5.0 (compatible; YandexBot/3.0; +http://yandex.com/bots)"
157.55.39.6 - - [26/Jan/2019:07:33:14 +0100] "GET /robots.txt HTTP/1.1" 404 1256 "-" "Mozilla/5.0 (compatible; bingbot/2.0; +http://www.bing.com/bingbot.htm)"
157.55.39.239 - - [26/Jan/2019:07:33:16 +0100] "GET / HTTP/1.1" 200 4983 "-" "Mozilla/5.0 (compatible; bingbot/2.0; +http://www.bing.com/bingbot.htm)"
157.55.39.239 - - [26/Jan/2019:08:34:24 +0100] "GET /robots.txt HTTP/1.1" 404 1256 "-" "Mozilla/5.0 (compatible; bingbot/2.0; +http://www.bing.com/bingbot.htm)"
52.53.201.78 - - [27/Jan/2019:05:41:27 +0100] "GET / HTTP/1.1" 200 4983 "-" "Mozilla/5.0 (Macintosh; Intel Mac OS X 10_12_6) AppleWebKit/537.36 (KHTML, like Gecko) Chrome/61.0.3163.100 Safari/537.36"
39.98.176.180 - - [27/Jan/2019:19:10:18 +0100] "GET /joomla/ HTTP/1.1" 404 1256 "-" "-"
46.101.9.216 - - [28/Jan/2019:09:08:50 +0100] "GET / HTTP/1.1" 200 4983 "-" "Mozilla/5.0 (Windows NT 6.0) AppleWebKit/537.36 (KHTML, like Gecko) Chrome/34.0.1847.116 Safari/537.36"
46.101.9.216 - - [28/Jan/2019:09:08:51 +0100] "GET /seiten/firma.html HTTP/1.1" 404 1256 "-" "Mozilla/5.0 (Windows NT 6.0) AppleWebKit/537.36 (KHTML, like Gecko) Chrome/34.0.1847.116 Safari/537.36"
46.101.9.216 - - [28/Jan/2019:09:08:51 +0100] "GET /seiten/projekte.html HTTP/1.1" 404 1256 "-" "Mozilla/5.0 (Windows NT 6.0) AppleWebKit/537.36 (KHTML, like Gecko) Chrome/34.0.1847.116 Safari/537.36"
46.101.9.216 - - [28/Jan/2019:09:08:51 +0100] "GET /index.html HTTP/1.1" 200 4983 "-" "Mozilla/5.0 (Windows NT 6.0) AppleWebKit/537.36 (KHTML, like Gecko) Chrome/34.0.1847.116 Safari/537.36"
46.101.9.216 - - [28/Jan/2019:09:08:52 +0100] "GET /seiten/leistungen.html HTTP/1.1" 404 1256 "-" "Mozilla/5.0 (Windows NT 6.0) AppleWebKit/537.36 (KHTML, like Gecko) Chrome/34.0.1847.116 Safari/537.36"
46.101.9.216 - - [28/Jan/2019:09:08:52 +0100] "GET /seiten/kontakt.php HTTP/1.1" 404 1256 "-" "Mozilla/5.0 (Windows NT 6.0) AppleWebKit/537.36 (KHTML, like Gecko) Chrome/34.0.1847.116 Safari/537.36"
173.249.28.200 - - [29/Jan/2019:05:32:32 +0100] "GET /robots.txt HTTP/1.1" 404 1256 "-" "Mozilla/5.0 (compatible; MJ12bot/v1.4.8; http://mj12bot.com/)"
173.249.28.200 - - [29/Jan/2019:05:32:46 +0100] "GET /li_gre.html HTTP/1.1" 200 1973 "-" "Mozilla/5.0 (compatible; MJ12bot/v1.4.8; http://mj12bot.com/)"
66.249.70.23 - - [29/Jan/2019:12:55:12 +0100] "GET /robots.txt HTTP/1.1" 404 1256 "-" "Mozilla/5.0 (compatible; Googlebot/2.1; +http://www.google.com/bot.html)"
66.249.70.23 - - [29/Jan/2019:12:55:12 +0100] "GET / HTTP/1.1" 200 4983 "-" "Mozilla/5.0 (compatible; Googlebot/2.1; +http://www.google.com/bot.html)"
66.249.70.21 - - [29/Jan/2019:12:55:14 +0100] "GET /css/style.css HTTP/1.1" 404 1256 "http://www.familie-wilde.com/" "Mozilla/5.0 AppleWebKit/537.36 (KHTML, like Gecko; compatible; Googlebot/2.1; +http://www.google.com/bot.html) Safari/537.36"
52.53.201.78 - - [29/Jan/2019:13:57:59 +0100] "GET / HTTP/1.1" 200 4983 "-" "Mozilla/5.0 (Macintosh; Intel Mac OS X 10_12_6) AppleWebKit/537.36 (KHTML, like Gecko) Chrome/61.0.3163.100 Safari/537.36"
66.249.70.21 - - [29/Jan/2019:20:08:06 +0100] "GET / HTTP/1.1" 200 4983 "-" "Mozilla/5.0 (Linux; Android 6.0.1; Nexus 5X Build/MMB29P) AppleWebKit/537.36 (KHTML, like Gecko) Chrome/41.0.2272.96 Mobile Safari/537.36 (compatible; Googlebot/2.1; +http://www.google.com/bot.html)"
66.249.70.25 - - [30/Jan/2019:01:19:03 +0100] "GET /robots.txt HTTP/1.1" 404 1256 "-" "Mozilla/5.0 (compatible; Googlebot/2.1; +http://www.google.com/bot.html)"
66.249.70.21 - - [30/Jan/2019:01:19:04 +0100] "GET / HTTP/1.1" 200 4983 "-" "Mozilla/5.0 (compatible; Googlebot/2.1; +http://www.google.com/bot.html)"
87.250.233.66 - - [30/Jan/2019:01:28:25 +0100] "GET /robots.txt HTTP/1.1" 404 1256 "-" "Mozilla/5.0 (compatible; YandexBot/3.0; +http://yandex.com/bots)"
87.250.233.66 - - [30/Jan/2019:01:28:29 +0100] "GET /index.html HTTP/1.1" 200 4983 "-" "Mozilla/5.0 (compatible; YandexBot/3.0; +http://yandex.com/bots)"
37.187.56.47 - - [30/Jan/2019:05:33:59 +0100] "GET /robots.txt HTTP/1.0" 404 1256 "-" ""
37.187.56.47 - - [30/Jan/2019:05:33:59 +0100] "GET / HTTP/1.1" 206 4983 "-" "Mozilla/5.0 (X11; U; Linux amd64; rv:5.0) Gecko/20100101 Firefox/5.0 (Debian)"
37.187.56.47 - - [30/Jan/2019:05:34:01 +0100] "GET /index.html HTTP/1.1" 206 4983 "-" "Mozilla/5.0 (X11; U; Linux amd64; rv:5.0) Gecko/20100101 Firefox/5.0 (Debian)"
37.187.56.47 - - [30/Jan/2019:05:34:03 +0100] "GET /seiten/firma.html HTTP/1.1" 404 1256 "-" "Mozilla/5.0 (X11; U; Linux amd64; rv:5.0) Gecko/20100101 Firefox/5.0 (Debian)"
37.187.56.47 - - [30/Jan/2019:05:34:03 +0100] "GET /seiten/projekte.html HTTP/1.1" 404 1256 "-" "Mozilla/5.0 (X11; U; Linux amd64; rv:5.0) Gecko/20100101 Firefox/5.0 (Debian)"
37.187.56.47 - - [30/Jan/2019:05:34:03 +0100] "GET /seiten/leistungen.html HTTP/1.1" 404 1256 "-" "Mozilla/5.0 (X11; U; Linux amd64; rv:5.0) Gecko/20100101 Firefox/5.0 (Debian)"
37.187.56.47 - - [30/Jan/2019:05:34:03 +0100] "GET /seiten/kontakt.php HTTP/1.1" 404 1256 "-" "Mozilla/5.0 (X11; U; Linux amd64; rv:5.0) Gecko/20100101 Firefox/5.0 (Debian)"
37.187.56.47 - - [30/Jan/2019:05:34:03 +0100] "GET /li_gre.html HTTP/1.1" 206 1973 "-" "Mozilla/5.0 (X11; U; Linux amd64; rv:5.0) Gecko/20100101 Firefox/5.0 (Debian)"
37.187.56.47 - - [30/Jan/2019:05:34:05 +0100] "GET /seiten/impressum.html HTTP/1.1" 404 1256 "-" "Mozilla/5.0 (X11; U; Linux amd64; rv:5.0) Gecko/20100101 Firefox/5.0 (Debian)"
37.187.56.47 - - [30/Jan/2019:05:34:05 +0100] "GET /seiten/agb.html HTTP/1.1" 404 1256 "-" "Mozilla/5.0 (X11; U; Linux amd64; rv:5.0) Gecko/20100101 Firefox/5.0 (Debian)"
37.187.56.47 - - [30/Jan/2019:05:34:05 +0100] "GET /seiten/sitemap.html HTTP/1.1" 404 1256 "-" "Mozilla/5.0 (X11; U; Linux amd64; rv:5.0) Gecko/20100101 Firefox/5.0 (Debian)"
66.249.70.21 - - [30/Jan/2019:05:52:11 +0100] "GET /css/style.css HTTP/1.1" 404 1256 "http://www.familie-wilde.com/" "Mozilla/5.0 (Linux; Android 6.0.1; Nexus 5X Build/MMB29P) AppleWebKit/537.36 (KHTML, like Gecko) Chrome/41.0.2272.96 Mobile Safari/537.36 (compatible; Googlebot/2.1; +http://www.google.com/bot.html)"
178.154.245.134 - - [30/Jan/2019:11:39:22 +0100] "GET /robots.txt HTTP/1.1" 404 1256 "-" "Mozilla/5.0 (compatible; YandexBot/3.0; +http://yandex.com/bots)"
178.154.245.134 - - [30/Jan/2019:11:39:26 +0100] "GET /img/favicon.ico HTTP/1.1" 404 1256 "-" "Mozilla/5.0 (compatible; YandexBot/3.0; +http://yandex.com/bots)"
47.92.101.198 - - [30/Jan/2019:20:53:52 +0100] "GET /temp/wp-admin/ HTTP/1.1" 404 1256 "-" "-"
157.55.39.30 - - [31/Jan/2019:02:52:09 +0100] "GET /robots.txt HTTP/1.1" 404 1256 "-" "Mozilla/5.0 (compatible; bingbot/2.0; +http://www.bing.com/bingbot.htm)"
64.246.178.34 - - [31/Jan/2019:07:33:33 +0100] "GET /robots.txt HTTP/1.0" 404 1256 "-" "Mozilla/5.0 (Macintosh; Intel Mac OS X 10.10; rv:59.0) Gecko/20100101 Firefox/59.0"
64.246.178.34 - - [31/Jan/2019:07:33:33 +0100] "GET / HTTP/1.1" 200 4983 "-" "Mozilla/5.0 (Macintosh; Intel Mac OS X 10.10; rv:59.0) Gecko/20100101 Firefox/59.0"
144.76.81.72 - - [31/Jan/2019:10:12:25 +0100] "GET /robots.txt HTTP/1.1" 404 1256 "-" "Mozilla/5.0 (compatible; MJ12bot/v1.4.8; http://mj12bot.com/)"
144.76.81.72 - - [31/Jan/2019:10:12:37 +0100] "GET / HTTP/1.1" 200 4983 "-" "Mozilla/5.0 (compatible; MJ12bot/v1.4.8; http://mj12bot.com/)"
157.55.39.83 - - [31/Jan/2019:13:08:49 +0100] "GET / HTTP/1.1" 200 4983 "-" "Mozilla/5.0 (compatible; bingbot/2.0; +http://www.bing.com/bingbot.htm)"
157.55.39.83 - - [31/Jan/2019:14:11:19 +0100] "GET /robots.txt HTTP/1.1" 404 1256 "-" "Mozilla/5.0 (compatible; bingbot/2.0; +http://www.bing.com/bingbot.htm)"
110.83.60.141 - - [31/Jan/2019:14:44:16 +0100] "GET /cms/wp-admin/ HTTP/1.1" 404 1256 "-" "-"
148.251.9.145 - - [31/Jan/2019:15:00:11 +0100] "GET /robots.txt HTTP/1.1" 404 1256 "-" "Mozilla/5.0 (compatible; MJ12bot/v1.4.8; http://mj12bot.com/)"
148.251.9.145 - - [31/Jan/2019:15:00:13 +0100] "GET /seiten/agb.html HTTP/1.1" 404 1256 "-" "Mozilla/5.0 (compatible; MJ12bot/v1.4.8; http://mj12bot.com/)"
148.251.9.145 - - [31/Jan/2019:15:00:14 +0100] "GET /seiten/firma.html HTTP/1.1" 404 1256 "-" "Mozilla/5.0 (compatible; MJ12bot/v1.4.8; http://mj12bot.com/)"
148.251.9.145 - - [31/Jan/2019:15:00:16 +0100] "GET /seiten/impressum.html HTTP/1.1" 404 1256 "-" "Mozilla/5.0 (compatible; MJ12bot/v1.4.8; http://mj12bot.com/)"
148.251.9.145 - - [31/Jan/2019:15:00:19 +0100] "GET /seiten/kontakt.php HTTP/1.1" 404 1256 "-" "Mozilla/5.0 (compatible; MJ12bot/v1.4.8; http://mj12bot.com/)"
148.251.9.145 - - [31/Jan/2019:15:00:21 +0100] "GET /seiten/leistungen.html HTTP/1.1" 404 1256 "-" "Mozilla/5.0 (compatible; MJ12bot/v1.4.8; http://mj12bot.com/)"
148.251.9.145 - - [31/Jan/2019:15:00:23 +0100] "GET /seiten/projekte.html HTTP/1.1" 404 1256 "-" "Mozilla/5.0 (compatible; MJ12bot/v1.4.8; http://mj12bot.com/)"
148.251.9.145 - - [31/Jan/2019:15:00:25 +0100] "GET /seiten/sitemap.html HTTP/1.1" 404 1256 "-" "Mozilla/5.0 (compatible; MJ12bot/v1.4.8; http://mj12bot.com/)"
68.183.154.27 - - [31/Jan/2019:20:36:06 +0100] "GET / HTTP/1.0" 200 4983 "-" "Mozilla/5.0 (compatible; NetcraftSurveyAgent/1.0; +info@netcraft.com)"
52.53.201.78 - - [31/Jan/2019:22:18:29 +0100] "GET / HTTP/1.1" 200 4983 "-" "Mozilla/5.0 (Macintosh; Intel Mac OS X 10_12_6) AppleWebKit/537.36 (KHTML, like Gecko) Chrome/61.0.3163.100 Safari/537.36"