88.130.8.67 - - [13/May/2022:10:50:30 +0200] "GET /index.php HTTP/1.1" 200 9626 "http://www.dr-heidi-fleischer.de/spez_leistungen.php" "Mozilla/5.0 (X11; Linux x86_64) AppleWebKit/537.36 (KHTML, like Gecko) Chrome/76.0.3809.89 Safari/537.36"
88.130.8.67 - - [13/May/2022:10:50:30 +0200] "GET /img/right_bg.jpg HTTP/1.1" 404 1256 "http://www.dr-heidi-fleischer.de/index.php" "Mozilla/5.0 (X11; Linux x86_64) AppleWebKit/537.36 (KHTML, like Gecko) Chrome/76.0.3809.89 Safari/537.36"
62.138.2.14 - - [13/May/2022:11:00:51 +0200] "GET /spez_leistungen.php HTTP/1.1" 200 7752 "-" "SEO Scanner/1.2.4 (SEO Crawler; seoscanners.info; info@seoscanners.info)"
62.138.2.14 - - [13/May/2022:11:17:24 +0200] "GET /robots.txt HTTP/1.1" 200 218 "-" "SEO Scanner/1.2.4 (SEO Crawler; seoscanners.info; info@seoscanners.info)"
62.138.2.14 - - [13/May/2022:11:17:24 +0200] "GET /impressum.php HTTP/1.1" 200 8293 "-" "SEO Scanner/1.2.4 (SEO Crawler; seoscanners.info; info@seoscanners.info)"
62.138.2.14 - - [13/May/2022:11:21:19 +0200] "GET /index.php HTTP/1.1" 200 9626 "-" "SEO Scanner/1.2.4 (SEO Crawler; seoscanners.info; info@seoscanners.info)"
62.138.2.14 - - [13/May/2022:11:26:50 +0200] "GET /anfahrt.php HTTP/1.1" 200 8074 "-" "SEO Scanner/1.2.4 (SEO Crawler; seoscanners.info; info@seoscanners.info)"
62.138.2.14 - - [13/May/2022:11:35:14 +0200] "GET /praxis.php HTTP/1.1" 200 7017 "-" "SEO Scanner/1.2.4 (SEO Crawler; seoscanners.info; info@seoscanners.info)"
62.138.2.14 - - [13/May/2022:11:41:27 +0200] "GET /kont.php HTTP/1.1" 200 8494 "-" "SEO Scanner/1.2.4 (SEO Crawler; seoscanners.info; info@seoscanners.info)"
62.138.2.14 - - [13/May/2022:11:43:22 +0200] "GET /leistungen.php HTTP/1.1" 200 8056 "-" "SEO Scanner/1.2.4 (SEO Crawler; seoscanners.info; info@seoscanners.info)"
62.138.2.14 - - [13/May/2022:11:49:29 +0200] "GET / HTTP/1.1" 200 9626 "-" "SEO Scanner/1.2.4 (SEO Crawler; seoscanners.info; info@seoscanners.info)"
42.236.17.207 - - [13/May/2022:13:05:49 +0200] "GET /index.php HTTP/1.1" 200 9626 "http://www.dr-heidi-fleischer.de/" "Mozilla/5.0 (iPhone; CPU OS 11_0 like Mac OS X) AppleWebKit/604.1.25 (KHTML, like Gecko) Version/11.0 Mobile/15A372 Safari/604.1"
42.236.17.207 - - [13/May/2022:13:05:50 +0200] "GET /css/fl_style.css HTTP/1.1" 200 10194 "http://www.dr-heidi-fleischer.de/index.php" "Mozilla/5.0 (iPhone; CPU OS 11_0 like Mac OS X) AppleWebKit/604.1.25 (KHTML, like Gecko) Version/11.0 Mobile/15A372 Safari/604.1"
42.236.17.207 - - [13/May/2022:13:05:51 +0200] "GET /scripte/all_scripts.js HTTP/1.1" 200 249 "http://www.dr-heidi-fleischer.de/index.php" "Mozilla/5.0 (iPhone; CPU OS 11_0 like Mac OS X) AppleWebKit/604.1.25 (KHTML, like Gecko) Version/11.0 Mobile/15A372 Safari/604.1"
66.249.68.95 - - [13/May/2022:13:21:39 +0200] "GET /robots.txt HTTP/1.1" 200 218 "-" "Mozilla/5.0 (compatible; Googlebot/2.1; +http://www.google.com/bot.html)"
66.249.68.93 - - [13/May/2022:13:21:39 +0200] "GET /spez_leistungen.php HTTP/1.1" 200 7752 "-" "Mozilla/5.0 (Linux; Android 6.0.1; Nexus 5X Build/MMB29P) AppleWebKit/537.36 (KHTML, like Gecko) Chrome/101.0.4951.64 Mobile Safari/537.36 (compatible; Googlebot/2.1; +http://www.google.com/bot.html)"
40.77.167.8 - - [13/May/2022:13:23:06 +0200] "GET / HTTP/1.1" 200 9626 "-" "Mozilla/5.0 (compatible; bingbot/2.0; +http://www.bing.com/bingbot.htm)"
52.226.210.206 - - [13/May/2022:13:25:58 +0200] "GET /img/zert_1gross.jpg HTTP/1.1" 200 22004 "-" "Mozilla/5.0 (Windows NT 10.0; Win64; x64) AppleWebKit/537.36 (KHTML, like Gecko) Chrome/76.0.3809.100 Safari/537.36"
42.236.10.103 - - [13/May/2022:13:37:12 +0200] "GET /index.php HTTP/1.1" 200 9626 "http://www.dr-heidi-fleischer.de/index.php" "Mozilla/5.0 (iPhone; CPU iPhone OS 11_0 like Mac OS X) AppleWebKit/604.1.34 (KHTML, like Gecko) Version/11.0 Mobile/15A5341f Safari/604.1;360Spider"
66.249.68.91 - - [13/May/2022:13:39:00 +0200] "GET /favicon.ico HTTP/1.1" 404 1256 "-" "Googlebot-Image/1.0"
123.6.49.36 - - [13/May/2022:15:49:07 +0200] "GET /index.php HTTP/1.1" 200 9626 "http://www.dr-heidi-fleischer.de/index.php" "Mozilla/5.0(compatible;MSIE9.0;WindowsNT6.1;Trident/5.0)"
207.46.13.15 - - [13/May/2022:15:56:38 +0200] "GET /leistungen.php HTTP/1.1" 200 8056 "-" "Mozilla/5.0 (compatible; bingbot/2.0; +http://www.bing.com/bingbot.htm)"
114.119.138.5 - - [13/May/2022:16:44:31 +0200] "GET /anfahrt.php HTTP/1.1" 200 8074 "http://www.dr-heidi-fleischer.de/praxis.php" "Mozilla/5.0 (Linux; Android 7.0;) AppleWebKit/537.36 (KHTML, like Gecko) Mobile Safari/537.36 (compatible; PetalBot;+https://webmaster.petalsearch.com/site/petalbot)"
66.249.75.66 - - [13/May/2022:17:30:53 +0200] "GET / HTTP/1.1" 200 9626 "-" "Mozilla/5.0 (compatible; Googlebot/2.1; +http://www.google.com/bot.html)"
217.160.174.28 - - [13/May/2022:17:42:26 +0200] "GET / HTTP/1.1" 200 9626 "-" "Mozilla/5.0 (compatible; Dmbot/1.1)"
217.160.174.28 - - [13/May/2022:17:42:26 +0200] "GET /robots.txt HTTP/1.1" 200 218 "-" "Mozilla/5.0 (compatible; Dmbot/1.1)"
217.160.174.28 - - [13/May/2022:17:42:26 +0200] "GET / HTTP/1.1" 200 9626 "-" "Mozilla/5.0 (compatible; Dmbot/1.1)"
217.160.174.28 - - [13/May/2022:17:42:26 +0200] "GET /impressum.php HTTP/1.1" 200 8293 "-" "Mozilla/5.0 (compatible; Dmbot/1.1)"
217.160.174.28 - - [13/May/2022:17:42:26 +0200] "GET /kont.php HTTP/1.1" 200 8494 "-" "Mozilla/5.0 (compatible; Dmbot/1.1)"
114.119.146.98 - - [13/May/2022:18:30:47 +0200] "GET /robots.txt HTTP/1.1" 200 218 "-" "Mozilla/5.0 (compatible;PetalBot;+https://webmaster.petalsearch.com/site/petalbot)"
65.108.73.117 - - [13/May/2022:18:54:22 +0200] "GET /robots.txt HTTP/1.1" 200 218 "-" "Mozilla/5.0 (compatible; SEOkicks; +https://www.seokicks.de/robot.html)"
65.108.73.117 - - [13/May/2022:18:54:23 +0200] "GET / HTTP/1.1" 200 9626 "-" "Mozilla/5.0 (compatible; SEOkicks; +https://www.seokicks.de/robot.html)"
65.108.73.117 - - [13/May/2022:18:54:24 +0200] "GET /sitemap.xml HTTP/1.1" 404 1256 "-" "Mozilla/5.0 (compatible; SEOkicks; +https://www.seokicks.de/robot.html)"
65.108.73.117 - - [13/May/2022:18:54:25 +0200] "GET /index.php HTTP/1.1" 200 9626 "http://www.zahnmedizin-im-alter.de/" "Mozilla/5.0 (compatible; SEOkicks; +https://www.seokicks.de/robot.html)"
65.108.73.117 - - [13/May/2022:18:54:26 +0200] "GET /praxis.php HTTP/1.1" 200 7017 "http://www.zahnmedizin-im-alter.de/" "Mozilla/5.0 (compatible; SEOkicks; +https://www.seokicks.de/robot.html)"
65.108.73.117 - - [13/May/2022:18:54:28 +0200] "GET /leistungen.php HTTP/1.1" 200 8056 "http://www.zahnmedizin-im-alter.de/" "Mozilla/5.0 (compatible; SEOkicks; +https://www.seokicks.de/robot.html)"
65.108.73.117 - - [13/May/2022:18:54:29 +0200] "GET /spez_leistungen.php HTTP/1.1" 200 7752 "http://www.zahnmedizin-im-alter.de/" "Mozilla/5.0 (compatible; SEOkicks; +https://www.seokicks.de/robot.html)"
65.108.73.117 - - [13/May/2022:18:54:30 +0200] "GET /impressum.php HTTP/1.1" 200 8293 "http://www.zahnmedizin-im-alter.de/" "Mozilla/5.0 (compatible; SEOkicks; +https://www.seokicks.de/robot.html)"
65.108.73.117 - - [13/May/2022:18:54:31 +0200] "GET /kont.php HTTP/1.1" 200 8494 "http://www.zahnmedizin-im-alter.de/" "Mozilla/5.0 (compatible; SEOkicks; +https://www.seokicks.de/robot.html)"
65.108.73.117 - - [13/May/2022:18:54:32 +0200] "GET /anfahrt.php HTTP/1.1" 200 8074 "http://www.zahnmedizin-im-alter.de/" "Mozilla/5.0 (compatible; SEOkicks; +https://www.seokicks.de/robot.html)"
144.217.135.211 - - [13/May/2022:18:56:38 +0200] "GET / HTTP/1.1" 200 9626 "-" "Mozilla/5.0 (compatible; Dataprovider.com)"
144.217.135.211 - - [13/May/2022:18:56:40 +0200] "GET /robots.txt HTTP/1.1" 200 218 "-" "Mozilla/5.0 (compatible; Dataprovider.com)"
144.217.135.211 - - [13/May/2022:18:56:41 +0200] "GET /sitemap.xml HTTP/1.1" 404 1256 "-" "Mozilla/5.0 (compatible; Dataprovider.com)"
144.217.135.211 - - [13/May/2022:18:56:41 +0200] "GET / HTTP/1.1" 200 9626 "-" "Mozilla/5.0 (compatible; Dataprovider.com)"
144.217.135.211 - - [13/May/2022:18:56:42 +0200] "GET /kont.php HTTP/1.1" 200 8494 "-" "Mozilla/5.0 (compatible; Dataprovider.com)"
144.217.135.211 - - [13/May/2022:18:56:43 +0200] "GET /impressum.php HTTP/1.1" 200 8293 "-" "Mozilla/5.0 (compatible; Dataprovider.com)"
144.217.135.211 - - [13/May/2022:18:56:44 +0200] "GET /datenschutz.php HTTP/1.1" 404 1256 "-" "Mozilla/5.0 (compatible; Dataprovider.com)"
144.217.135.211 - - [13/May/2022:18:56:45 +0200] "GET /leistungen.php HTTP/1.1" 200 8056 "-" "Mozilla/5.0 (compatible; Dataprovider.com)"
144.217.135.211 - - [13/May/2022:18:56:46 +0200] "GET /spez_leistungen.php HTTP/1.1" 200 7752 "-" "Mozilla/5.0 (compatible; Dataprovider.com)"
144.217.135.211 - - [13/May/2022:18:56:47 +0200] "GET /index.php HTTP/1.1" 200 9626 "-" "Mozilla/5.0 (compatible; Dataprovider.com)"
144.217.135.211 - - [13/May/2022:18:56:48 +0200] "GET /anfahrt.php HTTP/1.1" 200 8074 "-" "Mozilla/5.0 (compatible; Dataprovider.com)"
144.217.135.211 - - [13/May/2022:18:56:49 +0200] "GET /praxis.php HTTP/1.1" 200 7017 "-" "Mozilla/5.0 (compatible; Dataprovider.com)"
144.217.135.211 - - [13/May/2022:18:56:50 +0200] "GET /ads.txt HTTP/1.1" 404 1256 "-" "Mozilla/5.0 (compatible; Dataprovider.com)"
144.217.135.211 - - [13/May/2022:18:56:50 +0200] "GET / HTTP/1.1" 200 9626 "-" "Mozilla/5.0 (Linux; Android 5.1.1; SM-G925F Build/LMY47X) AppleWebKit/537.36 (KHTML, like Gecko) Chrome/45.0.2454.94 Mobile Safari/537.36"
149.56.150.233 - - [13/May/2022:18:56:54 +0200] "GET / HTTP/1.1" 200 9626 "-" "Mozilla/5.0 (compatible; Dataprovider.com)"
149.56.150.233 - - [13/May/2022:18:56:55 +0200] "GET /css/fl_style.css HTTP/1.1" 200 10194 "http://www.dr-heidi-fleischer.de/" "Mozilla/5.0 (compatible; Dataprovider.com)"
149.56.150.233 - - [13/May/2022:18:56:55 +0200] "GET /scripte/all_scripts.js HTTP/1.1" 200 249 "http://www.dr-heidi-fleischer.de/" "Mozilla/5.0 (compatible; Dataprovider.com)"
149.56.150.233 - - [13/May/2022:18:56:55 +0200] "GET /img/lay01.gif HTTP/1.1" 200 273 "http://www.dr-heidi-fleischer.de/" "Mozilla/5.0 (compatible; Dataprovider.com)"
149.56.150.233 - - [13/May/2022:18:56:55 +0200] "GET /img/f_1-p.gif HTTP/1.1" 200 43 "http://www.dr-heidi-fleischer.de/" "Mozilla/5.0 (compatible; Dataprovider.com)"
149.56.150.233 - - [13/May/2022:18:56:55 +0200] "GET /img/lay06neu.gif HTTP/1.1" 200 583 "http://www.dr-heidi-fleischer.de/" "Mozilla/5.0 (compatible; Dataprovider.com)"
149.56.150.233 - - [13/May/2022:18:56:55 +0200] "GET /img/tel_footer.gif HTTP/1.1" 200 1051 "http://www.dr-heidi-fleischer.de/" "Mozilla/5.0 (compatible; Dataprovider.com)"
149.56.150.233 - - [13/May/2022:18:56:55 +0200] "GET /img/hg_zahn2.gif HTTP/1.1" 200 20816 "http://www.dr-heidi-fleischer.de/" "Mozilla/5.0 (compatible; Dataprovider.com)"
149.56.150.233 - - [13/May/2022:18:56:55 +0200] "GET /img/lay07.gif HTTP/1.1" 200 453 "http://www.dr-heidi-fleischer.de/" "Mozilla/5.0 (compatible; Dataprovider.com)"
149.56.150.233 - - [13/May/2022:18:56:55 +0200] "GET /img/left_bg.gif HTTP/1.1" 200 98 "http://www.dr-heidi-fleischer.de/" "Mozilla/5.0 (compatible; Dataprovider.com)"
149.56.150.233 - - [13/May/2022:18:56:55 +0200] "GET /img/dr_fleischer_ani.gif HTTP/1.1" 200 854042 "http://www.dr-heidi-fleischer.de/" "Mozilla/5.0 (compatible; Dataprovider.com)"
3.236.30.5 - - [13/May/2022:20:24:38 +0200] "GET /kont.php HTTP/1.1" 200 8494 "-" "Ruby, Mozilla/5.0 (Macintosh; Intel Mac OS X 10_15_7) AppleWebKit/537.36 (KHTML, like Gecko) Chrome/98.0.4758.80 Safari/537.36"
114.119.143.213 - - [13/May/2022:20:30:52 +0200] "GET /robots.txt HTTP/1.1" 200 218 "-" "Mozilla/5.0 (compatible;PetalBot;+https://webmaster.petalsearch.com/site/petalbot)"
66.249.75.64 - - [13/May/2022:20:32:53 +0200] "GET / HTTP/1.1" 200 9626 "-" "Mozilla/5.0 (Linux; Android 6.0.1; Nexus 5X Build/MMB29P) AppleWebKit/537.36 (KHTML, like Gecko) Chrome/101.0.4951.64 Mobile Safari/537.36 (compatible; Googlebot/2.1; +http://www.google.com/bot.html)"
66.249.72.221 - - [13/May/2022:20:32:54 +0200] "GET /praxis.php HTTP/1.1" 200 7017 "-" "Mozilla/5.0 (Linux; Android 6.0.1; Nexus 5X Build/MMB29P) AppleWebKit/537.36 (KHTML, like Gecko) Chrome/101.0.4951.64 Mobile Safari/537.36 (compatible; Googlebot/2.1; +http://www.google.com/bot.html)"
52.226.227.211 - - [13/May/2022:20:52:13 +0200] "GET /img/dr_fleischer_ani.gif HTTP/1.1" 200 854042 "-" "Mozilla/5.0 (Windows NT 10.0; Win64; x64) AppleWebKit/537.36 (KHTML, like Gecko) Chrome/76.0.3809.100 Safari/537.36"
66.249.75.66 - - [13/May/2022:20:55:23 +0200] "GET / HTTP/1.1" 200 9626 "-" "Mozilla/5.0 (Linux; Android 6.0.1; Nexus 5X Build/MMB29P) AppleWebKit/537.36 (KHTML, like Gecko) Chrome/101.0.4951.64 Mobile Safari/537.36 (compatible; Googlebot/2.1; +http://www.google.com/bot.html)"
3.65.25.18 - - [13/May/2022:21:03:20 +0200] "HEAD / HTTP/1.1" 200 - "-" "Mozilla/5.0 (Macintosh; Intel Mac OS X 10_15_7) AppleWebKit/605.1.15 (KHTML, like Gecko) Version/14.1.1 Safari/605.1.15"
114.119.133.53 - - [13/May/2022:21:27:46 +0200] "GET /praxis.php HTTP/1.1" 200 7017 "http://www.zahnmedizin-im-alter.de/" "Mozilla/5.0 (Linux; Android 7.0;) AppleWebKit/537.36 (KHTML, like Gecko) Mobile Safari/537.36 (compatible; PetalBot;+https://webmaster.petalsearch.com/site/petalbot)"
66.249.72.219 - - [13/May/2022:21:28:34 +0200] "GET /css/fl_style.css HTTP/1.1" 200 10194 "http://www.zahnmedizin-im-alter.de/praxis.php" "Mozilla/5.0 (Linux; Android 6.0.1; Nexus 5X Build/MMB29P) AppleWebKit/537.36 (KHTML, like Gecko) Chrome/101.0.4951.41 Mobile Safari/537.36 (compatible; Googlebot/2.1; +http://www.google.com/bot.html)"
66.249.72.219 - - [13/May/2022:21:31:43 +0200] "GET /index.php HTTP/1.1" 200 9626 "-" "Mozilla/5.0 (Linux; Android 6.0.1; Nexus 5X Build/MMB29P) AppleWebKit/537.36 (KHTML, like Gecko) Chrome/101.0.4951.64 Mobile Safari/537.36 (compatible; Googlebot/2.1; +http://www.google.com/bot.html)"
66.249.75.66 - - [13/May/2022:21:40:23 +0200] "GET / HTTP/1.1" 200 9626 "-" "Mozilla/5.0 (compatible; Googlebot/2.1; +http://www.google.com/bot.html)"
40.77.167.8 - - [13/May/2022:22:54:47 +0200] "GET / HTTP/1.1" 200 9626 "-" "Mozilla/5.0 (compatible; bingbot/2.0; +http://www.bing.com/bingbot.htm)"
62.138.3.52 - - [13/May/2022:23:06:41 +0200] "GET /robots.txt HTTP/1.1" 200 218 "-" "SEO Scanner/1.2.4 (SEO Crawler; seoscanners.info; info@seoscanners.info)"
62.138.3.52 - - [13/May/2022:23:06:41 +0200] "GET / HTTP/1.1" 200 9626 "-" "SEO Scanner/1.2.4 (SEO Crawler; seoscanners.info; info@seoscanners.info)"
62.138.3.52 - - [13/May/2022:23:13:37 +0200] "GET / HTTP/1.1" 200 9626 "-" "SEO Scanner/1.2.4 (SEO Crawler; seoscanners.info; info@seoscanners.info)"
62.138.3.52 - - [13/May/2022:23:34:39 +0200] "GET /leistungen.php HTTP/1.1" 200 8056 "-" "SEO Scanner/1.2.4 (SEO Crawler; seoscanners.info; info@seoscanners.info)"
62.138.3.52 - - [13/May/2022:23:59:48 +0200] "GET /anfahrt.php HTTP/1.1" 200 8074 "-" "SEO Scanner/1.2.4 (SEO Crawler; seoscanners.info; info@seoscanners.info)"
62.138.3.52 - - [14/May/2022:00:10:17 +0200] "GET /anfahrt.php HTTP/1.1" 200 8074 "-" "SEO Scanner/1.2.4 (SEO Crawler; seoscanners.info; info@seoscanners.info)"
62.138.3.52 - - [14/May/2022:00:20:13 +0200] "GET /anfahrt.php HTTP/1.1" 200 8074 "-" "SEO Scanner/1.2.4 (SEO Crawler; seoscanners.info; info@seoscanners.info)"
62.138.3.52 - - [14/May/2022:00:31:21 +0200] "GET /impressum.php HTTP/1.1" 200 8293 "-" "SEO Scanner/1.2.4 (SEO Crawler; seoscanners.info; info@seoscanners.info)"
62.138.3.52 - - [14/May/2022:00:37:51 +0200] "GET /impressum.php HTTP/1.1" 200 8293 "-" "SEO Scanner/1.2.4 (SEO Crawler; seoscanners.info; info@seoscanners.info)"
62.138.3.52 - - [14/May/2022:00:56:27 +0200] "GET /impressum.php HTTP/1.1" 200 8293 "-" "SEO Scanner/1.2.4 (SEO Crawler; seoscanners.info; info@seoscanners.info)"
62.138.3.52 - - [14/May/2022:01:03:23 +0200] "GET /spez_leistungen.php HTTP/1.1" 200 7752 "-" "SEO Scanner/1.2.4 (SEO Crawler; seoscanners.info; info@seoscanners.info)"
62.138.3.52 - - [14/May/2022:01:17:30 +0200] "GET /spez_leistungen.php HTTP/1.1" 200 7752 "-" "SEO Scanner/1.2.4 (SEO Crawler; seoscanners.info; info@seoscanners.info)"
62.138.3.52 - - [14/May/2022:01:28:30 +0200] "GET /spez_leistungen.php HTTP/1.1" 200 7752 "-" "SEO Scanner/1.2.4 (SEO Crawler; seoscanners.info; info@seoscanners.info)"
62.138.3.52 - - [14/May/2022:01:39:18 +0200] "GET /spez_leistungen.php HTTP/1.1" 200 7752 "-" "SEO Scanner/1.2.4 (SEO Crawler; seoscanners.info; info@seoscanners.info)"
62.138.3.52 - - [14/May/2022:01:44:41 +0200] "GET /praxis.php HTTP/1.1" 200 7017 "-" "SEO Scanner/1.2.4 (SEO Crawler; seoscanners.info; info@seoscanners.info)"
62.138.3.52 - - [14/May/2022:01:55:46 +0200] "GET /praxis.php HTTP/1.1" 200 7017 "-" "SEO Scanner/1.2.4 (SEO Crawler; seoscanners.info; info@seoscanners.info)"
52.226.227.211 - - [14/May/2022:01:59:10 +0200] "GET /img/zert_1gross.jpg HTTP/1.1" 200 22004 "-" "Mozilla/5.0 (Windows NT 10.0; Win64; x64) AppleWebKit/537.36 (KHTML, like Gecko) Chrome/76.0.3809.100 Safari/537.36"
62.138.3.52 - - [14/May/2022:02:06:30 +0200] "GET /praxis.php HTTP/1.1" 200 7017 "-" "SEO Scanner/1.2.4 (SEO Crawler; seoscanners.info; info@seoscanners.info)"
62.138.3.52 - - [14/May/2022:02:12:16 +0200] "GET /index.php HTTP/1.1" 200 9626 "-" "SEO Scanner/1.2.4 (SEO Crawler; seoscanners.info; info@seoscanners.info)"
62.138.3.52 - - [14/May/2022:02:19:19 +0200] "GET /praxis.php HTTP/1.1" 200 7017 "-" "SEO Scanner/1.2.4 (SEO Crawler; seoscanners.info; info@seoscanners.info)"
62.138.3.52 - - [14/May/2022:02:30:05 +0200] "GET /praxis.php HTTP/1.1" 200 7017 "-" "SEO Scanner/1.2.4 (SEO Crawler; seoscanners.info; info@seoscanners.info)"
51.222.253.15 - - [14/May/2022:02:35:07 +0200] "GET /robots.txt HTTP/1.1" 200 218 "-" "Mozilla/5.0 (compatible; AhrefsBot/7.0; +http://ahrefs.com/robot/)"
54.36.149.0 - - [14/May/2022:02:35:08 +0200] "GET /spez_leistungen.php HTTP/1.1" 200 7752 "-" "Mozilla/5.0 (compatible; AhrefsBot/7.0; +http://ahrefs.com/robot/)"
62.138.3.52 - - [14/May/2022:02:35:35 +0200] "GET /index.php HTTP/1.1" 200 9626 "-" "SEO Scanner/1.2.4 (SEO Crawler; seoscanners.info; info@seoscanners.info)"
62.138.3.52 - - [14/May/2022:02:45:14 +0200] "GET /kont.php HTTP/1.1" 200 8494 "-" "SEO Scanner/1.2.4 (SEO Crawler; seoscanners.info; info@seoscanners.info)"
62.138.3.52 - - [14/May/2022:02:47:53 +0200] "GET / HTTP/1.1" 200 9626 "-" "SEO Scanner/1.2.4 (SEO Crawler; seoscanners.info; info@seoscanners.info)"
66.249.75.64 - - [14/May/2022:03:08:13 +0200] "GET /robots.txt HTTP/1.1" 200 218 "-" "Mozilla/5.0 (compatible; Googlebot/2.1; +http://www.google.com/bot.html)"
66.249.75.64 - - [14/May/2022:03:08:13 +0200] "GET /index.php HTTP/1.1" 200 9626 "-" "Mozilla/5.0 (Linux; Android 6.0.1; Nexus 5X Build/MMB29P) AppleWebKit/537.36 (KHTML, like Gecko) Chrome/101.0.4951.64 Mobile Safari/537.36 (compatible; Googlebot/2.1; +http://www.google.com/bot.html)"
54.36.148.98 - - [14/May/2022:04:29:54 +0200] "GET /robots.txt HTTP/1.1" 200 218 "-" "Mozilla/5.0 (compatible; AhrefsBot/7.0; +http://ahrefs.com/robot/)"
54.36.148.119 - - [14/May/2022:04:29:55 +0200] "GET / HTTP/1.1" 200 9626 "-" "Mozilla/5.0 (compatible; AhrefsBot/7.0; +http://ahrefs.com/robot/)"
52.226.227.211 - - [14/May/2022:04:41:23 +0200] "GET /img/praxis_1.jpg HTTP/1.1" 200 39868 "-" "Mozilla/5.0 (Windows NT 10.0; Win64; x64) AppleWebKit/537.36 (KHTML, like Gecko) Chrome/76.0.3809.100 Safari/537.36"
180.163.220.45 - - [14/May/2022:08:41:42 +0200] "GET /index.php HTTP/1.1" 200 9626 "http://www.dr-heidi-fleischer.de/index.php" "Mozilla/5.0 (Windows NT 6.1; WOW64) AppleWebKit/537.36 (KHTML, like Gecko) Chrome/50.0.2661.102 Safari/537.36; 360Spider"
180.163.220.47 - - [14/May/2022:08:41:51 +0200] "GET / HTTP/1.1" 200 9626 "http://www.dr-heidi-fleischer.de/" "Mozilla/5.0 (Windows NT 6.1; WOW64) AppleWebKit/537.36 (KHTML, like Gecko) Chrome/50.0.2661.102 Safari/537.36; 360Spider"
52.226.210.206 - - [14/May/2022:10:48:55 +0200] "GET /img/zert_1.jpg HTTP/1.1" 200 6013 "-" "Mozilla/5.0 (Windows NT 10.0; Win64; x64) AppleWebKit/537.36 (KHTML, like Gecko) Chrome/76.0.3809.100 Safari/537.36"
40.77.167.8 - - [14/May/2022:12:13:50 +0200] "GET / HTTP/1.1" 200 9626 "-" "Mozilla/5.0 (compatible; bingbot/2.0; +http://www.bing.com/bingbot.htm)"
52.226.227.211 - - [14/May/2022:13:25:29 +0200] "GET /kont.php HTTP/1.1" 200 8494 "-" "Mozilla/5.0 (Windows NT 10.0; Win64; x64) AppleWebKit/537.36 (KHTML, like Gecko) Chrome/76.0.3809.100 Safari/537.36"
198.235.24.131 - - [14/May/2022:13:59:49 +0200] "GET / HTTP/1.1" 200 9626 "-" "Expanse, a Palo Alto Networks company, searches across the global IPv4 space multiple times per day to identify customers' presences on the Internet. If you would like to be excluded from our scans, please send IP addresses/domains to: scaninfo@paloaltonetworks.com"
158.69.251.186 - - [14/May/2022:14:37:03 +0200] "GET /kont.php HTTP/1.1" 200 8494 "-" "Mozilla/5.0 (Windows NT 10.0; Win64; x64) AppleWebKit/537.36 (KHTML, like Gecko) Chrome/99.0.4844.84 Safari/537.36"
52.226.227.211 - - [14/May/2022:16:25:32 +0200] "GET /img/praxis_1.jpg HTTP/1.1" 200 39868 "-" "Mozilla/5.0 (Windows NT 10.0; Win64; x64) AppleWebKit/537.36 (KHTML, like Gecko) Chrome/76.0.3809.100 Safari/537.36"
46.161.27.204 - - [14/May/2022:17:10:27 +0200] "GET / HTTP/1.1" 200 9626 "-" "Mozilla/5.0 (Windows NT 10.0; Win64; x64) AppleWebKit/536.36 (KHTML, like Gecko) Chrome/64.0.3282.140 Safari/537.36 Edge/18.17763"
46.161.27.204 - - [14/May/2022:17:10:28 +0200] "GET /wp-login.php HTTP/1.1" 404 1256 "-" "Mozilla/5.0 (Windows NT 10.0; Win64; x64) AppleWebKit/537.36 (KHTML, like Gecko) Chrome/64.0.3282.140 Safari/537.36 Edge/18.17763"
52.226.227.211 - - [14/May/2022:17:37:15 +0200] "GET /img/dr_fleischer_ani.gif HTTP/1.1" 200 854042 "-" "Mozilla/5.0 (Windows NT 10.0; Win64; x64) AppleWebKit/537.36 (KHTML, like Gecko) Chrome/76.0.3809.100 Safari/537.36"
194.173.174.10 - - [14/May/2022:18:24:30 +0200] "HEAD / HTTP/1.1" 200 - "-" "Mozilla/5.0 (Windows NT 6.3; WOW64) AppleWebKit/537.36 (KHTML, like Gecko) Chrome/43.0.2357.134 Safari/537.36"
66.249.70.26 - - [14/May/2022:18:54:11 +0200] "GET /kont.php HTTP/1.1" 200 8494 "-" "Mozilla/5.0 (Linux; Android 6.0.1; Nexus 5X Build/MMB29P) AppleWebKit/537.36 (KHTML, like Gecko) Chrome/101.0.4951.64 Mobile Safari/537.36 (compatible; Googlebot/2.1; +http://www.google.com/bot.html)"
162.44.245.32 - - [14/May/2022:19:03:06 +0200] "GET /kont.php HTTP/1.1" 200 8494 "-" "Mozilla/5.0 (Windows NT 10.0; WOW64) AppleWebKit/537.36 (KHTML, like Gecko) Chrome/61.0.3163.100 Safari/537.36"
66.249.70.24 - - [14/May/2022:19:39:11 +0200] "GET /kont.php HTTP/1.1" 200 8494 "-" "Mozilla/5.0 (compatible; Googlebot/2.1; +http://www.google.com/bot.html)"
66.249.64.24 - - [14/May/2022:21:07:02 +0200] "GET /robots.txt HTTP/1.1" 200 218 "-" "Mozilla/5.0 (compatible; Googlebot/2.1; +http://www.google.com/bot.html)"
66.249.64.24 - - [14/May/2022:21:07:02 +0200] "GET /index.php HTTP/1.1" 200 9626 "-" "Mozilla/5.0 (Linux; Android 6.0.1; Nexus 5X Build/MMB29P) AppleWebKit/537.36 (KHTML, like Gecko) Chrome/101.0.4951.64 Mobile Safari/537.36 (compatible; Googlebot/2.1; +http://www.google.com/bot.html)"
207.46.13.121 - - [14/May/2022:21:38:28 +0200] "GET / HTTP/1.1" 200 9626 "-" "Mozilla/5.0 (compatible; bingbot/2.0; +http://www.bing.com/bingbot.htm)"
114.119.129.179 - - [14/May/2022:21:53:43 +0200] "GET /robots.txt HTTP/1.1" 200 218 "-" "Mozilla/5.0 (compatible;PetalBot;+https://webmaster.petalsearch.com/site/petalbot)"
52.226.227.211 - - [14/May/2022:23:41:38 +0200] "GET /impressum.php HTTP/1.1" 200 8293 "-" "Mozilla/5.0 (Windows NT 10.0; Win64; x64) AppleWebKit/537.36 (KHTML, like Gecko) Chrome/76.0.3809.100 Safari/537.36"
18.119.12.89 - - [14/May/2022:23:56:34 +0200] "GET / HTTP/1.1" 200 9626 "-" "Mozilla/5.0 (Macintosh; Intel Mac OS X 10_15_7) AppleWebKit/537.36 (KHTML, like Gecko) Chrome/91.0.4472.114 Safari/537.36"
18.119.12.89 - - [14/May/2022:23:56:34 +0200] "GET / HTTP/1.1" 200 9626 "-" "Mozilla/5.0 (Macintosh; Intel Mac OS X 10_15_7) AppleWebKit/537.36 (KHTML, like Gecko) Chrome/91.0.4472.114 Safari/537.36"
18.119.12.89 - - [14/May/2022:23:56:35 +0200] "GET /css/fl_style.css HTTP/1.1" 200 10194 "http://www.dr-heidi-fleischer.de/" "Mozilla/5.0 (Macintosh; Intel Mac OS X 10_15_7) AppleWebKit/537.36 (KHTML, like Gecko) Chrome/91.0.4472.114 Safari/537.36"
18.119.12.89 - - [14/May/2022:23:56:35 +0200] "GET /scripte/all_scripts.js HTTP/1.1" 200 249 "http://www.dr-heidi-fleischer.de/" "Mozilla/5.0 (Macintosh; Intel Mac OS X 10_15_7) AppleWebKit/537.36 (KHTML, like Gecko) Chrome/91.0.4472.114 Safari/537.36"
18.119.12.89 - - [14/May/2022:23:56:36 +0200] "GET /img/favicon.ico HTTP/1.1" 200 5430 "http://www.dr-heidi-fleischer.de/" "Mozilla/5.0 (Macintosh; Intel Mac OS X 10_15_7) AppleWebKit/537.36 (KHTML, like Gecko) Chrome/91.0.4472.114 Safari/537.36"
18.119.12.89 - - [14/May/2022:23:56:36 +0200] "GET /robots.txt HTTP/1.1" 200 218 "-" "python-requests/2.27.1"
18.119.12.89 - - [14/May/2022:23:56:37 +0200] "GET /index.php HTTP/1.1" 200 9626 "-" "Mozilla/5.0 (Macintosh; Intel Mac OS X 10_15_7) AppleWebKit/537.36 (KHTML, like Gecko) Chrome/91.0.4472.114 Safari/537.36"
18.119.12.89 - - [14/May/2022:23:56:37 +0200] "GET /css/fl_style.css HTTP/1.1" 200 10194 "http://www.dr-heidi-fleischer.de/index.php" "Mozilla/5.0 (Macintosh; Intel Mac OS X 10_15_7) AppleWebKit/537.36 (KHTML, like Gecko) Chrome/91.0.4472.114 Safari/537.36"
18.119.12.89 - - [14/May/2022:23:56:37 +0200] "GET /scripte/all_scripts.js HTTP/1.1" 200 249 "http://www.dr-heidi-fleischer.de/index.php" "Mozilla/5.0 (Macintosh; Intel Mac OS X 10_15_7) AppleWebKit/537.36 (KHTML, like Gecko) Chrome/91.0.4472.114 Safari/537.36"
18.119.12.89 - - [14/May/2022:23:56:38 +0200] "GET /kont.php HTTP/1.1" 200 8494 "-" "Mozilla/5.0 (Macintosh; Intel Mac OS X 10_15_7) AppleWebKit/537.36 (KHTML, like Gecko) Chrome/91.0.4472.114 Safari/537.36"
18.119.12.89 - - [14/May/2022:23:56:39 +0200] "GET /css/fl_style.css HTTP/1.1" 200 10194 "http://www.dr-heidi-fleischer.de/kont.php" "Mozilla/5.0 (Macintosh; Intel Mac OS X 10_15_7) AppleWebKit/537.36 (KHTML, like Gecko) Chrome/91.0.4472.114 Safari/537.36"
18.119.12.89 - - [14/May/2022:23:56:39 +0200] "GET /scripte/all_scripts.js HTTP/1.1" 200 249 "http://www.dr-heidi-fleischer.de/kont.php" "Mozilla/5.0 (Macintosh; Intel Mac OS X 10_15_7) AppleWebKit/537.36 (KHTML, like Gecko) Chrome/91.0.4472.114 Safari/537.36"
114.119.137.211 - - [14/May/2022:23:58:17 +0200] "GET /robots.txt HTTP/1.1" 200 218 "-" "Mozilla/5.0 (compatible;PetalBot;+https://webmaster.petalsearch.com/site/petalbot)"
194.173.174.10 - - [15/May/2022:01:06:23 +0200] "HEAD / HTTP/1.1" 200 - "-" "Mozilla/5.0 (Windows NT 6.3; WOW64) AppleWebKit/537.36 (KHTML, like Gecko) Chrome/43.0.2357.134 Safari/537.36"
54.36.148.238 - - [15/May/2022:04:13:43 +0200] "GET /robots.txt HTTP/1.1" 200 218 "-" "Mozilla/5.0 (compatible; AhrefsBot/7.0; +http://ahrefs.com/robot/)"
54.36.148.214 - - [15/May/2022:04:13:44 +0200] "GET / HTTP/1.1" 200 9626 "-" "Mozilla/5.0 (compatible; AhrefsBot/7.0; +http://ahrefs.com/robot/)"
54.36.148.85 - - [15/May/2022:04:13:45 +0200] "GET /img/animated_favicon1.gif HTTP/1.1" 200 1808 "-" "Mozilla/5.0 (compatible; AhrefsBot/7.0; +http://ahrefs.com/robot/)"
54.36.149.92 - - [15/May/2022:04:13:45 +0200] "GET /img/lay13.gif HTTP/1.1" 200 181 "-" "Mozilla/5.0 (compatible; AhrefsBot/7.0; +http://ahrefs.com/robot/)"
54.36.148.242 - - [15/May/2022:04:13:46 +0200] "GET /img/tel_footer.gif HTTP/1.1" 200 1051 "-" "Mozilla/5.0 (compatible; AhrefsBot/7.0; +http://ahrefs.com/robot/)"
54.36.148.16 - - [15/May/2022:04:13:46 +0200] "GET /img/lay07.gif HTTP/1.1" 200 453 "-" "Mozilla/5.0 (compatible; AhrefsBot/7.0; +http://ahrefs.com/robot/)"
54.36.148.122 - - [15/May/2022:04:13:46 +0200] "GET /img/lay16.gif HTTP/1.1" 200 309 "-" "Mozilla/5.0 (compatible; AhrefsBot/7.0; +http://ahrefs.com/robot/)"
54.36.148.99 - - [15/May/2022:04:13:47 +0200] "GET /img/f_1-p.gif HTTP/1.1" 200 43 "-" "Mozilla/5.0 (compatible; AhrefsBot/7.0; +http://ahrefs.com/robot/)"
54.36.148.134 - - [15/May/2022:04:13:47 +0200] "GET /img/dr_fleischer_ani.gif HTTP/1.1" 200 854042 "-" "Mozilla/5.0 (compatible; AhrefsBot/7.0; +http://ahrefs.com/robot/)"
54.36.148.128 - - [15/May/2022:04:13:48 +0200] "GET /img/roll_trans2.gif HTTP/1.1" 200 609 "-" "Mozilla/5.0 (compatible; AhrefsBot/7.0; +http://ahrefs.com/robot/)"
54.36.148.52 - - [15/May/2022:04:13:48 +0200] "GET /img/lay01.gif HTTP/1.1" 200 273 "-" "Mozilla/5.0 (compatible; AhrefsBot/7.0; +http://ahrefs.com/robot/)"
54.36.149.20 - - [15/May/2022:04:13:49 +0200] "GET /img/zert_1gross.jpg HTTP/1.1" 200 22004 "-" "Mozilla/5.0 (compatible; AhrefsBot/7.0; +http://ahrefs.com/robot/)"
54.36.149.86 - - [15/May/2022:04:13:49 +0200] "GET /img/lay06neu.gif HTTP/1.1" 200 583 "-" "Mozilla/5.0 (compatible; AhrefsBot/7.0; +http://ahrefs.com/robot/)"
54.36.149.49 - - [15/May/2022:04:13:50 +0200] "GET /img/roll_trans.gif HTTP/1.1" 200 609 "-" "Mozilla/5.0 (compatible; AhrefsBot/7.0; +http://ahrefs.com/robot/)"
54.36.148.95 - - [15/May/2022:04:13:50 +0200] "GET /img/zert_1.jpg HTTP/1.1" 200 6013 "-" "Mozilla/5.0 (compatible; AhrefsBot/7.0; +http://ahrefs.com/robot/)"
54.36.149.11 - - [15/May/2022:04:13:51 +0200] "GET /img/lay08.gif HTTP/1.1" 200 534 "-" "Mozilla/5.0 (compatible; AhrefsBot/7.0; +http://ahrefs.com/robot/)"
54.36.148.225 - - [15/May/2022:04:13:51 +0200] "GET /css/fl_style.css HTTP/1.1" 200 10194 "-" "Mozilla/5.0 (compatible; AhrefsBot/7.0; +http://ahrefs.com/robot/)"
54.36.148.172 - - [15/May/2022:04:13:51 +0200] "GET /img/lay14.gif HTTP/1.1" 200 104 "-" "Mozilla/5.0 (compatible; AhrefsBot/7.0; +http://ahrefs.com/robot/)"
52.226.227.211 - - [15/May/2022:04:38:12 +0200] "GET / HTTP/1.1" 200 9626 "-" "Mozilla/5.0 (Windows NT 10.0; Win64; x64) AppleWebKit/537.36 (KHTML, like Gecko) Chrome/76.0.3809.100 Safari/537.36"
52.226.227.211 - - [15/May/2022:04:44:34 +0200] "GET /img/zert_1.jpg HTTP/1.1" 200 6013 "-" "Mozilla/5.0 (Windows NT 10.0; Win64; x64) AppleWebKit/537.36 (KHTML, like Gecko) Chrome/76.0.3809.100 Safari/537.36"
114.119.131.43 - - [15/May/2022:05:14:14 +0200] "GET /spez_leistungen.php HTTP/1.1" 200 7752 "http://www.dr-heidi-fleischer.de/anfahrt.php" "Mozilla/5.0 (Linux; Android 7.0;) AppleWebKit/537.36 (KHTML, like Gecko) Mobile Safari/537.36 (compatible; PetalBot;+https://webmaster.petalsearch.com/site/petalbot)"
52.226.227.211 - - [15/May/2022:05:29:44 +0200] "GET /img/leistungen_1.jpg HTTP/1.1" 200 15190 "-" "Mozilla/5.0 (Windows NT 10.0; Win64; x64) AppleWebKit/537.36 (KHTML, like Gecko) Chrome/76.0.3809.100 Safari/537.36"
18.119.17.129 - - [15/May/2022:08:13:07 +0200] "GET / HTTP/1.1" 200 9626 "-" "Mozilla/5.0 (Macintosh; Intel Mac OS X 10_15_7) AppleWebKit/537.36 (KHTML, like Gecko) Chrome/91.0.4472.114 Safari/537.36"
18.119.17.129 - - [15/May/2022:08:13:08 +0200] "GET / HTTP/1.1" 200 9626 "-" "Mozilla/5.0 (Macintosh; Intel Mac OS X 10_15_7) AppleWebKit/537.36 (KHTML, like Gecko) Chrome/91.0.4472.114 Safari/537.36"
18.119.17.129 - - [15/May/2022:08:13:08 +0200] "GET /css/fl_style.css HTTP/1.1" 200 10194 "http://www.zahnmedizin-im-alter.de/" "Mozilla/5.0 (Macintosh; Intel Mac OS X 10_15_7) AppleWebKit/537.36 (KHTML, like Gecko) Chrome/91.0.4472.114 Safari/537.36"
18.119.17.129 - - [15/May/2022:08:13:08 +0200] "GET /scripte/all_scripts.js HTTP/1.1" 200 249 "http://www.zahnmedizin-im-alter.de/" "Mozilla/5.0 (Macintosh; Intel Mac OS X 10_15_7) AppleWebKit/537.36 (KHTML, like Gecko) Chrome/91.0.4472.114 Safari/537.36"
18.119.17.129 - - [15/May/2022:08:13:09 +0200] "GET /img/favicon.ico HTTP/1.1" 200 5430 "http://www.zahnmedizin-im-alter.de/" "Mozilla/5.0 (Macintosh; Intel Mac OS X 10_15_7) AppleWebKit/537.36 (KHTML, like Gecko) Chrome/91.0.4472.114 Safari/537.36"
18.119.17.129 - - [15/May/2022:08:13:10 +0200] "GET /robots.txt HTTP/1.1" 200 218 "-" "python-requests/2.27.1"
18.119.17.129 - - [15/May/2022:08:13:10 +0200] "GET /index.php HTTP/1.1" 200 9626 "-" "Mozilla/5.0 (Macintosh; Intel Mac OS X 10_15_7) AppleWebKit/537.36 (KHTML, like Gecko) Chrome/91.0.4472.114 Safari/537.36"
18.119.17.129 - - [15/May/2022:08:13:11 +0200] "GET /css/fl_style.css HTTP/1.1" 200 10194 "http://www.zahnmedizin-im-alter.de/index.php" "Mozilla/5.0 (Macintosh; Intel Mac OS X 10_15_7) AppleWebKit/537.36 (KHTML, like Gecko) Chrome/91.0.4472.114 Safari/537.36"
18.119.17.129 - - [15/May/2022:08:13:11 +0200] "GET /scripte/all_scripts.js HTTP/1.1" 200 249 "http://www.zahnmedizin-im-alter.de/index.php" "Mozilla/5.0 (Macintosh; Intel Mac OS X 10_15_7) AppleWebKit/537.36 (KHTML, like Gecko) Chrome/91.0.4472.114 Safari/537.36"
18.119.17.129 - - [15/May/2022:08:13:12 +0200] "GET /kont.php HTTP/1.1" 200 8494 "-" "Mozilla/5.0 (Macintosh; Intel Mac OS X 10_15_7) AppleWebKit/537.36 (KHTML, like Gecko) Chrome/91.0.4472.114 Safari/537.36"
18.119.17.129 - - [15/May/2022:08:13:12 +0200] "GET /css/fl_style.css HTTP/1.1" 200 10194 "http://www.zahnmedizin-im-alter.de/kont.php" "Mozilla/5.0 (Macintosh; Intel Mac OS X 10_15_7) AppleWebKit/537.36 (KHTML, like Gecko) Chrome/91.0.4472.114 Safari/537.36"
18.119.17.129 - - [15/May/2022:08:13:12 +0200] "GET /scripte/all_scripts.js HTTP/1.1" 200 249 "http://www.zahnmedizin-im-alter.de/kont.php" "Mozilla/5.0 (Macintosh; Intel Mac OS X 10_15_7) AppleWebKit/537.36 (KHTML, like Gecko) Chrome/91.0.4472.114 Safari/537.36"
194.173.174.10 - - [15/May/2022:08:44:40 +0200] "HEAD / HTTP/1.1" 200 - "-" "Mozilla/5.0 (Windows NT 6.3; WOW64) AppleWebKit/537.36 (KHTML, like Gecko) Chrome/43.0.2357.134 Safari/537.36"
114.119.138.32 - - [15/May/2022:09:03:59 +0200] "GET / HTTP/1.1" 200 9626 "-" "Mozilla/5.0 (Linux; Android 7.0;) AppleWebKit/537.36 (KHTML, like Gecko) Mobile Safari/537.36 (compatible; PetalBot;+https://webmaster.petalsearch.com/site/petalbot)"
217.160.174.28 - - [15/May/2022:09:16:19 +0200] "GET / HTTP/1.1" 200 9626 "-" "Mozilla/5.0 (compatible; Dmbot/1.1)"
217.160.174.28 - - [15/May/2022:09:16:19 +0200] "GET /robots.txt HTTP/1.1" 200 218 "-" "Mozilla/5.0 (compatible; Dmbot/1.1)"
217.160.175.92 - - [15/May/2022:09:16:19 +0200] "GET / HTTP/1.1" 200 9626 "-" "Mozilla/5.0 (compatible; Dmbot/1.1)"
217.160.175.92 - - [15/May/2022:09:16:19 +0200] "GET /impressum.php HTTP/1.1" 200 8293 "-" "Mozilla/5.0 (compatible; Dmbot/1.1)"
217.160.240.81 - - [15/May/2022:09:16:20 +0200] "GET /kont.php HTTP/1.1" 200 8494 "-" "Mozilla/5.0 (compatible; Dmbot/1.1)"
66.249.70.24 - - [15/May/2022:09:28:16 +0200] "GET /robots.txt HTTP/1.1" 200 218 "-" "Mozilla/5.0 (compatible; Googlebot/2.1; +http://www.google.com/bot.html)"
66.249.70.22 - - [15/May/2022:09:28:17 +0200] "GET /anfahrt.php HTTP/1.1" 200 8074 "-" "Mozilla/5.0 (Linux; Android 6.0.1; Nexus 5X Build/MMB29P) AppleWebKit/537.36 (KHTML, like Gecko) Chrome/101.0.4951.64 Mobile Safari/537.36 (compatible; Googlebot/2.1; +http://www.google.com/bot.html)"
52.226.227.211 - - [15/May/2022:11:35:55 +0200] "GET /img/leistungen_1.jpg HTTP/1.1" 200 15190 "-" "Mozilla/5.0 (Windows NT 10.0; Win64; x64) AppleWebKit/537.36 (KHTML, like Gecko) Chrome/76.0.3809.100 Safari/537.36"
213.83.37.145 - - [15/May/2022:12:06:09 +0200] "HEAD / HTTP/1.1" 200 - "-" "Mozilla/5.0 (Windows NT 6.1; rv:39.0) Gecko/20180101 Firefox/39.0"
213.83.37.145 - - [15/May/2022:12:06:09 +0200] "HEAD / HTTP/1.1" 200 - "-" "Mozilla/5.0 (Windows NT 6.1; rv:39.0) Gecko/20180101 Firefox/39.0"
213.83.37.145 - - [15/May/2022:12:06:09 +0200] "HEAD / HTTP/1.1" 200 - "-" "Mozilla/5.0 (Windows NT 6.1; rv:39.0) Gecko/20180101 Firefox/39.0"
213.83.37.145 - - [15/May/2022:12:06:09 +0200] "HEAD / HTTP/1.1" 200 - "-" "Mozilla/5.0 (Windows NT 6.1; rv:39.0) Gecko/20180101 Firefox/39.0"
217.80.137.130 - - [15/May/2022:13:36:57 +0200] "GET /css/fl_style.css HTTP/1.1" 200 10194 "-" "Mozilla/5.0 (Linux; Android 11; SM-G781B) AppleWebKit/537.36 (KHTML, like Gecko) Chrome/101.0.4951.61 Mobile Safari/537.36"
217.80.137.130 - - [15/May/2022:13:36:57 +0200] "GET /kont.php HTTP/1.1" 200 8494 "https://www.google.com/" "Mozilla/5.0 (Linux; Android 11; SM-G781B) AppleWebKit/537.36 (KHTML, like Gecko) Chrome/101.0.4951.61 Mobile Safari/537.36"
217.80.137.130 - - [15/May/2022:13:36:57 +0200] "GET /scripte/all_scripts.js HTTP/1.1" 200 249 "http://www.dr-heidi-fleischer.de/kont.php" "Mozilla/5.0 (Linux; Android 11; SM-G781B) AppleWebKit/537.36 (KHTML, like Gecko) Chrome/101.0.4951.61 Mobile Safari/537.36"
217.80.137.130 - - [15/May/2022:13:36:57 +0200] "GET /img/lay01.gif HTTP/1.1" 200 273 "http://www.dr-heidi-fleischer.de/kont.php" "Mozilla/5.0 (Linux; Android 11; SM-G781B) AppleWebKit/537.36 (KHTML, like Gecko) Chrome/101.0.4951.61 Mobile Safari/537.36"
217.80.137.130 - - [15/May/2022:13:36:57 +0200] "GET /img/f_1-p.gif HTTP/1.1" 200 43 "http://www.dr-heidi-fleischer.de/kont.php" "Mozilla/5.0 (Linux; Android 11; SM-G781B) AppleWebKit/537.36 (KHTML, like Gecko) Chrome/101.0.4951.61 Mobile Safari/537.36"
217.80.137.130 - - [15/May/2022:13:36:57 +0200] "GET /img/tel_footer.gif HTTP/1.1" 200 1051 "http://www.dr-heidi-fleischer.de/kont.php" "Mozilla/5.0 (Linux; Android 11; SM-G781B) AppleWebKit/537.36 (KHTML, like Gecko) Chrome/101.0.4951.61 Mobile Safari/537.36"
217.80.137.130 - - [15/May/2022:13:36:57 +0200] "GET /img/lay06neu.gif HTTP/1.1" 200 583 "http://www.dr-heidi-fleischer.de/kont.php" "Mozilla/5.0 (Linux; Android 11; SM-G781B) AppleWebKit/537.36 (KHTML, like Gecko) Chrome/101.0.4951.61 Mobile Safari/537.36"
217.80.137.130 - - [15/May/2022:13:36:57 +0200] "GET /img/hg_body.jpg HTTP/1.1" 200 2615 "http://www.dr-heidi-fleischer.de/css/fl_style.css" "Mozilla/5.0 (Linux; Android 11; SM-G781B) AppleWebKit/537.36 (KHTML, like Gecko) Chrome/101.0.4951.61 Mobile Safari/537.36"
217.80.137.130 - - [15/May/2022:13:36:57 +0200] "GET /img/hg_zahn2.gif HTTP/1.1" 200 20816 "http://www.dr-heidi-fleischer.de/kont.php" "Mozilla/5.0 (Linux; Android 11; SM-G781B) AppleWebKit/537.36 (KHTML, like Gecko) Chrome/101.0.4951.61 Mobile Safari/537.36"
217.80.137.130 - - [15/May/2022:13:36:57 +0200] "GET /img/header_neu.gif HTTP/1.1" 200 32567 "http://www.dr-heidi-fleischer.de/css/fl_style.css" "Mozilla/5.0 (Linux; Android 11; SM-G781B) AppleWebKit/537.36 (KHTML, like Gecko) Chrome/101.0.4951.61 Mobile Safari/537.36"
217.80.137.130 - - [15/May/2022:13:36:57 +0200] "GET /img/left_bg2.gif HTTP/1.1" 200 176 "http://www.dr-heidi-fleischer.de/kont.php" "Mozilla/5.0 (Linux; Android 11; SM-G781B) AppleWebKit/537.36 (KHTML, like Gecko) Chrome/101.0.4951.61 Mobile Safari/537.36"
217.80.137.130 - - [15/May/2022:13:36:57 +0200] "GET /img/lay04.gif HTTP/1.1" 200 68 "http://www.dr-heidi-fleischer.de/kont.php" "Mozilla/5.0 (Linux; Android 11; SM-G781B) AppleWebKit/537.36 (KHTML, like Gecko) Chrome/101.0.4951.61 Mobile Safari/537.36"
217.80.137.130 - - [15/May/2022:13:36:57 +0200] "GET /img/lay02.gif HTTP/1.1" 200 68 "http://www.dr-heidi-fleischer.de/kont.php" "Mozilla/5.0 (Linux; Android 11; SM-G781B) AppleWebKit/537.36 (KHTML, like Gecko) Chrome/101.0.4951.61 Mobile Safari/537.36"
217.80.137.130 - - [15/May/2022:13:36:57 +0200] "GET /img/lay03.gif HTTP/1.1" 200 1060 "http://www.dr-heidi-fleischer.de/kont.php" "Mozilla/5.0 (Linux; Android 11; SM-G781B) AppleWebKit/537.36 (KHTML, like Gecko) Chrome/101.0.4951.61 Mobile Safari/537.36"
217.80.137.130 - - [15/May/2022:13:36:57 +0200] "GET /img/lay05.gif HTTP/1.1" 200 331 "http://www.dr-heidi-fleischer.de/kont.php" "Mozilla/5.0 (Linux; Android 11; SM-G781B) AppleWebKit/537.36 (KHTML, like Gecko) Chrome/101.0.4951.61 Mobile Safari/537.36"
217.80.137.130 - - [15/May/2022:13:36:57 +0200] "GET /img/left_bg.gif HTTP/1.1" 200 98 "http://www.dr-heidi-fleischer.de/kont.php" "Mozilla/5.0 (Linux; Android 11; SM-G781B) AppleWebKit/537.36 (KHTML, like Gecko) Chrome/101.0.4951.61 Mobile Safari/537.36"
217.80.137.130 - - [15/May/2022:13:36:57 +0200] "GET /img/lay10.gif HTTP/1.1" 200 252 "http://www.dr-heidi-fleischer.de/kont.php" "Mozilla/5.0 (Linux; Android 11; SM-G781B) AppleWebKit/537.36 (KHTML, like Gecko) Chrome/101.0.4951.61 Mobile Safari/537.36"
217.80.137.130 - - [15/May/2022:13:36:57 +0200] "GET /img/lay16.gif HTTP/1.1" 200 309 "http://www.dr-heidi-fleischer.de/kont.php" "Mozilla/5.0 (Linux; Android 11; SM-G781B) AppleWebKit/537.36 (KHTML, like Gecko) Chrome/101.0.4951.61 Mobile Safari/537.36"
217.80.137.130 - - [15/May/2022:13:36:57 +0200] "GET /img/right_bg.gif HTTP/1.1" 200 76 "http://www.dr-heidi-fleischer.de/kont.php" "Mozilla/5.0 (Linux; Android 11; SM-G781B) AppleWebKit/537.36 (KHTML, like Gecko) Chrome/101.0.4951.61 Mobile Safari/537.36"
217.80.137.130 - - [15/May/2022:13:36:57 +0200] "GET /img/lay08.gif HTTP/1.1" 200 534 "http://www.dr-heidi-fleischer.de/kont.php" "Mozilla/5.0 (Linux; Android 11; SM-G781B) AppleWebKit/537.36 (KHTML, like Gecko) Chrome/101.0.4951.61 Mobile Safari/537.36"
217.80.137.130 - - [15/May/2022:13:36:57 +0200] "GET /img/lay13.gif HTTP/1.1" 200 181 "http://www.dr-heidi-fleischer.de/kont.php" "Mozilla/5.0 (Linux; Android 11; SM-G781B) AppleWebKit/537.36 (KHTML, like Gecko) Chrome/101.0.4951.61 Mobile Safari/537.36"
217.80.137.130 - - [15/May/2022:13:36:57 +0200] "GET /img/lay09.gif HTTP/1.1" 200 135 "http://www.dr-heidi-fleischer.de/kont.php" "Mozilla/5.0 (Linux; Android 11; SM-G781B) AppleWebKit/537.36 (KHTML, like Gecko) Chrome/101.0.4951.61 Mobile Safari/537.36"
217.80.137.130 - - [15/May/2022:13:36:57 +0200] "GET /img/bottom_bg.gif HTTP/1.1" 200 79 "http://www.dr-heidi-fleischer.de/kont.php" "Mozilla/5.0 (Linux; Android 11; SM-G781B) AppleWebKit/537.36 (KHTML, like Gecko) Chrome/101.0.4951.61 Mobile Safari/537.36"
217.80.137.130 - - [15/May/2022:13:36:57 +0200] "GET /img/lay07.gif HTTP/1.1" 200 453 "http://www.dr-heidi-fleischer.de/kont.php" "Mozilla/5.0 (Linux; Android 11; SM-G781B) AppleWebKit/537.36 (KHTML, like Gecko) Chrome/101.0.4951.61 Mobile Safari/537.36"
217.80.137.130 - - [15/May/2022:13:36:57 +0200] "GET /img/lay14.gif HTTP/1.1" 200 104 "http://www.dr-heidi-fleischer.de/kont.php" "Mozilla/5.0 (Linux; Android 11; SM-G781B) AppleWebKit/537.36 (KHTML, like Gecko) Chrome/101.0.4951.61 Mobile Safari/537.36"
217.80.137.130 - - [15/May/2022:13:36:58 +0200] "GET /img/roll_trans.gif HTTP/1.1" 200 609 "http://www.dr-heidi-fleischer.de/kont.php" "Mozilla/5.0 (Linux; Android 11; SM-G781B) AppleWebKit/537.36 (KHTML, like Gecko) Chrome/101.0.4951.61 Mobile Safari/537.36"
217.80.137.130 - - [15/May/2022:13:36:58 +0200] "GET /img/roll_trans2.gif HTTP/1.1" 200 609 "http://www.dr-heidi-fleischer.de/kont.php" "Mozilla/5.0 (Linux; Android 11; SM-G781B) AppleWebKit/537.36 (KHTML, like Gecko) Chrome/101.0.4951.61 Mobile Safari/537.36"
217.80.137.130 - - [15/May/2022:13:36:58 +0200] "GET /img/zert_1gross.jpg HTTP/1.1" 200 22004 "http://www.dr-heidi-fleischer.de/kont.php" "Mozilla/5.0 (Linux; Android 11; SM-G781B) AppleWebKit/537.36 (KHTML, like Gecko) Chrome/101.0.4951.61 Mobile Safari/537.36"
217.80.137.130 - - [15/May/2022:13:36:58 +0200] "GET /img/animated_favicon1.gif HTTP/1.1" 200 1808 "http://www.dr-heidi-fleischer.de/kont.php" "Mozilla/5.0 (Linux; Android 11; SM-G781B) AppleWebKit/537.36 (KHTML, like Gecko) Chrome/101.0.4951.61 Mobile Safari/537.36"
217.80.137.130 - - [15/May/2022:13:37:23 +0200] "GET /spez_leistungen.php HTTP/1.1" 200 7752 "http://www.dr-heidi-fleischer.de/kont.php" "Mozilla/5.0 (Linux; Android 11; SM-G781B) AppleWebKit/537.36 (KHTML, like Gecko) Chrome/101.0.4951.61 Mobile Safari/537.36"
217.80.137.130 - - [15/May/2022:13:37:23 +0200] "GET /img/spez_leistungen_1.jpg HTTP/1.1" 200 18858 "http://www.dr-heidi-fleischer.de/spez_leistungen.php" "Mozilla/5.0 (Linux; Android 11; SM-G781B) AppleWebKit/537.36 (KHTML, like Gecko) Chrome/101.0.4951.61 Mobile Safari/537.36"
217.80.137.130 - - [15/May/2022:13:37:23 +0200] "GET /img/spez_leistungen_2.jpg HTTP/1.1" 200 13667 "http://www.dr-heidi-fleischer.de/spez_leistungen.php" "Mozilla/5.0 (Linux; Android 11; SM-G781B) AppleWebKit/537.36 (KHTML, like Gecko) Chrome/101.0.4951.61 Mobile Safari/537.36"
114.119.138.32 - - [15/May/2022:14:12:25 +0200] "GET / HTTP/1.1" 200 9626 "https://firmeneintrag.de/search/Zahn%C3%A4rzte/Weisendorf/37" "Mozilla/5.0 (Linux; Android 7.0;) AppleWebKit/537.36 (KHTML, like Gecko) Mobile Safari/537.36 (compatible; PetalBot;+https://webmaster.petalsearch.com/site/petalbot)"
51.222.253.10 - - [15/May/2022:14:45:46 +0200] "GET /robots.txt HTTP/1.1" 200 218 "-" "Mozilla/5.0 (compatible; AhrefsBot/7.0; +http://ahrefs.com/robot/)"
54.36.148.119 - - [15/May/2022:14:45:47 +0200] "GET / HTTP/1.1" 200 9626 "-" "Mozilla/5.0 (compatible; AhrefsBot/7.0; +http://ahrefs.com/robot/)"
66.249.66.70 - - [15/May/2022:17:22:43 +0200] "GET /anfahrt.php HTTP/1.1" 200 8074 "-" "Mozilla/5.0 (Linux; Android 6.0.1; Nexus 5X Build/MMB29P) AppleWebKit/537.36 (KHTML, like Gecko) Chrome/101.0.4951.64 Mobile Safari/537.36 (compatible; Googlebot/2.1; +http://www.google.com/bot.html)"
66.249.66.72 - - [15/May/2022:17:24:25 +0200] "GET /css/fl_style.css HTTP/1.1" 200 10194 "http://www.dr-heidi-fleischer.de/anfahrt.php" "Mozilla/5.0 (Linux; Android 6.0.1; Nexus 5X Build/MMB29P) AppleWebKit/537.36 (KHTML, like Gecko) Chrome/101.0.4951.41 Mobile Safari/537.36 (compatible; Googlebot/2.1; +http://www.google.com/bot.html)"
51.222.253.1 - - [15/May/2022:19:15:34 +0200] "GET /robots.txt HTTP/1.1" 200 218 "-" "Mozilla/5.0 (compatible; AhrefsBot/7.0; +http://ahrefs.com/robot/)"
54.36.148.215 - - [15/May/2022:19:15:35 +0200] "GET /leistungen.php HTTP/1.1" 200 8056 "-" "Mozilla/5.0 (compatible; AhrefsBot/7.0; +http://ahrefs.com/robot/)"
114.119.143.75 - - [15/May/2022:21:02:49 +0200] "GET /leistungen.php HTTP/1.1" 200 8056 "http://www.zahnmedizin-im-alter.de/praxis.php" "Mozilla/5.0 (Linux; Android 7.0;) AppleWebKit/537.36 (KHTML, like Gecko) Mobile Safari/537.36 (compatible; PetalBot;+https://webmaster.petalsearch.com/site/petalbot)"
114.119.143.82 - - [15/May/2022:21:47:44 +0200] "GET /spez_leistungen.php HTTP/1.1" 200 7752 "http://www.zahnmedizin-im-alter.de/praxis.php" "Mozilla/5.0 (Linux; Android 7.0;) AppleWebKit/537.36 (KHTML, like Gecko) Mobile Safari/537.36 (compatible; PetalBot;+https://webmaster.petalsearch.com/site/petalbot)"
66.249.66.70 - - [15/May/2022:22:54:58 +0200] "GET / HTTP/1.1" 200 9626 "-" "Mozilla/5.0 (Linux; Android 6.0.1; Nexus 5X Build/MMB29P) AppleWebKit/537.36 (KHTML, like Gecko) Chrome/101.0.4951.64 Mobile Safari/537.36 (compatible; Googlebot/2.1; +http://www.google.com/bot.html)"
62.138.2.14 - - [15/May/2022:23:35:02 +0200] "GET / HTTP/1.1" 200 9626 "-" "SEO Scanner/1.2.4 (SEO Crawler; seoscanners.info; info@seoscanners.info)"
66.249.66.70 - - [15/May/2022:23:39:57 +0200] "GET / HTTP/1.1" 200 9626 "-" "Mozilla/5.0 (Linux; Android 6.0.1; Nexus 5X Build/MMB29P) AppleWebKit/537.36 (KHTML, like Gecko) Chrome/101.0.4951.64 Mobile Safari/537.36 (compatible; Googlebot/2.1; +http://www.google.com/bot.html)"
62.138.2.14 - - [15/May/2022:23:42:23 +0200] "GET /spez_leistungen.php HTTP/1.1" 200 7752 "-" "SEO Scanner/1.2.4 (SEO Crawler; seoscanners.info; info@seoscanners.info)"
62.138.2.14 - - [15/May/2022:23:45:41 +0200] "GET /praxis.php HTTP/1.1" 200 7017 "-" "SEO Scanner/1.2.4 (SEO Crawler; seoscanners.info; info@seoscanners.info)"
62.138.2.14 - - [15/May/2022:23:49:27 +0200] "GET /leistungen.php HTTP/1.1" 200 8056 "-" "SEO Scanner/1.2.4 (SEO Crawler; seoscanners.info; info@seoscanners.info)"
62.138.2.14 - - [15/May/2022:23:51:31 +0200] "GET /impressum.php HTTP/1.1" 200 8293 "-" "SEO Scanner/1.2.4 (SEO Crawler; seoscanners.info; info@seoscanners.info)"
62.138.2.14 - - [15/May/2022:23:55:17 +0200] "GET /anfahrt.php HTTP/1.1" 200 8074 "-" "SEO Scanner/1.2.4 (SEO Crawler; seoscanners.info; info@seoscanners.info)"
62.138.2.14 - - [15/May/2022:23:58:34 +0200] "GET /index.php HTTP/1.1" 200 9626 "-" "SEO Scanner/1.2.4 (SEO Crawler; seoscanners.info; info@seoscanners.info)"
54.36.148.119 - - [16/May/2022:00:04:57 +0200] "GET /praxis.php HTTP/1.1" 200 7017 "-" "Mozilla/5.0 (compatible; AhrefsBot/7.0; +http://ahrefs.com/robot/)"
62.138.2.14 - - [16/May/2022:00:06:35 +0200] "GET /kont.php HTTP/1.1" 200 8494 "-" "SEO Scanner/1.2.4 (SEO Crawler; seoscanners.info; info@seoscanners.info)"
62.138.2.14 - - [16/May/2022:00:14:26 +0200] "GET / HTTP/1.1" 200 9626 "-" "SEO Scanner/1.2.4 (SEO Crawler; seoscanners.info; info@seoscanners.info)"
42.236.10.81 - - [16/May/2022:00:49:15 +0200] "GET / HTTP/1.1" 200 9626 "http://www.dr-heidi-fleischer.de/" "Mozilla/5.0 (Windows NT 6.1; WOW64) AppleWebKit/537.36 (KHTML, like Gecko) Chrome/50.0.2661.102 Safari/537.36; 360Spider"
42.236.10.83 - - [16/May/2022:00:50:23 +0200] "GET /index.php HTTP/1.1" 200 9626 "http://www.dr-heidi-fleischer.de/index.php" "Mozilla/5.0 (Windows NT 6.1; WOW64) AppleWebKit/537.36 (KHTML, like Gecko) Chrome/50.0.2661.102 Safari/537.36; 360Spider"
66.249.66.68 - - [16/May/2022:01:36:39 +0200] "GET / HTTP/1.1" 200 9626 "-" "Mozilla/5.0 (compatible; Googlebot/2.1; +http://www.google.com/bot.html)"
5.104.177.188 - - [16/May/2022:01:37:16 +0200] "GET / HTTP/1.1" 200 9626 "-" "Mozilla/5.0 (Windows NT 6.1) AppleWebKit/537.36 (KHTML, like Gecko) Chrome/63.0.3239.132 YaBrowser/18.2.1.174 Yowser/2.5 Safari/537.36"
5.104.177.188 - - [16/May/2022:01:37:16 +0200] "GET /kont.php HTTP/1.1" 200 8494 "http://www.zahnmedizin-im-alter.de" "Mozilla/5.0 (Windows NT 6.1) AppleWebKit/537.36 (KHTML, like Gecko) Chrome/63.0.3239.132 YaBrowser/18.2.1.174 Yowser/2.5 Safari/537.36"
5.104.177.188 - - [16/May/2022:01:37:16 +0200] "GET /impressum.php HTTP/1.1" 200 8293 "http://www.zahnmedizin-im-alter.de" "Mozilla/5.0 (Windows NT 6.1) AppleWebKit/537.36 (KHTML, like Gecko) Chrome/63.0.3239.132 YaBrowser/18.2.1.174 Yowser/2.5 Safari/537.36"
66.249.66.72 - - [16/May/2022:01:51:38 +0200] "GET / HTTP/1.1" 200 9626 "-" "Mozilla/5.0 (compatible; Googlebot/2.1; +http://www.google.com/bot.html)"
114.119.138.36 - - [16/May/2022:06:44:50 +0200] "GET / HTTP/1.1" 200 9626 "-" "Mozilla/5.0 (Linux; Android 7.0;) AppleWebKit/537.36 (KHTML, like Gecko) Mobile Safari/537.36 (compatible; PetalBot;+https://webmaster.petalsearch.com/site/petalbot)"
52.226.227.211 - - [16/May/2022:07:32:20 +0200] "GET /img/lay06neu.gif HTTP/1.1" 200 583 "-" "Mozilla/5.0 (Windows NT 10.0; Win64; x64) AppleWebKit/537.36 (KHTML, like Gecko) Chrome/76.0.3809.100 Safari/537.36"
