87.138.211.71 - - [23/May/2022:13:10:46 +0200] "GET /img/right_bg.jpg HTTP/1.1" 404 1256 "http://www.dr-heidi-fleischer.de/index.php" "Mozilla/5.0 (Windows NT 10.0; Win64; x64) AppleWebKit/537.36 (KHTML, like Gecko) Chrome/101.0.4951.64 Safari/537.36 Edg/101.0.1210.53"
87.138.211.71 - - [23/May/2022:13:10:47 +0200] "GET /leistungen.php HTTP/1.1" 200 8056 "http://www.dr-heidi-fleischer.de/index.php" "Mozilla/5.0 (Windows NT 10.0; Win64; x64) AppleWebKit/537.36 (KHTML, like Gecko) Chrome/101.0.4951.64 Safari/537.36 Edg/101.0.1210.53"
87.138.211.71 - - [23/May/2022:13:10:55 +0200] "GET /spez_leistungen.php HTTP/1.1" 200 7752 "http://www.dr-heidi-fleischer.de/leistungen.php" "Mozilla/5.0 (Windows NT 10.0; Win64; x64) AppleWebKit/537.36 (KHTML, like Gecko) Chrome/101.0.4951.64 Safari/537.36 Edg/101.0.1210.53"
87.138.211.71 - - [23/May/2022:13:11:52 +0200] "GET / HTTP/1.1" 200 9626 "https://www.bing.com/" "Mozilla/5.0 (Windows NT 10.0; Win64; x64) AppleWebKit/537.36 (KHTML, like Gecko) Chrome/101.0.4951.64 Safari/537.36 Edg/101.0.1210.53"
87.138.211.71 - - [23/May/2022:13:11:52 +0200] "GET /img/right_bg.jpg HTTP/1.1" 404 1256 "http://www.dr-heidi-fleischer.de/" "Mozilla/5.0 (Windows NT 10.0; Win64; x64) AppleWebKit/537.36 (KHTML, like Gecko) Chrome/101.0.4951.64 Safari/537.36 Edg/101.0.1210.53"
87.138.211.71 - - [23/May/2022:13:12:20 +0200] "GET /spez_leistungen.php HTTP/1.1" 200 7752 "http://www.dr-heidi-fleischer.de/" "Mozilla/5.0 (Windows NT 10.0; Win64; x64) AppleWebKit/537.36 (KHTML, like Gecko) Chrome/101.0.4951.64 Safari/537.36 Edg/101.0.1210.53"
87.138.211.71 - - [23/May/2022:13:14:20 +0200] "GET /spez_leistungen.php HTTP/1.1" 200 7752 "http://www.dr-heidi-fleischer.de/" "Mozilla/5.0 (Windows NT 10.0; Win64; x64) AppleWebKit/537.36 (KHTML, like Gecko) Chrome/101.0.4951.64 Safari/537.36 Edg/101.0.1210.53"
157.55.39.149 - - [23/May/2022:13:41:30 +0200] "GET /robots.txt HTTP/1.1" 200 218 "-" "Mozilla/5.0 (compatible; bingbot/2.0; +http://www.bing.com/bingbot.htm)"
157.55.39.142 - - [23/May/2022:13:41:38 +0200] "GET /leistungen.php HTTP/1.1" 200 8056 "-" "Mozilla/5.0 (compatible; bingbot/2.0; +http://www.bing.com/bingbot.htm)"
62.138.2.14 - - [23/May/2022:14:20:56 +0200] "GET /robots.txt HTTP/1.1" 200 218 "-" "SEO Scanner/1.2.4 (SEO Crawler; seoscanners.info; info@seoscanners.info)"
62.138.2.14 - - [23/May/2022:14:20:56 +0200] "GET / HTTP/1.1" 200 9626 "-" "SEO Scanner/1.2.4 (SEO Crawler; seoscanners.info; info@seoscanners.info)"
66.249.64.25 - - [23/May/2022:14:29:24 +0200] "GET /robots.txt HTTP/1.1" 200 218 "-" "Mozilla/5.0 (compatible; Googlebot/2.1; +http://www.google.com/bot.html)"
66.249.64.25 - - [23/May/2022:14:29:24 +0200] "GET /index.php HTTP/1.1" 200 9626 "-" "Mozilla/5.0 (Linux; Android 6.0.1; Nexus 5X Build/MMB29P) AppleWebKit/537.36 (KHTML, like Gecko) Chrome/101.0.4951.64 Mobile Safari/537.36 (compatible; Googlebot/2.1; +http://www.google.com/bot.html)"
62.138.2.14 - - [23/May/2022:14:34:33 +0200] "GET /praxis.php HTTP/1.1" 200 7017 "-" "SEO Scanner/1.2.4 (SEO Crawler; seoscanners.info; info@seoscanners.info)"
62.138.2.14 - - [23/May/2022:14:57:00 +0200] "GET /kont.php HTTP/1.1" 200 8494 "-" "SEO Scanner/1.2.4 (SEO Crawler; seoscanners.info; info@seoscanners.info)"
62.138.2.14 - - [23/May/2022:15:01:52 +0200] "GET /impressum.php HTTP/1.1" 200 8293 "-" "SEO Scanner/1.2.4 (SEO Crawler; seoscanners.info; info@seoscanners.info)"
62.138.2.14 - - [23/May/2022:15:10:16 +0200] "GET / HTTP/1.1" 200 9626 "-" "SEO Scanner/1.2.4 (SEO Crawler; seoscanners.info; info@seoscanners.info)"
62.138.2.14 - - [23/May/2022:15:12:02 +0200] "GET /leistungen.php HTTP/1.1" 200 8056 "-" "SEO Scanner/1.2.4 (SEO Crawler; seoscanners.info; info@seoscanners.info)"
62.138.2.14 - - [23/May/2022:15:15:18 +0200] "GET /spez_leistungen.php HTTP/1.1" 200 7752 "-" "SEO Scanner/1.2.4 (SEO Crawler; seoscanners.info; info@seoscanners.info)"
62.138.2.14 - - [23/May/2022:15:23:27 +0200] "GET /anfahrt.php HTTP/1.1" 200 8074 "-" "SEO Scanner/1.2.4 (SEO Crawler; seoscanners.info; info@seoscanners.info)"
20.191.45.212 - - [23/May/2022:15:26:11 +0200] "GET / HTTP/1.1" 200 9626 "http://www.dr-heidi-fleischer.de/" "Mozilla/5.0 (compatible; DuckDuckGo-Favicons-Bot/1.0; +http://duckduckgo.com)"
20.191.45.212 - - [23/May/2022:15:26:11 +0200] "GET /img/favicon.ico HTTP/1.1" 200 5430 "http://www.dr-heidi-fleischer.de/img/favicon.ico" "Mozilla/5.0 (compatible; DuckDuckGo-Favicons-Bot/1.0; +http://duckduckgo.com)"
62.138.2.14 - - [23/May/2022:15:26:38 +0200] "GET /index.php HTTP/1.1" 200 9626 "-" "SEO Scanner/1.2.4 (SEO Crawler; seoscanners.info; info@seoscanners.info)"
51.222.253.11 - - [23/May/2022:15:30:31 +0200] "GET /robots.txt HTTP/1.1" 200 218 "-" "Mozilla/5.0 (compatible; AhrefsBot/7.0; +http://ahrefs.com/robot/)"
54.36.148.119 - - [23/May/2022:15:43:54 +0200] "GET /leistungen.php HTTP/1.1" 200 8056 "-" "Mozilla/5.0 (compatible; AhrefsBot/7.0; +http://ahrefs.com/robot/)"
114.119.147.213 - - [23/May/2022:17:04:24 +0200] "GET /robots.txt HTTP/1.1" 200 218 "-" "Mozilla/5.0 (compatible;PetalBot;+https://webmaster.petalsearch.com/site/petalbot)"
136.243.83.42 - - [23/May/2022:18:46:59 +0200] "GET /robots.txt HTTP/1.1" 200 218 "-" "Mozilla/5.0 (compatible; MetaJobBot; https://www.metajob.de/crawler)"
136.243.83.42 - - [23/May/2022:18:46:59 +0200] "GET / HTTP/1.1" 200 9626 "-" "Mozilla/5.0 (compatible; MetaJobBot; https://www.metajob.de/crawler)"
114.119.132.28 - - [23/May/2022:19:08:45 +0200] "GET /robots.txt HTTP/1.1" 200 218 "-" "Mozilla/5.0 (compatible;PetalBot;+https://webmaster.petalsearch.com/site/petalbot)"
54.36.148.119 - - [23/May/2022:22:27:46 +0200] "GET / HTTP/1.1" 200 9626 "-" "Mozilla/5.0 (compatible; AhrefsBot/7.0; +http://ahrefs.com/robot/)"
35.231.62.194 - - [24/May/2022:00:12:06 +0200] "GET /robots.txt HTTP/1.0" 200 218 "-" "ZoominfoBot (zoominfobot at zoominfo dot com)"
35.231.62.194 - - [24/May/2022:00:12:06 +0200] "GET / HTTP/1.0" 200 9626 "-" "ZoominfoBot (zoominfobot at zoominfo dot com)"
54.36.148.119 - - [24/May/2022:00:17:51 +0200] "GET /index.php HTTP/1.1" 200 9626 "-" "Mozilla/5.0 (compatible; AhrefsBot/7.0; +http://ahrefs.com/robot/)"
35.229.38.198 - - [24/May/2022:00:26:37 +0200] "GET /robots.txt HTTP/1.0" 200 218 "-" "ZoominfoBot (zoominfobot at zoominfo dot com)"
35.229.38.198 - - [24/May/2022:00:26:37 +0200] "GET /kont.php HTTP/1.0" 200 8494 "-" "ZoominfoBot (zoominfobot at zoominfo dot com)"
35.229.38.198 - - [24/May/2022:00:26:39 +0200] "GET /leistungen.php HTTP/1.0" 200 8056 "-" "ZoominfoBot (zoominfobot at zoominfo dot com)"
35.229.38.198 - - [24/May/2022:00:27:43 +0200] "GET /index.php HTTP/1.0" 200 9626 "-" "ZoominfoBot (zoominfobot at zoominfo dot com)"
35.229.38.198 - - [24/May/2022:00:28:58 +0200] "GET /impressum.php HTTP/1.0" 200 8293 "-" "ZoominfoBot (zoominfobot at zoominfo dot com)"
35.229.38.198 - - [24/May/2022:00:29:23 +0200] "GET /praxis.php HTTP/1.0" 200 7017 "-" "ZoominfoBot (zoominfobot at zoominfo dot com)"
35.229.38.198 - - [24/May/2022:00:29:47 +0200] "GET /anfahrt.php HTTP/1.0" 200 8074 "-" "ZoominfoBot (zoominfobot at zoominfo dot com)"
35.229.38.198 - - [24/May/2022:00:30:18 +0200] "GET /spez_leistungen.php HTTP/1.0" 200 7752 "-" "ZoominfoBot (zoominfobot at zoominfo dot com)"
114.119.143.68 - - [24/May/2022:00:48:55 +0200] "GET /index.php HTTP/1.1" 200 9626 "http://www.zahnmedizin-im-alter.de/kont.php" "Mozilla/5.0 (Linux; Android 7.0;) AppleWebKit/537.36 (KHTML, like Gecko) Mobile Safari/537.36 (compatible; PetalBot;+https://webmaster.petalsearch.com/site/petalbot)"
54.36.148.119 - - [24/May/2022:03:07:26 +0200] "GET /impressum.php HTTP/1.1" 200 8293 "-" "Mozilla/5.0 (compatible; AhrefsBot/7.0; +http://ahrefs.com/robot/)"
54.36.148.15 - - [24/May/2022:03:07:35 +0200] "GET /img/roll_trans2.gif HTTP/1.1" 200 609 "-" "Mozilla/5.0 (compatible; AhrefsBot/7.0; +http://ahrefs.com/robot/)"
54.36.148.228 - - [24/May/2022:03:07:35 +0200] "GET /img/animated_favicon1.gif HTTP/1.1" 200 1808 "-" "Mozilla/5.0 (compatible; AhrefsBot/7.0; +http://ahrefs.com/robot/)"
54.36.149.88 - - [24/May/2022:03:07:36 +0200] "GET /img/lay01.gif HTTP/1.1" 200 273 "-" "Mozilla/5.0 (compatible; AhrefsBot/7.0; +http://ahrefs.com/robot/)"
54.36.148.103 - - [24/May/2022:03:07:37 +0200] "GET /img/lay07.gif HTTP/1.1" 200 453 "-" "Mozilla/5.0 (compatible; AhrefsBot/7.0; +http://ahrefs.com/robot/)"
54.36.148.130 - - [24/May/2022:03:07:37 +0200] "GET /img/spez_leistungen_2.jpg HTTP/1.1" 200 13667 "-" "Mozilla/5.0 (compatible; AhrefsBot/7.0; +http://ahrefs.com/robot/)"
54.36.148.34 - - [24/May/2022:03:07:41 +0200] "GET /img/roll_trans.gif HTTP/1.1" 200 609 "-" "Mozilla/5.0 (compatible; AhrefsBot/7.0; +http://ahrefs.com/robot/)"
54.36.149.76 - - [24/May/2022:03:07:41 +0200] "GET /img/f_1-p.gif HTTP/1.1" 200 43 "-" "Mozilla/5.0 (compatible; AhrefsBot/7.0; +http://ahrefs.com/robot/)"
54.36.148.184 - - [24/May/2022:03:07:42 +0200] "GET /img/tel_footer.gif HTTP/1.1" 200 1051 "-" "Mozilla/5.0 (compatible; AhrefsBot/7.0; +http://ahrefs.com/robot/)"
54.36.148.152 - - [24/May/2022:03:07:42 +0200] "GET /img/lay13.gif HTTP/1.1" 200 181 "-" "Mozilla/5.0 (compatible; AhrefsBot/7.0; +http://ahrefs.com/robot/)"
54.36.149.72 - - [24/May/2022:03:07:43 +0200] "GET /css/fl_style.css HTTP/1.1" 200 10194 "-" "Mozilla/5.0 (compatible; AhrefsBot/7.0; +http://ahrefs.com/robot/)"
54.36.149.67 - - [24/May/2022:03:07:44 +0200] "GET /img/lay14.gif HTTP/1.1" 200 104 "-" "Mozilla/5.0 (compatible; AhrefsBot/7.0; +http://ahrefs.com/robot/)"
54.36.148.75 - - [24/May/2022:03:07:45 +0200] "GET /img/zert_1gross.jpg HTTP/1.1" 200 22004 "-" "Mozilla/5.0 (compatible; AhrefsBot/7.0; +http://ahrefs.com/robot/)"
54.36.148.181 - - [24/May/2022:03:07:45 +0200] "GET /img/lay16.gif HTTP/1.1" 200 309 "-" "Mozilla/5.0 (compatible; AhrefsBot/7.0; +http://ahrefs.com/robot/)"
54.36.148.192 - - [24/May/2022:03:07:46 +0200] "GET /img/lay09.gif HTTP/1.1" 200 135 "-" "Mozilla/5.0 (compatible; AhrefsBot/7.0; +http://ahrefs.com/robot/)"
54.36.149.91 - - [24/May/2022:03:07:46 +0200] "GET /img/lay06neu.gif HTTP/1.1" 200 583 "-" "Mozilla/5.0 (compatible; AhrefsBot/7.0; +http://ahrefs.com/robot/)"
91.20.189.171 - - [24/May/2022:04:05:21 +0200] "GET / HTTP/1.1" 200 9626 "-" "Mozilla/5.0 (Windows NT 10.0; Win64; x64; rv:88.0) Gecko/20100101 Firefox/88.0"
66.249.70.24 - - [24/May/2022:05:22:20 +0200] "GET /robots.txt HTTP/1.1" 200 218 "-" "Mozilla/5.0 (compatible; Googlebot/2.1; +http://www.google.com/bot.html)"
66.249.70.26 - - [24/May/2022:05:22:20 +0200] "GET / HTTP/1.1" 200 9626 "-" "Mozilla/5.0 (Linux; Android 6.0.1; Nexus 5X Build/MMB29P) AppleWebKit/537.36 (KHTML, like Gecko) Chrome/101.0.4951.64 Mobile Safari/537.36 (compatible; Googlebot/2.1; +http://www.google.com/bot.html)"
66.249.70.26 - - [24/May/2022:06:07:20 +0200] "GET / HTTP/1.1" 200 9626 "-" "Mozilla/5.0 (Linux; Android 6.0.1; Nexus 5X Build/MMB29P) AppleWebKit/537.36 (KHTML, like Gecko) Chrome/101.0.4951.64 Mobile Safari/537.36 (compatible; Googlebot/2.1; +http://www.google.com/bot.html)"
178.63.67.38 - - [24/May/2022:06:31:31 +0200] "GET / HTTP/1.1" 200 9626 "-" "crawler_eb_germany_2.0"
178.63.67.38 - - [24/May/2022:06:31:34 +0200] "GET /impressum.php HTTP/1.1" 200 8293 "-" "crawler_eb_germany_2.0"
178.63.67.38 - - [24/May/2022:06:31:37 +0200] "GET /index.php HTTP/1.1" 200 9626 "-" "crawler_eb_germany_2.0"
178.63.67.38 - - [24/May/2022:06:31:38 +0200] "GET /praxis.php HTTP/1.1" 200 7017 "-" "crawler_eb_germany_2.0"
178.63.67.38 - - [24/May/2022:06:31:39 +0200] "GET /leistungen.php HTTP/1.1" 200 8056 "-" "crawler_eb_germany_2.0"
178.63.67.38 - - [24/May/2022:06:31:40 +0200] "GET /spez_leistungen.php HTTP/1.1" 200 7752 "-" "crawler_eb_germany_2.0"
178.63.67.38 - - [24/May/2022:06:31:42 +0200] "GET /kont.php HTTP/1.1" 200 8494 "-" "crawler_eb_germany_2.0"
178.63.67.38 - - [24/May/2022:06:31:43 +0200] "GET /anfahrt.php HTTP/1.1" 200 8074 "-" "crawler_eb_germany_2.0"
15.223.42.9 - - [24/May/2022:07:21:59 +0200] "GET / HTTP/1.1" 200 9626 "-" "Mozilla/5.0 (Windows NT 10.0; Win64; x64; rv:91.0) Gecko/20100101 Firefox/91.0"
66.249.70.24 - - [24/May/2022:09:16:18 +0200] "GET /impressum.php HTTP/1.1" 200 8293 "-" "Mozilla/5.0 (compatible; Googlebot/2.1; +http://www.google.com/bot.html)"
144.76.162.206 - - [24/May/2022:13:27:10 +0200] "GET /impressum.php HTTP/1.1" 200 8293 "-" "Mozilla/5.0 (Macintosh; Intel Mac OS X 11_1_0) AppleWebKit/537.36 (KHTML, like Gecko) Chrome/87.0.4280.88 Safari/537.36"
144.76.162.206 - - [24/May/2022:13:27:10 +0200] "GET /kont.php HTTP/1.1" 200 8494 "-" "Mozilla/5.0 (Windows NT 10.0; Win64; x64) AppleWebKit/537.36 (KHTML, like Gecko) Chrome/87.0.4280.67 Safari/537.36 Edg/87.0.664.55"
144.76.162.206 - - [24/May/2022:13:27:13 +0200] "GET / HTTP/1.1" 200 9626 "-" "Mozilla/5.0 (Windows NT 10.0; Win64; x64) AppleWebKit/537.36 (KHTML, like Gecko) Chrome/87.0.4280.88 Safari/537.36 Edg/87.0.664.60"
144.76.162.206 - - [24/May/2022:13:27:16 +0200] "GET /anfahrt.php HTTP/1.1" 200 8074 "-" "Mozilla/5.0 (Windows NT 10.0; Win64; x64) AppleWebKit/537.36 (KHTML, like Gecko) Chrome/86.0.4240.198 Safari/537.36 OPR/72.0.3815.400"
144.76.162.206 - - [24/May/2022:13:27:16 +0200] "GET /praxis.php HTTP/1.1" 200 7017 "-" "Mozilla/5.0 (Windows NT 10.0; Win64; x64) AppleWebKit/537.36 (KHTML, like Gecko) Chrome/76.0.3809.100 Safari/537.36"
144.76.162.206 - - [24/May/2022:13:27:16 +0200] "GET /index.php HTTP/1.1" 200 9626 "-" "Mozilla/5.0 (Windows NT 10.0; Win64; x64) AppleWebKit/537.36 (KHTML, like Gecko) Chrome/86.0.4240.198 Safari/537.36 Edg/86.0.622.69"
144.76.162.206 - - [24/May/2022:13:27:16 +0200] "GET /leistungen.php HTTP/1.1" 200 8056 "-" "Mozilla/5.0 (Macintosh; Intel Mac OS X 10_15_7) AppleWebKit/537.36 (KHTML, like Gecko) Chrome/87.0.4280.88 Safari/537.36"
144.76.162.206 - - [24/May/2022:13:27:16 +0200] "GET /spez_leistungen.php HTTP/1.1" 200 7752 "-" "Mozilla/5.0 (Macintosh; Intel Mac OS X 10_15_4) AppleWebKit/605.1.15 (KHTML, like Gecko) Version/13.1 Safari/605.1.15"
62.138.3.52 - - [24/May/2022:13:30:36 +0200] "GET /robots.txt HTTP/1.1" 200 218 "-" "SEO Scanner/1.2.4 (SEO Crawler; seoscanners.info; info@seoscanners.info)"
62.138.3.52 - - [24/May/2022:13:30:36 +0200] "GET / HTTP/1.1" 200 9626 "-" "SEO Scanner/1.2.4 (SEO Crawler; seoscanners.info; info@seoscanners.info)"
62.138.3.52 - - [24/May/2022:14:42:08 +0200] "GET /kont.php HTTP/1.1" 200 8494 "-" "SEO Scanner/1.2.4 (SEO Crawler; seoscanners.info; info@seoscanners.info)"
62.138.3.52 - - [24/May/2022:14:50:17 +0200] "GET /leistungen.php HTTP/1.1" 200 8056 "-" "SEO Scanner/1.2.4 (SEO Crawler; seoscanners.info; info@seoscanners.info)"
62.138.3.52 - - [24/May/2022:14:51:40 +0200] "GET /spez_leistungen.php HTTP/1.1" 200 7752 "-" "SEO Scanner/1.2.4 (SEO Crawler; seoscanners.info; info@seoscanners.info)"
62.138.3.52 - - [24/May/2022:15:02:40 +0200] "GET /impressum.php HTTP/1.1" 200 8293 "-" "SEO Scanner/1.2.4 (SEO Crawler; seoscanners.info; info@seoscanners.info)"
62.138.3.52 - - [24/May/2022:15:09:26 +0200] "GET /anfahrt.php HTTP/1.1" 200 8074 "-" "SEO Scanner/1.2.4 (SEO Crawler; seoscanners.info; info@seoscanners.info)"
54.36.148.25 - - [24/May/2022:15:12:35 +0200] "GET /robots.txt HTTP/1.1" 200 218 "-" "Mozilla/5.0 (compatible; AhrefsBot/7.0; +http://ahrefs.com/robot/)"
54.36.148.188 - - [24/May/2022:15:12:36 +0200] "GET / HTTP/1.1" 200 9626 "-" "Mozilla/5.0 (compatible; AhrefsBot/7.0; +http://ahrefs.com/robot/)"
62.138.3.52 - - [24/May/2022:15:17:39 +0200] "GET /index.php HTTP/1.1" 200 9626 "-" "SEO Scanner/1.2.4 (SEO Crawler; seoscanners.info; info@seoscanners.info)"
62.138.3.52 - - [24/May/2022:15:30:03 +0200] "GET /praxis.php HTTP/1.1" 200 7017 "-" "SEO Scanner/1.2.4 (SEO Crawler; seoscanners.info; info@seoscanners.info)"
62.138.3.52 - - [24/May/2022:15:50:54 +0200] "GET / HTTP/1.1" 200 9626 "-" "SEO Scanner/1.2.4 (SEO Crawler; seoscanners.info; info@seoscanners.info)"
66.249.79.159 - - [24/May/2022:16:16:51 +0200] "GET / HTTP/1.1" 200 9626 "-" "Mozilla/5.0 (Linux; Android 6.0.1; Nexus 5X Build/MMB29P) AppleWebKit/537.36 (KHTML, like Gecko) Chrome/101.0.4951.64 Mobile Safari/537.36 (compatible; Googlebot/2.1; +http://www.google.com/bot.html)"
123.125.109.100 - - [24/May/2022:16:29:32 +0200] "GET /robots.txt HTTP/1.1" 200 218 "-" "Sogou web spider/4.0(+http://www.sogou.com/docs/help/webmasters.htm#07)"
123.125.109.100 - - [24/May/2022:16:31:52 +0200] "GET /robots.txt HTTP/1.1" 200 218 "-" "Sogou web spider/4.0(+http://www.sogou.com/docs/help/webmasters.htm#07)"
123.125.109.100 - - [24/May/2022:16:33:12 +0200] "GET /robots.txt HTTP/1.1" 200 218 "-" "Sogou web spider/4.0(+http://www.sogou.com/docs/help/webmasters.htm#07)"
123.125.109.100 - - [24/May/2022:16:34:48 +0200] "GET /robots.txt HTTP/1.1" 200 218 "-" "Sogou web spider/4.0(+http://www.sogou.com/docs/help/webmasters.htm#07)"
123.125.109.100 - - [24/May/2022:16:35:52 +0200] "GET /robots.txt HTTP/1.1" 200 218 "-" "Sogou web spider/4.0(+http://www.sogou.com/docs/help/webmasters.htm#07)"
123.125.109.100 - - [24/May/2022:16:38:00 +0200] "GET /robots.txt HTTP/1.1" 200 218 "-" "Sogou web spider/4.0(+http://www.sogou.com/docs/help/webmasters.htm#07)"
123.125.109.100 - - [24/May/2022:16:42:16 +0200] "GET /robots.txt HTTP/1.1" 200 218 "-" "Sogou web spider/4.0(+http://www.sogou.com/docs/help/webmasters.htm#07)"
123.125.109.100 - - [24/May/2022:16:50:48 +0200] "GET /robots.txt HTTP/1.1" 200 218 "-" "Sogou web spider/4.0(+http://www.sogou.com/docs/help/webmasters.htm#07)"
123.125.109.100 - - [24/May/2022:17:07:52 +0200] "GET /robots.txt HTTP/1.1" 200 218 "-" "Sogou web spider/4.0(+http://www.sogou.com/docs/help/webmasters.htm#07)"
66.249.79.158 - - [24/May/2022:17:11:53 +0200] "GET / HTTP/1.1" 200 9626 "-" "Mozilla/5.0 (Linux; Android 6.0.1; Nexus 5X Build/MMB29P) AppleWebKit/537.36 (KHTML, like Gecko) Chrome/101.0.4951.64 Mobile Safari/537.36 (compatible; Googlebot/2.1; +http://www.google.com/bot.html)"
123.125.109.100 - - [24/May/2022:17:27:52 +0200] "GET /robots.txt HTTP/1.1" 200 218 "-" "Sogou web spider/4.0(+http://www.sogou.com/docs/help/webmasters.htm#07)"
123.125.109.100 - - [24/May/2022:17:47:52 +0200] "GET /robots.txt HTTP/1.1" 200 218 "-" "Sogou web spider/4.0(+http://www.sogou.com/docs/help/webmasters.htm#07)"
123.125.109.100 - - [24/May/2022:18:07:52 +0200] "GET /robots.txt HTTP/1.1" 200 218 "-" "Sogou web spider/4.0(+http://www.sogou.com/docs/help/webmasters.htm#07)"
123.125.109.100 - - [24/May/2022:18:27:52 +0200] "GET /robots.txt HTTP/1.1" 200 218 "-" "Sogou web spider/4.0(+http://www.sogou.com/docs/help/webmasters.htm#07)"
123.125.109.100 - - [24/May/2022:18:47:52 +0200] "GET /robots.txt HTTP/1.1" 200 218 "-" "Sogou web spider/4.0(+http://www.sogou.com/docs/help/webmasters.htm#07)"
123.125.109.100 - - [24/May/2022:19:07:52 +0200] "GET /robots.txt HTTP/1.1" 200 218 "-" "Sogou web spider/4.0(+http://www.sogou.com/docs/help/webmasters.htm#07)"
123.125.109.100 - - [24/May/2022:19:27:52 +0200] "GET /robots.txt HTTP/1.1" 200 218 "-" "Sogou web spider/4.0(+http://www.sogou.com/docs/help/webmasters.htm#07)"
123.125.109.100 - - [24/May/2022:19:47:52 +0200] "GET /robots.txt HTTP/1.1" 200 218 "-" "Sogou web spider/4.0(+http://www.sogou.com/docs/help/webmasters.htm#07)"
114.119.156.56 - - [24/May/2022:20:00:29 +0200] "GET /robots.txt HTTP/1.1" 200 218 "-" "Mozilla/5.0 (compatible;PetalBot;+https://webmaster.petalsearch.com/site/petalbot)"
123.125.109.100 - - [24/May/2022:20:07:52 +0200] "GET /robots.txt HTTP/1.1" 200 218 "-" "Sogou web spider/4.0(+http://www.sogou.com/docs/help/webmasters.htm#07)"
123.125.109.100 - - [24/May/2022:20:27:52 +0200] "GET /robots.txt HTTP/1.1" 200 218 "-" "Sogou web spider/4.0(+http://www.sogou.com/docs/help/webmasters.htm#07)"
66.249.79.159 - - [24/May/2022:20:39:51 +0200] "GET /index.php HTTP/1.1" 200 9626 "-" "Mozilla/5.0 (Linux; Android 6.0.1; Nexus 5X Build/MMB29P) AppleWebKit/537.36 (KHTML, like Gecko) Chrome/101.0.4951.64 Mobile Safari/537.36 (compatible; Googlebot/2.1; +http://www.google.com/bot.html)"
66.249.68.93 - - [24/May/2022:20:39:52 +0200] "GET /robots.txt HTTP/1.1" 200 218 "-" "Mozilla/5.0 (compatible; Googlebot/2.1; +http://www.google.com/bot.html)"
66.249.68.95 - - [24/May/2022:20:39:52 +0200] "GET / HTTP/1.1" 200 9626 "-" "Mozilla/5.0 (Linux; Android 6.0.1; Nexus 5X Build/MMB29P) AppleWebKit/537.36 (KHTML, like Gecko) Chrome/101.0.4951.64 Mobile Safari/537.36 (compatible; Googlebot/2.1; +http://www.google.com/bot.html)"
123.125.109.100 - - [24/May/2022:20:47:52 +0200] "GET /robots.txt HTTP/1.1" 200 218 "-" "Sogou web spider/4.0(+http://www.sogou.com/docs/help/webmasters.htm#07)"
154.54.249.205 - - [24/May/2022:21:05:19 +0200] "GET /robots.txt HTTP/1.1" 200 218 "-" "Mozilla/5.0 (compatible; Barkrowler/0.9; +https://babbar.tech/crawler)"
154.54.249.205 - - [24/May/2022:21:05:34 +0200] "GET / HTTP/1.1" 200 9626 "-" "Mozilla/5.0 (compatible; Barkrowler/0.9; +https://babbar.tech/crawler)"
154.54.249.205 - - [24/May/2022:21:05:49 +0200] "GET /robots.txt HTTP/1.1" 200 218 "-" "Mozilla/5.0 (compatible; Barkrowler/0.9; +https://babbar.tech/crawler)"
154.54.249.205 - - [24/May/2022:21:06:04 +0200] "GET /index.php HTTP/1.1" 200 9626 "-" "Mozilla/5.0 (compatible; Barkrowler/0.9; +https://babbar.tech/crawler)"
154.54.249.205 - - [24/May/2022:21:06:19 +0200] "GET /anfahrt.php HTTP/1.1" 200 8074 "-" "Mozilla/5.0 (compatible; Barkrowler/0.9; +https://babbar.tech/crawler)"
154.54.249.205 - - [24/May/2022:21:06:34 +0200] "GET /kont.php HTTP/1.1" 200 8494 "-" "Mozilla/5.0 (compatible; Barkrowler/0.9; +https://babbar.tech/crawler)"
154.54.249.205 - - [24/May/2022:21:06:50 +0200] "GET /impressum.php HTTP/1.1" 200 8293 "-" "Mozilla/5.0 (compatible; Barkrowler/0.9; +https://babbar.tech/crawler)"
154.54.249.205 - - [24/May/2022:21:07:05 +0200] "GET /leistungen.php HTTP/1.1" 200 8056 "-" "Mozilla/5.0 (compatible; Barkrowler/0.9; +https://babbar.tech/crawler)"
154.54.249.205 - - [24/May/2022:21:07:20 +0200] "GET /praxis.php HTTP/1.1" 200 7017 "-" "Mozilla/5.0 (compatible; Barkrowler/0.9; +https://babbar.tech/crawler)"
154.54.249.205 - - [24/May/2022:21:07:36 +0200] "GET /spez_leistungen.php HTTP/1.1" 200 7752 "-" "Mozilla/5.0 (compatible; Barkrowler/0.9; +https://babbar.tech/crawler)"
123.125.109.100 - - [24/May/2022:21:07:52 +0200] "GET /robots.txt HTTP/1.1" 200 218 "-" "Sogou web spider/4.0(+http://www.sogou.com/docs/help/webmasters.htm#07)"
5.45.207.110 - - [24/May/2022:21:10:56 +0200] "GET /robots.txt HTTP/1.1" 200 218 "-" "Mozilla/5.0 (compatible; YandexBot/3.0; +http://yandex.com/bots)"
5.45.207.110 - - [24/May/2022:21:11:00 +0200] "GET / HTTP/1.1" 200 9626 "-" "Mozilla/5.0 (compatible; YandexBot/3.0; +http://yandex.com/bots)"
54.36.148.206 - - [24/May/2022:21:20:32 +0200] "GET /robots.txt HTTP/1.1" 200 218 "-" "Mozilla/5.0 (compatible; AhrefsBot/7.0; +http://ahrefs.com/robot/)"
54.36.148.119 - - [24/May/2022:21:20:33 +0200] "GET / HTTP/1.1" 200 9626 "-" "Mozilla/5.0 (compatible; AhrefsBot/7.0; +http://ahrefs.com/robot/)"
66.249.68.93 - - [24/May/2022:21:24:51 +0200] "GET /index.php HTTP/1.1" 200 9626 "-" "Mozilla/5.0 (Linux; Android 6.0.1; Nexus 5X Build/MMB29P) AppleWebKit/537.36 (KHTML, like Gecko) Chrome/101.0.4951.64 Mobile Safari/537.36 (compatible; Googlebot/2.1; +http://www.google.com/bot.html)"
123.125.109.100 - - [24/May/2022:21:27:52 +0200] "GET /robots.txt HTTP/1.1" 200 218 "-" "Sogou web spider/4.0(+http://www.sogou.com/docs/help/webmasters.htm#07)"
123.125.109.100 - - [24/May/2022:21:47:52 +0200] "GET /robots.txt HTTP/1.1" 200 218 "-" "Sogou web spider/4.0(+http://www.sogou.com/docs/help/webmasters.htm#07)"
123.125.109.100 - - [24/May/2022:22:07:52 +0200] "GET /robots.txt HTTP/1.1" 200 218 "-" "Sogou web spider/4.0(+http://www.sogou.com/docs/help/webmasters.htm#07)"
114.119.148.127 - - [24/May/2022:22:39:30 +0200] "GET /robots.txt HTTP/1.1" 200 218 "-" "Mozilla/5.0 (compatible;PetalBot;+https://webmaster.petalsearch.com/site/petalbot)"
66.249.68.91 - - [24/May/2022:23:00:33 +0200] "GET / HTTP/1.1" 200 9626 "-" "Mozilla/5.0 (compatible; Googlebot/2.1; +http://www.google.com/bot.html)"
123.125.109.100 - - [24/May/2022:23:09:50 +0200] "GET /robots.txt HTTP/1.1" 200 218 "-" "Sogou web spider/4.0(+http://www.sogou.com/docs/help/webmasters.htm#07)"
123.125.109.100 - - [24/May/2022:23:29:50 +0200] "GET /robots.txt HTTP/1.1" 200 218 "-" "Sogou web spider/4.0(+http://www.sogou.com/docs/help/webmasters.htm#07)"
123.125.109.100 - - [24/May/2022:23:49:50 +0200] "GET /robots.txt HTTP/1.1" 200 218 "-" "Sogou web spider/4.0(+http://www.sogou.com/docs/help/webmasters.htm#07)"
114.119.133.53 - - [24/May/2022:23:50:16 +0200] "GET /leistungen.php HTTP/1.1" 200 8056 "http://www.zahnmedizin-im-alter.de/index.php" "Mozilla/5.0 (Linux; Android 7.0;) AppleWebKit/537.36 (KHTML, like Gecko) Mobile Safari/537.36 (compatible; PetalBot;+https://webmaster.petalsearch.com/site/petalbot)"
114.119.138.37 - - [25/May/2022:00:06:30 +0200] "GET /impressum.php HTTP/1.1" 200 8293 "http://www.dr-heidi-fleischer.de/" "Mozilla/5.0 (Linux; Android 7.0;) AppleWebKit/537.36 (KHTML, like Gecko) Mobile Safari/537.36 (compatible; PetalBot;+https://webmaster.petalsearch.com/site/petalbot)"
123.125.109.100 - - [25/May/2022:00:09:50 +0200] "GET /robots.txt HTTP/1.1" 200 218 "-" "Sogou web spider/4.0(+http://www.sogou.com/docs/help/webmasters.htm#07)"
65.21.206.44 - - [25/May/2022:00:30:15 +0200] "GET / HTTP/1.1" 200 9626 "-" "Mozilla/5.0 (Windows NT 10.0; Win64; x64) AppleWebKit/537.36 (KHTML, like Gecko) Chrome/91.0.4472.114 Safari/537.36 Edg/91.0.864.54"
54.36.148.119 - - [25/May/2022:00:43:27 +0200] "GET /anfahrt.php HTTP/1.1" 200 8074 "-" "Mozilla/5.0 (compatible; AhrefsBot/7.0; +http://ahrefs.com/robot/)"
123.125.109.100 - - [25/May/2022:00:50:50 +0200] "GET /robots.txt HTTP/1.1" 200 218 "-" "Sogou web spider/4.0(+http://www.sogou.com/docs/help/webmasters.htm#07)"
123.125.109.100 - - [25/May/2022:01:31:49 +0200] "GET /robots.txt HTTP/1.1" 200 218 "-" "Sogou web spider/4.0(+http://www.sogou.com/docs/help/webmasters.htm#07)"
123.125.109.100 - - [25/May/2022:01:51:49 +0200] "GET /robots.txt HTTP/1.1" 200 218 "-" "Sogou web spider/4.0(+http://www.sogou.com/docs/help/webmasters.htm#07)"
123.125.109.100 - - [25/May/2022:02:53:54 +0200] "GET /robots.txt HTTP/1.1" 200 218 "-" "Sogou web spider/4.0(+http://www.sogou.com/docs/help/webmasters.htm#07)"
34.138.73.146 - - [25/May/2022:02:57:58 +0200] "GET /robots.txt HTTP/1.0" 200 218 "-" "ZoominfoBot (zoominfobot at zoominfo dot com)"
34.138.73.146 - - [25/May/2022:02:57:58 +0200] "GET / HTTP/1.0" 200 9626 "-" "ZoominfoBot (zoominfobot at zoominfo dot com)"
54.36.148.119 - - [25/May/2022:03:20:21 +0200] "GET /kont.php HTTP/1.1" 200 8494 "-" "Mozilla/5.0 (compatible; AhrefsBot/7.0; +http://ahrefs.com/robot/)"
157.55.39.142 - - [25/May/2022:03:26:03 +0200] "GET /index.php HTTP/1.1" 200 9626 "-" "Mozilla/5.0 (compatible; bingbot/2.0; +http://www.bing.com/bingbot.htm)"
207.46.13.202 - - [25/May/2022:03:26:24 +0200] "GET /css/fl_style.css HTTP/1.1" 200 10194 "-" "Mozilla/5.0 (compatible; bingbot/2.0; +http://www.bing.com/bingbot.htm)"
123.125.109.100 - - [25/May/2022:03:34:53 +0200] "GET /robots.txt HTTP/1.1" 200 218 "-" "Sogou web spider/4.0(+http://www.sogou.com/docs/help/webmasters.htm#07)"
34.148.171.11 - - [25/May/2022:04:47:05 +0200] "GET /robots.txt HTTP/1.0" 200 218 "-" "ZoominfoBot (zoominfobot at zoominfo dot com)"
34.148.171.11 - - [25/May/2022:04:47:06 +0200] "GET /kont.php HTTP/1.0" 200 8494 "-" "ZoominfoBot (zoominfobot at zoominfo dot com)"
34.148.171.11 - - [25/May/2022:04:52:09 +0200] "GET /leistungen.php HTTP/1.0" 200 8056 "-" "ZoominfoBot (zoominfobot at zoominfo dot com)"
66.249.79.128 - - [25/May/2022:04:58:54 +0200] "GET / HTTP/1.1" 200 9626 "-" "Mozilla/5.0 (compatible; Googlebot/2.1; +http://www.google.com/bot.html)"
66.249.79.159 - - [25/May/2022:05:04:02 +0200] "GET /img/lay09.gif HTTP/1.1" 304 - "-" "Googlebot-Image/1.0"
34.148.171.11 - - [25/May/2022:05:19:11 +0200] "GET /index.php HTTP/1.0" 200 9626 "-" "ZoominfoBot (zoominfobot at zoominfo dot com)"
205.210.31.133 - - [25/May/2022:05:31:36 +0200] "GET / HTTP/1.1" 200 9626 "-" "Expanse, a Palo Alto Networks company, searches across the global IPv4 space multiple times per day to identify customers' presences on the Internet. If you would like to be excluded from our scans, please send IP addresses/domains to: scaninfo@paloaltonetworks.com"
34.148.171.11 - - [25/May/2022:05:43:45 +0200] "GET /impressum.php HTTP/1.0" 200 8293 "-" "ZoominfoBot (zoominfobot at zoominfo dot com)"
34.148.171.11 - - [25/May/2022:05:52:12 +0200] "GET /praxis.php HTTP/1.0" 200 7017 "-" "ZoominfoBot (zoominfobot at zoominfo dot com)"
66.249.79.159 - - [25/May/2022:05:57:20 +0200] "GET /robots.txt HTTP/1.1" 200 218 "-" "Mozilla/5.0 (compatible; Googlebot/2.1; +http://www.google.com/bot.html)"
66.249.79.128 - - [25/May/2022:05:57:20 +0200] "GET / HTTP/1.1" 200 9626 "-" "Mozilla/5.0 (Linux; Android 6.0.1; Nexus 5X Build/MMB29P) AppleWebKit/537.36 (KHTML, like Gecko) Chrome/101.0.4951.64 Mobile Safari/537.36 (compatible; Googlebot/2.1; +http://www.google.com/bot.html)"
34.148.171.11 - - [25/May/2022:06:00:05 +0200] "GET /anfahrt.php HTTP/1.0" 200 8074 "-" "ZoominfoBot (zoominfobot at zoominfo dot com)"
34.148.171.11 - - [25/May/2022:06:11:27 +0200] "GET /spez_leistungen.php HTTP/1.0" 200 7752 "-" "ZoominfoBot (zoominfobot at zoominfo dot com)"
114.119.138.5 - - [25/May/2022:07:48:09 +0200] "GET /anfahrt.php HTTP/1.1" 200 8074 "http://www.dr-heidi-fleischer.de/" "Mozilla/5.0 (Linux; Android 7.0;) AppleWebKit/537.36 (KHTML, like Gecko) Mobile Safari/537.36 (compatible; PetalBot;+https://webmaster.petalsearch.com/site/petalbot)"
195.158.30.232 - - [25/May/2022:07:51:59 +0200] "HEAD / HTTP/1.1" 200 - "-" "-"
20.191.45.212 - - [25/May/2022:11:46:25 +0200] "GET / HTTP/1.1" 200 9626 "http://www.dr-heidi-fleischer.de/" "Mozilla/5.0 (compatible; DuckDuckGo-Favicons-Bot/1.0; +http://duckduckgo.com)"
20.191.45.212 - - [25/May/2022:11:46:26 +0200] "GET /img/favicon.ico HTTP/1.1" 200 5430 "http://www.dr-heidi-fleischer.de/img/favicon.ico" "Mozilla/5.0 (compatible; DuckDuckGo-Favicons-Bot/1.0; +http://duckduckgo.com)"
185.39.144.147 - - [25/May/2022:12:52:23 +0200] "GET / HTTP/1.1" 200 9626 "-" "Mozilla/5.0 (Macintosh; Intel Mac OS X 10_9_2)"
207.32.152.56 - - [25/May/2022:14:04:42 +0200] "GET /robots.txt HTTP/1.1" 200 218 "-" "Mozilla/5.0 (Windows; U; Windows NT 5.1; de-DE; rv:1.0.2) Gecko/20030208 Netscape/7.02"
207.32.152.56 - - [25/May/2022:14:04:45 +0200] "GET / HTTP/1.1" 200 9626 "-" "Mozilla/5.0 (Windows; U; Windows NT 5.1; de-DE; rv:1.0.2) Gecko/20030208 Netscape/7.02"
207.32.152.56 - - [25/May/2022:14:04:46 +0200] "GET /img/zert_1gross.jpg HTTP/1.1" 200 22004 "http://www.dr-heidi-fleischer.de/" "Mozilla/5.0 (Windows; U; Windows NT 5.1; de-DE; rv:1.0.2) Gecko/20030208 Netscape/7.02"
207.32.152.56 - - [25/May/2022:14:04:47 +0200] "GET /css/fl_style.css HTTP/1.1" 200 10194 "http://www.dr-heidi-fleischer.de/" "Mozilla/5.0 (Windows; U; Windows NT 5.1; de-DE; rv:1.0.2) Gecko/20030208 Netscape/7.02"
207.32.146.26 - - [25/May/2022:14:05:11 +0200] "GET /praxis.php HTTP/1.1" 200 7017 "-" "Safari 3.0.4"
207.32.146.26 - - [25/May/2022:14:05:12 +0200] "GET /img/zert_1gross.jpg HTTP/1.1" 200 22004 "http://www.dr-heidi-fleischer.de/praxis.php" "Safari 3.0.4"
64.140.128.193 - - [25/May/2022:14:05:12 +0200] "GET /leistungen.php HTTP/1.1" 200 8056 "-" "RockMelt 0.9.58.471"
207.32.146.26 - - [25/May/2022:14:05:12 +0200] "GET /css/fl_style.css HTTP/1.1" 200 10194 "http://www.dr-heidi-fleischer.de/praxis.php" "Safari 3.0.4"
64.140.128.193 - - [25/May/2022:14:05:12 +0200] "GET /img/zert_1gross.jpg HTTP/1.1" 200 22004 "http://www.dr-heidi-fleischer.de/leistungen.php" "RockMelt 0.9.58.471"
207.32.146.26 - - [25/May/2022:14:05:12 +0200] "GET /img/hg_body.jpg HTTP/1.1" 200 2615 "http://www.dr-heidi-fleischer.de/css/fl_style.css" "Safari 3.0.4"
207.32.146.26 - - [25/May/2022:14:05:12 +0200] "GET /img/right_bg.jpg HTTP/1.1" 404 1256 "http://www.dr-heidi-fleischer.de/praxis.php" "Safari 3.0.4"
207.32.146.26 - - [25/May/2022:14:05:12 +0200] "GET /img/praxis_2.jpg HTTP/1.1" 200 30574 "http://www.dr-heidi-fleischer.de/praxis.php" "Safari 3.0.4"
207.32.146.26 - - [25/May/2022:14:05:12 +0200] "GET /img/praxis_3.jpg HTTP/1.1" 200 36951 "http://www.dr-heidi-fleischer.de/praxis.php" "Safari 3.0.4"
207.32.146.26 - - [25/May/2022:14:05:12 +0200] "GET /img/praxis_1.jpg HTTP/1.1" 200 39868 "http://www.dr-heidi-fleischer.de/praxis.php" "Safari 3.0.4"
64.140.128.193 - - [25/May/2022:14:05:14 +0200] "GET /css/fl_style.css HTTP/1.1" 200 10194 "http://www.dr-heidi-fleischer.de/leistungen.php" "RockMelt 0.9.58.471"
207.90.21.79 - - [25/May/2022:14:05:14 +0200] "GET /index.php HTTP/1.1" 200 9626 "-" "Mozilla/5.0 (X11; U; OpenBSD amd64; en-US; rv:1.8.1.6) Gecko/20070817 Firefox/2.0.0.6"
64.140.128.193 - - [25/May/2022:14:05:14 +0200] "GET /img/leistungen_1.jpg HTTP/1.1" 200 15190 "http://www.dr-heidi-fleischer.de/leistungen.php" "RockMelt 0.9.58.471"
64.140.128.193 - - [25/May/2022:14:05:14 +0200] "GET /img/leistungen_2.jpg HTTP/1.1" 200 13824 "http://www.dr-heidi-fleischer.de/leistungen.php" "RockMelt 0.9.58.471"
64.140.128.193 - - [25/May/2022:14:05:14 +0200] "GET /img/hg_body.jpg HTTP/1.1" 200 2615 "http://www.dr-heidi-fleischer.de/css/fl_style.css" "RockMelt 0.9.58.471"
207.90.21.79 - - [25/May/2022:14:05:15 +0200] "GET /css/fl_style.css HTTP/1.1" 200 10194 "http://www.dr-heidi-fleischer.de/index.php" "Mozilla/5.0 (X11; U; OpenBSD amd64; en-US; rv:1.8.1.6) Gecko/20070817 Firefox/2.0.0.6"
207.90.21.79 - - [25/May/2022:14:05:15 +0200] "GET /img/zert_1.jpg HTTP/1.1" 200 6013 "http://www.dr-heidi-fleischer.de/index.php" "Mozilla/5.0 (X11; U; OpenBSD amd64; en-US; rv:1.8.1.6) Gecko/20070817 Firefox/2.0.0.6"
207.90.21.79 - - [25/May/2022:14:05:16 +0200] "GET /img/zert_1gross.jpg HTTP/1.1" 200 22004 "http://www.dr-heidi-fleischer.de/index.php" "Mozilla/5.0 (X11; U; OpenBSD amd64; en-US; rv:1.8.1.6) Gecko/20070817 Firefox/2.0.0.6"
209.99.146.53 - - [25/May/2022:14:05:16 +0200] "GET /spez_leistungen.php HTTP/1.1" 200 7752 "-" "Mozilla/5.0 (Macintosh; U; Intel Mac OS X; nl-NL; rv:1.8.1.3) Gecko/20080722"
209.99.139.188 - - [25/May/2022:14:05:17 +0200] "GET /impressum.php HTTP/1.1" 200 8293 "-" "Mozilla/5.0 (Windows NT 5.2; WOW64) AppleWebKit/535.7 (KHTML, like Gecko) Chrome/16.0.912.63 Safari/535.7"
209.99.146.53 - - [25/May/2022:14:05:17 +0200] "GET /css/fl_style.css HTTP/1.1" 200 10194 "http://www.dr-heidi-fleischer.de/spez_leistungen.php" "Mozilla/5.0 (Macintosh; U; Intel Mac OS X; nl-NL; rv:1.8.1.3) Gecko/20080722"
209.99.146.53 - - [25/May/2022:14:05:17 +0200] "GET /img/spez_leistungen_1.jpg HTTP/1.1" 200 18858 "http://www.dr-heidi-fleischer.de/spez_leistungen.php" "Mozilla/5.0 (Macintosh; U; Intel Mac OS X; nl-NL; rv:1.8.1.3) Gecko/20080722"
209.99.139.188 - - [25/May/2022:14:05:17 +0200] "GET /css/fl_style.css HTTP/1.1" 200 10194 "http://www.dr-heidi-fleischer.de/impressum.php" "Mozilla/5.0 (Windows NT 5.2; WOW64) AppleWebKit/535.7 (KHTML, like Gecko) Chrome/16.0.912.63 Safari/535.7"
209.99.146.53 - - [25/May/2022:14:05:18 +0200] "GET /img/zert_1gross.jpg HTTP/1.1" 200 22004 "http://www.dr-heidi-fleischer.de/spez_leistungen.php" "Mozilla/5.0 (Macintosh; U; Intel Mac OS X; nl-NL; rv:1.8.1.3) Gecko/20080722"
209.99.146.53 - - [25/May/2022:14:05:18 +0200] "GET /img/spez_leistungen_2.jpg HTTP/1.1" 200 13667 "http://www.dr-heidi-fleischer.de/spez_leistungen.php" "Mozilla/5.0 (Macintosh; U; Intel Mac OS X; nl-NL; rv:1.8.1.3) Gecko/20080722"
209.99.139.188 - - [25/May/2022:14:05:18 +0200] "GET /img/spez_leistungen_2.jpg HTTP/1.1" 200 13667 "http://www.dr-heidi-fleischer.de/impressum.php" "Mozilla/5.0 (Windows NT 5.2; WOW64) AppleWebKit/535.7 (KHTML, like Gecko) Chrome/16.0.912.63 Safari/535.7"
64.140.136.100 - - [25/May/2022:14:05:18 +0200] "GET /anfahrt.php HTTP/1.1" 200 8074 "-" "SeaMonkey 2.16"
209.99.146.53 - - [25/May/2022:14:05:19 +0200] "GET /img/hg_body.jpg HTTP/1.1" 200 2615 "http://www.dr-heidi-fleischer.de/css/fl_style.css" "Mozilla/5.0 (Macintosh; U; Intel Mac OS X; nl-NL; rv:1.8.1.3) Gecko/20080722"
64.140.136.100 - - [25/May/2022:14:05:19 +0200] "GET /css/fl_style.css HTTP/1.1" 200 10194 "http://www.dr-heidi-fleischer.de/anfahrt.php" "SeaMonkey 2.16"
64.140.136.100 - - [25/May/2022:14:05:19 +0200] "GET /img/zert_1gross.jpg HTTP/1.1" 200 22004 "http://www.dr-heidi-fleischer.de/anfahrt.php" "SeaMonkey 2.16"
209.99.139.188 - - [25/May/2022:14:05:19 +0200] "GET /img/hg_body.jpg HTTP/1.1" 200 2615 "http://www.dr-heidi-fleischer.de/css/fl_style.css" "Mozilla/5.0 (Windows NT 5.2; WOW64) AppleWebKit/535.7 (KHTML, like Gecko) Chrome/16.0.912.63 Safari/535.7"
209.99.150.220 - - [25/May/2022:14:05:19 +0200] "GET /kont.php HTTP/1.1" 200 8494 "-" "Mozilla/5.0 (X11; U; Linux x86_64; en-US; rv:1.9.1.3) Gecko/20091010 Iceweasel/3.5.3 (Debian-3.5.3-2)"
64.140.136.100 - - [25/May/2022:14:05:19 +0200] "GET /img/hg_body.jpg HTTP/1.1" 200 2615 "http://www.dr-heidi-fleischer.de/css/fl_style.css" "SeaMonkey 2.16"
64.140.136.100 - - [25/May/2022:14:05:19 +0200] "GET /img/right_bg.jpg HTTP/1.1" 404 1256 "http://www.dr-heidi-fleischer.de/anfahrt.php" "SeaMonkey 2.16"
209.99.139.188 - - [25/May/2022:14:05:19 +0200] "GET /img/zert_1gross.jpg HTTP/1.1" 200 22004 "http://www.dr-heidi-fleischer.de/impressum.php" "Mozilla/5.0 (Windows NT 5.2; WOW64) AppleWebKit/535.7 (KHTML, like Gecko) Chrome/16.0.912.63 Safari/535.7"
209.99.150.220 - - [25/May/2022:14:05:21 +0200] "GET /css/fl_style.css HTTP/1.1" 200 10194 "http://www.dr-heidi-fleischer.de/kont.php" "Mozilla/5.0 (X11; U; Linux x86_64; en-US; rv:1.9.1.3) Gecko/20091010 Iceweasel/3.5.3 (Debian-3.5.3-2)"
209.99.150.220 - - [25/May/2022:14:05:21 +0200] "GET /img/zert_1gross.jpg HTTP/1.1" 200 22004 "http://www.dr-heidi-fleischer.de/kont.php" "Mozilla/5.0 (X11; U; Linux x86_64; en-US; rv:1.9.1.3) Gecko/20091010 Iceweasel/3.5.3 (Debian-3.5.3-2)"
66.249.75.118 - - [25/May/2022:14:52:46 +0200] "GET /kont.php HTTP/1.1" 200 8494 "-" "Mozilla/5.0 (compatible; Googlebot/2.1; +http://www.google.com/bot.html)"
66.249.75.122 - - [25/May/2022:14:52:47 +0200] "GET /kont.php HTTP/1.1" 200 8494 "-" "Mozilla/5.0 (Linux; Android 6.0.1; Nexus 5X Build/MMB29P) AppleWebKit/537.36 (KHTML, like Gecko) Chrome/99.0.4844.84 Mobile Safari/537.36 (compatible; Googlebot/2.1; +http://www.google.com/bot.html)"
52.226.227.211 - - [25/May/2022:15:26:53 +0200] "GET /robots.txt HTTP/1.1" 200 218 "-" "python-requests/2.27.1"
52.226.227.211 - - [25/May/2022:15:26:59 +0200] "GET /img/zert_1.jpg HTTP/1.1" 200 6013 "-" "Mozilla/5.0 (Windows NT 10.0; Win64; x64) AppleWebKit/537.36 (KHTML, like Gecko) Chrome/76.0.3809.100 Safari/537.36"
157.55.39.149 - - [25/May/2022:16:14:39 +0200] "GET /robots.txt HTTP/1.1" 200 218 "-" "Mozilla/5.0 (compatible; bingbot/2.0; +http://www.bing.com/bingbot.htm)"
157.55.39.56 - - [25/May/2022:16:14:45 +0200] "GET /img/zert_1gross.jpg HTTP/1.1" 200 22004 "-" "Mozilla/5.0 (compatible; bingbot/2.0; +http://www.bing.com/bingbot.htm)"
51.222.253.1 - - [25/May/2022:16:38:20 +0200] "GET /robots.txt HTTP/1.1" 200 218 "-" "Mozilla/5.0 (compatible; AhrefsBot/7.0; +http://ahrefs.com/robot/)"
54.36.149.19 - - [25/May/2022:16:38:21 +0200] "GET /kont.php HTTP/1.1" 200 8494 "-" "Mozilla/5.0 (compatible; AhrefsBot/7.0; +http://ahrefs.com/robot/)"
17.58.63.215 - - [25/May/2022:16:52:27 +0200] "GET / HTTP/1.1" 200 9626 "-" "Mozilla/5.0 (Macintosh; Intel Mac OS X 10_15_7) AppleWebKit/605.1.15 (KHTML, like Gecko) Version/14.1.1 Safari/605.1.15"
114.119.138.32 - - [25/May/2022:17:15:52 +0200] "GET /spez_leistungen.php HTTP/1.1" 200 7752 "http://www.dr-heidi-fleischer.de/" "Mozilla/5.0 (Linux; Android 7.0;) AppleWebKit/537.36 (KHTML, like Gecko) Mobile Safari/537.36 (compatible; PetalBot;+https://webmaster.petalsearch.com/site/petalbot)"
5.45.207.110 - - [25/May/2022:17:56:01 +0200] "GET /robots.txt HTTP/1.1" 200 218 "-" "Mozilla/5.0 (compatible; YandexBot/3.0; +http://yandex.com/bots)"
5.45.207.110 - - [25/May/2022:17:56:05 +0200] "GET /img/favicon.ico HTTP/1.1" 200 5430 "-" "Mozilla/5.0 (compatible; YandexFavicons/1.0; +http://yandex.com/bots)"
40.77.167.104 - - [25/May/2022:19:18:42 +0200] "GET /robots.txt HTTP/1.1" 200 218 "-" "Mozilla/5.0 (compatible; bingbot/2.0; +http://www.bing.com/bingbot.htm)"
157.55.39.31 - - [25/May/2022:19:18:45 +0200] "GET /img/zert_1gross.jpg HTTP/1.1" 200 22004 "-" "Mozilla/5.0 (compatible; bingbot/2.0; +http://www.bing.com/bingbot.htm)"
89.187.191.241 - - [25/May/2022:20:04:26 +0200] "GET / HTTP/1.1" 200 9626 "-" "Mozilla/5.0 (Windows NT 10.0; Win64; x64; rv:91.0) Gecko/20100101 Firefox/91.0"
89.187.191.241 - - [25/May/2022:20:04:26 +0200] "GET /css/fl_style.css HTTP/1.1" 200 10194 "http://www.dr-heidi-fleischer.de/" "Mozilla/5.0 (Windows NT 10.0; Win64; x64; rv:91.0) Gecko/20100101 Firefox/91.0"
89.187.191.241 - - [25/May/2022:20:04:26 +0200] "GET /scripte/all_scripts.js HTTP/1.1" 200 249 "http://www.dr-heidi-fleischer.de/" "Mozilla/5.0 (Windows NT 10.0; Win64; x64; rv:91.0) Gecko/20100101 Firefox/91.0"
89.187.191.241 - - [25/May/2022:20:04:27 +0200] "GET /img/lay01.gif HTTP/1.1" 200 273 "http://www.dr-heidi-fleischer.de/" "Mozilla/5.0 (Windows NT 10.0; Win64; x64; rv:91.0) Gecko/20100101 Firefox/91.0"
89.187.191.241 - - [25/May/2022:20:04:27 +0200] "GET /img/lay06neu.gif HTTP/1.1" 200 583 "http://www.dr-heidi-fleischer.de/" "Mozilla/5.0 (Windows NT 10.0; Win64; x64; rv:91.0) Gecko/20100101 Firefox/91.0"
89.187.191.241 - - [25/May/2022:20:04:27 +0200] "GET /img/tel_footer.gif HTTP/1.1" 200 1051 "http://www.dr-heidi-fleischer.de/" "Mozilla/5.0 (Windows NT 10.0; Win64; x64; rv:91.0) Gecko/20100101 Firefox/91.0"
89.187.191.241 - - [25/May/2022:20:04:27 +0200] "GET /img/lay07.gif HTTP/1.1" 200 453 "http://www.dr-heidi-fleischer.de/" "Mozilla/5.0 (Windows NT 10.0; Win64; x64; rv:91.0) Gecko/20100101 Firefox/91.0"
89.187.191.241 - - [25/May/2022:20:04:27 +0200] "GET /img/f_1-p.gif HTTP/1.1" 200 43 "http://www.dr-heidi-fleischer.de/" "Mozilla/5.0 (Windows NT 10.0; Win64; x64; rv:91.0) Gecko/20100101 Firefox/91.0"
89.187.191.241 - - [25/May/2022:20:04:27 +0200] "GET /img/roll_trans2.gif HTTP/1.1" 200 609 "http://www.dr-heidi-fleischer.de/" "Mozilla/5.0 (Windows NT 10.0; Win64; x64; rv:91.0) Gecko/20100101 Firefox/91.0"
89.187.191.241 - - [25/May/2022:20:04:27 +0200] "GET /img/hg_body.jpg HTTP/1.1" 200 2615 "http://www.dr-heidi-fleischer.de/css/fl_style.css" "Mozilla/5.0 (Windows NT 10.0; Win64; x64; rv:91.0) Gecko/20100101 Firefox/91.0"
89.187.191.241 - - [25/May/2022:20:04:27 +0200] "GET /img/hg_zahn2.gif HTTP/1.1" 200 20816 "http://www.dr-heidi-fleischer.de/" "Mozilla/5.0 (Windows NT 10.0; Win64; x64; rv:91.0) Gecko/20100101 Firefox/91.0"
89.187.191.241 - - [25/May/2022:20:04:27 +0200] "GET /img/header_neu.gif HTTP/1.1" 200 32567 "http://www.dr-heidi-fleischer.de/css/fl_style.css" "Mozilla/5.0 (Windows NT 10.0; Win64; x64; rv:91.0) Gecko/20100101 Firefox/91.0"
89.187.191.241 - - [25/May/2022:20:04:27 +0200] "GET /img/zert_1.jpg HTTP/1.1" 200 6013 "http://www.dr-heidi-fleischer.de/" "Mozilla/5.0 (Windows NT 10.0; Win64; x64; rv:91.0) Gecko/20100101 Firefox/91.0"
89.187.191.241 - - [25/May/2022:20:04:27 +0200] "GET /img/left_bg.gif HTTP/1.1" 200 98 "http://www.dr-heidi-fleischer.de/" "Mozilla/5.0 (Windows NT 10.0; Win64; x64; rv:91.0) Gecko/20100101 Firefox/91.0"
89.187.191.241 - - [25/May/2022:20:04:27 +0200] "GET /img/bottom_bg.gif HTTP/1.1" 200 79 "http://www.dr-heidi-fleischer.de/" "Mozilla/5.0 (Windows NT 10.0; Win64; x64; rv:91.0) Gecko/20100101 Firefox/91.0"
89.187.191.241 - - [25/May/2022:20:04:27 +0200] "GET /img/right_bg.gif HTTP/1.1" 200 76 "http://www.dr-heidi-fleischer.de/" "Mozilla/5.0 (Windows NT 10.0; Win64; x64; rv:91.0) Gecko/20100101 Firefox/91.0"
89.187.191.241 - - [25/May/2022:20:04:28 +0200] "GET /img/lay02.gif HTTP/1.1" 200 68 "http://www.dr-heidi-fleischer.de/" "Mozilla/5.0 (Windows NT 10.0; Win64; x64; rv:91.0) Gecko/20100101 Firefox/91.0"
89.187.191.241 - - [25/May/2022:20:04:28 +0200] "GET /img/lay04.gif HTTP/1.1" 200 68 "http://www.dr-heidi-fleischer.de/" "Mozilla/5.0 (Windows NT 10.0; Win64; x64; rv:91.0) Gecko/20100101 Firefox/91.0"
89.187.191.241 - - [25/May/2022:20:04:28 +0200] "GET /img/lay10.gif HTTP/1.1" 200 252 "http://www.dr-heidi-fleischer.de/" "Mozilla/5.0 (Windows NT 10.0; Win64; x64; rv:91.0) Gecko/20100101 Firefox/91.0"
89.187.191.241 - - [25/May/2022:20:04:27 +0200] "GET /img/dr_fleischer_ani.gif HTTP/1.1" 200 854042 "http://www.dr-heidi-fleischer.de/" "Mozilla/5.0 (Windows NT 10.0; Win64; x64; rv:91.0) Gecko/20100101 Firefox/91.0"
89.187.191.241 - - [25/May/2022:20:04:28 +0200] "GET /img/lay08.gif HTTP/1.1" 200 534 "http://www.dr-heidi-fleischer.de/" "Mozilla/5.0 (Windows NT 10.0; Win64; x64; rv:91.0) Gecko/20100101 Firefox/91.0"
89.187.191.241 - - [25/May/2022:20:04:28 +0200] "GET /img/lay03.gif HTTP/1.1" 200 1060 "http://www.dr-heidi-fleischer.de/" "Mozilla/5.0 (Windows NT 10.0; Win64; x64; rv:91.0) Gecko/20100101 Firefox/91.0"
89.187.191.241 - - [25/May/2022:20:04:28 +0200] "GET /img/left_bg2.gif HTTP/1.1" 200 176 "http://www.dr-heidi-fleischer.de/" "Mozilla/5.0 (Windows NT 10.0; Win64; x64; rv:91.0) Gecko/20100101 Firefox/91.0"
89.187.191.241 - - [25/May/2022:20:04:28 +0200] "GET /img/lay05.gif HTTP/1.1" 200 331 "http://www.dr-heidi-fleischer.de/" "Mozilla/5.0 (Windows NT 10.0; Win64; x64; rv:91.0) Gecko/20100101 Firefox/91.0"
89.187.191.241 - - [25/May/2022:20:04:28 +0200] "GET /img/lay13.gif HTTP/1.1" 200 181 "http://www.dr-heidi-fleischer.de/" "Mozilla/5.0 (Windows NT 10.0; Win64; x64; rv:91.0) Gecko/20100101 Firefox/91.0"
89.187.191.241 - - [25/May/2022:20:04:28 +0200] "GET /img/right_bg.jpg HTTP/1.1" 404 1256 "http://www.dr-heidi-fleischer.de/" "Mozilla/5.0 (Windows NT 10.0; Win64; x64; rv:91.0) Gecko/20100101 Firefox/91.0"
89.187.191.241 - - [25/May/2022:20:04:28 +0200] "GET /img/lay16.gif HTTP/1.1" 200 309 "http://www.dr-heidi-fleischer.de/" "Mozilla/5.0 (Windows NT 10.0; Win64; x64; rv:91.0) Gecko/20100101 Firefox/91.0"
89.187.191.241 - - [25/May/2022:20:04:28 +0200] "GET /img/lay09.gif HTTP/1.1" 200 135 "http://www.dr-heidi-fleischer.de/" "Mozilla/5.0 (Windows NT 10.0; Win64; x64; rv:91.0) Gecko/20100101 Firefox/91.0"
89.187.191.241 - - [25/May/2022:20:04:28 +0200] "GET /img/roll_trans.gif HTTP/1.1" 200 609 "http://www.dr-heidi-fleischer.de/" "Mozilla/5.0 (Windows NT 10.0; Win64; x64; rv:91.0) Gecko/20100101 Firefox/91.0"
89.187.191.241 - - [25/May/2022:20:04:28 +0200] "GET /img/lay14.gif HTTP/1.1" 200 104 "http://www.dr-heidi-fleischer.de/" "Mozilla/5.0 (Windows NT 10.0; Win64; x64; rv:91.0) Gecko/20100101 Firefox/91.0"
89.187.191.241 - - [25/May/2022:20:04:28 +0200] "GET /img/zert_1gross.jpg HTTP/1.1" 200 22004 "http://www.dr-heidi-fleischer.de/" "Mozilla/5.0 (Windows NT 10.0; Win64; x64; rv:91.0) Gecko/20100101 Firefox/91.0"
66.249.72.221 - - [25/May/2022:21:20:26 +0200] "GET /robots.txt HTTP/1.1" 200 218 "-" "Mozilla/5.0 (compatible; Googlebot/2.1; +http://www.google.com/bot.html)"
66.249.72.223 - - [25/May/2022:21:20:26 +0200] "GET /index.php HTTP/1.1" 200 9626 "-" "Mozilla/5.0 (Linux; Android 6.0.1; Nexus 5X Build/MMB29P) AppleWebKit/537.36 (KHTML, like Gecko) Chrome/101.0.4951.64 Mobile Safari/537.36 (compatible; Googlebot/2.1; +http://www.google.com/bot.html)"
88.99.27.172 - - [25/May/2022:22:26:14 +0200] "GET /impressum.php HTTP/1.1" 200 8293 "-" "Mozilla/5.0 (Windows NT 10.0; Win64; x64) AppleWebKit/537.36 (KHTML, like Gecko) Chrome/76.0.3809.100 Safari/537.36"
88.99.27.172 - - [25/May/2022:22:26:14 +0200] "GET /kont.php HTTP/1.1" 200 8494 "-" "Mozilla/5.0 (Windows NT 10.0; Win64; x64) AppleWebKit/537.36 (KHTML, like Gecko) Chrome/87.0.4280.88 Safari/537.36 Edg/87.0.664.60"
88.99.27.172 - - [25/May/2022:22:26:17 +0200] "GET / HTTP/1.1" 200 9626 "-" "Mozilla/5.0 (Macintosh; Intel Mac OS X 10_13_6) AppleWebKit/537.36 (KHTML, like Gecko) Chrome/86.0.4240.198 Safari/537.36"
88.99.27.172 - - [25/May/2022:22:26:18 +0200] "GET /anfahrt.php HTTP/1.1" 200 8074 "-" "Mozilla/5.0 (X11; Linux x86_64; rv:78.0) Gecko/20100101 Firefox/78.0"
88.99.27.172 - - [25/May/2022:22:26:18 +0200] "GET /spez_leistungen.php HTTP/1.1" 200 7752 "-" "Mozilla/5.0 (Macintosh; Intel Mac OS X 10_15_6) AppleWebKit/605.1.15 (KHTML, like Gecko) Version/14.0.2 Safari/605.1.15"
88.99.27.172 - - [25/May/2022:22:26:18 +0200] "GET /praxis.php HTTP/1.1" 200 7017 "-" "Mozilla/5.0 (Windows NT 10.0; Win64; x64) AppleWebKit/537.36 (KHTML, like Gecko) Chrome/86.0.4240.193 Safari/537.36"
88.99.27.172 - - [25/May/2022:22:26:18 +0200] "GET /leistungen.php HTTP/1.1" 200 8056 "-" "Mozilla/5.0 (Macintosh; Intel Mac OS X 11_1_0) AppleWebKit/537.36 (KHTML, like Gecko) Chrome/87.0.4280.88 Safari/537.36"
88.99.27.172 - - [25/May/2022:22:26:18 +0200] "GET /index.php HTTP/1.1" 200 9626 "-" "Mozilla/5.0 (Macintosh; Intel Mac OS X 10_15_7) AppleWebKit/605.1.15 (KHTML, like Gecko) Version/14.0.1 Safari/605.1.15"
114.119.138.35 - - [25/May/2022:23:44:45 +0200] "GET /index.php HTTP/1.1" 200 9626 "http://www.dr-heidi-fleischer.de/" "Mozilla/5.0 (Linux; Android 7.0;) AppleWebKit/537.36 (KHTML, like Gecko) Mobile Safari/537.36 (compatible; PetalBot;+https://webmaster.petalsearch.com/site/petalbot)"
51.222.253.15 - - [26/May/2022:00:47:28 +0200] "GET /robots.txt HTTP/1.1" 200 218 "-" "Mozilla/5.0 (compatible; AhrefsBot/7.0; +http://ahrefs.com/robot/)"
54.36.148.119 - - [26/May/2022:00:47:28 +0200] "GET / HTTP/1.1" 200 9626 "-" "Mozilla/5.0 (compatible; AhrefsBot/7.0; +http://ahrefs.com/robot/)"
54.36.148.195 - - [26/May/2022:01:10:55 +0200] "GET / HTTP/1.1" 200 9626 "-" "Mozilla/5.0 (compatible; AhrefsBot/7.0; +http://ahrefs.com/robot/)"
52.226.227.211 - - [26/May/2022:01:12:24 +0200] "GET /robots.txt HTTP/1.1" 200 218 "-" "python-requests/2.27.1"
52.226.227.211 - - [26/May/2022:01:12:28 +0200] "GET /img/lay06neu.gif HTTP/1.1" 200 583 "-" "Mozilla/5.0 (Windows NT 10.0; Win64; x64) AppleWebKit/537.36 (KHTML, like Gecko) Chrome/76.0.3809.100 Safari/537.36"
