141.8.147.12 - - [27/Aug/2013:02:25:29 +0200] "GET /img/spez_leistungen_2.jpg HTTP/1.1" 304 - "-" "Mozilla/5.0 (compatible; YandexImages/3.0; +http://yandex.com/bots)"
131.253.24.8 - - [27/Aug/2013:03:05:58 +0200] "GET /robots.txt HTTP/1.1" 200 218 "-" "msnbot-media/1.1 (+http://search.msn.com/msnbot.htm)"
131.253.24.8 - - [27/Aug/2013:03:05:59 +0200] "GET /img/leistungen_1.jpg HTTP/1.1" 200 15190 "-" "msnbot-media/1.1 (+http://search.msn.com/msnbot.htm)"
141.8.147.12 - - [27/Aug/2013:03:49:15 +0200] "GET /img/lay06neu.gif HTTP/1.1" 304 - "-" "Mozilla/5.0 (compatible; YandexImages/3.0; +http://yandex.com/bots)"
141.8.147.12 - - [27/Aug/2013:03:54:45 +0200] "GET /img/roll_trans2.gif HTTP/1.1" 304 - "-" "Mozilla/5.0 (compatible; YandexImages/3.0; +http://yandex.com/bots)"
88.64.236.21 - - [27/Aug/2013:04:33:51 +0200] "GET /impressum.php HTTP/1.1" 200 8293 "https://www.google.de/" "Mozilla/5.0 (iPhone; CPU iPhone OS 6_1_3 like Mac OS X) AppleWebKit/536.26 (KHTML, like Gecko) Version/6.0 Mobile/10B329 Safari/8536.25"
88.64.236.21 - - [27/Aug/2013:04:33:52 +0200] "GET /css/fl_style.css HTTP/1.1" 200 10194 "http://www.dr-heidi-fleischer.de/impressum.php" "Mozilla/5.0 (iPhone; CPU iPhone OS 6_1_3 like Mac OS X) AppleWebKit/536.26 (KHTML, like Gecko) Version/6.0 Mobile/10B329 Safari/8536.25"
88.64.236.21 - - [27/Aug/2013:04:33:52 +0200] "GET /scripte/all_scripts.js HTTP/1.1" 200 249 "http://www.dr-heidi-fleischer.de/impressum.php" "Mozilla/5.0 (iPhone; CPU iPhone OS 6_1_3 like Mac OS X) AppleWebKit/536.26 (KHTML, like Gecko) Version/6.0 Mobile/10B329 Safari/8536.25"
88.64.236.21 - - [27/Aug/2013:04:33:52 +0200] "GET /img/lay01.gif HTTP/1.1" 200 273 "http://www.dr-heidi-fleischer.de/impressum.php" "Mozilla/5.0 (iPhone; CPU iPhone OS 6_1_3 like Mac OS X) AppleWebKit/536.26 (KHTML, like Gecko) Version/6.0 Mobile/10B329 Safari/8536.25"
88.64.236.21 - - [27/Aug/2013:04:33:52 +0200] "GET /img/lay08.gif HTTP/1.1" 200 534 "http://www.dr-heidi-fleischer.de/impressum.php" "Mozilla/5.0 (iPhone; CPU iPhone OS 6_1_3 like Mac OS X) AppleWebKit/536.26 (KHTML, like Gecko) Version/6.0 Mobile/10B329 Safari/8536.25"
88.64.236.21 - - [27/Aug/2013:04:33:52 +0200] "GET /img/f_1-p.gif HTTP/1.1" 200 43 "http://www.dr-heidi-fleischer.de/impressum.php" "Mozilla/5.0 (iPhone; CPU iPhone OS 6_1_3 like Mac OS X) AppleWebKit/536.26 (KHTML, like Gecko) Version/6.0 Mobile/10B329 Safari/8536.25"
88.64.236.21 - - [27/Aug/2013:04:33:52 +0200] "GET /img/tel_footer.gif HTTP/1.1" 200 1051 "http://www.dr-heidi-fleischer.de/impressum.php" "Mozilla/5.0 (iPhone; CPU iPhone OS 6_1_3 like Mac OS X) AppleWebKit/536.26 (KHTML, like Gecko) Version/6.0 Mobile/10B329 Safari/8536.25"
88.64.236.21 - - [27/Aug/2013:04:33:52 +0200] "GET /img/lay06neu.gif HTTP/1.1" 200 583 "http://www.dr-heidi-fleischer.de/impressum.php" "Mozilla/5.0 (iPhone; CPU iPhone OS 6_1_3 like Mac OS X) AppleWebKit/536.26 (KHTML, like Gecko) Version/6.0 Mobile/10B329 Safari/8536.25"
88.64.236.21 - - [27/Aug/2013:04:33:52 +0200] "GET /img/lay07.gif HTTP/1.1" 200 453 "http://www.dr-heidi-fleischer.de/impressum.php" "Mozilla/5.0 (iPhone; CPU iPhone OS 6_1_3 like Mac OS X) AppleWebKit/536.26 (KHTML, like Gecko) Version/6.0 Mobile/10B329 Safari/8536.25"
88.64.236.21 - - [27/Aug/2013:04:33:52 +0200] "GET /img/spez_leistungen_2.jpg HTTP/1.1" 200 13667 "http://www.dr-heidi-fleischer.de/impressum.php" "Mozilla/5.0 (iPhone; CPU iPhone OS 6_1_3 like Mac OS X) AppleWebKit/536.26 (KHTML, like Gecko) Version/6.0 Mobile/10B329 Safari/8536.25"
88.64.236.21 - - [27/Aug/2013:04:33:52 +0200] "GET /img/roll_trans.gif HTTP/1.1" 200 609 "http://www.dr-heidi-fleischer.de/impressum.php" "Mozilla/5.0 (iPhone; CPU iPhone OS 6_1_3 like Mac OS X) AppleWebKit/536.26 (KHTML, like Gecko) Version/6.0 Mobile/10B329 Safari/8536.25"
88.64.236.21 - - [27/Aug/2013:04:33:52 +0200] "GET /img/roll_trans2.gif HTTP/1.1" 200 609 "http://www.dr-heidi-fleischer.de/impressum.php" "Mozilla/5.0 (iPhone; CPU iPhone OS 6_1_3 like Mac OS X) AppleWebKit/536.26 (KHTML, like Gecko) Version/6.0 Mobile/10B329 Safari/8536.25"
88.64.236.21 - - [27/Aug/2013:04:33:52 +0200] "GET /img/lay16.gif HTTP/1.1" 200 309 "http://www.dr-heidi-fleischer.de/impressum.php" "Mozilla/5.0 (iPhone; CPU iPhone OS 6_1_3 like Mac OS X) AppleWebKit/536.26 (KHTML, like Gecko) Version/6.0 Mobile/10B329 Safari/8536.25"
88.64.236.21 - - [27/Aug/2013:04:33:52 +0200] "GET /img/lay13.gif HTTP/1.1" 200 181 "http://www.dr-heidi-fleischer.de/impressum.php" "Mozilla/5.0 (iPhone; CPU iPhone OS 6_1_3 like Mac OS X) AppleWebKit/536.26 (KHTML, like Gecko) Version/6.0 Mobile/10B329 Safari/8536.25"
88.64.236.21 - - [27/Aug/2013:04:33:52 +0200] "GET /img/lay14.gif HTTP/1.1" 200 104 "http://www.dr-heidi-fleischer.de/impressum.php" "Mozilla/5.0 (iPhone; CPU iPhone OS 6_1_3 like Mac OS X) AppleWebKit/536.26 (KHTML, like Gecko) Version/6.0 Mobile/10B329 Safari/8536.25"
88.64.236.21 - - [27/Aug/2013:04:33:52 +0200] "GET /img/hg_body.jpg HTTP/1.1" 200 2615 "http://www.dr-heidi-fleischer.de/impressum.php" "Mozilla/5.0 (iPhone; CPU iPhone OS 6_1_3 like Mac OS X) AppleWebKit/536.26 (KHTML, like Gecko) Version/6.0 Mobile/10B329 Safari/8536.25"
88.64.236.21 - - [27/Aug/2013:04:33:52 +0200] "GET /img/lay02.gif HTTP/1.1" 200 68 "http://www.dr-heidi-fleischer.de/impressum.php" "Mozilla/5.0 (iPhone; CPU iPhone OS 6_1_3 like Mac OS X) AppleWebKit/536.26 (KHTML, like Gecko) Version/6.0 Mobile/10B329 Safari/8536.25"
88.64.236.21 - - [27/Aug/2013:04:33:52 +0200] "GET /img/zert_1gross.jpg HTTP/1.1" 200 22004 "http://www.dr-heidi-fleischer.de/impressum.php" "Mozilla/5.0 (iPhone; CPU iPhone OS 6_1_3 like Mac OS X) AppleWebKit/536.26 (KHTML, like Gecko) Version/6.0 Mobile/10B329 Safari/8536.25"
88.64.236.21 - - [27/Aug/2013:04:33:52 +0200] "GET /img/lay03.gif HTTP/1.1" 200 1060 "http://www.dr-heidi-fleischer.de/impressum.php" "Mozilla/5.0 (iPhone; CPU iPhone OS 6_1_3 like Mac OS X) AppleWebKit/536.26 (KHTML, like Gecko) Version/6.0 Mobile/10B329 Safari/8536.25"
88.64.236.21 - - [27/Aug/2013:04:33:52 +0200] "GET /img/lay04.gif HTTP/1.1" 200 68 "http://www.dr-heidi-fleischer.de/impressum.php" "Mozilla/5.0 (iPhone; CPU iPhone OS 6_1_3 like Mac OS X) AppleWebKit/536.26 (KHTML, like Gecko) Version/6.0 Mobile/10B329 Safari/8536.25"
88.64.236.21 - - [27/Aug/2013:04:33:52 +0200] "GET /img/header_neu.gif HTTP/1.1" 200 32567 "http://www.dr-heidi-fleischer.de/impressum.php" "Mozilla/5.0 (iPhone; CPU iPhone OS 6_1_3 like Mac OS X) AppleWebKit/536.26 (KHTML, like Gecko) Version/6.0 Mobile/10B329 Safari/8536.25"
88.64.236.21 - - [27/Aug/2013:04:33:52 +0200] "GET /img/lay10.gif HTTP/1.1" 200 252 "http://www.dr-heidi-fleischer.de/impressum.php" "Mozilla/5.0 (iPhone; CPU iPhone OS 6_1_3 like Mac OS X) AppleWebKit/536.26 (KHTML, like Gecko) Version/6.0 Mobile/10B329 Safari/8536.25"
88.64.236.21 - - [27/Aug/2013:04:33:52 +0200] "GET /img/lay09.gif HTTP/1.1" 200 135 "http://www.dr-heidi-fleischer.de/impressum.php" "Mozilla/5.0 (iPhone; CPU iPhone OS 6_1_3 like Mac OS X) AppleWebKit/536.26 (KHTML, like Gecko) Version/6.0 Mobile/10B329 Safari/8536.25"
88.64.236.21 - - [27/Aug/2013:04:33:52 +0200] "GET /img/hg_zahn2.gif HTTP/1.1" 200 20816 "http://www.dr-heidi-fleischer.de/impressum.php" "Mozilla/5.0 (iPhone; CPU iPhone OS 6_1_3 like Mac OS X) AppleWebKit/536.26 (KHTML, like Gecko) Version/6.0 Mobile/10B329 Safari/8536.25"
88.64.236.21 - - [27/Aug/2013:04:33:52 +0200] "GET /img/right_bg.gif HTTP/1.1" 200 76 "http://www.dr-heidi-fleischer.de/impressum.php" "Mozilla/5.0 (iPhone; CPU iPhone OS 6_1_3 like Mac OS X) AppleWebKit/536.26 (KHTML, like Gecko) Version/6.0 Mobile/10B329 Safari/8536.25"
88.64.236.21 - - [27/Aug/2013:04:33:52 +0200] "GET /img/left_bg2.gif HTTP/1.1" 200 176 "http://www.dr-heidi-fleischer.de/impressum.php" "Mozilla/5.0 (iPhone; CPU iPhone OS 6_1_3 like Mac OS X) AppleWebKit/536.26 (KHTML, like Gecko) Version/6.0 Mobile/10B329 Safari/8536.25"
88.64.236.21 - - [27/Aug/2013:04:33:52 +0200] "GET /img/bottom_bg.gif HTTP/1.1" 200 79 "http://www.dr-heidi-fleischer.de/impressum.php" "Mozilla/5.0 (iPhone; CPU iPhone OS 6_1_3 like Mac OS X) AppleWebKit/536.26 (KHTML, like Gecko) Version/6.0 Mobile/10B329 Safari/8536.25"
88.64.236.21 - - [27/Aug/2013:04:33:52 +0200] "GET /img/lay05.gif HTTP/1.1" 200 331 "http://www.dr-heidi-fleischer.de/impressum.php" "Mozilla/5.0 (iPhone; CPU iPhone OS 6_1_3 like Mac OS X) AppleWebKit/536.26 (KHTML, like Gecko) Version/6.0 Mobile/10B329 Safari/8536.25"
88.64.236.21 - - [27/Aug/2013:04:33:52 +0200] "GET /img/left_bg.gif HTTP/1.1" 200 98 "http://www.dr-heidi-fleischer.de/impressum.php" "Mozilla/5.0 (iPhone; CPU iPhone OS 6_1_3 like Mac OS X) AppleWebKit/536.26 (KHTML, like Gecko) Version/6.0 Mobile/10B329 Safari/8536.25"
88.64.236.21 - - [27/Aug/2013:04:34:38 +0200] "GET / HTTP/1.1" 200 9626 "-" "Mozilla/5.0 (iPhone; CPU iPhone OS 6_1_3 like Mac OS X) AppleWebKit/536.26 (KHTML, like Gecko) Version/6.0 Mobile/10B329 Safari/8536.25"
88.64.236.21 - - [27/Aug/2013:04:34:38 +0200] "GET /img/zert_1.jpg HTTP/1.1" 200 6013 "http://www.dr-heidi-fleischer.de/" "Mozilla/5.0 (iPhone; CPU iPhone OS 6_1_3 like Mac OS X) AppleWebKit/536.26 (KHTML, like Gecko) Version/6.0 Mobile/10B329 Safari/8536.25"
88.64.236.21 - - [27/Aug/2013:04:34:39 +0200] "GET /img/right_bg.jpg HTTP/1.1" 404 1256 "http://www.dr-heidi-fleischer.de/" "Mozilla/5.0 (iPhone; CPU iPhone OS 6_1_3 like Mac OS X) AppleWebKit/536.26 (KHTML, like Gecko) Version/6.0 Mobile/10B329 Safari/8536.25"
88.64.236.21 - - [27/Aug/2013:04:34:38 +0200] "GET /img/dr_fleischer_ani.gif HTTP/1.1" 200 854042 "http://www.dr-heidi-fleischer.de/" "Mozilla/5.0 (iPhone; CPU iPhone OS 6_1_3 like Mac OS X) AppleWebKit/536.26 (KHTML, like Gecko) Version/6.0 Mobile/10B329 Safari/8536.25"
141.8.147.12 - - [27/Aug/2013:04:35:08 +0200] "GET /img/f_1-p.gif HTTP/1.1" 304 - "-" "Mozilla/5.0 (compatible; YandexImages/3.0; +http://yandex.com/bots)"
88.64.236.21 - - [27/Aug/2013:04:35:20 +0200] "GET /impressum.php HTTP/1.1" 200 8293 "https://www.google.de/" "Mozilla/5.0 (iPhone; CPU iPhone OS 6_1_3 like Mac OS X) AppleWebKit/536.26 (KHTML, like Gecko) Version/6.0 Mobile/10B329 Safari/8536.25"
141.8.147.12 - - [27/Aug/2013:04:45:17 +0200] "GET /img/spez_leistungen_1.jpg HTTP/1.1" 304 - "-" "Mozilla/5.0 (compatible; YandexImages/3.0; +http://yandex.com/bots)"
5.10.83.15 - - [27/Aug/2013:04:46:14 +0200] "GET /anfahrt.php HTTP/1.1" 200 8074 "-" "Mozilla/5.0 (compatible; AhrefsBot/5.0; +http://ahrefs.com/robot/)"
199.30.16.52 - - [27/Aug/2013:05:03:12 +0200] "GET /robots.txt HTTP/1.1" 200 218 "-" "msnbot-media/1.1 (+http://search.msn.com/msnbot.htm)"
199.30.16.52 - - [27/Aug/2013:05:03:12 +0200] "GET /img/lay09.gif HTTP/1.1" 200 135 "-" "msnbot-media/1.1 (+http://search.msn.com/msnbot.htm)"
141.8.147.12 - - [27/Aug/2013:05:23:44 +0200] "GET /img/roll_trans.gif HTTP/1.1" 304 - "-" "Mozilla/5.0 (compatible; YandexImages/3.0; +http://yandex.com/bots)"
5.10.83.15 - - [27/Aug/2013:05:51:54 +0200] "GET /leistungen.php HTTP/1.1" 200 8056 "-" "Mozilla/5.0 (compatible; AhrefsBot/5.0; +http://ahrefs.com/robot/)"
141.8.147.12 - - [27/Aug/2013:06:25:41 +0200] "GET /img/lay14.gif HTTP/1.1" 304 - "-" "Mozilla/5.0 (compatible; YandexImages/3.0; +http://yandex.com/bots)"
141.8.147.12 - - [27/Aug/2013:06:38:39 +0200] "GET /robots.txt HTTP/1.1" 200 218 "-" "Mozilla/5.0 (compatible; YandexBot/3.0; +http://yandex.com/bots)"
141.8.147.12 - - [27/Aug/2013:06:38:41 +0200] "GET /img/lay06neu.gif HTTP/1.1" 304 - "-" "Mozilla/5.0 (compatible; YandexImages/3.0; +http://yandex.com/bots)"
141.8.147.12 - - [27/Aug/2013:06:47:19 +0200] "GET /img/roll_trans2.gif HTTP/1.1" 304 - "-" "Mozilla/5.0 (compatible; YandexImages/3.0; +http://yandex.com/bots)"
141.8.147.12 - - [27/Aug/2013:07:28:01 +0200] "GET /img/tel_footer.gif HTTP/1.1" 304 - "-" "Mozilla/5.0 (compatible; YandexImages/3.0; +http://yandex.com/bots)"
141.8.147.12 - - [27/Aug/2013:07:39:54 +0200] "GET /img/lay16.gif HTTP/1.1" 304 - "-" "Mozilla/5.0 (compatible; YandexImages/3.0; +http://yandex.com/bots)"
141.8.147.12 - - [27/Aug/2013:07:48:42 +0200] "GET /img/roll_trans.gif HTTP/1.1" 304 - "-" "Mozilla/5.0 (compatible; YandexImages/3.0; +http://yandex.com/bots)"
199.30.16.9 - - [27/Aug/2013:08:00:32 +0200] "GET /robots.txt HTTP/1.1" 200 218 "-" "msnbot-media/1.1 (+http://search.msn.com/msnbot.htm)"
199.30.16.9 - - [27/Aug/2013:08:00:32 +0200] "GET /img/lay08.gif HTTP/1.1" 200 534 "-" "msnbot-media/1.1 (+http://search.msn.com/msnbot.htm)"
199.19.249.196 - - [27/Aug/2013:08:21:41 +0200] "GET / HTTP/1.1" 200 9626 "-" "Mozilla/4.0 (compatible; MSIE 7.0; Windows NT 5.1; InfoPath.1; .NET CLR 2.0.50727; .NET CLR 1.1.4322; MS-RTC LM 8; .NET CLR 3.0.4506.2152; .NET CLR 3.5.30729)"
62.159.116.132 - - [27/Aug/2013:08:21:41 +0200] "GET / HTTP/1.1" 200 9626 "http://www.google.de/url?sa=t&rct=j&q=&esrc=s&source=web&cd=1&ved=0CDEQFjAA&url=http%3A%2F%2Fwww.dr-heidi-fleischer.de%2F&ei=a0UcUtX1C8aktAbc3YHoCw&usg=AFQjCNFtUEW4ruGRBkbh9xWO3kO7xPGlWQ&bvm=bv.51156542,d.Yms" "Mozilla/5.0 (Windows NT 5.1; rv:22.0) Gecko/20100101 Firefox/22.0"
62.159.116.132 - - [27/Aug/2013:08:21:42 +0200] "GET /img/f_1-p.gif HTTP/1.1" 200 43 "-" "Mozilla/4.0 (compatible;)"
62.159.116.132 - - [27/Aug/2013:08:21:42 +0200] "GET /img/lay06neu.gif HTTP/1.1" 200 583 "-" "Mozilla/4.0 (compatible;)"
62.159.116.132 - - [27/Aug/2013:08:21:42 +0200] "GET /img/lay01.gif HTTP/1.1" 200 273 "-" "Mozilla/4.0 (compatible;)"
62.159.116.132 - - [27/Aug/2013:08:21:42 +0200] "GET /img/tel_footer.gif HTTP/1.1" 200 1051 "-" "Mozilla/4.0 (compatible;)"
62.159.116.132 - - [27/Aug/2013:08:21:42 +0200] "GET /img/lay07.gif HTTP/1.1" 200 453 "-" "Mozilla/4.0 (compatible;)"
62.159.116.132 - - [27/Aug/2013:08:21:42 +0200] "GET /img/zert_1.jpg HTTP/1.1" 200 6013 "-" "Mozilla/4.0 (compatible;)"
62.159.116.132 - - [27/Aug/2013:08:21:42 +0200] "GET /img/roll_trans.gif HTTP/1.1" 200 609 "-" "Mozilla/4.0 (compatible;)"
62.159.116.132 - - [27/Aug/2013:08:21:42 +0200] "GET /img/roll_trans2.gif HTTP/1.1" 200 609 "-" "Mozilla/4.0 (compatible;)"
62.159.116.132 - - [27/Aug/2013:08:21:42 +0200] "GET /img/animated_favicon1.gif HTTP/1.1" 200 1808 "-" "Mozilla/5.0 (Windows NT 5.1; rv:22.0) Gecko/20100101 Firefox/22.0"
62.159.116.132 - - [27/Aug/2013:08:21:42 +0200] "GET /img/lay16.gif HTTP/1.1" 200 309 "-" "Mozilla/4.0 (compatible;)"
62.159.116.132 - - [27/Aug/2013:08:21:42 +0200] "GET /img/dr_fleischer_ani.gif HTTP/1.1" 200 854042 "-" "Mozilla/4.0 (compatible;)"
62.159.116.132 - - [27/Aug/2013:08:21:43 +0200] "GET /img/lay08.gif HTTP/1.1" 200 534 "-" "Mozilla/4.0 (compatible;)"
62.159.116.132 - - [27/Aug/2013:08:21:43 +0200] "GET /img/lay09.gif HTTP/1.1" 200 135 "-" "Mozilla/4.0 (compatible;)"
62.159.116.132 - - [27/Aug/2013:08:21:44 +0200] "GET /img/lay13.gif HTTP/1.1" 200 181 "-" "Mozilla/4.0 (compatible;)"
62.159.116.132 - - [27/Aug/2013:08:21:44 +0200] "GET /img/lay14.gif HTTP/1.1" 200 104 "-" "Mozilla/4.0 (compatible;)"
62.159.116.132 - - [27/Aug/2013:08:21:44 +0200] "GET /css/fl_style.css HTTP/1.1" 200 10194 "http://www.dr-heidi-fleischer.de/" "Mozilla/5.0 (Windows NT 5.1; rv:22.0) Gecko/20100101 Firefox/22.0"
62.159.116.132 - - [27/Aug/2013:08:21:44 +0200] "GET /img/zert_1gross.jpg HTTP/1.1" 200 22004 "-" "Mozilla/4.0 (compatible;)"
62.159.116.132 - - [27/Aug/2013:08:21:45 +0200] "GET /scripte/all_scripts.js HTTP/1.1" 200 249 "http://www.dr-heidi-fleischer.de/" "Mozilla/5.0 (Windows NT 5.1; rv:22.0) Gecko/20100101 Firefox/22.0"
62.159.116.132 - - [27/Aug/2013:08:21:45 +0200] "GET /img/favicon.ico HTTP/1.1" 200 5430 "-" "Mozilla/5.0 (Windows NT 5.1; rv:22.0) Gecko/20100101 Firefox/22.0"
62.159.116.132 - - [27/Aug/2013:08:21:45 +0200] "GET /img/hg_body.jpg HTTP/1.1" 200 2615 "http://www.dr-heidi-fleischer.de/css/fl_style.css" "Mozilla/5.0 (Windows NT 5.1; rv:22.0) Gecko/20100101 Firefox/22.0"
62.159.116.132 - - [27/Aug/2013:08:21:45 +0200] "GET /img/lay03.gif HTTP/1.1" 200 1060 "http://www.dr-heidi-fleischer.de/" "Mozilla/5.0 (Windows NT 5.1; rv:22.0) Gecko/20100101 Firefox/22.0"
62.159.116.132 - - [27/Aug/2013:08:21:45 +0200] "GET /img/lay02.gif HTTP/1.1" 200 68 "http://www.dr-heidi-fleischer.de/" "Mozilla/5.0 (Windows NT 5.1; rv:22.0) Gecko/20100101 Firefox/22.0"
62.159.116.132 - - [27/Aug/2013:08:21:45 +0200] "GET /img/left_bg2.gif HTTP/1.1" 200 176 "http://www.dr-heidi-fleischer.de/" "Mozilla/5.0 (Windows NT 5.1; rv:22.0) Gecko/20100101 Firefox/22.0"
62.159.116.132 - - [27/Aug/2013:08:21:45 +0200] "GET /img/hg_zahn2.gif HTTP/1.1" 200 20816 "http://www.dr-heidi-fleischer.de/" "Mozilla/5.0 (Windows NT 5.1; rv:22.0) Gecko/20100101 Firefox/22.0"
62.159.116.132 - - [27/Aug/2013:08:21:45 +0200] "GET /img/left_bg.gif HTTP/1.1" 200 98 "http://www.dr-heidi-fleischer.de/" "Mozilla/5.0 (Windows NT 5.1; rv:22.0) Gecko/20100101 Firefox/22.0"
62.159.116.132 - - [27/Aug/2013:08:21:45 +0200] "GET /img/bottom_bg.gif HTTP/1.1" 200 79 "http://www.dr-heidi-fleischer.de/" "Mozilla/5.0 (Windows NT 5.1; rv:22.0) Gecko/20100101 Firefox/22.0"
62.159.116.132 - - [27/Aug/2013:08:21:45 +0200] "GET /img/lay04.gif HTTP/1.1" 200 68 "http://www.dr-heidi-fleischer.de/" "Mozilla/5.0 (Windows NT 5.1; rv:22.0) Gecko/20100101 Firefox/22.0"
62.159.116.132 - - [27/Aug/2013:08:21:45 +0200] "GET /img/right_bg.gif HTTP/1.1" 200 76 "http://www.dr-heidi-fleischer.de/" "Mozilla/5.0 (Windows NT 5.1; rv:22.0) Gecko/20100101 Firefox/22.0"
62.159.116.132 - - [27/Aug/2013:08:21:45 +0200] "GET /img/right_bg.jpg HTTP/1.1" 404 1256 "http://www.dr-heidi-fleischer.de/" "Mozilla/5.0 (Windows NT 5.1; rv:22.0) Gecko/20100101 Firefox/22.0"
62.159.116.132 - - [27/Aug/2013:08:21:46 +0200] "GET /img/lay05.gif HTTP/1.1" 200 331 "http://www.dr-heidi-fleischer.de/" "Mozilla/5.0 (Windows NT 5.1; rv:22.0) Gecko/20100101 Firefox/22.0"
62.159.116.132 - - [27/Aug/2013:08:21:46 +0200] "GET /img/header_neu.gif HTTP/1.1" 200 32567 "http://www.dr-heidi-fleischer.de/css/fl_style.css" "Mozilla/5.0 (Windows NT 5.1; rv:22.0) Gecko/20100101 Firefox/22.0"
62.159.116.132 - - [27/Aug/2013:08:21:46 +0200] "GET /img/lay10.gif HTTP/1.1" 200 252 "http://www.dr-heidi-fleischer.de/" "Mozilla/5.0 (Windows NT 5.1; rv:22.0) Gecko/20100101 Firefox/22.0"
5.10.83.15 - - [27/Aug/2013:08:47:03 +0200] "GET /praxis.php HTTP/1.1" 200 7017 "-" "Mozilla/5.0 (compatible; AhrefsBot/5.0; +http://ahrefs.com/robot/)"
199.19.249.196 - - [27/Aug/2013:09:19:32 +0200] "GET /spez_leistungen.php HTTP/1.1" 200 7752 "-" "Mozilla/4.0 (compatible; MSIE 7.0; Windows NT 5.1; InfoPath.1; .NET CLR 2.0.50727; .NET CLR 1.1.4322; MS-RTC LM 8; .NET CLR 3.0.4506.2152; .NET CLR 3.5.30729)"
62.159.116.132 - - [27/Aug/2013:09:19:32 +0200] "GET /spez_leistungen.php HTTP/1.1" 200 7752 "http://www.dr-heidi-fleischer.de/" "Mozilla/5.0 (Windows NT 5.1; rv:22.0) Gecko/20100101 Firefox/22.0"
62.159.116.132 - - [27/Aug/2013:09:19:33 +0200] "GET /img/spez_leistungen_2.jpg HTTP/1.1" 200 13667 "-" "Mozilla/4.0 (compatible;)"
62.159.116.132 - - [27/Aug/2013:09:19:33 +0200] "GET /img/spez_leistungen_1.jpg HTTP/1.1" 200 18858 "-" "Mozilla/4.0 (compatible;)"
199.19.249.196 - - [27/Aug/2013:09:19:42 +0200] "GET /praxis.php HTTP/1.1" 200 7017 "-" "Mozilla/4.0 (compatible; MSIE 7.0; Windows NT 5.1; InfoPath.1; .NET CLR 2.0.50727; .NET CLR 1.1.4322; MS-RTC LM 8; .NET CLR 3.0.4506.2152; .NET CLR 3.5.30729)"
62.159.116.132 - - [27/Aug/2013:09:19:42 +0200] "GET /praxis.php HTTP/1.1" 200 7017 "http://www.dr-heidi-fleischer.de/spez_leistungen.php" "Mozilla/5.0 (Windows NT 5.1; rv:22.0) Gecko/20100101 Firefox/22.0"
62.159.116.132 - - [27/Aug/2013:09:19:42 +0200] "GET /img/right_bg.jpg HTTP/1.1" 404 1256 "http://www.dr-heidi-fleischer.de/praxis.php" "Mozilla/5.0 (Windows NT 5.1; rv:22.0) Gecko/20100101 Firefox/22.0"
62.159.116.132 - - [27/Aug/2013:09:19:42 +0200] "GET /img/praxis_2.jpg HTTP/1.1" 200 30574 "-" "Mozilla/4.0 (compatible;)"
62.159.116.132 - - [27/Aug/2013:09:19:42 +0200] "GET /img/praxis_1.jpg HTTP/1.1" 200 39868 "-" "Mozilla/4.0 (compatible;)"
62.159.116.132 - - [27/Aug/2013:09:19:42 +0200] "GET /img/praxis_3.jpg HTTP/1.1" 200 36951 "-" "Mozilla/4.0 (compatible;)"
144.76.95.232 - - [27/Aug/2013:10:13:02 +0200] "GET /robots.txt HTTP/1.0" 200 218 "-" "Mozilla/5.0 (compatible; MJ12bot/v1.4.4; http://www.majestic12.co.uk/bot.php?+)"
144.76.95.232 - - [27/Aug/2013:10:13:04 +0200] "GET / HTTP/1.0" 200 9626 "-" "Mozilla/5.0 (compatible; MJ12bot/v1.4.4; http://www.majestic12.co.uk/bot.php?+)"
141.8.147.12 - - [27/Aug/2013:10:51:36 +0200] "GET / HTTP/1.1" 200 9626 "-" "Mozilla/5.0 (compatible; YandexBot/3.0; +http://yandex.com/bots)"
141.8.147.12 - - [27/Aug/2013:10:51:38 +0200] "GET /img/f_1-p.gif HTTP/1.1" 304 - "-" "Mozilla/5.0 (compatible; YandexImages/3.0; +http://yandex.com/bots)"
141.8.147.12 - - [27/Aug/2013:11:23:33 +0200] "GET /img/spez_leistungen_1.jpg HTTP/1.1" 304 - "-" "Mozilla/5.0 (compatible; YandexImages/3.0; +http://yandex.com/bots)"
157.55.35.37 - - [27/Aug/2013:11:27:52 +0200] "GET /robots.txt HTTP/1.1" 200 218 "-" "Mozilla/5.0 (compatible; bingbot/2.0; +http://www.bing.com/bingbot.htm)"
157.55.35.37 - - [27/Aug/2013:11:35:21 +0200] "GET /leistungen.php HTTP/1.1" 200 8056 "-" "Mozilla/5.0 (compatible; bingbot/2.0; +http://www.bing.com/bingbot.htm)"
131.253.24.8 - - [27/Aug/2013:11:46:40 +0200] "GET /robots.txt HTTP/1.1" 200 218 "-" "msnbot-media/1.1 (+http://search.msn.com/msnbot.htm)"
131.253.24.8 - - [27/Aug/2013:11:46:40 +0200] "GET /img/leistungen_1.jpg HTTP/1.1" 200 15190 "-" "msnbot-media/1.1 (+http://search.msn.com/msnbot.htm)"
157.55.35.37 - - [27/Aug/2013:11:54:14 +0200] "GET /leistungen.php HTTP/1.1" 200 8056 "-" "Mozilla/5.0 (compatible; bingbot/2.0; +http://www.bing.com/bingbot.htm)"
66.249.78.38 - - [27/Aug/2013:12:17:12 +0200] "GET /robots.txt HTTP/1.1" 200 218 "-" "Mozilla/5.0 (compatible; Googlebot/2.1; +http://www.google.com/bot.html)"
66.249.78.38 - - [27/Aug/2013:12:17:14 +0200] "GET / HTTP/1.1" 200 9626 "-" "Mozilla/5.0 (iPhone; U; CPU iPhone OS 4_1 like Mac OS X; en-us) AppleWebKit/532.9 (KHTML, like Gecko) Version/4.0.5 Mobile/8B117 Safari/6531.22.7 (compatible; Googlebot-Mobile/2.1; +http://www.google.com/bot.html)"
66.249.75.176 - - [27/Aug/2013:13:44:25 +0200] "GET /favicon.ico HTTP/1.1" 404 1256 "-" "Googlebot-Image/1.0"
141.8.147.12 - - [27/Aug/2013:15:50:50 +0200] "GET /img/lay14.gif HTTP/1.1" 304 - "-" "Mozilla/5.0 (compatible; YandexImages/3.0; +http://yandex.com/bots)"
66.249.78.38 - - [27/Aug/2013:16:40:05 +0200] "GET /robots.txt HTTP/1.1" 200 218 "-" "Mozilla/5.0 (compatible; Googlebot/2.1; +http://www.google.com/bot.html)"
66.249.78.38 - - [27/Aug/2013:16:40:05 +0200] "GET /leistungen.php HTTP/1.1" 200 8056 "-" "Mozilla/5.0 (iPhone; U; CPU iPhone OS 4_1 like Mac OS X; en-us) AppleWebKit/532.9 (KHTML, like Gecko) Version/4.0.5 Mobile/8B117 Safari/6531.22.7 (compatible; Googlebot-Mobile/2.1; +http://www.google.com/bot.html)"
188.195.230.34 - - [27/Aug/2013:16:46:42 +0200] "GET / HTTP/1.1" 200 9626 "http://www.google.de/url?sa=t&rct=j&q=&esrc=s&source=web&cd=1&ved=0CEIQFjAA&url=http%3A%2F%2Fwww.dr-heidi-fleischer.de%2F&ei=yLscUvDvF4ibtQb104HYAQ&usg=AFQjCNFtUEW4ruGRBkbh9xWO3kO7xPGlWQ&bvm=bv.51156542,d.Yms" "Mozilla/5.0 (X11; Ubuntu; Linux i686; rv:23.0) Gecko/20100101 Firefox/23.0"
188.195.230.34 - - [27/Aug/2013:16:46:42 +0200] "GET /css/fl_style.css HTTP/1.1" 200 10194 "http://www.dr-heidi-fleischer.de/" "Mozilla/5.0 (X11; Ubuntu; Linux i686; rv:23.0) Gecko/20100101 Firefox/23.0"
188.195.230.34 - - [27/Aug/2013:16:46:42 +0200] "GET /scripte/all_scripts.js HTTP/1.1" 200 249 "http://www.dr-heidi-fleischer.de/" "Mozilla/5.0 (X11; Ubuntu; Linux i686; rv:23.0) Gecko/20100101 Firefox/23.0"
188.195.230.34 - - [27/Aug/2013:16:46:42 +0200] "GET /img/lay01.gif HTTP/1.1" 200 273 "http://www.dr-heidi-fleischer.de/" "Mozilla/5.0 (X11; Ubuntu; Linux i686; rv:23.0) Gecko/20100101 Firefox/23.0"
188.195.230.34 - - [27/Aug/2013:16:46:42 +0200] "GET /img/f_1-p.gif HTTP/1.1" 200 43 "http://www.dr-heidi-fleischer.de/" "Mozilla/5.0 (X11; Ubuntu; Linux i686; rv:23.0) Gecko/20100101 Firefox/23.0"
188.195.230.34 - - [27/Aug/2013:16:46:42 +0200] "GET /img/tel_footer.gif HTTP/1.1" 200 1051 "http://www.dr-heidi-fleischer.de/" "Mozilla/5.0 (X11; Ubuntu; Linux i686; rv:23.0) Gecko/20100101 Firefox/23.0"
188.195.230.34 - - [27/Aug/2013:16:46:42 +0200] "GET /img/lay06neu.gif HTTP/1.1" 200 583 "http://www.dr-heidi-fleischer.de/" "Mozilla/5.0 (X11; Ubuntu; Linux i686; rv:23.0) Gecko/20100101 Firefox/23.0"
188.195.230.34 - - [27/Aug/2013:16:46:42 +0200] "GET /img/lay07.gif HTTP/1.1" 200 453 "http://www.dr-heidi-fleischer.de/" "Mozilla/5.0 (X11; Ubuntu; Linux i686; rv:23.0) Gecko/20100101 Firefox/23.0"
188.195.230.34 - - [27/Aug/2013:16:46:42 +0200] "GET /img/favicon.ico HTTP/1.1" 200 5430 "-" "Mozilla/5.0 (X11; Ubuntu; Linux i686; rv:23.0) Gecko/20100101 Firefox/23.0"
188.195.230.34 - - [27/Aug/2013:16:46:42 +0200] "GET /img/animated_favicon1.gif HTTP/1.1" 200 1808 "-" "Mozilla/5.0 (X11; Ubuntu; Linux i686; rv:23.0) Gecko/20100101 Firefox/23.0"
188.195.230.34 - - [27/Aug/2013:16:46:42 +0200] "GET /img/zert_1.jpg HTTP/1.1" 200 6013 "http://www.dr-heidi-fleischer.de/" "Mozilla/5.0 (X11; Ubuntu; Linux i686; rv:23.0) Gecko/20100101 Firefox/23.0"
188.195.230.34 - - [27/Aug/2013:16:46:42 +0200] "GET /img/roll_trans.gif HTTP/1.1" 200 609 "http://www.dr-heidi-fleischer.de/" "Mozilla/5.0 (X11; Ubuntu; Linux i686; rv:23.0) Gecko/20100101 Firefox/23.0"
188.195.230.34 - - [27/Aug/2013:16:46:42 +0200] "GET /img/roll_trans2.gif HTTP/1.1" 200 609 "http://www.dr-heidi-fleischer.de/" "Mozilla/5.0 (X11; Ubuntu; Linux i686; rv:23.0) Gecko/20100101 Firefox/23.0"
188.195.230.34 - - [27/Aug/2013:16:46:42 +0200] "GET /img/lay16.gif HTTP/1.1" 200 309 "http://www.dr-heidi-fleischer.de/" "Mozilla/5.0 (X11; Ubuntu; Linux i686; rv:23.0) Gecko/20100101 Firefox/23.0"
188.195.230.34 - - [27/Aug/2013:16:46:42 +0200] "GET /img/lay08.gif HTTP/1.1" 200 534 "http://www.dr-heidi-fleischer.de/" "Mozilla/5.0 (X11; Ubuntu; Linux i686; rv:23.0) Gecko/20100101 Firefox/23.0"
188.195.230.34 - - [27/Aug/2013:16:46:42 +0200] "GET /img/lay09.gif HTTP/1.1" 200 135 "http://www.dr-heidi-fleischer.de/" "Mozilla/5.0 (X11; Ubuntu; Linux i686; rv:23.0) Gecko/20100101 Firefox/23.0"
188.195.230.34 - - [27/Aug/2013:16:46:42 +0200] "GET /img/lay13.gif HTTP/1.1" 200 181 "http://www.dr-heidi-fleischer.de/" "Mozilla/5.0 (X11; Ubuntu; Linux i686; rv:23.0) Gecko/20100101 Firefox/23.0"
188.195.230.34 - - [27/Aug/2013:16:46:42 +0200] "GET /img/lay14.gif HTTP/1.1" 200 104 "http://www.dr-heidi-fleischer.de/" "Mozilla/5.0 (X11; Ubuntu; Linux i686; rv:23.0) Gecko/20100101 Firefox/23.0"
188.195.230.34 - - [27/Aug/2013:16:46:42 +0200] "GET /img/hg_body.jpg HTTP/1.1" 200 2615 "http://www.dr-heidi-fleischer.de/css/fl_style.css" "Mozilla/5.0 (X11; Ubuntu; Linux i686; rv:23.0) Gecko/20100101 Firefox/23.0"
188.195.230.34 - - [27/Aug/2013:16:46:42 +0200] "GET /img/lay02.gif HTTP/1.1" 200 68 "http://www.dr-heidi-fleischer.de/" "Mozilla/5.0 (X11; Ubuntu; Linux i686; rv:23.0) Gecko/20100101 Firefox/23.0"
188.195.230.34 - - [27/Aug/2013:16:46:42 +0200] "GET /img/lay03.gif HTTP/1.1" 200 1060 "http://www.dr-heidi-fleischer.de/" "Mozilla/5.0 (X11; Ubuntu; Linux i686; rv:23.0) Gecko/20100101 Firefox/23.0"
188.195.230.34 - - [27/Aug/2013:16:46:42 +0200] "GET /img/lay04.gif HTTP/1.1" 200 68 "http://www.dr-heidi-fleischer.de/" "Mozilla/5.0 (X11; Ubuntu; Linux i686; rv:23.0) Gecko/20100101 Firefox/23.0"
188.195.230.34 - - [27/Aug/2013:16:46:42 +0200] "GET /img/lay05.gif HTTP/1.1" 200 331 "http://www.dr-heidi-fleischer.de/" "Mozilla/5.0 (X11; Ubuntu; Linux i686; rv:23.0) Gecko/20100101 Firefox/23.0"
188.195.230.34 - - [27/Aug/2013:16:46:42 +0200] "GET /img/left_bg2.gif HTTP/1.1" 200 176 "http://www.dr-heidi-fleischer.de/" "Mozilla/5.0 (X11; Ubuntu; Linux i686; rv:23.0) Gecko/20100101 Firefox/23.0"
188.195.230.34 - - [27/Aug/2013:16:46:42 +0200] "GET /img/zert_1gross.jpg HTTP/1.1" 200 22004 "http://www.dr-heidi-fleischer.de/" "Mozilla/5.0 (X11; Ubuntu; Linux i686; rv:23.0) Gecko/20100101 Firefox/23.0"
188.195.230.34 - - [27/Aug/2013:16:46:42 +0200] "GET /img/right_bg.jpg HTTP/1.1" 404 1256 "http://www.dr-heidi-fleischer.de/" "Mozilla/5.0 (X11; Ubuntu; Linux i686; rv:23.0) Gecko/20100101 Firefox/23.0"
188.195.230.34 - - [27/Aug/2013:16:46:42 +0200] "GET /img/left_bg.gif HTTP/1.1" 200 98 "http://www.dr-heidi-fleischer.de/" "Mozilla/5.0 (X11; Ubuntu; Linux i686; rv:23.0) Gecko/20100101 Firefox/23.0"
188.195.230.34 - - [27/Aug/2013:16:46:42 +0200] "GET /img/right_bg.gif HTTP/1.1" 200 76 "http://www.dr-heidi-fleischer.de/" "Mozilla/5.0 (X11; Ubuntu; Linux i686; rv:23.0) Gecko/20100101 Firefox/23.0"
188.195.230.34 - - [27/Aug/2013:16:46:42 +0200] "GET /img/lay10.gif HTTP/1.1" 200 252 "http://www.dr-heidi-fleischer.de/" "Mozilla/5.0 (X11; Ubuntu; Linux i686; rv:23.0) Gecko/20100101 Firefox/23.0"
188.195.230.34 - - [27/Aug/2013:16:46:42 +0200] "GET /img/hg_zahn2.gif HTTP/1.1" 200 20816 "http://www.dr-heidi-fleischer.de/" "Mozilla/5.0 (X11; Ubuntu; Linux i686; rv:23.0) Gecko/20100101 Firefox/23.0"
188.195.230.34 - - [27/Aug/2013:16:46:43 +0200] "GET /img/bottom_bg.gif HTTP/1.1" 200 79 "http://www.dr-heidi-fleischer.de/" "Mozilla/5.0 (X11; Ubuntu; Linux i686; rv:23.0) Gecko/20100101 Firefox/23.0"
188.195.230.34 - - [27/Aug/2013:16:46:42 +0200] "GET /img/header_neu.gif HTTP/1.1" 200 32567 "http://www.dr-heidi-fleischer.de/css/fl_style.css" "Mozilla/5.0 (X11; Ubuntu; Linux i686; rv:23.0) Gecko/20100101 Firefox/23.0"
188.195.230.34 - - [27/Aug/2013:16:46:42 +0200] "GET /img/dr_fleischer_ani.gif HTTP/1.1" 200 854042 "http://www.dr-heidi-fleischer.de/" "Mozilla/5.0 (X11; Ubuntu; Linux i686; rv:23.0) Gecko/20100101 Firefox/23.0"
141.8.147.12 - - [27/Aug/2013:16:54:53 +0200] "GET /img/roll_trans.gif HTTP/1.1" 304 - "-" "Mozilla/5.0 (compatible; YandexImages/3.0; +http://yandex.com/bots)"
141.8.147.12 - - [27/Aug/2013:17:12:10 +0200] "GET /robots.txt HTTP/1.1" 200 218 "-" "Mozilla/5.0 (compatible; YandexBot/3.0; +http://yandex.com/bots)"
141.8.147.12 - - [27/Aug/2013:17:12:12 +0200] "GET / HTTP/1.1" 200 9626 "-" "Mozilla/5.0 (compatible; YandexBot/3.0; +http://yandex.com/bots)"
141.8.147.12 - - [27/Aug/2013:17:12:15 +0200] "GET / HTTP/1.1" 200 9626 "-" "Mozilla/5.0 (compatible; YandexBot/3.0; +http://yandex.com/bots)"
141.8.147.12 - - [27/Aug/2013:17:12:26 +0200] "GET / HTTP/1.1" 200 9626 "-" "Mozilla/5.0 (compatible; YandexBot/3.0; +http://yandex.com/bots)"
141.8.147.12 - - [27/Aug/2013:17:12:28 +0200] "GET / HTTP/1.1" 200 9626 "-" "Mozilla/5.0 (compatible; YandexBot/3.0; +http://yandex.com/bots)"
141.8.147.12 - - [27/Aug/2013:17:20:00 +0200] "GET /img/lay16.gif HTTP/1.1" 304 - "-" "Mozilla/5.0 (compatible; YandexImages/3.0; +http://yandex.com/bots)"
141.8.147.12 - - [27/Aug/2013:17:26:03 +0200] "GET /img/lay06neu.gif HTTP/1.1" 304 - "-" "Mozilla/5.0 (compatible; YandexImages/3.0; +http://yandex.com/bots)"
141.8.147.12 - - [27/Aug/2013:17:37:04 +0200] "GET /img/f_1-p.gif HTTP/1.1" 304 - "-" "Mozilla/5.0 (compatible; YandexImages/3.0; +http://yandex.com/bots)"
141.8.147.12 - - [27/Aug/2013:17:59:29 +0200] "GET /img/roll_trans2.gif HTTP/1.1" 304 - "-" "Mozilla/5.0 (compatible; YandexImages/3.0; +http://yandex.com/bots)"
87.158.145.160 - - [27/Aug/2013:18:23:21 +0200] "GET / HTTP/1.1" 200 9626 "https://www.google.de/" "Mozilla/5.0 (Windows NT 6.1) AppleWebKit/537.36 (KHTML, like Gecko) Chrome/28.0.1500.95 Safari/537.36"
87.158.145.160 - - [27/Aug/2013:18:23:21 +0200] "GET /css/fl_style.css HTTP/1.1" 200 10194 "http://www.dr-heidi-fleischer.de/" "Mozilla/5.0 (Windows NT 6.1) AppleWebKit/537.36 (KHTML, like Gecko) Chrome/28.0.1500.95 Safari/537.36"
87.158.145.160 - - [27/Aug/2013:18:23:21 +0200] "GET /scripte/all_scripts.js HTTP/1.1" 200 249 "http://www.dr-heidi-fleischer.de/" "Mozilla/5.0 (Windows NT 6.1) AppleWebKit/537.36 (KHTML, like Gecko) Chrome/28.0.1500.95 Safari/537.36"
87.158.145.160 - - [27/Aug/2013:18:23:21 +0200] "GET /img/lay01.gif HTTP/1.1" 200 273 "http://www.dr-heidi-fleischer.de/" "Mozilla/5.0 (Windows NT 6.1) AppleWebKit/537.36 (KHTML, like Gecko) Chrome/28.0.1500.95 Safari/537.36"
87.158.145.160 - - [27/Aug/2013:18:23:21 +0200] "GET /img/f_1-p.gif HTTP/1.1" 200 43 "http://www.dr-heidi-fleischer.de/" "Mozilla/5.0 (Windows NT 6.1) AppleWebKit/537.36 (KHTML, like Gecko) Chrome/28.0.1500.95 Safari/537.36"
87.158.145.160 - - [27/Aug/2013:18:23:21 +0200] "GET /img/tel_footer.gif HTTP/1.1" 200 1051 "http://www.dr-heidi-fleischer.de/" "Mozilla/5.0 (Windows NT 6.1) AppleWebKit/537.36 (KHTML, like Gecko) Chrome/28.0.1500.95 Safari/537.36"
87.158.145.160 - - [27/Aug/2013:18:23:21 +0200] "GET /img/lay06neu.gif HTTP/1.1" 200 583 "http://www.dr-heidi-fleischer.de/" "Mozilla/5.0 (Windows NT 6.1) AppleWebKit/537.36 (KHTML, like Gecko) Chrome/28.0.1500.95 Safari/537.36"
87.158.145.160 - - [27/Aug/2013:18:23:21 +0200] "GET /img/lay07.gif HTTP/1.1" 200 453 "http://www.dr-heidi-fleischer.de/" "Mozilla/5.0 (Windows NT 6.1) AppleWebKit/537.36 (KHTML, like Gecko) Chrome/28.0.1500.95 Safari/537.36"
87.158.145.160 - - [27/Aug/2013:18:23:21 +0200] "GET /img/zert_1.jpg HTTP/1.1" 200 6013 "http://www.dr-heidi-fleischer.de/" "Mozilla/5.0 (Windows NT 6.1) AppleWebKit/537.36 (KHTML, like Gecko) Chrome/28.0.1500.95 Safari/537.36"
87.158.145.160 - - [27/Aug/2013:18:23:21 +0200] "GET /img/roll_trans.gif HTTP/1.1" 200 609 "http://www.dr-heidi-fleischer.de/" "Mozilla/5.0 (Windows NT 6.1) AppleWebKit/537.36 (KHTML, like Gecko) Chrome/28.0.1500.95 Safari/537.36"
87.158.145.160 - - [27/Aug/2013:18:23:22 +0200] "GET /img/roll_trans2.gif HTTP/1.1" 200 609 "http://www.dr-heidi-fleischer.de/" "Mozilla/5.0 (Windows NT 6.1) AppleWebKit/537.36 (KHTML, like Gecko) Chrome/28.0.1500.95 Safari/537.36"
87.158.145.160 - - [27/Aug/2013:18:23:22 +0200] "GET /img/lay16.gif HTTP/1.1" 200 309 "http://www.dr-heidi-fleischer.de/" "Mozilla/5.0 (Windows NT 6.1) AppleWebKit/537.36 (KHTML, like Gecko) Chrome/28.0.1500.95 Safari/537.36"
87.158.145.160 - - [27/Aug/2013:18:23:22 +0200] "GET /img/hg_body.jpg HTTP/1.1" 200 2615 "http://www.dr-heidi-fleischer.de/" "Mozilla/5.0 (Windows NT 6.1) AppleWebKit/537.36 (KHTML, like Gecko) Chrome/28.0.1500.95 Safari/537.36"
87.158.145.160 - - [27/Aug/2013:18:23:22 +0200] "GET /img/lay02.gif HTTP/1.1" 200 68 "http://www.dr-heidi-fleischer.de/" "Mozilla/5.0 (Windows NT 6.1) AppleWebKit/537.36 (KHTML, like Gecko) Chrome/28.0.1500.95 Safari/537.36"
87.158.145.160 - - [27/Aug/2013:18:23:22 +0200] "GET /img/lay03.gif HTTP/1.1" 200 1060 "http://www.dr-heidi-fleischer.de/" "Mozilla/5.0 (Windows NT 6.1) AppleWebKit/537.36 (KHTML, like Gecko) Chrome/28.0.1500.95 Safari/537.36"
87.158.145.160 - - [27/Aug/2013:18:23:22 +0200] "GET /img/lay04.gif HTTP/1.1" 200 68 "http://www.dr-heidi-fleischer.de/" "Mozilla/5.0 (Windows NT 6.1) AppleWebKit/537.36 (KHTML, like Gecko) Chrome/28.0.1500.95 Safari/537.36"
87.158.145.160 - - [27/Aug/2013:18:23:22 +0200] "GET /img/lay05.gif HTTP/1.1" 200 331 "http://www.dr-heidi-fleischer.de/" "Mozilla/5.0 (Windows NT 6.1) AppleWebKit/537.36 (KHTML, like Gecko) Chrome/28.0.1500.95 Safari/537.36"
87.158.145.160 - - [27/Aug/2013:18:23:22 +0200] "GET /img/header_neu.gif HTTP/1.1" 200 32567 "http://www.dr-heidi-fleischer.de/" "Mozilla/5.0 (Windows NT 6.1) AppleWebKit/537.36 (KHTML, like Gecko) Chrome/28.0.1500.95 Safari/537.36"
87.158.145.160 - - [27/Aug/2013:18:23:22 +0200] "GET /img/left_bg2.gif HTTP/1.1" 200 176 "http://www.dr-heidi-fleischer.de/" "Mozilla/5.0 (Windows NT 6.1) AppleWebKit/537.36 (KHTML, like Gecko) Chrome/28.0.1500.95 Safari/537.36"
87.158.145.160 - - [27/Aug/2013:18:23:22 +0200] "GET /img/hg_zahn2.gif HTTP/1.1" 200 20816 "http://www.dr-heidi-fleischer.de/" "Mozilla/5.0 (Windows NT 6.1) AppleWebKit/537.36 (KHTML, like Gecko) Chrome/28.0.1500.95 Safari/537.36"
87.158.145.160 - - [27/Aug/2013:18:23:22 +0200] "GET /img/right_bg.jpg HTTP/1.1" 404 1256 "http://www.dr-heidi-fleischer.de/" "Mozilla/5.0 (Windows NT 6.1) AppleWebKit/537.36 (KHTML, like Gecko) Chrome/28.0.1500.95 Safari/537.36"
87.158.145.160 - - [27/Aug/2013:18:23:22 +0200] "GET /img/left_bg.gif HTTP/1.1" 200 98 "http://www.dr-heidi-fleischer.de/" "Mozilla/5.0 (Windows NT 6.1) AppleWebKit/537.36 (KHTML, like Gecko) Chrome/28.0.1500.95 Safari/537.36"
87.158.145.160 - - [27/Aug/2013:18:23:22 +0200] "GET /img/lay08.gif HTTP/1.1" 200 534 "http://www.dr-heidi-fleischer.de/" "Mozilla/5.0 (Windows NT 6.1) AppleWebKit/537.36 (KHTML, like Gecko) Chrome/28.0.1500.95 Safari/537.36"
87.158.145.160 - - [27/Aug/2013:18:23:22 +0200] "GET /img/right_bg.gif HTTP/1.1" 200 76 "http://www.dr-heidi-fleischer.de/" "Mozilla/5.0 (Windows NT 6.1) AppleWebKit/537.36 (KHTML, like Gecko) Chrome/28.0.1500.95 Safari/537.36"
87.158.145.160 - - [27/Aug/2013:18:23:22 +0200] "GET /img/lay09.gif HTTP/1.1" 200 135 "http://www.dr-heidi-fleischer.de/" "Mozilla/5.0 (Windows NT 6.1) AppleWebKit/537.36 (KHTML, like Gecko) Chrome/28.0.1500.95 Safari/537.36"
87.158.145.160 - - [27/Aug/2013:18:23:22 +0200] "GET /img/lay10.gif HTTP/1.1" 200 252 "http://www.dr-heidi-fleischer.de/" "Mozilla/5.0 (Windows NT 6.1) AppleWebKit/537.36 (KHTML, like Gecko) Chrome/28.0.1500.95 Safari/537.36"
87.158.145.160 - - [27/Aug/2013:18:23:22 +0200] "GET /img/bottom_bg.gif HTTP/1.1" 200 79 "http://www.dr-heidi-fleischer.de/" "Mozilla/5.0 (Windows NT 6.1) AppleWebKit/537.36 (KHTML, like Gecko) Chrome/28.0.1500.95 Safari/537.36"
87.158.145.160 - - [27/Aug/2013:18:23:22 +0200] "GET /img/lay13.gif HTTP/1.1" 200 181 "http://www.dr-heidi-fleischer.de/" "Mozilla/5.0 (Windows NT 6.1) AppleWebKit/537.36 (KHTML, like Gecko) Chrome/28.0.1500.95 Safari/537.36"
87.158.145.160 - - [27/Aug/2013:18:23:22 +0200] "GET /img/lay14.gif HTTP/1.1" 200 104 "http://www.dr-heidi-fleischer.de/" "Mozilla/5.0 (Windows NT 6.1) AppleWebKit/537.36 (KHTML, like Gecko) Chrome/28.0.1500.95 Safari/537.36"
87.158.145.160 - - [27/Aug/2013:18:23:22 +0200] "GET /img/zert_1gross.jpg HTTP/1.1" 200 22004 "http://www.dr-heidi-fleischer.de/" "Mozilla/5.0 (Windows NT 6.1) AppleWebKit/537.36 (KHTML, like Gecko) Chrome/28.0.1500.95 Safari/537.36"
87.158.145.160 - - [27/Aug/2013:18:23:21 +0200] "GET /img/dr_fleischer_ani.gif HTTP/1.1" 200 854042 "http://www.dr-heidi-fleischer.de/" "Mozilla/5.0 (Windows NT 6.1) AppleWebKit/537.36 (KHTML, like Gecko) Chrome/28.0.1500.95 Safari/537.36"
87.158.145.160 - - [27/Aug/2013:18:23:23 +0200] "GET /img/animated_favicon1.gif HTTP/1.1" 200 1808 "-" "Mozilla/5.0 (Windows NT 6.1) AppleWebKit/537.36 (KHTML, like Gecko) Chrome/28.0.1500.95 Safari/537.36"
141.8.147.12 - - [27/Aug/2013:18:28:20 +0200] "GET /img/tel_footer.gif HTTP/1.1" 304 - "-" "Mozilla/5.0 (compatible; YandexImages/3.0; +http://yandex.com/bots)"
5.10.83.15 - - [27/Aug/2013:19:32:55 +0200] "GET /spez_leistungen.php HTTP/1.1" 200 7752 "-" "Mozilla/5.0 (compatible; AhrefsBot/5.0; +http://ahrefs.com/robot/)"
5.10.83.15 - - [27/Aug/2013:19:33:06 +0200] "GET /kont.php HTTP/1.1" 200 8494 "-" "Mozilla/5.0 (compatible; AhrefsBot/5.0; +http://ahrefs.com/robot/)"
65.55.213.43 - - [27/Aug/2013:21:05:18 +0200] "GET /impressum.php HTTP/1.1" 200 8293 "-" "Mozilla/4.0 (compatible; MSIE 7.0; Windows NT 5.2; SV1; .NET CLR 1.1.4325; .NET CLR 2.0.50727; .NET CLR 3.0.30729; .NET CLR 3.5.30729; MS-RTC LM 8)"
65.55.213.43 - - [27/Aug/2013:21:05:19 +0200] "GET /css/fl_style.css HTTP/1.1" 200 10194 "http://www.dr-heidi-fleischer.de/impressum.php" "Mozilla/4.0 (compatible; MSIE 7.0; Windows NT 5.2; SV1; .NET CLR 1.1.4325; .NET CLR 2.0.50727; .NET CLR 3.0.30729; .NET CLR 3.5.30729; MS-RTC LM 8)"
65.55.213.43 - - [27/Aug/2013:21:05:19 +0200] "GET /scripte/all_scripts.js HTTP/1.1" 200 249 "http://www.dr-heidi-fleischer.de/impressum.php" "Mozilla/4.0 (compatible; MSIE 7.0; Windows NT 5.2; SV1; .NET CLR 1.1.4325; .NET CLR 2.0.50727; .NET CLR 3.0.30729; .NET CLR 3.5.30729; MS-RTC LM 8)"
141.8.147.12 - - [27/Aug/2013:21:42:47 +0200] "GET /robots.txt HTTP/1.1" 200 218 "-" "Mozilla/5.0 (compatible; YandexBot/3.0; +http://yandex.com/bots)"
141.8.147.12 - - [27/Aug/2013:22:46:10 +0200] "GET /img/lay14.gif HTTP/1.1" 304 - "-" "Mozilla/5.0 (compatible; YandexImages/3.0; +http://yandex.com/bots)"
66.249.78.38 - - [27/Aug/2013:22:59:22 +0200] "GET /robots.txt HTTP/1.1" 200 218 "-" "Mozilla/5.0 (compatible; Googlebot/2.1; +http://www.google.com/bot.html)"
66.249.78.38 - - [27/Aug/2013:22:59:22 +0200] "GET / HTTP/1.1" 200 9626 "-" "Mozilla/5.0 (compatible; Googlebot/2.1; +http://www.google.com/bot.html)"
66.249.78.38 - - [27/Aug/2013:23:09:16 +0200] "GET /css/fl_style.css HTTP/1.1" 200 10194 "-" "Mozilla/5.0 (compatible; Googlebot/2.1; +http://www.google.com/bot.html)"
5.10.83.14 - - [27/Aug/2013:23:23:46 +0200] "GET /anfahrt.php HTTP/1.1" 200 8074 "-" "Mozilla/5.0 (compatible; AhrefsBot/5.0; +http://ahrefs.com/robot/)"
141.8.147.12 - - [27/Aug/2013:23:31:05 +0200] "GET /img/f_1-p.gif HTTP/1.1" 304 - "-" "Mozilla/5.0 (compatible; YandexImages/3.0; +http://yandex.com/bots)"
64.246.165.200 - - [27/Aug/2013:23:58:28 +0200] "GET /robots.txt HTTP/1.0" 200 218 "-" "Mozilla/5.0 (Windows; U; Windows NT 5.1; en; rv:1.9.0.13) Gecko/2009073022 Firefox/3.5.2 (.NET CLR 3.5.30729) SurveyBot/2.3 (DomainTools)"
64.246.165.200 - - [27/Aug/2013:23:58:28 +0200] "GET / HTTP/1.1" 200 9626 "http://whois.domaintools.com/dr-heidi-fleischer.de" "Mozilla/5.0 (Windows; U; Windows NT 5.1; en; rv:1.9.0.13) Gecko/2009073022 Firefox/3.5.2 (.NET CLR 3.5.30729) SurveyBot/2.3 (DomainTools)"
141.8.147.12 - - [28/Aug/2013:00:08:19 +0200] "GET /img/roll_trans.gif HTTP/1.1" 304 - "-" "Mozilla/5.0 (compatible; YandexImages/3.0; +http://yandex.com/bots)"
141.8.147.12 - - [28/Aug/2013:00:24:14 +0200] "GET /img/lay06neu.gif HTTP/1.1" 304 - "-" "Mozilla/5.0 (compatible; YandexImages/3.0; +http://yandex.com/bots)"
141.8.147.12 - - [28/Aug/2013:00:37:44 +0200] "GET /img/roll_trans2.gif HTTP/1.1" 304 - "-" "Mozilla/5.0 (compatible; YandexImages/3.0; +http://yandex.com/bots)"
66.249.78.38 - - [28/Aug/2013:00:45:11 +0200] "GET /spez_leistungen.php HTTP/1.1" 200 7752 "-" "Mozilla/5.0 (iPhone; U; CPU iPhone OS 4_1 like Mac OS X; en-us) AppleWebKit/532.9 (KHTML, like Gecko) Version/4.0.5 Mobile/8B117 Safari/6531.22.7 (compatible; Googlebot-Mobile/2.1; +http://www.google.com/bot.html)"
141.8.147.12 - - [28/Aug/2013:01:09:44 +0200] "GET /img/tel_footer.gif HTTP/1.1" 304 - "-" "Mozilla/5.0 (compatible; YandexImages/3.0; +http://yandex.com/bots)"
5.10.83.14 - - [28/Aug/2013:01:51:05 +0200] "GET /leistungen.php HTTP/1.1" 200 8056 "-" "Mozilla/5.0 (compatible; AhrefsBot/5.0; +http://ahrefs.com/robot/)"
141.8.147.12 - - [28/Aug/2013:02:03:01 +0200] "GET /img/lay16.gif HTTP/1.1" 304 - "-" "Mozilla/5.0 (compatible; YandexImages/3.0; +http://yandex.com/bots)"
66.249.78.38 - - [28/Aug/2013:03:40:49 +0200] "GET / HTTP/1.1" 200 9626 "-" "Mozilla/5.0 (compatible; Googlebot/2.1; +http://www.google.com/bot.html)"
141.8.147.12 - - [28/Aug/2013:03:52:36 +0200] "GET /img/lay06neu.gif HTTP/1.1" 304 - "-" "Mozilla/5.0 (compatible; YandexImages/3.0; +http://yandex.com/bots)"
141.8.147.12 - - [28/Aug/2013:04:20:17 +0200] "GET /img/roll_trans.gif HTTP/1.1" 304 - "-" "Mozilla/5.0 (compatible; YandexImages/3.0; +http://yandex.com/bots)"
141.8.147.12 - - [28/Aug/2013:04:37:29 +0200] "GET /img/lay14.gif HTTP/1.1" 304 - "-" "Mozilla/5.0 (compatible; YandexImages/3.0; +http://yandex.com/bots)"
141.8.147.12 - - [28/Aug/2013:05:00:56 +0200] "GET /img/lay16.gif HTTP/1.1" 304 - "-" "Mozilla/5.0 (compatible; YandexImages/3.0; +http://yandex.com/bots)"
208.115.113.88 - - [28/Aug/2013:05:02:53 +0200] "GET /robots.txt HTTP/1.1" 200 218 "-" "Mozilla/5.0 (compatible; Ezooms/1.0; ezooms.bot@gmail.com)"
141.8.147.12 - - [28/Aug/2013:05:45:50 +0200] "GET /img/f_1-p.gif HTTP/1.1" 304 - "-" "Mozilla/5.0 (compatible; YandexImages/3.0; +http://yandex.com/bots)"
141.8.147.12 - - [28/Aug/2013:06:41:44 +0200] "GET /img/roll_trans2.gif HTTP/1.1" 304 - "-" "Mozilla/5.0 (compatible; YandexImages/3.0; +http://yandex.com/bots)"
208.115.113.88 - - [28/Aug/2013:07:09:28 +0200] "GET /impressum.php HTTP/1.1" 200 8293 "-" "Mozilla/5.0 (compatible; Ezooms/1.0; ezooms.bot@gmail.com)"
141.8.147.12 - - [28/Aug/2013:07:16:38 +0200] "GET /img/tel_footer.gif HTTP/1.1" 304 - "-" "Mozilla/5.0 (compatible; YandexImages/3.0; +http://yandex.com/bots)"
208.115.113.83 - - [28/Aug/2013:08:07:04 +0200] "GET /robots.txt HTTP/1.1" 200 218 "-" "Mozilla/5.0 (compatible; Ezooms/1.0; ezooms.bot@gmail.com)"
212.34.172.250 - - [28/Aug/2013:08:07:33 +0200] "GET / HTTP/1.0" 200 9626 "http://www.google.de/url?sa=t&rct=j&q=zahnarzt%20dr%20fleischer%20n%C3%BCrnberg&source=web&cd=1&ved=0CEYQFjAA&url=http%3A%2F%2Fwww.dr-heidi-fleischer.de%2F&ei=j5MdUp7BJ-LF0QW3xYDYDA&usg=AFQjCNFtUEW4ruGRBkbh9xWO3kO7xPGlWQ&bvm=bv.51156542,d.bGE" "Mozilla/5.0 (compatible; MSIE 9.0; Windows NT 6.1; Trident/5.0)"
212.34.172.250 - - [28/Aug/2013:08:07:33 +0200] "GET /css/fl_style.css HTTP/1.0" 200 10194 "http://www.dr-heidi-fleischer.de/" "Mozilla/5.0 (compatible; MSIE 9.0; Windows NT 6.1; Trident/5.0)"
212.34.172.250 - - [28/Aug/2013:08:07:33 +0200] "GET /img/lay01.gif HTTP/1.0" 200 273 "http://www.dr-heidi-fleischer.de/" "Mozilla/5.0 (compatible; MSIE 9.0; Windows NT 6.1; Trident/5.0)"
212.34.172.250 - - [28/Aug/2013:08:07:33 +0200] "GET /img/tel_footer.gif HTTP/1.0" 200 1051 "http://www.dr-heidi-fleischer.de/" "Mozilla/5.0 (compatible; MSIE 9.0; Windows NT 6.1; Trident/5.0)"
212.34.172.250 - - [28/Aug/2013:08:07:33 +0200] "GET /img/lay06neu.gif HTTP/1.0" 200 583 "http://www.dr-heidi-fleischer.de/" "Mozilla/5.0 (compatible; MSIE 9.0; Windows NT 6.1; Trident/5.0)"
212.34.172.250 - - [28/Aug/2013:08:07:33 +0200] "GET /img/zert_1.jpg HTTP/1.0" 200 6013 "http://www.dr-heidi-fleischer.de/" "Mozilla/5.0 (compatible; MSIE 9.0; Windows NT 6.1; Trident/5.0)"
212.34.172.250 - - [28/Aug/2013:08:07:33 +0200] "GET /img/roll_trans.gif HTTP/1.0" 200 609 "http://www.dr-heidi-fleischer.de/" "Mozilla/5.0 (compatible; MSIE 9.0; Windows NT 6.1; Trident/5.0)"
212.34.172.250 - - [28/Aug/2013:08:07:33 +0200] "GET /img/f_1-p.gif HTTP/1.0" 200 43 "http://www.dr-heidi-fleischer.de/" "Mozilla/5.0 (compatible; MSIE 9.0; Windows NT 6.1; Trident/5.0)"
212.34.172.250 - - [28/Aug/2013:08:07:33 +0200] "GET /img/lay07.gif HTTP/1.0" 200 453 "http://www.dr-heidi-fleischer.de/" "Mozilla/5.0 (compatible; MSIE 9.0; Windows NT 6.1; Trident/5.0)"
212.34.172.250 - - [28/Aug/2013:08:07:33 +0200] "GET /scripte/all_scripts.js HTTP/1.0" 200 249 "http://www.dr-heidi-fleischer.de/" "Mozilla/5.0 (compatible; MSIE 9.0; Windows NT 6.1; Trident/5.0)"
212.34.172.250 - - [28/Aug/2013:08:07:33 +0200] "GET /img/lay02.gif HTTP/1.0" 200 68 "http://www.dr-heidi-fleischer.de/" "Mozilla/5.0 (compatible; MSIE 9.0; Windows NT 6.1; Trident/5.0)"
212.34.172.250 - - [28/Aug/2013:08:07:33 +0200] "GET /img/hg_body.jpg HTTP/1.0" 200 2615 "http://www.dr-heidi-fleischer.de/" "Mozilla/5.0 (compatible; MSIE 9.0; Windows NT 6.1; Trident/5.0)"
212.34.172.250 - - [28/Aug/2013:08:07:33 +0200] "GET /img/lay04.gif HTTP/1.0" 200 68 "http://www.dr-heidi-fleischer.de/" "Mozilla/5.0 (compatible; MSIE 9.0; Windows NT 6.1; Trident/5.0)"
212.34.172.250 - - [28/Aug/2013:08:07:33 +0200] "GET /img/lay03.gif HTTP/1.0" 200 1060 "http://www.dr-heidi-fleischer.de/" "Mozilla/5.0 (compatible; MSIE 9.0; Windows NT 6.1; Trident/5.0)"
212.34.172.250 - - [28/Aug/2013:08:07:33 +0200] "GET /img/lay05.gif HTTP/1.0" 200 331 "http://www.dr-heidi-fleischer.de/" "Mozilla/5.0 (compatible; MSIE 9.0; Windows NT 6.1; Trident/5.0)"
212.34.172.250 - - [28/Aug/2013:08:07:33 +0200] "GET /img/left_bg2.gif HTTP/1.0" 200 176 "http://www.dr-heidi-fleischer.de/" "Mozilla/5.0 (compatible; MSIE 9.0; Windows NT 6.1; Trident/5.0)"
212.34.172.250 - - [28/Aug/2013:08:07:33 +0200] "GET /img/right_bg.jpg HTTP/1.0" 404 1256 "http://www.dr-heidi-fleischer.de/" "Mozilla/5.0 (compatible; MSIE 9.0; Windows NT 6.1; Trident/5.0)"
212.34.172.250 - - [28/Aug/2013:08:07:33 +0200] "GET /img/hg_zahn2.gif HTTP/1.0" 200 20816 "http://www.dr-heidi-fleischer.de/" "Mozilla/5.0 (compatible; MSIE 9.0; Windows NT 6.1; Trident/5.0)"
212.34.172.250 - - [28/Aug/2013:08:07:34 +0200] "GET /img/roll_trans2.gif HTTP/1.0" 200 609 "http://www.dr-heidi-fleischer.de/" "Mozilla/5.0 (compatible; MSIE 9.0; Windows NT 6.1; Trident/5.0)"
212.34.172.250 - - [28/Aug/2013:08:07:33 +0200] "GET /img/dr_fleischer_ani.gif HTTP/1.0" 200 854042 "http://www.dr-heidi-fleischer.de/" "Mozilla/5.0 (compatible; MSIE 9.0; Windows NT 6.1; Trident/5.0)"
212.34.172.250 - - [28/Aug/2013:08:07:34 +0200] "GET /img/left_bg.gif HTTP/1.0" 200 98 "http://www.dr-heidi-fleischer.de/" "Mozilla/5.0 (compatible; MSIE 9.0; Windows NT 6.1; Trident/5.0)"
212.34.172.250 - - [28/Aug/2013:08:07:34 +0200] "GET /img/right_bg.gif HTTP/1.0" 200 76 "http://www.dr-heidi-fleischer.de/" "Mozilla/5.0 (compatible; MSIE 9.0; Windows NT 6.1; Trident/5.0)"
212.34.172.250 - - [28/Aug/2013:08:07:34 +0200] "GET /img/bottom_bg.gif HTTP/1.0" 200 79 "http://www.dr-heidi-fleischer.de/" "Mozilla/5.0 (compatible; MSIE 9.0; Windows NT 6.1; Trident/5.0)"
212.34.172.250 - - [28/Aug/2013:08:07:34 +0200] "GET /img/lay16.gif HTTP/1.0" 200 309 "http://www.dr-heidi-fleischer.de/" "Mozilla/5.0 (compatible; MSIE 9.0; Windows NT 6.1; Trident/5.0)"
212.34.172.250 - - [28/Aug/2013:08:07:34 +0200] "GET /img/lay10.gif HTTP/1.0" 200 252 "http://www.dr-heidi-fleischer.de/" "Mozilla/5.0 (compatible; MSIE 9.0; Windows NT 6.1; Trident/5.0)"
212.34.172.250 - - [28/Aug/2013:08:07:34 +0200] "GET /img/header_neu.gif HTTP/1.0" 200 32567 "http://www.dr-heidi-fleischer.de/" "Mozilla/5.0 (compatible; MSIE 9.0; Windows NT 6.1; Trident/5.0)"
212.34.172.250 - - [28/Aug/2013:08:07:34 +0200] "GET /img/lay13.gif HTTP/1.0" 200 181 "http://www.dr-heidi-fleischer.de/" "Mozilla/5.0 (compatible; MSIE 9.0; Windows NT 6.1; Trident/5.0)"
212.34.172.250 - - [28/Aug/2013:08:07:34 +0200] "GET /img/lay09.gif HTTP/1.0" 200 135 "http://www.dr-heidi-fleischer.de/" "Mozilla/5.0 (compatible; MSIE 9.0; Windows NT 6.1; Trident/5.0)"
212.34.172.250 - - [28/Aug/2013:08:07:34 +0200] "GET /img/lay14.gif HTTP/1.0" 200 104 "http://www.dr-heidi-fleischer.de/" "Mozilla/5.0 (compatible; MSIE 9.0; Windows NT 6.1; Trident/5.0)"
