193.252.149.15 - - [01/Sep/2014:01:53:45 +0200] "GET /robots.txt HTTP/1.1" 404 1256 "-" "Mozilla/5.0 (Windows NT 5.1; U; Win64; fr; rv:1.8.1) VoilaBot BETA 1.2 (support.voilabot@orange-ftgroup.com)"
193.252.149.15 - - [01/Sep/2014:01:54:01 +0200] "GET / HTTP/1.1" 200 569 "-" "Mozilla/5.0 (Windows NT 5.1; U; Win64; fr; rv:1.8.1) VoilaBot BETA 1.2 (support.voilabot@orange-ftgroup.com)"
101.226.168.250 - - [01/Sep/2014:10:12:41 +0200] "GET /robots.txt HTTP/1.1" 404 1256 "http://www.die-fabians.de/robots.txt" "Mozilla/5.0 (Windows NT 6.1) AppleWebKit/537.1 (KHTML, like Gecko) Chrome/21.0.1180.89 Safari/537.1; 360Spider"
148.251.11.141 - - [01/Sep/2014:14:44:56 +0200] "GET /robots.txt HTTP/1.1" 404 1256 "-" "Apache-HttpClient/4.3 (java 1.5)"
148.251.11.141 - - [01/Sep/2014:14:44:56 +0200] "GET / HTTP/1.1" 200 569 "-" "Apache-HttpClient/4.3 (java 1.5)"
198.204.243.116 - - [03/Sep/2014:15:39:21 +0200] "GET / HTTP/1.1" 200 569 "http://www.die-fabians.de" "Mozilla/5.0 (Windows NT 6.2; WOW64) AppleWebKit/537.36 (KHTML, like Gecko) Chrome/28.0.1500.72 Safari/537.36"
141.8.147.12 - - [04/Sep/2014:21:19:49 +0200] "GET /robots.txt HTTP/1.1" 404 1256 "-" "Mozilla/5.0 (compatible; YandexBot/3.0; +http://yandex.com/bots)"
141.8.147.12 - - [04/Sep/2014:21:19:51 +0200] "GET / HTTP/1.1" 200 569 "-" "Mozilla/5.0 (compatible; YandexBot/3.0; +http://yandex.com/bots)"
82.145.209.58 - - [05/Sep/2014:01:13:24 +0200] "GET / HTTP/1.1" 200 569 "http://www.google.com/search?q=die+fabians&btnG=&client=ms-opera-mini-android&channel=new&gws_rd=cr" "Opera/9.80 (Android; Opera Mini/7.5.35199/35.4139; U; de) Presto/2.8.119 Version/11.10"
82.145.209.58 - - [05/Sep/2014:01:13:24 +0200] "GET /favicon.ico HTTP/1.1" 404 1256 "http://www.die-fabians.de/" "Opera/9.80 (Android; Opera Mini/7.5.35199/35.4139; U; de) Presto/2.8.119 Version/11.10"
82.145.209.58 - - [05/Sep/2014:01:13:24 +0200] "GET /picture/img001.png HTTP/1.1" 200 643437 "http://www.die-fabians.de/" "Opera/9.80 (Android; Opera Mini/7.5.35199/35.4139; U; de) Presto/2.8.119 Version/11.10"
141.8.147.12 - - [05/Sep/2014:15:25:59 +0200] "GET /robots.txt HTTP/1.1" 404 1256 "-" "Mozilla/5.0 (compatible; YandexBot/3.0; +http://yandex.com/bots)"
141.8.147.12 - - [05/Sep/2014:15:26:01 +0200] "GET / HTTP/1.1" 200 569 "-" "Mozilla/5.0 (compatible; YandexBot/3.0; +http://yandex.com/bots)"
66.249.78.17 - - [05/Sep/2014:16:13:40 +0200] "GET /robots.txt HTTP/1.1" 404 1256 "-" "Mozilla/5.0 (compatible; Googlebot/2.1; +http://www.google.com/bot.html)"
66.249.78.10 - - [05/Sep/2014:16:13:40 +0200] "GET / HTTP/1.1" 304 - "-" "Mozilla/5.0 (compatible; Googlebot/2.1; +http://www.google.com/bot.html)"
162.210.196.98 - - [05/Sep/2014:16:28:07 +0200] "GET /robots.txt HTTP/1.0" 404 1256 "-" "Mozilla/5.0 (compatible; MJ12bot/v1.4.5; http://www.majestic12.co.uk/bot.php?+)"
162.210.196.98 - - [05/Sep/2014:16:28:09 +0200] "GET / HTTP/1.0" 200 569 "-" "Mozilla/5.0 (compatible; MJ12bot/v1.4.5; http://www.majestic12.co.uk/bot.php?+)"
81.144.138.34 - - [05/Sep/2014:19:12:35 +0200] "GET /robots.txt HTTP/1.1" 404 1256 "-" "Wotbox/2.01 (+http://www.wotbox.com/bot/)"
81.144.138.34 - - [05/Sep/2014:19:12:47 +0200] "GET / HTTP/1.1" 200 569 "-" "Wotbox/2.01 (+http://www.wotbox.com/bot/)"
66.249.78.17 - - [05/Sep/2014:21:07:34 +0200] "GET / HTTP/1.1" 304 - "-" "Mozilla/5.0 (compatible; Googlebot/2.1; +http://www.google.com/bot.html)"
148.251.11.134 - - [05/Sep/2014:23:30:40 +0200] "GET /robots.txt HTTP/1.1" 404 1256 "-" "Apache-HttpClient/4.3 (java 1.5)"
148.251.11.134 - - [05/Sep/2014:23:30:40 +0200] "GET / HTTP/1.1" 200 569 "-" "Apache-HttpClient/4.3 (java 1.5)"
141.8.147.12 - - [06/Sep/2014:01:15:16 +0200] "GET / HTTP/1.1" 200 569 "-" "Mozilla/5.0 (compatible; YandexBot/3.0; +http://yandex.com/bots)"
141.8.147.12 - - [06/Sep/2014:12:05:57 +0200] "GET /robots.txt HTTP/1.1" 404 1256 "-" "Mozilla/5.0 (compatible; YandexBot/3.0; +http://yandex.com/bots)"
141.8.147.12 - - [06/Sep/2014:12:05:59 +0200] "GET / HTTP/1.1" 200 569 "-" "Mozilla/5.0 (compatible; YandexBot/3.0; +http://yandex.com/bots)"
162.243.220.184 - - [06/Sep/2014:14:39:48 +0200] "GET /robots.txt HTTP/1.1" 404 1256 "-" "Mozilla/5.0 (compatible; spbot/4.1.0; +http://OpenLinkProfiler.org/bot )"
162.243.220.184 - - [06/Sep/2014:14:39:53 +0200] "GET / HTTP/1.1" 200 569 "-" "Mozilla/5.0 (compatible; spbot/4.1.0; +http://OpenLinkProfiler.org/bot )"
141.8.147.12 - - [06/Sep/2014:21:09:10 +0200] "GET / HTTP/1.1" 200 569 "-" "Mozilla/5.0 (compatible; YandexBot/3.0; +http://yandex.com/bots)"
198.204.243.116 - - [06/Sep/2014:22:08:55 +0200] "GET / HTTP/1.1" 200 569 "http://www.die-fabians.de" "Mozilla/5.0 (X11; Linux x86_64) AppleWebKit/537.22 (KHTML, like Gecko) Ubuntu Chromium/25.0.1364.160 Chrome/25.0.1364.160 Safari/537.22"
141.8.147.12 - - [07/Sep/2014:11:56:15 +0200] "GET /robots.txt HTTP/1.1" 404 1256 "-" "Mozilla/5.0 (compatible; YandexBot/3.0; +http://yandex.com/bots)"
141.8.147.12 - - [07/Sep/2014:11:56:17 +0200] "GET / HTTP/1.1" 200 569 "-" "Mozilla/5.0 (compatible; YandexBot/3.0; +http://yandex.com/bots)"
182.118.20.171 - - [07/Sep/2014:13:54:25 +0200] "GET /robots.txt HTTP/1.1" 404 1256 "http://www.die-fabians.de/robots.txt" "Mozilla/5.0 (compatible; MSIE 9.0; Windows NT 6.1; Trident/5.0); 360Spider"
141.8.147.12 - - [07/Sep/2014:18:58:47 +0200] "GET / HTTP/1.1" 200 569 "-" "Mozilla/5.0 (compatible; YandexBot/3.0; +http://yandex.com/bots)"
141.8.147.12 - - [08/Sep/2014:05:13:57 +0200] "GET /robots.txt HTTP/1.1" 404 1256 "-" "Mozilla/5.0 (compatible; YandexBot/3.0; +http://yandex.com/bots)"
141.8.147.12 - - [08/Sep/2014:05:13:59 +0200] "GET / HTTP/1.1" 200 569 "-" "Mozilla/5.0 (compatible; YandexBot/3.0; +http://yandex.com/bots)"
208.43.252.203 - - [08/Sep/2014:07:22:46 +0200] "GET /robots.txt HTTP/1.1" 404 1256 "-" "Mozilla/5.0 (compatible; SiteExplorer/1.0b; +http://siteexplorer.info/)"
208.43.252.203 - - [08/Sep/2014:07:22:50 +0200] "GET / HTTP/1.1" 200 569 "-" "Mozilla/5.0 (compatible; SiteExplorer/1.0b; +http://siteexplorer.info/)"
141.8.147.12 - - [08/Sep/2014:12:15:39 +0200] "GET / HTTP/1.1" 200 569 "-" "Mozilla/5.0 (compatible; YandexBot/3.0; +http://yandex.com/bots)"
148.251.11.141 - - [08/Sep/2014:17:27:37 +0200] "GET /robots.txt HTTP/1.1" 404 1256 "-" "Apache-HttpClient/4.3 (java 1.5)"
148.251.11.141 - - [08/Sep/2014:17:27:37 +0200] "GET / HTTP/1.1" 200 569 "-" "Apache-HttpClient/4.3 (java 1.5)"
141.8.147.12 - - [08/Sep/2014:21:17:48 +0200] "GET /robots.txt HTTP/1.1" 404 1256 "-" "Mozilla/5.0 (compatible; YandexBot/3.0; +http://yandex.com/bots)"
141.8.147.12 - - [08/Sep/2014:21:17:50 +0200] "GET / HTTP/1.1" 200 569 "-" "Mozilla/5.0 (compatible; YandexBot/3.0; +http://yandex.com/bots)"
141.8.147.12 - - [09/Sep/2014:03:51:20 +0200] "GET / HTTP/1.1" 200 569 "-" "Mozilla/5.0 (compatible; YandexBot/3.0; +http://yandex.com/bots)"
5.255.253.175 - - [09/Sep/2014:07:04:30 +0200] "GET /robots.txt HTTP/1.1" 404 1256 "-" "Mozilla/5.0 (compatible; YandexBot/3.0; +http://yandex.com/bots)"
5.255.253.175 - - [09/Sep/2014:07:04:33 +0200] "GET / HTTP/1.1" 200 569 "-" "Mozilla/5.0 (compatible; YandexBot/3.0; +http://yandex.com/bots)"
207.46.13.95 - - [09/Sep/2014:14:50:59 +0200] "GET /robots.txt HTTP/1.1" 404 1256 "-" "Mozilla/5.0 (compatible; bingbot/2.0; +http://www.bing.com/bingbot.htm)"
207.46.13.95 - - [09/Sep/2014:14:51:01 +0200] "GET / HTTP/1.1" 200 569 "-" "Mozilla/5.0 (compatible; bingbot/2.0; +http://www.bing.com/bingbot.htm)"
141.8.147.12 - - [09/Sep/2014:15:42:42 +0200] "GET /robots.txt HTTP/1.1" 404 1256 "-" "Mozilla/5.0 (compatible; YandexBot/3.0; +http://yandex.com/bots)"
141.8.147.12 - - [09/Sep/2014:15:42:44 +0200] "GET / HTTP/1.1" 200 569 "-" "Mozilla/5.0 (compatible; YandexBot/3.0; +http://yandex.com/bots)"
141.8.147.12 - - [09/Sep/2014:22:58:32 +0200] "GET / HTTP/1.1" 200 569 "-" "Mozilla/5.0 (compatible; YandexBot/3.0; +http://yandex.com/bots)"
64.246.165.140 - - [09/Sep/2014:23:44:30 +0200] "GET /robots.txt HTTP/1.0" 404 1256 "-" "Mozilla/5.0 (Windows; U; Windows NT 5.1; en; rv:1.9.0.13) Gecko/2009073022 Firefox/3.5.2 (.NET CLR 3.5.30729) SurveyBot/2.3 (DomainTools)"
64.246.165.140 - - [09/Sep/2014:23:44:30 +0200] "GET / HTTP/1.1" 200 569 "http://whois.domaintools.com/die-fabians.de" "Mozilla/5.0 (Windows; U; Windows NT 5.1; en; rv:1.9.0.13) Gecko/2009073022 Firefox/3.5.2 (.NET CLR 3.5.30729) SurveyBot/2.3 (DomainTools)"
141.8.147.12 - - [10/Sep/2014:05:10:20 +0200] "GET /robots.txt HTTP/1.1" 404 1256 "-" "Mozilla/5.0 (compatible; YandexBot/3.0; +http://yandex.com/bots)"
141.8.147.12 - - [10/Sep/2014:05:10:22 +0200] "GET / HTTP/1.1" 200 569 "-" "Mozilla/5.0 (compatible; YandexBot/3.0; +http://yandex.com/bots)"
141.8.147.12 - - [10/Sep/2014:12:20:41 +0200] "GET / HTTP/1.1" 200 569 "-" "Mozilla/5.0 (compatible; YandexBot/3.0; +http://yandex.com/bots)"
208.115.113.84 - - [10/Sep/2014:12:31:48 +0200] "GET /robots.txt HTTP/1.1" 404 1256 "-" "Mozilla/5.0 (compatible; DotBot/1.1; http://www.opensiteexplorer.org/dotbot, help@moz.com)"
208.115.113.84 - - [10/Sep/2014:13:53:31 +0200] "GET / HTTP/1.1" 200 569 "-" "Mozilla/5.0 (compatible; DotBot/1.1; http://www.opensiteexplorer.org/dotbot, help@moz.com)"
141.8.147.12 - - [10/Sep/2014:19:59:43 +0200] "GET /robots.txt HTTP/1.1" 404 1256 "-" "Mozilla/5.0 (compatible; YandexBot/3.0; +http://yandex.com/bots)"
141.8.147.12 - - [10/Sep/2014:19:59:46 +0200] "GET / HTTP/1.1" 200 569 "-" "Mozilla/5.0 (compatible; YandexBot/3.0; +http://yandex.com/bots)"
141.8.147.12 - - [11/Sep/2014:08:50:19 +0200] "GET /robots.txt HTTP/1.1" 404 1256 "-" "Mozilla/5.0 (compatible; YandexBot/3.0; +http://yandex.com/bots)"
141.8.147.12 - - [11/Sep/2014:08:50:22 +0200] "GET / HTTP/1.1" 200 569 "-" "Mozilla/5.0 (compatible; YandexBot/3.0; +http://yandex.com/bots)"
141.8.147.12 - - [11/Sep/2014:17:00:04 +0200] "GET / HTTP/1.1" 200 569 "-" "Mozilla/5.0 (compatible; YandexBot/3.0; +http://yandex.com/bots)"
141.8.147.12 - - [12/Sep/2014:05:28:15 +0200] "GET /robots.txt HTTP/1.1" 404 1256 "-" "Mozilla/5.0 (compatible; YandexBot/3.0; +http://yandex.com/bots)"
141.8.147.12 - - [12/Sep/2014:05:28:18 +0200] "GET / HTTP/1.1" 200 569 "-" "Mozilla/5.0 (compatible; YandexBot/3.0; +http://yandex.com/bots)"
141.8.147.12 - - [12/Sep/2014:21:18:26 +0200] "GET /robots.txt HTTP/1.1" 404 1256 "-" "Mozilla/5.0 (compatible; YandexBot/3.0; +http://yandex.com/bots)"
141.8.147.12 - - [12/Sep/2014:21:18:28 +0200] "GET / HTTP/1.1" 200 569 "-" "Mozilla/5.0 (compatible; YandexBot/3.0; +http://yandex.com/bots)"
216.107.155.114 - - [12/Sep/2014:22:35:35 +0200] "GET /robots.txt HTTP/1.0" 404 1256 "-" "Mozilla/5.0 (compatible; MJ12bot/v1.4.5; http://www.majestic12.co.uk/bot.php?+)"
216.107.155.114 - - [12/Sep/2014:22:35:37 +0200] "GET / HTTP/1.0" 200 569 "-" "Mozilla/5.0 (compatible; MJ12bot/v1.4.5; http://www.majestic12.co.uk/bot.php?+)"
141.8.147.12 - - [13/Sep/2014:03:59:54 +0200] "GET / HTTP/1.1" 200 569 "-" "Mozilla/5.0 (compatible; YandexBot/3.0; +http://yandex.com/bots)"
141.8.147.12 - - [13/Sep/2014:11:45:53 +0200] "GET /robots.txt HTTP/1.1" 404 1256 "-" "Mozilla/5.0 (compatible; YandexBot/3.0; +http://yandex.com/bots)"
141.8.147.12 - - [13/Sep/2014:11:45:56 +0200] "GET / HTTP/1.1" 200 569 "-" "Mozilla/5.0 (compatible; YandexBot/3.0; +http://yandex.com/bots)"
141.8.147.12 - - [13/Sep/2014:20:44:46 +0200] "GET / HTTP/1.1" 200 569 "-" "Mozilla/5.0 (compatible; YandexBot/3.0; +http://yandex.com/bots)"
79.202.65.170 - - [13/Sep/2014:23:20:10 +0200] "GET / HTTP/1.1" 200 569 "http://www.bigfinder.de/?c=ws&q=online&v=1" "Mozilla/5.0 (Windows; U; Windows NT 5.1; de; rv:1.9.0.12) Gecko/2009070611 Firefox/3.0.12 GTB7.1 (.NET CLR 3.5.30729)"
79.202.65.170 - - [14/Sep/2014:02:39:27 +0200] "GET / HTTP/1.1" 200 569 "http://m.bigfinder.de/?c=ws&q=homepage&v=1" "Mozilla/4.0 (compatible; MSIE 8.0; Windows NT 6.0; Trident/4.0; GTB0.0; SLCC1; .NET CLR 2.0.50727; Media Center PC 5.0; .NET CLR 3.5.30729; .NET CLR 3.0.30729; .NET4.0C)"
141.8.147.12 - - [14/Sep/2014:04:37:57 +0200] "GET /robots.txt HTTP/1.1" 404 1256 "-" "Mozilla/5.0 (compatible; YandexBot/3.0; +http://yandex.com/bots)"
141.8.147.12 - - [14/Sep/2014:04:37:59 +0200] "GET / HTTP/1.1" 200 569 "-" "Mozilla/5.0 (compatible; YandexBot/3.0; +http://yandex.com/bots)"
182.118.25.221 - - [14/Sep/2014:07:15:39 +0200] "GET /robots.txt HTTP/1.1" 404 1256 "http://www.die-fabians.de/robots.txt" "Mozilla/5.0 (compatible; MSIE 9.0; Windows NT 6.1; Trident/5.0); 360Spider"
141.8.147.12 - - [14/Sep/2014:12:52:18 +0200] "GET / HTTP/1.1" 200 569 "-" "Mozilla/5.0 (compatible; YandexBot/3.0; +http://yandex.com/bots)"
141.8.147.12 - - [14/Sep/2014:19:19:44 +0200] "GET /robots.txt HTTP/1.1" 404 1256 "-" "Mozilla/5.0 (compatible; YandexBot/3.0; +http://yandex.com/bots)"
141.8.147.12 - - [14/Sep/2014:19:19:46 +0200] "GET / HTTP/1.1" 200 569 "-" "Mozilla/5.0 (compatible; YandexBot/3.0; +http://yandex.com/bots)"
79.210.92.217 - - [14/Sep/2014:23:29:52 +0200] "GET / HTTP/1.1" 200 569 "http://m.bigfinder.de/?c=ws&q=service&v=1" "Mozilla/5.0 (Windows; U; Windows NT 6.1; de; rv:1.9.2.8) Gecko/20100722 Firefox/3.6.8 GTB7.1"
141.8.147.12 - - [15/Sep/2014:02:09:23 +0200] "GET / HTTP/1.1" 200 569 "-" "Mozilla/5.0 (compatible; YandexBot/3.0; +http://yandex.com/bots)"
148.251.11.142 - - [15/Sep/2014:03:29:54 +0200] "GET /robots.txt HTTP/1.1" 404 1256 "-" "Apache-HttpClient/4.3 (java 1.5)"
148.251.11.142 - - [15/Sep/2014:03:29:54 +0200] "GET / HTTP/1.1" 200 569 "-" "Apache-HttpClient/4.3 (java 1.5)"
182.118.20.231 - - [15/Sep/2014:06:35:06 +0200] "GET /robots.txt HTTP/1.1" 404 1256 "http://www.die-fabians.de/robots.txt" "Mozilla/5.0 (compatible; MSIE 9.0; Windows NT 6.1; Trident/5.0); 360Spider"
141.8.147.12 - - [15/Sep/2014:10:09:28 +0200] "GET /robots.txt HTTP/1.1" 404 1256 "-" "Mozilla/5.0 (compatible; YandexBot/3.0; +http://yandex.com/bots)"
141.8.147.12 - - [15/Sep/2014:10:09:30 +0200] "GET / HTTP/1.1" 200 569 "-" "Mozilla/5.0 (compatible; YandexBot/3.0; +http://yandex.com/bots)"
141.8.147.12 - - [15/Sep/2014:14:48:56 +0200] "GET /robots.txt HTTP/1.1" 404 1256 "-" "Mozilla/5.0 (compatible; YandexBot/3.0; +http://yandex.com/bots)"
141.8.147.12 - - [15/Sep/2014:14:48:58 +0200] "GET / HTTP/1.1" 200 569 "-" "Mozilla/5.0 (compatible; YandexBot/3.0; +http://yandex.com/bots)"
141.8.147.12 - - [16/Sep/2014:04:29:04 +0200] "GET /robots.txt HTTP/1.1" 404 1256 "-" "Mozilla/5.0 (compatible; YandexBot/3.0; +http://yandex.com/bots)"
141.8.147.12 - - [16/Sep/2014:04:29:06 +0200] "GET / HTTP/1.1" 200 569 "-" "Mozilla/5.0 (compatible; YandexBot/3.0; +http://yandex.com/bots)"
85.176.111.211 - - [16/Sep/2014:09:18:51 +0200] "HEAD /robots.txt HTTP/1.1" 404 - "-" "Toplistbot"
85.176.111.211 - - [16/Sep/2014:09:18:51 +0200] "GET / HTTP/1.1" 206 569 "-" "Toplistbot"
85.176.111.211 - - [16/Sep/2014:09:18:51 +0200] "GET / HTTP/1.1" 206 569 "-" "Toplistbot"
141.8.147.12 - - [16/Sep/2014:10:28:11 +0200] "GET / HTTP/1.1" 200 569 "-" "Mozilla/5.0 (compatible; YandexBot/3.0; +http://yandex.com/bots)"
141.8.147.12 - - [16/Sep/2014:19:24:56 +0200] "GET /robots.txt HTTP/1.1" 404 1256 "-" "Mozilla/5.0 (compatible; YandexBot/3.0; +http://yandex.com/bots)"
141.8.147.12 - - [16/Sep/2014:19:24:58 +0200] "GET / HTTP/1.1" 200 569 "-" "Mozilla/5.0 (compatible; YandexBot/3.0; +http://yandex.com/bots)"
141.8.147.12 - - [17/Sep/2014:01:34:03 +0200] "GET / HTTP/1.1" 200 569 "-" "Mozilla/5.0 (compatible; YandexBot/3.0; +http://yandex.com/bots)"
141.8.147.12 - - [17/Sep/2014:08:59:05 +0200] "GET /robots.txt HTTP/1.1" 404 1256 "-" "Mozilla/5.0 (compatible; YandexBot/3.0; +http://yandex.com/bots)"
141.8.147.12 - - [17/Sep/2014:08:59:07 +0200] "GET / HTTP/1.1" 200 569 "-" "Mozilla/5.0 (compatible; YandexBot/3.0; +http://yandex.com/bots)"
141.8.147.12 - - [17/Sep/2014:22:55:28 +0200] "GET /robots.txt HTTP/1.1" 404 1256 "-" "Mozilla/5.0 (compatible; YandexBot/3.0; +http://yandex.com/bots)"
141.8.147.12 - - [17/Sep/2014:22:55:30 +0200] "GET / HTTP/1.1" 200 569 "-" "Mozilla/5.0 (compatible; YandexBot/3.0; +http://yandex.com/bots)"
141.8.147.12 - - [18/Sep/2014:05:29:00 +0200] "GET / HTTP/1.1" 200 569 "-" "Mozilla/5.0 (compatible; YandexBot/3.0; +http://yandex.com/bots)"
141.8.147.12 - - [18/Sep/2014:12:34:27 +0200] "GET /robots.txt HTTP/1.1" 404 1256 "-" "Mozilla/5.0 (compatible; YandexBot/3.0; +http://yandex.com/bots)"
141.8.147.12 - - [18/Sep/2014:12:34:29 +0200] "GET / HTTP/1.1" 200 569 "-" "Mozilla/5.0 (compatible; YandexBot/3.0; +http://yandex.com/bots)"
141.8.147.12 - - [19/Sep/2014:09:03:45 +0200] "GET /robots.txt HTTP/1.1" 404 1256 "-" "Mozilla/5.0 (compatible; YandexBot/3.0; +http://yandex.com/bots)"
141.8.147.12 - - [19/Sep/2014:09:03:47 +0200] "GET / HTTP/1.1" 200 569 "-" "Mozilla/5.0 (compatible; YandexBot/3.0; +http://yandex.com/bots)"
141.8.147.12 - - [19/Sep/2014:16:38:57 +0200] "GET /robots.txt HTTP/1.1" 404 1256 "-" "Mozilla/5.0 (compatible; YandexBot/3.0; +http://yandex.com/bots)"
141.8.147.12 - - [19/Sep/2014:16:38:59 +0200] "GET / HTTP/1.1" 200 569 "-" "Mozilla/5.0 (compatible; YandexBot/3.0; +http://yandex.com/bots)"
162.210.196.98 - - [19/Sep/2014:23:14:41 +0200] "GET /robots.txt HTTP/1.0" 404 1256 "-" "Mozilla/5.0 (compatible; MJ12bot/v1.4.5; http://www.majestic12.co.uk/bot.php?+)"
162.210.196.98 - - [19/Sep/2014:23:14:42 +0200] "GET / HTTP/1.0" 200 569 "-" "Mozilla/5.0 (compatible; MJ12bot/v1.4.5; http://www.majestic12.co.uk/bot.php?+)"
141.8.147.12 - - [20/Sep/2014:02:28:45 +0200] "GET / HTTP/1.1" 200 569 "-" "Mozilla/5.0 (compatible; YandexBot/3.0; +http://yandex.com/bots)"
141.8.147.12 - - [20/Sep/2014:08:38:20 +0200] "GET /robots.txt HTTP/1.1" 404 1256 "-" "Mozilla/5.0 (compatible; YandexBot/3.0; +http://yandex.com/bots)"
141.8.147.12 - - [20/Sep/2014:08:38:23 +0200] "GET / HTTP/1.1" 200 569 "-" "Mozilla/5.0 (compatible; YandexBot/3.0; +http://yandex.com/bots)"
141.8.147.12 - - [20/Sep/2014:16:31:17 +0200] "GET / HTTP/1.1" 200 569 "-" "Mozilla/5.0 (compatible; YandexBot/3.0; +http://yandex.com/bots)"
141.8.147.12 - - [21/Sep/2014:00:00:22 +0200] "GET /robots.txt HTTP/1.1" 404 1256 "-" "Mozilla/5.0 (compatible; YandexBot/3.0; +http://yandex.com/bots)"
141.8.147.12 - - [21/Sep/2014:00:00:24 +0200] "GET / HTTP/1.1" 200 569 "-" "Mozilla/5.0 (compatible; YandexBot/3.0; +http://yandex.com/bots)"
85.114.139.54 - - [21/Sep/2014:13:13:30 +0200] "GET /robots.txt HTTP/1.1" 404 1256 "-" "Mozilla/5.0 (compatible; publiclibraryarchive.org/1.0; +crawl@publiclibraryarchive.org)"
85.114.139.54 - - [21/Sep/2014:13:13:30 +0200] "GET / HTTP/1.1" 200 569 "-" "Mozilla/5.0 (compatible; publiclibraryarchive.org/1.0; +crawl@publiclibraryarchive.org)"
141.8.147.12 - - [21/Sep/2014:15:08:02 +0200] "GET /robots.txt HTTP/1.1" 404 1256 "-" "Mozilla/5.0 (compatible; YandexBot/3.0; +http://yandex.com/bots)"
141.8.147.12 - - [21/Sep/2014:15:08:04 +0200] "GET / HTTP/1.1" 200 569 "-" "Mozilla/5.0 (compatible; YandexBot/3.0; +http://yandex.com/bots)"
182.118.25.242 - - [21/Sep/2014:23:26:57 +0200] "GET /robots.txt HTTP/1.1" 404 1256 "http://www.die-fabians.de/robots.txt" "Mozilla/5.0 (compatible; MSIE 9.0; Windows NT 6.1; Trident/5.0); 360Spider"
141.8.147.12 - - [22/Sep/2014:06:02:47 +0200] "GET /robots.txt HTTP/1.1" 404 1256 "-" "Mozilla/5.0 (compatible; YandexBot/3.0; +http://yandex.com/bots)"
141.8.147.12 - - [22/Sep/2014:06:02:49 +0200] "GET / HTTP/1.1" 200 569 "-" "Mozilla/5.0 (compatible; YandexBot/3.0; +http://yandex.com/bots)"
91.23.4.229 - - [22/Sep/2014:12:55:18 +0200] "GET /woerlitz/3.zip HTTP/1.1" 200 34360756 "-" "Mozilla/5.0 (iPad; CPU OS 7_1 like Mac OS X) AppleWebKit/537.51.2 (KHTML, like Gecko) Version/7.0 Mobile/11D167 Safari/9537.53"
182.118.25.213 - - [22/Sep/2014:13:39:06 +0200] "GET /robots.txt HTTP/1.1" 404 1256 "http://www.die-fabians.de/robots.txt" "Mozilla/5.0 (compatible; MSIE 9.0; Windows NT 6.1; Trident/5.0); 360Spider"
216.145.14.142 - - [22/Sep/2014:20:36:44 +0200] "GET /robots.txt HTTP/1.0" 404 1256 "-" "Mozilla/5.0 (Windows; U; Windows NT 5.1; en; rv:1.9.0.13) Gecko/2009073022 Firefox/3.5.2 (.NET CLR 3.5.30729) SurveyBot/2.3 (DomainTools)"
216.145.14.142 - - [22/Sep/2014:20:36:45 +0200] "GET / HTTP/1.1" 200 569 "http://whois.domaintools.com/die-fabians.de" "Mozilla/5.0 (Windows; U; Windows NT 5.1; en; rv:1.9.0.13) Gecko/2009073022 Firefox/3.5.2 (.NET CLR 3.5.30729) SurveyBot/2.3 (DomainTools)"
141.8.147.12 - - [23/Sep/2014:04:40:36 +0200] "GET /robots.txt HTTP/1.1" 404 1256 "-" "Mozilla/5.0 (compatible; YandexBot/3.0; +http://yandex.com/bots)"
141.8.147.12 - - [23/Sep/2014:04:40:40 +0200] "GET / HTTP/1.1" 200 569 "-" "Mozilla/5.0 (compatible; YandexBot/3.0; +http://yandex.com/bots)"
141.8.147.12 - - [23/Sep/2014:14:25:32 +0200] "GET / HTTP/1.1" 200 569 "-" "Mozilla/5.0 (compatible; YandexBot/3.0; +http://yandex.com/bots)"
141.8.147.12 - - [23/Sep/2014:23:14:47 +0200] "GET /robots.txt HTTP/1.1" 404 1256 "-" "Mozilla/5.0 (compatible; YandexBot/3.0; +http://yandex.com/bots)"
141.8.147.12 - - [23/Sep/2014:23:14:49 +0200] "GET / HTTP/1.1" 200 569 "-" "Mozilla/5.0 (compatible; YandexBot/3.0; +http://yandex.com/bots)"
157.55.39.9 - - [24/Sep/2014:04:31:19 +0200] "GET /robots.txt HTTP/1.1" 404 1256 "-" "Mozilla/5.0 (compatible; bingbot/2.0; +http://www.bing.com/bingbot.htm)"
157.55.39.9 - - [24/Sep/2014:04:31:25 +0200] "GET / HTTP/1.1" 200 569 "-" "Mozilla/5.0 (compatible; MSIE 10.0; Windows NT 6.1; Trident/6.0)"
157.55.39.9 - - [24/Sep/2014:04:34:07 +0200] "GET /urlaub_italien.html HTTP/1.1" 404 1256 "-" "Mozilla/5.0 (compatible; MSIE 10.0; Windows NT 6.1; Trident/6.0)"
66.249.65.135 - - [24/Sep/2014:08:13:08 +0200] "GET /robots.txt HTTP/1.1" 404 1256 "-" "Mozilla/5.0 (compatible; Googlebot/2.1; +http://www.google.com/bot.html)"
66.249.65.131 - - [24/Sep/2014:08:13:09 +0200] "GET / HTTP/1.1" 200 569 "-" "Mozilla/5.0 (compatible; Googlebot/2.1; +http://www.google.com/bot.html)"
141.8.147.12 - - [24/Sep/2014:10:22:01 +0200] "GET / HTTP/1.1" 200 569 "-" "Mozilla/5.0 (compatible; YandexBot/3.0; +http://yandex.com/bots)"
182.64.235.134 - - [24/Sep/2014:11:16:00 +0200] "GET / HTTP/1.1" 200 569 "-" "-"
141.8.147.12 - - [24/Sep/2014:18:37:17 +0200] "GET /robots.txt HTTP/1.1" 404 1256 "-" "Mozilla/5.0 (compatible; YandexBot/3.0; +http://yandex.com/bots)"
141.8.147.12 - - [24/Sep/2014:18:37:19 +0200] "GET / HTTP/1.1" 200 569 "-" "Mozilla/5.0 (compatible; YandexBot/3.0; +http://yandex.com/bots)"
141.8.147.12 - - [25/Sep/2014:02:15:49 +0200] "GET / HTTP/1.1" 200 569 "-" "Mozilla/5.0 (compatible; YandexBot/3.0; +http://yandex.com/bots)"
162.243.197.176 - - [25/Sep/2014:08:04:49 +0200] "GET /robots.txt HTTP/1.1" 404 1256 "-" "Mozilla/5.0 (compatible; spbot/4.2.0; +http://OpenLinkProfiler.org/bot )"
162.243.197.176 - - [25/Sep/2014:08:04:54 +0200] "GET / HTTP/1.1" 200 569 "-" "Mozilla/5.0 (compatible; spbot/4.2.0; +http://OpenLinkProfiler.org/bot )"
141.8.147.12 - - [25/Sep/2014:10:10:17 +0200] "GET /robots.txt HTTP/1.1" 404 1256 "-" "Mozilla/5.0 (compatible; YandexBot/3.0; +http://yandex.com/bots)"
141.8.147.12 - - [25/Sep/2014:10:10:19 +0200] "GET / HTTP/1.1" 200 569 "-" "Mozilla/5.0 (compatible; YandexBot/3.0; +http://yandex.com/bots)"
141.8.147.12 - - [25/Sep/2014:16:35:46 +0200] "GET / HTTP/1.1" 200 569 "-" "Mozilla/5.0 (compatible; YandexBot/3.0; +http://yandex.com/bots)"
208.115.113.84 - - [25/Sep/2014:16:37:11 +0200] "GET /robots.txt HTTP/1.1" 404 1256 "-" "Mozilla/5.0 (compatible; DotBot/1.1; http://www.opensiteexplorer.org/dotbot, help@moz.com)"
208.115.113.84 - - [25/Sep/2014:18:27:37 +0200] "GET / HTTP/1.1" 200 569 "-" "Mozilla/5.0 (compatible; DotBot/1.1; http://www.opensiteexplorer.org/dotbot, help@moz.com)"
141.8.147.12 - - [25/Sep/2014:23:09:46 +0200] "GET /robots.txt HTTP/1.1" 404 1256 "-" "Mozilla/5.0 (compatible; YandexBot/3.0; +http://yandex.com/bots)"
141.8.147.12 - - [25/Sep/2014:23:09:48 +0200] "GET / HTTP/1.1" 200 569 "-" "Mozilla/5.0 (compatible; YandexBot/3.0; +http://yandex.com/bots)"
141.8.147.12 - - [26/Sep/2014:07:59:07 +0200] "GET / HTTP/1.1" 200 569 "-" "Mozilla/5.0 (compatible; YandexBot/3.0; +http://yandex.com/bots)"
207.46.13.131 - - [26/Sep/2014:09:51:55 +0200] "GET /robots.txt HTTP/1.1" 404 1256 "-" "Mozilla/5.0 (compatible; bingbot/2.0; +http://www.bing.com/bingbot.htm)"
207.46.13.131 - - [26/Sep/2014:09:52:09 +0200] "GET / HTTP/1.1" 200 569 "-" "Mozilla/5.0 (compatible; bingbot/2.0; +http://www.bing.com/bingbot.htm)"
157.55.39.210 - - [26/Sep/2014:09:52:16 +0200] "GET /robots.txt HTTP/1.1" 404 1256 "-" "Mozilla/5.0 (compatible; bingbot/2.0; +http://www.bing.com/bingbot.htm)"
141.8.147.12 - - [26/Sep/2014:14:12:35 +0200] "GET /robots.txt HTTP/1.1" 404 1256 "-" "Mozilla/5.0 (compatible; YandexBot/3.0; +http://yandex.com/bots)"
141.8.147.12 - - [26/Sep/2014:14:12:37 +0200] "GET / HTTP/1.1" 200 569 "-" "Mozilla/5.0 (compatible; YandexBot/3.0; +http://yandex.com/bots)"
199.58.86.211 - - [26/Sep/2014:17:13:46 +0200] "GET /robots.txt HTTP/1.0" 404 1256 "-" "Mozilla/5.0 (compatible; MJ12bot/v1.4.5; http://www.majestic12.co.uk/bot.php?+)"
199.58.86.211 - - [26/Sep/2014:17:13:47 +0200] "GET / HTTP/1.0" 200 569 "-" "Mozilla/5.0 (compatible; MJ12bot/v1.4.5; http://www.majestic12.co.uk/bot.php?+)"
141.8.147.12 - - [27/Sep/2014:02:55:54 +0200] "GET /robots.txt HTTP/1.1" 404 1256 "-" "Mozilla/5.0 (compatible; YandexBot/3.0; +http://yandex.com/bots)"
141.8.147.12 - - [27/Sep/2014:02:55:56 +0200] "GET / HTTP/1.1" 200 569 "-" "Mozilla/5.0 (compatible; YandexBot/3.0; +http://yandex.com/bots)"
141.8.147.12 - - [27/Sep/2014:12:15:04 +0200] "GET / HTTP/1.1" 200 569 "-" "Mozilla/5.0 (compatible; YandexBot/3.0; +http://yandex.com/bots)"
141.8.147.12 - - [28/Sep/2014:04:13:33 +0200] "GET /robots.txt HTTP/1.1" 404 1256 "-" "Mozilla/5.0 (compatible; YandexBot/3.0; +http://yandex.com/bots)"
141.8.147.12 - - [28/Sep/2014:04:13:35 +0200] "GET / HTTP/1.1" 200 569 "-" "Mozilla/5.0 (compatible; YandexBot/3.0; +http://yandex.com/bots)"
81.209.177.145 - - [28/Sep/2014:14:17:20 +0200] "GET /robots.txt HTTP/1.1" 404 1256 "-" "netEstate NE Crawler (+http://www.website-datenbank.de/)"
81.209.177.145 - - [28/Sep/2014:14:17:20 +0200] "GET / HTTP/1.1" 200 569 "-" "netEstate NE Crawler (+http://www.website-datenbank.de/)"
81.209.177.145 - - [28/Sep/2014:14:17:20 +0200] "GET / HTTP/1.1" 200 569 "-" "netEstate NE Crawler (+http://www.website-datenbank.de/)"
182.118.22.209 - - [28/Sep/2014:19:39:47 +0200] "GET /robots.txt HTTP/1.1" 404 1256 "http://www.die-fabians.de/robots.txt" "Mozilla/5.0 (compatible; MSIE 9.0; Windows NT 6.1; Trident/5.0); 360Spider"
141.8.147.12 - - [29/Sep/2014:00:23:26 +0200] "GET /robots.txt HTTP/1.1" 404 1256 "-" "Mozilla/5.0 (compatible; YandexBot/3.0; +http://yandex.com/bots)"
141.8.147.12 - - [29/Sep/2014:00:23:29 +0200] "GET / HTTP/1.1" 200 569 "-" "Mozilla/5.0 (compatible; YandexBot/3.0; +http://yandex.com/bots)"
141.8.147.12 - - [29/Sep/2014:06:12:16 +0200] "GET / HTTP/1.1" 200 569 "-" "Mozilla/5.0 (compatible; YandexBot/3.0; +http://yandex.com/bots)"
182.118.20.233 - - [29/Sep/2014:11:15:19 +0200] "GET /robots.txt HTTP/1.1" 404 1256 "http://www.die-fabians.de/robots.txt" "Mozilla/5.0 (compatible; MSIE 9.0; Windows NT 6.1; Trident/5.0); 360Spider"
141.8.147.12 - - [29/Sep/2014:13:53:37 +0200] "GET /robots.txt HTTP/1.1" 404 1256 "-" "Mozilla/5.0 (compatible; YandexBot/3.0; +http://yandex.com/bots)"
141.8.147.12 - - [29/Sep/2014:13:53:39 +0200] "GET / HTTP/1.1" 200 569 "-" "Mozilla/5.0 (compatible; YandexBot/3.0; +http://yandex.com/bots)"
141.8.147.12 - - [29/Sep/2014:21:48:07 +0200] "GET / HTTP/1.1" 200 569 "-" "Mozilla/5.0 (compatible; YandexBot/3.0; +http://yandex.com/bots)"
141.8.147.12 - - [30/Sep/2014:06:40:28 +0200] "GET /robots.txt HTTP/1.1" 404 1256 "-" "Mozilla/5.0 (compatible; YandexBot/3.0; +http://yandex.com/bots)"
141.8.147.12 - - [30/Sep/2014:06:40:30 +0200] "GET / HTTP/1.1" 200 569 "-" "Mozilla/5.0 (compatible; YandexBot/3.0; +http://yandex.com/bots)"
141.8.147.12 - - [30/Sep/2014:14:27:51 +0200] "GET / HTTP/1.1" 200 569 "-" "Mozilla/5.0 (compatible; YandexBot/3.0; +http://yandex.com/bots)"
141.8.189.109 - - [30/Sep/2014:19:12:08 +0200] "GET /robots.txt HTTP/1.1" 404 1256 "-" "Mozilla/5.0 (compatible; YandexBot/3.0; +http://yandex.com/bots)"
141.8.189.109 - - [30/Sep/2014:19:12:11 +0200] "GET / HTTP/1.1" 200 569 "-" "Mozilla/5.0 (compatible; YandexBot/3.0; +http://yandex.com/bots)"
141.8.147.12 - - [30/Sep/2014:23:54:37 +0200] "GET /robots.txt HTTP/1.1" 404 1256 "-" "Mozilla/5.0 (compatible; YandexBot/3.0; +http://yandex.com/bots)"
141.8.147.12 - - [30/Sep/2014:23:54:39 +0200] "GET / HTTP/1.1" 200 569 "-" "Mozilla/5.0 (compatible; YandexBot/3.0; +http://yandex.com/bots)"