212.91.246.65 - - [12/Jun/2012:16:37:11 +0200] "GET / HTTP/1.1" 200 1246 "http://www.die-fabians.de/" "Mozilla/5.0 (compatible; MSIE 9.0; Windows NT 6.1; WOW64; Trident/5.0)"
212.91.246.65 - - [12/Jun/2012:16:37:12 +0200] "GET /favicon.ico HTTP/1.1" 404 1256 "-" "Mozilla/5.0 (compatible; MSIE 9.0; Windows NT 6.1; WOW64; Trident/5.0)"
212.91.246.65 - - [12/Jun/2012:16:38:15 +0200] "GET / HTTP/1.1" 304 - "http://www.die-fabians.de/" "Mozilla/5.0 (compatible; MSIE 9.0; Windows NT 6.1; WOW64; Trident/5.0)"
212.91.246.65 - - [12/Jun/2012:16:38:18 +0200] "GET / HTTP/1.1" 304 - "-" "Mozilla/5.0 (compatible; MSIE 9.0; Windows NT 6.1; WOW64; Trident/5.0)"
212.91.246.65 - - [12/Jun/2012:16:38:44 +0200] "GET / HTTP/1.1" 200 514 "-" "Mozilla/5.0 (compatible; MSIE 9.0; Windows NT 6.1; WOW64; Trident/5.0)"
212.91.246.65 - - [12/Jun/2012:16:38:44 +0200] "GET /picture/img001.JPG HTTP/1.1" 200 171227 "http://www.die-fabians.de/" "Mozilla/5.0 (compatible; MSIE 9.0; Windows NT 6.1; WOW64; Trident/5.0)"
212.91.246.65 - - [12/Jun/2012:16:38:44 +0200] "GET /picture/img001.JPG HTTP/1.1" 200 171227 "http://www.die-fabians.de/" "Mozilla/5.0 (compatible; MSIE 9.0; Windows NT 6.1; WOW64; Trident/5.0)"
212.91.246.65 - - [12/Jun/2012:16:40:46 +0200] "GET / HTTP/1.1" 200 559 "-" "Mozilla/5.0 (compatible; MSIE 9.0; Windows NT 6.1; WOW64; Trident/5.0)"
212.91.246.65 - - [12/Jun/2012:16:40:46 +0200] "GET /picture/img001.JPG HTTP/1.1" 304 - "http://www.die-fabians.de/" "Mozilla/5.0 (compatible; MSIE 9.0; Windows NT 6.1; WOW64; Trident/5.0)"
212.91.246.65 - - [12/Jun/2012:16:44:16 +0200] "GET / HTTP/1.1" 200 560 "-" "Mozilla/5.0 (compatible; MSIE 9.0; Windows NT 6.1; WOW64; Trident/5.0)"
212.91.246.65 - - [12/Jun/2012:16:44:16 +0200] "GET /picture/img001.JPG HTTP/1.1" 304 - "http://www.die-fabians.de/" "Mozilla/5.0 (compatible; MSIE 9.0; Windows NT 6.1; WOW64; Trident/5.0)"
192.168.10.8 - - [13/Jun/2012:10:28:20 +0200] "GET / HTTP/1.1" 200 560 "-" "Mozilla/5.0 (compatible; MSIE 9.0; Windows NT 6.1; WOW64; Trident/5.0)"
192.168.10.8 - - [13/Jun/2012:10:28:20 +0200] "GET /picture/img001.JPG HTTP/1.1" 200 171227 "http://www.die-fabians.de/" "Mozilla/5.0 (compatible; MSIE 9.0; Windows NT 6.1; WOW64; Trident/5.0)"
192.168.10.8 - - [13/Jun/2012:10:28:20 +0200] "GET /favicon.ico HTTP/1.1" 404 1256 "-" "Mozilla/5.0 (compatible; MSIE 9.0; Windows NT 6.1; WOW64; Trident/5.0)"
212.91.246.65 - - [14/Jun/2012:12:05:04 +0200] "GET / HTTP/1.1" 200 560 "-" "Mozilla/5.0 (compatible; MSIE 9.0; Windows NT 6.1; WOW64; Trident/5.0)"
212.91.246.65 - - [14/Jun/2012:12:05:04 +0200] "GET /picture/img001.JPG HTTP/1.1" 304 - "http://www.die-fabians.de/" "Mozilla/5.0 (compatible; MSIE 9.0; Windows NT 6.1; WOW64; Trident/5.0)"
212.91.246.65 - - [14/Jun/2012:12:05:04 +0200] "GET /favicon.ico HTTP/1.1" 404 1256 "-" "Mozilla/5.0 (compatible; MSIE 9.0; Windows NT 6.1; WOW64; Trident/5.0)"
84.190.38.16 - - [14/Jun/2012:21:49:53 +0200] "GET / HTTP/1.1" 200 560 "-" "Mozilla/5.0 (iPhone; CPU iPhone OS 5_1 like Mac OS X) AppleWebKit/534.46 (KHTML, like Gecko) Version/5.1 Mobile/9B176 Safari/7534.48.3"
84.190.38.16 - - [14/Jun/2012:21:49:53 +0200] "GET /picture/img001.JPG HTTP/1.1" 200 171227 "http://www.die-fabians.de/" "Mozilla/5.0 (iPhone; CPU iPhone OS 5_1 like Mac OS X) AppleWebKit/534.46 (KHTML, like Gecko) Version/5.1 Mobile/9B176 Safari/7534.48.3"
84.190.38.16 - - [14/Jun/2012:21:57:56 +0200] "GET / HTTP/1.1" 200 560 "-" "Mozilla/5.0 (compatible; MSIE 9.0; Windows NT 6.1; Trident/5.0)"
84.190.38.16 - - [14/Jun/2012:21:57:57 +0200] "GET /picture/img001.JPG HTTP/1.1" 200 171227 "http://www.die-fabians.de/" "Mozilla/5.0 (compatible; MSIE 9.0; Windows NT 6.1; Trident/5.0)"
84.190.38.16 - - [14/Jun/2012:21:58:02 +0200] "GET /favicon.ico HTTP/1.1" 404 1256 "-" "Mozilla/5.0 (compatible; MSIE 9.0; Windows NT 6.1; Trident/5.0)"
193.252.149.15 - - [15/Jun/2012:03:59:36 +0200] "GET /robots.txt HTTP/1.1" 404 1256 "-" "Mozilla/5.0 (Windows; U; Windows NT 5.1; fr; rv:1.8.1) VoilaBot BETA 1.2 (support.voilabot@orange-ftgroup.com)"
193.252.149.15 - - [15/Jun/2012:03:59:37 +0200] "GET / HTTP/1.1" 200 560 "-" "Mozilla/5.0 (Windows; U; Windows NT 5.1; fr; rv:1.8.1) VoilaBot BETA 1.2 (support.voilabot@orange-ftgroup.com)"
207.46.199.55 - - [15/Jun/2012:11:31:21 +0200] "GET /robots.txt HTTP/1.1" 404 1256 "-" "Mozilla/5.0 (compatible; bingbot/2.0; +http://www.bing.com/bingbot.htm)"
207.46.199.55 - - [15/Jun/2012:11:31:54 +0200] "GET /reise/billig_fligen_nach_antalya.html HTTP/1.1" 404 1256 "-" "Mozilla/5.0 (compatible; bingbot/2.0; +http://www.bing.com/bingbot.htm)"
178.154.179.250 - - [15/Jun/2012:13:45:31 +0200] "GET /robots.txt HTTP/1.1" 404 1256 "-" "Mozilla/5.0 (compatible; YandexBot/3.0; +http://yandex.com/bots)"
178.154.179.250 - - [15/Jun/2012:17:15:50 +0200] "GET / HTTP/1.1" 200 560 "-" "Mozilla/5.0 (compatible; YandexBot/3.0; +http://yandex.com/bots)"
178.154.179.250 - - [16/Jun/2012:00:42:37 +0200] "GET / HTTP/1.1" 200 560 "-" "Mozilla/5.0 (compatible; YandexBot/3.0; +http://yandex.com/bots)"
91.64.185.171 - - [16/Jun/2012:11:34:12 +0200] "GET / HTTP/1.1" 200 560 "-" "Mozilla/5.0 (compatible; MSIE 9.0; Windows NT 6.1; WOW64; Trident/5.0; chromeframe/19.0.1084.56)"
91.64.185.171 - - [16/Jun/2012:11:34:12 +0200] "GET /picture/img001.JPG HTTP/1.1" 200 171227 "http://www.die-fabians.de/" "Mozilla/5.0 (compatible; MSIE 9.0; Windows NT 6.1; WOW64; Trident/5.0)"
91.64.185.171 - - [16/Jun/2012:11:34:12 +0200] "GET /favicon.ico HTTP/1.1" 404 1256 "-" "Mozilla/5.0 (compatible; MSIE 9.0; Windows NT 6.1; WOW64; Trident/5.0)"
91.64.185.171 - - [16/Jun/2012:11:34:24 +0200] "GET / HTTP/1.1" 304 - "-" "Mozilla/5.0 (compatible; MSIE 9.0; Windows NT 6.1; WOW64; Trident/5.0)"
91.64.185.171 - - [16/Jun/2012:11:34:24 +0200] "GET /picture/img001.JPG HTTP/1.1" 304 - "http://www.die-fabians.de/" "Mozilla/5.0 (compatible; MSIE 9.0; Windows NT 6.1; WOW64; Trident/5.0)"
91.64.185.171 - - [16/Jun/2012:11:34:24 +0200] "GET /favicon.ico HTTP/1.1" 404 1256 "-" "Mozilla/5.0 (compatible; MSIE 9.0; Windows NT 6.1; WOW64; Trident/5.0)"
207.46.199.55 - - [16/Jun/2012:12:51:44 +0200] "GET /robots.txt HTTP/1.1" 404 1256 "-" "Mozilla/5.0 (compatible; bingbot/2.0; +http://www.bing.com/bingbot.htm)"
207.46.199.55 - - [16/Jun/2012:12:56:51 +0200] "GET /reise/billig_fligen_nach_antalya.html HTTP/1.1" 404 1256 "-" "Mozilla/5.0 (compatible; bingbot/2.0; +http://www.bing.com/bingbot.htm)"
178.154.179.250 - - [16/Jun/2012:21:57:31 +0200] "GET /robots.txt HTTP/1.1" 404 1256 "-" "Mozilla/5.0 (compatible; YandexBot/3.0; +http://yandex.com/bots)"
178.154.179.250 - - [17/Jun/2012:00:44:45 +0200] "GET / HTTP/1.1" 200 560 "-" "Mozilla/5.0 (compatible; YandexBot/3.0; +http://yandex.com/bots)"
91.64.185.171 - - [17/Jun/2012:16:45:18 +0200] "GET / HTTP/1.1" 304 - "-" "Mozilla/5.0 (compatible; MSIE 9.0; Windows NT 6.1; WOW64; Trident/5.0; chromeframe/19.0.1084.56)"
91.64.185.171 - - [17/Jun/2012:16:45:18 +0200] "GET /picture/img001.JPG HTTP/1.1" 304 - "http://www.die-fabians.de/" "Mozilla/5.0 (compatible; MSIE 9.0; Windows NT 6.1; WOW64; Trident/5.0)"
178.154.179.250 - - [17/Jun/2012:21:35:26 +0200] "GET /robots.txt HTTP/1.1" 404 1256 "-" "Mozilla/5.0 (compatible; YandexBot/3.0; +http://yandex.com/bots)"
178.154.179.250 - - [18/Jun/2012:06:38:35 +0200] "GET / HTTP/1.1" 200 560 "-" "Mozilla/5.0 (compatible; YandexBot/3.0; +http://yandex.com/bots)"
212.91.246.65 - - [18/Jun/2012:12:31:26 +0200] "GET / HTTP/1.1" 200 560 "-" "Mozilla/5.0 (compatible; MSIE 9.0; Windows NT 6.1; WOW64; Trident/5.0)"
212.91.246.65 - - [18/Jun/2012:12:31:27 +0200] "GET /picture/img001.JPG HTTP/1.1" 304 - "http://www.die-fabians.de/" "Mozilla/5.0 (compatible; MSIE 9.0; Windows NT 6.1; WOW64; Trident/5.0)"
212.91.246.65 - - [18/Jun/2012:12:31:27 +0200] "GET /favicon.ico HTTP/1.1" 404 1256 "-" "Mozilla/5.0 (compatible; MSIE 9.0; Windows NT 6.1; WOW64; Trident/5.0)"
192.168.10.33 - - [18/Jun/2012:12:32:01 +0200] "GET / HTTP/1.1" 200 560 "-" "Mozilla/5.0 (Windows NT 6.1; WOW64; rv:13.0) Gecko/20100101 Firefox/13.0"
192.168.10.33 - - [18/Jun/2012:12:32:01 +0200] "GET /picture/img001.JPG HTTP/1.1" 200 171227 "http://www.die-fabians.de/" "Mozilla/5.0 (Windows NT 6.1; WOW64; rv:13.0) Gecko/20100101 Firefox/13.0"
192.168.10.33 - - [18/Jun/2012:12:32:01 +0200] "GET /favicon.ico HTTP/1.1" 404 1256 "-" "Mozilla/5.0 (Windows NT 6.1; WOW64; rv:13.0) Gecko/20100101 Firefox/13.0"
192.168.10.33 - - [18/Jun/2012:12:32:01 +0200] "GET /favicon.ico HTTP/1.1" 404 1256 "-" "Mozilla/5.0 (Windows NT 6.1; WOW64; rv:13.0) Gecko/20100101 Firefox/13.0"
192.168.10.33 - - [18/Jun/2012:12:32:01 +0200] "GET /favicon.ico HTTP/1.1" 404 1256 "-" "Mozilla/5.0 (Windows NT 6.1; WOW64; rv:13.0) Gecko/20100101 Firefox/13.0"
192.168.10.33 - - [18/Jun/2012:12:32:47 +0200] "GET / HTTP/1.1" 304 - "-" "Mozilla/5.0 (Windows NT 6.1; WOW64; rv:13.0) Gecko/20100101 Firefox/13.0"
192.168.10.33 - - [18/Jun/2012:12:32:47 +0200] "GET /picture/img001.JPG HTTP/1.1" 404 1256 "http://www.die-fabians.de/" "Mozilla/5.0 (Windows NT 6.1; WOW64; rv:13.0) Gecko/20100101 Firefox/13.0"
192.168.10.33 - - [18/Jun/2012:12:32:50 +0200] "GET / HTTP/1.1" 304 - "-" "Mozilla/5.0 (Windows NT 6.1; WOW64; rv:13.0) Gecko/20100101 Firefox/13.0"
192.168.10.33 - - [18/Jun/2012:12:32:50 +0200] "GET /picture/img001.JPG HTTP/1.1" 404 1256 "http://www.die-fabians.de/" "Mozilla/5.0 (Windows NT 6.1; WOW64; rv:13.0) Gecko/20100101 Firefox/13.0"
192.168.10.33 - - [18/Jun/2012:12:32:50 +0200] "GET / HTTP/1.1" 304 - "-" "Mozilla/5.0 (Windows NT 6.1; WOW64; rv:13.0) Gecko/20100101 Firefox/13.0"
192.168.10.33 - - [18/Jun/2012:12:32:50 +0200] "GET /picture/img001.JPG HTTP/1.1" 404 1256 "http://www.die-fabians.de/" "Mozilla/5.0 (Windows NT 6.1; WOW64; rv:13.0) Gecko/20100101 Firefox/13.0"
192.168.10.33 - - [18/Jun/2012:12:32:51 +0200] "GET / HTTP/1.1" 304 - "-" "Mozilla/5.0 (Windows NT 6.1; WOW64; rv:13.0) Gecko/20100101 Firefox/13.0"
192.168.10.33 - - [18/Jun/2012:12:32:51 +0200] "GET /picture/img001.JPG HTTP/1.1" 404 1256 "http://www.die-fabians.de/" "Mozilla/5.0 (Windows NT 6.1; WOW64; rv:13.0) Gecko/20100101 Firefox/13.0"
192.168.10.33 - - [18/Jun/2012:12:32:52 +0200] "GET / HTTP/1.1" 304 - "-" "Mozilla/5.0 (Windows NT 6.1; WOW64; rv:13.0) Gecko/20100101 Firefox/13.0"
192.168.10.33 - - [18/Jun/2012:12:32:52 +0200] "GET /picture/img001.JPG HTTP/1.1" 404 1256 "http://www.die-fabians.de/" "Mozilla/5.0 (Windows NT 6.1; WOW64; rv:13.0) Gecko/20100101 Firefox/13.0"
192.168.10.33 - - [18/Jun/2012:12:32:52 +0200] "GET / HTTP/1.1" 304 - "-" "Mozilla/5.0 (Windows NT 6.1; WOW64; rv:13.0) Gecko/20100101 Firefox/13.0"
192.168.10.33 - - [18/Jun/2012:12:32:52 +0200] "GET /picture/img001.JPG HTTP/1.1" 404 1256 "http://www.die-fabians.de/" "Mozilla/5.0 (Windows NT 6.1; WOW64; rv:13.0) Gecko/20100101 Firefox/13.0"
192.168.10.33 - - [18/Jun/2012:12:32:53 +0200] "GET / HTTP/1.1" 304 - "-" "Mozilla/5.0 (Windows NT 6.1; WOW64; rv:13.0) Gecko/20100101 Firefox/13.0"
192.168.10.33 - - [18/Jun/2012:12:32:53 +0200] "GET /picture/img001.JPG HTTP/1.1" 404 1256 "http://www.die-fabians.de/" "Mozilla/5.0 (Windows NT 6.1; WOW64; rv:13.0) Gecko/20100101 Firefox/13.0"
192.168.10.33 - - [18/Jun/2012:12:32:54 +0200] "GET / HTTP/1.1" 304 - "-" "Mozilla/5.0 (Windows NT 6.1; WOW64; rv:13.0) Gecko/20100101 Firefox/13.0"
192.168.10.33 - - [18/Jun/2012:12:32:54 +0200] "GET /picture/img001.JPG HTTP/1.1" 404 1256 "http://www.die-fabians.de/" "Mozilla/5.0 (Windows NT 6.1; WOW64; rv:13.0) Gecko/20100101 Firefox/13.0"
192.168.10.33 - - [18/Jun/2012:12:32:54 +0200] "GET / HTTP/1.1" 304 - "-" "Mozilla/5.0 (Windows NT 6.1; WOW64; rv:13.0) Gecko/20100101 Firefox/13.0"
192.168.10.33 - - [18/Jun/2012:12:32:54 +0200] "GET /picture/img001.JPG HTTP/1.1" 404 1256 "http://www.die-fabians.de/" "Mozilla/5.0 (Windows NT 6.1; WOW64; rv:13.0) Gecko/20100101 Firefox/13.0"
192.168.10.33 - - [18/Jun/2012:12:34:07 +0200] "GET / HTTP/1.1" 200 560 "-" "Mozilla/5.0 (Windows NT 6.1; WOW64; rv:13.0) Gecko/20100101 Firefox/13.0"
192.168.10.33 - - [18/Jun/2012:12:34:07 +0200] "GET /picture/img001.jpg HTTP/1.1" 200 171227 "http://www.die-fabians.de/" "Mozilla/5.0 (Windows NT 6.1; WOW64; rv:13.0) Gecko/20100101 Firefox/13.0"
89.204.138.125 - - [18/Jun/2012:12:34:31 +0200] "GET / HTTP/1.1" 200 560 "-" "Mozilla/5.0 (iPhone; CPU iPhone OS 5_1 like Mac OS X) AppleWebKit/534.46 (KHTML, like Gecko) Version/5.1 Mobile/9B176 Safari/7534.48.3"
89.204.138.125 - - [18/Jun/2012:12:34:33 +0200] "GET /picture/img001.jpg HTTP/1.1" 200 171227 "http://www.die-fabians.de/" "Mozilla/5.0 (iPhone; CPU iPhone OS 5_1 like Mac OS X) AppleWebKit/534.46 (KHTML, like Gecko) Version/5.1 Mobile/9B176 Safari/7534.48.3"
192.168.10.33 - - [18/Jun/2012:13:01:36 +0200] "GET / HTTP/1.1" 304 - "-" "Mozilla/5.0 (Windows NT 6.1; WOW64; rv:13.0) Gecko/20100101 Firefox/13.0"
212.91.246.65 - - [18/Jun/2012:13:02:09 +0200] "GET / HTTP/1.1" 200 560 "-" "Mozilla/5.0 (Windows NT 6.1; WOW64) AppleWebKit/534.57.2 (KHTML, like Gecko) Version/5.1.7 Safari/534.57.2"
212.91.246.65 - - [18/Jun/2012:13:02:10 +0200] "GET /picture/img001.jpg HTTP/1.1" 200 171227 "http://www.die-fabians.de/" "Mozilla/5.0 (Windows NT 6.1; WOW64) AppleWebKit/534.57.2 (KHTML, like Gecko) Version/5.1.7 Safari/534.57.2"
212.91.246.65 - - [18/Jun/2012:13:02:12 +0200] "GET /favicon.ico HTTP/1.1" 404 1256 "http://www.die-fabians.de/" "Mozilla/5.0 (Windows NT 6.1; WOW64) AppleWebKit/534.57.2 (KHTML, like Gecko) Version/5.1.7 Safari/534.57.2"
89.204.137.127 - - [18/Jun/2012:13:03:48 +0200] "GET / HTTP/1.1" 200 560 "-" "Mozilla/5.0 (iPhone; CPU iPhone OS 5_1 like Mac OS X) AppleWebKit/534.46 (KHTML, like Gecko) Version/5.1 Mobile/9B176 Safari/7534.48.3"
89.204.137.127 - - [18/Jun/2012:13:03:49 +0200] "GET /picture/img001.jpg HTTP/1.1" 200 171227 "http://www.die-fabians.de/" "Mozilla/5.0 (iPhone; CPU iPhone OS 5_1 like Mac OS X) AppleWebKit/534.46 (KHTML, like Gecko) Version/5.1 Mobile/9B176 Safari/7534.48.3"
172.16.28.116 - - [18/Jun/2012:13:04:27 +0200] "GET / HTTP/1.1" 200 560 "-" "Mozilla/5.0 (iPhone; U; CPU iPhone OS 4_2_1 like Mac OS X; de-de) AppleWebKit/533.17.9 (KHTML, like Gecko) Version/5.0.2 Mobile/8C148 Safari/6533.18.5"
172.16.28.116 - - [18/Jun/2012:13:04:28 +0200] "GET /picture/img001.jpg HTTP/1.1" 200 171227 "http://www.die-fabians.de/" "Mozilla/5.0 (iPhone; U; CPU iPhone OS 4_2_1 like Mac OS X; de-de) AppleWebKit/533.17.9 (KHTML, like Gecko) Version/5.0.2 Mobile/8C148 Safari/6533.18.5"
82.145.211.122 - - [18/Jun/2012:13:07:08 +0200] "GET / HTTP/1.1" 200 560 "-" "Opera/9.80 (iPhone; Opera Mini/7.0.2/27.2020; U; de) Presto/2.8.119 Version/11.10"
82.145.211.122 - - [18/Jun/2012:13:07:09 +0200] "GET /favicon.ico HTTP/1.1" 404 1256 "http://www.die-fabians.de/" "Opera/9.80 (iPhone; Opera Mini/7.0.2/27.2020; U; de) Presto/2.8.119 Version/11.10"
82.145.211.122 - - [18/Jun/2012:13:07:09 +0200] "GET /picture/img001.jpg HTTP/1.1" 200 171227 "http://www.die-fabians.de/" "Opera/9.80 (iPhone; Opera Mini/7.0.2/27.2020; U; de) Presto/2.8.119 Version/11.10"
212.91.246.65 - - [18/Jun/2012:13:08:39 +0200] "GET / HTTP/1.1" 200 569 "-" "Mozilla/5.0 (Windows NT 6.1; WOW64) AppleWebKit/534.57.2 (KHTML, like Gecko) Version/5.1.7 Safari/534.57.2"
212.91.246.65 - - [18/Jun/2012:13:08:39 +0200] "GET /picture/img001.png HTTP/1.1" 200 643437 "http://www.die-fabians.de/" "Mozilla/5.0 (Windows NT 6.1; WOW64) AppleWebKit/534.57.2 (KHTML, like Gecko) Version/5.1.7 Safari/534.57.2"
172.16.28.116 - - [18/Jun/2012:13:08:47 +0200] "GET / HTTP/1.1" 200 569 "-" "Mozilla/5.0 (iPhone; U; CPU iPhone OS 4_2_1 like Mac OS X; de-de) AppleWebKit/533.17.9 (KHTML, like Gecko) Version/5.0.2 Mobile/8C148 Safari/6533.18.5"
172.16.28.116 - - [18/Jun/2012:13:08:47 +0200] "GET /picture/img001.png HTTP/1.1" 200 643437 "http://www.die-fabians.de/" "Mozilla/5.0 (iPhone; U; CPU iPhone OS 4_2_1 like Mac OS X; de-de) AppleWebKit/533.17.9 (KHTML, like Gecko) Version/5.0.2 Mobile/8C148 Safari/6533.18.5"
89.204.137.127 - - [18/Jun/2012:13:08:56 +0200] "GET / HTTP/1.1" 200 569 "-" "Mozilla/5.0 (iPhone; CPU iPhone OS 5_1 like Mac OS X) AppleWebKit/534.46 (KHTML, like Gecko) Version/5.1 Mobile/9B176 Safari/7534.48.3"
89.204.137.127 - - [18/Jun/2012:13:08:57 +0200] "GET /picture/img001.png HTTP/1.1" 200 643437 "http://www.die-fabians.de/" "Mozilla/5.0 (iPhone; CPU iPhone OS 5_1 like Mac OS X) AppleWebKit/534.46 (KHTML, like Gecko) Version/5.1 Mobile/9B176 Safari/7534.48.3"
212.91.246.65 - - [18/Jun/2012:14:00:13 +0200] "GET / HTTP/1.1" 200 569 "-" "Mozilla/5.0 (Windows NT 6.1; WOW64) AppleWebKit/534.57.2 (KHTML, like Gecko) Version/5.1.7 Safari/534.57.2"
212.91.246.65 - - [18/Jun/2012:14:00:13 +0200] "GET /picture/img001.png HTTP/1.1" 304 - "http://www.die-fabians.de/" "Mozilla/5.0 (Windows NT 6.1; WOW64) AppleWebKit/534.57.2 (KHTML, like Gecko) Version/5.1.7 Safari/534.57.2"
84.190.42.241 - - [18/Jun/2012:18:17:55 +0200] "GET / HTTP/1.1" 200 569 "-" "Mozilla/5.0 (iPhone; CPU iPhone OS 5_1 like Mac OS X) AppleWebKit/534.46 (KHTML, like Gecko) Version/5.1 Mobile/9B176 Safari/7534.48.3"
84.190.42.241 - - [18/Jun/2012:18:17:55 +0200] "GET /picture/img001.png HTTP/1.1" 200 643437 "http://www.die-fabians.de/" "Mozilla/5.0 (iPhone; CPU iPhone OS 5_1 like Mac OS X) AppleWebKit/534.46 (KHTML, like Gecko) Version/5.1 Mobile/9B176 Safari/7534.48.3"
89.204.139.141 - - [19/Jun/2012:08:36:37 +0200] "GET / HTTP/1.1" 304 - "-" "Mozilla/5.0 (iPhone; CPU iPhone OS 5_1 like Mac OS X) AppleWebKit/534.46 (KHTML, like Gecko) Version/5.1 Mobile/9B176 Safari/7534.48.3"
89.204.139.141 - - [19/Jun/2012:08:36:38 +0200] "GET /picture/img001.png HTTP/1.1" 200 643437 "http://www.die-fabians.de/" "Mozilla/5.0 (iPhone; CPU iPhone OS 5_1 like Mac OS X) AppleWebKit/534.46 (KHTML, like Gecko) Version/5.1 Mobile/9B176 Safari/7534.48.3"
172.16.28.116 - - [19/Jun/2012:10:36:50 +0200] "GET / HTTP/1.1" 200 569 "-" "Mozilla/5.0 (iPhone; U; CPU iPhone OS 4_2_1 like Mac OS X; de-de) AppleWebKit/533.17.9 (KHTML, like Gecko) Version/5.0.2 Mobile/8C148 Safari/6533.18.5"
172.16.28.116 - - [19/Jun/2012:10:36:50 +0200] "GET /picture/img001.png HTTP/1.1" 200 643437 "http://www.die-fabians.de/" "Mozilla/5.0 (iPhone; U; CPU iPhone OS 4_2_1 like Mac OS X; de-de) AppleWebKit/533.17.9 (KHTML, like Gecko) Version/5.0.2 Mobile/8C148 Safari/6533.18.5"
178.25.83.190 - - [19/Jun/2012:16:34:48 +0200] "GET /robots.txt HTTP/1.0" 404 1256 "-" "Mozilla/5.0 (compatible; MJ12bot/v1.4.3; http://www.majestic12.co.uk/bot.php?+)"
178.25.83.190 - - [19/Jun/2012:16:34:50 +0200] "GET / HTTP/1.1" 200 569 "-" "Mozilla/5.0 (compatible; MJ12bot/v1.4.3; http://www.majestic12.co.uk/bot.php?+)"
81.209.177.145 - - [19/Jun/2012:18:21:38 +0200] "GET /robots.txt HTTP/1.1" 404 1256 "-" "netEstate NE Crawler (+http://www.sengine.info/)"
81.209.177.95 - - [19/Jun/2012:18:21:39 +0200] "GET / HTTP/1.1" 200 569 "-" "netEstate NE Crawler (+http://www.sengine.info/)"
178.154.179.250 - - [20/Jun/2012:17:25:59 +0200] "GET /robots.txt HTTP/1.1" 404 1256 "-" "Mozilla/5.0 (compatible; YandexBot/3.0; +http://yandex.com/bots)"
178.154.179.250 - - [20/Jun/2012:20:30:29 +0200] "GET / HTTP/1.1" 200 569 "-" "Mozilla/5.0 (compatible; YandexBot/3.0; +http://yandex.com/bots)"
84.190.46.166 - - [20/Jun/2012:23:32:13 +0200] "GET / HTTP/1.1" 304 - "-" "Mozilla/5.0 (iPhone; CPU iPhone OS 5_1 like Mac OS X) AppleWebKit/534.46 (KHTML, like Gecko) Version/5.1 Mobile/9B176 Safari/7534.48.3"
84.190.46.166 - - [20/Jun/2012:23:32:14 +0200] "GET /picture/img001.png HTTP/1.1" 304 - "http://www.die-fabians.de/" "Mozilla/5.0 (iPhone; CPU iPhone OS 5_1 like Mac OS X) AppleWebKit/534.46 (KHTML, like Gecko) Version/5.1 Mobile/9B176 Safari/7534.48.3"
178.154.179.250 - - [21/Jun/2012:16:20:48 +0200] "GET /robots.txt HTTP/1.1" 404 1256 "-" "Mozilla/5.0 (compatible; YandexBot/3.0; +http://yandex.com/bots)"
178.154.179.250 - - [21/Jun/2012:18:12:11 +0200] "GET / HTTP/1.1" 200 569 "-" "Mozilla/5.0 (compatible; YandexBot/3.0; +http://yandex.com/bots)"
66.249.72.54 - - [22/Jun/2012:14:01:03 +0200] "GET /robots.txt HTTP/1.1" 404 1256 "-" "Mozilla/5.0 (compatible; Googlebot/2.1; +http://www.google.com/bot.html)"
66.249.72.54 - - [22/Jun/2012:14:01:03 +0200] "GET / HTTP/1.1" 200 569 "-" "Mozilla/5.0 (iPhone; U; CPU iPhone OS 4_1 like Mac OS X; en-us) AppleWebKit/532.9 (KHTML, like Gecko) Version/4.0.5 Mobile/8B117 Safari/6531.22.7 (compatible; Googlebot-Mobile/2.1; +http://www.google.com/bot.html)"
66.249.72.54 - - [22/Jun/2012:14:08:08 +0200] "GET /picture/img001.png HTTP/1.1" 200 643437 "http://www.die-fabians.de/" "Mozilla/5.0 (compatible; Googlebot/2.1; +http://www.google.com/bot.html)"
64.246.165.170 - - [22/Jun/2012:17:43:32 +0200] "GET /robots.txt HTTP/1.0" 404 1256 "-" "Mozilla/5.0 (Windows; U; Windows NT 5.1; en; rv:1.9.0.13) Gecko/2009073022 Firefox/3.5.2 (.NET CLR 3.5.30729) SurveyBot/2.3 (DomainTools)"
64.246.165.170 - - [22/Jun/2012:17:43:32 +0200] "GET / HTTP/1.1" 200 569 "http://whois.domaintools.com/die-fabians.de" "Mozilla/5.0 (Windows; U; Windows NT 5.1; en; rv:1.9.0.13) Gecko/2009073022 Firefox/3.5.2 (.NET CLR 3.5.30729) SurveyBot/2.3 (DomainTools)"
81.52.143.15 - - [23/Jun/2012:00:40:10 +0200] "GET /robots.txt HTTP/1.1" 404 1256 "-" "Mozilla/5.0 (Windows; U; Windows NT 5.1; fr; rv:1.8.1) VoilaBot BETA 1.2 (support.voilabot@orange-ftgroup.com)"
81.52.143.15 - - [23/Jun/2012:00:40:27 +0200] "GET /hans.htm HTTP/1.1" 404 1256 "-" "Mozilla/5.0 (Windows; U; Windows NT 5.1; fr; rv:1.8.1) VoilaBot BETA 1.2 (support.voilabot@orange-ftgroup.com)"
66.249.66.26 - - [23/Jun/2012:06:56:42 +0200] "GET /robots.txt HTTP/1.1" 404 1256 "-" "Mozilla/5.0 (compatible; Googlebot/2.1; +http://www.google.com/bot.html)"
66.249.72.54 - - [23/Jun/2012:06:56:42 +0200] "GET / HTTP/1.1" 200 569 "-" "Mozilla/5.0 (compatible; Googlebot/2.1; +http://www.google.com/bot.html)"
81.209.177.145 - - [23/Jun/2012:16:42:33 +0200] "GET /robots.txt HTTP/1.1" 404 1256 "-" "netEstate NE Crawler (+http://www.sengine.info/)"
81.209.177.95 - - [23/Jun/2012:16:42:37 +0200] "GET / HTTP/1.1" 200 569 "-" "netEstate NE Crawler (+http://www.sengine.info/)"
178.154.179.250 - - [23/Jun/2012:20:36:48 +0200] "GET /robots.txt HTTP/1.1" 404 1256 "-" "Mozilla/5.0 (compatible; YandexBot/3.0; +http://yandex.com/bots)"
178.154.179.250 - - [24/Jun/2012:04:37:07 +0200] "GET / HTTP/1.1" 200 569 "-" "Mozilla/5.0 (compatible; YandexBot/3.0; +http://yandex.com/bots)"
66.249.72.54 - - [24/Jun/2012:07:21:19 +0200] "GET /robots.txt HTTP/1.1" 404 1256 "-" "Mozilla/5.0 (compatible; Googlebot/2.1; +http://www.google.com/bot.html)"
66.249.72.54 - - [24/Jun/2012:07:21:19 +0200] "GET /picture/img001.png HTTP/1.1" 200 643437 "-" "Googlebot-Image/1.0"
91.64.185.171 - - [24/Jun/2012:14:10:56 +0200] "GET / HTTP/1.1" 200 569 "-" "Mozilla/5.0 (compatible; MSIE 9.0; Windows NT 6.1; WOW64; Trident/5.0; chromeframe/19.0.1084.56)"
91.64.185.171 - - [24/Jun/2012:14:10:57 +0200] "GET /picture/img001.png HTTP/1.1" 200 643437 "http://www.die-fabians.de/" "Mozilla/5.0 (compatible; MSIE 9.0; Windows NT 6.1; WOW64; Trident/5.0)"
66.249.66.26 - - [25/Jun/2012:11:37:57 +0200] "GET /robots.txt HTTP/1.1" 404 1256 "-" "Mozilla/5.0 (compatible; Googlebot/2.1; +http://www.google.com/bot.html)"
66.249.66.26 - - [25/Jun/2012:11:37:58 +0200] "GET / HTTP/1.1" 304 - "-" "Mozilla/5.0 (compatible; Googlebot/2.1; +http://www.google.com/bot.html)"
85.176.114.134 - - [25/Jun/2012:19:15:10 +0200] "HEAD /robots.txt HTTP/1.1" 404 - "-" "Toplistbot"
85.176.114.134 - - [25/Jun/2012:19:15:10 +0200] "GET / HTTP/1.1" 206 569 "-" "Toplistbot"
66.249.71.234 - - [26/Jun/2012:01:51:59 +0200] "GET /robots.txt HTTP/1.1" 404 1256 "-" "Mozilla/5.0 (compatible; Googlebot/2.1; +http://www.google.com/bot.html)"
66.249.66.26 - - [26/Jun/2012:01:51:59 +0200] "GET / HTTP/1.1" 304 - "-" "Mozilla/5.0 (iPhone; U; CPU iPhone OS 4_1 like Mac OS X; en-us) AppleWebKit/532.9 (KHTML, like Gecko) Version/4.0.5 Mobile/8B117 Safari/6531.22.7 (compatible; Googlebot-Mobile/2.1; +http://www.google.com/bot.html)"
66.249.71.234 - - [26/Jun/2012:07:37:27 +0200] "GET /robots.txt HTTP/1.1" 404 1256 "-" "Mozilla/5.0 (compatible; Googlebot/2.1; +http://www.google.com/bot.html)"
66.249.71.234 - - [26/Jun/2012:07:37:27 +0200] "GET / HTTP/1.1" 200 569 "-" "Mozilla/5.0 (compatible; Googlebot/2.1; +http://www.google.com/bot.html)"
108.59.8.80 - - [26/Jun/2012:17:32:44 +0200] "GET /robots.txt HTTP/1.0" 404 1256 "-" "Mozilla/5.0 (compatible; MJ12bot/v1.4.3; http://www.majestic12.co.uk/bot.php?+)"
108.59.8.80 - - [26/Jun/2012:17:32:46 +0200] "GET / HTTP/1.0" 200 569 "-" "Mozilla/5.0 (compatible; MJ12bot/v1.4.3; http://www.majestic12.co.uk/bot.php?+)"
66.249.66.26 - - [27/Jun/2012:07:42:29 +0200] "GET /robots.txt HTTP/1.1" 404 1256 "-" "Mozilla/5.0 (compatible; Googlebot/2.1; +http://www.google.com/bot.html)"
66.249.66.26 - - [27/Jun/2012:07:42:29 +0200] "GET / HTTP/1.1" 304 - "-" "Mozilla/5.0 (compatible; Googlebot/2.1; +http://www.google.com/bot.html)"
182.68.81.175 - - [27/Jun/2012:11:15:46 +0200] "GET / HTTP/1.1" 200 569 "-" "-"
178.154.179.250 - - [27/Jun/2012:11:40:15 +0200] "GET /robots.txt HTTP/1.1" 404 1256 "-" "Mozilla/5.0 (compatible; YandexBot/3.0; +http://yandex.com/bots)"
178.154.179.250 - - [27/Jun/2012:11:40:17 +0200] "GET / HTTP/1.1" 200 569 "-" "Mozilla/5.0 (compatible; YandexBot/3.0; +http://yandex.com/bots)"
66.249.66.26 - - [27/Jun/2012:17:55:37 +0200] "GET / HTTP/1.1" 304 - "-" "Mozilla/5.0 (compatible; Googlebot/2.1; +http://www.google.com/bot.html)"
66.249.66.26 - - [28/Jun/2012:02:08:56 +0200] "GET /robots.txt HTTP/1.1" 404 1256 "-" "Mozilla/5.0 (compatible; Googlebot/2.1; +http://www.google.com/bot.html)"
66.249.66.26 - - [28/Jun/2012:02:08:56 +0200] "GET / HTTP/1.1" 304 - "-" "Mozilla/5.0 (iPhone; U; CPU iPhone OS 4_1 like Mac OS X; en-us) AppleWebKit/532.9 (KHTML, like Gecko) Version/4.0.5 Mobile/8B117 Safari/6531.22.7 (compatible; Googlebot-Mobile/2.1; +http://www.google.com/bot.html)"
178.154.179.250 - - [28/Jun/2012:19:46:33 +0200] "GET /robots.txt HTTP/1.1" 404 1256 "-" "Mozilla/5.0 (compatible; YandexBot/3.0; +http://yandex.com/bots)"
178.154.179.250 - - [29/Jun/2012:02:00:15 +0200] "GET / HTTP/1.1" 200 569 "-" "Mozilla/5.0 (compatible; YandexBot/3.0; +http://yandex.com/bots)"
66.249.66.26 - - [29/Jun/2012:04:26:05 +0200] "GET /robots.txt HTTP/1.1" 404 1256 "-" "Mozilla/5.0 (compatible; Googlebot/2.1; +http://www.google.com/bot.html)"
66.249.71.234 - - [29/Jun/2012:04:26:06 +0200] "GET / HTTP/1.1" 304 - "-" "Mozilla/5.0 (compatible; Googlebot/2.1; +http://www.google.com/bot.html)"
66.249.71.234 - - [29/Jun/2012:07:38:23 +0200] "GET / HTTP/1.1" 200 569 "-" "Mozilla/5.0 (compatible; Googlebot/2.1; +http://www.google.com/bot.html)"
178.154.179.250 - - [29/Jun/2012:18:24:33 +0200] "GET /robots.txt HTTP/1.1" 404 1256 "-" "Mozilla/5.0 (compatible; YandexBot/3.0; +http://yandex.com/bots)"
178.154.179.250 - - [29/Jun/2012:22:18:38 +0200] "GET / HTTP/1.1" 200 569 "-" "Mozilla/5.0 (compatible; YandexBot/3.0; +http://yandex.com/bots)"
66.249.66.26 - - [30/Jun/2012:12:55:29 +0200] "GET /robots.txt HTTP/1.1" 404 1256 "-" "Mozilla/5.0 (compatible; Googlebot/2.1; +http://www.google.com/bot.html)"
66.249.71.234 - - [30/Jun/2012:12:55:30 +0200] "GET / HTTP/1.1" 304 - "-" "Mozilla/5.0 (compatible; Googlebot/2.1; +http://www.google.com/bot.html)"
178.154.179.250 - - [30/Jun/2012:19:56:38 +0200] "GET /robots.txt HTTP/1.1" 404 1256 "-" "Mozilla/5.0 (compatible; YandexBot/3.0; +http://yandex.com/bots)"
178.154.179.250 - - [30/Jun/2012:22:20:35 +0200] "GET / HTTP/1.1" 200 569 "-" "Mozilla/5.0 (compatible; YandexBot/3.0; +http://yandex.com/bots)"