37.209.108.212 - - [21/Nov/2012:16:37:35 +0100] "GET /02.html HTTP/1.0" 200 1988 "http://www.dialyse-waldbronn.de/00themen00.swf" "Mozilla/5.0 (compatible; MSIE 9.0; Windows NT 6.1; Trident/5.0; MAMD)"
37.209.108.212 - - [21/Nov/2012:16:37:35 +0100] "GET /02.swf HTTP/1.0" 200 19509 "http://www.dialyse-waldbronn.de/02.html" "Mozilla/5.0 (compatible; MSIE 9.0; Windows NT 6.1; Trident/5.0; MAMD)"
37.209.108.212 - - [21/Nov/2012:16:38:42 +0100] "GET /07.html HTTP/1.0" 200 2372 "http://www.dialyse-waldbronn.de/00themen00.swf" "Mozilla/5.0 (compatible; MSIE 9.0; Windows NT 6.1; Trident/5.0; MAMD)"
37.209.108.212 - - [21/Nov/2012:16:38:57 +0100] "GET /07.swf HTTP/1.0" 200 22237 "http://www.dialyse-waldbronn.de/07.html" "Mozilla/5.0 (compatible; MSIE 9.0; Windows NT 6.1; Trident/5.0; MAMD)"
178.154.179.250 - - [21/Nov/2012:17:01:40 +0100] "GET / HTTP/1.1" 200 4014 "-" "Mozilla/5.0 (compatible; YandexBot/3.0; +http://yandex.com/bots)"
157.55.34.32 - - [21/Nov/2012:17:17:23 +0100] "GET /robots.txt HTTP/1.1" 404 1256 "-" "Mozilla/5.0 (compatible; bingbot/2.0; +http://www.bing.com/bingbot.htm)"
157.55.34.32 - - [21/Nov/2012:17:40:21 +0100] "GET / HTTP/1.1" 304 - "-" "Mozilla/5.0 (compatible; bingbot/2.0; +http://www.bing.com/bingbot.htm)"
65.55.210.94 - - [21/Nov/2012:17:40:22 +0100] "GET / HTTP/1.1" 200 4014 "-" "Mozilla/5.0 (Windows NT 6.1; WOW64) AppleWebKit/534+ (KHTML, like Gecko) BingPreview/1.0b"
66.249.73.3 - - [21/Nov/2012:19:18:28 +0100] "GET /02.swf HTTP/1.1" 200 19509 "-" "Mozilla/5.0 (compatible; Googlebot/2.1; +http://www.google.com/bot.html)"
66.249.73.3 - - [21/Nov/2012:21:43:07 +0100] "GET /08.html HTTP/1.1" 304 - "-" "Mozilla/5.0 (compatible; Googlebot/2.1; +http://www.google.com/bot.html)"
66.249.73.3 - - [21/Nov/2012:21:46:38 +0100] "GET /08.swf HTTP/1.1" 200 22102 "-" "Mozilla/5.0 (compatible; Googlebot/2.1; +http://www.google.com/bot.html)"
66.249.73.3 - - [21/Nov/2012:21:52:45 +0100] "GET /03b.html HTTP/1.1" 304 - "-" "Mozilla/5.0 (compatible; Googlebot/2.1; +http://www.google.com/bot.html)"
66.249.73.3 - - [21/Nov/2012:22:02:35 +0100] "GET /05.html HTTP/1.1" 304 - "-" "Mozilla/5.0 (compatible; Googlebot/2.1; +http://www.google.com/bot.html)"
66.249.73.3 - - [21/Nov/2012:22:05:45 +0100] "GET /06.html HTTP/1.1" 304 - "-" "Mozilla/5.0 (compatible; Googlebot/2.1; +http://www.google.com/bot.html)"
66.249.73.3 - - [21/Nov/2012:22:09:11 +0100] "GET /04waldbronn.html HTTP/1.1" 304 - "-" "Mozilla/5.0 (compatible; Googlebot/2.1; +http://www.google.com/bot.html)"
66.249.73.3 - - [22/Nov/2012:06:10:05 +0100] "GET /robots.txt HTTP/1.1" 404 1256 "-" "Mozilla/5.0 (compatible; Googlebot/2.1; +http://www.google.com/bot.html)"
66.249.73.3 - - [22/Nov/2012:06:10:05 +0100] "GET / HTTP/1.1" 200 4014 "-" "Mozilla/5.0 (iPhone; U; CPU iPhone OS 4_1 like Mac OS X; en-us) AppleWebKit/532.9 (KHTML, like Gecko) Version/4.0.5 Mobile/8B117 Safari/6531.22.7 (compatible; Googlebot-Mobile/2.1; +http://www.google.com/bot.html)"
87.144.123.77 - - [22/Nov/2012:10:36:36 +0100] "GET / HTTP/1.1" 200 4014 "http://www.google.de/url?sa=t&rct=j&q=dialyse%20waldbronn&source=web&cd=1&ved=0CC4QFjAA&url=http%3A%2F%2Fwww.dialyse-waldbronn.de%2F&ei=9_GtUKLPDoHXtAaF14HgCg&usg=AFQjCNHEX_ZQroPS8hwDzjOxqVHmV6iDWw&cad=rjt" "Mozilla/5.0 (Windows NT 6.1; WOW64; rv:16.0) Gecko/20100101 Firefox/16.0"
87.144.123.77 - - [22/Nov/2012:10:36:36 +0100] "GET /back.jpg HTTP/1.1" 404 1256 "http://www.dialyse-waldbronn.de/" "Mozilla/5.0 (Windows NT 6.1; WOW64; rv:16.0) Gecko/20100101 Firefox/16.0"
87.144.123.77 - - [22/Nov/2012:10:36:36 +0100] "GET /index.swf HTTP/1.1" 200 8893 "http://www.dialyse-waldbronn.de/" "Mozilla/5.0 (Windows NT 6.1; WOW64; rv:16.0) Gecko/20100101 Firefox/16.0"
87.144.123.77 - - [22/Nov/2012:10:36:36 +0100] "GET /favicon.ico HTTP/1.1" 404 1256 "-" "Mozilla/5.0 (Windows NT 6.1; WOW64; rv:16.0) Gecko/20100101 Firefox/16.0"
87.144.123.77 - - [22/Nov/2012:10:36:36 +0100] "GET /favicon.ico HTTP/1.1" 404 1256 "-" "Mozilla/5.0 (Windows NT 6.1; WOW64; rv:16.0) Gecko/20100101 Firefox/16.0"
87.144.123.77 - - [22/Nov/2012:10:36:46 +0100] "GET /00themen00.html HTTP/1.1" 200 2236 "http://www.dialyse-waldbronn.de/" "Mozilla/5.0 (Windows NT 6.1; WOW64; rv:16.0) Gecko/20100101 Firefox/16.0"
87.144.123.77 - - [22/Nov/2012:10:36:46 +0100] "GET /AC_RunActiveContent.js HTTP/1.1" 200 8029 "http://www.dialyse-waldbronn.de/00themen00.html" "Mozilla/5.0 (Windows NT 6.1; WOW64; rv:16.0) Gecko/20100101 Firefox/16.0"
87.144.123.77 - - [22/Nov/2012:10:36:46 +0100] "GET /00themen00.swf HTTP/1.1" 200 12608 "http://www.dialyse-waldbronn.de/00themen00.html" "Mozilla/5.0 (Windows NT 6.1; WOW64; rv:16.0) Gecko/20100101 Firefox/16.0"
87.144.123.77 - - [22/Nov/2012:10:36:49 +0100] "GET /01.html HTTP/1.1" 200 1988 "http://www.dialyse-waldbronn.de/00themen00.html" "Mozilla/5.0 (Windows NT 6.1; WOW64; rv:16.0) Gecko/20100101 Firefox/16.0"
87.144.123.77 - - [22/Nov/2012:10:36:49 +0100] "GET /01.swf HTTP/1.1" 200 36918 "http://www.dialyse-waldbronn.de/01.html" "Mozilla/5.0 (Windows NT 6.1; WOW64; rv:16.0) Gecko/20100101 Firefox/16.0"
87.144.123.77 - - [22/Nov/2012:10:36:56 +0100] "GET /02.html HTTP/1.1" 200 1988 "http://www.dialyse-waldbronn.de/00themen00.html" "Mozilla/5.0 (Windows NT 6.1; WOW64; rv:16.0) Gecko/20100101 Firefox/16.0"
87.144.123.77 - - [22/Nov/2012:10:36:56 +0100] "GET /02.swf HTTP/1.1" 200 19509 "http://www.dialyse-waldbronn.de/02.html" "Mozilla/5.0 (Windows NT 6.1; WOW64; rv:16.0) Gecko/20100101 Firefox/16.0"
87.144.123.77 - - [22/Nov/2012:10:37:03 +0100] "GET /03.html HTTP/1.1" 200 2012 "http://www.dialyse-waldbronn.de/00themen00.html" "Mozilla/5.0 (Windows NT 6.1; WOW64; rv:16.0) Gecko/20100101 Firefox/16.0"
87.144.123.77 - - [22/Nov/2012:10:37:03 +0100] "GET /03.swf HTTP/1.1" 200 79366 "http://www.dialyse-waldbronn.de/03.html" "Mozilla/5.0 (Windows NT 6.1; WOW64; rv:16.0) Gecko/20100101 Firefox/16.0"
87.144.123.77 - - [22/Nov/2012:10:37:19 +0100] "GET /04.html HTTP/1.1" 200 1988 "http://www.dialyse-waldbronn.de/00themen00.html" "Mozilla/5.0 (Windows NT 6.1; WOW64; rv:16.0) Gecko/20100101 Firefox/16.0"
87.144.123.77 - - [22/Nov/2012:10:37:19 +0100] "GET /04.swf HTTP/1.1" 200 20526 "http://www.dialyse-waldbronn.de/04.html" "Mozilla/5.0 (Windows NT 6.1; WOW64; rv:16.0) Gecko/20100101 Firefox/16.0"
87.144.123.77 - - [22/Nov/2012:10:37:34 +0100] "GET /06.html HTTP/1.1" 200 1988 "http://www.dialyse-waldbronn.de/00themen00.html" "Mozilla/5.0 (Windows NT 6.1; WOW64; rv:16.0) Gecko/20100101 Firefox/16.0"
87.144.123.77 - - [22/Nov/2012:10:37:34 +0100] "GET /06.swf HTTP/1.1" 200 18307 "http://www.dialyse-waldbronn.de/06.html" "Mozilla/5.0 (Windows NT 6.1; WOW64; rv:16.0) Gecko/20100101 Firefox/16.0"
87.144.123.77 - - [22/Nov/2012:10:37:44 +0100] "GET /08.html HTTP/1.1" 200 2068 "http://www.dialyse-waldbronn.de/00themen00.html" "Mozilla/5.0 (Windows NT 6.1; WOW64; rv:16.0) Gecko/20100101 Firefox/16.0"
87.144.123.77 - - [22/Nov/2012:10:37:44 +0100] "GET /08.swf HTTP/1.1" 200 22102 "http://www.dialyse-waldbronn.de/08.html" "Mozilla/5.0 (Windows NT 6.1; WOW64; rv:16.0) Gecko/20100101 Firefox/16.0"
178.154.179.250 - - [22/Nov/2012:12:25:57 +0100] "GET /robots.txt HTTP/1.1" 404 1256 "-" "Mozilla/5.0 (compatible; YandexBot/3.0; +http://yandex.com/bots)"
157.55.35.52 - - [22/Nov/2012:15:50:43 +0100] "GET /robots.txt HTTP/1.1" 404 1256 "-" "Mozilla/5.0 (compatible; bingbot/2.0; +http://www.bing.com/bingbot.htm)"
65.55.208.41 - - [22/Nov/2012:16:00:02 +0100] "GET / HTTP/1.1" 200 4014 "-" "Mozilla/5.0 (Windows NT 6.1; WOW64) AppleWebKit/534+ (KHTML, like Gecko) BingPreview/1.0b"
178.154.179.250 - - [22/Nov/2012:17:12:29 +0100] "GET /04waldbronn.html HTTP/1.1" 304 - "-" "Mozilla/5.0 (compatible; YandexBot/3.0; +http://yandex.com/bots)"
178.154.179.250 - - [22/Nov/2012:20:07:09 +0100] "GET / HTTP/1.1" 200 4014 "-" "Mozilla/5.0 (compatible; YandexBot/3.0; +http://yandex.com/bots)"
178.154.179.250 - - [22/Nov/2012:23:01:41 +0100] "GET /05.swf HTTP/1.1" 304 - "-" "Mozilla/5.0 (compatible; YandexBot/3.0; +http://yandex.com/bots)"
178.154.179.250 - - [22/Nov/2012:23:58:54 +0100] "GET /04.swf HTTP/1.1" 304 - "-" "Mozilla/5.0 (compatible; YandexBot/3.0; +http://yandex.com/bots)"
157.55.35.52 - - [23/Nov/2012:01:37:40 +0100] "GET /robots.txt HTTP/1.1" 404 1256 "-" "Mozilla/5.0 (compatible; bingbot/2.0; +http://www.bing.com/bingbot.htm)"
157.55.35.52 - - [23/Nov/2012:01:41:51 +0100] "GET / HTTP/1.1" 200 4014 "-" "Mozilla/5.0 (compatible; bingbot/2.0; +http://www.bing.com/bingbot.htm)"
157.55.32.190 - - [23/Nov/2012:01:43:16 +0100] "GET /index.swf HTTP/1.1" 200 8893 "-" "Mozilla/5.0 (compatible; bingbot/2.0; +http://www.bing.com/bingbot.htm)"
178.154.179.250 - - [23/Nov/2012:05:55:21 +0100] "GET /index.html HTTP/1.1" 200 4014 "-" "Mozilla/5.0 (compatible; YandexBot/3.0; +http://yandex.com/bots)"
217.86.191.197 - - [23/Nov/2012:07:54:52 +0100] "GET /00themen00.html HTTP/1.1" 200 2236 "-" "Mozilla/5.0 (Macintosh; Intel Mac OS X 10_8_2) AppleWebKit/536.26.14 (KHTML, like Gecko) Version/6.0.1 Safari/536.26.14"
217.86.191.197 - - [23/Nov/2012:07:54:52 +0100] "GET /AC_RunActiveContent.js HTTP/1.1" 200 8029 "http://www.dialyse-waldbronn.de/00themen00.html" "Mozilla/5.0 (Macintosh; Intel Mac OS X 10_8_2) AppleWebKit/536.26.14 (KHTML, like Gecko) Version/6.0.1 Safari/536.26.14"
84.157.229.31 - - [23/Nov/2012:08:07:33 +0100] "GET /00themen00.html HTTP/1.1" 304 - "-" "Mozilla/5.0 (Windows NT 6.1) AppleWebKit/534.57.2 (KHTML, like Gecko) Version/5.1.7 Safari/534.57.2"
84.157.229.31 - - [23/Nov/2012:08:07:33 +0100] "GET /AC_RunActiveContent.js HTTP/1.1" 304 - "http://www.dialyse-waldbronn.de/00themen00.html" "Mozilla/5.0 (Windows NT 6.1) AppleWebKit/534.57.2 (KHTML, like Gecko) Version/5.1.7 Safari/534.57.2"
178.154.179.250 - - [23/Nov/2012:08:10:26 +0100] "GET /index.swf HTTP/1.1" 304 - "-" "Mozilla/5.0 (compatible; YandexBot/3.0; +http://yandex.com/bots)"
157.55.35.112 - - [23/Nov/2012:15:00:18 +0100] "GET /robots.txt HTTP/1.1" 404 1256 "-" "Mozilla/5.0 (compatible; bingbot/2.0; +http://www.bing.com/bingbot.htm)"
65.55.210.156 - - [23/Nov/2012:15:01:49 +0100] "GET / HTTP/1.1" 200 4014 "-" "Mozilla/5.0 (Windows NT 6.1; WOW64) AppleWebKit/534+ (KHTML, like Gecko) BingPreview/1.0b"
66.249.75.134 - - [23/Nov/2012:16:47:08 +0100] "GET /robots.txt HTTP/1.1" 404 1256 "-" "Mozilla/5.0 (compatible; Googlebot/2.1; +http://www.google.com/bot.html)"
66.249.75.134 - - [23/Nov/2012:16:47:08 +0100] "GET /09a.html HTTP/1.1" 304 - "-" "Mozilla/5.0 (compatible; Googlebot/2.1; +http://www.google.com/bot.html)"
157.55.32.153 - - [23/Nov/2012:18:03:33 +0100] "GET /robots.txt HTTP/1.1" 404 1256 "-" "Mozilla/5.0 (compatible; bingbot/2.0; +http://www.bing.com/bingbot.htm)"
157.55.32.153 - - [23/Nov/2012:18:06:54 +0100] "GET / HTTP/1.1" 200 4014 "-" "Mozilla/5.0 (compatible; bingbot/2.0; +http://www.bing.com/bingbot.htm)"
84.56.220.94 - - [23/Nov/2012:19:05:52 +0100] "GET /back.jpg HTTP/1.1" 404 1256 "http://www.dialyse-waldbronn.de/" "Mozilla/5.0 (Windows NT 6.0; rv:14.0) Gecko/20100101 Firefox/14.0.1"
84.56.220.94 - - [23/Nov/2012:19:06:17 +0100] "GET /back.jpg HTTP/1.1" 404 1256 "http://www.dialyse-waldbronn.de/" "Mozilla/5.0 (Windows NT 6.0; rv:14.0) Gecko/20100101 Firefox/14.0.1"
157.55.35.99 - - [23/Nov/2012:22:22:14 +0100] "GET /robots.txt HTTP/1.1" 404 1256 "-" "Mozilla/5.0 (compatible; bingbot/2.0; +http://www.bing.com/bingbot.htm)"
157.55.35.99 - - [23/Nov/2012:22:23:58 +0100] "GET / HTTP/1.1" 200 4014 "-" "Mozilla/5.0 (compatible; bingbot/2.0; +http://www.bing.com/bingbot.htm)"
85.25.71.100 - - [24/Nov/2012:00:20:26 +0100] "GET /robots.txt HTTP/1.1" 404 1256 "-" "Mozilla/5.0 (X11; U; Linux i686; de; rv:1.9.0.1; compatible; iCjobs Stellenangebote Jobs; http://www.icjobs.de) Gecko/20100401 iCjobs/3.2.3"
85.25.71.100 - - [24/Nov/2012:00:20:26 +0100] "GET / HTTP/1.1" 200 4014 "-" "Mozilla/5.0 (X11; U; Linux i686; de; rv:1.9.0.1; compatible; iCjobs Stellenangebote Jobs; http://www.icjobs.de) Gecko/20100401 iCjobs/3.2.3"
85.25.71.100 - - [24/Nov/2012:00:20:27 +0100] "GET / HTTP/1.1" 200 4014 "-" "Mozilla/5.0 (X11; U; Linux i686; de; rv:1.9.0.1; compatible; iCjobs Stellenangebote Jobs; http://www.icjobs.de) Gecko/20100401 iCjobs/3.2.3"
85.25.71.100 - - [24/Nov/2012:00:20:28 +0100] "GET /index.swf HTTP/1.1" 200 8893 "-" "Mozilla/5.0 (X11; U; Linux i686; de; rv:1.9.0.1; compatible; iCjobs Stellenangebote Jobs; http://www.icjobs.de) Gecko/20100401 iCjobs/3.2.3"
85.25.71.100 - - [24/Nov/2012:00:20:29 +0100] "GET /00themen00.html HTTP/1.1" 200 2236 "-" "Mozilla/5.0 (X11; U; Linux i686; de; rv:1.9.0.1; compatible; iCjobs Stellenangebote Jobs; http://www.icjobs.de) Gecko/20100401 iCjobs/3.2.3"
85.25.71.100 - - [24/Nov/2012:00:20:29 +0100] "GET /AC_RunActiveContent.js HTTP/1.1" 200 8029 "-" "Mozilla/5.0 (X11; U; Linux i686; de; rv:1.9.0.1; compatible; iCjobs Stellenangebote Jobs; http://www.icjobs.de) Gecko/20100401 iCjobs/3.2.3"
85.25.71.100 - - [24/Nov/2012:00:20:31 +0100] "GET /00themen00.swf HTTP/1.1" 200 12608 "-" "Mozilla/5.0 (X11; U; Linux i686; de; rv:1.9.0.1; compatible; iCjobs Stellenangebote Jobs; http://www.icjobs.de) Gecko/20100401 iCjobs/3.2.3"
85.25.71.100 - - [24/Nov/2012:00:20:31 +0100] "GET /01.html HTTP/1.1" 200 1988 "-" "Mozilla/5.0 (X11; U; Linux i686; de; rv:1.9.0.1; compatible; iCjobs Stellenangebote Jobs; http://www.icjobs.de) Gecko/20100401 iCjobs/3.2.3"
85.25.71.100 - - [24/Nov/2012:00:20:33 +0100] "GET /01.swf HTTP/1.1" 200 36918 "-" "Mozilla/5.0 (X11; U; Linux i686; de; rv:1.9.0.1; compatible; iCjobs Stellenangebote Jobs; http://www.icjobs.de) Gecko/20100401 iCjobs/3.2.3"
85.25.71.100 - - [24/Nov/2012:00:20:33 +0100] "GET /05.html HTTP/1.1" 200 1988 "-" "Mozilla/5.0 (X11; U; Linux i686; de; rv:1.9.0.1; compatible; iCjobs Stellenangebote Jobs; http://www.icjobs.de) Gecko/20100401 iCjobs/3.2.3"
85.25.71.100 - - [24/Nov/2012:00:20:35 +0100] "GET /05.swf HTTP/1.1" 200 44441 "-" "Mozilla/5.0 (X11; U; Linux i686; de; rv:1.9.0.1; compatible; iCjobs Stellenangebote Jobs; http://www.icjobs.de) Gecko/20100401 iCjobs/3.2.3"
85.25.71.100 - - [24/Nov/2012:00:20:36 +0100] "GET /02.html HTTP/1.1" 200 1988 "-" "Mozilla/5.0 (X11; U; Linux i686; de; rv:1.9.0.1; compatible; iCjobs Stellenangebote Jobs; http://www.icjobs.de) Gecko/20100401 iCjobs/3.2.3"
85.25.71.100 - - [24/Nov/2012:00:20:38 +0100] "GET /02.swf HTTP/1.1" 200 19509 "-" "Mozilla/5.0 (X11; U; Linux i686; de; rv:1.9.0.1; compatible; iCjobs Stellenangebote Jobs; http://www.icjobs.de) Gecko/20100401 iCjobs/3.2.3"
85.25.71.100 - - [24/Nov/2012:00:20:39 +0100] "GET /07.html HTTP/1.1" 200 2372 "-" "Mozilla/5.0 (X11; U; Linux i686; de; rv:1.9.0.1; compatible; iCjobs Stellenangebote Jobs; http://www.icjobs.de) Gecko/20100401 iCjobs/3.2.3"
85.25.71.100 - - [24/Nov/2012:00:20:41 +0100] "GET /07.swf HTTP/1.1" 200 22237 "-" "Mozilla/5.0 (X11; U; Linux i686; de; rv:1.9.0.1; compatible; iCjobs Stellenangebote Jobs; http://www.icjobs.de) Gecko/20100401 iCjobs/3.2.3"
85.25.71.100 - - [24/Nov/2012:00:20:41 +0100] "GET /03.html HTTP/1.1" 200 2012 "-" "Mozilla/5.0 (X11; U; Linux i686; de; rv:1.9.0.1; compatible; iCjobs Stellenangebote Jobs; http://www.icjobs.de) Gecko/20100401 iCjobs/3.2.3"
85.25.71.100 - - [24/Nov/2012:00:20:43 +0100] "GET /03.swf HTTP/1.1" 200 79366 "-" "Mozilla/5.0 (X11; U; Linux i686; de; rv:1.9.0.1; compatible; iCjobs Stellenangebote Jobs; http://www.icjobs.de) Gecko/20100401 iCjobs/3.2.3"
85.25.71.100 - - [24/Nov/2012:00:20:44 +0100] "GET /06.html HTTP/1.1" 200 1988 "-" "Mozilla/5.0 (X11; U; Linux i686; de; rv:1.9.0.1; compatible; iCjobs Stellenangebote Jobs; http://www.icjobs.de) Gecko/20100401 iCjobs/3.2.3"
85.25.71.100 - - [24/Nov/2012:00:20:47 +0100] "GET /06.swf HTTP/1.1" 200 18307 "-" "Mozilla/5.0 (X11; U; Linux i686; de; rv:1.9.0.1; compatible; iCjobs Stellenangebote Jobs; http://www.icjobs.de) Gecko/20100401 iCjobs/3.2.3"
85.25.71.100 - - [24/Nov/2012:00:20:47 +0100] "GET /04.html HTTP/1.1" 200 1988 "-" "Mozilla/5.0 (X11; U; Linux i686; de; rv:1.9.0.1; compatible; iCjobs Stellenangebote Jobs; http://www.icjobs.de) Gecko/20100401 iCjobs/3.2.3"
85.25.71.100 - - [24/Nov/2012:00:20:50 +0100] "GET /04.swf HTTP/1.1" 200 20526 "-" "Mozilla/5.0 (X11; U; Linux i686; de; rv:1.9.0.1; compatible; iCjobs Stellenangebote Jobs; http://www.icjobs.de) Gecko/20100401 iCjobs/3.2.3"
85.25.71.100 - - [24/Nov/2012:00:20:50 +0100] "GET /08.html HTTP/1.1" 200 2068 "-" "Mozilla/5.0 (X11; U; Linux i686; de; rv:1.9.0.1; compatible; iCjobs Stellenangebote Jobs; http://www.icjobs.de) Gecko/20100401 iCjobs/3.2.3"
85.25.71.100 - - [24/Nov/2012:00:20:53 +0100] "GET /08.swf HTTP/1.1" 200 22102 "-" "Mozilla/5.0 (X11; U; Linux i686; de; rv:1.9.0.1; compatible; iCjobs Stellenangebote Jobs; http://www.icjobs.de) Gecko/20100401 iCjobs/3.2.3"
85.25.71.100 - - [24/Nov/2012:00:20:53 +0100] "GET /09.html HTTP/1.1" 200 2140 "-" "Mozilla/5.0 (X11; U; Linux i686; de; rv:1.9.0.1; compatible; iCjobs Stellenangebote Jobs; http://www.icjobs.de) Gecko/20100401 iCjobs/3.2.3"
85.25.71.100 - - [24/Nov/2012:00:20:56 +0100] "GET /09.swf HTTP/1.1" 200 23193 "-" "Mozilla/5.0 (X11; U; Linux i686; de; rv:1.9.0.1; compatible; iCjobs Stellenangebote Jobs; http://www.icjobs.de) Gecko/20100401 iCjobs/3.2.3"
85.25.71.100 - - [24/Nov/2012:00:20:57 +0100] "GET /index.html HTTP/1.1" 200 4014 "-" "Mozilla/5.0 (X11; U; Linux i686; de; rv:1.9.0.1; compatible; iCjobs Stellenangebote Jobs; http://www.icjobs.de) Gecko/20100401 iCjobs/3.2.3"
85.25.71.100 - - [24/Nov/2012:00:20:57 +0100] "GET /03b.html HTTP/1.1" 200 2020 "-" "Mozilla/5.0 (X11; U; Linux i686; de; rv:1.9.0.1; compatible; iCjobs Stellenangebote Jobs; http://www.icjobs.de) Gecko/20100401 iCjobs/3.2.3"
85.25.71.100 - - [24/Nov/2012:00:20:58 +0100] "GET /03b.swf HTTP/1.1" 200 198225 "-" "Mozilla/5.0 (X11; U; Linux i686; de; rv:1.9.0.1; compatible; iCjobs Stellenangebote Jobs; http://www.icjobs.de) Gecko/20100401 iCjobs/3.2.3"
85.25.71.100 - - [24/Nov/2012:00:20:59 +0100] "GET /04waldbronn.html HTTP/1.1" 200 2092 "-" "Mozilla/5.0 (X11; U; Linux i686; de; rv:1.9.0.1; compatible; iCjobs Stellenangebote Jobs; http://www.icjobs.de) Gecko/20100401 iCjobs/3.2.3"
85.25.71.100 - - [24/Nov/2012:00:21:00 +0100] "GET /04waldbronn.swf HTTP/1.1" 200 20798 "-" "Mozilla/5.0 (X11; U; Linux i686; de; rv:1.9.0.1; compatible; iCjobs Stellenangebote Jobs; http://www.icjobs.de) Gecko/20100401 iCjobs/3.2.3"
85.25.71.100 - - [24/Nov/2012:00:21:01 +0100] "GET /09a.html HTTP/1.1" 200 2065 "-" "Mozilla/5.0 (X11; U; Linux i686; de; rv:1.9.0.1; compatible; iCjobs Stellenangebote Jobs; http://www.icjobs.de) Gecko/20100401 iCjobs/3.2.3"
85.25.71.100 - - [24/Nov/2012:00:21:02 +0100] "GET /09a.swf HTTP/1.1" 200 19689 "-" "Mozilla/5.0 (X11; U; Linux i686; de; rv:1.9.0.1; compatible; iCjobs Stellenangebote Jobs; http://www.icjobs.de) Gecko/20100401 iCjobs/3.2.3"
157.55.35.99 - - [24/Nov/2012:00:42:48 +0100] "GET /robots.txt HTTP/1.1" 404 1256 "-" "Mozilla/5.0 (compatible; bingbot/2.0; +http://www.bing.com/bingbot.htm)"
65.55.211.219 - - [24/Nov/2012:00:48:28 +0100] "GET / HTTP/1.1" 200 4014 "-" "Mozilla/5.0 (Windows NT 6.1; WOW64) AppleWebKit/534+ (KHTML, like Gecko) BingPreview/1.0b"
157.55.35.99 - - [24/Nov/2012:00:59:29 +0100] "GET / HTTP/1.1" 200 4014 "-" "Mozilla/5.0 (compatible; bingbot/2.0; +http://www.bing.com/bingbot.htm)"
178.154.179.250 - - [24/Nov/2012:03:29:36 +0100] "GET /robots.txt HTTP/1.1" 404 1256 "-" "Mozilla/5.0 (compatible; YandexBot/3.0; +http://yandex.com/bots)"
178.154.179.250 - - [24/Nov/2012:07:25:40 +0100] "GET / HTTP/1.1" 200 4014 "-" "Mozilla/5.0 (compatible; YandexBot/3.0; +http://yandex.com/bots)"
178.154.179.250 - - [24/Nov/2012:16:00:12 +0100] "GET / HTTP/1.1" 200 4014 "-" "Mozilla/5.0 (compatible; YandexBot/3.0; +http://yandex.com/bots)"
66.249.75.134 - - [24/Nov/2012:17:35:56 +0100] "GET /robots.txt HTTP/1.1" 404 1256 "-" "Mozilla/5.0 (compatible; Googlebot/2.1; +http://www.google.com/bot.html)"
66.249.75.134 - - [24/Nov/2012:17:35:56 +0100] "GET / HTTP/1.1" 200 4014 "-" "Mozilla/5.0 (compatible; Googlebot/2.1; +http://www.google.com/bot.html)"
178.154.179.250 - - [24/Nov/2012:17:38:41 +0100] "GET /06.swf HTTP/1.1" 304 - "-" "Mozilla/5.0 (compatible; YandexBot/3.0; +http://yandex.com/bots)"
134.3.157.21 - - [24/Nov/2012:19:58:56 +0100] "GET / HTTP/1.1" 200 4014 "http://www.dialyse-calw.de/06.swf" "Mozilla/4.0 (compatible; MSIE 8.0; Windows NT 5.1; Trident/4.0; .NET CLR 1.1.4322; .NET CLR 2.0.50727; .NET CLR 3.0.04506.30; .NET CLR 3.0.4506.2152; .NET CLR 3.5.30729)"
134.3.157.21 - - [24/Nov/2012:19:58:56 +0100] "GET /index.swf HTTP/1.1" 200 8893 "-" "contype"
134.3.157.21 - - [24/Nov/2012:19:58:56 +0100] "GET /back.jpg HTTP/1.1" 404 1256 "http://www.dialyse-waldbronn.de/" "Mozilla/4.0 (compatible; MSIE 8.0; Windows NT 5.1; Trident/4.0; .NET CLR 1.1.4322; .NET CLR 2.0.50727; .NET CLR 3.0.04506.30; .NET CLR 3.0.4506.2152; .NET CLR 3.5.30729)"
134.3.157.21 - - [24/Nov/2012:19:58:56 +0100] "GET /index.swf HTTP/1.1" 200 8893 "http://www.dialyse-waldbronn.de/" "Mozilla/4.0 (compatible; MSIE 8.0; Windows NT 5.1; Trident/4.0; .NET CLR 1.1.4322; .NET CLR 2.0.50727; .NET CLR 3.0.04506.30; .NET CLR 3.0.4506.2152; .NET CLR 3.5.30729)"
134.3.157.21 - - [24/Nov/2012:19:58:56 +0100] "GET /favicon.ico HTTP/1.1" 404 1256 "-" "Mozilla/4.0 (compatible; MSIE 8.0; Windows NT 5.1; Trident/4.0; .NET CLR 1.1.4322; .NET CLR 2.0.50727; .NET CLR 3.0.04506.30; .NET CLR 3.0.4506.2152; .NET CLR 3.5.30729)"
134.3.157.21 - - [24/Nov/2012:19:58:59 +0100] "GET /00themen00.html HTTP/1.1" 200 2236 "http://www.dialyse-waldbronn.de/index.swf" "Mozilla/4.0 (compatible; MSIE 8.0; Windows NT 5.1; Trident/4.0; .NET CLR 1.1.4322; .NET CLR 2.0.50727; .NET CLR 3.0.04506.30; .NET CLR 3.0.4506.2152; .NET CLR 3.5.30729)"
134.3.157.21 - - [24/Nov/2012:19:58:59 +0100] "GET /AC_RunActiveContent.js HTTP/1.1" 200 8029 "http://www.dialyse-waldbronn.de/index.swf" "Mozilla/4.0 (compatible; MSIE 8.0; Windows NT 5.1; Trident/4.0; .NET CLR 1.1.4322; .NET CLR 2.0.50727; .NET CLR 3.0.04506.30; .NET CLR 3.0.4506.2152; .NET CLR 3.5.30729)"
134.3.157.21 - - [24/Nov/2012:19:58:59 +0100] "GET /00themen00.swf HTTP/1.1" 200 12608 "http://www.dialyse-waldbronn.de/00themen00.html" "Mozilla/4.0 (compatible; MSIE 8.0; Windows NT 5.1; Trident/4.0; .NET CLR 1.1.4322; .NET CLR 2.0.50727; .NET CLR 3.0.04506.30; .NET CLR 3.0.4506.2152; .NET CLR 3.5.30729)"
134.3.157.21 - - [24/Nov/2012:19:58:59 +0100] "GET /favicon.ico HTTP/1.1" 404 1256 "-" "Mozilla/4.0 (compatible; MSIE 8.0; Windows NT 5.1; Trident/4.0; .NET CLR 1.1.4322; .NET CLR 2.0.50727; .NET CLR 3.0.04506.30; .NET CLR 3.0.4506.2152; .NET CLR 3.5.30729)"
134.3.157.21 - - [24/Nov/2012:19:59:00 +0100] "GET /01.html HTTP/1.1" 200 1988 "http://www.dialyse-waldbronn.de/00themen00.swf" "Mozilla/4.0 (compatible; MSIE 8.0; Windows NT 5.1; Trident/4.0; .NET CLR 1.1.4322; .NET CLR 2.0.50727; .NET CLR 3.0.04506.30; .NET CLR 3.0.4506.2152; .NET CLR 3.5.30729)"
134.3.157.21 - - [24/Nov/2012:19:59:00 +0100] "GET /01.swf HTTP/1.1" 200 36918 "http://www.dialyse-waldbronn.de/01.html" "Mozilla/4.0 (compatible; MSIE 8.0; Windows NT 5.1; Trident/4.0; .NET CLR 1.1.4322; .NET CLR 2.0.50727; .NET CLR 3.0.04506.30; .NET CLR 3.0.4506.2152; .NET CLR 3.5.30729)"
134.3.157.21 - - [24/Nov/2012:19:59:04 +0100] "GET /03.html HTTP/1.1" 200 2012 "http://www.dialyse-waldbronn.de/00themen00.swf" "Mozilla/4.0 (compatible; MSIE 8.0; Windows NT 5.1; Trident/4.0; .NET CLR 1.1.4322; .NET CLR 2.0.50727; .NET CLR 3.0.04506.30; .NET CLR 3.0.4506.2152; .NET CLR 3.5.30729)"
134.3.157.21 - - [24/Nov/2012:19:59:04 +0100] "GET /03.swf HTTP/1.1" 200 79366 "http://www.dialyse-waldbronn.de/03.html" "Mozilla/4.0 (compatible; MSIE 8.0; Windows NT 5.1; Trident/4.0; .NET CLR 1.1.4322; .NET CLR 2.0.50727; .NET CLR 3.0.04506.30; .NET CLR 3.0.4506.2152; .NET CLR 3.5.30729)"
213.186.120.196 - - [24/Nov/2012:20:54:38 +0100] "GET / HTTP/1.1" 200 4014 "-" "Mozilla/5.0 (compatible; AhrefsBot/3.1; +http://ahrefs.com/robot/)"
178.154.179.250 - - [24/Nov/2012:21:23:47 +0100] "GET /02.swf HTTP/1.1" 304 - "-" "Mozilla/5.0 (compatible; YandexBot/3.0; +http://yandex.com/bots)"
178.154.179.250 - - [24/Nov/2012:23:01:15 +0100] "GET /01.swf HTTP/1.1" 304 - "-" "Mozilla/5.0 (compatible; YandexBot/3.0; +http://yandex.com/bots)"
178.154.179.250 - - [25/Nov/2012:00:49:18 +0100] "GET /06.swf HTTP/1.1" 304 - "-" "Mozilla/5.0 (compatible; YandexBot/3.0; +http://yandex.com/bots)"
173.242.125.191 - - [25/Nov/2012:01:11:29 +0100] "GET /robots.txt HTTP/1.0" 404 1256 "-" "Mozilla/5.0 (compatible; MJ12bot/v1.4.3; http://www.majestic12.co.uk/bot.php?+)"
173.242.125.191 - - [25/Nov/2012:01:11:30 +0100] "GET / HTTP/1.0" 200 4014 "-" "Mozilla/5.0 (compatible; MJ12bot/v1.4.3; http://www.majestic12.co.uk/bot.php?+)"
178.154.179.250 - - [25/Nov/2012:02:08:25 +0100] "GET /07.swf HTTP/1.1" 304 - "-" "Mozilla/5.0 (compatible; YandexBot/3.0; +http://yandex.com/bots)"
157.55.35.99 - - [25/Nov/2012:06:19:58 +0100] "GET /robots.txt HTTP/1.1" 404 1256 "-" "Mozilla/5.0 (compatible; bingbot/2.0; +http://www.bing.com/bingbot.htm)"
157.55.35.99 - - [25/Nov/2012:06:23:48 +0100] "GET / HTTP/1.1" 304 - "-" "Mozilla/5.0 (compatible; bingbot/2.0; +http://www.bing.com/bingbot.htm)"
66.249.75.134 - - [25/Nov/2012:10:45:40 +0100] "GET /robots.txt HTTP/1.1" 404 1256 "-" "Mozilla/5.0 (compatible; Googlebot/2.1; +http://www.google.com/bot.html)"
66.249.75.134 - - [25/Nov/2012:10:45:40 +0100] "GET /index.html HTTP/1.1" 200 4014 "-" "Mozilla/5.0 (compatible; Googlebot/2.1; +http://www.google.com/bot.html)"
178.154.179.250 - - [25/Nov/2012:11:11:44 +0100] "GET /robots.txt HTTP/1.1" 404 1256 "-" "Mozilla/5.0 (compatible; YandexBot/3.0; +http://yandex.com/bots)"
157.55.35.99 - - [25/Nov/2012:11:35:14 +0100] "GET /robots.txt HTTP/1.1" 404 1256 "-" "Mozilla/5.0 (compatible; bingbot/2.0; +http://www.bing.com/bingbot.htm)"
157.55.35.99 - - [25/Nov/2012:11:36:53 +0100] "GET / HTTP/1.1" 200 4014 "-" "Mozilla/5.0 (compatible; bingbot/2.0; +http://www.bing.com/bingbot.htm)"
176.9.58.140 - - [25/Nov/2012:12:57:24 +0100] "GET /robots.txt HTTP/1.0" 404 1256 "-" "Mozilla/5.0 (compatible; SEOkicks-Robot +http://www.seokicks.de/robot.html)"
176.9.58.140 - - [25/Nov/2012:12:57:27 +0100] "GET / HTTP/1.0" 200 4014 "-" "Mozilla/5.0 (compatible; SEOkicks-Robot +http://www.seokicks.de/robot.html)"
178.154.179.250 - - [25/Nov/2012:15:18:50 +0100] "GET /04.html HTTP/1.1" 304 - "-" "Mozilla/5.0 (compatible; YandexBot/3.0; +http://yandex.com/bots)"
79.217.178.181 - - [25/Nov/2012:17:52:39 +0100] "GET / HTTP/1.1" 200 4014 "http://www.google.de/url?sa=t&rct=j&q=bad+herrenalb+dialyse&source=web&cd=1&ved=0CDIQFjAA&url=http%3A%2F%2Fwww.dialyse-waldbronn.de%2F&ei=bUyyUKL_G4bQtAbP4oDgAQ&usg=AFQjCNHEX_ZQroPS8hwDzjOxqVHmV6iDWw" "Opera/9.80 (Windows NT 6.2; WOW64) Presto/2.12.388 Version/12.10"
79.217.178.181 - - [25/Nov/2012:17:52:39 +0100] "GET /favicon.ico HTTP/1.1" 404 1256 "http://www.dialyse-waldbronn.de/" "Opera/9.80 (Windows NT 6.2; WOW64) Presto/2.12.388 Version/12.10"
79.217.178.181 - - [25/Nov/2012:17:52:40 +0100] "GET /index.swf HTTP/1.1" 200 8893 "http://www.dialyse-waldbronn.de/" "Opera/9.80 (Windows NT 6.2; WOW64) Presto/2.12.388 Version/12.10"
79.217.178.181 - - [25/Nov/2012:17:52:42 +0100] "GET /back.jpg HTTP/1.1" 404 1256 "http://www.dialyse-waldbronn.de/" "Opera/9.80 (Windows NT 6.2; WOW64) Presto/2.12.388 Version/12.10"
46.5.78.220 - - [25/Nov/2012:18:41:35 +0100] "GET / HTTP/1.1" 200 4014 "http://suche.t-online.de/fast-cgi/tsc?sr=ptoweb&q=dialyse+waldbronn" "Mozilla/5.0 (Windows NT 5.1; rv:16.0) Gecko/20100101 Firefox/16.0"
46.5.78.220 - - [25/Nov/2012:18:41:35 +0100] "GET /back.jpg HTTP/1.1" 404 1256 "http://www.dialyse-waldbronn.de/" "Mozilla/5.0 (Windows NT 5.1; rv:16.0) Gecko/20100101 Firefox/16.0"
46.5.78.220 - - [25/Nov/2012:18:41:35 +0100] "GET /index.swf HTTP/1.1" 200 8893 "http://www.dialyse-waldbronn.de/" "Mozilla/5.0 (Windows NT 5.1; rv:16.0) Gecko/20100101 Firefox/16.0"
46.5.78.220 - - [25/Nov/2012:18:41:36 +0100] "GET /favicon.ico HTTP/1.1" 404 1256 "-" "Mozilla/5.0 (Windows NT 5.1; rv:16.0) Gecko/20100101 Firefox/16.0"
46.5.78.220 - - [25/Nov/2012:18:41:36 +0100] "GET /favicon.ico HTTP/1.1" 404 1256 "-" "Mozilla/5.0 (Windows NT 5.1; rv:16.0) Gecko/20100101 Firefox/16.0"
74.125.17.151 - - [25/Nov/2012:18:41:38 +0100] "GET /favicon.ico HTTP/1.1" 404 1256 "-" "-"
46.5.78.220 - - [25/Nov/2012:18:41:40 +0100] "GET /00themen00.html HTTP/1.1" 200 2236 "http://www.dialyse-waldbronn.de/" "Mozilla/5.0 (Windows NT 5.1; rv:16.0) Gecko/20100101 Firefox/16.0"
46.5.78.220 - - [25/Nov/2012:18:41:40 +0100] "GET /AC_RunActiveContent.js HTTP/1.1" 200 8029 "http://www.dialyse-waldbronn.de/00themen00.html" "Mozilla/5.0 (Windows NT 5.1; rv:16.0) Gecko/20100101 Firefox/16.0"
46.5.78.220 - - [25/Nov/2012:18:41:40 +0100] "GET /00themen00.swf HTTP/1.1" 200 12608 "http://www.dialyse-waldbronn.de/00themen00.html" "Mozilla/5.0 (Windows NT 5.1; rv:16.0) Gecko/20100101 Firefox/16.0"
46.5.78.220 - - [25/Nov/2012:18:41:43 +0100] "GET /03.html HTTP/1.1" 200 2012 "http://www.dialyse-waldbronn.de/00themen00.html" "Mozilla/5.0 (Windows NT 5.1; rv:16.0) Gecko/20100101 Firefox/16.0"
46.5.78.220 - - [25/Nov/2012:18:41:43 +0100] "GET /03.swf HTTP/1.1" 200 79366 "http://www.dialyse-waldbronn.de/03.html" "Mozilla/5.0 (Windows NT 5.1; rv:16.0) Gecko/20100101 Firefox/16.0"
46.5.78.220 - - [25/Nov/2012:18:42:00 +0100] "GET /03b.html HTTP/1.1" 200 2020 "http://www.dialyse-waldbronn.de/03.html" "Mozilla/5.0 (Windows NT 5.1; rv:16.0) Gecko/20100101 Firefox/16.0"
46.5.78.220 - - [25/Nov/2012:18:42:00 +0100] "GET /03b.swf HTTP/1.1" 200 198225 "http://www.dialyse-waldbronn.de/03b.html" "Mozilla/5.0 (Windows NT 5.1; rv:16.0) Gecko/20100101 Firefox/16.0"
66.249.76.134 - - [25/Nov/2012:19:56:56 +0100] "GET /robots.txt HTTP/1.1" 404 1256 "-" "Mozilla/5.0 (compatible; Googlebot/2.1; +http://www.google.com/bot.html)"
66.249.76.134 - - [25/Nov/2012:19:56:57 +0100] "GET /03.html HTTP/1.1" 304 - "-" "Mozilla/5.0 (iPhone; U; CPU iPhone OS 4_1 like Mac OS X; en-us) AppleWebKit/532.9 (KHTML, like Gecko) Version/4.0.5 Mobile/8B117 Safari/6531.22.7 (compatible; Googlebot-Mobile/2.1; +http://www.google.com/bot.html)"
178.154.179.250 - - [25/Nov/2012:20:03:50 +0100] "GET /08.html HTTP/1.1" 304 - "-" "Mozilla/5.0 (compatible; YandexBot/3.0; +http://yandex.com/bots)"
178.154.179.250 - - [25/Nov/2012:23:08:00 +0100] "GET /02.html HTTP/1.1" 304 - "-" "Mozilla/5.0 (compatible; YandexBot/3.0; +http://yandex.com/bots)"
178.154.179.250 - - [26/Nov/2012:02:05:49 +0100] "GET /03.html HTTP/1.1" 304 - "-" "Mozilla/5.0 (compatible; YandexBot/3.0; +http://yandex.com/bots)"
157.55.35.99 - - [26/Nov/2012:02:18:09 +0100] "GET /robots.txt HTTP/1.1" 404 1256 "-" "Mozilla/5.0 (compatible; bingbot/2.0; +http://www.bing.com/bingbot.htm)"
65.55.210.25 - - [26/Nov/2012:02:22:28 +0100] "GET / HTTP/1.1" 200 4014 "-" "Mozilla/5.0 (Windows NT 6.1; WOW64) AppleWebKit/534+ (KHTML, like Gecko) BingPreview/1.0b"
92.70.110.219 - - [26/Nov/2012:04:57:01 +0100] "GET / HTTP/1.1" 200 4014 "-" "Mozilla/5.0 (Windows; U; Windows NT 6.0; en-US; rv:1.9.2.11) Gecko/20101012 Firefox/3.6.11 GTB7.1 ( .NET CLR 3.5.30729; .NET4.0E)"
178.154.179.250 - - [26/Nov/2012:05:07:08 +0100] "GET /01.html HTTP/1.1" 304 - "-" "Mozilla/5.0 (compatible; YandexBot/3.0; +http://yandex.com/bots)"
178.154.179.250 - - [26/Nov/2012:08:48:39 +0100] "GET /04waldbronn.swf HTTP/1.1" 200 20798 "-" "Mozilla/5.0 (compatible; YandexBot/3.0; +http://yandex.com/bots)"
157.55.35.99 - - [26/Nov/2012:09:26:14 +0100] "GET /robots.txt HTTP/1.1" 404 1256 "-" "Mozilla/5.0 (compatible; bingbot/2.0; +http://www.bing.com/bingbot.htm)"
65.55.210.255 - - [26/Nov/2012:09:31:02 +0100] "GET / HTTP/1.1" 200 4014 "-" "Mozilla/5.0 (Windows NT 6.1; WOW64) AppleWebKit/534+ (KHTML, like Gecko) BingPreview/1.0b"
216.145.11.94 - - [26/Nov/2012:16:09:18 +0100] "GET /robots.txt HTTP/1.0" 404 1256 "-" "Mozilla/5.0 (Windows; U; Windows NT 5.1; en; rv:1.9.0.13) Gecko/2009073022 Firefox/3.5.2 (.NET CLR 3.5.30729) SurveyBot/2.3 (DomainTools)"
216.145.11.94 - - [26/Nov/2012:16:09:18 +0100] "GET / HTTP/1.1" 200 4014 "http://whois.domaintools.com/dialyse-waldbronn.de" "Mozilla/5.0 (Windows; U; Windows NT 5.1; en; rv:1.9.0.13) Gecko/2009073022 Firefox/3.5.2 (.NET CLR 3.5.30729) SurveyBot/2.3 (DomainTools)"
46.4.100.231 - - [26/Nov/2012:19:23:34 +0100] "GET /robots.txt HTTP/1.1" 404 1256 "-" "BacklinkCrawler (http://www.backlinktest.com/crawler.html)"
46.4.100.231 - - [26/Nov/2012:19:23:34 +0100] "GET /sitemap.xml HTTP/1.1" 404 1256 "-" "BacklinkCrawler (http://www.backlinktest.com/crawler.html)"
46.4.100.231 - - [26/Nov/2012:19:23:36 +0100] "GET / HTTP/1.1" 200 4014 "-" "BacklinkCrawler (http://www.backlinktest.com/crawler.html)"
157.55.35.99 - - [27/Nov/2012:01:31:04 +0100] "GET /robots.txt HTTP/1.1" 404 1256 "-" "Mozilla/5.0 (compatible; bingbot/2.0; +http://www.bing.com/bingbot.htm)"
157.55.35.99 - - [27/Nov/2012:01:46:45 +0100] "GET / HTTP/1.1" 304 - "-" "Mozilla/5.0 (compatible; bingbot/2.0; +http://www.bing.com/bingbot.htm)"
176.9.155.226 - - [27/Nov/2012:03:16:35 +0100] "GET /robots.txt HTTP/1.1" 404 1256 "-" "Mozilla/5.0 (compatible; SISTRIX Crawler; http://crawler.sistrix.net/)"
176.9.155.226 - - [27/Nov/2012:03:16:35 +0100] "GET / HTTP/1.1" 200 4014 "-" "Mozilla/5.0 (compatible; SISTRIX Crawler; http://crawler.sistrix.net/)"
178.154.179.250 - - [27/Nov/2012:07:16:52 +0100] "GET /robots.txt HTTP/1.1" 404 1256 "-" "Mozilla/5.0 (compatible; YandexBot/3.0; +http://yandex.com/bots)"
66.249.73.3 - - [27/Nov/2012:08:41:29 +0100] "GET /robots.txt HTTP/1.1" 404 1256 "-" "Mozilla/5.0 (compatible; Googlebot/2.1; +http://www.google.com/bot.html)"
66.249.73.3 - - [27/Nov/2012:08:41:29 +0100] "GET / HTTP/1.1" 200 4014 "-" "Mozilla/5.0 (compatible; Googlebot/2.1; +http://www.google.com/bot.html)"
178.154.179.250 - - [27/Nov/2012:10:01:57 +0100] "GET /03b.swf HTTP/1.1" 200 198225 "-" "Mozilla/5.0 (compatible; YandexBot/3.0; +http://yandex.com/bots)"
178.154.179.250 - - [27/Nov/2012:11:56:29 +0100] "GET /09a.html HTTP/1.1" 200 2065 "-" "Mozilla/5.0 (compatible; YandexBot/3.0; +http://yandex.com/bots)"
178.154.179.250 - - [27/Nov/2012:13:20:12 +0100] "GET /index.html HTTP/1.1" 200 4014 "-" "Mozilla/5.0 (compatible; YandexBot/3.0; +http://yandex.com/bots)"
178.154.179.250 - - [27/Nov/2012:15:13:00 +0100] "GET /09.swf HTTP/1.1" 200 23193 "-" "Mozilla/5.0 (compatible; YandexBot/3.0; +http://yandex.com/bots)"
178.154.179.250 - - [27/Nov/2012:17:57:25 +0100] "GET /05.html HTTP/1.1" 304 - "-" "Mozilla/5.0 (compatible; YandexBot/3.0; +http://yandex.com/bots)"
157.56.93.150 - - [27/Nov/2012:20:11:41 +0100] "GET /robots.txt HTTP/1.1" 404 1256 "-" "Mozilla/5.0 (compatible; bingbot/2.0; +http://www.bing.com/bingbot.htm)"
157.56.93.150 - - [27/Nov/2012:20:17:16 +0100] "GET /(Leere%20Referenz!) HTTP/1.1" 404 1256 "-" "Mozilla/5.0 (compatible; bingbot/2.0; +http://www.bing.com/bingbot.htm)"
66.249.73.3 - - [27/Nov/2012:20:33:50 +0100] "GET /robots.txt HTTP/1.1" 404 1256 "-" "Mozilla/5.0 (compatible; Googlebot/2.1; +http://www.google.com/bot.html)"
66.249.73.3 - - [27/Nov/2012:20:33:50 +0100] "GET /dlspzwpwbts.html HTTP/1.1" 404 1256 "-" "Mozilla/5.0 (compatible; Googlebot/2.1; +http://www.google.com/bot.html)"
180.76.6.222 - - [28/Nov/2012:00:19:17 +0100] "GET /robots.txt HTTP/1.1" 404 1256 "-" "Mozilla/5.0 (Windows NT 5.1; rv:6.0.2) Gecko/20100101 Firefox/6.0.2"
66.249.73.3 - - [28/Nov/2012:11:53:58 +0100] "GET /robots.txt HTTP/1.1" 404 1256 "-" "Mozilla/5.0 (compatible; Googlebot/2.1; +http://www.google.com/bot.html)"
66.249.73.3 - - [28/Nov/2012:11:53:58 +0100] "GET /09a.swf HTTP/1.1" 200 19689 "-" "Googlebot-Video/1.0"
178.154.179.250 - - [28/Nov/2012:12:27:40 +0100] "GET /robots.txt HTTP/1.1" 404 1256 "-" "Mozilla/5.0 (compatible; YandexBot/3.0; +http://yandex.com/bots)"
178.154.179.250 - - [28/Nov/2012:15:06:30 +0100] "GET / HTTP/1.1" 200 4014 "-" "Mozilla/5.0 (compatible; YandexBot/3.0; +http://yandex.com/bots)"
85.214.139.126 - - [28/Nov/2012:15:07:18 +0100] "HEAD / HTTP/1.1" 200 - "-" "Mozilla/5.0 (Windows; U; Windows NT 5.1; de; rv:8.0) Gecko/20100101 Firefox/8.0"
178.154.179.250 - - [28/Nov/2012:17:15:13 +0100] "GET / HTTP/1.1" 200 4014 "-" "Mozilla/5.0 (compatible; YandexBot/3.0; +http://yandex.com/bots)"
157.55.35.99 - - [28/Nov/2012:17:57:55 +0100] "GET /robots.txt HTTP/1.1" 404 1256 "-" "Mozilla/5.0 (compatible; bingbot/2.0; +http://www.bing.com/bingbot.htm)"
157.55.35.99 - - [28/Nov/2012:18:09:31 +0100] "GET / HTTP/1.1" 200 4014 "-" "Mozilla/5.0 (compatible; bingbot/2.0; +http://www.bing.com/bingbot.htm)"
157.55.35.99 - - [28/Nov/2012:18:52:18 +0100] "GET /robots.txt HTTP/1.1" 404 1256 "-" "Mozilla/5.0 (compatible; bingbot/2.0; +http://www.bing.com/bingbot.htm)"
157.55.35.99 - - [28/Nov/2012:19:00:30 +0100] "GET / HTTP/1.1" 304 - "-" "Mozilla/5.0 (compatible; bingbot/2.0; +http://www.bing.com/bingbot.htm)"
157.56.92.145 - - [28/Nov/2012:19:00:31 +0100] "GET / HTTP/1.1" 200 4014 "-" "Mozilla/5.0 (Windows NT 6.1; WOW64) AppleWebKit/534+ (KHTML, like Gecko) BingPreview/1.0b"
178.154.179.250 - - [28/Nov/2012:19:25:10 +0100] "GET /02.swf HTTP/1.1" 304 - "-" "Mozilla/5.0 (compatible; YandexBot/3.0; +http://yandex.com/bots)"
178.154.179.250 - - [28/Nov/2012:21:17:52 +0100] "GET /01.swf HTTP/1.1" 304 - "-" "Mozilla/5.0 (compatible; YandexBot/3.0; +http://yandex.com/bots)"
178.154.179.250 - - [28/Nov/2012:22:46:19 +0100] "GET /06.swf HTTP/1.1" 304 - "-" "Mozilla/5.0 (compatible; YandexBot/3.0; +http://yandex.com/bots)"
178.154.179.250 - - [28/Nov/2012:23:31:37 +0100] "GET /07.swf HTTP/1.1" 304 - "-" "Mozilla/5.0 (compatible; YandexBot/3.0; +http://yandex.com/bots)"
66.249.66.143 - - [29/Nov/2012:05:41:53 +0100] "GET /robots.txt HTTP/1.1" 404 1256 "-" "Mozilla/5.0 (compatible; Googlebot/2.1; +http://www.google.com/bot.html)"
66.249.66.143 - - [29/Nov/2012:05:41:54 +0100] "GET /07.swf HTTP/1.1" 200 22237 "-" "Mozilla/5.0 (compatible; Googlebot/2.1; +http://www.google.com/bot.html)"
66.249.75.134 - - [29/Nov/2012:09:38:29 +0100] "GET /04waldbronn.swf HTTP/1.1" 200 20798 "-" "Mozilla/5.0 (compatible; Googlebot/2.1; +http://www.google.com/bot.html)"
178.154.179.250 - - [29/Nov/2012:10:05:05 +0100] "GET /08.html HTTP/1.1" 304 - "-" "Mozilla/5.0 (compatible; YandexBot/3.0; +http://yandex.com/bots)"
66.249.66.143 - - [29/Nov/2012:10:31:03 +0100] "GET /09.swf HTTP/1.1" 200 23193 "-" "Mozilla/5.0 (compatible; Googlebot/2.1; +http://www.google.com/bot.html)"
178.154.179.250 - - [29/Nov/2012:11:05:28 +0100] "GET /04.html HTTP/1.1" 304 - "-" "Mozilla/5.0 (compatible; YandexBot/3.0; +http://yandex.com/bots)"
178.154.179.250 - - [29/Nov/2012:11:54:53 +0100] "GET /robots.txt HTTP/1.1" 404 1256 "-" "Mozilla/5.0 (compatible; YandexBot/3.0; +http://yandex.com/bots)"
157.55.35.99 - - [29/Nov/2012:13:41:34 +0100] "GET /robots.txt HTTP/1.1" 404 1256 "-" "Mozilla/5.0 (compatible; bingbot/2.0; +http://www.bing.com/bingbot.htm)"
65.55.210.200 - - [29/Nov/2012:13:44:59 +0100] "GET / HTTP/1.1" 200 4014 "-" "Mozilla/5.0 (Windows NT 6.1; WOW64) AppleWebKit/534+ (KHTML, like Gecko) BingPreview/1.0b"
66.249.73.3 - - [29/Nov/2012:14:24:17 +0100] "GET /robots.txt HTTP/1.1" 404 1256 "-" "Mozilla/5.0 (compatible; Googlebot/2.1; +http://www.google.com/bot.html)"
66.249.73.3 - - [29/Nov/2012:14:24:17 +0100] "GET /09a.html HTTP/1.1" 304 - "-" "Mozilla/5.0 (compatible; Googlebot/2.1; +http://www.google.com/bot.html)"
178.154.179.250 - - [29/Nov/2012:14:47:35 +0100] "GET /02.html HTTP/1.1" 304 - "-" "Mozilla/5.0 (compatible; YandexBot/3.0; +http://yandex.com/bots)"
66.249.73.3 - - [29/Nov/2012:15:26:43 +0100] "GET /09.swf HTTP/1.1" 200 23193 "-" "Mozilla/5.0 (compatible; Googlebot/2.1; +http://www.google.com/bot.html)"
212.184.191.242 - - [29/Nov/2012:16:01:49 +0100] "GET /09a.html HTTP/1.1" 200 2065 "http://www.google.de/url?sa=t&rct=j&q=anja%20menzinger&source=web&cd=8&ved=0CFAQFjAH&url=http%3A%2F%2Fwww.dialyse-waldbronn.de%2F09a.html&ei=qXi3UKOwI8Wl4gTS8oHwBw&v6u=http%3A%2F%2Fs-v6exp1-ds.metric.gstatic.com%2Fgen_204%3Fip%3D212.184.191.242%26ts%3D1354201257910612%26auth%3Dmdxkyxpmcplkrie7pclubd6r47uggl2s%26rndm%3D0.32493519975754165&v6s=2&v6t=9031&usg=AFQjCNG6uMrHKx5duZ5AcMzcLXwByavrQg" "Mozilla/4.0 (compatible; MSIE 8.0; Windows NT 5.1; Trident/4.0; .NET CLR 2.0.50727; .NET CLR 3.0.4506.2152; .NET CLR 3.5.30729; tb-webde/1.7.0; OfficeLiveConnector.1.5; OfficeLivePatch.1.3)"
212.184.191.242 - - [29/Nov/2012:16:01:49 +0100] "GET /AC_RunActiveContent.js HTTP/1.1" 200 8029 "http://www.dialyse-waldbronn.de/09a.html" "Mozilla/4.0 (compatible; MSIE 8.0; Windows NT 5.1; Trident/4.0; .NET CLR 2.0.50727; .NET CLR 3.0.4506.2152; .NET CLR 3.5.30729; tb-webde/1.7.0; OfficeLiveConnector.1.5; OfficeLivePatch.1.3)"
212.184.191.242 - - [29/Nov/2012:16:01:49 +0100] "GET /09a.swf HTTP/1.1" 200 19689 "http://www.dialyse-waldbronn.de/09a.html" "Mozilla/4.0 (compatible; MSIE 8.0; Windows NT 5.1; Trident/4.0; .NET CLR 2.0.50727; .NET CLR 3.0.4506.2152; .NET CLR 3.5.30729; tb-webde/1.7.0; OfficeLiveConnector.1.5; OfficeLivePatch.1.3)"
212.184.191.242 - - [29/Nov/2012:16:01:49 +0100] "GET /favicon.ico HTTP/1.1" 404 1256 "-" "Mozilla/4.0 (compatible; MSIE 8.0; Windows NT 5.1; Trident/4.0; .NET CLR 2.0.50727; .NET CLR 3.0.4506.2152; .NET CLR 3.5.30729; tb-webde/1.7.0; OfficeLiveConnector.1.5; OfficeLivePatch.1.3)"
212.184.191.242 - - [29/Nov/2012:16:01:53 +0100] "GET /00themen00.html HTTP/1.1" 200 2236 "http://www.dialyse-waldbronn.de/09a.swf" "Mozilla/4.0 (compatible; MSIE 8.0; Windows NT 5.1; Trident/4.0; .NET CLR 2.0.50727; .NET CLR 3.0.4506.2152; .NET CLR 3.5.30729; tb-webde/1.7.0; OfficeLiveConnector.1.5; OfficeLivePatch.1.3)"
212.184.191.242 - - [29/Nov/2012:16:01:53 +0100] "GET /00themen00.swf HTTP/1.1" 200 12608 "http://www.dialyse-waldbronn.de/00themen00.html" "Mozilla/4.0 (compatible; MSIE 8.0; Windows NT 5.1; Trident/4.0; .NET CLR 2.0.50727; .NET CLR 3.0.4506.2152; .NET CLR 3.5.30729; tb-webde/1.7.0; OfficeLiveConnector.1.5; OfficeLivePatch.1.3)"
212.184.191.242 - - [29/Nov/2012:16:01:53 +0100] "GET /favicon.ico HTTP/1.1" 404 1256 "-" "Mozilla/4.0 (compatible; MSIE 8.0; Windows NT 5.1; Trident/4.0; .NET CLR 2.0.50727; .NET CLR 3.0.4506.2152; .NET CLR 3.5.30729; tb-webde/1.7.0; OfficeLiveConnector.1.5; OfficeLivePatch.1.3)"
212.184.191.242 - - [29/Nov/2012:16:01:55 +0100] "GET /03.html HTTP/1.1" 200 2012 "http://www.dialyse-waldbronn.de/00themen00.swf" "Mozilla/4.0 (compatible; MSIE 8.0; Windows NT 5.1; Trident/4.0; .NET CLR 2.0.50727; .NET CLR 3.0.4506.2152; .NET CLR 3.5.30729; tb-webde/1.7.0; OfficeLiveConnector.1.5; OfficeLivePatch.1.3)"
212.184.191.242 - - [29/Nov/2012:16:01:56 +0100] "GET /03.swf HTTP/1.1" 200 79366 "http://www.dialyse-waldbronn.de/03.html" "Mozilla/4.0 (compatible; MSIE 8.0; Windows NT 5.1; Trident/4.0; .NET CLR 2.0.50727; .NET CLR 3.0.4506.2152; .NET CLR 3.5.30729; tb-webde/1.7.0; OfficeLiveConnector.1.5; OfficeLivePatch.1.3)"
212.184.191.242 - - [29/Nov/2012:16:02:09 +0100] "GET /favicon.ico HTTP/1.1" 404 1256 "-" "uiFaviconThread"
212.184.191.242 - - [29/Nov/2012:16:02:11 +0100] "GET /04.html HTTP/1.1" 200 1988 "http://www.dialyse-waldbronn.de/00themen00.swf" "Mozilla/4.0 (compatible; MSIE 8.0; Windows NT 5.1; Trident/4.0; .NET CLR 2.0.50727; .NET CLR 3.0.4506.2152; .NET CLR 3.5.30729; tb-webde/1.7.0; OfficeLiveConnector.1.5; OfficeLivePatch.1.3)"
212.184.191.242 - - [29/Nov/2012:16:02:11 +0100] "GET /04.swf HTTP/1.1" 200 20526 "http://www.dialyse-waldbronn.de/04.html" "Mozilla/4.0 (compatible; MSIE 8.0; Windows NT 5.1; Trident/4.0; .NET CLR 2.0.50727; .NET CLR 3.0.4506.2152; .NET CLR 3.5.30729; tb-webde/1.7.0; OfficeLiveConnector.1.5; OfficeLivePatch.1.3)"
212.184.191.242 - - [29/Nov/2012:16:02:22 +0100] "GET /02.html HTTP/1.1" 200 1988 "http://www.dialyse-waldbronn.de/00themen00.swf" "Mozilla/4.0 (compatible; MSIE 8.0; Windows NT 5.1; Trident/4.0; .NET CLR 2.0.50727; .NET CLR 3.0.4506.2152; .NET CLR 3.5.30729; tb-webde/1.7.0; OfficeLiveConnector.1.5; OfficeLivePatch.1.3)"
212.184.191.242 - - [29/Nov/2012:16:02:22 +0100] "GET /02.swf HTTP/1.1" 200 19509 "http://www.dialyse-waldbronn.de/02.html" "Mozilla/4.0 (compatible; MSIE 8.0; Windows NT 5.1; Trident/4.0; .NET CLR 2.0.50727; .NET CLR 3.0.4506.2152; .NET CLR 3.5.30729; tb-webde/1.7.0; OfficeLiveConnector.1.5; OfficeLivePatch.1.3)"
212.184.191.242 - - [29/Nov/2012:16:02:28 +0100] "GET /favicon.ico HTTP/1.1" 404 1256 "-" "uiFaviconThread"
212.184.191.242 - - [29/Nov/2012:16:02:33 +0100] "GET /favicon.ico HTTP/1.1" 404 1256 "-" "uiFaviconThread"
212.184.191.242 - - [29/Nov/2012:16:03:00 +0100] "GET /06.html HTTP/1.1" 200 1988 "http://www.dialyse-waldbronn.de/00themen00.swf" "Mozilla/4.0 (compatible; MSIE 8.0; Windows NT 5.1; Trident/4.0; .NET CLR 2.0.50727; .NET CLR 3.0.4506.2152; .NET CLR 3.5.30729; tb-webde/1.7.0; OfficeLiveConnector.1.5; OfficeLivePatch.1.3)"
212.184.191.242 - - [29/Nov/2012:16:03:00 +0100] "GET /06.swf HTTP/1.1" 200 18307 "http://www.dialyse-waldbronn.de/06.html" "Mozilla/4.0 (compatible; MSIE 8.0; Windows NT 5.1; Trident/4.0; .NET CLR 2.0.50727; .NET CLR 3.0.4506.2152; .NET CLR 3.5.30729; tb-webde/1.7.0; OfficeLiveConnector.1.5; OfficeLivePatch.1.3)"
212.184.191.242 - - [29/Nov/2012:16:03:08 +0100] "GET /01.html HTTP/1.1" 200 1988 "http://www.dialyse-waldbronn.de/00themen00.swf" "Mozilla/4.0 (compatible; MSIE 8.0; Windows NT 5.1; Trident/4.0; .NET CLR 2.0.50727; .NET CLR 3.0.4506.2152; .NET CLR 3.5.30729; tb-webde/1.7.0; OfficeLiveConnector.1.5; OfficeLivePatch.1.3)"
212.184.191.242 - - [29/Nov/2012:16:03:08 +0100] "GET /01.swf HTTP/1.1" 200 36918 "http://www.dialyse-waldbronn.de/01.html" "Mozilla/4.0 (compatible; MSIE 8.0; Windows NT 5.1; Trident/4.0; .NET CLR 2.0.50727; .NET CLR 3.0.4506.2152; .NET CLR 3.5.30729; tb-webde/1.7.0; OfficeLiveConnector.1.5; OfficeLivePatch.1.3)"
66.249.73.3 - - [29/Nov/2012:16:57:36 +0100] "GET /09a.swf HTTP/1.1" 200 19689 "-" "Mozilla/5.0 (compatible; Googlebot/2.1; +http://www.google.com/bot.html)"
66.249.73.3 - - [29/Nov/2012:17:03:53 +0100] "GET /01.html HTTP/1.1" 304 - "-" "Mozilla/5.0 (compatible; Googlebot/2.1; +http://www.google.com/bot.html)"
66.249.73.3 - - [29/Nov/2012:17:10:48 +0100] "GET /02.html HTTP/1.1" 304 - "-" "Mozilla/5.0 (compatible; Googlebot/2.1; +http://www.google.com/bot.html)"
66.249.73.3 - - [29/Nov/2012:17:15:31 +0100] "GET /04.html HTTP/1.1" 304 - "-" "Mozilla/5.0 (compatible; Googlebot/2.1; +http://www.google.com/bot.html)"
66.249.73.3 - - [29/Nov/2012:17:17:55 +0100] "GET /07.swf HTTP/1.1" 200 22237 "-" "Mozilla/5.0 (compatible; Googlebot/2.1; +http://www.google.com/bot.html)"
66.249.73.3 - - [29/Nov/2012:17:22:58 +0100] "GET /08.html HTTP/1.1" 304 - "-" "Mozilla/5.0 (compatible; Googlebot/2.1; +http://www.google.com/bot.html)"
66.249.73.3 - - [29/Nov/2012:17:25:40 +0100] "GET /06.html HTTP/1.1" 304 - "-" "Mozilla/5.0 (compatible; Googlebot/2.1; +http://www.google.com/bot.html)"
66.249.73.3 - - [29/Nov/2012:17:28:02 +0100] "GET / HTTP/1.1" 200 4014 "-" "Mozilla/5.0 (compatible; Googlebot/2.1; +http://www.google.com/bot.html)"
66.249.73.3 - - [29/Nov/2012:17:31:22 +0100] "GET /04waldbronn.html HTTP/1.1" 304 - "-" "Mozilla/5.0 (compatible; Googlebot/2.1; +http://www.google.com/bot.html)"
178.154.179.250 - - [29/Nov/2012:17:34:29 +0100] "GET /01.html HTTP/1.1" 304 - "-" "Mozilla/5.0 (compatible; YandexBot/3.0; +http://yandex.com/bots)"
178.154.179.250 - - [29/Nov/2012:18:01:57 +0100] "GET /03.html HTTP/1.1" 304 - "-" "Mozilla/5.0 (compatible; YandexBot/3.0; +http://yandex.com/bots)"
66.249.73.3 - - [29/Nov/2012:18:54:22 +0100] "GET /index.swf HTTP/1.1" 200 8893 "-" "Mozilla/5.0 (compatible; Googlebot/2.1; +http://www.google.com/bot.html)"
66.249.73.3 - - [29/Nov/2012:19:10:44 +0100] "GET /03.html HTTP/1.1" 304 - "-" "Mozilla/5.0 (compatible; Googlebot/2.1; +http://www.google.com/bot.html)"
85.214.134.96 - - [29/Nov/2012:19:34:25 +0100] "GET / HTTP/1.1" 200 4014 "-" "Mozilla/5.0 (Windows; U; Windows NT 5.1; de; rv:8.0) Gecko/20100101 Firefox/8.0"
85.214.134.96 - - [29/Nov/2012:20:03:23 +0100] "HEAD /index.swf HTTP/1.1" 200 - "-" "Mozilla/5.0 (Windows; U; Windows NT 5.1; de; rv:8.0) Gecko/20100101 Firefox/8.0"
178.154.179.250 - - [29/Nov/2012:20:08:55 +0100] "GET /04waldbronn.swf HTTP/1.1" 200 20798 "-" "Mozilla/5.0 (compatible; YandexBot/3.0; +http://yandex.com/bots)"
180.76.5.103 - - [30/Nov/2012:02:04:14 +0100] "GET /robots.txt HTTP/1.1" 404 1256 "-" "Mozilla/5.0 (Windows NT 5.1; rv:6.0.2) Gecko/20100101 Firefox/6.0.2"
66.249.73.3 - - [30/Nov/2012:02:28:55 +0100] "GET /robots.txt HTTP/1.1" 404 1256 "-" "Mozilla/5.0 (compatible; Googlebot/2.1; +http://www.google.com/bot.html)"
66.249.73.3 - - [30/Nov/2012:02:28:55 +0100] "GET /09.html HTTP/1.1" 304 - "-" "Mozilla/5.0 (compatible; Googlebot/2.1; +http://www.google.com/bot.html)"
178.154.179.250 - - [30/Nov/2012:04:30:23 +0100] "GET /09a.swf HTTP/1.1" 200 19689 "-" "Mozilla/5.0 (compatible; YandexBot/3.0; +http://yandex.com/bots)"
178.154.179.250 - - [30/Nov/2012:07:13:49 +0100] "GET / HTTP/1.1" 200 4014 "-" "Mozilla/5.0 (compatible; YandexBot/3.0; +http://yandex.com/bots)"
157.55.35.99 - - [30/Nov/2012:07:32:59 +0100] "GET /robots.txt HTTP/1.1" 404 1256 "-" "Mozilla/5.0 (compatible; bingbot/2.0; +http://www.bing.com/bingbot.htm)"
157.55.35.99 - - [30/Nov/2012:07:38:17 +0100] "GET / HTTP/1.1" 200 4014 "-" "Mozilla/5.0 (compatible; bingbot/2.0; +http://www.bing.com/bingbot.htm)"
178.154.179.250 - - [30/Nov/2012:08:55:23 +0100] "GET /04.html HTTP/1.1" 304 - "-" "Mozilla/5.0 (compatible; YandexBot/3.0; +http://yandex.com/bots)"
178.154.179.250 - - [30/Nov/2012:09:51:06 +0100] "GET /06.html HTTP/1.1" 304 - "-" "Mozilla/5.0 (compatible; YandexBot/3.0; +http://yandex.com/bots)"
66.249.73.3 - - [30/Nov/2012:11:31:31 +0100] "GET /robots.txt HTTP/1.1" 404 1256 "-" "Mozilla/5.0 (compatible; Googlebot/2.1; +http://www.google.com/bot.html)"
66.249.73.3 - - [30/Nov/2012:11:31:31 +0100] "GET /00themen00.html HTTP/1.1" 304 - "-" "Mozilla/5.0 (iPhone; U; CPU iPhone OS 4_1 like Mac OS X; en-us) AppleWebKit/532.9 (KHTML, like Gecko) Version/4.0.5 Mobile/8B117 Safari/6531.22.7 (compatible; Googlebot-Mobile/2.1; +http://www.google.com/bot.html)"
