78.51.39.165 - - [01/Nov/2012:12:43:06 +0100] "GET / HTTP/1.1" 200 4014 "http://www.google.de/url?sa=t&rct=j&q=dialyse%20waldbronn&source=web&cd=1&sqi=2&ved=0CB8QFjAA&url=http%3A%2F%2Fwww.dialyse-waldbronn.de%2F&ei=GGCSUJWYOofUtAbWjICABg&usg=AFQjCNHEX_ZQroPS8hwDzjOxqVHmV6iDWw" "Mozilla/4.0 (compatible; MSIE 7.0; Windows NT 5.1; Trident/4.0; GTB7.4; .NET4.0C; .NET CLR 2.0.50727; .NET CLR 3.0.04506.648; .NET CLR 3.5.21022; .NET CLR 3.0.4506.2152; .NET CLR 3.5.30729; AskTbAVR-W1/5.15.4.23930)"
78.51.39.165 - - [01/Nov/2012:12:43:07 +0100] "GET /index.swf HTTP/1.1" 200 8893 "-" "contype"
78.51.39.165 - - [01/Nov/2012:12:43:07 +0100] "GET /back.jpg HTTP/1.1" 404 1256 "http://www.dialyse-waldbronn.de/" "Mozilla/4.0 (compatible; MSIE 7.0; Windows NT 5.1; Trident/4.0; GTB7.4; .NET4.0C; .NET CLR 2.0.50727; .NET CLR 3.0.04506.648; .NET CLR 3.5.21022; .NET CLR 3.0.4506.2152; .NET CLR 3.5.30729; AskTbAVR-W1/5.15.4.23930)"
78.51.39.165 - - [01/Nov/2012:12:43:07 +0100] "GET /favicon.ico HTTP/1.1" 404 1256 "-" "Mozilla/4.0 (compatible; MSIE 8.0; Windows NT 5.1; Trident/4.0; GTB7.4; .NET4.0C; .NET CLR 2.0.50727; .NET CLR 3.0.04506.648; .NET CLR 3.5.21022; .NET CLR 3.0.4506.2152; .NET CLR 3.5.30729; AskTbAVR-W1/5.15.4.23930)"
78.51.39.165 - - [01/Nov/2012:12:43:32 +0100] "GET /back.jpg HTTP/1.1" 404 1256 "http://www.dialyse-waldbronn.de/" "Mozilla/4.0 (compatible; MSIE 7.0; Windows NT 5.1; Trident/4.0; GTB7.4; .NET4.0C; .NET CLR 2.0.50727; .NET CLR 3.0.04506.648; .NET CLR 3.5.21022; .NET CLR 3.0.4506.2152; .NET CLR 3.5.30729; AskTbAVR-W1/5.15.4.23930)"
78.51.39.165 - - [01/Nov/2012:12:43:32 +0100] "GET /index.swf HTTP/1.1" 200 8893 "-" "contype"
78.51.39.165 - - [01/Nov/2012:12:43:33 +0100] "GET /index.swf HTTP/1.1" 200 8893 "http://www.dialyse-waldbronn.de/" "Mozilla/4.0 (compatible; MSIE 7.0; Windows NT 5.1; Trident/4.0; GTB7.4; .NET4.0C; .NET CLR 2.0.50727; .NET CLR 3.0.04506.648; .NET CLR 3.5.21022; .NET CLR 3.0.4506.2152; .NET CLR 3.5.30729; AskTbAVR-W1/5.15.4.23930)"
78.51.39.165 - - [01/Nov/2012:12:43:33 +0100] "GET /favicon.ico HTTP/1.1" 404 1256 "-" "Mozilla/4.0 (compatible; MSIE 8.0; Windows NT 5.1; Trident/4.0; GTB7.4; .NET4.0C; .NET CLR 2.0.50727; .NET CLR 3.0.04506.648; .NET CLR 3.5.21022; .NET CLR 3.0.4506.2152; .NET CLR 3.5.30729; AskTbAVR-W1/5.15.4.23930)"
78.51.39.165 - - [01/Nov/2012:12:43:42 +0100] "GET /00themen00.html HTTP/1.1" 200 2236 "http://www.dialyse-waldbronn.de/index.swf" "Mozilla/4.0 (compatible; MSIE 7.0; Windows NT 5.1; Trident/4.0; GTB7.4; .NET4.0C; .NET CLR 2.0.50727; .NET CLR 3.0.04506.648; .NET CLR 3.5.21022; .NET CLR 3.0.4506.2152; .NET CLR 3.5.30729; AskTbAVR-W1/5.15.4.23930)"
78.51.39.165 - - [01/Nov/2012:12:43:42 +0100] "GET /AC_RunActiveContent.js HTTP/1.1" 200 8029 "http://www.dialyse-waldbronn.de/index.swf" "Mozilla/4.0 (compatible; MSIE 7.0; Windows NT 5.1; Trident/4.0; GTB7.4; .NET4.0C; .NET CLR 2.0.50727; .NET CLR 3.0.04506.648; .NET CLR 3.5.21022; .NET CLR 3.0.4506.2152; .NET CLR 3.5.30729; AskTbAVR-W1/5.15.4.23930)"
78.51.39.165 - - [01/Nov/2012:12:43:43 +0100] "GET /00themen00.swf HTTP/1.1" 200 12608 "http://www.dialyse-waldbronn.de/00themen00.html" "Mozilla/4.0 (compatible; MSIE 7.0; Windows NT 5.1; Trident/4.0; GTB7.4; .NET4.0C; .NET CLR 2.0.50727; .NET CLR 3.0.04506.648; .NET CLR 3.5.21022; .NET CLR 3.0.4506.2152; .NET CLR 3.5.30729; AskTbAVR-W1/5.15.4.23930)"
78.51.39.165 - - [01/Nov/2012:12:43:50 +0100] "GET /01.html HTTP/1.1" 200 1988 "http://www.dialyse-waldbronn.de/00themen00.swf" "Mozilla/4.0 (compatible; MSIE 7.0; Windows NT 5.1; Trident/4.0; GTB7.4; .NET4.0C; .NET CLR 2.0.50727; .NET CLR 3.0.04506.648; .NET CLR 3.5.21022; .NET CLR 3.0.4506.2152; .NET CLR 3.5.30729; AskTbAVR-W1/5.15.4.23930)"
78.51.39.165 - - [01/Nov/2012:12:43:50 +0100] "GET /01.swf HTTP/1.1" 200 36918 "http://www.dialyse-waldbronn.de/01.html" "Mozilla/4.0 (compatible; MSIE 7.0; Windows NT 5.1; Trident/4.0; GTB7.4; .NET4.0C; .NET CLR 2.0.50727; .NET CLR 3.0.04506.648; .NET CLR 3.5.21022; .NET CLR 3.0.4506.2152; .NET CLR 3.5.30729; AskTbAVR-W1/5.15.4.23930)"
78.51.39.165 - - [01/Nov/2012:12:44:07 +0100] "GET /03.html HTTP/1.1" 200 2012 "http://www.dialyse-waldbronn.de/00themen00.swf" "Mozilla/4.0 (compatible; MSIE 7.0; Windows NT 5.1; Trident/4.0; GTB7.4; .NET4.0C; .NET CLR 2.0.50727; .NET CLR 3.0.04506.648; .NET CLR 3.5.21022; .NET CLR 3.0.4506.2152; .NET CLR 3.5.30729; AskTbAVR-W1/5.15.4.23930)"
78.51.39.165 - - [01/Nov/2012:12:44:07 +0100] "GET /03.swf HTTP/1.1" 200 79366 "http://www.dialyse-waldbronn.de/03.html" "Mozilla/4.0 (compatible; MSIE 7.0; Windows NT 5.1; Trident/4.0; GTB7.4; .NET4.0C; .NET CLR 2.0.50727; .NET CLR 3.0.04506.648; .NET CLR 3.5.21022; .NET CLR 3.0.4506.2152; .NET CLR 3.5.30729; AskTbAVR-W1/5.15.4.23930)"
78.51.39.165 - - [01/Nov/2012:12:44:25 +0100] "GET /04.html HTTP/1.1" 200 1988 "http://www.dialyse-waldbronn.de/00themen00.swf" "Mozilla/4.0 (compatible; MSIE 7.0; Windows NT 5.1; Trident/4.0; GTB7.4; .NET4.0C; .NET CLR 2.0.50727; .NET CLR 3.0.04506.648; .NET CLR 3.5.21022; .NET CLR 3.0.4506.2152; .NET CLR 3.5.30729; AskTbAVR-W1/5.15.4.23930)"
78.51.39.165 - - [01/Nov/2012:12:44:26 +0100] "GET /04.swf HTTP/1.1" 200 20526 "http://www.dialyse-waldbronn.de/04.html" "Mozilla/4.0 (compatible; MSIE 7.0; Windows NT 5.1; Trident/4.0; GTB7.4; .NET4.0C; .NET CLR 2.0.50727; .NET CLR 3.0.04506.648; .NET CLR 3.5.21022; .NET CLR 3.0.4506.2152; .NET CLR 3.5.30729; AskTbAVR-W1/5.15.4.23930)"
78.51.39.165 - - [01/Nov/2012:12:44:33 +0100] "GET /06.html HTTP/1.1" 200 1988 "http://www.dialyse-waldbronn.de/00themen00.swf" "Mozilla/4.0 (compatible; MSIE 7.0; Windows NT 5.1; Trident/4.0; GTB7.4; .NET4.0C; .NET CLR 2.0.50727; .NET CLR 3.0.04506.648; .NET CLR 3.5.21022; .NET CLR 3.0.4506.2152; .NET CLR 3.5.30729; AskTbAVR-W1/5.15.4.23930)"
78.51.39.165 - - [01/Nov/2012:12:44:33 +0100] "GET /06.swf HTTP/1.1" 200 18307 "http://www.dialyse-waldbronn.de/06.html" "Mozilla/4.0 (compatible; MSIE 7.0; Windows NT 5.1; Trident/4.0; GTB7.4; .NET4.0C; .NET CLR 2.0.50727; .NET CLR 3.0.04506.648; .NET CLR 3.5.21022; .NET CLR 3.0.4506.2152; .NET CLR 3.5.30729; AskTbAVR-W1/5.15.4.23930)"
78.51.39.165 - - [01/Nov/2012:12:44:45 +0100] "GET /09.html HTTP/1.1" 200 2140 "http://www.dialyse-waldbronn.de/00themen00.swf" "Mozilla/4.0 (compatible; MSIE 7.0; Windows NT 5.1; Trident/4.0; GTB7.4; .NET4.0C; .NET CLR 2.0.50727; .NET CLR 3.0.04506.648; .NET CLR 3.5.21022; .NET CLR 3.0.4506.2152; .NET CLR 3.5.30729; AskTbAVR-W1/5.15.4.23930)"
78.51.39.165 - - [01/Nov/2012:12:44:45 +0100] "GET /09.swf HTTP/1.1" 200 23193 "http://www.dialyse-waldbronn.de/09.html" "Mozilla/4.0 (compatible; MSIE 7.0; Windows NT 5.1; Trident/4.0; GTB7.4; .NET4.0C; .NET CLR 2.0.50727; .NET CLR 3.0.04506.648; .NET CLR 3.5.21022; .NET CLR 3.0.4506.2152; .NET CLR 3.5.30729; AskTbAVR-W1/5.15.4.23930)"
66.249.71.129 - - [01/Nov/2012:15:46:57 +0100] "GET /robots.txt HTTP/1.1" 404 1256 "-" "Mozilla/5.0 (compatible; Googlebot/2.1; +http://www.google.com/bot.html)"
66.249.71.129 - - [01/Nov/2012:15:46:57 +0100] "GET /07.html HTTP/1.1" 200 2372 "-" "Mozilla/5.0 (iPhone; U; CPU iPhone OS 4_1 like Mac OS X; en-us) AppleWebKit/532.9 (KHTML, like Gecko) Version/4.0.5 Mobile/8B117 Safari/6531.22.7 (compatible; Googlebot-Mobile/2.1; +http://www.google.com/bot.html)"
66.249.71.129 - - [01/Nov/2012:16:43:03 +0100] "GET /AC_RunActiveContent.js HTTP/1.1" 200 8029 "-" "Mozilla/5.0 (compatible; Googlebot/2.1; +http://www.google.com/bot.html)"
66.249.71.129 - - [01/Nov/2012:16:43:05 +0100] "GET /07.swf HTTP/1.1" 200 22237 "-" "Mozilla/5.0 (compatible; Googlebot/2.1; +http://www.google.com/bot.html)"
157.55.32.108 - - [01/Nov/2012:20:21:58 +0100] "GET /robots.txt HTTP/1.1" 404 1256 "-" "Mozilla/5.0 (compatible; bingbot/2.0; +http://www.bing.com/bingbot.htm)"
157.55.32.108 - - [01/Nov/2012:20:22:50 +0100] "GET / HTTP/1.1" 304 - "-" "Mozilla/5.0 (compatible; bingbot/2.0; +http://www.bing.com/bingbot.htm)"
208.115.111.70 - - [01/Nov/2012:21:45:16 +0100] "GET /robots.txt HTTP/1.1" 404 1256 "-" "Mozilla/5.0 (compatible; Ezooms/1.0; ezooms.bot@gmail.com)"
208.115.111.70 - - [01/Nov/2012:22:18:08 +0100] "GET / HTTP/1.1" 200 4014 "-" "Mozilla/5.0 (compatible; Ezooms/1.0; ezooms.bot@gmail.com)"
66.249.71.129 - - [02/Nov/2012:04:47:35 +0100] "GET /robots.txt HTTP/1.1" 404 1256 "-" "Mozilla/5.0 (compatible; Googlebot/2.1; +http://www.google.com/bot.html)"
66.249.71.129 - - [02/Nov/2012:04:47:35 +0100] "GET / HTTP/1.1" 200 4014 "-" "Mozilla/5.0 (compatible; Googlebot/2.1; +http://www.google.com/bot.html)"
66.249.71.129 - - [02/Nov/2012:06:04:58 +0100] "GET / HTTP/1.1" 200 4014 "-" "Mozilla/5.0 (iPhone; U; CPU iPhone OS 4_1 like Mac OS X; en-us) AppleWebKit/532.9 (KHTML, like Gecko) Version/4.0.5 Mobile/8B117 Safari/6531.22.7 (compatible; Googlebot-Mobile/2.1; +http://www.google.com/bot.html)"
178.154.179.250 - - [02/Nov/2012:14:55:19 +0100] "GET /robots.txt HTTP/1.1" 404 1256 "-" "Mozilla/5.0 (compatible; YandexBot/3.0; +http://yandex.com/bots)"
31.18.49.84 - - [02/Nov/2012:16:10:52 +0100] "GET / HTTP/1.1" 200 4014 "http://www.google.de/url?sa=t&rct=j&q=dialysetentrum%20waldbronn&source=web&cd=1&cad=rja&ved=0CCQQFjAA&url=http%3A%2F%2Fwww.dialyse-waldbronn.de%2F&ei=QOKTUPn6Lsz5sgbrvoHACw&usg=AFQjCNHEX_ZQroPS8hwDzjOxqVHmV6iDWw" "Mozilla/5.0 (compatible; MSIE 9.0; Windows NT 6.1; WOW64; Trident/5.0)"
31.18.49.84 - - [02/Nov/2012:16:10:52 +0100] "GET /back.jpg HTTP/1.1" 404 1256 "http://www.dialyse-waldbronn.de/" "Mozilla/5.0 (compatible; MSIE 9.0; Windows NT 6.1; WOW64; Trident/5.0)"
31.18.49.84 - - [02/Nov/2012:16:10:52 +0100] "HEAD /index.swf HTTP/1.1" 200 - "-" "contype"
31.18.49.84 - - [02/Nov/2012:16:10:53 +0100] "GET /index.swf HTTP/1.1" 200 8893 "http://www.dialyse-waldbronn.de/" "Mozilla/5.0 (compatible; MSIE 9.0; Windows NT 6.1; WOW64; Trident/5.0)"
31.18.49.84 - - [02/Nov/2012:16:10:55 +0100] "GET /00themen00.html HTTP/1.1" 200 2236 "http://www.dialyse-waldbronn.de/index.swf" "Mozilla/5.0 (compatible; MSIE 9.0; Windows NT 6.1; WOW64; Trident/5.0)"
31.18.49.84 - - [02/Nov/2012:16:10:55 +0100] "GET /AC_RunActiveContent.js HTTP/1.1" 200 8029 "http://www.dialyse-waldbronn.de/00themen00.html" "Mozilla/5.0 (compatible; MSIE 9.0; Windows NT 6.1; WOW64; Trident/5.0)"
31.18.49.84 - - [02/Nov/2012:16:10:55 +0100] "GET /00themen00.swf HTTP/1.1" 200 12608 "http://www.dialyse-waldbronn.de/00themen00.html" "Mozilla/5.0 (compatible; MSIE 9.0; Windows NT 6.1; WOW64; Trident/5.0)"
31.18.49.84 - - [02/Nov/2012:16:10:56 +0100] "GET /favicon.ico HTTP/1.1" 404 1256 "-" "Mozilla/5.0 (compatible; MSIE 9.0; Windows NT 6.1; WOW64; Trident/5.0)"
31.18.49.84 - - [02/Nov/2012:16:11:00 +0100] "GET /01.html HTTP/1.1" 200 1988 "http://www.dialyse-waldbronn.de/00themen00.swf" "Mozilla/5.0 (compatible; MSIE 9.0; Windows NT 6.1; WOW64; Trident/5.0)"
31.18.49.84 - - [02/Nov/2012:16:11:01 +0100] "GET /01.swf HTTP/1.1" 200 36918 "http://www.dialyse-waldbronn.de/01.html" "Mozilla/5.0 (compatible; MSIE 9.0; Windows NT 6.1; WOW64; Trident/5.0)"
31.18.49.84 - - [02/Nov/2012:16:11:01 +0100] "GET /favicon.ico HTTP/1.1" 404 1256 "-" "Mozilla/5.0 (compatible; MSIE 9.0; Windows NT 6.1; WOW64; Trident/5.0)"
31.18.49.84 - - [02/Nov/2012:16:11:07 +0100] "GET /02.html HTTP/1.1" 200 1988 "http://www.dialyse-waldbronn.de/00themen00.swf" "Mozilla/5.0 (compatible; MSIE 9.0; Windows NT 6.1; WOW64; Trident/5.0)"
31.18.49.84 - - [02/Nov/2012:16:11:08 +0100] "GET /02.swf HTTP/1.1" 200 19509 "http://www.dialyse-waldbronn.de/02.html" "Mozilla/5.0 (compatible; MSIE 9.0; Windows NT 6.1; WOW64; Trident/5.0)"
31.18.49.84 - - [02/Nov/2012:16:11:14 +0100] "GET /03.html HTTP/1.1" 200 2012 "http://www.dialyse-waldbronn.de/00themen00.swf" "Mozilla/5.0 (compatible; MSIE 9.0; Windows NT 6.1; WOW64; Trident/5.0)"
31.18.49.84 - - [02/Nov/2012:16:11:14 +0100] "GET /03.swf HTTP/1.1" 200 79366 "http://www.dialyse-waldbronn.de/03.html" "Mozilla/5.0 (compatible; MSIE 9.0; Windows NT 6.1; WOW64; Trident/5.0)"
31.18.49.84 - - [02/Nov/2012:16:11:24 +0100] "GET /06.html HTTP/1.1" 200 1988 "http://www.dialyse-waldbronn.de/00themen00.swf" "Mozilla/5.0 (compatible; MSIE 9.0; Windows NT 6.1; WOW64; Trident/5.0)"
31.18.49.84 - - [02/Nov/2012:16:11:24 +0100] "GET /06.swf HTTP/1.1" 200 18307 "http://www.dialyse-waldbronn.de/06.html" "Mozilla/5.0 (compatible; MSIE 9.0; Windows NT 6.1; WOW64; Trident/5.0)"
178.154.179.250 - - [02/Nov/2012:22:15:00 +0100] "GET / HTTP/1.1" 200 4014 "-" "Mozilla/5.0 (compatible; YandexBot/3.0; +http://yandex.com/bots)"
157.55.32.108 - - [02/Nov/2012:22:25:13 +0100] "GET /robots.txt HTTP/1.1" 404 1256 "-" "Mozilla/5.0 (compatible; bingbot/2.0; +http://www.bing.com/bingbot.htm)"
65.55.208.5 - - [02/Nov/2012:23:57:13 +0100] "GET / HTTP/1.1" 200 4014 "-" "Mozilla/5.0 (Windows NT 6.1; WOW64) AppleWebKit/534+ (KHTML, like Gecko) BingPreview/1.0b"
157.55.32.108 - - [03/Nov/2012:05:58:44 +0100] "GET /robots.txt HTTP/1.1" 404 1256 "-" "Mozilla/5.0 (compatible; bingbot/2.0; +http://www.bing.com/bingbot.htm)"
157.55.32.108 - - [03/Nov/2012:06:00:17 +0100] "GET / HTTP/1.1" 200 4014 "-" "Mozilla/5.0 (compatible; bingbot/2.0; +http://www.bing.com/bingbot.htm)"
81.144.138.34 - - [03/Nov/2012:06:49:44 +0100] "GET /robots.txt HTTP/1.1" 404 1256 "-" "Wotbox/2.01 (+http://www.wotbox.com/bot/)"
81.144.138.34 - - [03/Nov/2012:06:50:01 +0100] "GET / HTTP/1.1" 200 4014 "-" "Wotbox/2.01 (+http://www.wotbox.com/bot/)"
85.206.51.80 - - [03/Nov/2012:08:01:13 +0100] "GET / HTTP/1.1" 200 4014 "-" "Mozilla/4.0 (compatible; MSIE 8.0; Windows NT 5.1; Trident/4.0; .NET CLR 1.1.4322; .NET CLR 2.0.50727; .NET CLR 3.0.4506.2152; .NET CLR 3.5.30729; InfoPath.3)"
46.119.126.70 - - [03/Nov/2012:18:30:43 +0100] "GET /robots.txt HTTP/1.0" 404 1256 "-" "Mozilla/5.0 (compatible; MJ12bot/v1.4.3; http://www.majestic12.co.uk/bot.php?+)"
46.119.126.70 - - [03/Nov/2012:18:30:45 +0100] "GET / HTTP/1.1" 200 4014 "-" "Mozilla/5.0 (compatible; MJ12bot/v1.4.3; http://www.majestic12.co.uk/bot.php?+)"
64.246.165.10 - - [03/Nov/2012:22:45:25 +0100] "GET /robots.txt HTTP/1.0" 404 1256 "-" "Mozilla/5.0 (Windows; U; Windows NT 5.1; en; rv:1.9.0.13) Gecko/2009073022 Firefox/3.5.2 (.NET CLR 3.5.30729) SurveyBot/2.3 (DomainTools)"
64.246.165.10 - - [03/Nov/2012:22:45:25 +0100] "GET / HTTP/1.1" 200 4014 "http://whois.domaintools.com/dialyse-waldbronn.de" "Mozilla/5.0 (Windows; U; Windows NT 5.1; en; rv:1.9.0.13) Gecko/2009073022 Firefox/3.5.2 (.NET CLR 3.5.30729) SurveyBot/2.3 (DomainTools)"
65.55.52.95 - - [04/Nov/2012:03:40:33 +0100] "GET /robots.txt HTTP/1.1" 404 1256 "-" "Mozilla/5.0 (compatible; bingbot/2.0; +http://www.bing.com/bingbot.htm)"
65.55.52.95 - - [04/Nov/2012:03:47:27 +0100] "GET /index.swf HTTP/1.1" 200 8893 "-" "Mozilla/5.0 (compatible; bingbot/2.0; +http://www.bing.com/bingbot.htm)"
157.55.32.108 - - [04/Nov/2012:04:07:49 +0100] "GET / HTTP/1.1" 200 4014 "-" "Mozilla/5.0 (compatible; bingbot/2.0; +http://www.bing.com/bingbot.htm)"
65.55.208.95 - - [04/Nov/2012:04:08:05 +0100] "GET / HTTP/1.1" 200 4014 "-" "Mozilla/5.0 (Windows NT 6.1; WOW64) AppleWebKit/534+ (KHTML, like Gecko) BingPreview/1.0b"
65.55.208.79 - - [04/Nov/2012:04:08:12 +0100] "GET / HTTP/1.1" 200 4014 "-" "Mozilla/5.0 (Windows NT 6.1; WOW64) AppleWebKit/534+ (KHTML, like Gecko) BingPreview/1.0b"
65.55.208.79 - - [04/Nov/2012:04:08:13 +0100] "GET /back.jpg HTTP/1.1" 404 1256 "http://www.dialyse-waldbronn.de/" "Mozilla/5.0 (Windows NT 6.1; WOW64) AppleWebKit/534+ (KHTML, like Gecko) BingPreview/1.0b"
65.55.208.79 - - [04/Nov/2012:04:08:13 +0100] "GET /index.swf HTTP/1.1" 200 8893 "http://www.dialyse-waldbronn.de/index.swf" "Mozilla/5.0 (Windows NT 6.1; WOW64) AppleWebKit/534+ (KHTML, like Gecko) BingPreview/1.0b"
84.157.231.123 - - [04/Nov/2012:09:23:32 +0100] "GET /00themen00.html HTTP/1.1" 304 - "-" "Mozilla/5.0 (Windows NT 6.1) AppleWebKit/534.57.2 (KHTML, like Gecko) Version/5.1.7 Safari/534.57.2"
84.157.231.123 - - [04/Nov/2012:09:23:33 +0100] "GET /AC_RunActiveContent.js HTTP/1.1" 304 - "http://www.dialyse-waldbronn.de/00themen00.html" "Mozilla/5.0 (Windows NT 6.1) AppleWebKit/534.57.2 (KHTML, like Gecko) Version/5.1.7 Safari/534.57.2"
84.157.231.123 - - [04/Nov/2012:09:28:51 +0100] "GET /00themen00.html HTTP/1.1" 304 - "-" "Mozilla/5.0 (Windows NT 6.1) AppleWebKit/534.57.2 (KHTML, like Gecko) Version/5.1.7 Safari/534.57.2"
66.249.71.129 - - [04/Nov/2012:10:57:39 +0100] "GET /robots.txt HTTP/1.1" 404 1256 "-" "Mozilla/5.0 (compatible; Googlebot/2.1; +http://www.google.com/bot.html)"
66.249.71.129 - - [04/Nov/2012:10:57:39 +0100] "GET / HTTP/1.1" 200 4014 "-" "Mozilla/5.0 (compatible; Googlebot/2.1; +http://www.google.com/bot.html)"
157.55.32.108 - - [04/Nov/2012:14:08:05 +0100] "GET /robots.txt HTTP/1.1" 404 1256 "-" "Mozilla/5.0 (compatible; bingbot/2.0; +http://www.bing.com/bingbot.htm)"
157.55.32.108 - - [04/Nov/2012:14:12:38 +0100] "GET / HTTP/1.1" 200 4014 "-" "Mozilla/5.0 (compatible; bingbot/2.0; +http://www.bing.com/bingbot.htm)"
66.249.74.125 - - [04/Nov/2012:14:48:04 +0100] "GET /robots.txt HTTP/1.1" 404 1256 "-" "Mozilla/5.0 (compatible; Googlebot/2.1; +http://www.google.com/bot.html)"
66.249.74.125 - - [04/Nov/2012:14:48:04 +0100] "GET / HTTP/1.1" 200 4014 "-" "Mozilla/5.0 (compatible; Googlebot/2.1; +http://www.google.com/bot.html)"
94.23.220.161 - - [04/Nov/2012:15:32:26 +0100] "GET /03.swf HTTP/1.1" 200 79366 "-" "Mozilla/5.0 (X11; Linux i686; rv:6.0) Gecko/20100101 Firefox/6.0"
66.249.74.125 - - [04/Nov/2012:20:44:34 +0100] "GET /03.html HTTP/1.1" 200 2012 "-" "Mozilla/5.0 (iPhone; U; CPU iPhone OS 4_1 like Mac OS X; en-us) AppleWebKit/532.9 (KHTML, like Gecko) Version/4.0.5 Mobile/8B117 Safari/6531.22.7 (compatible; Googlebot-Mobile/2.1; +http://www.google.com/bot.html)"
157.55.32.108 - - [04/Nov/2012:22:50:22 +0100] "GET /robots.txt HTTP/1.1" 404 1256 "-" "Mozilla/5.0 (compatible; bingbot/2.0; +http://www.bing.com/bingbot.htm)"
157.55.32.108 - - [04/Nov/2012:22:51:26 +0100] "GET / HTTP/1.1" 304 - "-" "Mozilla/5.0 (compatible; bingbot/2.0; +http://www.bing.com/bingbot.htm)"
65.55.208.200 - - [04/Nov/2012:22:51:28 +0100] "GET / HTTP/1.1" 200 4014 "-" "Mozilla/5.0 (Windows NT 6.1; WOW64) AppleWebKit/534+ (KHTML, like Gecko) BingPreview/1.0b"
157.55.32.108 - - [05/Nov/2012:00:31:16 +0100] "GET /robots.txt HTTP/1.1" 404 1256 "-" "Mozilla/5.0 (compatible; bingbot/2.0; +http://www.bing.com/bingbot.htm)"
157.55.32.108 - - [05/Nov/2012:00:32:09 +0100] "GET / HTTP/1.1" 304 - "-" "Mozilla/5.0 (compatible; bingbot/2.0; +http://www.bing.com/bingbot.htm)"
65.55.208.220 - - [05/Nov/2012:00:32:10 +0100] "GET / HTTP/1.1" 200 4014 "-" "Mozilla/5.0 (Windows NT 6.1; WOW64) AppleWebKit/534+ (KHTML, like Gecko) BingPreview/1.0b"
178.154.179.250 - - [05/Nov/2012:01:36:59 +0100] "GET /robots.txt HTTP/1.1" 404 1256 "-" "Mozilla/5.0 (compatible; YandexBot/3.0; +http://yandex.com/bots)"
83.133.125.202 - - [05/Nov/2012:06:04:28 +0100] "GET / HTTP/1.1" 200 4014 "http://www.sumaja.de/?such_wert=karlsruhe" "Mozilla/4.0 (compatible; MSIE 8.0; Windows NT 6.1; Trident/4.0; SLCC2; .NET CLR 2.0.50727; .NET CLR 3.5.30729; .NET CLR 3.0.30729; Media Center PC 6.0)"
178.154.179.250 - - [05/Nov/2012:07:54:01 +0100] "GET / HTTP/1.1" 200 4014 "-" "Mozilla/5.0 (compatible; YandexBot/3.0; +http://yandex.com/bots)"
149.172.167.57 - - [05/Nov/2012:09:24:16 +0100] "GET / HTTP/1.1" 200 4014 "-" "Mozilla/4.0 (compatible; MSIE 8.0; Windows NT 5.1; Trident/4.0; .NET CLR 1.1.4322; .NET CLR 2.0.50727; .NET CLR 3.0.4506.2152; .NET CLR 3.5.30729)"
149.172.167.57 - - [05/Nov/2012:09:24:16 +0100] "GET /back.jpg HTTP/1.1" 404 1256 "http://www.dialyse-waldbronn.de/" "Mozilla/4.0 (compatible; MSIE 8.0; Windows NT 5.1; Trident/4.0; .NET CLR 1.1.4322; .NET CLR 2.0.50727; .NET CLR 3.0.4506.2152; .NET CLR 3.5.30729)"
149.172.167.57 - - [05/Nov/2012:09:24:16 +0100] "GET /index.swf HTTP/1.1" 200 8893 "-" "contype"
149.172.167.57 - - [05/Nov/2012:09:24:16 +0100] "GET /index.swf HTTP/1.1" 200 8893 "http://www.dialyse-waldbronn.de/" "Mozilla/4.0 (compatible; MSIE 8.0; Windows NT 5.1; Trident/4.0; .NET CLR 1.1.4322; .NET CLR 2.0.50727; .NET CLR 3.0.4506.2152; .NET CLR 3.5.30729)"
149.172.167.57 - - [05/Nov/2012:09:24:17 +0100] "GET /favicon.ico HTTP/1.1" 404 1256 "-" "Mozilla/4.0 (compatible; MSIE 8.0; Windows NT 5.1; Trident/4.0; .NET CLR 1.1.4322; .NET CLR 2.0.50727; .NET CLR 3.0.4506.2152; .NET CLR 3.5.30729)"
149.172.167.57 - - [05/Nov/2012:09:24:31 +0100] "GET /00themen00.html HTTP/1.1" 200 2236 "http://www.dialyse-waldbronn.de/index.swf" "Mozilla/4.0 (compatible; MSIE 8.0; Windows NT 5.1; Trident/4.0; .NET CLR 1.1.4322; .NET CLR 2.0.50727; .NET CLR 3.0.4506.2152; .NET CLR 3.5.30729)"
149.172.167.57 - - [05/Nov/2012:09:24:31 +0100] "GET /AC_RunActiveContent.js HTTP/1.1" 200 8029 "http://www.dialyse-waldbronn.de/index.swf" "Mozilla/4.0 (compatible; MSIE 8.0; Windows NT 5.1; Trident/4.0; .NET CLR 1.1.4322; .NET CLR 2.0.50727; .NET CLR 3.0.4506.2152; .NET CLR 3.5.30729)"
149.172.167.57 - - [05/Nov/2012:09:24:32 +0100] "GET /00themen00.swf HTTP/1.1" 200 12608 "http://www.dialyse-waldbronn.de/00themen00.html" "Mozilla/4.0 (compatible; MSIE 8.0; Windows NT 5.1; Trident/4.0; .NET CLR 1.1.4322; .NET CLR 2.0.50727; .NET CLR 3.0.4506.2152; .NET CLR 3.5.30729)"
149.172.167.57 - - [05/Nov/2012:09:24:32 +0100] "GET /favicon.ico HTTP/1.1" 404 1256 "-" "Mozilla/4.0 (compatible; MSIE 8.0; Windows NT 5.1; Trident/4.0; .NET CLR 1.1.4322; .NET CLR 2.0.50727; .NET CLR 3.0.4506.2152; .NET CLR 3.5.30729)"
149.172.167.57 - - [05/Nov/2012:09:24:33 +0100] "GET /08.html HTTP/1.1" 200 2068 "http://www.dialyse-waldbronn.de/00themen00.swf" "Mozilla/4.0 (compatible; MSIE 8.0; Windows NT 5.1; Trident/4.0; .NET CLR 1.1.4322; .NET CLR 2.0.50727; .NET CLR 3.0.4506.2152; .NET CLR 3.5.30729)"
149.172.167.57 - - [05/Nov/2012:09:24:33 +0100] "GET /08.swf HTTP/1.1" 200 22102 "http://www.dialyse-waldbronn.de/08.html" "Mozilla/4.0 (compatible; MSIE 8.0; Windows NT 5.1; Trident/4.0; .NET CLR 1.1.4322; .NET CLR 2.0.50727; .NET CLR 3.0.4506.2152; .NET CLR 3.5.30729)"
157.55.32.108 - - [05/Nov/2012:12:00:00 +0100] "GET /robots.txt HTTP/1.1" 404 1256 "-" "Mozilla/5.0 (compatible; bingbot/2.0; +http://www.bing.com/bingbot.htm)"
65.55.210.75 - - [05/Nov/2012:12:09:15 +0100] "GET / HTTP/1.1" 200 4014 "-" "Mozilla/5.0 (Windows NT 6.1; WOW64) AppleWebKit/534+ (KHTML, like Gecko) BingPreview/1.0b"
193.159.239.196 - - [05/Nov/2012:12:10:13 +0100] "GET / HTTP/1.0" 200 4014 "http://www.dialyse-pforzheim.de/06.swf" "Mozilla/4.0 (compatible; MSIE 8.0; Windows NT 5.1; Trident/4.0; .NET CLR 2.0.50727; InfoPath.1; .NET CLR 3.0.4506.2152; .NET CLR 3.5.30729)"
193.159.239.196 - - [05/Nov/2012:12:10:13 +0100] "GET /back.jpg HTTP/1.0" 404 1256 "http://www.dialyse-waldbronn.de/" "Mozilla/4.0 (compatible; MSIE 8.0; Windows NT 5.1; Trident/4.0; .NET CLR 2.0.50727; InfoPath.1; .NET CLR 3.0.4506.2152; .NET CLR 3.5.30729)"
193.159.239.196 - - [05/Nov/2012:12:10:13 +0100] "GET /index.swf HTTP/1.0" 200 8893 "-" "contype"
193.159.239.196 - - [05/Nov/2012:12:10:13 +0100] "GET /index.swf HTTP/1.0" 200 8893 "http://www.dialyse-waldbronn.de/" "Mozilla/4.0 (compatible; MSIE 8.0; Windows NT 5.1; Trident/4.0; .NET CLR 2.0.50727; InfoPath.1; .NET CLR 3.0.4506.2152; .NET CLR 3.5.30729)"
193.159.239.196 - - [05/Nov/2012:12:10:13 +0100] "GET /favicon.ico HTTP/1.0" 404 1256 "-" "Mozilla/4.0 (compatible; MSIE 8.0; Windows NT 5.1; Trident/4.0; .NET CLR 2.0.50727; InfoPath.1; .NET CLR 3.0.4506.2152; .NET CLR 3.5.30729)"
193.159.239.196 - - [05/Nov/2012:12:10:18 +0100] "GET /00themen00.html HTTP/1.0" 200 2236 "http://www.dialyse-waldbronn.de/index.swf" "Mozilla/4.0 (compatible; MSIE 8.0; Windows NT 5.1; Trident/4.0; .NET CLR 2.0.50727; InfoPath.1; .NET CLR 3.0.4506.2152; .NET CLR 3.5.30729)"
193.159.239.196 - - [05/Nov/2012:12:10:18 +0100] "GET /AC_RunActiveContent.js HTTP/1.0" 200 8029 "http://www.dialyse-waldbronn.de/index.swf" "Mozilla/4.0 (compatible; MSIE 8.0; Windows NT 5.1; Trident/4.0; .NET CLR 2.0.50727; InfoPath.1; .NET CLR 3.0.4506.2152; .NET CLR 3.5.30729)"
193.159.239.196 - - [05/Nov/2012:12:10:18 +0100] "GET /00themen00.swf HTTP/1.0" 200 12608 "http://www.dialyse-waldbronn.de/00themen00.html" "Mozilla/4.0 (compatible; MSIE 8.0; Windows NT 5.1; Trident/4.0; .NET CLR 2.0.50727; InfoPath.1; .NET CLR 3.0.4506.2152; .NET CLR 3.5.30729)"
193.159.239.196 - - [05/Nov/2012:12:10:18 +0100] "GET /favicon.ico HTTP/1.0" 404 1256 "-" "Mozilla/4.0 (compatible; MSIE 8.0; Windows NT 5.1; Trident/4.0; .NET CLR 2.0.50727; InfoPath.1; .NET CLR 3.0.4506.2152; .NET CLR 3.5.30729)"
193.159.239.196 - - [05/Nov/2012:12:10:20 +0100] "GET /01.html HTTP/1.0" 200 1988 "http://www.dialyse-waldbronn.de/00themen00.swf" "Mozilla/4.0 (compatible; MSIE 8.0; Windows NT 5.1; Trident/4.0; .NET CLR 2.0.50727; InfoPath.1; .NET CLR 3.0.4506.2152; .NET CLR 3.5.30729)"
193.159.239.196 - - [05/Nov/2012:12:10:20 +0100] "GET /01.swf HTTP/1.0" 200 36918 "http://www.dialyse-waldbronn.de/01.html" "Mozilla/4.0 (compatible; MSIE 8.0; Windows NT 5.1; Trident/4.0; .NET CLR 2.0.50727; InfoPath.1; .NET CLR 3.0.4506.2152; .NET CLR 3.5.30729)"
193.159.239.196 - - [05/Nov/2012:12:10:42 +0100] "GET /06.html HTTP/1.0" 200 1988 "http://www.dialyse-waldbronn.de/00themen00.swf" "Mozilla/4.0 (compatible; MSIE 8.0; Windows NT 5.1; Trident/4.0; .NET CLR 2.0.50727; InfoPath.1; .NET CLR 3.0.4506.2152; .NET CLR 3.5.30729)"
193.159.239.196 - - [05/Nov/2012:12:10:42 +0100] "GET /06.swf HTTP/1.0" 200 18307 "http://www.dialyse-waldbronn.de/06.html" "Mozilla/4.0 (compatible; MSIE 8.0; Windows NT 5.1; Trident/4.0; .NET CLR 2.0.50727; InfoPath.1; .NET CLR 3.0.4506.2152; .NET CLR 3.5.30729)"
193.159.239.196 - - [05/Nov/2012:12:10:51 +0100] "GET /02.html HTTP/1.0" 200 1988 "http://www.dialyse-waldbronn.de/00themen00.swf" "Mozilla/4.0 (compatible; MSIE 8.0; Windows NT 5.1; Trident/4.0; .NET CLR 2.0.50727; InfoPath.1; .NET CLR 3.0.4506.2152; .NET CLR 3.5.30729)"
193.159.239.196 - - [05/Nov/2012:12:10:51 +0100] "GET /02.swf HTTP/1.0" 200 19509 "http://www.dialyse-waldbronn.de/02.html" "Mozilla/4.0 (compatible; MSIE 8.0; Windows NT 5.1; Trident/4.0; .NET CLR 2.0.50727; InfoPath.1; .NET CLR 3.0.4506.2152; .NET CLR 3.5.30729)"
157.55.32.108 - - [05/Nov/2012:13:45:39 +0100] "GET /robots.txt HTTP/1.1" 404 1256 "-" "Mozilla/5.0 (compatible; bingbot/2.0; +http://www.bing.com/bingbot.htm)"
157.55.32.108 - - [05/Nov/2012:13:51:22 +0100] "GET / HTTP/1.1" 200 4014 "-" "Mozilla/5.0 (compatible; bingbot/2.0; +http://www.bing.com/bingbot.htm)"
31.18.49.84 - - [05/Nov/2012:13:52:40 +0100] "GET / HTTP/1.1" 200 4014 "http://www.dialyse-calw.de/06.swf" "Mozilla/5.0 (compatible; MSIE 9.0; Windows NT 6.1; WOW64; Trident/5.0)"
31.18.49.84 - - [05/Nov/2012:13:52:40 +0100] "HEAD /index.swf HTTP/1.1" 200 - "-" "contype"
31.18.49.84 - - [05/Nov/2012:13:52:40 +0100] "GET /back.jpg HTTP/1.1" 404 1256 "http://www.dialyse-waldbronn.de/" "Mozilla/5.0 (compatible; MSIE 9.0; Windows NT 6.1; WOW64; Trident/5.0)"
31.18.49.84 - - [05/Nov/2012:13:52:41 +0100] "GET /index.swf HTTP/1.1" 200 8893 "http://www.dialyse-waldbronn.de/" "Mozilla/5.0 (compatible; MSIE 9.0; Windows NT 6.1; WOW64; Trident/5.0)"
31.18.49.84 - - [05/Nov/2012:13:52:41 +0100] "GET /favicon.ico HTTP/1.1" 404 1256 "-" "Mozilla/5.0 (compatible; MSIE 9.0; Windows NT 6.1; WOW64; Trident/5.0)"
31.18.49.84 - - [05/Nov/2012:13:52:46 +0100] "GET /00themen00.html HTTP/1.1" 200 2236 "http://www.dialyse-waldbronn.de/index.swf" "Mozilla/5.0 (compatible; MSIE 9.0; Windows NT 6.1; WOW64; Trident/5.0)"
31.18.49.84 - - [05/Nov/2012:13:52:46 +0100] "GET /AC_RunActiveContent.js HTTP/1.1" 200 8029 "http://www.dialyse-waldbronn.de/00themen00.html" "Mozilla/5.0 (compatible; MSIE 9.0; Windows NT 6.1; WOW64; Trident/5.0)"
31.18.49.84 - - [05/Nov/2012:13:52:46 +0100] "GET /00themen00.swf HTTP/1.1" 200 12608 "http://www.dialyse-waldbronn.de/00themen00.html" "Mozilla/5.0 (compatible; MSIE 9.0; Windows NT 6.1; WOW64; Trident/5.0)"
31.18.49.84 - - [05/Nov/2012:13:52:46 +0100] "GET /favicon.ico HTTP/1.1" 404 1256 "-" "Mozilla/5.0 (compatible; MSIE 9.0; Windows NT 6.1; WOW64; Trident/5.0)"
31.18.49.84 - - [05/Nov/2012:13:52:49 +0100] "GET /06.html HTTP/1.1" 200 1988 "http://www.dialyse-waldbronn.de/00themen00.swf" "Mozilla/5.0 (compatible; MSIE 9.0; Windows NT 6.1; WOW64; Trident/5.0)"
31.18.49.84 - - [05/Nov/2012:13:52:49 +0100] "GET /06.swf HTTP/1.1" 200 18307 "http://www.dialyse-waldbronn.de/06.html" "Mozilla/5.0 (compatible; MSIE 9.0; Windows NT 6.1; WOW64; Trident/5.0)"
31.18.49.84 - - [05/Nov/2012:13:52:56 +0100] "GET /02.html HTTP/1.1" 200 1988 "http://www.dialyse-waldbronn.de/00themen00.swf" "Mozilla/5.0 (compatible; MSIE 9.0; Windows NT 6.1; WOW64; Trident/5.0)"
31.18.49.84 - - [05/Nov/2012:13:52:57 +0100] "GET /02.swf HTTP/1.1" 200 19509 "http://www.dialyse-waldbronn.de/02.html" "Mozilla/5.0 (compatible; MSIE 9.0; Windows NT 6.1; WOW64; Trident/5.0)"
150.70.172.203 - - [05/Nov/2012:14:19:47 +0100] "GET / HTTP/1.0" 200 4014 "-" "Mozilla/4.0 (compatible; MSIE 6.0; Windows NT 5.1)"
157.55.32.108 - - [05/Nov/2012:14:40:40 +0100] "GET / HTTP/1.1" 200 4014 "-" "Mozilla/5.0 (compatible; bingbot/2.0; +http://www.bing.com/bingbot.htm)"
157.55.32.108 - - [05/Nov/2012:16:03:13 +0100] "GET /robots.txt HTTP/1.1" 404 1256 "-" "Mozilla/5.0 (compatible; bingbot/2.0; +http://www.bing.com/bingbot.htm)"
157.55.32.108 - - [05/Nov/2012:16:06:50 +0100] "GET / HTTP/1.1" 200 4014 "-" "Mozilla/5.0 (compatible; bingbot/2.0; +http://www.bing.com/bingbot.htm)"
66.249.73.3 - - [05/Nov/2012:18:08:07 +0100] "GET /robots.txt HTTP/1.1" 404 1256 "-" "Mozilla/5.0 (compatible; Googlebot/2.1; +http://www.google.com/bot.html)"
66.249.73.3 - - [05/Nov/2012:18:08:07 +0100] "GET /09a.html HTTP/1.1" 304 - "-" "Mozilla/5.0 (compatible; Googlebot/2.1; +http://www.google.com/bot.html)"
178.154.179.250 - - [05/Nov/2012:18:09:14 +0100] "GET / HTTP/1.1" 200 4014 "-" "Mozilla/5.0 (compatible; YandexBot/3.0; +http://yandex.com/bots)"
157.55.32.108 - - [05/Nov/2012:18:23:32 +0100] "GET /robots.txt HTTP/1.1" 404 1256 "-" "Mozilla/5.0 (compatible; bingbot/2.0; +http://www.bing.com/bingbot.htm)"
157.55.32.108 - - [05/Nov/2012:18:24:16 +0100] "GET / HTTP/1.1" 200 4014 "-" "Mozilla/5.0 (compatible; bingbot/2.0; +http://www.bing.com/bingbot.htm)"
217.86.191.197 - - [05/Nov/2012:18:28:22 +0100] "GET / HTTP/1.1" 200 4014 "http://www.google.de/url?sa=t&rct=j&q=&esrc=s&source=web&cd=1&sqi=2&ved=0CCEQFjAA&url=http%3A%2F%2Fwww.dialyse-waldbronn.de%2F&ei=yvaXUKnHMc7ktQaHnIHQBg&usg=AFQjCNHEX_ZQroPS8hwDzjOxqVHmV6iDWw" "Mozilla/5.0 (Macintosh; Intel Mac OS X 10_8_2) AppleWebKit/536.26.14 (KHTML, like Gecko) Version/6.0.1 Safari/536.26.14"
217.86.191.197 - - [05/Nov/2012:18:28:22 +0100] "GET /back.jpg HTTP/1.1" 404 1256 "http://www.dialyse-waldbronn.de/" "Mozilla/5.0 (Macintosh; Intel Mac OS X 10_8_2) AppleWebKit/536.26.14 (KHTML, like Gecko) Version/6.0.1 Safari/536.26.14"
217.86.191.197 - - [05/Nov/2012:18:28:22 +0100] "GET /index.swf HTTP/1.1" 200 8893 "http://www.dialyse-waldbronn.de/" "Mozilla/5.0 (Macintosh; Intel Mac OS X 10_8_2) AppleWebKit/536.26.14 (KHTML, like Gecko) Version/6.0.1 Safari/536.26.14"
217.86.191.197 - - [05/Nov/2012:18:28:22 +0100] "GET /favicon.ico HTTP/1.1" 404 1256 "http://www.dialyse-waldbronn.de/" "Mozilla/5.0 (Macintosh; Intel Mac OS X 10_8_2) AppleWebKit/536.26.14 (KHTML, like Gecko) Version/6.0.1 Safari/536.26.14"
217.86.191.197 - - [05/Nov/2012:18:28:24 +0100] "GET /00themen00.html HTTP/1.1" 200 2236 "http://www.dialyse-waldbronn.de/" "Mozilla/5.0 (Macintosh; Intel Mac OS X 10_8_2) AppleWebKit/536.26.14 (KHTML, like Gecko) Version/6.0.1 Safari/536.26.14"
217.86.191.197 - - [05/Nov/2012:18:28:24 +0100] "GET /AC_RunActiveContent.js HTTP/1.1" 200 8029 "http://www.dialyse-waldbronn.de/00themen00.html" "Mozilla/5.0 (Macintosh; Intel Mac OS X 10_8_2) AppleWebKit/536.26.14 (KHTML, like Gecko) Version/6.0.1 Safari/536.26.14"
217.86.191.197 - - [05/Nov/2012:18:28:24 +0100] "GET /00themen00.swf HTTP/1.1" 200 12608 "http://www.dialyse-waldbronn.de/00themen00.html" "Mozilla/5.0 (Macintosh; Intel Mac OS X 10_8_2) AppleWebKit/536.26.14 (KHTML, like Gecko) Version/6.0.1 Safari/536.26.14"
217.86.191.197 - - [05/Nov/2012:18:28:26 +0100] "GET /01.html HTTP/1.1" 200 1988 "http://www.dialyse-waldbronn.de/00themen00.html" "Mozilla/5.0 (Macintosh; Intel Mac OS X 10_8_2) AppleWebKit/536.26.14 (KHTML, like Gecko) Version/6.0.1 Safari/536.26.14"
217.86.191.197 - - [05/Nov/2012:18:28:26 +0100] "GET /01.swf HTTP/1.1" 200 36918 "http://www.dialyse-waldbronn.de/01.html" "Mozilla/5.0 (Macintosh; Intel Mac OS X 10_8_2) AppleWebKit/536.26.14 (KHTML, like Gecko) Version/6.0.1 Safari/536.26.14"
217.86.191.197 - - [05/Nov/2012:18:28:33 +0100] "GET /02.html HTTP/1.1" 200 1988 "http://www.dialyse-waldbronn.de/00themen00.html" "Mozilla/5.0 (Macintosh; Intel Mac OS X 10_8_2) AppleWebKit/536.26.14 (KHTML, like Gecko) Version/6.0.1 Safari/536.26.14"
217.86.191.197 - - [05/Nov/2012:18:28:33 +0100] "GET /02.swf HTTP/1.1" 200 19509 "http://www.dialyse-waldbronn.de/02.html" "Mozilla/5.0 (Macintosh; Intel Mac OS X 10_8_2) AppleWebKit/536.26.14 (KHTML, like Gecko) Version/6.0.1 Safari/536.26.14"
217.86.191.197 - - [05/Nov/2012:18:28:53 +0100] "GET /04.html HTTP/1.1" 200 1988 "http://www.dialyse-waldbronn.de/00themen00.html" "Mozilla/5.0 (Macintosh; Intel Mac OS X 10_8_2) AppleWebKit/536.26.14 (KHTML, like Gecko) Version/6.0.1 Safari/536.26.14"
217.86.191.197 - - [05/Nov/2012:18:28:53 +0100] "GET /04.swf HTTP/1.1" 200 20526 "http://www.dialyse-waldbronn.de/04.html" "Mozilla/5.0 (Macintosh; Intel Mac OS X 10_8_2) AppleWebKit/536.26.14 (KHTML, like Gecko) Version/6.0.1 Safari/536.26.14"
217.86.191.197 - - [05/Nov/2012:18:29:01 +0100] "GET /03.html HTTP/1.1" 200 2012 "http://www.dialyse-waldbronn.de/00themen00.html" "Mozilla/5.0 (Macintosh; Intel Mac OS X 10_8_2) AppleWebKit/536.26.14 (KHTML, like Gecko) Version/6.0.1 Safari/536.26.14"
217.86.191.197 - - [05/Nov/2012:18:29:02 +0100] "GET /03.swf HTTP/1.1" 200 79366 "http://www.dialyse-waldbronn.de/03.html" "Mozilla/5.0 (Macintosh; Intel Mac OS X 10_8_2) AppleWebKit/536.26.14 (KHTML, like Gecko) Version/6.0.1 Safari/536.26.14"
217.86.191.197 - - [05/Nov/2012:18:29:10 +0100] "GET /06.html HTTP/1.1" 200 1988 "http://www.dialyse-waldbronn.de/00themen00.html" "Mozilla/5.0 (Macintosh; Intel Mac OS X 10_8_2) AppleWebKit/536.26.14 (KHTML, like Gecko) Version/6.0.1 Safari/536.26.14"
217.86.191.197 - - [05/Nov/2012:18:29:10 +0100] "GET /06.swf HTTP/1.1" 200 18307 "http://www.dialyse-waldbronn.de/06.html" "Mozilla/5.0 (Macintosh; Intel Mac OS X 10_8_2) AppleWebKit/536.26.14 (KHTML, like Gecko) Version/6.0.1 Safari/536.26.14"
83.133.125.202 - - [06/Nov/2012:06:23:29 +0100] "GET / HTTP/1.1" 200 4014 "http://www.bigfinder.de/home-11.html" "Mozilla/4.0 (compatible; MSIE 8.0; Windows NT 6.0; Trident/4.0; GTB0.0; SLCC1; .NET CLR 2.0.50727; Media Center PC 5.0; .NET CLR 3.5.30729; .NET CLR 3.0.30729; .NET4.0C)"
95.108.151.244 - - [06/Nov/2012:06:58:38 +0100] "GET /robots.txt HTTP/1.1" 404 1256 "-" "Mozilla/5.0 (compatible; YandexBot/3.0; +http://yandex.com/bots)"
95.108.151.244 - - [06/Nov/2012:06:58:39 +0100] "GET / HTTP/1.1" 200 4014 "-" "Mozilla/5.0 (compatible; YandexBot/3.0; +http://yandex.com/bots)"
95.108.151.244 - - [06/Nov/2012:06:58:40 +0100] "GET / HTTP/1.1" 200 4014 "-" "Mozilla/5.0 (compatible; YandexBot/3.0; +http://yandex.com/bots)"
157.55.32.108 - - [06/Nov/2012:10:44:37 +0100] "GET /robots.txt HTTP/1.1" 404 1256 "-" "Mozilla/5.0 (compatible; bingbot/2.0; +http://www.bing.com/bingbot.htm)"
65.55.208.39 - - [06/Nov/2012:11:08:19 +0100] "GET / HTTP/1.1" 200 4014 "-" "Mozilla/5.0 (Windows NT 6.1; WOW64) AppleWebKit/534+ (KHTML, like Gecko) BingPreview/1.0b"
178.154.179.250 - - [06/Nov/2012:11:52:21 +0100] "GET /robots.txt HTTP/1.1" 404 1256 "-" "Mozilla/5.0 (compatible; YandexBot/3.0; +http://yandex.com/bots)"
129.206.90.2 - - [06/Nov/2012:14:03:51 +0100] "GET / HTTP/1.1" 200 4014 "http://www.google.de/url?sa=t&rct=j&q=dialyse%20waldbronn&source=web&cd=1&ved=0CCIQFjAA&url=http%3A%2F%2Fwww.dialyse-waldbronn.de%2F&ei=nQqZUIL7F8-O4gS_64CQCQ&usg=AFQjCNHEX_ZQroPS8hwDzjOxqVHmV6iDWw" "Mozilla/4.0 (compatible; MSIE 8.0; Windows NT 5.1; Trident/4.0; GTB7.4; InfoPath.1; .NET CLR 2.0.50727; .NET CLR 3.0.04506.30)"
129.206.90.2 - - [06/Nov/2012:14:03:54 +0100] "GET /index.swf HTTP/1.1" 200 8893 "http://www.dialyse-waldbronn.de/" "Mozilla/4.0 (compatible; MSIE 8.0; Windows NT 5.1; Trident/4.0; GTB7.4; InfoPath.1; .NET CLR 2.0.50727; .NET CLR 3.0.04506.30)"
129.206.90.2 - - [06/Nov/2012:14:03:57 +0100] "GET /back.jpg HTTP/1.1" 404 1256 "http://www.dialyse-waldbronn.de/" "Mozilla/4.0 (compatible; MSIE 8.0; Windows NT 5.1; Trident/4.0; GTB7.4; InfoPath.1; .NET CLR 2.0.50727; .NET CLR 3.0.04506.30)"
129.206.90.2 - - [06/Nov/2012:14:03:57 +0100] "GET /back.jpg HTTP/1.1" 404 1256 "http://www.dialyse-waldbronn.de/" "Mozilla/4.0 (compatible; MSIE 8.0; Windows NT 5.1; Trident/4.0; GTB7.4; InfoPath.1; .NET CLR 2.0.50727; .NET CLR 3.0.04506.30)"
129.206.90.2 - - [06/Nov/2012:14:03:57 +0100] "GET /favicon.ico HTTP/1.1" 404 1256 "-" "Mozilla/4.0 (compatible; MSIE 8.0; Windows NT 5.1; Trident/4.0; GTB7.4; InfoPath.1; .NET CLR 2.0.50727; .NET CLR 3.0.04506.30)"
129.206.90.2 - - [06/Nov/2012:14:04:02 +0100] "GET /00themen00.html HTTP/1.1" 200 2236 "http://www.dialyse-waldbronn.de/index.swf" "Mozilla/4.0 (compatible; MSIE 8.0; Windows NT 5.1; Trident/4.0; GTB7.4; InfoPath.1; .NET CLR 2.0.50727; .NET CLR 3.0.04506.30)"
129.206.90.2 - - [06/Nov/2012:14:04:02 +0100] "GET /00themen00.swf HTTP/1.1" 200 12608 "http://www.dialyse-waldbronn.de/00themen00.html" "Mozilla/4.0 (compatible; MSIE 8.0; Windows NT 5.1; Trident/4.0; GTB7.4; InfoPath.1; .NET CLR 2.0.50727; .NET CLR 3.0.04506.30)"
129.206.90.2 - - [06/Nov/2012:14:04:02 +0100] "GET /AC_RunActiveContent.js HTTP/1.1" 200 8029 "http://www.dialyse-waldbronn.de/00themen00.html" "Mozilla/4.0 (compatible; MSIE 8.0; Windows NT 5.1; Trident/4.0; GTB7.4; InfoPath.1; .NET CLR 2.0.50727; .NET CLR 3.0.04506.30)"
129.206.90.2 - - [06/Nov/2012:14:04:02 +0100] "GET /favicon.ico HTTP/1.1" 404 1256 "-" "Mozilla/4.0 (compatible; MSIE 8.0; Windows NT 5.1; Trident/4.0; GTB7.4; InfoPath.1; .NET CLR 2.0.50727; .NET CLR 3.0.04506.30)"
129.206.90.2 - - [06/Nov/2012:14:04:04 +0100] "GET /01.html HTTP/1.1" 200 1988 "http://www.dialyse-waldbronn.de/00themen00.swf" "Mozilla/4.0 (compatible; MSIE 8.0; Windows NT 5.1; Trident/4.0; GTB7.4; InfoPath.1; .NET CLR 2.0.50727; .NET CLR 3.0.04506.30)"
129.206.90.2 - - [06/Nov/2012:14:04:04 +0100] "GET /01.swf HTTP/1.1" 200 36918 "http://www.dialyse-waldbronn.de/01.html" "Mozilla/4.0 (compatible; MSIE 8.0; Windows NT 5.1; Trident/4.0; GTB7.4; InfoPath.1; .NET CLR 2.0.50727; .NET CLR 3.0.04506.30)"
5.9.112.179 - - [06/Nov/2012:14:29:46 +0100] "GET /robots.txt HTTP/1.1" 404 1256 "-" "Mozilla/5.0 (compatible; SISTRIX Crawler; http://crawler.sistrix.net/)"
5.9.112.179 - - [06/Nov/2012:14:29:46 +0100] "GET / HTTP/1.1" 200 4014 "-" "Mozilla/5.0 (compatible; SISTRIX Crawler; http://crawler.sistrix.net/)"
66.249.73.3 - - [06/Nov/2012:15:48:42 +0100] "GET /robots.txt HTTP/1.1" 404 1256 "-" "Mozilla/5.0 (compatible; Googlebot/2.1; +http://www.google.com/bot.html)"
66.249.73.3 - - [06/Nov/2012:15:48:43 +0100] "GET / HTTP/1.1" 200 4014 "-" "Mozilla/5.0 (compatible; Googlebot/2.1; +http://www.google.com/bot.html)"
66.249.75.134 - - [06/Nov/2012:16:52:19 +0100] "GET /robots.txt HTTP/1.1" 404 1256 "-" "Mozilla/5.0 (compatible; Googlebot/2.1; +http://www.google.com/bot.html)"
66.249.75.134 - - [06/Nov/2012:16:52:19 +0100] "GET /08.swf HTTP/1.1" 200 22102 "-" "Mozilla/5.0 (compatible; Googlebot/2.1; +http://www.google.com/bot.html)"
66.249.75.134 - - [06/Nov/2012:16:52:23 +0100] "GET / HTTP/1.1" 200 4014 "-" "Mozilla/5.0 (compatible; Googlebot/2.1; +http://www.google.com/bot.html)"
178.154.179.250 - - [06/Nov/2012:16:57:00 +0100] "GET / HTTP/1.1" 200 4014 "-" "Mozilla/5.0 (compatible; YandexBot/3.0; +http://yandex.com/bots)"
66.249.75.134 - - [06/Nov/2012:18:51:37 +0100] "GET /03b.html HTTP/1.1" 304 - "-" "Mozilla/5.0 (compatible; Googlebot/2.1; +http://www.google.com/bot.html)"
66.249.75.134 - - [06/Nov/2012:18:54:35 +0100] "GET /05.html HTTP/1.1" 304 - "-" "Mozilla/5.0 (compatible; Googlebot/2.1; +http://www.google.com/bot.html)"
66.249.75.134 - - [06/Nov/2012:18:56:50 +0100] "GET /01.swf HTTP/1.1" 200 36918 "-" "Mozilla/5.0 (compatible; Googlebot/2.1; +http://www.google.com/bot.html)"
66.249.75.134 - - [06/Nov/2012:18:58:53 +0100] "GET /09a.swf HTTP/1.1" 200 19689 "-" "Mozilla/5.0 (compatible; Googlebot/2.1; +http://www.google.com/bot.html)"
66.249.75.134 - - [06/Nov/2012:19:23:00 +0100] "GET /03.swf HTTP/1.1" 200 79366 "-" "Mozilla/5.0 (compatible; Googlebot/2.1; +http://www.google.com/bot.html)"
178.154.179.250 - - [06/Nov/2012:19:26:56 +0100] "GET / HTTP/1.1" 200 4014 "-" "Mozilla/5.0 (compatible; YandexBot/3.0; +http://yandex.com/bots)"
66.249.75.134 - - [06/Nov/2012:19:30:09 +0100] "GET /07.html HTTP/1.1" 304 - "-" "Mozilla/5.0 (compatible; Googlebot/2.1; +http://www.google.com/bot.html)"
66.249.75.134 - - [06/Nov/2012:19:44:57 +0100] "GET /06.swf HTTP/1.1" 200 18307 "-" "Mozilla/5.0 (compatible; Googlebot/2.1; +http://www.google.com/bot.html)"
157.55.32.108 - - [07/Nov/2012:01:55:14 +0100] "GET /robots.txt HTTP/1.1" 404 1256 "-" "Mozilla/5.0 (compatible; bingbot/2.0; +http://www.bing.com/bingbot.htm)"
65.55.208.111 - - [07/Nov/2012:02:23:55 +0100] "GET / HTTP/1.1" 200 4014 "-" "Mozilla/5.0 (Windows NT 6.1; WOW64) AppleWebKit/534+ (KHTML, like Gecko) BingPreview/1.0b"
107.20.92.124 - - [07/Nov/2012:02:43:06 +0100] "GET / HTTP/1.0" 200 4014 "-" "Mozilla/5.0 (compatible; NetcraftSurveyAgent/1.0; +info@netcraft.com)"
66.249.75.134 - - [07/Nov/2012:12:25:00 +0100] "GET /robots.txt HTTP/1.1" 404 1256 "-" "Mozilla/5.0 (compatible; Googlebot/2.1; +http://www.google.com/bot.html)"
66.249.75.134 - - [07/Nov/2012:12:25:00 +0100] "GET /08.html HTTP/1.1" 200 2068 "-" "Mozilla/5.0 (compatible; Googlebot/2.1; +http://www.google.com/bot.html)"
157.55.32.108 - - [07/Nov/2012:12:38:58 +0100] "GET /robots.txt HTTP/1.1" 404 1256 "-" "Mozilla/5.0 (compatible; bingbot/2.0; +http://www.bing.com/bingbot.htm)"
157.55.32.108 - - [07/Nov/2012:12:41:35 +0100] "GET / HTTP/1.1" 304 - "-" "Mozilla/5.0 (compatible; bingbot/2.0; +http://www.bing.com/bingbot.htm)"
65.55.210.13 - - [07/Nov/2012:12:41:36 +0100] "GET / HTTP/1.1" 200 4014 "-" "Mozilla/5.0 (Windows NT 6.1; WOW64) AppleWebKit/534+ (KHTML, like Gecko) BingPreview/1.0b"
66.249.75.134 - - [07/Nov/2012:12:42:35 +0100] "GET /03.html HTTP/1.1" 200 2012 "-" "Mozilla/5.0 (compatible; Googlebot/2.1; +http://www.google.com/bot.html)"
5.9.107.48 - - [07/Nov/2012:15:19:39 +0100] "GET /robots.txt HTTP/1.0" 404 1256 "-" "Mozilla/5.0 (compatible; MJ12bot/v1.4.3; http://www.majestic12.co.uk/bot.php?+)"
5.9.107.48 - - [07/Nov/2012:15:19:40 +0100] "GET / HTTP/1.0" 200 4014 "-" "Mozilla/5.0 (compatible; MJ12bot/v1.4.3; http://www.majestic12.co.uk/bot.php?+)"
65.55.52.95 - - [07/Nov/2012:16:39:36 +0100] "GET /robots.txt HTTP/1.1" 404 1256 "-" "Mozilla/5.0 (compatible; bingbot/2.0; +http://www.bing.com/bingbot.htm)"
65.55.52.95 - - [07/Nov/2012:16:47:13 +0100] "GET /index.swf HTTP/1.1" 200 8893 "-" "Mozilla/5.0 (compatible; bingbot/2.0; +http://www.bing.com/bingbot.htm)"
157.55.32.108 - - [07/Nov/2012:16:48:39 +0100] "GET / HTTP/1.1" 200 4014 "-" "Mozilla/5.0 (compatible; bingbot/2.0; +http://www.bing.com/bingbot.htm)"
83.133.125.202 - - [07/Nov/2012:19:09:38 +0100] "GET / HTTP/1.1" 200 4014 "http://www.sumaja.de/?such_wert=schwarzwald" "Mozilla/4.0 (compatible; MSIE 8.0; Windows NT 6.0; Trident/4.0; GTB0.0; SLCC1; .NET CLR 2.0.50727; Media Center PC 5.0; .NET CLR 3.5.30729; .NET CLR 3.0.30729; .NET4.0C)"
66.249.75.134 - - [07/Nov/2012:22:19:24 +0100] "GET /05.swf HTTP/1.1" 200 44441 "-" "Mozilla/5.0 (compatible; Googlebot/2.1; +http://www.google.com/bot.html)"
157.55.32.108 - - [08/Nov/2012:01:33:06 +0100] "GET /robots.txt HTTP/1.1" 404 1256 "-" "Mozilla/5.0 (compatible; bingbot/2.0; +http://www.bing.com/bingbot.htm)"
157.55.32.108 - - [08/Nov/2012:01:42:15 +0100] "GET / HTTP/1.1" 304 - "-" "Mozilla/5.0 (compatible; bingbot/2.0; +http://www.bing.com/bingbot.htm)"
157.55.32.108 - - [08/Nov/2012:02:51:45 +0100] "GET /robots.txt HTTP/1.1" 404 1256 "-" "Mozilla/5.0 (compatible; bingbot/2.0; +http://www.bing.com/bingbot.htm)"
65.55.210.77 - - [08/Nov/2012:03:17:17 +0100] "GET / HTTP/1.1" 200 4014 "-" "Mozilla/5.0 (Windows NT 6.1; WOW64) AppleWebKit/534+ (KHTML, like Gecko) BingPreview/1.0b"
88.72.17.126 - - [08/Nov/2012:09:09:38 +0100] "GET /01.html HTTP/1.1" 200 1988 "-" "Mozilla/5.0 (Windows NT 6.1; WOW64; rv:16.0) Gecko/20100101 Firefox/16.0"
88.72.17.126 - - [08/Nov/2012:09:09:38 +0100] "GET /AC_RunActiveContent.js HTTP/1.1" 200 8029 "http://www.dialyse-waldbronn.de/01.html" "Mozilla/5.0 (Windows NT 6.1; WOW64; rv:16.0) Gecko/20100101 Firefox/16.0"
88.72.17.126 - - [08/Nov/2012:09:09:38 +0100] "GET /01.swf HTTP/1.1" 200 36918 "http://www.dialyse-waldbronn.de/01.html" "Mozilla/5.0 (Windows NT 6.1; WOW64; rv:16.0) Gecko/20100101 Firefox/16.0"
88.72.17.126 - - [08/Nov/2012:09:09:38 +0100] "GET /favicon.ico HTTP/1.1" 404 1256 "-" "Mozilla/5.0 (Windows NT 6.1; WOW64; rv:16.0) Gecko/20100101 Firefox/16.0"
88.72.17.126 - - [08/Nov/2012:09:09:38 +0100] "GET /favicon.ico HTTP/1.1" 404 1256 "-" "Mozilla/5.0 (Windows NT 6.1; WOW64; rv:16.0) Gecko/20100101 Firefox/16.0"
88.72.17.126 - - [08/Nov/2012:09:09:47 +0100] "GET /index.html HTTP/1.1" 200 4014 "http://www.dialyse-waldbronn.de/01.html" "Mozilla/5.0 (Windows NT 6.1; WOW64; rv:16.0) Gecko/20100101 Firefox/16.0"
88.72.17.126 - - [08/Nov/2012:09:09:48 +0100] "GET /back.jpg HTTP/1.1" 404 1256 "http://www.dialyse-waldbronn.de/index.html" "Mozilla/5.0 (Windows NT 6.1; WOW64; rv:16.0) Gecko/20100101 Firefox/16.0"
88.72.17.126 - - [08/Nov/2012:09:09:48 +0100] "GET /index.swf HTTP/1.1" 200 8893 "http://www.dialyse-waldbronn.de/index.html" "Mozilla/5.0 (Windows NT 6.1; WOW64; rv:16.0) Gecko/20100101 Firefox/16.0"
88.72.17.126 - - [08/Nov/2012:09:09:51 +0100] "GET /00themen00.html HTTP/1.1" 200 2236 "http://www.dialyse-waldbronn.de/index.html" "Mozilla/5.0 (Windows NT 6.1; WOW64; rv:16.0) Gecko/20100101 Firefox/16.0"
88.72.17.126 - - [08/Nov/2012:09:09:52 +0100] "GET /00themen00.swf HTTP/1.1" 200 12608 "http://www.dialyse-waldbronn.de/00themen00.html" "Mozilla/5.0 (Windows NT 6.1; WOW64; rv:16.0) Gecko/20100101 Firefox/16.0"
88.72.17.126 - - [08/Nov/2012:09:09:53 +0100] "GET /03.html HTTP/1.1" 200 2012 "http://www.dialyse-waldbronn.de/00themen00.html" "Mozilla/5.0 (Windows NT 6.1; WOW64; rv:16.0) Gecko/20100101 Firefox/16.0"
88.72.17.126 - - [08/Nov/2012:09:09:54 +0100] "GET /03.swf HTTP/1.1" 200 79366 "http://www.dialyse-waldbronn.de/03.html" "Mozilla/5.0 (Windows NT 6.1; WOW64; rv:16.0) Gecko/20100101 Firefox/16.0"
88.72.17.126 - - [08/Nov/2012:09:10:00 +0100] "GET /03b.html HTTP/1.1" 200 2020 "http://www.dialyse-waldbronn.de/03.html" "Mozilla/5.0 (Windows NT 6.1; WOW64; rv:16.0) Gecko/20100101 Firefox/16.0"
88.72.17.126 - - [08/Nov/2012:09:10:01 +0100] "GET /03b.swf HTTP/1.1" 200 198225 "http://www.dialyse-waldbronn.de/03b.html" "Mozilla/5.0 (Windows NT 6.1; WOW64; rv:16.0) Gecko/20100101 Firefox/16.0"
88.72.17.126 - - [08/Nov/2012:09:10:18 +0100] "GET /04.html HTTP/1.1" 200 1988 "http://www.dialyse-waldbronn.de/00themen00.html" "Mozilla/5.0 (Windows NT 6.1; WOW64; rv:16.0) Gecko/20100101 Firefox/16.0"
88.72.17.126 - - [08/Nov/2012:09:10:18 +0100] "GET /04.swf HTTP/1.1" 200 20526 "http://www.dialyse-waldbronn.de/04.html" "Mozilla/5.0 (Windows NT 6.1; WOW64; rv:16.0) Gecko/20100101 Firefox/16.0"
88.72.17.126 - - [08/Nov/2012:09:10:28 +0100] "GET /09.html HTTP/1.1" 200 2140 "http://www.dialyse-waldbronn.de/00themen00.html" "Mozilla/5.0 (Windows NT 6.1; WOW64; rv:16.0) Gecko/20100101 Firefox/16.0"
88.72.17.126 - - [08/Nov/2012:09:10:28 +0100] "GET /09.swf HTTP/1.1" 200 23193 "http://www.dialyse-waldbronn.de/09.html" "Mozilla/5.0 (Windows NT 6.1; WOW64; rv:16.0) Gecko/20100101 Firefox/16.0"
88.72.17.126 - - [08/Nov/2012:09:10:38 +0100] "GET /02.html HTTP/1.1" 200 1988 "http://www.dialyse-waldbronn.de/00themen00.html" "Mozilla/5.0 (Windows NT 6.1; WOW64; rv:16.0) Gecko/20100101 Firefox/16.0"
88.72.17.126 - - [08/Nov/2012:09:10:38 +0100] "GET /02.swf HTTP/1.1" 200 19509 "http://www.dialyse-waldbronn.de/02.html" "Mozilla/5.0 (Windows NT 6.1; WOW64; rv:16.0) Gecko/20100101 Firefox/16.0"
213.148.148.253 - - [08/Nov/2012:09:37:45 +0100] "GET / HTTP/1.1" 200 4014 "http://www.google.de/url?sa=t&rct=j&q=nephrologischepraxis%20%20waldbronn&source=web&cd=2&sqi=2&ved=0CCYQFjAB&url=http%3A%2F%2Fwww.dialyse-waldbronn.de%2F&ei=KG-bUNXiA461hAfyooHoDA&usg=AFQjCNHEX_ZQroPS8hwDzjOxqVHmV6iDWw" "Mozilla/4.0 (compatible; MSIE 8.0; Windows NT 5.2; Trident/4.0; .NET CLR 1.1.4322; .NET CLR 2.0.50727; InfoPath.1)"
213.148.148.253 - - [08/Nov/2012:09:37:46 +0100] "GET /back.jpg HTTP/1.1" 404 1256 "http://www.dialyse-waldbronn.de/" "Mozilla/4.0 (compatible; MSIE 8.0; Windows NT 5.2; Trident/4.0; .NET CLR 1.1.4322; .NET CLR 2.0.50727; InfoPath.1)"
213.148.148.253 - - [08/Nov/2012:09:37:46 +0100] "GET /index.swf HTTP/1.1" 200 8893 "-" "contype"
213.148.148.253 - - [08/Nov/2012:09:37:46 +0100] "GET /index.swf HTTP/1.1" 200 8893 "http://www.dialyse-waldbronn.de/" "Mozilla/4.0 (compatible; MSIE 8.0; Windows NT 5.2; Trident/4.0; .NET CLR 1.1.4322; .NET CLR 2.0.50727; InfoPath.1)"
213.148.148.253 - - [08/Nov/2012:09:37:46 +0100] "GET /favicon.ico HTTP/1.1" 404 1256 "-" "Mozilla/4.0 (compatible; MSIE 8.0; Windows NT 5.2; Trident/4.0; .NET CLR 1.1.4322; .NET CLR 2.0.50727; InfoPath.1)"
178.154.179.250 - - [08/Nov/2012:13:26:43 +0100] "GET /robots.txt HTTP/1.1" 404 1256 "-" "Mozilla/5.0 (compatible; YandexBot/3.0; +http://yandex.com/bots)"
157.55.32.108 - - [08/Nov/2012:14:22:16 +0100] "GET /robots.txt HTTP/1.1" 404 1256 "-" "Mozilla/5.0 (compatible; bingbot/2.0; +http://www.bing.com/bingbot.htm)"
157.55.32.108 - - [08/Nov/2012:14:25:14 +0100] "GET / HTTP/1.1" 304 - "-" "Mozilla/5.0 (compatible; bingbot/2.0; +http://www.bing.com/bingbot.htm)"
