94.23.220.161 - - [08/Nov/2012:15:38:16 +0100] "GET /09.swf HTTP/1.1" 200 23193 "-" "Mozilla/5.0 (X11; Linux i686; rv:6.0) Gecko/20100101 Firefox/6.0"
94.23.225.68 - - [08/Nov/2012:15:38:16 +0100] "GET /09a.swf HTTP/1.1" 200 19689 "-" "Mozilla/5.0 (X11; Linux i686; rv:6.0) Gecko/20100101 Firefox/6.0"
94.23.225.68 - - [08/Nov/2012:15:38:16 +0100] "GET /03.swf HTTP/1.1" 200 79366 "-" "Mozilla/5.0 (X11; Linux i686; rv:6.0) Gecko/20100101 Firefox/6.0"
66.249.75.134 - - [08/Nov/2012:19:20:55 +0100] "GET /robots.txt HTTP/1.1" 404 1256 "-" "Mozilla/5.0 (compatible; Googlebot/2.1; +http://www.google.com/bot.html)"
66.249.75.134 - - [08/Nov/2012:19:20:55 +0100] "GET /08.html HTTP/1.1" 304 - "-" "Mozilla/5.0 (iPhone; U; CPU iPhone OS 4_1 like Mac OS X; en-us) AppleWebKit/532.9 (KHTML, like Gecko) Version/4.0.5 Mobile/8B117 Safari/6531.22.7 (compatible; Googlebot-Mobile/2.1; +http://www.google.com/bot.html)"
65.55.52.95 - - [08/Nov/2012:19:44:11 +0100] "GET /robots.txt HTTP/1.1" 404 1256 "-" "Mozilla/5.0 (compatible; bingbot/2.0; +http://www.bing.com/bingbot.htm)"
65.55.52.95 - - [08/Nov/2012:19:47:58 +0100] "GET /index.swf HTTP/1.1" 200 8893 "-" "Mozilla/5.0 (compatible; bingbot/2.0; +http://www.bing.com/bingbot.htm)"
157.55.32.108 - - [08/Nov/2012:19:58:22 +0100] "GET / HTTP/1.1" 200 4014 "-" "Mozilla/5.0 (compatible; bingbot/2.0; +http://www.bing.com/bingbot.htm)"
66.249.75.134 - - [08/Nov/2012:20:04:36 +0100] "GET / HTTP/1.1" 200 4014 "-" "Mozilla/5.0 (compatible; Googlebot/2.1; +http://www.google.com/bot.html)"
157.55.32.108 - - [08/Nov/2012:20:15:21 +0100] "GET / HTTP/1.1" 200 4014 "-" "Mozilla/5.0 (compatible; bingbot/2.0; +http://www.bing.com/bingbot.htm)"
157.55.32.108 - - [08/Nov/2012:20:34:27 +0100] "GET / HTTP/1.1" 200 4014 "-" "Mozilla/5.0 (compatible; bingbot/2.0; +http://www.bing.com/bingbot.htm)"
157.55.32.108 - - [08/Nov/2012:23:42:08 +0100] "GET /robots.txt HTTP/1.1" 404 1256 "-" "Mozilla/5.0 (compatible; bingbot/2.0; +http://www.bing.com/bingbot.htm)"
157.56.93.222 - - [08/Nov/2012:23:49:35 +0100] "GET / HTTP/1.1" 200 4014 "-" "Mozilla/5.0 (Windows NT 6.1; WOW64) AppleWebKit/534+ (KHTML, like Gecko) BingPreview/1.0b"
178.154.179.250 - - [09/Nov/2012:08:46:06 +0100] "GET /robots.txt HTTP/1.1" 404 1256 "-" "Mozilla/5.0 (compatible; YandexBot/3.0; +http://yandex.com/bots)"
217.6.53.90 - - [09/Nov/2012:11:23:07 +0100] "GET /09a.html HTTP/1.1" 200 2065 "http://www.google.de/url?sa=t&rct=j&q=dr.%20menzinger%20waldbronn&source=web&cd=5&ved=0CD0QFjAE&url=http%3A%2F%2Fwww.dialyse-waldbronn.de%2F09a.html&ei=RdmcUO2GHc3otQbY9oGAAg&usg=AFQjCNG6uMrHKx5duZ5AcMzcLXwByavrQg" "Mozilla/4.0 (compatible; MSIE 8.0; Windows NT 5.2; Trident/4.0; .NET CLR 1.1.4322; .NET CLR 2.0.50727; .NET CLR 3.0.4506.2152; .NET CLR 3.5.30729; InfoPath.3)"
217.6.53.90 - - [09/Nov/2012:11:23:07 +0100] "GET /AC_RunActiveContent.js HTTP/1.1" 200 8029 "http://www.dialyse-waldbronn.de/09a.html" "Mozilla/4.0 (compatible; MSIE 8.0; Windows NT 5.2; Trident/4.0; .NET CLR 1.1.4322; .NET CLR 2.0.50727; .NET CLR 3.0.4506.2152; .NET CLR 3.5.30729; InfoPath.3)"
217.6.53.90 - - [09/Nov/2012:11:23:09 +0100] "GET /09a.swf HTTP/1.1" 200 19689 "http://www.dialyse-waldbronn.de/09a.html" "Mozilla/4.0 (compatible; MSIE 8.0; Windows NT 5.2; Trident/4.0; .NET CLR 1.1.4322; .NET CLR 2.0.50727; .NET CLR 3.0.4506.2152; .NET CLR 3.5.30729; InfoPath.3)"
217.6.53.90 - - [09/Nov/2012:11:23:11 +0100] "GET /favicon.ico HTTP/1.1" 404 1256 "-" "Mozilla/4.0 (compatible; MSIE 8.0; Windows NT 5.2; Trident/4.0; .NET CLR 1.1.4322; .NET CLR 2.0.50727; .NET CLR 3.0.4506.2152; .NET CLR 3.5.30729; InfoPath.3)"
217.6.53.90 - - [09/Nov/2012:11:23:28 +0100] "GET /00themen00.html HTTP/1.1" 200 2236 "http://www.dialyse-waldbronn.de/09a.swf" "Mozilla/4.0 (compatible; MSIE 8.0; Windows NT 5.2; Trident/4.0; .NET CLR 1.1.4322; .NET CLR 2.0.50727; .NET CLR 3.0.4506.2152; .NET CLR 3.5.30729; InfoPath.3)"
217.6.53.90 - - [09/Nov/2012:11:23:29 +0100] "GET /00themen00.swf HTTP/1.1" 200 12608 "http://www.dialyse-waldbronn.de/00themen00.html" "Mozilla/4.0 (compatible; MSIE 8.0; Windows NT 5.2; Trident/4.0; .NET CLR 1.1.4322; .NET CLR 2.0.50727; .NET CLR 3.0.4506.2152; .NET CLR 3.5.30729; InfoPath.3)"
217.6.53.90 - - [09/Nov/2012:11:23:29 +0100] "GET /favicon.ico HTTP/1.1" 404 1256 "-" "Mozilla/4.0 (compatible; MSIE 8.0; Windows NT 5.2; Trident/4.0; .NET CLR 1.1.4322; .NET CLR 2.0.50727; .NET CLR 3.0.4506.2152; .NET CLR 3.5.30729; InfoPath.3)"
217.6.53.90 - - [09/Nov/2012:11:23:31 +0100] "GET /01.html HTTP/1.1" 200 1988 "http://www.dialyse-waldbronn.de/00themen00.swf" "Mozilla/4.0 (compatible; MSIE 8.0; Windows NT 5.2; Trident/4.0; .NET CLR 1.1.4322; .NET CLR 2.0.50727; .NET CLR 3.0.4506.2152; .NET CLR 3.5.30729; InfoPath.3)"
217.6.53.90 - - [09/Nov/2012:11:23:31 +0100] "GET /01.swf HTTP/1.1" 200 36918 "http://www.dialyse-waldbronn.de/01.html" "Mozilla/4.0 (compatible; MSIE 8.0; Windows NT 5.2; Trident/4.0; .NET CLR 1.1.4322; .NET CLR 2.0.50727; .NET CLR 3.0.4506.2152; .NET CLR 3.5.30729; InfoPath.3)"
217.6.53.90 - - [09/Nov/2012:11:23:38 +0100] "GET /02.html HTTP/1.1" 200 1988 "http://www.dialyse-waldbronn.de/00themen00.swf" "Mozilla/4.0 (compatible; MSIE 8.0; Windows NT 5.2; Trident/4.0; .NET CLR 1.1.4322; .NET CLR 2.0.50727; .NET CLR 3.0.4506.2152; .NET CLR 3.5.30729; InfoPath.3)"
217.6.53.90 - - [09/Nov/2012:11:23:38 +0100] "GET /02.swf HTTP/1.1" 200 19509 "http://www.dialyse-waldbronn.de/02.html" "Mozilla/4.0 (compatible; MSIE 8.0; Windows NT 5.2; Trident/4.0; .NET CLR 1.1.4322; .NET CLR 2.0.50727; .NET CLR 3.0.4506.2152; .NET CLR 3.5.30729; InfoPath.3)"
217.6.53.90 - - [09/Nov/2012:11:23:43 +0100] "GET /04.html HTTP/1.1" 200 1988 "http://www.dialyse-waldbronn.de/00themen00.swf" "Mozilla/4.0 (compatible; MSIE 8.0; Windows NT 5.2; Trident/4.0; .NET CLR 1.1.4322; .NET CLR 2.0.50727; .NET CLR 3.0.4506.2152; .NET CLR 3.5.30729; InfoPath.3)"
217.6.53.90 - - [09/Nov/2012:11:23:43 +0100] "GET /04.swf HTTP/1.1" 200 20526 "http://www.dialyse-waldbronn.de/04.html" "Mozilla/4.0 (compatible; MSIE 8.0; Windows NT 5.2; Trident/4.0; .NET CLR 1.1.4322; .NET CLR 2.0.50727; .NET CLR 3.0.4506.2152; .NET CLR 3.5.30729; InfoPath.3)"
178.154.179.250 - - [09/Nov/2012:13:20:37 +0100] "GET /00themen00.html HTTP/1.1" 304 - "-" "Mozilla/5.0 (compatible; YandexBot/3.0; +http://yandex.com/bots)"
66.249.75.134 - - [09/Nov/2012:15:24:52 +0100] "GET /robots.txt HTTP/1.1" 404 1256 "-" "Mozilla/5.0 (compatible; Googlebot/2.1; +http://www.google.com/bot.html)"
66.249.75.134 - - [09/Nov/2012:15:24:52 +0100] "GET /00themen00.html HTTP/1.1" 304 - "-" "Mozilla/5.0 (iPhone; U; CPU iPhone OS 4_1 like Mac OS X; en-us) AppleWebKit/532.9 (KHTML, like Gecko) Version/4.0.5 Mobile/8B117 Safari/6531.22.7 (compatible; Googlebot-Mobile/2.1; +http://www.google.com/bot.html)"
157.55.32.108 - - [09/Nov/2012:18:45:48 +0100] "GET /robots.txt HTTP/1.1" 404 1256 "-" "Mozilla/5.0 (compatible; bingbot/2.0; +http://www.bing.com/bingbot.htm)"
65.55.210.35 - - [09/Nov/2012:19:01:56 +0100] "GET / HTTP/1.1" 200 4014 "-" "Mozilla/5.0 (Windows NT 6.1; WOW64) AppleWebKit/534+ (KHTML, like Gecko) BingPreview/1.0b"
178.154.179.250 - - [09/Nov/2012:19:05:38 +0100] "GET / HTTP/1.1" 200 4014 "-" "Mozilla/5.0 (compatible; YandexBot/3.0; +http://yandex.com/bots)"
157.55.32.108 - - [09/Nov/2012:20:39:57 +0100] "GET /robots.txt HTTP/1.1" 404 1256 "-" "Mozilla/5.0 (compatible; bingbot/2.0; +http://www.bing.com/bingbot.htm)"
157.55.32.108 - - [09/Nov/2012:20:44:18 +0100] "GET / HTTP/1.1" 200 4014 "-" "Mozilla/5.0 (compatible; bingbot/2.0; +http://www.bing.com/bingbot.htm)"
109.73.52.73 - - [10/Nov/2012:05:31:18 +0100] "GET / HTTP/1.1" 200 4014 "http://www.sumaja.de/" "T-Online Browser"
83.133.125.202 - - [10/Nov/2012:05:31:18 +0100] "GET / HTTP/1.0" 200 4014 "-" "-"
83.133.125.202 - - [10/Nov/2012:05:31:18 +0100] "GET / HTTP/1.0" 200 4014 "-" "-"
109.206.181.134 - - [10/Nov/2012:08:57:28 +0100] "GET / HTTP/1.1" 200 4014 "http://www.google.com" "Mozilla/5.0 (X11; Linux i686; rv:2.0b3pre) Gecko/20100731 Firefox/4.0b3pre"
178.154.179.250 - - [10/Nov/2012:09:34:23 +0100] "GET /robots.txt HTTP/1.1" 404 1256 "-" "Mozilla/5.0 (compatible; YandexBot/3.0; +http://yandex.com/bots)"
178.154.179.250 - - [10/Nov/2012:13:17:15 +0100] "GET /00themen00.html HTTP/1.1" 304 - "-" "Mozilla/5.0 (compatible; YandexBot/3.0; +http://yandex.com/bots)"
178.154.179.250 - - [10/Nov/2012:14:31:53 +0100] "GET /index.html HTTP/1.1" 304 - "-" "Mozilla/5.0 (compatible; YandexBot/3.0; +http://yandex.com/bots)"
157.55.32.108 - - [10/Nov/2012:15:09:43 +0100] "GET /robots.txt HTTP/1.1" 404 1256 "-" "Mozilla/5.0 (compatible; bingbot/2.0; +http://www.bing.com/bingbot.htm)"
65.55.210.116 - - [10/Nov/2012:15:11:32 +0100] "GET / HTTP/1.1" 200 4014 "-" "Mozilla/5.0 (Windows NT 6.1; WOW64) AppleWebKit/534+ (KHTML, like Gecko) BingPreview/1.0b"
178.154.179.250 - - [10/Nov/2012:16:19:24 +0100] "GET /index.swf HTTP/1.1" 304 - "-" "Mozilla/5.0 (compatible; YandexBot/3.0; +http://yandex.com/bots)"
5.9.107.48 - - [10/Nov/2012:18:55:17 +0100] "GET /robots.txt HTTP/1.0" 404 1256 "-" "Mozilla/5.0 (compatible; MJ12bot/v1.4.3; http://www.majestic12.co.uk/bot.php?+)"
5.9.107.48 - - [10/Nov/2012:18:55:19 +0100] "GET / HTTP/1.0" 200 4014 "-" "Mozilla/5.0 (compatible; MJ12bot/v1.4.3; http://www.majestic12.co.uk/bot.php?+)"
157.55.32.108 - - [10/Nov/2012:23:27:29 +0100] "GET /robots.txt HTTP/1.1" 404 1256 "-" "Mozilla/5.0 (compatible; bingbot/2.0; +http://www.bing.com/bingbot.htm)"
157.55.32.108 - - [10/Nov/2012:23:28:19 +0100] "GET / HTTP/1.1" 304 - "-" "Mozilla/5.0 (compatible; bingbot/2.0; +http://www.bing.com/bingbot.htm)"
178.154.179.250 - - [11/Nov/2012:03:32:52 +0100] "GET /09.html HTTP/1.1" 304 - "-" "Mozilla/5.0 (compatible; YandexBot/3.0; +http://yandex.com/bots)"
157.55.32.108 - - [11/Nov/2012:04:06:01 +0100] "GET /robots.txt HTTP/1.1" 404 1256 "-" "Mozilla/5.0 (compatible; bingbot/2.0; +http://www.bing.com/bingbot.htm)"
157.55.32.108 - - [11/Nov/2012:04:22:35 +0100] "GET / HTTP/1.1" 200 4014 "-" "Mozilla/5.0 (compatible; bingbot/2.0; +http://www.bing.com/bingbot.htm)"
66.249.76.134 - - [11/Nov/2012:04:47:01 +0100] "GET /robots.txt HTTP/1.1" 404 1256 "-" "Mozilla/5.0 (compatible; Googlebot/2.1; +http://www.google.com/bot.html)"
66.249.76.134 - - [11/Nov/2012:04:47:01 +0100] "GET / HTTP/1.1" 200 4014 "-" "Mozilla/5.0 (compatible; Googlebot/2.1; +http://www.google.com/bot.html)"
178.154.179.250 - - [11/Nov/2012:05:50:48 +0100] "GET /05.swf HTTP/1.1" 304 - "-" "Mozilla/5.0 (compatible; YandexBot/3.0; +http://yandex.com/bots)"
157.55.32.108 - - [11/Nov/2012:06:22:02 +0100] "GET /robots.txt HTTP/1.1" 404 1256 "-" "Mozilla/5.0 (compatible; bingbot/2.0; +http://www.bing.com/bingbot.htm)"
157.55.32.108 - - [11/Nov/2012:06:24:11 +0100] "GET / HTTP/1.1" 200 4014 "-" "Mozilla/5.0 (compatible; bingbot/2.0; +http://www.bing.com/bingbot.htm)"
66.249.76.134 - - [11/Nov/2012:06:28:34 +0100] "GET /back.jpg HTTP/1.1" 404 1256 "-" "Mozilla/5.0 (compatible; Googlebot/2.1; +http://www.google.com/bot.html)"
157.55.32.58 - - [11/Nov/2012:06:31:47 +0100] "GET /index.swf HTTP/1.1" 200 8893 "-" "Mozilla/5.0 (compatible; bingbot/2.0; +http://www.bing.com/bingbot.htm)"
178.154.179.250 - - [11/Nov/2012:09:01:35 +0100] "GET /robots.txt HTTP/1.1" 404 1256 "-" "Mozilla/5.0 (compatible; YandexBot/3.0; +http://yandex.com/bots)"
178.154.179.250 - - [11/Nov/2012:11:58:18 +0100] "GET /04.swf HTTP/1.1" 304 - "-" "Mozilla/5.0 (compatible; YandexBot/3.0; +http://yandex.com/bots)"
178.154.179.250 - - [11/Nov/2012:13:25:34 +0100] "GET /04waldbronn.html HTTP/1.1" 304 - "-" "Mozilla/5.0 (compatible; YandexBot/3.0; +http://yandex.com/bots)"
66.249.76.134 - - [11/Nov/2012:15:32:19 +0100] "GET /09a.html HTTP/1.1" 304 - "-" "Mozilla/5.0 (compatible; Googlebot/2.1; +http://www.google.com/bot.html)"
178.154.179.250 - - [11/Nov/2012:15:59:12 +0100] "GET /04waldbronn.html HTTP/1.1" 304 - "-" "Mozilla/5.0 (compatible; YandexBot/3.0; +http://yandex.com/bots)"
66.249.76.134 - - [11/Nov/2012:16:20:59 +0100] "GET /index.swf HTTP/1.1" 200 8893 "-" "Mozilla/5.0 (iPhone; U; CPU iPhone OS 4_1 like Mac OS X; en-us) AppleWebKit/532.9 (KHTML, like Gecko) Version/4.0.5 Mobile/8B117 Safari/6531.22.7 (compatible; Googlebot-Mobile/2.1; +http://www.google.com/bot.html)"
178.154.179.250 - - [11/Nov/2012:18:17:15 +0100] "GET /05.swf HTTP/1.1" 304 - "-" "Mozilla/5.0 (compatible; YandexBot/3.0; +http://yandex.com/bots)"
66.249.76.134 - - [11/Nov/2012:18:25:29 +0100] "GET /robots.txt HTTP/1.1" 404 1256 "-" "Mozilla/5.0 (compatible; Googlebot/2.1; +http://www.google.com/bot.html)"
66.249.76.134 - - [11/Nov/2012:18:25:29 +0100] "GET /09.html HTTP/1.1" 200 2140 "-" "Mozilla/5.0 (compatible; Googlebot/2.1; +http://www.google.com/bot.html)"
157.55.32.108 - - [11/Nov/2012:18:58:03 +0100] "GET /robots.txt HTTP/1.1" 404 1256 "-" "Mozilla/5.0 (compatible; bingbot/2.0; +http://www.bing.com/bingbot.htm)"
157.55.32.108 - - [11/Nov/2012:19:01:37 +0100] "GET / HTTP/1.1" 200 4014 "-" "Mozilla/5.0 (compatible; bingbot/2.0; +http://www.bing.com/bingbot.htm)"
66.249.76.134 - - [11/Nov/2012:19:12:28 +0100] "GET /00themen00.html HTTP/1.1" 304 - "-" "Mozilla/5.0 (compatible; Googlebot/2.1; +http://www.google.com/bot.html)"
66.249.76.134 - - [11/Nov/2012:19:15:57 +0100] "GET /02.html HTTP/1.1" 304 - "-" "Mozilla/5.0 (compatible; Googlebot/2.1; +http://www.google.com/bot.html)"
178.154.179.250 - - [11/Nov/2012:21:01:26 +0100] "GET /04.swf HTTP/1.1" 304 - "-" "Mozilla/5.0 (compatible; YandexBot/3.0; +http://yandex.com/bots)"
66.249.76.134 - - [11/Nov/2012:21:06:45 +0100] "GET /01.html HTTP/1.1" 200 1988 "-" "Mozilla/5.0 (compatible; Googlebot/2.1; +http://www.google.com/bot.html)"
66.249.76.134 - - [11/Nov/2012:21:50:39 +0100] "GET /04.html HTTP/1.1" 200 1988 "-" "Mozilla/5.0 (compatible; Googlebot/2.1; +http://www.google.com/bot.html)"
87.144.88.31 - - [11/Nov/2012:21:56:37 +0100] "GET / HTTP/1.1" 200 4014 "http://www.google.de/search?q=dialysezentrum+waldbronn&ie=UTF-8&oe=UTF-8&hl=de&client=safari" "Mozilla/5.0 (iPhone; CPU iPhone OS 5_1_1 like Mac OS X) AppleWebKit/534.46 (KHTML, like Gecko) Version/5.1 Mobile/9B206 Safari/7534.48.3"
87.144.88.31 - - [11/Nov/2012:21:56:37 +0100] "GET /back.jpg HTTP/1.1" 404 1256 "http://www.dialyse-waldbronn.de/" "Mozilla/5.0 (iPhone; CPU iPhone OS 5_1_1 like Mac OS X) AppleWebKit/534.46 (KHTML, like Gecko) Version/5.1 Mobile/9B206 Safari/7534.48.3"
87.144.88.31 - - [11/Nov/2012:21:56:53 +0100] "GET / HTTP/1.1" 200 4014 "-" "Mozilla/5.0 (iPhone; CPU iPhone OS 5_1_1 like Mac OS X) AppleWebKit/534.46 (KHTML, like Gecko) Version/5.1 Mobile/9B206 Safari/7534.48.3"
84.159.197.199 - - [11/Nov/2012:22:18:27 +0100] "GET /00themen00.html HTTP/1.1" 200 2236 "-" "Mozilla/5.0 (Windows NT 6.1) AppleWebKit/534.57.2 (KHTML, like Gecko) Version/5.1.7 Safari/534.57.2"
84.159.197.199 - - [11/Nov/2012:22:18:28 +0100] "GET /AC_RunActiveContent.js HTTP/1.1" 200 8029 "http://www.dialyse-waldbronn.de/00themen00.html" "Mozilla/5.0 (Windows NT 6.1) AppleWebKit/534.57.2 (KHTML, like Gecko) Version/5.1.7 Safari/534.57.2"
84.159.197.199 - - [11/Nov/2012:22:22:37 +0100] "GET /00themen00.html HTTP/1.1" 200 2236 "-" "Mozilla/5.0 (Windows NT 6.1) AppleWebKit/534.57.2 (KHTML, like Gecko) Version/5.1.7 Safari/534.57.2"
84.159.197.199 - - [11/Nov/2012:22:22:37 +0100] "GET /AC_RunActiveContent.js HTTP/1.1" 200 8029 "http://www.dialyse-waldbronn.de/00themen00.html" "Mozilla/5.0 (Windows NT 6.1) AppleWebKit/534.57.2 (KHTML, like Gecko) Version/5.1.7 Safari/534.57.2"
66.249.76.134 - - [11/Nov/2012:22:43:09 +0100] "GET /07.swf HTTP/1.1" 200 22237 "-" "Mozilla/5.0 (compatible; Googlebot/2.1; +http://www.google.com/bot.html)"
66.249.76.134 - - [11/Nov/2012:23:25:49 +0100] "GET /index.swf HTTP/1.1" 200 8893 "-" "Mozilla/5.0 (compatible; Googlebot/2.1; +http://www.google.com/bot.html)"
87.144.88.31 - - [12/Nov/2012:00:05:56 +0100] "GET / HTTP/1.1" 200 4014 "-" "Mozilla/5.0 (iPhone; CPU iPhone OS 5_1_1 like Mac OS X) AppleWebKit/534.46 (KHTML, like Gecko) Version/5.1 Mobile/9B206 Safari/7534.48.3"
66.249.76.134 - - [12/Nov/2012:00:21:58 +0100] "GET /06.html HTTP/1.1" 304 - "-" "Mozilla/5.0 (compatible; Googlebot/2.1; +http://www.google.com/bot.html)"
66.249.76.134 - - [12/Nov/2012:00:41:25 +0100] "GET /04waldbronn.html HTTP/1.1" 304 - "-" "Mozilla/5.0 (compatible; Googlebot/2.1; +http://www.google.com/bot.html)"
66.249.76.134 - - [12/Nov/2012:01:31:52 +0100] "GET /04.swf HTTP/1.1" 200 20526 "-" "Mozilla/5.0 (compatible; Googlebot/2.1; +http://www.google.com/bot.html)"
66.249.76.134 - - [12/Nov/2012:02:03:39 +0100] "GET /03b.swf HTTP/1.1" 200 198225 "-" "Mozilla/5.0 (compatible; Googlebot/2.1; +http://www.google.com/bot.html)"
178.154.179.250 - - [12/Nov/2012:02:15:20 +0100] "GET /06.swf HTTP/1.1" 304 - "-" "Mozilla/5.0 (compatible; YandexBot/3.0; +http://yandex.com/bots)"
66.249.76.134 - - [12/Nov/2012:02:29:07 +0100] "GET /03.html HTTP/1.1" 304 - "-" "Mozilla/5.0 (compatible; Googlebot/2.1; +http://www.google.com/bot.html)"
157.55.32.108 - - [12/Nov/2012:02:30:42 +0100] "GET /robots.txt HTTP/1.1" 404 1256 "-" "Mozilla/5.0 (compatible; bingbot/2.0; +http://www.bing.com/bingbot.htm)"
65.55.210.90 - - [12/Nov/2012:02:36:04 +0100] "GET / HTTP/1.1" 200 4014 "-" "Mozilla/5.0 (Windows NT 6.1; WOW64) AppleWebKit/534+ (KHTML, like Gecko) BingPreview/1.0b"
66.249.76.134 - - [12/Nov/2012:02:45:40 +0100] "GET /09a.swf HTTP/1.1" 200 19689 "-" "Mozilla/5.0 (compatible; Googlebot/2.1; +http://www.google.com/bot.html)"
178.154.179.250 - - [12/Nov/2012:04:38:35 +0100] "GET / HTTP/1.1" 200 4014 "-" "Mozilla/5.0 (compatible; YandexBot/3.0; +http://yandex.com/bots)"
178.154.179.250 - - [12/Nov/2012:06:18:35 +0100] "GET /07.swf HTTP/1.1" 304 - "-" "Mozilla/5.0 (compatible; YandexBot/3.0; +http://yandex.com/bots)"
66.249.76.134 - - [12/Nov/2012:07:23:05 +0100] "GET /robots.txt HTTP/1.1" 404 1256 "-" "Mozilla/5.0 (compatible; Googlebot/2.1; +http://www.google.com/bot.html)"
66.249.76.134 - - [12/Nov/2012:07:23:06 +0100] "GET / HTTP/1.1" 200 4014 "-" "Mozilla/5.0 (iPhone; U; CPU iPhone OS 4_1 like Mac OS X; en-us) AppleWebKit/532.9 (KHTML, like Gecko) Version/4.0.5 Mobile/8B117 Safari/6531.22.7 (compatible; Googlebot-Mobile/2.1; +http://www.google.com/bot.html)"
178.154.179.250 - - [12/Nov/2012:07:59:04 +0100] "GET /01.swf HTTP/1.1" 304 - "-" "Mozilla/5.0 (compatible; YandexBot/3.0; +http://yandex.com/bots)"
157.55.32.108 - - [12/Nov/2012:09:05:09 +0100] "GET /robots.txt HTTP/1.1" 404 1256 "-" "Mozilla/5.0 (compatible; bingbot/2.0; +http://www.bing.com/bingbot.htm)"
157.55.32.108 - - [12/Nov/2012:09:26:23 +0100] "GET / HTTP/1.1" 200 4014 "-" "Mozilla/5.0 (compatible; bingbot/2.0; +http://www.bing.com/bingbot.htm)"
217.92.234.74 - - [12/Nov/2012:09:29:17 +0100] "GET / HTTP/1.1" 200 4014 "-" "Mozilla/5.0 (Windows NT 5.1; rv:16.0) Gecko/20100101 Firefox/16.0"
217.92.234.74 - - [12/Nov/2012:09:29:17 +0100] "GET /back.jpg HTTP/1.1" 404 1256 "http://www.dialyse-waldbronn.de/" "Mozilla/5.0 (Windows NT 5.1; rv:16.0) Gecko/20100101 Firefox/16.0"
217.92.234.74 - - [12/Nov/2012:09:29:18 +0100] "GET /index.swf HTTP/1.1" 200 8893 "http://www.dialyse-waldbronn.de/" "Mozilla/5.0 (Windows NT 5.1; rv:16.0) Gecko/20100101 Firefox/16.0"
217.92.234.74 - - [12/Nov/2012:09:29:19 +0100] "GET /favicon.ico HTTP/1.1" 404 1256 "-" "Mozilla/5.0 (Windows NT 5.1; rv:16.0) Gecko/20100101 Firefox/16.0"
217.92.234.74 - - [12/Nov/2012:09:29:19 +0100] "GET /favicon.ico HTTP/1.1" 404 1256 "-" "Mozilla/5.0 (Windows NT 5.1; rv:16.0) Gecko/20100101 Firefox/16.0"
217.92.234.74 - - [12/Nov/2012:09:29:23 +0100] "GET /00themen00.html HTTP/1.1" 200 2236 "http://www.dialyse-waldbronn.de/" "Mozilla/5.0 (Windows NT 5.1; rv:16.0) Gecko/20100101 Firefox/16.0"
217.92.234.74 - - [12/Nov/2012:09:29:23 +0100] "GET /AC_RunActiveContent.js HTTP/1.1" 200 8029 "http://www.dialyse-waldbronn.de/00themen00.html" "Mozilla/5.0 (Windows NT 5.1; rv:16.0) Gecko/20100101 Firefox/16.0"
217.92.234.74 - - [12/Nov/2012:09:29:23 +0100] "GET /00themen00.swf HTTP/1.1" 200 12608 "http://www.dialyse-waldbronn.de/00themen00.html" "Mozilla/5.0 (Windows NT 5.1; rv:16.0) Gecko/20100101 Firefox/16.0"
217.92.234.74 - - [12/Nov/2012:09:29:25 +0100] "GET /01.html HTTP/1.1" 200 1988 "http://www.dialyse-waldbronn.de/00themen00.html" "Mozilla/5.0 (Windows NT 5.1; rv:16.0) Gecko/20100101 Firefox/16.0"
217.92.234.74 - - [12/Nov/2012:09:29:25 +0100] "GET /01.swf HTTP/1.1" 200 36918 "http://www.dialyse-waldbronn.de/01.html" "Mozilla/5.0 (Windows NT 5.1; rv:16.0) Gecko/20100101 Firefox/16.0"
217.92.234.74 - - [12/Nov/2012:09:29:30 +0100] "GET /04.html HTTP/1.1" 200 1988 "http://www.dialyse-waldbronn.de/00themen00.html" "Mozilla/5.0 (Windows NT 5.1; rv:16.0) Gecko/20100101 Firefox/16.0"
217.92.234.74 - - [12/Nov/2012:09:29:31 +0100] "GET /04.swf HTTP/1.1" 200 20526 "http://www.dialyse-waldbronn.de/04.html" "Mozilla/5.0 (Windows NT 5.1; rv:16.0) Gecko/20100101 Firefox/16.0"
217.92.234.74 - - [12/Nov/2012:09:30:14 +0100] "GET /08.html HTTP/1.1" 200 2068 "http://www.dialyse-waldbronn.de/00themen00.html" "Mozilla/5.0 (Windows NT 5.1; rv:16.0) Gecko/20100101 Firefox/16.0"
217.92.234.74 - - [12/Nov/2012:09:30:14 +0100] "GET /08.swf HTTP/1.1" 200 22102 "http://www.dialyse-waldbronn.de/08.html" "Mozilla/5.0 (Windows NT 5.1; rv:16.0) Gecko/20100101 Firefox/16.0"
217.92.234.74 - - [12/Nov/2012:09:30:25 +0100] "GET /04waldbronn.html HTTP/1.1" 200 2092 "http://www.dialyse-waldbronn.de/08.html" "Mozilla/5.0 (Windows NT 5.1; rv:16.0) Gecko/20100101 Firefox/16.0"
217.92.234.74 - - [12/Nov/2012:09:30:25 +0100] "GET /04waldbronn.swf HTTP/1.1" 200 20798 "http://www.dialyse-waldbronn.de/04waldbronn.html" "Mozilla/5.0 (Windows NT 5.1; rv:16.0) Gecko/20100101 Firefox/16.0"
217.92.234.74 - - [12/Nov/2012:09:30:29 +0100] "GET /09.html HTTP/1.1" 200 2140 "http://www.dialyse-waldbronn.de/00themen00.html" "Mozilla/5.0 (Windows NT 5.1; rv:16.0) Gecko/20100101 Firefox/16.0"
217.92.234.74 - - [12/Nov/2012:09:30:30 +0100] "GET /09.swf HTTP/1.1" 200 23193 "http://www.dialyse-waldbronn.de/09.html" "Mozilla/5.0 (Windows NT 5.1; rv:16.0) Gecko/20100101 Firefox/16.0"
178.154.179.250 - - [12/Nov/2012:09:30:54 +0100] "GET /robots.txt HTTP/1.1" 404 1256 "-" "Mozilla/5.0 (compatible; YandexBot/3.0; +http://yandex.com/bots)"
178.154.179.250 - - [12/Nov/2012:11:43:53 +0100] "GET /02.swf HTTP/1.1" 304 - "-" "Mozilla/5.0 (compatible; YandexBot/3.0; +http://yandex.com/bots)"
178.154.179.250 - - [12/Nov/2012:13:14:14 +0100] "GET /08.swf HTTP/1.1" 304 - "-" "Mozilla/5.0 (compatible; YandexBot/3.0; +http://yandex.com/bots)"
178.154.179.250 - - [12/Nov/2012:14:24:45 +0100] "GET /03.swf HTTP/1.1" 304 - "-" "Mozilla/5.0 (compatible; YandexBot/3.0; +http://yandex.com/bots)"
178.154.179.250 - - [12/Nov/2012:15:29:59 +0100] "GET /03b.html HTTP/1.1" 304 - "-" "Mozilla/5.0 (compatible; YandexBot/3.0; +http://yandex.com/bots)"
5.9.112.179 - - [13/Nov/2012:03:24:20 +0100] "GET /robots.txt HTTP/1.1" 404 1256 "-" "Mozilla/5.0 (compatible; SISTRIX Crawler; http://crawler.sistrix.net/)"
5.9.112.179 - - [13/Nov/2012:03:24:20 +0100] "GET / HTTP/1.1" 200 4014 "-" "Mozilla/5.0 (compatible; SISTRIX Crawler; http://crawler.sistrix.net/)"
157.55.32.108 - - [13/Nov/2012:04:31:44 +0100] "GET /robots.txt HTTP/1.1" 404 1256 "-" "Mozilla/5.0 (compatible; bingbot/2.0; +http://www.bing.com/bingbot.htm)"
157.56.92.146 - - [13/Nov/2012:04:56:16 +0100] "GET / HTTP/1.1" 200 4014 "-" "Mozilla/5.0 (Windows NT 6.1; WOW64) AppleWebKit/534+ (KHTML, like Gecko) BingPreview/1.0b"
157.55.32.108 - - [13/Nov/2012:10:40:24 +0100] "GET /robots.txt HTTP/1.1" 404 1256 "-" "Mozilla/5.0 (compatible; bingbot/2.0; +http://www.bing.com/bingbot.htm)"
157.55.32.108 - - [13/Nov/2012:10:47:33 +0100] "GET / HTTP/1.1" 200 4014 "-" "Mozilla/5.0 (compatible; bingbot/2.0; +http://www.bing.com/bingbot.htm)"
178.154.179.250 - - [13/Nov/2012:11:49:38 +0100] "GET /robots.txt HTTP/1.1" 404 1256 "-" "Mozilla/5.0 (compatible; YandexBot/3.0; +http://yandex.com/bots)"
66.249.76.134 - - [13/Nov/2012:13:36:53 +0100] "GET /robots.txt HTTP/1.1" 404 1256 "-" "Mozilla/5.0 (compatible; Googlebot/2.1; +http://www.google.com/bot.html)"
66.249.76.134 - - [13/Nov/2012:13:36:53 +0100] "GET / HTTP/1.1" 200 4014 "-" "Mozilla/5.0 (compatible; Googlebot/2.1; +http://www.google.com/bot.html)"
178.154.179.250 - - [13/Nov/2012:14:44:41 +0100] "GET /04.html HTTP/1.1" 304 - "-" "Mozilla/5.0 (compatible; YandexBot/3.0; +http://yandex.com/bots)"
178.154.179.250 - - [13/Nov/2012:17:39:25 +0100] "GET /08.html HTTP/1.1" 304 - "-" "Mozilla/5.0 (compatible; YandexBot/3.0; +http://yandex.com/bots)"
178.154.179.250 - - [13/Nov/2012:19:44:29 +0100] "GET /01.html HTTP/1.1" 304 - "-" "Mozilla/5.0 (compatible; YandexBot/3.0; +http://yandex.com/bots)"
157.56.93.201 - - [13/Nov/2012:20:56:07 +0100] "GET /robots.txt HTTP/1.1" 404 1256 "-" "Mozilla/5.0 (compatible; bingbot/2.0; +http://www.bing.com/bingbot.htm)"
157.55.32.189 - - [13/Nov/2012:21:01:10 +0100] "GET /index.swf HTTP/1.1" 200 8893 "-" "Mozilla/5.0 (compatible; bingbot/2.0; +http://www.bing.com/bingbot.htm)"
157.56.93.201 - - [13/Nov/2012:21:05:23 +0100] "GET / HTTP/1.1" 200 4014 "-" "Mozilla/5.0 (compatible; bingbot/2.0; +http://www.bing.com/bingbot.htm)"
178.154.179.250 - - [13/Nov/2012:21:37:41 +0100] "GET /05.html HTTP/1.1" 304 - "-" "Mozilla/5.0 (compatible; YandexBot/3.0; +http://yandex.com/bots)"
217.229.28.91 - - [13/Nov/2012:23:19:01 +0100] "GET / HTTP/1.1" 200 4014 "http://www.dialyse-calw.de/06.html" "Mozilla/5.0 (Windows NT 5.1; rv:16.0) Gecko/20100101 Firefox/16.0"
217.229.28.91 - - [13/Nov/2012:23:19:01 +0100] "GET /back.jpg HTTP/1.1" 404 1256 "http://www.dialyse-waldbronn.de/" "Mozilla/5.0 (Windows NT 5.1; rv:16.0) Gecko/20100101 Firefox/16.0"
217.229.28.91 - - [13/Nov/2012:23:19:01 +0100] "GET /index.swf HTTP/1.1" 200 8893 "http://www.dialyse-waldbronn.de/" "Mozilla/5.0 (Windows NT 5.1; rv:16.0) Gecko/20100101 Firefox/16.0"
217.229.28.91 - - [13/Nov/2012:23:19:01 +0100] "GET /favicon.ico HTTP/1.1" 404 1256 "-" "Mozilla/5.0 (Windows NT 5.1; rv:16.0) Gecko/20100101 Firefox/16.0"
217.229.28.91 - - [13/Nov/2012:23:19:01 +0100] "GET /favicon.ico HTTP/1.1" 404 1256 "-" "Mozilla/5.0 (Windows NT 5.1; rv:16.0) Gecko/20100101 Firefox/16.0"
217.229.28.91 - - [13/Nov/2012:23:19:03 +0100] "GET /00themen00.html HTTP/1.1" 200 2236 "http://www.dialyse-waldbronn.de/" "Mozilla/5.0 (Windows NT 5.1; rv:16.0) Gecko/20100101 Firefox/16.0"
217.229.28.91 - - [13/Nov/2012:23:19:03 +0100] "GET /AC_RunActiveContent.js HTTP/1.1" 200 8029 "http://www.dialyse-waldbronn.de/00themen00.html" "Mozilla/5.0 (Windows NT 5.1; rv:16.0) Gecko/20100101 Firefox/16.0"
217.229.28.91 - - [13/Nov/2012:23:19:03 +0100] "GET /00themen00.swf HTTP/1.1" 200 12608 "http://www.dialyse-waldbronn.de/00themen00.html" "Mozilla/5.0 (Windows NT 5.1; rv:16.0) Gecko/20100101 Firefox/16.0"
217.229.28.91 - - [13/Nov/2012:23:19:06 +0100] "GET /03.html HTTP/1.1" 200 2012 "http://www.dialyse-waldbronn.de/00themen00.html" "Mozilla/5.0 (Windows NT 5.1; rv:16.0) Gecko/20100101 Firefox/16.0"
217.229.28.91 - - [13/Nov/2012:23:19:06 +0100] "GET /03.swf HTTP/1.1" 200 79366 "http://www.dialyse-waldbronn.de/03.html" "Mozilla/5.0 (Windows NT 5.1; rv:16.0) Gecko/20100101 Firefox/16.0"
217.229.28.91 - - [13/Nov/2012:23:19:19 +0100] "GET /03b.html HTTP/1.1" 200 2020 "http://www.dialyse-waldbronn.de/03.html" "Mozilla/5.0 (Windows NT 5.1; rv:16.0) Gecko/20100101 Firefox/16.0"
217.229.28.91 - - [13/Nov/2012:23:19:19 +0100] "GET /03b.swf HTTP/1.1" 200 198225 "http://www.dialyse-waldbronn.de/03b.html" "Mozilla/5.0 (Windows NT 5.1; rv:16.0) Gecko/20100101 Firefox/16.0"
217.229.28.91 - - [13/Nov/2012:23:19:25 +0100] "GET /01.html HTTP/1.1" 200 1988 "http://www.dialyse-waldbronn.de/00themen00.html" "Mozilla/5.0 (Windows NT 5.1; rv:16.0) Gecko/20100101 Firefox/16.0"
217.229.28.91 - - [13/Nov/2012:23:19:25 +0100] "GET /01.swf HTTP/1.1" 200 36918 "http://www.dialyse-waldbronn.de/01.html" "Mozilla/5.0 (Windows NT 5.1; rv:16.0) Gecko/20100101 Firefox/16.0"
217.229.28.91 - - [13/Nov/2012:23:21:53 +0100] "GET /06.html HTTP/1.1" 200 1988 "http://www.dialyse-waldbronn.de/00themen00.html" "Mozilla/5.0 (Windows NT 5.1; rv:16.0) Gecko/20100101 Firefox/16.0"
217.229.28.91 - - [13/Nov/2012:23:21:53 +0100] "GET /06.swf HTTP/1.1" 200 18307 "http://www.dialyse-waldbronn.de/06.html" "Mozilla/5.0 (Windows NT 5.1; rv:16.0) Gecko/20100101 Firefox/16.0"
217.229.28.91 - - [13/Nov/2012:23:22:03 +0100] "GET /07.html HTTP/1.1" 200 2372 "http://www.dialyse-waldbronn.de/00themen00.html" "Mozilla/5.0 (Windows NT 5.1; rv:16.0) Gecko/20100101 Firefox/16.0"
217.229.28.91 - - [13/Nov/2012:23:22:03 +0100] "GET /07.swf HTTP/1.1" 200 22237 "http://www.dialyse-waldbronn.de/07.html" "Mozilla/5.0 (Windows NT 5.1; rv:16.0) Gecko/20100101 Firefox/16.0"
178.154.179.250 - - [13/Nov/2012:23:35:54 +0100] "GET /06.html HTTP/1.1" 304 - "-" "Mozilla/5.0 (compatible; YandexBot/3.0; +http://yandex.com/bots)"
95.108.151.244 - - [14/Nov/2012:01:25:43 +0100] "GET /robots.txt HTTP/1.1" 404 1256 "-" "Mozilla/5.0 (compatible; YandexBot/3.0; +http://yandex.com/bots)"
95.108.151.244 - - [14/Nov/2012:01:25:44 +0100] "GET / HTTP/1.1" 200 4014 "-" "Mozilla/5.0 (compatible; YandexBot/3.0; +http://yandex.com/bots)"
95.108.151.244 - - [14/Nov/2012:01:25:45 +0100] "GET / HTTP/1.1" 200 4014 "-" "Mozilla/5.0 (compatible; YandexBot/3.0; +http://yandex.com/bots)"
178.154.179.250 - - [14/Nov/2012:01:36:38 +0100] "GET /07.html HTTP/1.1" 304 - "-" "Mozilla/5.0 (compatible; YandexBot/3.0; +http://yandex.com/bots)"
178.154.179.250 - - [14/Nov/2012:02:48:19 +0100] "GET /00themen00.swf HTTP/1.1" 304 - "-" "Mozilla/5.0 (compatible; YandexBot/3.0; +http://yandex.com/bots)"
188.110.141.204 - - [14/Nov/2012:05:55:46 +0100] "GET / HTTP/1.1" 200 4014 "http://www.vnp-bw.de/der-vnp/mitglieder?start=50" "Mozilla/4.0 (compatible; MSIE 8.0; Windows NT 5.1; Trident/4.0; GTB7.4; .NET CLR 1.1.4322; tb-webde/1.7.0; OfficeLiveConnector.1.5; OfficeLivePatch.1.3; AskTbAVR-4/5.15.10.29781; (webde/1.0.0.8))"
188.110.141.204 - - [14/Nov/2012:05:55:46 +0100] "GET /back.jpg HTTP/1.1" 404 1256 "http://www.dialyse-waldbronn.de/" "Mozilla/4.0 (compatible; MSIE 8.0; Windows NT 5.1; Trident/4.0; GTB7.4; .NET CLR 1.1.4322; tb-webde/1.7.0; OfficeLiveConnector.1.5; OfficeLivePatch.1.3; AskTbAVR-4/5.15.10.29781; (webde/1.0.0.8))"
188.110.141.204 - - [14/Nov/2012:05:55:46 +0100] "GET /index.swf HTTP/1.1" 200 8893 "-" "contype"
188.110.141.204 - - [14/Nov/2012:05:55:47 +0100] "GET /index.swf HTTP/1.1" 200 8893 "http://www.dialyse-waldbronn.de/" "Mozilla/4.0 (compatible; MSIE 8.0; Windows NT 5.1; Trident/4.0; GTB7.4; .NET CLR 1.1.4322; tb-webde/1.7.0; OfficeLiveConnector.1.5; OfficeLivePatch.1.3; AskTbAVR-4/5.15.10.29781; (webde/1.0.0.8))"
188.110.141.204 - - [14/Nov/2012:05:55:47 +0100] "GET /favicon.ico HTTP/1.1" 404 1256 "-" "Mozilla/4.0 (compatible; MSIE 8.0; Windows NT 5.1; Trident/4.0; GTB7.4; .NET CLR 1.1.4322; tb-webde/1.7.0; OfficeLiveConnector.1.5; OfficeLivePatch.1.3; AskTbAVR-4/5.15.10.29781; (webde/1.0.0.8))"
188.110.141.204 - - [14/Nov/2012:05:56:08 +0100] "GET /00themen00.html HTTP/1.1" 200 2236 "http://www.dialyse-waldbronn.de/index.swf" "Mozilla/4.0 (compatible; MSIE 8.0; Windows NT 5.1; Trident/4.0; GTB7.4; .NET CLR 1.1.4322; tb-webde/1.7.0; OfficeLiveConnector.1.5; OfficeLivePatch.1.3; AskTbAVR-4/5.15.10.29781; (webde/1.0.0.8))"
188.110.141.204 - - [14/Nov/2012:05:56:08 +0100] "GET /AC_RunActiveContent.js HTTP/1.1" 200 8029 "http://www.dialyse-waldbronn.de/index.swf" "Mozilla/4.0 (compatible; MSIE 8.0; Windows NT 5.1; Trident/4.0; GTB7.4; .NET CLR 1.1.4322; tb-webde/1.7.0; OfficeLiveConnector.1.5; OfficeLivePatch.1.3; AskTbAVR-4/5.15.10.29781; (webde/1.0.0.8))"
188.110.141.204 - - [14/Nov/2012:05:56:08 +0100] "GET /00themen00.swf HTTP/1.1" 200 12608 "http://www.dialyse-waldbronn.de/00themen00.html" "Mozilla/4.0 (compatible; MSIE 8.0; Windows NT 5.1; Trident/4.0; GTB7.4; .NET CLR 1.1.4322; tb-webde/1.7.0; OfficeLiveConnector.1.5; OfficeLivePatch.1.3; AskTbAVR-4/5.15.10.29781; (webde/1.0.0.8))"
188.110.141.204 - - [14/Nov/2012:05:56:08 +0100] "GET /favicon.ico HTTP/1.1" 404 1256 "-" "Mozilla/4.0 (compatible; MSIE 8.0; Windows NT 5.1; Trident/4.0; GTB7.4; .NET CLR 1.1.4322; tb-webde/1.7.0; OfficeLiveConnector.1.5; OfficeLivePatch.1.3; AskTbAVR-4/5.15.10.29781; (webde/1.0.0.8))"
188.110.141.204 - - [14/Nov/2012:05:56:16 +0100] "GET /01.html HTTP/1.1" 200 1988 "http://www.dialyse-waldbronn.de/00themen00.swf" "Mozilla/4.0 (compatible; MSIE 8.0; Windows NT 5.1; Trident/4.0; GTB7.4; .NET CLR 1.1.4322; tb-webde/1.7.0; OfficeLiveConnector.1.5; OfficeLivePatch.1.3; AskTbAVR-4/5.15.10.29781; (webde/1.0.0.8))"
188.110.141.204 - - [14/Nov/2012:05:56:16 +0100] "GET /01.swf HTTP/1.1" 200 36918 "http://www.dialyse-waldbronn.de/01.html" "Mozilla/4.0 (compatible; MSIE 8.0; Windows NT 5.1; Trident/4.0; GTB7.4; .NET CLR 1.1.4322; tb-webde/1.7.0; OfficeLiveConnector.1.5; OfficeLivePatch.1.3; AskTbAVR-4/5.15.10.29781; (webde/1.0.0.8))"
188.110.141.204 - - [14/Nov/2012:05:56:59 +0100] "GET /02.html HTTP/1.1" 200 1988 "http://www.dialyse-waldbronn.de/00themen00.swf" "Mozilla/4.0 (compatible; MSIE 8.0; Windows NT 5.1; Trident/4.0; GTB7.4; .NET CLR 1.1.4322; tb-webde/1.7.0; OfficeLiveConnector.1.5; OfficeLivePatch.1.3; AskTbAVR-4/5.15.10.29781; (webde/1.0.0.8))"
188.110.141.204 - - [14/Nov/2012:05:56:59 +0100] "GET /02.swf HTTP/1.1" 200 19509 "http://www.dialyse-waldbronn.de/02.html" "Mozilla/4.0 (compatible; MSIE 8.0; Windows NT 5.1; Trident/4.0; GTB7.4; .NET CLR 1.1.4322; tb-webde/1.7.0; OfficeLiveConnector.1.5; OfficeLivePatch.1.3; AskTbAVR-4/5.15.10.29781; (webde/1.0.0.8))"
188.110.141.204 - - [14/Nov/2012:05:59:04 +0100] "GET /03.html HTTP/1.1" 200 2012 "http://www.dialyse-waldbronn.de/00themen00.swf" "Mozilla/4.0 (compatible; MSIE 8.0; Windows NT 5.1; Trident/4.0; GTB7.4; .NET CLR 1.1.4322; tb-webde/1.7.0; OfficeLiveConnector.1.5; OfficeLivePatch.1.3; AskTbAVR-4/5.15.10.29781; (webde/1.0.0.8))"
188.110.141.204 - - [14/Nov/2012:05:59:04 +0100] "GET /03.swf HTTP/1.1" 200 79366 "http://www.dialyse-waldbronn.de/03.html" "Mozilla/4.0 (compatible; MSIE 8.0; Windows NT 5.1; Trident/4.0; GTB7.4; .NET CLR 1.1.4322; tb-webde/1.7.0; OfficeLiveConnector.1.5; OfficeLivePatch.1.3; AskTbAVR-4/5.15.10.29781; (webde/1.0.0.8))"
188.110.141.204 - - [14/Nov/2012:05:59:21 +0100] "GET /04.html HTTP/1.1" 200 1988 "http://www.dialyse-waldbronn.de/00themen00.swf" "Mozilla/4.0 (compatible; MSIE 8.0; Windows NT 5.1; Trident/4.0; GTB7.4; .NET CLR 1.1.4322; tb-webde/1.7.0; OfficeLiveConnector.1.5; OfficeLivePatch.1.3; AskTbAVR-4/5.15.10.29781; (webde/1.0.0.8))"
188.110.141.204 - - [14/Nov/2012:05:59:21 +0100] "GET /04.swf HTTP/1.1" 200 20526 "http://www.dialyse-waldbronn.de/04.html" "Mozilla/4.0 (compatible; MSIE 8.0; Windows NT 5.1; Trident/4.0; GTB7.4; .NET CLR 1.1.4322; tb-webde/1.7.0; OfficeLiveConnector.1.5; OfficeLivePatch.1.3; AskTbAVR-4/5.15.10.29781; (webde/1.0.0.8))"
178.154.179.250 - - [14/Nov/2012:06:40:16 +0100] "GET /02.html HTTP/1.1" 304 - "-" "Mozilla/5.0 (compatible; YandexBot/3.0; +http://yandex.com/bots)"
178.154.179.250 - - [14/Nov/2012:08:40:21 +0100] "GET /03.html HTTP/1.1" 304 - "-" "Mozilla/5.0 (compatible; YandexBot/3.0; +http://yandex.com/bots)"
157.55.33.81 - - [14/Nov/2012:11:41:49 +0100] "GET /robots.txt HTTP/1.1" 404 1256 "-" "Mozilla/5.0 (compatible; bingbot/2.0; +http://www.bing.com/bingbot.htm)"
157.55.33.81 - - [14/Nov/2012:11:45:20 +0100] "GET / HTTP/1.1" 200 4014 "-" "Mozilla/5.0 (compatible; bingbot/2.0; +http://www.bing.com/bingbot.htm)"
178.154.179.250 - - [14/Nov/2012:12:16:33 +0100] "GET /robots.txt HTTP/1.1" 404 1256 "-" "Mozilla/5.0 (compatible; YandexBot/3.0; +http://yandex.com/bots)"
157.55.33.81 - - [14/Nov/2012:13:46:13 +0100] "GET /robots.txt HTTP/1.1" 404 1256 "-" "Mozilla/5.0 (compatible; bingbot/2.0; +http://www.bing.com/bingbot.htm)"
157.55.33.81 - - [14/Nov/2012:13:57:36 +0100] "GET / HTTP/1.1" 304 - "-" "Mozilla/5.0 (compatible; bingbot/2.0; +http://www.bing.com/bingbot.htm)"
65.55.210.176 - - [14/Nov/2012:13:57:52 +0100] "GET / HTTP/1.1" 200 4014 "-" "Mozilla/5.0 (Windows NT 6.1; WOW64) AppleWebKit/534+ (KHTML, like Gecko) BingPreview/1.0b"
178.154.179.250 - - [14/Nov/2012:17:59:55 +0100] "GET / HTTP/1.1" 200 4014 "-" "Mozilla/5.0 (compatible; YandexBot/3.0; +http://yandex.com/bots)"
157.55.34.32 - - [15/Nov/2012:07:55:22 +0100] "GET /robots.txt HTTP/1.1" 404 1256 "-" "Mozilla/5.0 (compatible; bingbot/2.0; +http://www.bing.com/bingbot.htm)"
157.55.34.32 - - [15/Nov/2012:08:06:30 +0100] "GET / HTTP/1.1" 200 4014 "-" "Mozilla/5.0 (compatible; bingbot/2.0; +http://www.bing.com/bingbot.htm)"
178.154.179.250 - - [15/Nov/2012:11:16:22 +0100] "GET /05.html HTTP/1.1" 304 - "-" "Mozilla/5.0 (compatible; YandexBot/3.0; +http://yandex.com/bots)"
178.154.179.250 - - [15/Nov/2012:16:01:20 +0100] "GET /robots.txt HTTP/1.1" 404 1256 "-" "Mozilla/5.0 (compatible; YandexBot/3.0; +http://yandex.com/bots)"
178.154.179.250 - - [15/Nov/2012:16:48:58 +0100] "GET /07.html HTTP/1.1" 304 - "-" "Mozilla/5.0 (compatible; YandexBot/3.0; +http://yandex.com/bots)"
178.154.179.250 - - [15/Nov/2012:18:46:25 +0100] "GET /index.html HTTP/1.1" 304 - "-" "Mozilla/5.0 (compatible; YandexBot/3.0; +http://yandex.com/bots)"
157.55.34.32 - - [15/Nov/2012:18:48:10 +0100] "GET /robots.txt HTTP/1.1" 404 1256 "-" "Mozilla/5.0 (compatible; bingbot/2.0; +http://www.bing.com/bingbot.htm)"
65.55.208.208 - - [15/Nov/2012:19:01:05 +0100] "GET / HTTP/1.1" 200 4014 "-" "Mozilla/5.0 (Windows NT 6.1; WOW64) AppleWebKit/534+ (KHTML, like Gecko) BingPreview/1.0b"
178.154.179.250 - - [16/Nov/2012:00:30:13 +0100] "GET /05.html HTTP/1.1" 304 - "-" "Mozilla/5.0 (compatible; YandexBot/3.0; +http://yandex.com/bots)"
66.249.75.134 - - [16/Nov/2012:02:35:39 +0100] "GET /robots.txt HTTP/1.1" 404 1256 "-" "Mozilla/5.0 (compatible; Googlebot/2.1; +http://www.google.com/bot.html)"
66.249.75.134 - - [16/Nov/2012:02:35:39 +0100] "GET / HTTP/1.1" 200 4014 "-" "Mozilla/5.0 (compatible; Googlebot/2.1; +http://www.google.com/bot.html)"
178.154.179.250 - - [16/Nov/2012:04:16:22 +0100] "GET /index.swf HTTP/1.1" 304 - "-" "Mozilla/5.0 (compatible; YandexBot/3.0; +http://yandex.com/bots)"
64.246.165.210 - - [16/Nov/2012:05:53:59 +0100] "GET /robots.txt HTTP/1.0" 404 1256 "-" "Mozilla/5.0 (Windows; U; Windows NT 5.1; en; rv:1.9.0.13) Gecko/2009073022 Firefox/3.5.2 (.NET CLR 3.5.30729) SurveyBot/2.3 (DomainTools)"
64.246.165.210 - - [16/Nov/2012:05:53:59 +0100] "GET / HTTP/1.1" 200 4014 "http://whois.domaintools.com/dialyse-waldbronn.de" "Mozilla/5.0 (Windows; U; Windows NT 5.1; en; rv:1.9.0.13) Gecko/2009073022 Firefox/3.5.2 (.NET CLR 3.5.30729) SurveyBot/2.3 (DomainTools)"
5.45.202.218 - - [16/Nov/2012:15:02:06 +0100] "GET /robots.txt HTTP/1.1" 404 1256 "-" "Mozilla/5.0 (compatible; YandexBot/3.0; +http://yandex.com/bots)"
5.45.202.218 - - [16/Nov/2012:15:02:11 +0100] "GET / HTTP/1.1" 200 4014 "-" "Mozilla/5.0 (compatible; YandexBot/3.0; +http://yandex.com/bots)"
5.45.202.218 - - [16/Nov/2012:15:02:16 +0100] "GET / HTTP/1.1" 200 4014 "-" "Mozilla/5.0 (compatible; YandexBot/3.0; +http://yandex.com/bots)"
5.45.202.218 - - [16/Nov/2012:15:02:21 +0100] "GET /index.html HTTP/1.1" 200 4014 "-" "Mozilla/5.0 (compatible; YandexBot/3.0; +http://yandex.com/bots)"
5.45.202.218 - - [16/Nov/2012:15:02:26 +0100] "GET /index.html HTTP/1.1" 200 4014 "-" "Mozilla/5.0 (compatible; YandexBot/3.0; +http://yandex.com/bots)"
192.114.71.13 - - [16/Nov/2012:16:29:05 +0100] "GET / HTTP/1.1" 200 4014 "-" "Mozilla/5.0 (Windows NT 6.0; WOW64) AppleWebKit/534.30 (KHTML, like Gecko) Chrome/12.0.742.91 Safari/534.30"
192.114.71.13 - - [16/Nov/2012:16:29:20 +0100] "GET /index.swf HTTP/1.1" 200 8893 "http://www.dialyse-waldbronn.de/" "Mozilla/6.0 (compatible)"
192.114.71.13 - - [16/Nov/2012:16:29:22 +0100] "GET /index.swf HTTP/1.0" 200 8893 "-" "Mozilla/5.0 (X11; U; Linux i686; en-US; rv:1.9.2.28) Gecko"
192.114.71.13 - - [16/Nov/2012:16:29:45 +0100] "GET /00themen00.html HTTP/1.1" 200 2236 "http://www.dialyse-waldbronn.de/index.swf" "Mozilla/5.0 (Windows NT 6.0; WOW64) AppleWebKit/534.30 (KHTML, like Gecko) Chrome/12.0.742.91 Safari/534.30"
192.114.71.13 - - [16/Nov/2012:16:29:59 +0100] "GET /01.html HTTP/1.1" 200 1988 "http://www.dialyse-waldbronn.de/00themen00.html" "Mozilla/4.0 (compatible; MSIE 7.0; Windows NT 5.1)"
192.114.71.13 - - [16/Nov/2012:16:29:59 +0100] "GET /02.html HTTP/1.1" 200 1988 "http://www.dialyse-waldbronn.de/00themen00.html" "Mozilla/5.0 (compatible)"
192.114.71.13 - - [16/Nov/2012:16:29:59 +0100] "GET /03.html HTTP/1.1" 200 2012 "http://www.dialyse-waldbronn.de/00themen00.html" "Mozilla/5.0 (compatible)"
192.114.71.13 - - [16/Nov/2012:16:29:59 +0100] "GET /06.html HTTP/1.1" 200 1988 "http://www.dialyse-waldbronn.de/00themen00.html" "Mozilla/4.0 (compatible; MSIE 7.0; Windows NT 5.1)"
192.114.71.13 - - [16/Nov/2012:16:29:59 +0100] "GET /07.html HTTP/1.1" 200 2372 "http://www.dialyse-waldbronn.de/00themen00.html" "Mozilla/5.0 (compatible)"
192.114.71.13 - - [16/Nov/2012:16:29:59 +0100] "GET /04.html HTTP/1.1" 200 1988 "http://www.dialyse-waldbronn.de/00themen00.html" "Mozilla/6.0 (compatible)"
192.114.71.13 - - [16/Nov/2012:16:29:59 +0100] "GET /index.html HTTP/1.1" 200 4014 "http://www.dialyse-waldbronn.de/00themen00.html" "Mozilla/5.0 (Windows NT 6.0; WOW64) AppleWebKit/534.30 (KHTML, like Gecko) Chrome/12.0.742.91 Safari/534.30"
192.114.71.13 - - [16/Nov/2012:16:29:59 +0100] "GET /08.html HTTP/1.1" 200 2068 "http://www.dialyse-waldbronn.de/00themen00.html" "Mozilla/4.0 (compatible; MSIE 7.0; Windows NT 5.1)"
192.114.71.13 - - [16/Nov/2012:16:30:00 +0100] "GET /09.html HTTP/1.1" 200 2140 "http://www.dialyse-waldbronn.de/00themen00.html" "Mozilla/5.0 (Windows NT 6.0; WOW64) AppleWebKit/534.30 (KHTML, like Gecko) Chrome/12.0.742.91 Safari/534.30"
192.114.71.13 - - [16/Nov/2012:16:30:01 +0100] "GET /05.html HTTP/1.1" 200 1988 "http://www.dialyse-waldbronn.de/00themen00.html" "Mozilla/6.0 (compatible)"
192.114.71.13 - - [16/Nov/2012:16:30:01 +0100] "GET /00themen00.swf HTTP/1.1" 200 12608 "http://www.dialyse-waldbronn.de/00themen00.html" "Mozilla/5.0 (Windows NT 6.0; WOW64) AppleWebKit/534.30 (KHTML, like Gecko) Chrome/12.0.742.91 Safari/534.30"
192.114.71.13 - - [16/Nov/2012:16:30:05 +0100] "GET /00themen00.swf HTTP/1.0" 200 12608 "-" "Mozilla/5.0 (X11; U; Linux i686; en-US; rv:1.9.2.28) Gecko"
192.114.71.13 - - [16/Nov/2012:16:30:15 +0100] "GET /03b.html HTTP/1.1" 200 2020 "http://www.dialyse-waldbronn.de/03.html" "Mozilla/5.0 (Windows NT 6.0; WOW64) AppleWebKit/534.30 (KHTML, like Gecko) Chrome/12.0.742.91 Safari/534.30"
192.114.71.13 - - [16/Nov/2012:16:30:15 +0100] "GET /01.swf HTTP/1.1" 200 36918 "http://www.dialyse-waldbronn.de/01.html" "Mozilla/4.0 (compatible; MSIE 7.0; Windows NT 5.1)"
192.114.71.13 - - [16/Nov/2012:16:30:15 +0100] "GET /03.swf HTTP/1.1" 200 79366 "http://www.dialyse-waldbronn.de/03.html" "Mozilla/5.0 (Windows NT 6.0; WOW64) AppleWebKit/534.30 (KHTML, like Gecko) Chrome/12.0.742.91 Safari/534.30"
192.114.71.13 - - [16/Nov/2012:16:30:16 +0100] "GET /04.swf HTTP/1.1" 200 20526 "http://www.dialyse-waldbronn.de/04.html" "Mozilla/4.0 (compatible; MSIE 7.0; Windows NT 5.1)"
192.114.71.13 - - [16/Nov/2012:16:30:16 +0100] "GET /02.swf HTTP/1.1" 200 19509 "http://www.dialyse-waldbronn.de/02.html" "Mozilla/4.0 (compatible; MSIE 7.0; Windows NT 5.1)"
192.114.71.13 - - [16/Nov/2012:16:30:16 +0100] "GET /09a.html HTTP/1.1" 200 2065 "http://www.dialyse-waldbronn.de/09.html" "Mozilla/5.0 (Windows NT 6.0; WOW64) AppleWebKit/534.30 (KHTML, like Gecko) Chrome/12.0.742.91 Safari/534.30"
192.114.71.13 - - [16/Nov/2012:16:30:16 +0100] "GET /09.swf HTTP/1.1" 200 23193 "http://www.dialyse-waldbronn.de/09.html" "Mozilla/5.0 (compatible)"
192.114.71.13 - - [16/Nov/2012:16:30:17 +0100] "GET /01.swf HTTP/1.0" 200 36918 "-" "Mozilla/5.0 (X11; U; Linux i686; en-US; rv:1.9.2.28) Gecko"
192.114.71.13 - - [16/Nov/2012:16:30:17 +0100] "GET /03.swf HTTP/1.0" 200 79366 "-" "Mozilla/5.0 (X11; U; Linux i686; en-US; rv:1.9.2.28) Gecko"
192.114.71.13 - - [16/Nov/2012:16:30:17 +0100] "GET /02.swf HTTP/1.0" 200 19509 "-" "Mozilla/5.0 (X11; U; Linux i686; en-US; rv:1.9.2.28) Gecko"
192.114.71.13 - - [16/Nov/2012:16:30:17 +0100] "GET /09.swf HTTP/1.0" 200 23193 "-" "Mozilla/5.0 (X11; U; Linux i686; en-US; rv:1.9.2.28) Gecko"
192.114.71.13 - - [16/Nov/2012:16:30:17 +0100] "GET /05.swf HTTP/1.1" 200 44441 "http://www.dialyse-waldbronn.de/05.html" "Mozilla/5.0 (compatible)"
192.114.71.13 - - [16/Nov/2012:16:30:18 +0100] "GET /07.swf HTTP/1.1" 200 22237 "http://www.dialyse-waldbronn.de/07.html" "Mozilla/5.0 (compatible)"
192.114.71.13 - - [16/Nov/2012:16:30:18 +0100] "GET /06.swf HTTP/1.1" 200 18307 "http://www.dialyse-waldbronn.de/06.html" "Mozilla/6.0 (compatible)"
192.114.71.13 - - [16/Nov/2012:16:30:19 +0100] "GET /04waldbronn.html HTTP/1.1" 200 2092 "http://www.dialyse-waldbronn.de/08.html" "Mozilla/5.0 (Windows NT 6.0; WOW64) AppleWebKit/534.30 (KHTML, like Gecko) Chrome/12.0.742.91 Safari/534.30"
192.114.71.13 - - [16/Nov/2012:16:30:19 +0100] "GET /08.swf HTTP/1.1" 200 22102 "http://www.dialyse-waldbronn.de/08.html" "Mozilla/5.0 (Windows NT 6.0; WOW64) AppleWebKit/534.30 (KHTML, like Gecko) Chrome/12.0.742.91 Safari/534.30"
192.114.71.13 - - [16/Nov/2012:16:30:19 +0100] "GET /05.swf HTTP/1.0" 200 44441 "-" "Mozilla/5.0 (X11; U; Linux i686; en-US; rv:1.9.2.28) Gecko"
192.114.71.13 - - [16/Nov/2012:16:30:20 +0100] "GET /04.swf HTTP/1.0" 200 20526 "-" "Mozilla/5.0 (X11; U; Linux i686; en-US; rv:1.9.2.28) Gecko"
192.114.71.13 - - [16/Nov/2012:16:30:20 +0100] "GET /06.swf HTTP/1.0" 200 18307 "-" "Mozilla/5.0 (X11; U; Linux i686; en-US; rv:1.9.2.28) Gecko"
192.114.71.13 - - [16/Nov/2012:16:30:21 +0100] "GET /07.swf HTTP/1.0" 200 22237 "-" "Mozilla/5.0 (X11; U; Linux i686; en-US; rv:1.9.2.28) Gecko"
192.114.71.13 - - [16/Nov/2012:16:30:21 +0100] "GET /08.swf HTTP/1.0" 200 22102 "-" "Mozilla/5.0 (X11; U; Linux i686; en-US; rv:1.9.2.28) Gecko"
192.114.71.13 - - [16/Nov/2012:16:30:30 +0100] "GET /03b.swf HTTP/1.1" 200 198225 "http://www.dialyse-waldbronn.de/03b.html" "Mozilla/5.0 (Windows NT 6.0; WOW64) AppleWebKit/534.30 (KHTML, like Gecko) Chrome/12.0.742.91 Safari/534.30"
192.114.71.13 - - [16/Nov/2012:16:30:31 +0100] "GET /03b.swf HTTP/1.0" 200 198225 "-" "Mozilla/5.0 (X11; U; Linux i686; en-US; rv:1.9.2.28) Gecko"
192.114.71.13 - - [16/Nov/2012:16:30:35 +0100] "GET /04waldbronn.swf HTTP/1.1" 200 20798 "http://www.dialyse-waldbronn.de/04waldbronn.html" "Mozilla/6.0 (compatible)"
192.114.71.13 - - [16/Nov/2012:16:30:39 +0100] "GET /09a.swf HTTP/1.1" 200 19689 "http://www.dialyse-waldbronn.de/09a.html" "Mozilla/5.0 (compatible)"
192.114.71.13 - - [16/Nov/2012:16:30:41 +0100] "GET /04waldbronn.swf HTTP/1.0" 200 20798 "-" "Mozilla/5.0 (X11; U; Linux i686; en-US; rv:1.9.2.28) Gecko"
192.114.71.13 - - [16/Nov/2012:16:30:41 +0100] "GET /09a.swf HTTP/1.0" 200 19689 "-" "Mozilla/5.0 (X11; U; Linux i686; en-US; rv:1.9.2.28) Gecko"
157.55.34.32 - - [16/Nov/2012:16:34:03 +0100] "GET /robots.txt HTTP/1.1" 404 1256 "-" "Mozilla/5.0 (compatible; bingbot/2.0; +http://www.bing.com/bingbot.htm)"
157.55.34.32 - - [16/Nov/2012:16:45:00 +0100] "GET / HTTP/1.1" 200 4014 "-" "Mozilla/5.0 (compatible; bingbot/2.0; +http://www.bing.com/bingbot.htm)"
82.80.249.134 - - [16/Nov/2012:18:28:13 +0100] "GET /back.jpg HTTP/1.1" 404 1256 "-" "-"
192.114.71.13 - - [16/Nov/2012:18:28:13 +0100] "GET /back.jpg HTTP/1.1" 404 1256 "-" "-"
82.165.148.21 - - [16/Nov/2012:20:29:02 +0100] "GET / HTTP/1.1" 200 4014 "-" "Opera/9.80 (X11; Linux i686; U; de) Presto/2.7.62 Version/11.00"
82.165.148.21 - - [16/Nov/2012:20:30:01 +0100] "GET / HTTP/1.0" 200 4014 "-" "Opera/9.80 (X11; Linux i686; U; de) Presto/2.6.30 Version/10.63"
82.165.148.21 - - [16/Nov/2012:20:30:02 +0100] "GET / HTTP/1.0" 200 4014 "-" "Opera/9.80 (X11; Linux i686; U; de) Presto/2.6.30 Version/10.63"
178.154.179.250 - - [16/Nov/2012:20:44:33 +0100] "GET /robots.txt HTTP/1.1" 404 1256 "-" "Mozilla/5.0 (compatible; YandexBot/3.0; +http://yandex.com/bots)"
157.55.34.32 - - [16/Nov/2012:23:33:47 +0100] "GET /robots.txt HTTP/1.1" 404 1256 "-" "Mozilla/5.0 (compatible; bingbot/2.0; +http://www.bing.com/bingbot.htm)"
178.154.179.250 - - [16/Nov/2012:23:44:59 +0100] "GET /06.html HTTP/1.1" 304 - "-" "Mozilla/5.0 (compatible; YandexBot/3.0; +http://yandex.com/bots)"
65.55.208.41 - - [17/Nov/2012:00:01:32 +0100] "GET / HTTP/1.1" 200 4014 "-" "Mozilla/5.0 (Windows NT 6.1; WOW64) AppleWebKit/534+ (KHTML, like Gecko) BingPreview/1.0b"
178.154.179.250 - - [17/Nov/2012:02:47:05 +0100] "GET /07.html HTTP/1.1" 304 - "-" "Mozilla/5.0 (compatible; YandexBot/3.0; +http://yandex.com/bots)"
193.196.237.20 - - [17/Nov/2012:03:35:08 +0100] "GET / HTTP/1.1" 200 4014 "http://www.dialyse-pforzheim.de/06.swf" "Mozilla/4.0 (compatible; MSIE 8.0; Windows NT 6.1; WOW64; Trident/4.0; SLCC2; .NET CLR 2.0.50727; .NET CLR 3.5.30729; .NET CLR 3.0.30729; Media Center PC 6.0; .NET4.0C; .NET4.0E)"
193.196.237.20 - - [17/Nov/2012:03:35:08 +0100] "GET /back.jpg HTTP/1.1" 404 1256 "http://www.dialyse-waldbronn.de/" "Mozilla/4.0 (compatible; MSIE 8.0; Windows NT 6.1; WOW64; Trident/4.0; SLCC2; .NET CLR 2.0.50727; .NET CLR 3.5.30729; .NET CLR 3.0.30729; Media Center PC 6.0; .NET4.0C; .NET4.0E)"
193.196.237.20 - - [17/Nov/2012:03:35:08 +0100] "GET /index.swf HTTP/1.1" 200 8893 "http://www.dialyse-waldbronn.de/" "Mozilla/4.0 (compatible; MSIE 8.0; Windows NT 6.1; WOW64; Trident/4.0; SLCC2; .NET CLR 2.0.50727; .NET CLR 3.5.30729; .NET CLR 3.0.30729; Media Center PC 6.0; .NET4.0C; .NET4.0E)"
193.196.237.20 - - [17/Nov/2012:03:35:08 +0100] "GET /back.jpg HTTP/1.1" 404 1256 "http://www.dialyse-waldbronn.de/" "Mozilla/4.0 (compatible; MSIE 8.0; Windows NT 6.1; WOW64; Trident/4.0; SLCC2; .NET CLR 2.0.50727; .NET CLR 3.5.30729; .NET CLR 3.0.30729; Media Center PC 6.0; .NET4.0C; .NET4.0E)"
