79.193.153.112 - - [24/Jul/2013:13:30:54 +0200] "GET /css/stylesheet.css HTTP/1.1" 200 6398 "http://www.bsb-schrott.de/kontakt.html" "Mozilla/5.0 (Linux; U; Android 2.2.2; de-de; LG-P990 Build/FRG83G) AppleWebKit/533.1 (KHTML, like Gecko) Version/4.0 Mobile Safari/533.1 MMS/LG-Android-MMS-V1.0/1.2"
79.193.153.112 - - [24/Jul/2013:13:30:54 +0200] "GET /img/news.jpg HTTP/1.1" 200 7536 "http://www.bsb-schrott.de/kontakt.html" "Mozilla/5.0 (Linux; U; Android 2.2.2; de-de; LG-P990 Build/FRG83G) AppleWebKit/533.1 (KHTML, like Gecko) Version/4.0 Mobile Safari/533.1 MMS/LG-Android-MMS-V1.0/1.2"
79.193.153.112 - - [24/Jul/2013:13:30:54 +0200] "GET /img/nav_activ.png HTTP/1.1" 200 520 "http://www.bsb-schrott.de/kontakt.html" "Mozilla/5.0 (Linux; U; Android 2.2.2; de-de; LG-P990 Build/FRG83G) AppleWebKit/533.1 (KHTML, like Gecko) Version/4.0 Mobile Safari/533.1 MMS/LG-Android-MMS-V1.0/1.2"
79.193.153.112 - - [24/Jul/2013:13:30:54 +0200] "GET /img/gradient_navbar.png HTTP/1.1" 200 144 "http://www.bsb-schrott.de/kontakt.html" "Mozilla/5.0 (Linux; U; Android 2.2.2; de-de; LG-P990 Build/FRG83G) AppleWebKit/533.1 (KHTML, like Gecko) Version/4.0 Mobile Safari/533.1 MMS/LG-Android-MMS-V1.0/1.2"
79.193.153.112 - - [24/Jul/2013:13:30:54 +0200] "GET /img/contentBg.png HTTP/1.1" 200 110 "http://www.bsb-schrott.de/kontakt.html" "Mozilla/5.0 (Linux; U; Android 2.2.2; de-de; LG-P990 Build/FRG83G) AppleWebKit/533.1 (KHTML, like Gecko) Version/4.0 Mobile Safari/533.1 MMS/LG-Android-MMS-V1.0/1.2"
79.193.153.112 - - [24/Jul/2013:13:30:54 +0200] "GET /img/lvl.png HTTP/1.1" 200 1441 "http://www.bsb-schrott.de/kontakt.html" "Mozilla/5.0 (Linux; U; Android 2.2.2; de-de; LG-P990 Build/FRG83G) AppleWebKit/533.1 (KHTML, like Gecko) Version/4.0 Mobile Safari/533.1 MMS/LG-Android-MMS-V1.0/1.2"
79.193.153.112 - - [24/Jul/2013:13:30:54 +0200] "GET /img/lhl.png HTTP/1.1" 200 1132 "http://www.bsb-schrott.de/kontakt.html" "Mozilla/5.0 (Linux; U; Android 2.2.2; de-de; LG-P990 Build/FRG83G) AppleWebKit/533.1 (KHTML, like Gecko) Version/4.0 Mobile Safari/533.1 MMS/LG-Android-MMS-V1.0/1.2"
79.193.153.112 - - [24/Jul/2013:13:30:54 +0200] "GET /img/gradient_left.png HTTP/1.1" 200 135 "http://www.bsb-schrott.de/kontakt.html" "Mozilla/5.0 (Linux; U; Android 2.2.2; de-de; LG-P990 Build/FRG83G) AppleWebKit/533.1 (KHTML, like Gecko) Version/4.0 Mobile Safari/533.1 MMS/LG-Android-MMS-V1.0/1.2"
79.193.153.112 - - [24/Jul/2013:13:30:54 +0200] "GET /img/gradient_header.png HTTP/1.1" 200 253 "http://www.bsb-schrott.de/kontakt.html" "Mozilla/5.0 (Linux; U; Android 2.2.2; de-de; LG-P990 Build/FRG83G) AppleWebKit/533.1 (KHTML, like Gecko) Version/4.0 Mobile Safari/533.1 MMS/LG-Android-MMS-V1.0/1.2"
79.193.153.112 - - [24/Jul/2013:13:30:54 +0200] "GET /img/gradient_right.png HTTP/1.1" 200 127 "http://www.bsb-schrott.de/kontakt.html" "Mozilla/5.0 (Linux; U; Android 2.2.2; de-de; LG-P990 Build/FRG83G) AppleWebKit/533.1 (KHTML, like Gecko) Version/4.0 Mobile Safari/533.1 MMS/LG-Android-MMS-V1.0/1.2"
79.193.153.112 - - [24/Jul/2013:13:30:54 +0200] "GET /img/nav.png HTTP/1.1" 200 197 "http://www.bsb-schrott.de/kontakt.html" "Mozilla/5.0 (Linux; U; Android 2.2.2; de-de; LG-P990 Build/FRG83G) AppleWebKit/533.1 (KHTML, like Gecko) Version/4.0 Mobile Safari/533.1 MMS/LG-Android-MMS-V1.0/1.2"
79.193.153.112 - - [24/Jul/2013:13:30:54 +0200] "GET /img/gradient_footer.png HTTP/1.1" 200 140 "http://www.bsb-schrott.de/kontakt.html" "Mozilla/5.0 (Linux; U; Android 2.2.2; de-de; LG-P990 Build/FRG83G) AppleWebKit/533.1 (KHTML, like Gecko) Version/4.0 Mobile Safari/533.1 MMS/LG-Android-MMS-V1.0/1.2"
79.193.153.112 - - [24/Jul/2013:13:30:54 +0200] "GET /img/iwa_cert.png HTTP/1.1" 200 38259 "http://www.bsb-schrott.de/kontakt.html" "Mozilla/5.0 (Linux; U; Android 2.2.2; de-de; LG-P990 Build/FRG83G) AppleWebKit/533.1 (KHTML, like Gecko) Version/4.0 Mobile Safari/533.1 MMS/LG-Android-MMS-V1.0/1.2"
79.193.153.112 - - [24/Jul/2013:13:30:54 +0200] "GET /img/bsb_logo.jpg HTTP/1.1" 200 31271 "http://www.bsb-schrott.de/kontakt.html" "Mozilla/5.0 (Linux; U; Android 2.2.2; de-de; LG-P990 Build/FRG83G) AppleWebKit/533.1 (KHTML, like Gecko) Version/4.0 Mobile Safari/533.1 MMS/LG-Android-MMS-V1.0/1.2"
79.193.153.112 - - [24/Jul/2013:13:30:54 +0200] "GET /img/header_banner.png HTTP/1.1" 200 22955 "http://www.bsb-schrott.de/kontakt.html" "Mozilla/5.0 (Linux; U; Android 2.2.2; de-de; LG-P990 Build/FRG83G) AppleWebKit/533.1 (KHTML, like Gecko) Version/4.0 Mobile Safari/533.1 MMS/LG-Android-MMS-V1.0/1.2"
79.193.153.112 - - [24/Jul/2013:13:30:54 +0200] "GET /img/bsb_background.jpg HTTP/1.1" 200 84092 "http://www.bsb-schrott.de/kontakt.html" "Mozilla/5.0 (Linux; U; Android 2.2.2; de-de; LG-P990 Build/FRG83G) AppleWebKit/533.1 (KHTML, like Gecko) Version/4.0 Mobile Safari/533.1 MMS/LG-Android-MMS-V1.0/1.2"
79.193.153.112 - - [24/Jul/2013:13:30:54 +0200] "GET /css/gudea-regular-webfont.ttf HTTP/1.1" 200 35968 "http://www.bsb-schrott.de/kontakt.html" "Mozilla/5.0 (Linux; U; Android 2.2.2; de-de; LG-P990 Build/FRG83G) AppleWebKit/533.1 (KHTML, like Gecko) Version/4.0 Mobile Safari/533.1 MMS/LG-Android-MMS-V1.0/1.2"
79.193.153.112 - - [24/Jul/2013:13:30:54 +0200] "GET /css/gudea-bold-webfont.ttf HTTP/1.1" 200 35992 "http://www.bsb-schrott.de/kontakt.html" "Mozilla/5.0 (Linux; U; Android 2.2.2; de-de; LG-P990 Build/FRG83G) AppleWebKit/533.1 (KHTML, like Gecko) Version/4.0 Mobile Safari/533.1 MMS/LG-Android-MMS-V1.0/1.2"
79.193.153.112 - - [24/Jul/2013:13:32:14 +0200] "GET /wir-ueber-uns.html HTTP/1.1" 200 5703 "http://www.google.de/search?site=&source=hp&ei=SrPvUZPXEojBOJu0gCA&q=bsb+sch%C3%B6nerlinde&oq=bsb+sch%C3%B6&gs_l=mobile-gws-hp.1.0.0l2j0i10i30j0i30j0i10i30.35004.43767.0.45788.10.8.0.2.2.0.1414.3605.6-1j2.3.0....0...1c.1.22.mobile-gws-hp..5.5.3676.0U6Hs6MKg9g" "Mozilla/5.0 (Linux; U; Android 2.2.2; de-de; LG-P990 Build/FRG83G) AppleWebKit/533.1 (KHTML, like Gecko) Version/4.0 Mobile Safari/533.1 MMS/LG-Android-MMS-V1.0/1.2"
79.193.153.112 - - [24/Jul/2013:13:32:16 +0200] "GET /img/timeline.png HTTP/1.1" 200 724 "http://www.bsb-schrott.de/wir-ueber-uns.html" "Mozilla/5.0 (Linux; U; Android 2.2.2; de-de; LG-P990 Build/FRG83G) AppleWebKit/533.1 (KHTML, like Gecko) Version/4.0 Mobile Safari/533.1 MMS/LG-Android-MMS-V1.0/1.2"
79.193.153.112 - - [24/Jul/2013:13:32:16 +0200] "GET /img/content_bagger.png HTTP/1.1" 200 143701 "http://www.bsb-schrott.de/wir-ueber-uns.html" "Mozilla/5.0 (Linux; U; Android 2.2.2; de-de; LG-P990 Build/FRG83G) AppleWebKit/533.1 (KHTML, like Gecko) Version/4.0 Mobile Safari/533.1 MMS/LG-Android-MMS-V1.0/1.2"
79.193.153.112 - - [24/Jul/2013:13:32:17 +0200] "GET /css/gudea-italic-webfont.ttf HTTP/1.1" 200 44616 "http://www.bsb-schrott.de/wir-ueber-uns.html" "Mozilla/5.0 (Linux; U; Android 2.2.2; de-de; LG-P990 Build/FRG83G) AppleWebKit/533.1 (KHTML, like Gecko) Version/4.0 Mobile Safari/533.1 MMS/LG-Android-MMS-V1.0/1.2"
5.10.83.47 - - [24/Jul/2013:13:43:38 +0200] "GET /kontakt.html HTTP/1.1" 200 3830 "-" "Mozilla/5.0 (compatible; AhrefsBot/5.0; +http://ahrefs.com/robot/)"
5.10.83.47 - - [24/Jul/2013:14:07:11 +0200] "GET /referenzen.html HTTP/1.1" 200 4045 "-" "Mozilla/5.0 (compatible; AhrefsBot/5.0; +http://ahrefs.com/robot/)"
5.10.83.47 - - [24/Jul/2013:14:33:13 +0200] "GET /wir-ueber-uns.html HTTP/1.1" 200 5703 "-" "Mozilla/5.0 (compatible; AhrefsBot/5.0; +http://ahrefs.com/robot/)"
5.10.83.47 - - [24/Jul/2013:14:40:28 +0200] "GET /index.html HTTP/1.1" 200 3135 "-" "Mozilla/5.0 (compatible; AhrefsBot/5.0; +http://ahrefs.com/robot/)"
208.115.113.88 - - [24/Jul/2013:17:04:38 +0200] "GET /robots.txt HTTP/1.1" 404 1256 "-" "Mozilla/5.0 (compatible; Ezooms/1.0; ezooms.bot@gmail.com)"
66.249.72.132 - - [24/Jul/2013:17:06:33 +0200] "GET /robots.txt HTTP/1.1" 404 1256 "-" "Mozilla/5.0 (compatible; Googlebot/2.1; +http://www.google.com/bot.html)"
66.249.72.132 - - [24/Jul/2013:17:06:33 +0200] "GET / HTTP/1.1" 200 3135 "-" "DoCoMo/2.0 N905i(c100;TB;W24H16) (compatible; Googlebot-Mobile/2.1; +http://www.google.com/bot.html)"
141.8.147.12 - - [24/Jul/2013:18:17:44 +0200] "GET /robots.txt HTTP/1.1" 404 1256 "-" "Mozilla/5.0 (compatible; YandexBot/3.0; +http://yandex.com/bots)"
208.115.113.88 - - [24/Jul/2013:18:58:10 +0200] "GET /leistungen.html HTTP/1.1" 200 3224 "-" "Mozilla/5.0 (compatible; Ezooms/1.0; ezooms.bot@gmail.com)"
141.8.147.12 - - [24/Jul/2013:19:04:56 +0200] "GET / HTTP/1.1" 200 3135 "-" "Mozilla/5.0 (compatible; YandexBot/3.0; +http://yandex.com/bots)"
5.10.83.7 - - [24/Jul/2013:19:30:17 +0200] "GET /img/referenzen/011.jpg HTTP/1.1" 200 161700 "-" "Mozilla/5.0 (compatible; AhrefsBot/5.0; +http://ahrefs.com/robot/)"
5.10.83.7 - - [24/Jul/2013:20:24:08 +0200] "GET /kontakt.html HTTP/1.1" 200 3830 "-" "Mozilla/5.0 (compatible; AhrefsBot/5.0; +http://ahrefs.com/robot/)"
5.10.83.7 - - [24/Jul/2013:20:29:56 +0200] "GET /img/referenzen/114.jpg HTTP/1.1" 200 291853 "-" "Mozilla/5.0 (compatible; AhrefsBot/5.0; +http://ahrefs.com/robot/)"
5.10.83.7 - - [24/Jul/2013:20:38:26 +0200] "GET /img/referenzen/PICT1324.jpg HTTP/1.1" 200 286993 "-" "Mozilla/5.0 (compatible; AhrefsBot/5.0; +http://ahrefs.com/robot/)"
5.10.83.7 - - [24/Jul/2013:21:09:07 +0200] "GET /img/referenzen/PICT1325.jpg HTTP/1.1" 200 338707 "-" "Mozilla/5.0 (compatible; AhrefsBot/5.0; +http://ahrefs.com/robot/)"
66.249.72.132 - - [24/Jul/2013:22:17:40 +0200] "GET /robots.txt HTTP/1.1" 404 1256 "-" "Mozilla/5.0 (compatible; Googlebot/2.1; +http://www.google.com/bot.html)"
66.249.72.132 - - [24/Jul/2013:22:17:40 +0200] "GET / HTTP/1.1" 200 3135 "-" "Mozilla/5.0 (iPhone; U; CPU iPhone OS 4_1 like Mac OS X; en-us) AppleWebKit/532.9 (KHTML, like Gecko) Version/4.0.5 Mobile/8B117 Safari/6531.22.7 (compatible; Googlebot-Mobile/2.1; +http://www.google.com/bot.html)"
66.249.72.132 - - [24/Jul/2013:22:26:57 +0200] "GET /css/stylesheet.css HTTP/1.1" 200 6398 "-" "Mozilla/5.0 (compatible; Googlebot/2.1; +http://www.google.com/bot.html)"
80.226.24.10 - - [24/Jul/2013:23:49:31 +0200] "GET / HTTP/1.1" 200 3135 "http://www.google.de/url?sa=t&rct=j&q=bsb%20schrott&source=web&cd=1&sqi=2&ved=0CC8QFjAA&url=http%3A%2F%2Fwww.bsb-schrott.de%2F&ei=wUvwUZCyL4rQsgaksIFg&usg=AFQjCNEDqREvx0Tr5ZV-8Og1Vv-fFeOPRg&bvm=bv.49784469,d.Yms" "Mozilla/5.0 (compatible; MSIE 10.0; Windows NT 6.1; WOW64; Trident/6.0)"
80.226.24.10 - - [24/Jul/2013:23:49:31 +0200] "GET /css/stylesheet.css HTTP/1.1" 200 6398 "http://www.bsb-schrott.de/" "Mozilla/5.0 (compatible; MSIE 10.0; Windows NT 6.1; WOW64; Trident/6.0)"
80.226.24.10 - - [24/Jul/2013:23:49:32 +0200] "GET /css/gudea-regular-webfont.eot? HTTP/1.1" 200 36144 "http://www.bsb-schrott.de/" "Mozilla/5.0 (compatible; MSIE 10.0; Windows NT 6.1; WOW64; Trident/6.0)"
80.226.24.10 - - [24/Jul/2013:23:49:32 +0200] "GET /img/gradient_header.png HTTP/1.1" 200 253 "http://www.bsb-schrott.de/" "Mozilla/5.0 (compatible; MSIE 10.0; Windows NT 6.1; WOW64; Trident/6.0)"
80.226.24.10 - - [24/Jul/2013:23:49:32 +0200] "GET /img/contentBg.png HTTP/1.1" 200 110 "http://www.bsb-schrott.de/" "Mozilla/5.0 (compatible; MSIE 10.0; Windows NT 6.1; WOW64; Trident/6.0)"
80.226.24.10 - - [24/Jul/2013:23:49:32 +0200] "GET /css/gudea-bold-webfont.eot? HTTP/1.1" 200 36156 "http://www.bsb-schrott.de/" "Mozilla/5.0 (compatible; MSIE 10.0; Windows NT 6.1; WOW64; Trident/6.0)"
80.226.24.10 - - [24/Jul/2013:23:49:32 +0200] "GET /img/news.jpg HTTP/1.1" 200 7536 "http://www.bsb-schrott.de/" "Mozilla/5.0 (compatible; MSIE 10.0; Windows NT 6.1; WOW64; Trident/6.0)"
80.226.24.10 - - [24/Jul/2013:23:49:32 +0200] "GET /img/content_bagger.png HTTP/1.1" 200 143701 "http://www.bsb-schrott.de/" "Mozilla/5.0 (compatible; MSIE 10.0; Windows NT 6.1; WOW64; Trident/6.0)"
80.226.24.10 - - [24/Jul/2013:23:49:32 +0200] "GET /img/bsb_logo.jpg HTTP/1.1" 200 31271 "http://www.bsb-schrott.de/" "Mozilla/5.0 (compatible; MSIE 10.0; Windows NT 6.1; WOW64; Trident/6.0)"
80.226.24.10 - - [24/Jul/2013:23:49:32 +0200] "GET /img/header_banner.png HTTP/1.1" 200 22955 "http://www.bsb-schrott.de/" "Mozilla/5.0 (compatible; MSIE 10.0; Windows NT 6.1; WOW64; Trident/6.0)"
80.226.24.10 - - [24/Jul/2013:23:49:32 +0200] "GET /img/bsb_background.jpg HTTP/1.1" 200 84092 "http://www.bsb-schrott.de/" "Mozilla/5.0 (compatible; MSIE 10.0; Windows NT 6.1; WOW64; Trident/6.0)"
80.226.24.10 - - [24/Jul/2013:23:49:32 +0200] "GET /img/iwa_cert.png HTTP/1.1" 200 38259 "http://www.bsb-schrott.de/" "Mozilla/5.0 (compatible; MSIE 10.0; Windows NT 6.1; WOW64; Trident/6.0)"
80.226.24.10 - - [24/Jul/2013:23:49:33 +0200] "GET /img/nav_activ.png HTTP/1.1" 200 520 "http://www.bsb-schrott.de/" "Mozilla/5.0 (compatible; MSIE 10.0; Windows NT 6.1; WOW64; Trident/6.0)"
80.226.24.10 - - [24/Jul/2013:23:49:33 +0200] "GET /img/nav.png HTTP/1.1" 200 197 "http://www.bsb-schrott.de/" "Mozilla/5.0 (compatible; MSIE 10.0; Windows NT 6.1; WOW64; Trident/6.0)"
80.226.24.10 - - [24/Jul/2013:23:49:33 +0200] "GET /img/gradient_navbar.png HTTP/1.1" 200 144 "http://www.bsb-schrott.de/" "Mozilla/5.0 (compatible; MSIE 10.0; Windows NT 6.1; WOW64; Trident/6.0)"
80.226.24.10 - - [24/Jul/2013:23:49:33 +0200] "GET /img/gradient_left.png HTTP/1.1" 200 135 "http://www.bsb-schrott.de/" "Mozilla/5.0 (compatible; MSIE 10.0; Windows NT 6.1; WOW64; Trident/6.0)"
80.226.24.10 - - [24/Jul/2013:23:49:33 +0200] "GET /img/lvl.png HTTP/1.1" 200 1441 "http://www.bsb-schrott.de/" "Mozilla/5.0 (compatible; MSIE 10.0; Windows NT 6.1; WOW64; Trident/6.0)"
80.226.24.10 - - [24/Jul/2013:23:49:33 +0200] "GET /img/gradient_right.png HTTP/1.1" 200 127 "http://www.bsb-schrott.de/" "Mozilla/5.0 (compatible; MSIE 10.0; Windows NT 6.1; WOW64; Trident/6.0)"
80.226.24.10 - - [24/Jul/2013:23:49:33 +0200] "GET /img/gradient_footer.png HTTP/1.1" 200 140 "http://www.bsb-schrott.de/" "Mozilla/5.0 (compatible; MSIE 10.0; Windows NT 6.1; WOW64; Trident/6.0)"
80.226.24.10 - - [24/Jul/2013:23:49:33 +0200] "GET /favicon.ico HTTP/1.1" 404 1256 "-" "Mozilla/5.0 (compatible; MSIE 10.0; Windows NT 6.1; WOW64; Trident/6.0)"
80.226.24.10 - - [24/Jul/2013:23:49:46 +0200] "GET /leistungen.html HTTP/1.1" 200 3224 "http://www.bsb-schrott.de/" "Mozilla/5.0 (compatible; MSIE 10.0; Windows NT 6.1; WOW64; Trident/6.0)"
80.226.24.10 - - [24/Jul/2013:23:49:55 +0200] "GET /kontakt.html HTTP/1.1" 200 3830 "http://www.bsb-schrott.de/leistungen.html" "Mozilla/5.0 (compatible; MSIE 10.0; Windows NT 6.1; WOW64; Trident/6.0)"
80.226.24.10 - - [24/Jul/2013:23:49:56 +0200] "GET /img/lhl.png HTTP/1.1" 200 1132 "http://www.bsb-schrott.de/kontakt.html" "Mozilla/5.0 (compatible; MSIE 10.0; Windows NT 6.1; WOW64; Trident/6.0)"
66.249.72.132 - - [25/Jul/2013:00:44:34 +0200] "GET /kontakt.html HTTP/1.1" 304 - "-" "Mozilla/5.0 (iPhone; U; CPU iPhone OS 4_1 like Mac OS X; en-us) AppleWebKit/532.9 (KHTML, like Gecko) Version/4.0.5 Mobile/8B117 Safari/6531.22.7 (compatible; Googlebot-Mobile/2.1; +http://www.google.com/bot.html)"
157.55.35.87 - - [25/Jul/2013:05:10:03 +0200] "GET /robots.txt HTTP/1.1" 404 1256 "-" "Mozilla/5.0 (compatible; bingbot/2.0; +http://www.bing.com/bingbot.htm)"
157.55.35.87 - - [25/Jul/2013:05:12:55 +0200] "GET / HTTP/1.1" 200 3135 "-" "Mozilla/5.0 (compatible; bingbot/2.0; +http://www.bing.com/bingbot.htm)"
157.55.35.87 - - [25/Jul/2013:05:40:49 +0200] "GET / HTTP/1.1" 200 3135 "-" "Mozilla/5.0 (compatible; bingbot/2.0; +http://www.bing.com/bingbot.htm)"
157.55.32.81 - - [25/Jul/2013:05:58:58 +0200] "GET /index.html HTTP/1.1" 200 3135 "-" "Mozilla/5.0 (compatible; bingbot/2.0; +http://www.bing.com/bingbot.htm)"
54.216.224.171 - - [25/Jul/2013:06:25:29 +0200] "GET /robots.txt HTTP/1.1" 404 1256 "-" "-"
157.55.35.87 - - [25/Jul/2013:10:02:38 +0200] "GET /robots.txt HTTP/1.1" 404 1256 "-" "Mozilla/5.0 (compatible; bingbot/2.0; +http://www.bing.com/bingbot.htm)"
157.55.35.87 - - [25/Jul/2013:10:04:23 +0200] "GET / HTTP/1.1" 200 3135 "-" "Mozilla/5.0 (compatible; bingbot/2.0; +http://www.bing.com/bingbot.htm)"
157.55.35.87 - - [25/Jul/2013:10:04:29 +0200] "GET /css/stylesheet.css HTTP/1.1" 200 6398 "-" "Mozilla/5.0 (compatible; bingbot/2.0; +http://www.bing.com/bingbot.htm)"
157.55.32.81 - - [25/Jul/2013:11:05:39 +0200] "GET /robots.txt HTTP/1.1" 404 1256 "-" "Mozilla/5.0 (compatible; bingbot/2.0; +http://www.bing.com/bingbot.htm)"
157.55.32.56 - - [25/Jul/2013:11:05:39 +0200] "GET /robots.txt HTTP/1.1" 404 1256 "-" "Mozilla/5.0 (compatible; bingbot/2.0; +http://www.bing.com/bingbot.htm)"
157.55.32.81 - - [25/Jul/2013:11:06:22 +0200] "GET /css/gudea-regular-webfont.svg HTTP/1.1" 200 49818 "-" "Mozilla/5.0 (compatible; bingbot/2.0; +http://www.bing.com/bingbot.htm)"
157.55.32.81 - - [25/Jul/2013:11:06:23 +0200] "GET /css/gudea-regular-webfont.ttf HTTP/1.1" 200 35968 "-" "Mozilla/5.0 (compatible; bingbot/2.0; +http://www.bing.com/bingbot.htm)"
157.55.32.56 - - [25/Jul/2013:11:07:21 +0200] "GET /css/gudea-bold-webfont.svg HTTP/1.1" 200 48897 "-" "Mozilla/5.0 (compatible; bingbot/2.0; +http://www.bing.com/bingbot.htm)"
157.55.32.56 - - [25/Jul/2013:11:07:22 +0200] "GET /css/gudea-bold-webfont.ttf HTTP/1.1" 200 35992 "-" "Mozilla/5.0 (compatible; bingbot/2.0; +http://www.bing.com/bingbot.htm)"
5.10.83.92 - - [25/Jul/2013:11:10:38 +0200] "GET /leistungen.html HTTP/1.1" 200 3224 "-" "Mozilla/5.0 (compatible; AhrefsBot/5.0; +http://ahrefs.com/robot/)"
66.249.72.132 - - [25/Jul/2013:12:04:51 +0200] "GET /robots.txt HTTP/1.1" 404 1256 "-" "Mozilla/5.0 (compatible; Googlebot/2.1; +http://www.google.com/bot.html)"
66.249.72.132 - - [25/Jul/2013:12:04:51 +0200] "GET /leistungen.html HTTP/1.1" 304 - "-" "Mozilla/5.0 (iPhone; U; CPU iPhone OS 4_1 like Mac OS X; en-us) AppleWebKit/532.9 (KHTML, like Gecko) Version/4.0.5 Mobile/8B117 Safari/6531.22.7 (compatible; Googlebot-Mobile/2.1; +http://www.google.com/bot.html)"
5.10.83.10 - - [25/Jul/2013:12:25:09 +0200] "GET / HTTP/1.1" 200 3135 "-" "Mozilla/5.0 (compatible; AhrefsBot/5.0; +http://ahrefs.com/robot/)"
79.216.123.93 - - [25/Jul/2013:13:35:54 +0200] "GET /wir-ueber-uns.html HTTP/1.1" 200 5703 "-" "Mozilla/5.0 (Windows NT 6.1; WOW64; rv:22.0) Gecko/20100101 Firefox/22.0"
79.216.123.93 - - [25/Jul/2013:13:35:55 +0200] "GET /css/stylesheet.css HTTP/1.1" 200 6398 "http://www.bsb-schrott.de/wir-ueber-uns.html" "Mozilla/5.0 (Windows NT 6.1; WOW64; rv:22.0) Gecko/20100101 Firefox/22.0"
79.216.123.93 - - [25/Jul/2013:13:35:55 +0200] "GET /img/news.jpg HTTP/1.1" 200 7536 "http://www.bsb-schrott.de/wir-ueber-uns.html" "Mozilla/5.0 (Windows NT 6.1; WOW64; rv:22.0) Gecko/20100101 Firefox/22.0"
79.216.123.93 - - [25/Jul/2013:13:35:55 +0200] "GET /img/gradient_header.png HTTP/1.1" 200 253 "http://www.bsb-schrott.de/css/stylesheet.css" "Mozilla/5.0 (Windows NT 6.1; WOW64; rv:22.0) Gecko/20100101 Firefox/22.0"
79.216.123.93 - - [25/Jul/2013:13:35:55 +0200] "GET /img/bsb_logo.jpg HTTP/1.1" 200 31271 "http://www.bsb-schrott.de/css/stylesheet.css" "Mozilla/5.0 (Windows NT 6.1; WOW64; rv:22.0) Gecko/20100101 Firefox/22.0"
79.216.123.93 - - [25/Jul/2013:13:35:55 +0200] "GET /img/header_banner.png HTTP/1.1" 200 22955 "http://www.bsb-schrott.de/css/stylesheet.css" "Mozilla/5.0 (Windows NT 6.1; WOW64; rv:22.0) Gecko/20100101 Firefox/22.0"
79.216.123.93 - - [25/Jul/2013:13:35:55 +0200] "GET /css/gudea-regular-webfont.woff HTTP/1.1" 200 21616 "http://www.bsb-schrott.de/css/stylesheet.css" "Mozilla/5.0 (Windows NT 6.1; WOW64; rv:22.0) Gecko/20100101 Firefox/22.0"
79.216.123.93 - - [25/Jul/2013:13:35:55 +0200] "GET /css/gudea-bold-webfont.woff HTTP/1.1" 200 21884 "http://www.bsb-schrott.de/css/stylesheet.css" "Mozilla/5.0 (Windows NT 6.1; WOW64; rv:22.0) Gecko/20100101 Firefox/22.0"
79.216.123.93 - - [25/Jul/2013:13:35:55 +0200] "GET /img/iwa_cert.png HTTP/1.1" 200 38259 "http://www.bsb-schrott.de/css/stylesheet.css" "Mozilla/5.0 (Windows NT 6.1; WOW64; rv:22.0) Gecko/20100101 Firefox/22.0"
79.216.123.93 - - [25/Jul/2013:13:35:55 +0200] "GET /css/gudea-italic-webfont.woff HTTP/1.1" 200 25624 "http://www.bsb-schrott.de/css/stylesheet.css" "Mozilla/5.0 (Windows NT 6.1; WOW64; rv:22.0) Gecko/20100101 Firefox/22.0"
79.216.123.93 - - [25/Jul/2013:13:35:55 +0200] "GET /img/nav.png HTTP/1.1" 200 197 "http://www.bsb-schrott.de/css/stylesheet.css" "Mozilla/5.0 (Windows NT 6.1; WOW64; rv:22.0) Gecko/20100101 Firefox/22.0"
79.216.123.93 - - [25/Jul/2013:13:35:55 +0200] "GET /img/nav_activ.png HTTP/1.1" 200 520 "http://www.bsb-schrott.de/css/stylesheet.css" "Mozilla/5.0 (Windows NT 6.1; WOW64; rv:22.0) Gecko/20100101 Firefox/22.0"
79.216.123.93 - - [25/Jul/2013:13:35:55 +0200] "GET /img/gradient_navbar.png HTTP/1.1" 200 144 "http://www.bsb-schrott.de/css/stylesheet.css" "Mozilla/5.0 (Windows NT 6.1; WOW64; rv:22.0) Gecko/20100101 Firefox/22.0"
79.216.123.93 - - [25/Jul/2013:13:35:55 +0200] "GET /img/gradient_left.png HTTP/1.1" 200 135 "http://www.bsb-schrott.de/css/stylesheet.css" "Mozilla/5.0 (Windows NT 6.1; WOW64; rv:22.0) Gecko/20100101 Firefox/22.0"
79.216.123.93 - - [25/Jul/2013:13:35:55 +0200] "GET /img/contentBg.png HTTP/1.1" 200 110 "http://www.bsb-schrott.de/css/stylesheet.css" "Mozilla/5.0 (Windows NT 6.1; WOW64; rv:22.0) Gecko/20100101 Firefox/22.0"
79.216.123.93 - - [25/Jul/2013:13:35:55 +0200] "GET /img/lvl.png HTTP/1.1" 200 1441 "http://www.bsb-schrott.de/css/stylesheet.css" "Mozilla/5.0 (Windows NT 6.1; WOW64; rv:22.0) Gecko/20100101 Firefox/22.0"
79.216.123.93 - - [25/Jul/2013:13:35:55 +0200] "GET /img/bsb_background.jpg HTTP/1.1" 200 84092 "http://www.bsb-schrott.de/css/stylesheet.css" "Mozilla/5.0 (Windows NT 6.1; WOW64; rv:22.0) Gecko/20100101 Firefox/22.0"
79.216.123.93 - - [25/Jul/2013:13:35:55 +0200] "GET /img/timeline.png HTTP/1.1" 200 724 "http://www.bsb-schrott.de/css/stylesheet.css" "Mozilla/5.0 (Windows NT 6.1; WOW64; rv:22.0) Gecko/20100101 Firefox/22.0"
79.216.123.93 - - [25/Jul/2013:13:35:55 +0200] "GET /img/lhl.png HTTP/1.1" 200 1132 "http://www.bsb-schrott.de/css/stylesheet.css" "Mozilla/5.0 (Windows NT 6.1; WOW64; rv:22.0) Gecko/20100101 Firefox/22.0"
79.216.123.93 - - [25/Jul/2013:13:35:55 +0200] "GET /img/gradient_right.png HTTP/1.1" 200 127 "http://www.bsb-schrott.de/css/stylesheet.css" "Mozilla/5.0 (Windows NT 6.1; WOW64; rv:22.0) Gecko/20100101 Firefox/22.0"
79.216.123.93 - - [25/Jul/2013:13:35:55 +0200] "GET /img/gradient_footer.png HTTP/1.1" 200 140 "http://www.bsb-schrott.de/css/stylesheet.css" "Mozilla/5.0 (Windows NT 6.1; WOW64; rv:22.0) Gecko/20100101 Firefox/22.0"
79.216.123.93 - - [25/Jul/2013:13:35:55 +0200] "GET /img/content_bagger.png HTTP/1.1" 200 143701 "http://www.bsb-schrott.de/css/stylesheet.css" "Mozilla/5.0 (Windows NT 6.1; WOW64; rv:22.0) Gecko/20100101 Firefox/22.0"
79.216.123.93 - - [25/Jul/2013:13:35:55 +0200] "GET /favicon.ico HTTP/1.1" 404 1256 "-" "Mozilla/5.0 (Windows NT 6.1; WOW64; rv:22.0) Gecko/20100101 Firefox/22.0"
79.216.123.93 - - [25/Jul/2013:13:35:55 +0200] "GET /favicon.ico HTTP/1.1" 404 1256 "-" "Mozilla/5.0 (Windows NT 6.1; WOW64; rv:22.0) Gecko/20100101 Firefox/22.0"
79.216.123.93 - - [25/Jul/2013:13:37:24 +0200] "GET /impressum.html HTTP/1.1" 200 3432 "http://www.bsb-schrott.de/wir-ueber-uns.html" "Mozilla/5.0 (Windows NT 6.1; WOW64; rv:22.0) Gecko/20100101 Firefox/22.0"
5.10.83.78 - - [25/Jul/2013:14:23:03 +0200] "GET /kontakt.html HTTP/1.1" 200 3830 "-" "Mozilla/5.0 (compatible; AhrefsBot/5.0; +http://ahrefs.com/robot/)"
5.10.83.78 - - [25/Jul/2013:14:35:28 +0200] "GET /index.html HTTP/1.1" 200 3135 "-" "Mozilla/5.0 (compatible; AhrefsBot/5.0; +http://ahrefs.com/robot/)"
5.10.83.78 - - [25/Jul/2013:14:44:47 +0200] "GET /referenzen.html HTTP/1.1" 200 4045 "-" "Mozilla/5.0 (compatible; AhrefsBot/5.0; +http://ahrefs.com/robot/)"
85.214.21.33 - - [25/Jul/2013:15:04:11 +0200] "GET / HTTP/1.0" 200 3135 "-" "-"
5.10.83.78 - - [25/Jul/2013:15:45:30 +0200] "GET /leistungen.html HTTP/1.1" 200 3224 "-" "Mozilla/5.0 (compatible; AhrefsBot/5.0; +http://ahrefs.com/robot/)"
5.10.83.83 - - [25/Jul/2013:20:17:05 +0200] "GET /referenzen.html HTTP/1.1" 200 4045 "-" "Mozilla/5.0 (compatible; AhrefsBot/5.0; +http://ahrefs.com/robot/)"
5.10.83.83 - - [25/Jul/2013:20:25:21 +0200] "GET /leistungen.html HTTP/1.1" 200 3224 "-" "Mozilla/5.0 (compatible; AhrefsBot/5.0; +http://ahrefs.com/robot/)"
5.10.83.83 - - [25/Jul/2013:21:09:57 +0200] "GET /index.html HTTP/1.1" 200 3135 "-" "Mozilla/5.0 (compatible; AhrefsBot/5.0; +http://ahrefs.com/robot/)"
5.10.83.83 - - [25/Jul/2013:22:25:35 +0200] "GET /kontakt.html HTTP/1.1" 200 3830 "-" "Mozilla/5.0 (compatible; AhrefsBot/5.0; +http://ahrefs.com/robot/)"
5.10.83.83 - - [25/Jul/2013:22:36:04 +0200] "GET /wir-ueber-uns.html HTTP/1.1" 200 5703 "-" "Mozilla/5.0 (compatible; AhrefsBot/5.0; +http://ahrefs.com/robot/)"
5.10.83.83 - - [25/Jul/2013:22:41:39 +0200] "GET /impressum.html HTTP/1.1" 200 3432 "-" "Mozilla/5.0 (compatible; AhrefsBot/5.0; +http://ahrefs.com/robot/)"
141.8.147.12 - - [26/Jul/2013:00:03:48 +0200] "GET /robots.txt HTTP/1.1" 404 1256 "-" "Mozilla/5.0 (compatible; YandexBot/3.0; +http://yandex.com/bots)"
5.10.83.23 - - [26/Jul/2013:00:32:26 +0200] "GET /index.html HTTP/1.1" 200 3135 "-" "Mozilla/5.0 (compatible; AhrefsBot/5.0; +http://ahrefs.com/robot/)"
66.249.72.132 - - [26/Jul/2013:00:57:18 +0200] "GET /robots.txt HTTP/1.1" 404 1256 "-" "Mozilla/5.0 (compatible; Googlebot/2.1; +http://www.google.com/bot.html)"
66.249.72.132 - - [26/Jul/2013:00:57:18 +0200] "GET / HTTP/1.1" 200 3135 "-" "Mozilla/5.0 (iPhone; U; CPU iPhone OS 4_1 like Mac OS X; en-us) AppleWebKit/532.9 (KHTML, like Gecko) Version/4.0.5 Mobile/8B117 Safari/6531.22.7 (compatible; Googlebot-Mobile/2.1; +http://www.google.com/bot.html)"
66.249.72.132 - - [26/Jul/2013:01:07:07 +0200] "GET /css/stylesheet.css HTTP/1.1" 200 6398 "-" "Mozilla/5.0 (compatible; Googlebot/2.1; +http://www.google.com/bot.html)"
141.8.147.12 - - [26/Jul/2013:01:15:03 +0200] "GET /referenzen.html HTTP/1.1" 200 4045 "-" "Mozilla/5.0 (compatible; YandexBot/3.0; +http://yandex.com/bots)"
5.10.83.23 - - [26/Jul/2013:01:44:51 +0200] "GET /img/referenzen/PICT1324.jpg HTTP/1.1" 200 286993 "-" "Mozilla/5.0 (compatible; AhrefsBot/5.0; +http://ahrefs.com/robot/)"
5.10.83.23 - - [26/Jul/2013:02:02:11 +0200] "GET /img/referenzen/PICT1325.jpg HTTP/1.1" 200 338707 "-" "Mozilla/5.0 (compatible; AhrefsBot/5.0; +http://ahrefs.com/robot/)"
5.10.83.23 - - [26/Jul/2013:02:03:58 +0200] "GET /img/referenzen/114.jpg HTTP/1.1" 200 291853 "-" "Mozilla/5.0 (compatible; AhrefsBot/5.0; +http://ahrefs.com/robot/)"
5.10.83.23 - - [26/Jul/2013:02:16:41 +0200] "GET /img/referenzen/011.jpg HTTP/1.1" 200 161700 "-" "Mozilla/5.0 (compatible; AhrefsBot/5.0; +http://ahrefs.com/robot/)"
66.249.72.132 - - [26/Jul/2013:02:42:45 +0200] "GET /pub/BSB_IWA_Zertifikat.pdf HTTP/1.1" 304 - "-" "Mozilla/5.0 (iPhone; U; CPU iPhone OS 4_1 like Mac OS X; en-us) AppleWebKit/532.9 (KHTML, like Gecko) Version/4.0.5 Mobile/8B117 Safari/6531.22.7 (compatible; Googlebot-Mobile/2.1; +http://www.google.com/bot.html)"
141.8.147.12 - - [26/Jul/2013:03:20:44 +0200] "GET /kontakt.html HTTP/1.1" 200 3830 "-" "Mozilla/5.0 (compatible; YandexBot/3.0; +http://yandex.com/bots)"
5.10.83.48 - - [26/Jul/2013:04:56:33 +0200] "GET /referenzen.html HTTP/1.1" 200 4045 "-" "Mozilla/5.0 (compatible; AhrefsBot/5.0; +http://ahrefs.com/robot/)"
141.8.147.12 - - [26/Jul/2013:05:24:15 +0200] "GET /leistungen.html HTTP/1.1" 200 3224 "-" "Mozilla/5.0 (compatible; YandexBot/3.0; +http://yandex.com/bots)"
5.10.83.48 - - [26/Jul/2013:05:26:51 +0200] "GET /img/referenzen/PICT1324.jpg HTTP/1.1" 200 286993 "-" "Mozilla/5.0 (compatible; AhrefsBot/5.0; +http://ahrefs.com/robot/)"
5.10.83.48 - - [26/Jul/2013:06:23:56 +0200] "GET /leistungen.html HTTP/1.1" 200 3224 "-" "Mozilla/5.0 (compatible; AhrefsBot/5.0; +http://ahrefs.com/robot/)"
5.10.83.48 - - [26/Jul/2013:06:50:57 +0200] "GET /index.html HTTP/1.1" 200 3135 "-" "Mozilla/5.0 (compatible; AhrefsBot/5.0; +http://ahrefs.com/robot/)"
141.8.147.12 - - [26/Jul/2013:07:01:28 +0200] "GET /impressum.html HTTP/1.1" 200 3432 "-" "Mozilla/5.0 (compatible; YandexBot/3.0; +http://yandex.com/bots)"
5.10.83.48 - - [26/Jul/2013:07:10:40 +0200] "GET /kontakt.html HTTP/1.1" 200 3830 "-" "Mozilla/5.0 (compatible; AhrefsBot/5.0; +http://ahrefs.com/robot/)"
173.199.114.75 - - [26/Jul/2013:07:31:03 +0200] "GET /img/referenzen/PICT1324.jpg HTTP/1.1" 200 286993 "-" "Mozilla/5.0 (compatible; AhrefsBot/4.0; +http://ahrefs.com/robot/)"
141.15.33.1 - - [26/Jul/2013:10:46:51 +0200] "GET / HTTP/1.1" 200 3135 "http://adresse.gelbeseiten.de/1056594540/bsb-robert-berndt-entsorgungsfachbetrieb/berlin/schoenerlinde" "Mozilla/4.0 (compatible; MSIE 8.0; Windows NT 5.1; Trident/4.0; .NET CLR 2.0.50727; .NET CLR 3.0.4506.2152; .NET CLR 3.5.30729; InfoPath.2; .NET4.0C; .NET4.0E; OfficeLiveConnector.1.5; OfficeLivePatch.1.3)"
141.15.33.1 - - [26/Jul/2013:10:46:51 +0200] "GET /css/stylesheet.css HTTP/1.1" 200 6398 "http://www.bsb-schrott.de/" "Mozilla/4.0 (compatible; MSIE 8.0; Windows NT 5.1; Trident/4.0; .NET CLR 2.0.50727; .NET CLR 3.0.4506.2152; .NET CLR 3.5.30729; InfoPath.2; .NET4.0C; .NET4.0E; OfficeLiveConnector.1.5; OfficeLivePatch.1.3)"
141.15.33.1 - - [26/Jul/2013:10:46:51 +0200] "GET /img/news.jpg HTTP/1.1" 200 7536 "http://www.bsb-schrott.de/" "Mozilla/4.0 (compatible; MSIE 8.0; Windows NT 5.1; Trident/4.0; .NET CLR 2.0.50727; .NET CLR 3.0.4506.2152; .NET CLR 3.5.30729; InfoPath.2; .NET4.0C; .NET4.0E; OfficeLiveConnector.1.5; OfficeLivePatch.1.3)"
141.15.33.1 - - [26/Jul/2013:10:46:51 +0200] "GET /css/gudea-regular-webfont.eot? HTTP/1.1" 200 36144 "http://www.bsb-schrott.de/" "Mozilla/4.0 (compatible; MSIE 8.0; Windows NT 5.1; Trident/4.0; .NET CLR 2.0.50727; .NET CLR 3.0.4506.2152; .NET CLR 3.5.30729; InfoPath.2; .NET4.0C; .NET4.0E; OfficeLiveConnector.1.5; OfficeLivePatch.1.3)"
141.15.33.1 - - [26/Jul/2013:10:46:51 +0200] "GET /css/gudea-italic-webfont.eot? HTTP/1.1" 200 44788 "http://www.bsb-schrott.de/" "Mozilla/4.0 (compatible; MSIE 8.0; Windows NT 5.1; Trident/4.0; .NET CLR 2.0.50727; .NET CLR 3.0.4506.2152; .NET CLR 3.5.30729; InfoPath.2; .NET4.0C; .NET4.0E; OfficeLiveConnector.1.5; OfficeLivePatch.1.3)"
141.15.33.1 - - [26/Jul/2013:10:46:51 +0200] "GET /img/bsb_logo.jpg HTTP/1.1" 200 31271 "http://www.bsb-schrott.de/" "Mozilla/4.0 (compatible; MSIE 8.0; Windows NT 5.1; Trident/4.0; .NET CLR 2.0.50727; .NET CLR 3.0.4506.2152; .NET CLR 3.5.30729; InfoPath.2; .NET4.0C; .NET4.0E; OfficeLiveConnector.1.5; OfficeLivePatch.1.3)"
141.15.33.1 - - [26/Jul/2013:10:46:51 +0200] "GET /img/gradient_header.png HTTP/1.1" 200 253 "http://www.bsb-schrott.de/" "Mozilla/4.0 (compatible; MSIE 8.0; Windows NT 5.1; Trident/4.0; .NET CLR 2.0.50727; .NET CLR 3.0.4506.2152; .NET CLR 3.5.30729; InfoPath.2; .NET4.0C; .NET4.0E; OfficeLiveConnector.1.5; OfficeLivePatch.1.3)"
141.15.33.1 - - [26/Jul/2013:10:46:51 +0200] "GET /img/gradient_right.png HTTP/1.1" 200 127 "http://www.bsb-schrott.de/" "Mozilla/4.0 (compatible; MSIE 8.0; Windows NT 5.1; Trident/4.0; .NET CLR 2.0.50727; .NET CLR 3.0.4506.2152; .NET CLR 3.5.30729; InfoPath.2; .NET4.0C; .NET4.0E; OfficeLiveConnector.1.5; OfficeLivePatch.1.3)"
141.15.33.1 - - [26/Jul/2013:10:46:51 +0200] "GET /img/contentBg.png HTTP/1.1" 200 110 "http://www.bsb-schrott.de/" "Mozilla/4.0 (compatible; MSIE 8.0; Windows NT 5.1; Trident/4.0; .NET CLR 2.0.50727; .NET CLR 3.0.4506.2152; .NET CLR 3.5.30729; InfoPath.2; .NET4.0C; .NET4.0E; OfficeLiveConnector.1.5; OfficeLivePatch.1.3)"
141.15.33.1 - - [26/Jul/2013:10:46:51 +0200] "GET /img/content_bagger.png HTTP/1.1" 200 143701 "http://www.bsb-schrott.de/" "Mozilla/4.0 (compatible; MSIE 8.0; Windows NT 5.1; Trident/4.0; .NET CLR 2.0.50727; .NET CLR 3.0.4506.2152; .NET CLR 3.5.30729; InfoPath.2; .NET4.0C; .NET4.0E; OfficeLiveConnector.1.5; OfficeLivePatch.1.3)"
141.15.33.1 - - [26/Jul/2013:10:46:51 +0200] "GET /img/lvl.png HTTP/1.1" 200 1441 "http://www.bsb-schrott.de/" "Mozilla/4.0 (compatible; MSIE 8.0; Windows NT 5.1; Trident/4.0; .NET CLR 2.0.50727; .NET CLR 3.0.4506.2152; .NET CLR 3.5.30729; InfoPath.2; .NET4.0C; .NET4.0E; OfficeLiveConnector.1.5; OfficeLivePatch.1.3)"
141.15.33.1 - - [26/Jul/2013:10:46:51 +0200] "GET /img/iwa_cert.png HTTP/1.1" 200 38259 "http://www.bsb-schrott.de/" "Mozilla/4.0 (compatible; MSIE 8.0; Windows NT 5.1; Trident/4.0; .NET CLR 2.0.50727; .NET CLR 3.0.4506.2152; .NET CLR 3.5.30729; InfoPath.2; .NET4.0C; .NET4.0E; OfficeLiveConnector.1.5; OfficeLivePatch.1.3)"
141.15.33.1 - - [26/Jul/2013:10:46:51 +0200] "GET /img/gradient_footer.png HTTP/1.1" 200 140 "http://www.bsb-schrott.de/" "Mozilla/4.0 (compatible; MSIE 8.0; Windows NT 5.1; Trident/4.0; .NET CLR 2.0.50727; .NET CLR 3.0.4506.2152; .NET CLR 3.5.30729; InfoPath.2; .NET4.0C; .NET4.0E; OfficeLiveConnector.1.5; OfficeLivePatch.1.3)"
141.15.33.1 - - [26/Jul/2013:10:46:51 +0200] "GET /img/header_banner.png HTTP/1.1" 200 22955 "http://www.bsb-schrott.de/" "Mozilla/4.0 (compatible; MSIE 8.0; Windows NT 5.1; Trident/4.0; .NET CLR 2.0.50727; .NET CLR 3.0.4506.2152; .NET CLR 3.5.30729; InfoPath.2; .NET4.0C; .NET4.0E; OfficeLiveConnector.1.5; OfficeLivePatch.1.3)"
141.15.33.1 - - [26/Jul/2013:10:46:51 +0200] "GET /css/gudea-bold-webfont.eot? HTTP/1.1" 200 36156 "http://www.bsb-schrott.de/" "Mozilla/4.0 (compatible; MSIE 8.0; Windows NT 5.1; Trident/4.0; .NET CLR 2.0.50727; .NET CLR 3.0.4506.2152; .NET CLR 3.5.30729; InfoPath.2; .NET4.0C; .NET4.0E; OfficeLiveConnector.1.5; OfficeLivePatch.1.3)"
141.15.33.1 - - [26/Jul/2013:10:46:51 +0200] "GET /img/bsb_background.jpg HTTP/1.1" 200 84092 "http://www.bsb-schrott.de/" "Mozilla/4.0 (compatible; MSIE 8.0; Windows NT 5.1; Trident/4.0; .NET CLR 2.0.50727; .NET CLR 3.0.4506.2152; .NET CLR 3.5.30729; InfoPath.2; .NET4.0C; .NET4.0E; OfficeLiveConnector.1.5; OfficeLivePatch.1.3)"
141.15.33.1 - - [26/Jul/2013:10:46:51 +0200] "GET /img/gradient_navbar.png HTTP/1.1" 200 144 "http://www.bsb-schrott.de/" "Mozilla/4.0 (compatible; MSIE 8.0; Windows NT 5.1; Trident/4.0; .NET CLR 2.0.50727; .NET CLR 3.0.4506.2152; .NET CLR 3.5.30729; InfoPath.2; .NET4.0C; .NET4.0E; OfficeLiveConnector.1.5; OfficeLivePatch.1.3)"
141.15.33.1 - - [26/Jul/2013:10:46:51 +0200] "GET /img/gradient_left.png HTTP/1.1" 200 135 "http://www.bsb-schrott.de/" "Mozilla/4.0 (compatible; MSIE 8.0; Windows NT 5.1; Trident/4.0; .NET CLR 2.0.50727; .NET CLR 3.0.4506.2152; .NET CLR 3.5.30729; InfoPath.2; .NET4.0C; .NET4.0E; OfficeLiveConnector.1.5; OfficeLivePatch.1.3)"
141.15.33.1 - - [26/Jul/2013:10:46:51 +0200] "GET /img/nav_activ.png HTTP/1.1" 200 520 "http://www.bsb-schrott.de/" "Mozilla/4.0 (compatible; MSIE 8.0; Windows NT 5.1; Trident/4.0; .NET CLR 2.0.50727; .NET CLR 3.0.4506.2152; .NET CLR 3.5.30729; InfoPath.2; .NET4.0C; .NET4.0E; OfficeLiveConnector.1.5; OfficeLivePatch.1.3)"
141.15.33.1 - - [26/Jul/2013:10:46:51 +0200] "GET /img/nav.png HTTP/1.1" 200 197 "http://www.bsb-schrott.de/" "Mozilla/4.0 (compatible; MSIE 8.0; Windows NT 5.1; Trident/4.0; .NET CLR 2.0.50727; .NET CLR 3.0.4506.2152; .NET CLR 3.5.30729; InfoPath.2; .NET4.0C; .NET4.0E; OfficeLiveConnector.1.5; OfficeLivePatch.1.3)"
141.15.33.1 - - [26/Jul/2013:10:46:51 +0200] "GET /favicon.ico HTTP/1.1" 404 1256 "-" "Mozilla/4.0 (compatible; MSIE 8.0; Windows NT 5.1; Trident/4.0; .NET CLR 2.0.50727; .NET CLR 3.0.4506.2152; .NET CLR 3.5.30729; InfoPath.2; .NET4.0C; .NET4.0E; OfficeLiveConnector.1.5; OfficeLivePatch.1.3)"
141.15.33.1 - - [26/Jul/2013:10:47:02 +0200] "GET /leistungen.html HTTP/1.1" 200 3224 "http://www.bsb-schrott.de/" "Mozilla/4.0 (compatible; MSIE 8.0; Windows NT 5.1; Trident/4.0; .NET CLR 2.0.50727; .NET CLR 3.0.4506.2152; .NET CLR 3.5.30729; InfoPath.2; .NET4.0C; .NET4.0E; OfficeLiveConnector.1.5; OfficeLivePatch.1.3)"
141.15.33.1 - - [26/Jul/2013:10:47:02 +0200] "GET /favicon.ico HTTP/1.1" 404 1256 "-" "Mozilla/4.0 (compatible; MSIE 8.0; Windows NT 5.1; Trident/4.0; .NET CLR 2.0.50727; .NET CLR 3.0.4506.2152; .NET CLR 3.5.30729; InfoPath.2; .NET4.0C; .NET4.0E; OfficeLiveConnector.1.5; OfficeLivePatch.1.3)"
141.15.33.1 - - [26/Jul/2013:10:47:10 +0200] "GET /index.html HTTP/1.1" 200 3135 "http://www.bsb-schrott.de/leistungen.html" "Mozilla/4.0 (compatible; MSIE 8.0; Windows NT 5.1; Trident/4.0; .NET CLR 2.0.50727; .NET CLR 3.0.4506.2152; .NET CLR 3.5.30729; InfoPath.2; .NET4.0C; .NET4.0E; OfficeLiveConnector.1.5; OfficeLivePatch.1.3)"
141.15.33.1 - - [26/Jul/2013:10:47:12 +0200] "GET /kontakt.html HTTP/1.1" 200 3830 "http://www.bsb-schrott.de/index.html" "Mozilla/4.0 (compatible; MSIE 8.0; Windows NT 5.1; Trident/4.0; .NET CLR 2.0.50727; .NET CLR 3.0.4506.2152; .NET CLR 3.5.30729; InfoPath.2; .NET4.0C; .NET4.0E; OfficeLiveConnector.1.5; OfficeLivePatch.1.3)"
141.15.33.1 - - [26/Jul/2013:10:47:12 +0200] "GET /img/lhl.png HTTP/1.1" 200 1132 "http://www.bsb-schrott.de/kontakt.html" "Mozilla/4.0 (compatible; MSIE 8.0; Windows NT 5.1; Trident/4.0; .NET CLR 2.0.50727; .NET CLR 3.0.4506.2152; .NET CLR 3.5.30729; InfoPath.2; .NET4.0C; .NET4.0E; OfficeLiveConnector.1.5; OfficeLivePatch.1.3)"
5.10.83.84 - - [26/Jul/2013:10:59:52 +0200] "GET /img/referenzen/PICT1325.jpg HTTP/1.1" 200 338707 "-" "Mozilla/5.0 (compatible; AhrefsBot/5.0; +http://ahrefs.com/robot/)"
5.10.83.84 - - [26/Jul/2013:11:38:20 +0200] "GET /wir-ueber-uns.html HTTP/1.1" 200 5703 "-" "Mozilla/5.0 (compatible; AhrefsBot/5.0; +http://ahrefs.com/robot/)"
66.249.72.132 - - [26/Jul/2013:11:56:43 +0200] "GET /robots.txt HTTP/1.1" 404 1256 "-" "Mozilla/5.0 (compatible; Googlebot/2.1; +http://www.google.com/bot.html)"
66.249.72.132 - - [26/Jul/2013:11:56:43 +0200] "GET /wir-ueber-uns.html HTTP/1.1" 304 - "-" "Mozilla/5.0 (iPhone; U; CPU iPhone OS 4_1 like Mac OS X; en-us) AppleWebKit/532.9 (KHTML, like Gecko) Version/4.0.5 Mobile/8B117 Safari/6531.22.7 (compatible; Googlebot-Mobile/2.1; +http://www.google.com/bot.html)"
66.249.72.132 - - [26/Jul/2013:12:58:57 +0200] "GET / HTTP/1.1" 200 3135 "-" "Mozilla/5.0 (compatible; Googlebot/2.1; +http://www.google.com/bot.html)"
66.249.72.132 - - [26/Jul/2013:13:04:33 +0200] "GET /wir-ueber-uns.html HTTP/1.1" 304 - "-" "Mozilla/5.0 (compatible; Googlebot/2.1; +http://www.google.com/bot.html)"
66.249.72.132 - - [26/Jul/2013:14:08:06 +0200] "GET /impressum.html HTTP/1.1" 304 - "-" "Mozilla/5.0 (compatible; Googlebot/2.1; +http://www.google.com/bot.html)"
5.10.83.95 - - [26/Jul/2013:14:13:41 +0200] "GET /img/referenzen/114.jpg HTTP/1.1" 200 291853 "-" "Mozilla/5.0 (compatible; AhrefsBot/5.0; +http://ahrefs.com/robot/)"
66.249.72.132 - - [26/Jul/2013:14:21:39 +0200] "GET /kontakt.html HTTP/1.1" 304 - "-" "Mozilla/5.0 (compatible; Googlebot/2.1; +http://www.google.com/bot.html)"
66.249.72.132 - - [26/Jul/2013:14:21:41 +0200] "GET /pub/BSB_IWA_Zertifikat.pdf HTTP/1.1" 304 - "-" "Mozilla/5.0 (compatible; Googlebot/2.1; +http://www.google.com/bot.html)"
80.153.158.247 - - [26/Jul/2013:14:47:30 +0200] "GET / HTTP/1.1" 200 3135 "http://www.google.de/url?sa=t&rct=j&q=schrott-buntmetalle&source=web&cd=4&ved=0CEAQFjAD&url=http%3A%2F%2Fwww.bsb-schrott.de%2F&ei=kG_yUZSuM4WRswao7YCAAg&usg=AFQjCNEDqREvx0Tr5ZV-8Og1Vv-fFeOPRg" "Mozilla/5.0 (Windows NT 6.1; rv:13.0) Gecko/20100101 Firefox/13.0.1"
80.153.158.247 - - [26/Jul/2013:14:47:30 +0200] "GET /css/stylesheet.css HTTP/1.1" 200 6398 "http://www.bsb-schrott.de/" "Mozilla/5.0 (Windows NT 6.1; rv:13.0) Gecko/20100101 Firefox/13.0.1"
80.153.158.247 - - [26/Jul/2013:14:47:30 +0200] "GET /img/news.jpg HTTP/1.1" 200 7536 "http://www.bsb-schrott.de/" "Mozilla/5.0 (Windows NT 6.1; rv:13.0) Gecko/20100101 Firefox/13.0.1"
80.153.158.247 - - [26/Jul/2013:14:47:30 +0200] "GET /img/gradient_header.png HTTP/1.1" 200 253 "http://www.bsb-schrott.de/css/stylesheet.css" "Mozilla/5.0 (Windows NT 6.1; rv:13.0) Gecko/20100101 Firefox/13.0.1"
80.153.158.247 - - [26/Jul/2013:14:47:30 +0200] "GET /css/gudea-regular-webfont.woff HTTP/1.1" 200 21616 "http://www.bsb-schrott.de/css/stylesheet.css" "Mozilla/5.0 (Windows NT 6.1; rv:13.0) Gecko/20100101 Firefox/13.0.1"
80.153.158.247 - - [26/Jul/2013:14:47:30 +0200] "GET /img/bsb_logo.jpg HTTP/1.1" 200 31271 "http://www.bsb-schrott.de/css/stylesheet.css" "Mozilla/5.0 (Windows NT 6.1; rv:13.0) Gecko/20100101 Firefox/13.0.1"
80.153.158.247 - - [26/Jul/2013:14:47:30 +0200] "GET /css/gudea-bold-webfont.woff HTTP/1.1" 200 21884 "http://www.bsb-schrott.de/css/stylesheet.css" "Mozilla/5.0 (Windows NT 6.1; rv:13.0) Gecko/20100101 Firefox/13.0.1"
80.153.158.247 - - [26/Jul/2013:14:47:30 +0200] "GET /img/header_banner.png HTTP/1.1" 200 22955 "http://www.bsb-schrott.de/css/stylesheet.css" "Mozilla/5.0 (Windows NT 6.1; rv:13.0) Gecko/20100101 Firefox/13.0.1"
80.153.158.247 - - [26/Jul/2013:14:47:30 +0200] "GET /img/nav_activ.png HTTP/1.1" 200 520 "http://www.bsb-schrott.de/css/stylesheet.css" "Mozilla/5.0 (Windows NT 6.1; rv:13.0) Gecko/20100101 Firefox/13.0.1"
80.153.158.247 - - [26/Jul/2013:14:47:30 +0200] "GET /img/nav.png HTTP/1.1" 200 197 "http://www.bsb-schrott.de/css/stylesheet.css" "Mozilla/5.0 (Windows NT 6.1; rv:13.0) Gecko/20100101 Firefox/13.0.1"
80.153.158.247 - - [26/Jul/2013:14:47:30 +0200] "GET /img/gradient_navbar.png HTTP/1.1" 200 144 "http://www.bsb-schrott.de/css/stylesheet.css" "Mozilla/5.0 (Windows NT 6.1; rv:13.0) Gecko/20100101 Firefox/13.0.1"
80.153.158.247 - - [26/Jul/2013:14:47:31 +0200] "GET /img/gradient_left.png HTTP/1.1" 200 135 "http://www.bsb-schrott.de/css/stylesheet.css" "Mozilla/5.0 (Windows NT 6.1; rv:13.0) Gecko/20100101 Firefox/13.0.1"
80.153.158.247 - - [26/Jul/2013:14:47:31 +0200] "GET /img/contentBg.png HTTP/1.1" 200 110 "http://www.bsb-schrott.de/css/stylesheet.css" "Mozilla/5.0 (Windows NT 6.1; rv:13.0) Gecko/20100101 Firefox/13.0.1"
80.153.158.247 - - [26/Jul/2013:14:47:31 +0200] "GET /img/lvl.png HTTP/1.1" 200 1441 "http://www.bsb-schrott.de/css/stylesheet.css" "Mozilla/5.0 (Windows NT 6.1; rv:13.0) Gecko/20100101 Firefox/13.0.1"
80.153.158.247 - - [26/Jul/2013:14:47:30 +0200] "GET /img/iwa_cert.png HTTP/1.1" 200 38259 "http://www.bsb-schrott.de/css/stylesheet.css" "Mozilla/5.0 (Windows NT 6.1; rv:13.0) Gecko/20100101 Firefox/13.0.1"
80.153.158.247 - - [26/Jul/2013:14:47:31 +0200] "GET /img/gradient_right.png HTTP/1.1" 200 127 "http://www.bsb-schrott.de/css/stylesheet.css" "Mozilla/5.0 (Windows NT 6.1; rv:13.0) Gecko/20100101 Firefox/13.0.1"
80.153.158.247 - - [26/Jul/2013:14:47:31 +0200] "GET /img/gradient_footer.png HTTP/1.1" 200 140 "http://www.bsb-schrott.de/css/stylesheet.css" "Mozilla/5.0 (Windows NT 6.1; rv:13.0) Gecko/20100101 Firefox/13.0.1"
80.153.158.247 - - [26/Jul/2013:14:47:31 +0200] "GET /img/content_bagger.png HTTP/1.1" 200 143701 "http://www.bsb-schrott.de/css/stylesheet.css" "Mozilla/5.0 (Windows NT 6.1; rv:13.0) Gecko/20100101 Firefox/13.0.1"
80.153.158.247 - - [26/Jul/2013:14:47:30 +0200] "GET /img/bsb_background.jpg HTTP/1.1" 200 84092 "http://www.bsb-schrott.de/css/stylesheet.css" "Mozilla/5.0 (Windows NT 6.1; rv:13.0) Gecko/20100101 Firefox/13.0.1"
80.153.158.247 - - [26/Jul/2013:14:47:31 +0200] "GET /favicon.ico HTTP/1.1" 404 1256 "-" "Mozilla/5.0 (Windows NT 6.1; rv:13.0) Gecko/20100101 Firefox/13.0.1"
80.153.158.247 - - [26/Jul/2013:14:47:31 +0200] "GET /favicon.ico HTTP/1.1" 404 1256 "-" "Mozilla/5.0 (Windows NT 6.1; rv:13.0) Gecko/20100101 Firefox/13.0.1"
80.153.158.247 - - [26/Jul/2013:14:47:31 +0200] "GET /favicon.ico HTTP/1.1" 404 1256 "-" "Mozilla/5.0 (Windows NT 6.1; rv:13.0) Gecko/20100101 Firefox/13.0.1"
80.153.158.247 - - [26/Jul/2013:14:47:38 +0200] "GET /kontakt.html HTTP/1.1" 200 3830 "http://www.bsb-schrott.de/" "Mozilla/5.0 (Windows NT 6.1; rv:13.0) Gecko/20100101 Firefox/13.0.1"
80.153.158.247 - - [26/Jul/2013:14:47:38 +0200] "GET /img/lhl.png HTTP/1.1" 200 1132 "http://www.bsb-schrott.de/css/stylesheet.css" "Mozilla/5.0 (Windows NT 6.1; rv:13.0) Gecko/20100101 Firefox/13.0.1"
173.199.114.75 - - [26/Jul/2013:14:58:29 +0200] "GET /img/referenzen/114.jpg HTTP/1.1" 200 291853 "-" "Mozilla/5.0 (compatible; AhrefsBot/4.0; +http://ahrefs.com/robot/)"
5.10.83.95 - - [26/Jul/2013:15:01:38 +0200] "GET /impressum.html HTTP/1.1" 200 3432 "-" "Mozilla/5.0 (compatible; AhrefsBot/5.0; +http://ahrefs.com/robot/)"
66.249.72.132 - - [26/Jul/2013:15:32:44 +0200] "GET /leistungen.html HTTP/1.1" 304 - "-" "Mozilla/5.0 (compatible; Googlebot/2.1; +http://www.google.com/bot.html)"
66.249.72.132 - - [26/Jul/2013:15:36:28 +0200] "GET /referenzen.html HTTP/1.1" 200 4045 "-" "Mozilla/5.0 (compatible; Googlebot/2.1; +http://www.google.com/bot.html)"
5.10.83.95 - - [26/Jul/2013:15:37:22 +0200] "GET /img/referenzen/PICT1324.jpg HTTP/1.1" 200 286993 "-" "Mozilla/5.0 (compatible; AhrefsBot/5.0; +http://ahrefs.com/robot/)"
66.249.72.132 - - [26/Jul/2013:15:41:12 +0200] "GET /css/jquery.fancybox-1.3.4.css HTTP/1.1" 200 8776 "-" "Mozilla/5.0 (compatible; Googlebot/2.1; +http://www.google.com/bot.html)"
66.249.72.132 - - [26/Jul/2013:15:41:13 +0200] "GET /js/jquery.fancybox-1.3.4.pack.js HTTP/1.1" 200 15624 "-" "Mozilla/5.0 (compatible; Googlebot/2.1; +http://www.google.com/bot.html)"
66.249.72.132 - - [26/Jul/2013:15:41:13 +0200] "GET /js/jquery.mousewheel-3.0.4.pack.js HTTP/1.1" 200 1279 "-" "Mozilla/5.0 (compatible; Googlebot/2.1; +http://www.google.com/bot.html)"
66.249.72.132 - - [26/Jul/2013:15:41:14 +0200] "GET /js/jquery-1.7.2.min.js HTTP/1.1" 200 94840 "-" "Mozilla/5.0 (compatible; Googlebot/2.1; +http://www.google.com/bot.html)"
178.8.173.75 - - [26/Jul/2013:15:58:39 +0200] "GET / HTTP/1.1" 200 3135 "http://www.google.de/url?sa=t&rct=j&q=bsb%20berlin%20schrott&source=web&cd=1&ved=0CC8QFjAA&url=http%3A%2F%2Fwww.bsb-schrott.de%2F&ei=8H_yUdS2J4rWtAbK_oCwCg&usg=AFQjCNEDqREvx0Tr5ZV-8Og1Vv-fFeOPRg" "Mozilla/4.0 (compatible; MSIE 8.0; Windows NT 5.1; Trident/4.0; GTB7.5; .NET4.0C; OfficeLiveConnector.1.5; OfficeLivePatch.1.3; .NET CLR 2.0.50727; .NET CLR 3.0.4506.2152; .NET CLR 3.5.30729; BRI/2; AskTbORJ/5.15.23.36191)"
178.8.173.75 - - [26/Jul/2013:15:58:39 +0200] "GET /css/stylesheet.css HTTP/1.1" 200 6398 "http://www.bsb-schrott.de/" "Mozilla/4.0 (compatible; MSIE 8.0; Windows NT 5.1; Trident/4.0; GTB7.5; .NET4.0C; OfficeLiveConnector.1.5; OfficeLivePatch.1.3; .NET CLR 2.0.50727; .NET CLR 3.0.4506.2152; .NET CLR 3.5.30729; BRI/2; AskTbORJ/5.15.23.36191)"
178.8.173.75 - - [26/Jul/2013:15:58:40 +0200] "GET /img/news.jpg HTTP/1.1" 200 7536 "http://www.bsb-schrott.de/" "Mozilla/4.0 (compatible; MSIE 8.0; Windows NT 5.1; Trident/4.0; GTB7.5; .NET4.0C; OfficeLiveConnector.1.5; OfficeLivePatch.1.3; .NET CLR 2.0.50727; .NET CLR 3.0.4506.2152; .NET CLR 3.5.30729; BRI/2; AskTbORJ/5.15.23.36191)"
178.8.173.75 - - [26/Jul/2013:15:58:40 +0200] "GET /css/stylesheet.css HTTP/1.1" 200 6398 "http://www.bsb-schrott.de/" "Mozilla/4.0 (compatible; MSIE 8.0; Windows NT 5.1; Trident/4.0; GTB7.5; .NET4.0C; OfficeLiveConnector.1.5; OfficeLivePatch.1.3; .NET CLR 2.0.50727; .NET CLR 3.0.4506.2152; .NET CLR 3.5.30729; BRI/2; AskTbORJ/5.15.23.36191)"
178.8.173.75 - - [26/Jul/2013:15:58:40 +0200] "GET /css/gudea-regular-webfont.eot? HTTP/1.1" 200 36144 "http://www.bsb-schrott.de/" "Mozilla/4.0 (compatible; MSIE 8.0; Windows NT 5.1; Trident/4.0; GTB7.5; .NET4.0C; OfficeLiveConnector.1.5; OfficeLivePatch.1.3; .NET CLR 2.0.50727; .NET CLR 3.0.4506.2152; .NET CLR 3.5.30729; BRI/2; AskTbORJ/5.15.23.36191)"
178.8.173.75 - - [26/Jul/2013:15:58:40 +0200] "GET /img/gradient_header.png HTTP/1.1" 200 253 "http://www.bsb-schrott.de/" "Mozilla/4.0 (compatible; MSIE 8.0; Windows NT 5.1; Trident/4.0; GTB7.5; .NET4.0C; OfficeLiveConnector.1.5; OfficeLivePatch.1.3; .NET CLR 2.0.50727; .NET CLR 3.0.4506.2152; .NET CLR 3.5.30729; BRI/2; AskTbORJ/5.15.23.36191)"
178.8.173.75 - - [26/Jul/2013:15:58:40 +0200] "GET /img/header_banner.png HTTP/1.1" 200 22955 "http://www.bsb-schrott.de/" "Mozilla/4.0 (compatible; MSIE 8.0; Windows NT 5.1; Trident/4.0; GTB7.5; .NET4.0C; OfficeLiveConnector.1.5; OfficeLivePatch.1.3; .NET CLR 2.0.50727; .NET CLR 3.0.4506.2152; .NET CLR 3.5.30729; BRI/2; AskTbORJ/5.15.23.36191)"
178.8.173.75 - - [26/Jul/2013:15:58:40 +0200] "GET /img/bsb_logo.jpg HTTP/1.1" 200 31271 "http://www.bsb-schrott.de/" "Mozilla/4.0 (compatible; MSIE 8.0; Windows NT 5.1; Trident/4.0; GTB7.5; .NET4.0C; OfficeLiveConnector.1.5; OfficeLivePatch.1.3; .NET CLR 2.0.50727; .NET CLR 3.0.4506.2152; .NET CLR 3.5.30729; BRI/2; AskTbORJ/5.15.23.36191)"
178.8.173.75 - - [26/Jul/2013:15:58:40 +0200] "GET /css/gudea-italic-webfont.eot? HTTP/1.1" 200 44788 "http://www.bsb-schrott.de/" "Mozilla/4.0 (compatible; MSIE 8.0; Windows NT 5.1; Trident/4.0; GTB7.5; .NET4.0C; OfficeLiveConnector.1.5; OfficeLivePatch.1.3; .NET CLR 2.0.50727; .NET CLR 3.0.4506.2152; .NET CLR 3.5.30729; BRI/2; AskTbORJ/5.15.23.36191)"
178.8.173.75 - - [26/Jul/2013:15:58:40 +0200] "GET /img/nav_activ.png HTTP/1.1" 200 520 "http://www.bsb-schrott.de/" "Mozilla/4.0 (compatible; MSIE 8.0; Windows NT 5.1; Trident/4.0; GTB7.5; .NET4.0C; OfficeLiveConnector.1.5; OfficeLivePatch.1.3; .NET CLR 2.0.50727; .NET CLR 3.0.4506.2152; .NET CLR 3.5.30729; BRI/2; AskTbORJ/5.15.23.36191)"
178.8.173.75 - - [26/Jul/2013:15:58:40 +0200] "GET /img/nav.png HTTP/1.1" 200 197 "http://www.bsb-schrott.de/" "Mozilla/4.0 (compatible; MSIE 8.0; Windows NT 5.1; Trident/4.0; GTB7.5; .NET4.0C; OfficeLiveConnector.1.5; OfficeLivePatch.1.3; .NET CLR 2.0.50727; .NET CLR 3.0.4506.2152; .NET CLR 3.5.30729; BRI/2; AskTbORJ/5.15.23.36191)"
178.8.173.75 - - [26/Jul/2013:15:58:40 +0200] "GET /img/gradient_navbar.png HTTP/1.1" 200 144 "http://www.bsb-schrott.de/" "Mozilla/4.0 (compatible; MSIE 8.0; Windows NT 5.1; Trident/4.0; GTB7.5; .NET4.0C; OfficeLiveConnector.1.5; OfficeLivePatch.1.3; .NET CLR 2.0.50727; .NET CLR 3.0.4506.2152; .NET CLR 3.5.30729; BRI/2; AskTbORJ/5.15.23.36191)"
178.8.173.75 - - [26/Jul/2013:15:58:40 +0200] "GET /img/bsb_background.jpg HTTP/1.1" 200 84092 "http://www.bsb-schrott.de/" "Mozilla/4.0 (compatible; MSIE 8.0; Windows NT 5.1; Trident/4.0; GTB7.5; .NET4.0C; OfficeLiveConnector.1.5; OfficeLivePatch.1.3; .NET CLR 2.0.50727; .NET CLR 3.0.4506.2152; .NET CLR 3.5.30729; BRI/2; AskTbORJ/5.15.23.36191)"
178.8.173.75 - - [26/Jul/2013:15:58:40 +0200] "GET /css/gudea-bold-webfont.eot? HTTP/1.1" 200 36156 "http://www.bsb-schrott.de/" "Mozilla/4.0 (compatible; MSIE 8.0; Windows NT 5.1; Trident/4.0; GTB7.5; .NET4.0C; OfficeLiveConnector.1.5; OfficeLivePatch.1.3; .NET CLR 2.0.50727; .NET CLR 3.0.4506.2152; .NET CLR 3.5.30729; BRI/2; AskTbORJ/5.15.23.36191)"
