66.249.64.7 - - [01/Dec/2016:01:00:00 +0100] "GET / HTTP/1.1" 200 3274 "-" "Mozilla/5.0 (Linux; Android 6.0.1; Nexus 5X Build/MMB29P) AppleWebKit/537.36 (KHTML, like Gecko) Chrome/41.0.2272.96 Mobile Safari/537.36 (compatible; Googlebot/2.1; +http://www.google.com/bot.html)"
157.55.39.17 - - [01/Dec/2016:01:19:55 +0100] "GET / HTTP/1.1" 200 3274 "-" "Mozilla/5.0 (compatible; bingbot/2.0; +http://www.bing.com/bingbot.htm)"
66.249.64.10 - - [01/Dec/2016:04:38:04 +0100] "GET /robots.txt HTTP/1.1" 404 1256 "-" "Mozilla/5.0 (compatible; Googlebot/2.1; +http://www.google.com/bot.html)"
66.249.64.4 - - [01/Dec/2016:04:38:04 +0100] "GET / HTTP/1.1" 200 3274 "-" "Mozilla/5.0 (compatible; Googlebot/2.1; +http://www.google.com/bot.html)"
217.92.30.179 - - [01/Dec/2016:06:40:47 +0100] "GET / HTTP/1.1" 200 3274 "-" "Mozilla/5.0 (Windows NT 10.0; WOW64) AppleWebKit/537.36 (KHTML, like Gecko) Chrome/52.0.2743.116 Safari/537.36"
66.249.64.7 - - [01/Dec/2016:07:10:52 +0100] "GET / HTTP/1.1" 200 3274 "-" "Mozilla/5.0 (compatible; Googlebot/2.1; +http://www.google.com/bot.html)"
157.55.39.17 - - [01/Dec/2016:09:25:45 +0100] "GET /robots.txt HTTP/1.1" 404 1256 "-" "Mozilla/5.0 (compatible; bingbot/2.0; +http://www.bing.com/bingbot.htm)"
157.55.39.17 - - [01/Dec/2016:09:25:53 +0100] "GET /kontakt.htm HTTP/1.1" 404 1256 "-" "Mozilla/5.0 (iPhone; CPU iPhone OS 7_0 like Mac OS X) AppleWebKit/537.51.1 (KHTML, like Gecko) Version/7.0 Mobile/11A465 Safari/9537.53 (compatible; bingbot/2.0; +http://www.bing.com/bingbot.htm)"
138.201.59.34 - - [01/Dec/2016:12:43:09 +0100] "GET /robots.txt HTTP/1.0" 404 1256 "-" "Mozilla/5.0 (compatible; SEOkicks-Robot; +http://www.seokicks.de/robot.html)"
138.201.59.34 - - [01/Dec/2016:12:43:11 +0100] "GET / HTTP/1.0" 200 3274 "-" "Mozilla/5.0 (compatible; SEOkicks-Robot; +http://www.seokicks.de/robot.html)"
138.201.59.34 - - [01/Dec/2016:12:43:13 +0100] "GET /index.html HTTP/1.0" 200 3274 "-" "Mozilla/5.0 (compatible; SEOkicks-Robot; +http://www.seokicks.de/robot.html)"
138.201.59.34 - - [01/Dec/2016:12:43:14 +0100] "GET /css/bootstrap.min.css HTTP/1.0" 200 101265 "http://www.dialyse-falkensee.de/" "Mozilla/5.0 (compatible; SEOkicks-Robot; +http://www.seokicks.de/robot.html)"
138.201.59.34 - - [01/Dec/2016:12:43:17 +0100] "GET /css/bootstrap-responsive.min.css HTTP/1.0" 200 16520 "http://www.dialyse-falkensee.de/" "Mozilla/5.0 (compatible; SEOkicks-Robot; +http://www.seokicks.de/robot.html)"
138.201.59.34 - - [01/Dec/2016:12:43:18 +0100] "GET /ico/favicon.ico HTTP/1.0" 404 1256 "http://www.dialyse-falkensee.de/" "Mozilla/5.0 (compatible; SEOkicks-Robot; +http://www.seokicks.de/robot.html)"
138.201.59.34 - - [01/Dec/2016:12:43:22 +0100] "GET /js/bootstrap.min.js HTTP/1.0" 200 25764 "http://www.dialyse-falkensee.de/" "Mozilla/5.0 (compatible; SEOkicks-Robot; +http://www.seokicks.de/robot.html)"
157.55.39.17 - - [01/Dec/2016:13:11:00 +0100] "GET / HTTP/1.1" 200 3274 "-" "Mozilla/5.0 (compatible; bingbot/2.0; +http://www.bing.com/bingbot.htm)"
91.216.45.83 - - [01/Dec/2016:13:33:28 +0100] "GET / HTTP/1.1" 200 3274 "http://www.google.de/url?sa=t&rct=j&q=&esrc=s&source=web&cd=4&ved=0ahUKEwixhJSagNPQAhXGJsAKHYlDCKIQFgg2MAM&url=http%3A%2F%2Fwww.dialyse-falkensee.de%2F&usg=AFQjCNECgXXq-DVOeCPbM1zyqacv9mR2gg&bvm=bv.139782543,d.bGs" "Mozilla/5.0 (Windows NT 6.1; Trident/7.0; rv:11.0) like Gecko"
91.216.45.83 - - [01/Dec/2016:13:33:28 +0100] "GET /css/bootstrap-responsive.min.css HTTP/1.1" 200 16520 "http://www.dialyse-falkensee.de/" "Mozilla/5.0 (Windows NT 6.1; Trident/7.0; rv:11.0) like Gecko"
91.216.45.83 - - [01/Dec/2016:13:33:28 +0100] "GET /css/bootstrap.min.css HTTP/1.1" 200 101265 "http://www.dialyse-falkensee.de/" "Mozilla/5.0 (Windows NT 6.1; Trident/7.0; rv:11.0) like Gecko"
91.216.45.83 - - [01/Dec/2016:13:33:28 +0100] "GET /js/bootstrap.min.js HTTP/1.1" 200 25764 "http://www.dialyse-falkensee.de/" "Mozilla/5.0 (Windows NT 6.1; Trident/7.0; rv:11.0) like Gecko"
91.216.45.83 - - [01/Dec/2016:13:33:28 +0100] "GET /ico/favicon.ico HTTP/1.1" 404 1256 "-" "Mozilla/5.0 (Windows NT 6.1; Trident/7.0; rv:11.0) like Gecko"
91.216.45.83 - - [01/Dec/2016:13:33:29 +0100] "GET /favicon.ico HTTP/1.1" 404 1256 "-" "Mozilla/5.0 (Windows NT 6.1; Trident/7.0; rv:11.0) like Gecko"
46.229.164.102 - - [01/Dec/2016:18:10:19 +0100] "GET /robots.txt HTTP/1.1" 404 1256 "-" "Mozilla/5.0 (compatible; SemrushBot/1.1~bl; +http://www.semrush.com/bot.html)"
66.249.64.10 - - [01/Dec/2016:19:32:26 +0100] "GET /robots.txt HTTP/1.1" 404 1256 "-" "Mozilla/5.0 (compatible; Googlebot/2.1; +http://www.google.com/bot.html)"
66.249.64.4 - - [01/Dec/2016:19:32:26 +0100] "GET / HTTP/1.1" 200 3274 "-" "Mozilla/5.0 (compatible; Googlebot/2.1; +http://www.google.com/bot.html)"
66.249.64.4 - - [01/Dec/2016:20:33:42 +0100] "GET / HTTP/1.1" 200 3274 "-" "Mozilla/5.0 (compatible; Googlebot/2.1; +http://www.google.com/bot.html)"
195.154.194.179 - - [01/Dec/2016:20:34:12 +0100] "GET /license.php HTTP/1.0" 404 1256 "-" "Mozilla/5.0 (Windows NT 6.1) AppleWebKit/537.36 (KHTML, like Gecko) Chrome/41.0.2228.0 Safari/537.36"
195.154.194.179 - - [01/Dec/2016:20:34:12 +0100] "GET /license.php HTTP/1.0" 404 1256 "-" "Mozilla/5.0 (Windows NT 6.1) AppleWebKit/537.36 (KHTML, like Gecko) Chrome/41.0.2228.0 Safari/537.36"
66.249.64.7 - - [01/Dec/2016:22:06:41 +0100] "GET / HTTP/1.1" 200 3274 "-" "Mozilla/5.0 (Linux; Android 6.0.1; Nexus 5X Build/MMB29P) AppleWebKit/537.36 (KHTML, like Gecko) Chrome/41.0.2272.96 Mobile Safari/537.36 (compatible; Googlebot/2.1; +http://www.google.com/bot.html)"
157.55.39.17 - - [02/Dec/2016:00:43:59 +0100] "GET / HTTP/1.1" 200 3274 "-" "Mozilla/5.0 (compatible; bingbot/2.0; +http://www.bing.com/bingbot.htm)"
144.76.102.19 - - [02/Dec/2016:03:30:30 +0100] "GET /index.html HTTP/1.1" 200 3274 "-" "Mozilla/5.0 (compatible; BLEXBot/1.0; +http://webmeup-crawler.com/)"
144.76.102.19 - - [02/Dec/2016:03:31:25 +0100] "GET /sitemap.xml HTTP/1.1" 404 1256 "-" "Mozilla/5.0 (compatible; BLEXBot/1.0; +http://webmeup-crawler.com/)"
144.76.102.19 - - [02/Dec/2016:03:31:33 +0100] "GET / HTTP/1.1" 200 3274 "-" "Mozilla/5.0 (compatible; BLEXBot/1.0; +http://webmeup-crawler.com/)"
66.249.64.4 - - [02/Dec/2016:05:43:11 +0100] "GET / HTTP/1.1" 200 3274 "-" "Mozilla/5.0 (compatible; Googlebot/2.1; +http://www.google.com/bot.html)"
66.249.64.7 - - [02/Dec/2016:07:45:32 +0100] "GET /robots.txt HTTP/1.1" 404 1256 "-" "Mozilla/5.0 (compatible; Googlebot/2.1; +http://www.google.com/bot.html)"
66.249.64.4 - - [02/Dec/2016:07:45:32 +0100] "GET / HTTP/1.1" 200 3274 "-" "Mozilla/5.0 (compatible; Googlebot/2.1; +http://www.google.com/bot.html)"
66.249.64.4 - - [02/Dec/2016:08:46:40 +0100] "GET / HTTP/1.1" 200 3274 "-" "Mozilla/5.0 (compatible; Googlebot/2.1; +http://www.google.com/bot.html)"
193.175.73.218 - - [02/Dec/2016:10:16:03 +0100] "GET / HTTP/1.1" 200 3274 "http://www.google.de/url?sa=t&rct=j&q=&esrc=s&frm=1&source=web&cd=3&sqi=2&ved=0ahUKEwiW99WUltXQAhXhAcAKHTnzBzoQFggnMAI&url=http%3A%2F%2Fwww.dialyse-falkensee.de%2F&usg=AFQjCNECgXXq-DVOeCPbM1zyqacv9mR2gg&bvm=bv.139782543,d.bGg" "Mozilla/5.0 (compatible; MSIE 10.0; Windows NT 6.1; WOW64; Trident/6.0)"
193.175.73.218 - - [02/Dec/2016:10:16:03 +0100] "GET /css/bootstrap-responsive.min.css HTTP/1.1" 200 16520 "http://www.dialyse-falkensee.de/" "Mozilla/5.0 (compatible; MSIE 10.0; Windows NT 6.1; WOW64; Trident/6.0)"
193.175.73.218 - - [02/Dec/2016:10:16:03 +0100] "GET /js/bootstrap.min.js HTTP/1.1" 200 25764 "http://www.dialyse-falkensee.de/" "Mozilla/5.0 (compatible; MSIE 10.0; Windows NT 6.1; WOW64; Trident/6.0)"
193.175.73.218 - - [02/Dec/2016:10:16:03 +0100] "GET /css/bootstrap.min.css HTTP/1.1" 200 101265 "http://www.dialyse-falkensee.de/" "Mozilla/5.0 (compatible; MSIE 10.0; Windows NT 6.1; WOW64; Trident/6.0)"
193.175.73.218 - - [02/Dec/2016:10:16:03 +0100] "GET /ico/favicon.ico HTTP/1.1" 404 1256 "-" "Mozilla/5.0 (compatible; MSIE 10.0; Windows NT 6.1; WOW64; Trident/6.0)"
193.175.73.218 - - [02/Dec/2016:10:16:54 +0100] "GET /ico/favicon.ico HTTP/1.1" 404 1256 "-" "Mozilla/5.0 (compatible; MSIE 10.0; Windows NT 6.1; WOW64; Trident/6.0)"
193.175.73.218 - - [02/Dec/2016:10:17:41 +0100] "GET /img/glyphicons-halflings.png HTTP/1.1" 200 12799 "http://www.dialyse-falkensee.de/" "Mozilla/5.0 (compatible; MSIE 10.0; Windows NT 6.1; WOW64; Trident/6.0)"
62.138.0.25 - - [02/Dec/2016:10:52:04 +0100] "GET /robots.txt HTTP/1.1" 404 1256 "-" "Mozilla/5.0 (compatible; seoscanners.net/1; +spider@seoscanners.net)"
62.138.0.25 - - [02/Dec/2016:10:52:04 +0100] "GET / HTTP/1.1" 200 3274 "-" "Mozilla/5.0 (compatible; seoscanners.net/1; +spider@seoscanners.net)"
62.96.141.8 - - [02/Dec/2016:11:18:49 +0100] "GET / HTTP/1.1" 200 3274 "https://www.google.de" "Mozilla/5.0 (Windows NT 6.1; rv:47.0) Gecko/20100101 Firefox/47.0"
62.96.141.8 - - [02/Dec/2016:11:18:49 +0100] "GET /ico/favicon.ico HTTP/1.1" 404 1256 "http://www.dialyse-falkensee.de/" "Mozilla/5.0 (Windows NT 6.1; rv:47.0) Gecko/20100101 Firefox/47.0"
62.96.141.8 - - [02/Dec/2016:11:18:49 +0100] "GET /css/bootstrap-responsive.min.css HTTP/1.1" 200 16520 "http://www.dialyse-falkensee.de/" "Mozilla/5.0 (Windows NT 6.1; rv:47.0) Gecko/20100101 Firefox/47.0"
62.96.141.8 - - [02/Dec/2016:11:18:49 +0100] "GET /js/bootstrap.min.js HTTP/1.1" 200 25764 "http://www.dialyse-falkensee.de/" "Mozilla/5.0 (Windows NT 6.1; rv:47.0) Gecko/20100101 Firefox/47.0"
62.96.141.8 - - [02/Dec/2016:11:18:49 +0100] "GET /css/bootstrap.min.css HTTP/1.1" 200 101265 "http://www.dialyse-falkensee.de/" "Mozilla/5.0 (Windows NT 6.1; rv:47.0) Gecko/20100101 Firefox/47.0"
62.96.141.8 - - [02/Dec/2016:11:18:49 +0100] "GET /ico/favicon.ico HTTP/1.1" 404 1256 "-" "Mozilla/5.0 (Windows NT 6.1; rv:47.0) Gecko/20100101 Firefox/47.0"
62.96.141.8 - - [02/Dec/2016:11:18:49 +0100] "GET /ico/favicon.ico HTTP/1.1" 404 1256 "-" "Mozilla/5.0 (Windows NT 6.1; rv:47.0) Gecko/20100101 Firefox/47.0"
62.96.141.8 - - [02/Dec/2016:11:18:50 +0100] "GET /ico/favicon.ico HTTP/1.1" 404 1256 "-" "Mozilla/5.0 (Windows NT 6.1; rv:47.0) Gecko/20100101 Firefox/47.0"
157.55.39.239 - - [02/Dec/2016:12:04:20 +0100] "GET / HTTP/1.1" 200 3274 "-" "Mozilla/5.0 (compatible; bingbot/2.0; +http://www.bing.com/bingbot.htm)"
88.75.216.209 - - [02/Dec/2016:12:55:02 +0100] "GET / HTTP/1.1" 200 3274 "https://www.google.de/" "Mozilla/5.0 (Windows NT 5.1; rv:50.0) Gecko/20100101 Firefox/50.0"
88.75.216.209 - - [02/Dec/2016:12:55:03 +0100] "GET /css/bootstrap-responsive.min.css HTTP/1.1" 200 16520 "http://www.dialyse-falkensee.de/" "Mozilla/5.0 (Windows NT 5.1; rv:50.0) Gecko/20100101 Firefox/50.0"
88.75.216.209 - - [02/Dec/2016:12:55:03 +0100] "GET /js/bootstrap.min.js HTTP/1.1" 200 25764 "http://www.dialyse-falkensee.de/" "Mozilla/5.0 (Windows NT 5.1; rv:50.0) Gecko/20100101 Firefox/50.0"
88.75.216.209 - - [02/Dec/2016:12:55:03 +0100] "GET /ico/favicon.ico HTTP/1.1" 404 1256 "-" "Mozilla/5.0 (Windows NT 5.1; rv:50.0) Gecko/20100101 Firefox/50.0"
88.75.216.209 - - [02/Dec/2016:12:55:03 +0100] "GET /css/bootstrap.min.css HTTP/1.1" 200 101265 "http://www.dialyse-falkensee.de/" "Mozilla/5.0 (Windows NT 5.1; rv:50.0) Gecko/20100101 Firefox/50.0"
180.76.15.158 - - [02/Dec/2016:12:56:37 +0100] "GET /robots.txt HTTP/1.1" 404 1256 "-" "Mozilla/5.0 (Windows NT 5.1; rv:6.0.2) Gecko/20100101 Firefox/6.0.2"
180.76.15.8 - - [02/Dec/2016:12:56:37 +0100] "GET /robots.txt HTTP/1.1" 404 1256 "-" "Mozilla/5.0 (Windows NT 5.1; rv:6.0.2) Gecko/20100101 Firefox/6.0.2"
180.76.15.163 - - [02/Dec/2016:12:57:12 +0100] "GET / HTTP/1.1" 200 3274 "-" "Mozilla/5.0 (compatible; Baiduspider/2.0; +http://www.baidu.com/search/spider.html)"
176.9.58.227 - - [02/Dec/2016:14:08:29 +0100] "GET / HTTP/1.1" 200 3274 "-" "Mozilla/5.0 (compatible; MegaIndex.ru/2.0; +http://megaindex.com/crawler)"
66.249.64.4 - - [02/Dec/2016:14:43:48 +0100] "GET / HTTP/1.1" 200 3274 "-" "Mozilla/5.0 (compatible; Googlebot/2.1; +http://www.google.com/bot.html)"
94.199.151.22 - - [02/Dec/2016:15:12:50 +0100] "GET /robots.txt HTTP/1.1" 404 1256 "-" "Wotbox/2.01 (+http://www.wotbox.com/bot/)"
94.199.151.22 - - [02/Dec/2016:15:13:02 +0100] "GET / HTTP/1.1" 200 3274 "-" "Wotbox/2.01 (+http://www.wotbox.com/bot/)"
193.175.73.219 - - [02/Dec/2016:15:25:24 +0100] "GET / HTTP/1.1" 200 3274 "http://www.google.de/url?sa=t&rct=j&q=&esrc=s&frm=1&source=web&cd=3&ved=0ahUKEwjk9bCp29XQAhWGtxQKHdWqDaYQFgglMAI&url=http%3A%2F%2Fwww.dialyse-falkensee.de%2F&usg=AFQjCNECgXXq-DVOeCPbM1zyqacv9mR2gg&bvm=bv.139782543,d.bGs" "Mozilla/5.0 (compatible; MSIE 10.0; Windows NT 6.1; WOW64; Trident/6.0)"
193.175.73.219 - - [02/Dec/2016:15:25:24 +0100] "GET /css/bootstrap-responsive.min.css HTTP/1.1" 200 16520 "http://www.dialyse-falkensee.de/" "Mozilla/5.0 (compatible; MSIE 10.0; Windows NT 6.1; WOW64; Trident/6.0)"
193.175.73.219 - - [02/Dec/2016:15:25:24 +0100] "GET /js/bootstrap.min.js HTTP/1.1" 200 25764 "http://www.dialyse-falkensee.de/" "Mozilla/5.0 (compatible; MSIE 10.0; Windows NT 6.1; WOW64; Trident/6.0)"
193.175.73.219 - - [02/Dec/2016:15:25:24 +0100] "GET /css/bootstrap.min.css HTTP/1.1" 200 101265 "http://www.dialyse-falkensee.de/" "Mozilla/5.0 (compatible; MSIE 10.0; Windows NT 6.1; WOW64; Trident/6.0)"
193.175.73.219 - - [02/Dec/2016:15:25:24 +0100] "GET /ico/favicon.ico HTTP/1.1" 404 1256 "-" "Mozilla/5.0 (compatible; MSIE 10.0; Windows NT 6.1; WOW64; Trident/6.0)"
80.243.53.98 - - [02/Dec/2016:15:29:45 +0100] "GET / HTTP/1.1" 304 - "https://www.bing.com/" "Mozilla/5.0 (Windows NT 6.3; WOW64; Trident/7.0; rv:11.0) like Gecko"
80.243.53.98 - - [02/Dec/2016:15:29:45 +0100] "GET /css/bootstrap.min.css HTTP/1.1" 304 - "http://www.dialyse-falkensee.de/" "Mozilla/5.0 (Windows NT 6.3; WOW64; Trident/7.0; rv:11.0) like Gecko"
80.243.53.98 - - [02/Dec/2016:15:29:46 +0100] "GET /css/bootstrap-responsive.min.css HTTP/1.1" 304 - "http://www.dialyse-falkensee.de/" "Mozilla/5.0 (Windows NT 6.3; WOW64; Trident/7.0; rv:11.0) like Gecko"
80.243.53.98 - - [02/Dec/2016:15:29:46 +0100] "GET /js/bootstrap.min.js HTTP/1.1" 304 - "http://www.dialyse-falkensee.de/" "Mozilla/5.0 (Windows NT 6.3; WOW64; Trident/7.0; rv:11.0) like Gecko"
80.243.53.98 - - [02/Dec/2016:15:29:46 +0100] "GET /img/glyphicons-halflings.png HTTP/1.1" 304 - "http://www.dialyse-falkensee.de/" "Mozilla/5.0 (Windows NT 6.3; WOW64; Trident/7.0; rv:11.0) like Gecko"
80.243.53.98 - - [02/Dec/2016:15:29:46 +0100] "GET /ico/favicon.ico HTTP/1.1" 404 1256 "-" "Mozilla/5.0 (Windows NT 6.3; Win64; x64; Trident/7.0; rv:11.0) like Gecko"
80.243.53.98 - - [02/Dec/2016:15:29:46 +0100] "GET /favicon.ico HTTP/1.1" 404 1256 "-" "Mozilla/5.0 (Windows NT 6.3; Win64; x64; Trident/7.0; rv:11.0) like Gecko"
80.243.53.98 - - [02/Dec/2016:15:30:21 +0100] "GET /ico/favicon.ico HTTP/1.1" 404 1256 "-" "Mozilla/5.0 (Windows NT 6.3; Win64; x64; Trident/7.0; rv:11.0) like Gecko"
80.243.53.98 - - [02/Dec/2016:15:30:21 +0100] "GET /favicon.ico HTTP/1.1" 404 1256 "-" "Mozilla/5.0 (Windows NT 6.3; Win64; x64; Trident/7.0; rv:11.0) like Gecko"
66.249.64.4 - - [02/Dec/2016:16:51:06 +0100] "GET / HTTP/1.1" 200 3274 "-" "Mozilla/5.0 (compatible; Googlebot/2.1; +http://www.google.com/bot.html)"
180.76.15.145 - - [02/Dec/2016:18:31:18 +0100] "GET / HTTP/1.1" 200 3274 "-" "Mozilla/5.0 (compatible; Baiduspider/2.0; +http://www.baidu.com/search/spider.html)"
66.249.64.10 - - [02/Dec/2016:18:37:18 +0100] "GET / HTTP/1.1" 200 3274 "-" "Mozilla/5.0 (compatible; Googlebot/2.1; +http://www.google.com/bot.html)"
46.229.164.102 - - [02/Dec/2016:19:12:23 +0100] "GET /robots.txt HTTP/1.1" 404 1256 "-" "Mozilla/5.0 (compatible; SemrushBot/1.1~bl; +http://www.semrush.com/bot.html)"
54.145.155.67 - - [02/Dec/2016:22:29:33 +0100] "GET /robots.txt HTTP/1.1" 404 1256 "-" "-"
54.145.155.67 - - [02/Dec/2016:22:29:33 +0100] "GET / HTTP/1.1" 200 3274 "-" "CheckMarkNetwork/1.0 (+http://www.checkmarknetwork.com/spider.html)"
54.145.155.67 - - [02/Dec/2016:22:29:33 +0100] "GET /css/bootstrap.min.css HTTP/1.1" 200 101265 "-" "roboto"
54.145.155.67 - - [02/Dec/2016:22:29:34 +0100] "GET /css/bootstrap-responsive.min.css HTTP/1.1" 200 16520 "-" "roboto"
157.55.39.84 - - [02/Dec/2016:23:33:16 +0100] "GET / HTTP/1.1" 200 3274 "-" "Mozilla/5.0 (compatible; bingbot/2.0; +http://www.bing.com/bingbot.htm)"
5.255.251.7 - - [02/Dec/2016:23:50:43 +0100] "GET /robots.txt HTTP/1.1" 404 1256 "-" "Mozilla/5.0 (compatible; YandexBot/3.0; +http://yandex.com/bots)"
5.255.251.7 - - [02/Dec/2016:23:50:47 +0100] "GET /index.html HTTP/1.1" 200 3274 "-" "Mozilla/5.0 (compatible; YandexBot/3.0; +http://yandex.com/bots)"
5.255.251.2 - - [02/Dec/2016:23:50:51 +0100] "GET / HTTP/1.1" 200 3274 "-" "Mozilla/5.0 (compatible; YandexBot/3.0; +http://yandex.com/bots)"
87.250.244.8 - - [02/Dec/2016:23:50:55 +0100] "GET /index.html HTTP/1.1" 200 3274 "-" "Mozilla/5.0 (compatible; YandexBot/3.0; +http://yandex.com/bots)"
5.255.251.7 - - [02/Dec/2016:23:50:59 +0100] "GET / HTTP/1.1" 200 3274 "-" "Mozilla/5.0 (compatible; YandexBot/3.0; +http://yandex.com/bots)"
46.165.197.141 - - [03/Dec/2016:00:18:48 +0100] "GET /robots.txt HTTP/1.1" 404 1256 "-" "Mozilla/5.0 (compatible; MJ12bot/v1.4.7; http://mj12bot.com/)"
46.165.197.141 - - [03/Dec/2016:00:18:49 +0100] "GET / HTTP/1.1" 200 3274 "-" "Mozilla/5.0 (compatible; MJ12bot/v1.4.7; http://mj12bot.com/)"
66.249.66.166 - - [03/Dec/2016:00:42:33 +0100] "GET /robots.txt HTTP/1.1" 404 1256 "-" "Mozilla/5.0 (compatible; Googlebot/2.1; +http://www.google.com/bot.html)"
66.249.66.158 - - [03/Dec/2016:00:42:33 +0100] "GET / HTTP/1.1" 200 3274 "-" "Mozilla/5.0 (compatible; Googlebot/2.1; +http://www.google.com/bot.html)"
66.249.66.158 - - [03/Dec/2016:00:42:39 +0100] "GET /css/bootstrap-responsive.min.css HTTP/1.1" 200 16520 "-" "Mozilla/5.0 (compatible; Googlebot/2.1; +http://www.google.com/bot.html)"
66.249.66.158 - - [03/Dec/2016:00:42:39 +0100] "GET /css/bootstrap.min.css HTTP/1.1" 200 101265 "-" "Mozilla/5.0 (compatible; Googlebot/2.1; +http://www.google.com/bot.html)"
66.249.66.166 - - [03/Dec/2016:00:43:38 +0100] "GET /css/bootstrap-responsive.min.css HTTP/1.1" 200 16520 "http://www.dialyse-falkensee.de/" "Mozilla/5.0 (compatible; Googlebot/2.1; +http://www.google.com/bot.html)"
66.249.66.166 - - [03/Dec/2016:00:43:38 +0100] "GET /css/bootstrap.min.css HTTP/1.1" 200 101265 "http://www.dialyse-falkensee.de/" "Mozilla/5.0 (compatible; Googlebot/2.1; +http://www.google.com/bot.html)"
66.249.66.166 - - [03/Dec/2016:00:43:38 +0100] "GET /js/bootstrap.min.js HTTP/1.1" 200 25764 "http://www.dialyse-falkensee.de/" "Mozilla/5.0 (compatible; Googlebot/2.1; +http://www.google.com/bot.html)"
66.249.66.158 - - [03/Dec/2016:01:58:43 +0100] "GET / HTTP/1.1" 200 3274 "-" "Mozilla/5.0 (compatible; Googlebot/2.1; +http://www.google.com/bot.html)"
40.77.167.16 - - [03/Dec/2016:03:26:11 +0100] "GET /mail/contact.html HTTP/1.1" 404 1256 "-" "Mozilla/5.0 (iPhone; CPU iPhone OS 7_0 like Mac OS X) AppleWebKit/537.51.1 (KHTML, like Gecko) Version/7.0 Mobile/11A465 Safari/9537.53 (compatible; bingbot/2.0; +http://www.bing.com/bingbot.htm)"
157.55.39.84 - - [03/Dec/2016:08:23:48 +0100] "GET / HTTP/1.1" 200 3274 "-" "Mozilla/5.0 (compatible; bingbot/2.0; +http://www.bing.com/bingbot.htm)"
66.249.66.166 - - [03/Dec/2016:10:26:47 +0100] "GET / HTTP/1.1" 200 3274 "-" "Mozilla/5.0 (compatible; Googlebot/2.1; +http://www.google.com/bot.html)"
157.55.39.84 - - [03/Dec/2016:13:55:38 +0100] "GET /kontakt.htm HTTP/1.1" 404 1256 "-" "Mozilla/5.0 (iPhone; CPU iPhone OS 7_0 like Mac OS X) AppleWebKit/537.51.1 (KHTML, like Gecko) Version/7.0 Mobile/11A465 Safari/9537.53 (compatible; bingbot/2.0; +http://www.bing.com/bingbot.htm)"
195.154.181.162 - - [03/Dec/2016:18:11:00 +0100] "GET /_file-manager/php/connector.php HTTP/1.1" 404 1256 "http://www.dialyse-falkensee.de/_file-manager/php/connector.php" "Mozilla/5.0 (Windows NT 6.1; WOW64) AppleWebKit/537.36 (KHTML, like Gecko) Chrome/42.0.2311.152 Safari/537.36"
199.58.86.206 - - [03/Dec/2016:18:35:45 +0100] "GET /robots.txt HTTP/1.1" 404 1256 "-" "Mozilla/5.0 (compatible; MJ12bot/v1.4.7; http://mj12bot.com/)"
199.58.86.206 - - [03/Dec/2016:18:35:46 +0100] "GET / HTTP/1.1" 200 3274 "-" "Mozilla/5.0 (compatible; MJ12bot/v1.4.7; http://mj12bot.com/)"
157.55.39.84 - - [03/Dec/2016:19:39:53 +0100] "GET /robots.txt HTTP/1.1" 404 1256 "-" "Mozilla/5.0 (compatible; bingbot/2.0; +http://www.bing.com/bingbot.htm)"
157.55.39.84 - - [03/Dec/2016:19:40:04 +0100] "GET / HTTP/1.1" 200 3274 "-" "Mozilla/5.0 (compatible; bingbot/2.0; +http://www.bing.com/bingbot.htm)"
31.178.139.38 - - [03/Dec/2016:21:53:42 +0100] "GET / HTTP/1.1" 200 3274 "-" "Screaming Frog SEO Spider/6.2"
66.249.64.10 - - [03/Dec/2016:23:43:17 +0100] "GET /robots.txt HTTP/1.1" 404 1256 "-" "Mozilla/5.0 (compatible; Googlebot/2.1; +http://www.google.com/bot.html)"
66.249.64.10 - - [03/Dec/2016:23:43:17 +0100] "GET / HTTP/1.1" 200 3274 "-" "Mozilla/5.0 (compatible; Googlebot/2.1; +http://www.google.com/bot.html)"
66.249.64.4 - - [04/Dec/2016:01:09:35 +0100] "GET / HTTP/1.1" 200 3274 "-" "Mozilla/5.0 (compatible; Googlebot/2.1; +http://www.google.com/bot.html)"
5.255.251.7 - - [04/Dec/2016:02:40:10 +0100] "GET /robots.txt HTTP/1.1" 404 1256 "-" "Mozilla/5.0 (compatible; YandexBot/3.0; +http://yandex.com/bots)"
46.229.164.100 - - [04/Dec/2016:06:17:32 +0100] "GET /robots.txt HTTP/1.1" 404 1256 "-" "Mozilla/5.0 (compatible; SemrushBot/1.1~bl; +http://www.semrush.com/bot.html)"
157.55.39.84 - - [04/Dec/2016:07:01:48 +0100] "GET / HTTP/1.1" 200 3274 "-" "Mozilla/5.0 (compatible; bingbot/2.0; +http://www.bing.com/bingbot.htm)"
104.131.164.225 - - [04/Dec/2016:11:39:32 +0100] "GET /robots.txt HTTP/1.1" 404 1256 "-" "Mozilla/5.0 (compatible; spbot/5.0.3; +http://OpenLinkProfiler.org/bot )"
104.131.164.225 - - [04/Dec/2016:11:39:38 +0100] "GET / HTTP/1.1" 200 3274 "-" "Mozilla/5.0 (compatible; spbot/5.0.3; +http://OpenLinkProfiler.org/bot )"
5.255.251.7 - - [04/Dec/2016:11:51:18 +0100] "GET /robots.txt HTTP/1.1" 404 1256 "-" "Mozilla/5.0 (compatible; YandexBot/3.0; +http://yandex.com/bots)"
5.255.251.7 - - [04/Dec/2016:11:51:22 +0100] "GET /favicon.ico HTTP/1.1" 404 1256 "-" "Mozilla/5.0 (compatible; YandexBot/3.0; +http://yandex.com/bots)"
162.210.196.129 - - [04/Dec/2016:12:39:19 +0100] "GET /robots.txt HTTP/1.1" 404 1256 "-" "Mozilla/5.0 (compatible; MJ12bot/v1.4.7; http://mj12bot.com/)"
162.210.196.129 - - [04/Dec/2016:12:39:22 +0100] "GET / HTTP/1.1" 200 3274 "-" "Mozilla/5.0 (compatible; MJ12bot/v1.4.7; http://mj12bot.com/)"
157.55.39.84 - - [04/Dec/2016:18:26:46 +0100] "GET / HTTP/1.1" 200 3274 "-" "Mozilla/5.0 (compatible; bingbot/2.0; +http://www.bing.com/bingbot.htm)"
35.164.86.236 - - [04/Dec/2016:20:44:40 +0100] "GET / HTTP/1.1" 200 3274 "-" "WWW-Mechanize/1.73"
66.249.64.7 - - [04/Dec/2016:21:08:54 +0100] "GET /robots.txt HTTP/1.1" 404 1256 "-" "Mozilla/5.0 (compatible; Googlebot/2.1; +http://www.google.com/bot.html)"
66.249.64.10 - - [04/Dec/2016:21:08:54 +0100] "GET / HTTP/1.1" 200 3274 "-" "Mozilla/5.0 (compatible; Googlebot/2.1; +http://www.google.com/bot.html)"
46.229.170.197 - - [04/Dec/2016:22:18:04 +0100] "GET / HTTP/1.1" 200 3274 "-" "Mozilla/5.0 (Windows; U; Windows NT 5.1; fr; rv:1.9.2b4) Gecko/20091124 Firefox/3.6b4 (.NET CLR 3.5.30729)"
144.76.102.19 - - [04/Dec/2016:22:32:32 +0100] "GET /index.html HTTP/1.1" 200 3274 "-" "Mozilla/5.0 (compatible; BLEXBot/1.0; +http://webmeup-crawler.com/)"
144.76.102.19 - - [04/Dec/2016:22:32:40 +0100] "GET / HTTP/1.1" 200 3274 "-" "Mozilla/5.0 (compatible; BLEXBot/1.0; +http://webmeup-crawler.com/)"
157.55.39.245 - - [05/Dec/2016:03:19:18 +0100] "GET /mail/contact.html HTTP/1.1" 404 1256 "-" "Mozilla/5.0 (iPhone; CPU iPhone OS 7_0 like Mac OS X) AppleWebKit/537.51.1 (KHTML, like Gecko) Version/7.0 Mobile/11A465 Safari/9537.53 (compatible; bingbot/2.0; +http://www.bing.com/bingbot.htm)"
192.95.29.116 - - [05/Dec/2016:03:21:16 +0100] "GET /robots.txt HTTP/1.0" 404 1256 "-" ""
192.95.29.116 - - [05/Dec/2016:03:21:16 +0100] "GET / HTTP/1.1" 206 3274 "-" "Mozilla/5.0 (X11; Linux x86_64) AppleWebKit/534.30 (KHTML, like Gecko) Ubuntu/10.10 Chromium/12.0.742.112 Chrome/12.0.742.112 Safari/534.30"
157.55.39.84 - - [05/Dec/2016:05:53:29 +0100] "GET / HTTP/1.1" 200 3274 "-" "Mozilla/5.0 (compatible; bingbot/2.0; +http://www.bing.com/bingbot.htm)"
66.249.65.194 - - [05/Dec/2016:06:39:35 +0100] "GET / HTTP/1.1" 200 3274 "-" "Mozilla/5.0 (compatible; Googlebot/2.1; +http://www.google.com/bot.html)"
157.55.39.84 - - [05/Dec/2016:06:51:02 +0100] "GET /kontakt.htm HTTP/1.1" 404 1256 "-" "Mozilla/5.0 (iPhone; CPU iPhone OS 7_0 like Mac OS X) AppleWebKit/537.51.1 (KHTML, like Gecko) Version/7.0 Mobile/11A465 Safari/9537.53 (compatible; bingbot/2.0; +http://www.bing.com/bingbot.htm)"
144.76.71.83 - - [05/Dec/2016:08:12:48 +0100] "GET / HTTP/1.1" 200 3274 "-" "Mozilla/5.0 (Windows NT 6.1; rv:6.0) Gecko/20100101 Firefox/19.0"
46.229.164.100 - - [05/Dec/2016:08:15:49 +0100] "GET /robots.txt HTTP/1.1" 404 1256 "-" "Mozilla/5.0 (compatible; SemrushBot/1.1~bl; +http://www.semrush.com/bot.html)"
66.249.65.249 - - [05/Dec/2016:10:04:52 +0100] "GET /robots.txt HTTP/1.1" 404 1256 "-" "Mozilla/5.0 (compatible; Googlebot/2.1; +http://www.google.com/bot.html)"
66.249.65.252 - - [05/Dec/2016:10:04:52 +0100] "GET / HTTP/1.1" 200 3274 "-" "Mozilla/5.0 (Linux; Android 6.0.1; Nexus 5X Build/MMB29P) AppleWebKit/537.36 (KHTML, like Gecko) Chrome/41.0.2272.96 Mobile Safari/537.36 (compatible; Googlebot/2.1; +http://www.google.com/bot.html)"
62.212.73.211 - - [05/Dec/2016:10:30:54 +0100] "GET /robots.txt HTTP/1.1" 404 1256 "-" "Mozilla/5.0 (compatible; MJ12bot/v1.4.7; http://mj12bot.com/)"
62.212.73.211 - - [05/Dec/2016:10:30:57 +0100] "GET / HTTP/1.1" 200 3274 "-" "Mozilla/5.0 (compatible; MJ12bot/v1.4.7; http://mj12bot.com/)"
66.249.65.194 - - [05/Dec/2016:14:46:20 +0100] "GET / HTTP/1.1" 200 3274 "-" "Mozilla/5.0 (compatible; Googlebot/2.1; +http://www.google.com/bot.html)"
66.249.65.249 - - [05/Dec/2016:14:46:21 +0100] "GET / HTTP/1.1" 200 3274 "-" "Mozilla/5.0 (compatible; Googlebot/2.1; +http://www.google.com/bot.html)"
66.249.66.162 - - [05/Dec/2016:14:52:36 +0100] "GET /robots.txt HTTP/1.1" 404 1256 "-" "Mozilla/5.0 (compatible; Googlebot/2.1; +http://www.google.com/bot.html)"
66.249.66.162 - - [05/Dec/2016:14:52:36 +0100] "GET / HTTP/1.1" 200 3274 "-" "Mozilla/5.0 (compatible; Googlebot/2.1; +http://www.google.com/bot.html)"
157.55.39.26 - - [05/Dec/2016:15:28:33 +0100] "GET / HTTP/1.1" 200 3274 "-" "Mozilla/5.0 (compatible; bingbot/2.0; +http://www.bing.com/bingbot.htm)"
180.76.15.28 - - [05/Dec/2016:17:26:06 +0100] "GET / HTTP/1.1" 200 3274 "-" "Mozilla/5.0 (compatible; Baiduspider/2.0; +http://www.baidu.com/search/spider.html)"
144.76.102.19 - - [05/Dec/2016:21:19:36 +0100] "GET /index.html HTTP/1.1" 200 3274 "-" "Mozilla/5.0 (compatible; BLEXBot/1.0; +http://webmeup-crawler.com/)"
144.76.102.19 - - [05/Dec/2016:21:19:59 +0100] "GET /sitemap.xml HTTP/1.1" 404 1256 "-" "Mozilla/5.0 (compatible; BLEXBot/1.0; +http://webmeup-crawler.com/)"
144.76.102.19 - - [05/Dec/2016:21:20:04 +0100] "GET / HTTP/1.1" 200 3274 "-" "Mozilla/5.0 (compatible; BLEXBot/1.0; +http://webmeup-crawler.com/)"
138.201.59.34 - - [06/Dec/2016:01:34:08 +0100] "GET /robots.txt HTTP/1.0" 404 1256 "-" "Mozilla/5.0 (compatible; SEOkicks-Robot; +http://www.seokicks.de/robot.html)"
138.201.59.34 - - [06/Dec/2016:01:34:10 +0100] "GET / HTTP/1.0" 200 3274 "-" "Mozilla/5.0 (compatible; SEOkicks-Robot; +http://www.seokicks.de/robot.html)"
138.201.59.34 - - [06/Dec/2016:01:34:11 +0100] "GET /index.html HTTP/1.0" 200 3274 "-" "Mozilla/5.0 (compatible; SEOkicks-Robot; +http://www.seokicks.de/robot.html)"
138.201.59.34 - - [06/Dec/2016:01:34:12 +0100] "GET /css/bootstrap.min.css HTTP/1.0" 200 101265 "http://www.dialyse-falkensee.de/" "Mozilla/5.0 (compatible; SEOkicks-Robot; +http://www.seokicks.de/robot.html)"
138.201.59.34 - - [06/Dec/2016:01:34:14 +0100] "GET /css/bootstrap-responsive.min.css HTTP/1.0" 200 16520 "http://www.dialyse-falkensee.de/" "Mozilla/5.0 (compatible; SEOkicks-Robot; +http://www.seokicks.de/robot.html)"
138.201.59.34 - - [06/Dec/2016:01:34:16 +0100] "GET /ico/favicon.ico HTTP/1.0" 404 1256 "http://www.dialyse-falkensee.de/" "Mozilla/5.0 (compatible; SEOkicks-Robot; +http://www.seokicks.de/robot.html)"
138.201.59.34 - - [06/Dec/2016:01:34:17 +0100] "GET /js/bootstrap.min.js HTTP/1.0" 200 25764 "http://www.dialyse-falkensee.de/" "Mozilla/5.0 (compatible; SEOkicks-Robot; +http://www.seokicks.de/robot.html)"
157.55.39.26 - - [06/Dec/2016:03:07:56 +0100] "GET / HTTP/1.1" 200 3274 "-" "Mozilla/5.0 (compatible; bingbot/2.0; +http://www.bing.com/bingbot.htm)"
216.145.17.190 - - [06/Dec/2016:07:50:16 +0100] "GET /robots.txt HTTP/1.0" 404 1256 "-" "Mozilla/5.0 (Windows; U; Windows NT 5.1; en; rv:1.9.0.13) Gecko/2009073022 Firefox/3.5.2 (.NET CLR 3.5.30729) SurveyBot/2.3 (DomainTools)"
216.145.17.190 - - [06/Dec/2016:07:50:16 +0100] "GET / HTTP/1.1" 200 3274 "http://whois.domaintools.com/dialyse-falkensee.de" "Mozilla/5.0 (Windows; U; Windows NT 5.1; en; rv:1.9.0.13) Gecko/2009073022 Firefox/3.5.2 (.NET CLR 3.5.30729) SurveyBot/2.3 (DomainTools)"
46.229.164.100 - - [06/Dec/2016:09:48:26 +0100] "GET /robots.txt HTTP/1.1" 404 1256 "-" "Mozilla/5.0 (compatible; SemrushBot/1.1~bl; +http://www.semrush.com/bot.html)"
165.225.76.100 - - [06/Dec/2016:09:51:54 +0100] "GET / HTTP/1.1" 200 3274 "http://www.google.de/url?sa=t&rct=j&q=&esrc=s&source=web&cd=6&ved=0ahUKEwj67-CLmN_QAhVHrxoKHYx9CekQFgg4MAU&url=http%3A%2F%2Fwww.dialyse-falkensee.de%2F&usg=AFQjCNECgXXq-DVOeCPbM1zyqacv9mR2gg" "Mozilla/5.0 (Windows NT 6.1; WOW64; Trident/7.0; rv:11.0) like Gecko"
165.225.76.100 - - [06/Dec/2016:09:51:54 +0100] "GET /css/bootstrap-responsive.min.css HTTP/1.1" 200 16520 "http://www.dialyse-falkensee.de/" "Mozilla/5.0 (Windows NT 6.1; WOW64; Trident/7.0; rv:11.0) like Gecko"
165.225.76.100 - - [06/Dec/2016:09:51:54 +0100] "GET /js/bootstrap.min.js HTTP/1.1" 200 25764 "http://www.dialyse-falkensee.de/" "Mozilla/5.0 (Windows NT 6.1; WOW64; Trident/7.0; rv:11.0) like Gecko"
165.225.76.100 - - [06/Dec/2016:09:51:54 +0100] "GET /css/bootstrap.min.css HTTP/1.1" 200 101265 "http://www.dialyse-falkensee.de/" "Mozilla/5.0 (Windows NT 6.1; WOW64; Trident/7.0; rv:11.0) like Gecko"
165.225.76.100 - - [06/Dec/2016:09:51:54 +0100] "GET /ico/favicon.ico HTTP/1.1" 404 1256 "-" "Mozilla/5.0 (Windows NT 6.1; WOW64; Trident/7.0; rv:11.0) like Gecko"
165.225.76.100 - - [06/Dec/2016:09:51:54 +0100] "GET /favicon.ico HTTP/1.1" 404 1256 "-" "Mozilla/5.0 (Windows NT 6.1; WOW64; Trident/7.0; rv:11.0) like Gecko"
165.225.76.100 - - [06/Dec/2016:09:52:16 +0100] "GET / HTTP/1.1" 304 - "http://www.google.de/url?sa=t&rct=j&q=&esrc=s&source=web&cd=6&ved=0ahUKEwj67-CLmN_QAhVHrxoKHYx9CekQFgg4MAU&url=http%3A%2F%2Fwww.dialyse-falkensee.de%2F&usg=AFQjCNECgXXq-DVOeCPbM1zyqacv9mR2gg" "Mozilla/5.0 (Windows NT 6.1; WOW64; Trident/7.0; rv:11.0) like Gecko"
165.225.76.100 - - [06/Dec/2016:09:52:16 +0100] "GET /css/bootstrap.min.css HTTP/1.1" 304 - "http://www.dialyse-falkensee.de/" "Mozilla/5.0 (Windows NT 6.1; WOW64; Trident/7.0; rv:11.0) like Gecko"
165.225.76.100 - - [06/Dec/2016:09:52:16 +0100] "GET /css/bootstrap-responsive.min.css HTTP/1.1" 304 - "http://www.dialyse-falkensee.de/" "Mozilla/5.0 (Windows NT 6.1; WOW64; Trident/7.0; rv:11.0) like Gecko"
165.225.76.100 - - [06/Dec/2016:09:52:16 +0100] "GET /js/bootstrap.min.js HTTP/1.1" 304 - "http://www.dialyse-falkensee.de/" "Mozilla/5.0 (Windows NT 6.1; WOW64; Trident/7.0; rv:11.0) like Gecko"
165.225.76.100 - - [06/Dec/2016:09:52:17 +0100] "GET /ico/favicon.ico HTTP/1.1" 404 1256 "-" "Mozilla/5.0 (Windows NT 6.1; WOW64; Trident/7.0; rv:11.0) like Gecko"
165.225.76.100 - - [06/Dec/2016:09:52:17 +0100] "GET /favicon.ico HTTP/1.1" 404 1256 "-" "Mozilla/5.0 (Windows NT 6.1; WOW64; Trident/7.0; rv:11.0) like Gecko"
87.187.8.110 - - [06/Dec/2016:11:17:47 +0100] "GET / HTTP/1.1" 200 3274 "http://www.bing.com/search?q=klick%2Cfalkensee&pc=cosp&ptag=C1AB4B7B6AFB4&form=CONMHP&conlogo=CT3210127" "Mozilla/5.0 (Windows NT 6.1; WOW64; rv:50.0) Gecko/20100101 Firefox/50.0"
87.187.8.110 - - [06/Dec/2016:11:17:47 +0100] "GET /ico/favicon.ico HTTP/1.1" 404 1256 "-" "Mozilla/5.0 (Windows NT 6.1; WOW64; rv:50.0) Gecko/20100101 Firefox/50.0"
87.187.8.110 - - [06/Dec/2016:11:17:47 +0100] "GET /js/bootstrap.min.js HTTP/1.1" 200 25764 "http://www.dialyse-falkensee.de/" "Mozilla/5.0 (Windows NT 6.1; WOW64; rv:50.0) Gecko/20100101 Firefox/50.0"
87.187.8.110 - - [06/Dec/2016:11:17:47 +0100] "GET /css/bootstrap-responsive.min.css HTTP/1.1" 200 16520 "http://www.dialyse-falkensee.de/" "Mozilla/5.0 (Windows NT 6.1; WOW64; rv:50.0) Gecko/20100101 Firefox/50.0"
87.187.8.110 - - [06/Dec/2016:11:17:47 +0100] "GET /css/bootstrap.min.css HTTP/1.1" 200 101265 "http://www.dialyse-falkensee.de/" "Mozilla/5.0 (Windows NT 6.1; WOW64; rv:50.0) Gecko/20100101 Firefox/50.0"
91.216.45.82 - - [06/Dec/2016:12:44:24 +0100] "GET / HTTP/1.1" 200 3274 "http://www.google.de/url?sa=t&rct=j&q=&esrc=s&source=web&cd=6&ved=0ahUKEwiw5em8vt_QAhUBtRQKHXtKAJUQFgg_MAU&url=http%3A%2F%2Fwww.dialyse-falkensee.de%2F&usg=AFQjCNECgXXq-DVOeCPbM1zyqacv9mR2gg" "Mozilla/5.0 (Windows NT 6.1; WOW64; Trident/7.0; rv:11.0) like Gecko"
91.216.45.82 - - [06/Dec/2016:12:44:24 +0100] "GET /css/bootstrap-responsive.min.css HTTP/1.1" 200 16520 "http://www.dialyse-falkensee.de/" "Mozilla/5.0 (Windows NT 6.1; WOW64; Trident/7.0; rv:11.0) like Gecko"
91.216.45.82 - - [06/Dec/2016:12:44:24 +0100] "GET /js/bootstrap.min.js HTTP/1.1" 200 25764 "http://www.dialyse-falkensee.de/" "Mozilla/5.0 (Windows NT 6.1; WOW64; Trident/7.0; rv:11.0) like Gecko"
91.216.45.82 - - [06/Dec/2016:12:44:24 +0100] "GET /css/bootstrap.min.css HTTP/1.1" 200 101265 "http://www.dialyse-falkensee.de/" "Mozilla/5.0 (Windows NT 6.1; WOW64; Trident/7.0; rv:11.0) like Gecko"
91.216.45.82 - - [06/Dec/2016:12:44:24 +0100] "GET /ico/favicon.ico HTTP/1.1" 404 1256 "-" "Mozilla/5.0 (Windows NT 6.1; WOW64; Trident/7.0; rv:11.0) like Gecko"
91.216.45.82 - - [06/Dec/2016:12:44:24 +0100] "GET /favicon.ico HTTP/1.1" 404 1256 "-" "Mozilla/5.0 (Windows NT 6.1; WOW64; Trident/7.0; rv:11.0) like Gecko"
157.55.39.34 - - [06/Dec/2016:14:30:21 +0100] "GET /robots.txt HTTP/1.1" 404 1256 "-" "Mozilla/5.0 (compatible; bingbot/2.0; +http://www.bing.com/bingbot.htm)"
157.55.39.34 - - [06/Dec/2016:14:30:33 +0100] "GET / HTTP/1.1" 200 3274 "-" "Mozilla/5.0 (compatible; bingbot/2.0; +http://www.bing.com/bingbot.htm)"
157.55.39.115 - - [06/Dec/2016:15:22:21 +0100] "GET /mail/contact.html HTTP/1.1" 404 1256 "-" "Mozilla/5.0 (iPhone; CPU iPhone OS 7_0 like Mac OS X) AppleWebKit/537.51.1 (KHTML, like Gecko) Version/7.0 Mobile/11A465 Safari/9537.53 (compatible; bingbot/2.0; +http://www.bing.com/bingbot.htm)"
142.4.218.201 - - [06/Dec/2016:15:23:16 +0100] "GET / HTTP/1.1" 200 3274 "-" "Mozilla/5.0 (Windows NT 6.3; WOW64) AppleWebKit/537.36 (KHTML, like Gecko) Chrome/40.0.2214.115 Safari/537.36"
157.55.39.34 - - [06/Dec/2016:16:23:45 +0100] "GET / HTTP/1.1" 200 3274 "-" "Mozilla/5.0 (compatible; bingbot/2.0; +http://www.bing.com/bingbot.htm)"
65.55.210.121 - - [06/Dec/2016:16:23:47 +0100] "GET /css/bootstrap-responsive.min.css HTTP/1.1" 200 16520 "http://www.dialyse-falkensee.de/" "Mozilla/5.0 (Windows NT 6.1; WOW64) AppleWebKit/534+ (KHTML, like Gecko) BingPreview/1.0b"
65.55.210.121 - - [06/Dec/2016:16:23:47 +0100] "GET /css/bootstrap.min.css HTTP/1.1" 200 101265 "http://www.dialyse-falkensee.de/" "Mozilla/5.0 (Windows NT 6.1; WOW64) AppleWebKit/534+ (KHTML, like Gecko) BingPreview/1.0b"
65.55.210.121 - - [06/Dec/2016:16:23:48 +0100] "GET /js/bootstrap.min.js HTTP/1.1" 200 25764 "http://www.dialyse-falkensee.de/" "Mozilla/5.0 (Windows NT 6.1; WOW64) AppleWebKit/534+ (KHTML, like Gecko) BingPreview/1.0b"
40.77.167.52 - - [06/Dec/2016:16:24:18 +0100] "GET /robots.txt HTTP/1.1" 404 1256 "-" "Mozilla/5.0 (compatible; bingbot/2.0; +http://www.bing.com/bingbot.htm)"
40.77.167.52 - - [06/Dec/2016:16:24:18 +0100] "GET /robots.txt HTTP/1.1" 404 1256 "-" "Mozilla/5.0 (compatible; bingbot/2.0; +http://www.bing.com/bingbot.htm)"
40.77.167.52 - - [06/Dec/2016:16:24:18 +0100] "GET /robots.txt HTTP/1.1" 404 1256 "-" "Mozilla/5.0 (compatible; bingbot/2.0; +http://www.bing.com/bingbot.htm)"
62.212.73.211 - - [06/Dec/2016:16:59:18 +0100] "GET /robots.txt HTTP/1.1" 404 1256 "-" "Mozilla/5.0 (compatible; MJ12bot/v1.4.7; http://mj12bot.com/)"
62.212.73.211 - - [06/Dec/2016:16:59:19 +0100] "GET / HTTP/1.1" 200 3274 "-" "Mozilla/5.0 (compatible; MJ12bot/v1.4.7; http://mj12bot.com/)"
180.76.15.144 - - [06/Dec/2016:17:55:37 +0100] "GET / HTTP/1.1" 200 3274 "-" "Mozilla/5.0 (compatible; Baiduspider/2.0; +http://www.baidu.com/search/spider.html)"
216.244.66.237 - - [06/Dec/2016:18:25:16 +0100] "GET /robots.txt HTTP/1.1" 404 1256 "-" "Mozilla/5.0 (compatible; DotBot/1.1; http://www.opensiteexplorer.org/dotbot, help@moz.com)"
216.244.66.237 - - [06/Dec/2016:18:25:16 +0100] "GET /robots.txt HTTP/1.1" 404 1256 "-" "Mozilla/5.0 (compatible; DotBot/1.1; http://www.opensiteexplorer.org/dotbot, help@moz.com)"
212.86.62.154 - - [06/Dec/2016:18:25:42 +0100] "GET / HTTP/1.1" 200 3274 "https://www.google.de/" "Mozilla/5.0 (Windows NT 6.1; WOW64; rv:50.0) Gecko/20100101 Firefox/50.0"
212.86.62.154 - - [06/Dec/2016:18:25:42 +0100] "GET /ico/favicon.ico HTTP/1.1" 404 1256 "-" "Mozilla/5.0 (Windows NT 6.1; WOW64; rv:50.0) Gecko/20100101 Firefox/50.0"
212.86.62.154 - - [06/Dec/2016:18:25:42 +0100] "GET /css/bootstrap-responsive.min.css HTTP/1.1" 200 16520 "http://www.dialyse-falkensee.de/" "Mozilla/5.0 (Windows NT 6.1; WOW64; rv:50.0) Gecko/20100101 Firefox/50.0"
212.86.62.154 - - [06/Dec/2016:18:25:42 +0100] "GET /js/bootstrap.min.js HTTP/1.1" 200 25764 "http://www.dialyse-falkensee.de/" "Mozilla/5.0 (Windows NT 6.1; WOW64; rv:50.0) Gecko/20100101 Firefox/50.0"
212.86.62.154 - - [06/Dec/2016:18:25:42 +0100] "GET /css/bootstrap.min.css HTTP/1.1" 200 101265 "http://www.dialyse-falkensee.de/" "Mozilla/5.0 (Windows NT 6.1; WOW64; rv:50.0) Gecko/20100101 Firefox/50.0"
216.244.66.237 - - [06/Dec/2016:19:59:51 +0100] "GET / HTTP/1.1" 200 3274 "-" "Mozilla/5.0 (compatible; DotBot/1.1; http://www.opensiteexplorer.org/dotbot, help@moz.com)"
216.244.66.237 - - [06/Dec/2016:20:12:35 +0100] "GET / HTTP/1.1" 200 3274 "-" "Mozilla/5.0 (compatible; DotBot/1.1; http://www.opensiteexplorer.org/dotbot, help@moz.com)"
88.75.216.209 - - [06/Dec/2016:22:32:49 +0100] "GET / HTTP/1.1" 200 3274 "https://www.google.de/" "Mozilla/5.0 (Windows NT 5.1; rv:50.0) Gecko/20100101 Firefox/50.0"
88.75.216.209 - - [06/Dec/2016:22:32:49 +0100] "GET /css/bootstrap-responsive.min.css HTTP/1.1" 200 16520 "http://www.dialyse-falkensee.de/" "Mozilla/5.0 (Windows NT 5.1; rv:50.0) Gecko/20100101 Firefox/50.0"
88.75.216.209 - - [06/Dec/2016:22:32:49 +0100] "GET /js/bootstrap.min.js HTTP/1.1" 200 25764 "http://www.dialyse-falkensee.de/" "Mozilla/5.0 (Windows NT 5.1; rv:50.0) Gecko/20100101 Firefox/50.0"
88.75.216.209 - - [06/Dec/2016:22:32:49 +0100] "GET /ico/favicon.ico HTTP/1.1" 404 1256 "-" "Mozilla/5.0 (Windows NT 5.1; rv:50.0) Gecko/20100101 Firefox/50.0"
88.75.216.209 - - [06/Dec/2016:22:32:49 +0100] "GET /css/bootstrap.min.css HTTP/1.1" 200 101265 "http://www.dialyse-falkensee.de/" "Mozilla/5.0 (Windows NT 5.1; rv:50.0) Gecko/20100101 Firefox/50.0"
157.55.39.34 - - [07/Dec/2016:02:27:47 +0100] "GET / HTTP/1.1" 200 3274 "-" "Mozilla/5.0 (compatible; bingbot/2.0; +http://www.bing.com/bingbot.htm)"
217.9.49.1 - - [07/Dec/2016:06:41:55 +0100] "GET / HTTP/1.1" 200 3274 "http://www.google.de/url?sa=t&rct=j&q=&esrc=s&source=web&cd=6&ved=0ahUKEwjPlqTIr-HQAhVkOMAKHawlASMQFgg6MAU&url=http%3A%2F%2Fwww.dialyse-falkensee.de%2F&usg=AFQjCNECgXXq-DVOeCPbM1zyqacv9mR2gg" "Mozilla/5.0 (Windows NT 5.2; rv:31.0) Gecko/20100101 Firefox/31.0"
217.9.49.1 - - [07/Dec/2016:06:41:56 +0100] "GET /css/bootstrap-responsive.min.css HTTP/1.1" 200 16520 "http://www.dialyse-falkensee.de/" "Mozilla/5.0 (Windows NT 5.2; rv:31.0) Gecko/20100101 Firefox/31.0"
217.9.49.1 - - [07/Dec/2016:06:41:56 +0100] "GET /ico/favicon.ico HTTP/1.1" 404 1256 "-" "Mozilla/5.0 (Windows NT 5.2; rv:31.0) Gecko/20100101 Firefox/31.0"
217.9.49.1 - - [07/Dec/2016:06:41:56 +0100] "GET /css/bootstrap.min.css HTTP/1.1" 200 101265 "http://www.dialyse-falkensee.de/" "Mozilla/5.0 (Windows NT 5.2; rv:31.0) Gecko/20100101 Firefox/31.0"
217.9.49.1 - - [07/Dec/2016:06:41:56 +0100] "GET /js/bootstrap.min.js HTTP/1.1" 200 25764 "http://www.dialyse-falkensee.de/" "Mozilla/5.0 (Windows NT 5.2; rv:31.0) Gecko/20100101 Firefox/31.0"
108.59.8.80 - - [07/Dec/2016:09:12:09 +0100] "GET /robots.txt HTTP/1.1" 404 1256 "-" "Mozilla/5.0 (compatible; MJ12bot/v1.4.7; http://mj12bot.com/)"
108.59.8.80 - - [07/Dec/2016:09:12:12 +0100] "GET / HTTP/1.1" 200 3274 "-" "Mozilla/5.0 (compatible; MJ12bot/v1.4.7; http://mj12bot.com/)"
91.64.113.33 - - [07/Dec/2016:09:23:57 +0100] "GET / HTTP/1.1" 200 3274 "https://www.google.de/" "Mozilla/5.0 (Windows NT 6.1; WOW64; rv:50.0) Gecko/20100101 Firefox/50.0"
91.64.113.33 - - [07/Dec/2016:09:23:57 +0100] "GET /css/bootstrap-responsive.min.css HTTP/1.1" 200 16520 "http://www.dialyse-falkensee.de/" "Mozilla/5.0 (Windows NT 6.1; WOW64; rv:50.0) Gecko/20100101 Firefox/50.0"
91.64.113.33 - - [07/Dec/2016:09:23:57 +0100] "GET /js/bootstrap.min.js HTTP/1.1" 200 25764 "http://www.dialyse-falkensee.de/" "Mozilla/5.0 (Windows NT 6.1; WOW64; rv:50.0) Gecko/20100101 Firefox/50.0"
91.64.113.33 - - [07/Dec/2016:09:23:57 +0100] "GET /ico/favicon.ico HTTP/1.1" 404 1256 "-" "Mozilla/5.0 (Windows NT 6.1; WOW64; rv:50.0) Gecko/20100101 Firefox/50.0"
91.64.113.33 - - [07/Dec/2016:09:23:57 +0100] "GET /css/bootstrap.min.css HTTP/1.1" 200 101265 "http://www.dialyse-falkensee.de/" "Mozilla/5.0 (Windows NT 6.1; WOW64; rv:50.0) Gecko/20100101 Firefox/50.0"
91.64.113.33 - - [07/Dec/2016:09:26:26 +0100] "GET /favicon.ico HTTP/1.1" 404 1256 "-" "Mozilla/5.0 (Windows NT 6.1; WOW64; rv:50.0) Gecko/20100101 Firefox/50.0"
91.64.113.33 - - [07/Dec/2016:09:26:26 +0100] "GET /favicon.ico HTTP/1.1" 404 1256 "-" "Mozilla/5.0 (Windows NT 6.1; WOW64; rv:50.0) Gecko/20100101 Firefox/50.0"
46.229.164.100 - - [07/Dec/2016:10:50:07 +0100] "GET /robots.txt HTTP/1.1" 404 1256 "-" "Mozilla/5.0 (compatible; SemrushBot/1.1~bl; +http://www.semrush.com/bot.html)"
198.204.240.42 - - [07/Dec/2016:12:12:37 +0100] "GET / HTTP/1.0" 200 3274 "-" "Mozilla/5.0 (Windows NT 6.1) AppleWebKit/537.36 (KHTML, like Gecko) Chrome/41.0.2228.0 Safari/537.36"
157.55.39.34 - - [07/Dec/2016:14:13:25 +0100] "GET / HTTP/1.1" 200 3274 "-" "Mozilla/5.0 (compatible; bingbot/2.0; +http://www.bing.com/bingbot.htm)"
138.201.30.66 - - [07/Dec/2016:14:56:19 +0100] "GET /robots.txt HTTP/1.0" 404 1256 "-" "Mozilla/5.0 (compatible; SEOkicks-Robot; +http://www.seokicks.de/robot.html)"
138.201.30.66 - - [07/Dec/2016:14:56:20 +0100] "GET / HTTP/1.0" 200 3274 "-" "Mozilla/5.0 (compatible; SEOkicks-Robot; +http://www.seokicks.de/robot.html)"
138.201.30.66 - - [07/Dec/2016:14:56:22 +0100] "GET /index.html HTTP/1.0" 200 3274 "-" "Mozilla/5.0 (compatible; SEOkicks-Robot; +http://www.seokicks.de/robot.html)"
138.201.30.66 - - [07/Dec/2016:14:56:24 +0100] "GET /css/bootstrap.min.css HTTP/1.0" 200 101265 "http://www.dialyse-falkensee.de/" "Mozilla/5.0 (compatible; SEOkicks-Robot; +http://www.seokicks.de/robot.html)"
138.201.30.66 - - [07/Dec/2016:14:56:26 +0100] "GET /css/bootstrap-responsive.min.css HTTP/1.0" 200 16520 "http://www.dialyse-falkensee.de/" "Mozilla/5.0 (compatible; SEOkicks-Robot; +http://www.seokicks.de/robot.html)"
138.201.30.66 - - [07/Dec/2016:14:56:28 +0100] "GET /ico/favicon.ico HTTP/1.0" 404 1256 "http://www.dialyse-falkensee.de/" "Mozilla/5.0 (compatible; SEOkicks-Robot; +http://www.seokicks.de/robot.html)"
138.201.30.66 - - [07/Dec/2016:14:56:30 +0100] "GET /js/bootstrap.min.js HTTP/1.0" 200 25764 "http://www.dialyse-falkensee.de/" "Mozilla/5.0 (compatible; SEOkicks-Robot; +http://www.seokicks.de/robot.html)"
180.76.15.15 - - [07/Dec/2016:19:48:48 +0100] "GET /robots.txt HTTP/1.1" 404 1256 "-" "Mozilla/5.0 (Windows NT 5.1; rv:6.0.2) Gecko/20100101 Firefox/6.0.2"
180.76.15.9 - - [07/Dec/2016:19:48:49 +0100] "GET /robots.txt HTTP/1.1" 404 1256 "-" "Mozilla/5.0 (Windows NT 5.1; rv:6.0.2) Gecko/20100101 Firefox/6.0.2"
180.76.15.140 - - [07/Dec/2016:19:49:55 +0100] "GET / HTTP/1.1" 200 3274 "-" "Mozilla/5.0 (compatible; Baiduspider/2.0; +http://www.baidu.com/search/spider.html)"
157.55.39.34 - - [08/Dec/2016:02:24:58 +0100] "GET / HTTP/1.1" 200 3274 "-" "Mozilla/5.0 (compatible; bingbot/2.0; +http://www.bing.com/bingbot.htm)"
66.249.64.4 - - [08/Dec/2016:02:33:42 +0100] "GET /robots.txt HTTP/1.1" 404 1256 "-" "Mozilla/5.0 (compatible; Googlebot/2.1; +http://www.google.com/bot.html)"
66.249.64.10 - - [08/Dec/2016:02:33:42 +0100] "GET / HTTP/1.1" 200 3274 "-" "Mozilla/5.0 (Linux; Android 6.0.1; Nexus 5X Build/MMB29P) AppleWebKit/537.36 (KHTML, like Gecko) Chrome/41.0.2272.96 Mobile Safari/537.36 (compatible; Googlebot/2.1; +http://www.google.com/bot.html)"
66.249.64.7 - - [08/Dec/2016:02:33:51 +0100] "GET /css/bootstrap-responsive.min.css HTTP/1.1" 200 16520 "-" "Mozilla/5.0 (compatible; Googlebot/2.1; +http://www.google.com/bot.html)"
66.249.64.4 - - [08/Dec/2016:02:33:52 +0100] "GET /css/bootstrap.min.css HTTP/1.1" 200 101265 "-" "Mozilla/5.0 (compatible; Googlebot/2.1; +http://www.google.com/bot.html)"
66.249.64.4 - - [08/Dec/2016:07:54:32 +0100] "GET / HTTP/1.1" 200 3274 "-" "Mozilla/5.0 (compatible; Googlebot/2.1; +http://www.google.com/bot.html)"
66.249.64.4 - - [08/Dec/2016:07:54:44 +0100] "GET /js/bootstrap.min.js HTTP/1.1" 200 25764 "-" "Mozilla/5.0 (compatible; Googlebot/2.1; +http://www.google.com/bot.html)"
46.229.168.69 - - [08/Dec/2016:08:45:29 +0100] "GET / HTTP/1.1" 200 3274 "-" "Mozilla/5.0 (compatible; SemrushBot/1.1~bl; +http://www.semrush.com/bot.html)"
46.229.164.100 - - [08/Dec/2016:10:13:03 +0100] "GET /robots.txt HTTP/1.1" 404 1256 "-" "Mozilla/5.0 (compatible; SemrushBot/1.1~bl; +http://www.semrush.com/bot.html)"
157.55.39.34 - - [08/Dec/2016:11:40:12 +0100] "GET / HTTP/1.1" 200 3274 "-" "Mozilla/5.0 (compatible; bingbot/2.0; +http://www.bing.com/bingbot.htm)"
94.223.143.191 - - [08/Dec/2016:12:36:15 +0100] "GET / HTTP/1.1" 200 3274 "https://www.google.de/" "Mozilla/5.0 (Windows NT 6.1; WOW64) AppleWebKit/537.36 (KHTML, like Gecko) Chrome/41.0.2231.0 Safari/537.36"
94.223.143.191 - - [08/Dec/2016:12:36:15 +0100] "GET /css/bootstrap-responsive.min.css HTTP/1.1" 200 16520 "http://www.dialyse-falkensee.de/" "Mozilla/5.0 (Windows NT 6.1; WOW64) AppleWebKit/537.36 (KHTML, like Gecko) Chrome/41.0.2231.0 Safari/537.36"
94.223.143.191 - - [08/Dec/2016:12:36:15 +0100] "GET /js/bootstrap.min.js HTTP/1.1" 200 25764 "http://www.dialyse-falkensee.de/" "Mozilla/5.0 (Windows NT 6.1; WOW64) AppleWebKit/537.36 (KHTML, like Gecko) Chrome/41.0.2231.0 Safari/537.36"
94.223.143.191 - - [08/Dec/2016:12:36:15 +0100] "GET /css/bootstrap.min.css HTTP/1.1" 200 101265 "http://www.dialyse-falkensee.de/" "Mozilla/5.0 (Windows NT 6.1; WOW64) AppleWebKit/537.36 (KHTML, like Gecko) Chrome/41.0.2231.0 Safari/537.36"
94.223.143.191 - - [08/Dec/2016:12:36:17 +0100] "GET /ico/favicon.ico HTTP/1.1" 404 1256 "-" "Mozilla/5.0 (Windows NT 6.1; WOW64) AppleWebKit/537.36 (KHTML, like Gecko) Chrome/41.0.2231.0 Safari/537.36"
195.154.183.187 - - [08/Dec/2016:16:03:15 +0100] "GET /wp/wp-admin/setup-config.php HTTP/1.1" 404 1256 "-" "Mozilla/5.0 (Windows NT 6.1; Trident/7.0; rv:11.0) like Gecko"
195.154.183.187 - - [08/Dec/2016:16:03:15 +0100] "GET /blog/wp-admin/setup-config.php HTTP/1.1" 404 1256 "-" "Mozilla/5.0 (Windows NT 6.1; Trident/7.0; rv:11.0) like Gecko"
195.154.183.187 - - [08/Dec/2016:16:03:15 +0100] "GET /wordpress/wp-admin/setup-config.php HTTP/1.1" 404 1256 "-" "Mozilla/5.0 (Windows NT 6.1; Trident/7.0; rv:11.0) like Gecko"
195.154.183.187 - - [08/Dec/2016:16:03:15 +0100] "GET /backup/wp-admin/setup-config.php HTTP/1.1" 404 1256 "-" "Mozilla/5.0 (Windows NT 6.1; Trident/7.0; rv:11.0) like Gecko"
62.212.73.211 - - [08/Dec/2016:16:38:46 +0100] "GET /robots.txt HTTP/1.1" 404 1256 "-" "Mozilla/5.0 (compatible; MJ12bot/v1.4.7; http://mj12bot.com/)"
62.212.73.211 - - [08/Dec/2016:16:38:48 +0100] "GET / HTTP/1.1" 200 3274 "-" "Mozilla/5.0 (compatible; MJ12bot/v1.4.7; http://mj12bot.com/)"
195.154.199.56 - - [08/Dec/2016:17:07:40 +0100] "GET /license.php HTTP/1.0" 404 1256 "-" "Mozilla/5.0 (Windows NT 6.1) AppleWebKit/537.36 (KHTML, like Gecko) Chrome/41.0.2228.0 Safari/537.36"
195.154.199.56 - - [08/Dec/2016:17:07:40 +0100] "GET /license.php HTTP/1.0" 404 1256 "-" "Mozilla/5.0 (Windows NT 6.1) AppleWebKit/537.36 (KHTML, like Gecko) Chrome/41.0.2228.0 Safari/537.36"
195.154.199.145 - - [08/Dec/2016:18:26:10 +0100] "GET /wp-content/upgrade/theme-compat/popup-pomo.php HTTP/1.1" 404 1256 "-" "Mozilla/5.0 (Windows NT 6.1; Trident/7.0; rv:11.0) like Gecko"
94.223.143.191 - - [08/Dec/2016:19:32:04 +0100] "GET /ico/favicon.ico HTTP/1.1" 404 1256 "-" "Mozilla/5.0 (Windows NT 6.1; WOW64) AppleWebKit/537.36 (KHTML, like Gecko) Chrome/41.0.2231.0 Safari/537.36"
207.46.13.69 - - [08/Dec/2016:23:01:12 +0100] "GET /robots.txt HTTP/1.1" 404 1256 "-" "Mozilla/5.0 (compatible; bingbot/2.0; +http://www.bing.com/bingbot.htm)"
207.46.13.69 - - [08/Dec/2016:23:01:12 +0100] "GET /robots.txt HTTP/1.1" 404 1256 "-" "Mozilla/5.0 (compatible; bingbot/2.0; +http://www.bing.com/bingbot.htm)"
207.46.13.69 - - [08/Dec/2016:23:01:16 +0100] "GET / HTTP/1.1" 200 3274 "-" "Mozilla/5.0 (compatible; bingbot/2.0; +http://www.bing.com/bingbot.htm)"
157.55.39.255 - - [08/Dec/2016:23:45:18 +0100] "GET /mail/contact.html HTTP/1.1" 404 1256 "-" "Mozilla/5.0 (iPhone; CPU iPhone OS 7_0 like Mac OS X) AppleWebKit/537.51.1 (KHTML, like Gecko) Version/7.0 Mobile/11A465 Safari/9537.53 (compatible; bingbot/2.0; +http://www.bing.com/bingbot.htm)"
66.249.64.7 - - [09/Dec/2016:03:55:48 +0100] "GET /robots.txt HTTP/1.1" 404 1256 "-" "Mozilla/5.0 (compatible; Googlebot/2.1; +http://www.google.com/bot.html)"
