216.244.66.237 - - [18/Dec/2016:20:18:54 +0100] "GET /index.html HTTP/1.1" 200 3274 "-" "Mozilla/5.0 (compatible; DotBot/1.1; http://www.opensiteexplorer.org/dotbot, help@moz.com)"
144.76.223.13 - - [18/Dec/2016:21:37:36 +0100] "GET / HTTP/1.1" 200 3274 "-" "Mozilla/5.0 (Windows; U; Windows NT 6.1; de; rv:1.9.2.12) Gecko/20101026 Firefox/3.6.12"
138.201.59.34 - - [18/Dec/2016:21:50:21 +0100] "GET /robots.txt HTTP/1.0" 404 1256 "-" "Mozilla/5.0 (compatible; SEOkicks-Robot; +http://www.seokicks.de/robot.html)"
138.201.59.34 - - [18/Dec/2016:21:50:22 +0100] "GET / HTTP/1.0" 200 3274 "-" "Mozilla/5.0 (compatible; SEOkicks-Robot; +http://www.seokicks.de/robot.html)"
138.201.59.34 - - [18/Dec/2016:21:50:23 +0100] "GET /index.html HTTP/1.0" 200 3274 "-" "Mozilla/5.0 (compatible; SEOkicks-Robot; +http://www.seokicks.de/robot.html)"
138.201.59.34 - - [18/Dec/2016:21:50:26 +0100] "GET /css/bootstrap.min.css HTTP/1.0" 200 101265 "http://www.dialyse-falkensee.de/" "Mozilla/5.0 (compatible; SEOkicks-Robot; +http://www.seokicks.de/robot.html)"
138.201.59.34 - - [18/Dec/2016:21:50:28 +0100] "GET /css/bootstrap-responsive.min.css HTTP/1.0" 200 16520 "http://www.dialyse-falkensee.de/" "Mozilla/5.0 (compatible; SEOkicks-Robot; +http://www.seokicks.de/robot.html)"
138.201.59.34 - - [18/Dec/2016:21:50:29 +0100] "GET /ico/favicon.ico HTTP/1.0" 404 1256 "http://www.dialyse-falkensee.de/" "Mozilla/5.0 (compatible; SEOkicks-Robot; +http://www.seokicks.de/robot.html)"
138.201.59.34 - - [18/Dec/2016:21:50:31 +0100] "GET /js/bootstrap.min.js HTTP/1.0" 200 25764 "http://www.dialyse-falkensee.de/" "Mozilla/5.0 (compatible; SEOkicks-Robot; +http://www.seokicks.de/robot.html)"
46.229.164.102 - - [18/Dec/2016:23:23:08 +0100] "GET /robots.txt HTTP/1.1" 404 1256 "-" "Mozilla/5.0 (compatible; SemrushBot/1.1~bl; +http://www.semrush.com/bot.html)"
66.249.76.134 - - [18/Dec/2016:23:35:30 +0100] "GET /robots.txt HTTP/1.1" 404 1256 "-" "Mozilla/5.0 (compatible; Googlebot/2.1; +http://www.google.com/bot.html)"
66.249.76.136 - - [18/Dec/2016:23:35:30 +0100] "GET / HTTP/1.1" 200 3274 "-" "Mozilla/5.0 (compatible; Googlebot/2.1; +http://www.google.com/bot.html)"
66.249.76.131 - - [18/Dec/2016:23:35:31 +0100] "GET /js/bootstrap.min.js HTTP/1.1" 200 25764 "http://www.dialyse-falkensee.de/" "Mozilla/5.0 (compatible; Googlebot/2.1; +http://www.google.com/bot.html)"
52.91.210.0 - - [19/Dec/2016:00:24:20 +0100] "GET /robots.txt HTTP/1.1" 404 1256 "-" "-"
52.91.210.0 - - [19/Dec/2016:00:24:20 +0100] "GET / HTTP/1.1" 200 3274 "-" "CheckMarkNetwork/1.0 (+http://www.checkmarknetwork.com/spider.html)"
52.91.210.0 - - [19/Dec/2016:00:24:20 +0100] "GET /css/bootstrap.min.css HTTP/1.1" 200 101265 "-" "roboto"
52.91.210.0 - - [19/Dec/2016:00:24:21 +0100] "GET /css/bootstrap-responsive.min.css HTTP/1.1" 200 16520 "-" "roboto"
167.114.233.118 - - [19/Dec/2016:00:37:46 +0100] "GET / HTTP/1.0" 200 3274 "-" "Mozilla/5.0 (Windows NT 10.0; Win64; x64; rv:48.0) Gecko/20100101 Firefox/48.0"
66.249.76.134 - - [19/Dec/2016:01:11:30 +0100] "GET / HTTP/1.1" 200 3274 "-" "Mozilla/5.0 (Linux; Android 6.0.1; Nexus 5X Build/MMB29P) AppleWebKit/537.36 (KHTML, like Gecko) Chrome/41.0.2272.96 Mobile Safari/537.36 (compatible; Googlebot/2.1; +http://www.google.com/bot.html)"
144.76.100.150 - - [19/Dec/2016:01:48:17 +0100] "GET / HTTP/1.0" 200 3274 "-" "-"
144.76.100.150 - - [19/Dec/2016:01:48:17 +0100] "GET / HTTP/1.0" 200 3274 "-" "-"
188.165.233.228 - - [19/Dec/2016:02:32:10 +0100] "GET /robots.txt HTTP/1.0" 404 1256 "-" ""
188.165.233.228 - - [19/Dec/2016:02:32:10 +0100] "GET / HTTP/1.1" 206 3274 "-" "Mozilla/5.0 (X11; U; Linux x86_64; en-US; rv:1.9.2.4) Gecko/20100614 Ubuntu/10.04 (lucid) Firefox/3.6.4"
66.249.64.10 - - [19/Dec/2016:05:40:30 +0100] "GET / HTTP/1.1" 200 3274 "-" "Mozilla/5.0 (compatible; Googlebot/2.1; +http://www.google.com/bot.html)"
207.46.13.223 - - [19/Dec/2016:07:31:22 +0100] "GET /robots.txt HTTP/1.1" 404 1256 "-" "Mozilla/5.0 (compatible; bingbot/2.0; +http://www.bing.com/bingbot.htm)"
40.77.167.58 - - [19/Dec/2016:07:33:55 +0100] "GET / HTTP/1.1" 200 3274 "-" "Mozilla/5.0 (compatible; bingbot/2.0; +http://www.bing.com/bingbot.htm)"
178.255.215.83 - - [19/Dec/2016:08:41:58 +0100] "GET /robots.txt HTTP/1.1" 404 1256 "-" "Mozilla/5.0 (compatible; Exabot/3.0; +http://www.exabot.com/go/robot)"
178.255.215.83 - - [19/Dec/2016:08:41:58 +0100] "GET / HTTP/1.1" 200 3274 "-" "Mozilla/5.0 (compatible; Exabot/3.0; +http://www.exabot.com/go/robot)"
66.249.76.136 - - [19/Dec/2016:14:47:31 +0100] "GET /robots.txt HTTP/1.1" 404 1256 "-" "Mozilla/5.0 (compatible; Googlebot/2.1; +http://www.google.com/bot.html)"
66.249.76.134 - - [19/Dec/2016:14:47:31 +0100] "GET / HTTP/1.1" 200 3274 "-" "Mozilla/5.0 (compatible; Googlebot/2.1; +http://www.google.com/bot.html)"
66.249.76.134 - - [19/Dec/2016:14:47:32 +0100] "GET / HTTP/1.1" 200 3274 "-" "Mozilla/5.0 (compatible; Googlebot/2.1; +http://www.google.com/bot.html)"
40.77.167.58 - - [19/Dec/2016:18:52:19 +0100] "GET / HTTP/1.1" 200 3274 "-" "Mozilla/5.0 (compatible; bingbot/2.0; +http://www.bing.com/bingbot.htm)"
66.249.76.136 - - [19/Dec/2016:19:07:11 +0100] "GET / HTTP/1.1" 200 3274 "-" "Mozilla/5.0 (compatible; Googlebot/2.1; +http://www.google.com/bot.html)"
212.69.160.66 - - [19/Dec/2016:20:00:19 +0100] "GET / HTTP/1.1" 200 3274 "-" "Mozilla/5.0 (compatible; MSIE 8.0; Windows NT 10.1; Trident/5.0)"
212.69.160.66 - - [19/Dec/2016:20:00:19 +0100] "GET /css/bootstrap-responsive.min.css HTTP/1.1" 200 16520 "http://www.dialyse-falkensee.de/" "Mozilla/5.0 (compatible; MSIE 8.0; Windows NT 10.1; Trident/5.0)"
212.69.160.66 - - [19/Dec/2016:20:00:19 +0100] "GET /js/bootstrap.min.js HTTP/1.1" 200 25764 "http://www.dialyse-falkensee.de/" "Mozilla/5.0 (compatible; MSIE 8.0; Windows NT 10.1; Trident/5.0)"
212.69.160.66 - - [19/Dec/2016:20:00:19 +0100] "GET /css/bootstrap.min.css HTTP/1.1" 200 101265 "http://www.dialyse-falkensee.de/" "Mozilla/5.0 (compatible; MSIE 8.0; Windows NT 10.1; Trident/5.0)"
212.69.160.66 - - [19/Dec/2016:20:00:19 +0100] "GET /img/glyphicons-halflings.png HTTP/1.1" 200 12799 "http://www.dialyse-falkensee.de/" "Mozilla/5.0 (compatible; MSIE 8.0; Windows NT 10.1; Trident/5.0)"
195.154.199.66 - - [19/Dec/2016:21:30:50 +0100] "GET /upload.php HTTP/1.0" 404 1256 "-" "Mozilla/5.0 (Windows NT 6.1) AppleWebKit/537.36 (KHTML, like Gecko) Chrome/41.0.2228.0 Safari/537.36"
180.76.15.149 - - [19/Dec/2016:23:00:52 +0100] "GET / HTTP/1.1" 200 3274 "-" "Mozilla/5.0 (compatible; Baiduspider/2.0; +http://www.baidu.com/search/spider.html)"
46.229.164.102 - - [19/Dec/2016:23:27:14 +0100] "GET /robots.txt HTTP/1.1" 404 1256 "-" "Mozilla/5.0 (compatible; SemrushBot/1.1~bl; +http://www.semrush.com/bot.html)"
207.46.13.231 - - [19/Dec/2016:23:55:24 +0100] "GET /robots.txt HTTP/1.1" 404 1256 "-" "Mozilla/5.0 (compatible; bingbot/2.0; +http://www.bing.com/bingbot.htm)"
40.77.167.58 - - [19/Dec/2016:23:55:46 +0100] "GET /kontakt.htm HTTP/1.1" 404 1256 "-" "Mozilla/5.0 (iPhone; CPU iPhone OS 7_0 like Mac OS X) AppleWebKit/537.51.1 (KHTML, like Gecko) Version/7.0 Mobile/11A465 Safari/9537.53 (compatible; bingbot/2.0; +http://www.bing.com/bingbot.htm)"
62.53.160.163 - - [20/Dec/2016:07:26:21 +0100] "GET / HTTP/1.1" 200 3274 "http://www.bbnk.de/index.php?id=51" "Mozilla/5.0 (Windows NT 6.3; WOW64; rv:45.0) Gecko/20100101 Firefox/45.0"
62.53.160.163 - - [20/Dec/2016:07:26:25 +0100] "GET /css/bootstrap-responsive.min.css HTTP/1.1" 200 16520 "http://www.dialyse-falkensee.de/" "Mozilla/5.0 (Windows NT 6.3; WOW64; rv:45.0) Gecko/20100101 Firefox/45.0"
62.53.160.163 - - [20/Dec/2016:07:26:25 +0100] "GET /js/bootstrap.min.js HTTP/1.1" 200 25764 "http://www.dialyse-falkensee.de/" "Mozilla/5.0 (Windows NT 6.3; WOW64; rv:45.0) Gecko/20100101 Firefox/45.0"
62.53.160.163 - - [20/Dec/2016:07:26:25 +0100] "GET /ico/favicon.ico HTTP/1.1" 404 1256 "-" "Mozilla/5.0 (Windows NT 6.3; WOW64; rv:45.0) Gecko/20100101 Firefox/45.0"
62.53.160.163 - - [20/Dec/2016:07:26:25 +0100] "GET /ico/favicon.ico HTTP/1.1" 404 1256 "-" "Mozilla/5.0 (Windows NT 6.3; WOW64; rv:45.0) Gecko/20100101 Firefox/45.0"
62.53.160.163 - - [20/Dec/2016:07:26:25 +0100] "GET /css/bootstrap.min.css HTTP/1.1" 200 101265 "http://www.dialyse-falkensee.de/" "Mozilla/5.0 (Windows NT 6.3; WOW64; rv:45.0) Gecko/20100101 Firefox/45.0"
62.53.160.163 - - [20/Dec/2016:07:26:25 +0100] "GET /ico/favicon.ico HTTP/1.1" 404 1256 "-" "Mozilla/5.0 (Windows NT 6.3; WOW64; rv:45.0) Gecko/20100101 Firefox/45.0"
62.53.160.163 - - [20/Dec/2016:07:42:55 +0100] "GET / HTTP/1.1" 200 3274 "https://www.google.de" "Mozilla/5.0 (Windows NT 6.3; WOW64; rv:45.0) Gecko/20100101 Firefox/45.0"
62.53.160.163 - - [20/Dec/2016:07:42:55 +0100] "GET /css/bootstrap-responsive.min.css HTTP/1.1" 200 16520 "http://www.dialyse-falkensee.de/" "Mozilla/5.0 (Windows NT 6.3; WOW64; rv:45.0) Gecko/20100101 Firefox/45.0"
62.53.160.163 - - [20/Dec/2016:07:42:55 +0100] "GET /js/bootstrap.min.js HTTP/1.1" 200 25764 "http://www.dialyse-falkensee.de/" "Mozilla/5.0 (Windows NT 6.3; WOW64; rv:45.0) Gecko/20100101 Firefox/45.0"
62.53.160.163 - - [20/Dec/2016:07:42:55 +0100] "GET /css/bootstrap.min.css HTTP/1.1" 200 101265 "http://www.dialyse-falkensee.de/" "Mozilla/5.0 (Windows NT 6.3; WOW64; rv:45.0) Gecko/20100101 Firefox/45.0"
62.53.160.163 - - [20/Dec/2016:07:42:55 +0100] "GET /favicon.ico HTTP/1.1" 404 1256 "-" "Mozilla/5.0 (Windows NT 6.3; WOW64; rv:45.0) Gecko/20100101 Firefox/45.0"
62.53.160.163 - - [20/Dec/2016:07:42:55 +0100] "GET /favicon.ico HTTP/1.1" 404 1256 "-" "Mozilla/5.0 (Windows NT 6.3; WOW64; rv:45.0) Gecko/20100101 Firefox/45.0"
62.53.160.163 - - [20/Dec/2016:07:42:55 +0100] "GET /favicon.ico HTTP/1.1" 404 1256 "-" "Mozilla/5.0 (Windows NT 6.3; WOW64; rv:45.0) Gecko/20100101 Firefox/45.0"
62.53.160.163 - - [20/Dec/2016:08:25:26 +0100] "GET / HTTP/1.1" 200 3274 "https://www.google.de" "Mozilla/5.0 (Windows NT 6.3; WOW64; rv:45.0) Gecko/20100101 Firefox/45.0"
62.53.160.163 - - [20/Dec/2016:08:25:26 +0100] "GET /css/bootstrap-responsive.min.css HTTP/1.1" 200 16520 "http://www.dialyse-falkensee.de/" "Mozilla/5.0 (Windows NT 6.3; WOW64; rv:45.0) Gecko/20100101 Firefox/45.0"
62.53.160.163 - - [20/Dec/2016:08:25:26 +0100] "GET /js/bootstrap.min.js HTTP/1.1" 200 25764 "http://www.dialyse-falkensee.de/" "Mozilla/5.0 (Windows NT 6.3; WOW64; rv:45.0) Gecko/20100101 Firefox/45.0"
62.53.160.163 - - [20/Dec/2016:08:25:26 +0100] "GET /css/bootstrap.min.css HTTP/1.1" 200 101265 "http://www.dialyse-falkensee.de/" "Mozilla/5.0 (Windows NT 6.3; WOW64; rv:45.0) Gecko/20100101 Firefox/45.0"
195.154.199.56 - - [20/Dec/2016:08:38:48 +0100] "GET /up.php HTTP/1.0" 404 1256 "-" "Mozilla/5.0 (Windows NT 6.1) AppleWebKit/537.36 (KHTML, like Gecko) Chrome/41.0.2228.0 Safari/537.36"
195.154.199.56 - - [20/Dec/2016:08:38:48 +0100] "GET /up.php HTTP/1.0" 404 1256 "-" "Mozilla/5.0 (Windows NT 6.1) AppleWebKit/537.36 (KHTML, like Gecko) Chrome/41.0.2228.0 Safari/537.36"
195.154.199.56 - - [20/Dec/2016:10:23:58 +0100] "GET /update.php HTTP/1.0" 404 1256 "-" "Mozilla/5.0 (Windows NT 6.1) AppleWebKit/537.36 (KHTML, like Gecko) Chrome/41.0.2228.0 Safari/537.36"
195.154.199.56 - - [20/Dec/2016:10:23:58 +0100] "GET /update.php HTTP/1.0" 404 1256 "-" "Mozilla/5.0 (Windows NT 6.1) AppleWebKit/537.36 (KHTML, like Gecko) Chrome/41.0.2228.0 Safari/537.36"
40.77.167.58 - - [20/Dec/2016:12:07:05 +0100] "GET / HTTP/1.1" 200 3274 "-" "Mozilla/5.0 (compatible; bingbot/2.0; +http://www.bing.com/bingbot.htm)"
180.76.15.29 - - [20/Dec/2016:13:03:07 +0100] "GET /css/bootstrap.min.css HTTP/1.1" 200 101265 "-" "Mozilla/5.0 (compatible; Baiduspider/2.0; +http://www.baidu.com/search/spider.html)"
107.21.1.8 - - [20/Dec/2016:15:56:21 +0100] "GET / HTTP/1.1" 200 3274 "http://www.dialyse-falkensee.de/" "Mozilla/5.0 (compatible; DuckDuckGo-Favicons-Bot/1.0; +http://duckduckgo.com)"
107.21.1.8 - - [20/Dec/2016:15:56:21 +0100] "GET /ico/favicon.ico HTTP/1.1" 404 1256 "http://www.dialyse-falkensee.de/ico/favicon.ico" "Mozilla/5.0 (compatible; DuckDuckGo-Favicons-Bot/1.0; +http://duckduckgo.com)"
107.21.1.8 - - [20/Dec/2016:15:56:21 +0100] "GET /favicon.ico HTTP/1.1" 404 1256 "http://www.dialyse-falkensee.de/favicon.ico" "Mozilla/5.0 (compatible; DuckDuckGo-Favicons-Bot/1.0; +http://duckduckgo.com)"
54.82.190.215 - - [20/Dec/2016:18:12:18 +0100] "GET /robots.txt HTTP/1.1" 404 1256 "-" "BoogleBot/2.0"
54.82.190.215 - - [20/Dec/2016:18:12:19 +0100] "GET / HTTP/1.1" 200 3274 "-" "BoogleBot/2.0"
85.25.236.93 - - [20/Dec/2016:18:47:53 +0100] "GET / HTTP/1.1" 200 3274 "-" "Mozilla/5.0 (X11; U; Linux Core i7-4980HQ; de; rv:32.0; compatible; JobboerseBot; http://www.jobboerse.com/bot.htm) Gecko/20100101 Firefox/38.0"
85.25.236.93 - - [20/Dec/2016:18:47:53 +0100] "GET /js/bootstrap.min.js HTTP/1.1" 200 25764 "http://www.dialyse-falkensee.de/" "Mozilla/5.0 (X11; U; Linux Core i7-4980HQ; de; rv:32.0; compatible; JobboerseBot; http://www.jobboerse.com/bot.htm) Gecko/20100101 Firefox/38.0"
85.25.236.93 - - [20/Dec/2016:18:47:54 +0100] "GET /css/bootstrap.min.css HTTP/1.1" 200 101265 "http://www.dialyse-falkensee.de/" "Mozilla/5.0 (X11; U; Linux Core i7-4980HQ; de; rv:32.0; compatible; JobboerseBot; http://www.jobboerse.com/bot.htm) Gecko/20100101 Firefox/38.0"
85.25.236.93 - - [20/Dec/2016:18:48:06 +0100] "GET /css/bootstrap-responsive.min.css HTTP/1.1" 200 16520 "http://www.dialyse-falkensee.de/" "Mozilla/5.0 (X11; U; Linux Core i7-4980HQ; de; rv:32.0; compatible; JobboerseBot; http://www.jobboerse.com/bot.htm) Gecko/20100101 Firefox/38.0"
85.25.236.93 - - [20/Dec/2016:18:48:11 +0100] "GET /robots.txt HTTP/1.1" 404 1256 "-" "Mozilla/5.0 (X11; U; Linux Core i7-4980HQ; de; rv:32.0; compatible; JobboerseBot; http://www.jobboerse.com/bot.htm) Gecko/20100101 Firefox/38.0"
85.25.236.93 - - [20/Dec/2016:18:48:11 +0100] "GET / HTTP/1.1" 200 3274 "-" "Mozilla/5.0 (X11; U; Linux Core i7-4980HQ; de; rv:32.0; compatible; JobboerseBot; http://www.jobboerse.com/bot.htm) Gecko/20100101 Firefox/38.0"
85.25.236.93 - - [20/Dec/2016:18:48:11 +0100] "GET /js/bootstrap.min.js HTTP/1.1" 200 25764 "http://www.dialyse-falkensee.de/" "Mozilla/5.0 (X11; U; Linux Core i7-4980HQ; de; rv:32.0; compatible; JobboerseBot; http://www.jobboerse.com/bot.htm) Gecko/20100101 Firefox/38.0"
85.25.236.93 - - [20/Dec/2016:18:48:12 +0100] "GET /css/bootstrap.min.css HTTP/1.1" 200 101265 "http://www.dialyse-falkensee.de/" "Mozilla/5.0 (X11; U; Linux Core i7-4980HQ; de; rv:32.0; compatible; JobboerseBot; http://www.jobboerse.com/bot.htm) Gecko/20100101 Firefox/38.0"
85.25.236.93 - - [20/Dec/2016:18:48:23 +0100] "GET /css/bootstrap-responsive.min.css HTTP/1.1" 200 16520 "http://www.dialyse-falkensee.de/" "Mozilla/5.0 (X11; U; Linux Core i7-4980HQ; de; rv:32.0; compatible; JobboerseBot; http://www.jobboerse.com/bot.htm) Gecko/20100101 Firefox/38.0"
85.25.236.93 - - [20/Dec/2016:18:48:27 +0100] "GET / HTTP/1.1" 200 3274 "-" "Mozilla/5.0 (X11; U; Linux Core i7-4980HQ; de; rv:32.0; compatible; JobboerseBot; http://www.jobboerse.com/bot.htm) Gecko/20100101 Firefox/38.0"
85.25.236.93 - - [20/Dec/2016:18:48:28 +0100] "GET /js/bootstrap.min.js HTTP/1.1" 200 25764 "http://www.dialyse-falkensee.de/" "Mozilla/5.0 (X11; U; Linux Core i7-4980HQ; de; rv:32.0; compatible; JobboerseBot; http://www.jobboerse.com/bot.htm) Gecko/20100101 Firefox/38.0"
85.25.236.93 - - [20/Dec/2016:18:48:28 +0100] "GET /css/bootstrap.min.css HTTP/1.1" 200 101265 "http://www.dialyse-falkensee.de/" "Mozilla/5.0 (X11; U; Linux Core i7-4980HQ; de; rv:32.0; compatible; JobboerseBot; http://www.jobboerse.com/bot.htm) Gecko/20100101 Firefox/38.0"
85.25.236.93 - - [20/Dec/2016:18:48:40 +0100] "GET /css/bootstrap-responsive.min.css HTTP/1.1" 200 16520 "http://www.dialyse-falkensee.de/" "Mozilla/5.0 (X11; U; Linux Core i7-4980HQ; de; rv:32.0; compatible; JobboerseBot; http://www.jobboerse.com/bot.htm) Gecko/20100101 Firefox/38.0"
85.25.236.93 - - [20/Dec/2016:18:48:43 +0100] "GET /ico/favicon.ico HTTP/1.1" 404 1256 "-" "Mozilla/5.0 (X11; U; Linux Core i7-4980HQ; de; rv:32.0; compatible; JobboerseBot; http://www.jobboerse.com/bot.htm) Gecko/20100101 Firefox/38.0"
85.25.236.93 - - [20/Dec/2016:18:48:43 +0100] "GET /favicon.ico HTTP/1.1" 404 1256 "-" "Mozilla/5.0 (X11; U; Linux Core i7-4980HQ; de; rv:32.0; compatible; JobboerseBot; http://www.jobboerse.com/bot.htm) Gecko/20100101 Firefox/38.0"
85.25.236.93 - - [20/Dec/2016:18:48:44 +0100] "GET / HTTP/1.1" 200 3274 "-" "Mozilla/5.0 (X11; U; Linux Core i7-4980HQ; de; rv:32.0; compatible; JobboerseBot; http://www.jobboerse.com/bot.htm) Gecko/20100101 Firefox/38.0"
85.25.236.93 - - [20/Dec/2016:18:48:45 +0100] "GET /js/bootstrap.min.js HTTP/1.1" 200 25764 "http://www.dialyse-falkensee.de/" "Mozilla/5.0 (X11; U; Linux Core i7-4980HQ; de; rv:32.0; compatible; JobboerseBot; http://www.jobboerse.com/bot.htm) Gecko/20100101 Firefox/38.0"
85.25.236.93 - - [20/Dec/2016:18:48:45 +0100] "GET /css/bootstrap.min.css HTTP/1.1" 200 101265 "http://www.dialyse-falkensee.de/" "Mozilla/5.0 (X11; U; Linux Core i7-4980HQ; de; rv:32.0; compatible; JobboerseBot; http://www.jobboerse.com/bot.htm) Gecko/20100101 Firefox/38.0"
85.25.236.93 - - [20/Dec/2016:18:48:58 +0100] "GET /css/bootstrap-responsive.min.css HTTP/1.1" 200 16520 "http://www.dialyse-falkensee.de/" "Mozilla/5.0 (X11; U; Linux Core i7-4980HQ; de; rv:32.0; compatible; JobboerseBot; http://www.jobboerse.com/bot.htm) Gecko/20100101 Firefox/38.0"
84.246.8.61 - - [20/Dec/2016:20:29:33 +0100] "GET / HTTP/1.0" 200 3274 "-" "Mozilla/5.0 (X11; U; Linux i686; en-US; rv:1.9.1.7) Gecko/20091221 Firefox/50.0"
37.0.89.54 - - [20/Dec/2016:20:29:35 +0100] "GET /css/bootstrap-responsive.min.css? HTTP/1.0" 200 16520 "-" "Mozilla/5.0 (X11; U; Linux i686; en-US; rv:1.9.1.7) Gecko/20091221 Firefox/50.0"
37.0.86.55 - - [20/Dec/2016:20:29:35 +0100] "GET /css/bootstrap.min.css? HTTP/1.0" 200 101265 "-" "Mozilla/5.0 (X11; U; Linux i686; en-US; rv:1.9.1.7) Gecko/20091221 Firefox/50.0"
207.46.13.194 - - [20/Dec/2016:23:25:42 +0100] "GET /robots.txt HTTP/1.1" 404 1256 "-" "Mozilla/5.0 (compatible; bingbot/2.0; +http://www.bing.com/bingbot.htm)"
40.77.167.58 - - [20/Dec/2016:23:25:58 +0100] "GET / HTTP/1.1" 200 3274 "-" "Mozilla/5.0 (compatible; bingbot/2.0; +http://www.bing.com/bingbot.htm)"
40.77.167.44 - - [20/Dec/2016:23:53:39 +0100] "GET /mail/contact.html HTTP/1.1" 404 1256 "-" "Mozilla/5.0 (iPhone; CPU iPhone OS 7_0 like Mac OS X) AppleWebKit/537.51.1 (KHTML, like Gecko) Version/7.0 Mobile/11A465 Safari/9537.53 (compatible; bingbot/2.0; +http://www.bing.com/bingbot.htm)"
46.229.164.100 - - [21/Dec/2016:09:06:42 +0100] "GET /robots.txt HTTP/1.1" 404 1256 "-" "Mozilla/5.0 (compatible; SemrushBot/1.1~bl; +http://www.semrush.com/bot.html)"
91.64.91.68 - - [21/Dec/2016:10:11:35 +0100] "GET / HTTP/1.1" 200 3274 "https://www.google.de/" "Mozilla/5.0 (Windows NT 10.0; WOW64; rv:50.0) Gecko/20100101 Firefox/50.0"
91.64.91.68 - - [21/Dec/2016:10:11:36 +0100] "GET /css/bootstrap-responsive.min.css HTTP/1.1" 200 16520 "http://www.dialyse-falkensee.de/" "Mozilla/5.0 (Windows NT 10.0; WOW64; rv:50.0) Gecko/20100101 Firefox/50.0"
91.64.91.68 - - [21/Dec/2016:10:11:36 +0100] "GET /js/bootstrap.min.js HTTP/1.1" 200 25764 "http://www.dialyse-falkensee.de/" "Mozilla/5.0 (Windows NT 10.0; WOW64; rv:50.0) Gecko/20100101 Firefox/50.0"
91.64.91.68 - - [21/Dec/2016:10:11:36 +0100] "GET /ico/favicon.ico HTTP/1.1" 404 1256 "-" "Mozilla/5.0 (Windows NT 10.0; WOW64; rv:50.0) Gecko/20100101 Firefox/50.0"
91.64.91.68 - - [21/Dec/2016:10:11:36 +0100] "GET /css/bootstrap.min.css HTTP/1.1" 200 101265 "http://www.dialyse-falkensee.de/" "Mozilla/5.0 (Windows NT 10.0; WOW64; rv:50.0) Gecko/20100101 Firefox/50.0"
40.77.167.58 - - [21/Dec/2016:10:52:21 +0100] "GET / HTTP/1.1" 200 3274 "-" "Mozilla/5.0 (compatible; bingbot/2.0; +http://www.bing.com/bingbot.htm)"
62.220.2.102 - - [21/Dec/2016:14:11:28 +0100] "GET / HTTP/1.1" 200 3274 "http://web2.cylex.de/reviews/viewcompanywebsite.aspx?firmaName=dialysepraxis+falkensee&companyId=2152953" "Mozilla/5.0 (Windows NT 6.1; WOW64; Trident/7.0; rv:11.0) like Gecko"
62.220.2.102 - - [21/Dec/2016:14:11:28 +0100] "GET /css/bootstrap-responsive.min.css HTTP/1.1" 200 16520 "http://www.dialyse-falkensee.de/" "Mozilla/5.0 (Windows NT 6.1; WOW64; Trident/7.0; rv:11.0) like Gecko"
62.220.2.102 - - [21/Dec/2016:14:11:28 +0100] "GET /js/bootstrap.min.js HTTP/1.1" 200 25764 "http://www.dialyse-falkensee.de/" "Mozilla/5.0 (Windows NT 6.1; WOW64; Trident/7.0; rv:11.0) like Gecko"
62.220.2.102 - - [21/Dec/2016:14:11:28 +0100] "GET /css/bootstrap.min.css HTTP/1.1" 200 101265 "http://www.dialyse-falkensee.de/" "Mozilla/5.0 (Windows NT 6.1; WOW64; Trident/7.0; rv:11.0) like Gecko"
180.76.15.156 - - [21/Dec/2016:16:47:23 +0100] "GET /robots.txt HTTP/1.1" 404 1256 "-" "Mozilla/5.0 (Windows NT 5.1; rv:6.0.2) Gecko/20100101 Firefox/6.0.2"
180.76.15.5 - - [21/Dec/2016:16:47:23 +0100] "GET /robots.txt HTTP/1.1" 404 1256 "-" "Mozilla/5.0 (Windows NT 5.1; rv:6.0.2) Gecko/20100101 Firefox/6.0.2"
180.76.15.140 - - [21/Dec/2016:16:49:08 +0100] "GET / HTTP/1.1" 200 3274 "-" "Mozilla/5.0 (compatible; Baiduspider/2.0; +http://www.baidu.com/search/spider.html)"
40.77.167.58 - - [21/Dec/2016:22:06:52 +0100] "GET / HTTP/1.1" 200 3274 "-" "Mozilla/5.0 (compatible; bingbot/2.0; +http://www.bing.com/bingbot.htm)"
138.201.59.34 - - [21/Dec/2016:23:12:21 +0100] "GET /robots.txt HTTP/1.0" 404 1256 "-" "Mozilla/5.0 (compatible; SEOkicks-Robot; +http://www.seokicks.de/robot.html)"
138.201.59.34 - - [21/Dec/2016:23:12:22 +0100] "GET / HTTP/1.0" 200 3274 "-" "Mozilla/5.0 (compatible; SEOkicks-Robot; +http://www.seokicks.de/robot.html)"
138.201.59.34 - - [21/Dec/2016:23:12:24 +0100] "GET /index.html HTTP/1.0" 200 3274 "-" "Mozilla/5.0 (compatible; SEOkicks-Robot; +http://www.seokicks.de/robot.html)"
138.201.59.34 - - [21/Dec/2016:23:12:26 +0100] "GET /css/bootstrap.min.css HTTP/1.0" 200 101265 "http://www.dialyse-falkensee.de/" "Mozilla/5.0 (compatible; SEOkicks-Robot; +http://www.seokicks.de/robot.html)"
138.201.59.34 - - [21/Dec/2016:23:12:28 +0100] "GET /css/bootstrap-responsive.min.css HTTP/1.0" 200 16520 "http://www.dialyse-falkensee.de/" "Mozilla/5.0 (compatible; SEOkicks-Robot; +http://www.seokicks.de/robot.html)"
138.201.59.34 - - [21/Dec/2016:23:12:31 +0100] "GET /ico/favicon.ico HTTP/1.0" 404 1256 "http://www.dialyse-falkensee.de/" "Mozilla/5.0 (compatible; SEOkicks-Robot; +http://www.seokicks.de/robot.html)"
138.201.59.34 - - [21/Dec/2016:23:12:34 +0100] "GET /js/bootstrap.min.js HTTP/1.0" 200 25764 "http://www.dialyse-falkensee.de/" "Mozilla/5.0 (compatible; SEOkicks-Robot; +http://www.seokicks.de/robot.html)"
40.77.167.58 - - [21/Dec/2016:23:18:41 +0100] "GET /kontakt.htm HTTP/1.1" 404 1256 "-" "Mozilla/5.0 (iPhone; CPU iPhone OS 7_0 like Mac OS X) AppleWebKit/537.51.1 (KHTML, like Gecko) Version/7.0 Mobile/11A465 Safari/9537.53 (compatible; bingbot/2.0; +http://www.bing.com/bingbot.htm)"
5.9.145.132 - - [22/Dec/2016:05:55:41 +0100] "GET / HTTP/1.1" 200 3274 "-" "Mozilla/5.0 (Windows NT 6.1; WOW64; rv:21.0) Gecko/20100101 Firefox/21.0"
83.149.126.98 - - [22/Dec/2016:06:05:58 +0100] "GET /robots.txt HTTP/1.1" 404 1256 "-" "Mozilla/5.0 (compatible; MJ12bot/v1.4.7; http://mj12bot.com/)"
83.149.126.98 - - [22/Dec/2016:06:05:59 +0100] "GET / HTTP/1.1" 200 3274 "-" "Mozilla/5.0 (compatible; MJ12bot/v1.4.7; http://mj12bot.com/)"
208.43.225.85 - - [22/Dec/2016:06:47:58 +0100] "GET /robots.txt HTTP/1.1" 404 1256 "-" "Mozilla/5.0 (compatible; SiteExplorer/1.1b; +http://siteexplorer.info/Backlink-Checker-Spider/)"
208.43.225.85 - - [22/Dec/2016:06:48:01 +0100] "GET / HTTP/1.1" 200 3274 "-" "Mozilla/5.0 (compatible; SiteExplorer/1.1b; +http://siteexplorer.info/Backlink-Checker-Spider/)"
93.197.220.84 - - [22/Dec/2016:08:58:31 +0100] "GET / HTTP/1.1" 200 3274 "http://www.google.de/url?sa=t&rct=j&q=&esrc=s&source=web&cd=2&ved=0ahUKEwi4xcqSqofRAhVZYFAKHVZdCOgQFggfMAE&url=http%3A%2F%2Fwww.dialyse-falkensee.de%2F&usg=AFQjCNECgXXq-DVOeCPbM1zyqacv9mR2gg" "Mozilla/5.0 (Windows NT 10.0; WOW64; Trident/7.0; rv:11.0) like Gecko"
93.197.220.84 - - [22/Dec/2016:08:58:31 +0100] "GET /css/bootstrap-responsive.min.css HTTP/1.1" 200 16520 "http://www.dialyse-falkensee.de/" "Mozilla/5.0 (Windows NT 10.0; WOW64; Trident/7.0; rv:11.0) like Gecko"
93.197.220.84 - - [22/Dec/2016:08:58:31 +0100] "GET /js/bootstrap.min.js HTTP/1.1" 200 25764 "http://www.dialyse-falkensee.de/" "Mozilla/5.0 (Windows NT 10.0; WOW64; Trident/7.0; rv:11.0) like Gecko"
93.197.220.84 - - [22/Dec/2016:08:58:31 +0100] "GET /css/bootstrap.min.css HTTP/1.1" 200 101265 "http://www.dialyse-falkensee.de/" "Mozilla/5.0 (Windows NT 10.0; WOW64; Trident/7.0; rv:11.0) like Gecko"
93.197.220.84 - - [22/Dec/2016:08:58:31 +0100] "GET /ico/favicon.ico HTTP/1.1" 404 1256 "-" "Mozilla/5.0 (Windows NT 10.0; Win64; x64; Trident/7.0; rv:11.0) like Gecko"
93.197.220.84 - - [22/Dec/2016:08:58:31 +0100] "GET /favicon.ico HTTP/1.1" 404 1256 "-" "Mozilla/5.0 (Windows NT 10.0; Win64; x64; Trident/7.0; rv:11.0) like Gecko"
46.229.164.100 - - [22/Dec/2016:10:09:20 +0100] "GET /robots.txt HTTP/1.1" 404 1256 "-" "Mozilla/5.0 (compatible; SemrushBot/1.1~bl; +http://www.semrush.com/bot.html)"
95.37.168.71 - - [22/Dec/2016:12:34:35 +0100] "POST /wp-content/plugins/simple-ads-manager/sam-ajax-admin.php HTTP/1.1" 404 1256 "-" "Mozilla/5.0 (Windows NT 5.1; rv:22.0) Gecko/20100101 Firefox/22.0"
185.29.188.129 - - [22/Dec/2016:14:58:42 +0100] "GET / HTTP/1.1" 200 3274 "http://www.google.de/url?sa=t&rct=j&q=&esrc=s&source=web&cd=2&ved=0ahUKEwiZwrXU-ofRAhUGOVAKHa1CBnAQFggmMAE&url=http%3A%2F%2Fwww.dialyse-falkensee.de%2F&usg=AFQjCNECgXXq-DVOeCPbM1zyqacv9mR2gg" "Mozilla/5.0 (Windows NT 6.1; Trident/7.0; rv:11.0) like Gecko"
185.29.188.129 - - [22/Dec/2016:14:58:42 +0100] "GET /css/bootstrap.min.css HTTP/1.1" 200 101265 "http://www.dialyse-falkensee.de/" "Mozilla/5.0 (Windows NT 6.1; Trident/7.0; rv:11.0) like Gecko"
185.29.188.129 - - [22/Dec/2016:14:58:42 +0100] "GET /css/bootstrap-responsive.min.css HTTP/1.1" 200 16520 "http://www.dialyse-falkensee.de/" "Mozilla/5.0 (Windows NT 6.1; Trident/7.0; rv:11.0) like Gecko"
185.29.188.129 - - [22/Dec/2016:14:58:43 +0100] "GET /js/bootstrap.min.js HTTP/1.1" 200 25764 "http://www.dialyse-falkensee.de/" "Mozilla/5.0 (Windows NT 6.1; Trident/7.0; rv:11.0) like Gecko"
185.29.188.129 - - [22/Dec/2016:14:58:43 +0100] "GET /img/glyphicons-halflings.png HTTP/1.1" 200 12799 "http://www.dialyse-falkensee.de/" "Mozilla/5.0 (Windows NT 6.1; Trident/7.0; rv:11.0) like Gecko"
185.29.188.129 - - [22/Dec/2016:14:58:43 +0100] "GET /ico/favicon.ico HTTP/1.1" 404 1256 "-" "Mozilla/5.0 (Windows NT 6.1; Trident/7.0; rv:11.0) like Gecko"
185.29.188.129 - - [22/Dec/2016:14:58:43 +0100] "GET /favicon.ico HTTP/1.1" 404 1256 "-" "Mozilla/5.0 (Windows NT 6.1; Trident/7.0; rv:11.0) like Gecko"
185.29.188.129 - - [22/Dec/2016:15:00:25 +0100] "GET /ico/favicon.ico HTTP/1.1" 404 1256 "-" "Mozilla/5.0 (Windows NT 6.1; Trident/7.0; rv:11.0) like Gecko"
185.29.188.129 - - [22/Dec/2016:15:00:25 +0100] "GET /favicon.ico HTTP/1.1" 404 1256 "-" "Mozilla/5.0 (Windows NT 6.1; Trident/7.0; rv:11.0) like Gecko"
46.229.170.197 - - [22/Dec/2016:16:48:15 +0100] "GET / HTTP/1.1" 200 3274 "-" "Mozilla/5.0 (Windows NT 6.1; WOW64; rv:2.0b6pre) Gecko/20100903 Firefox/4.0b6pre"
40.77.167.44 - - [22/Dec/2016:19:01:01 +0100] "GET /mail/contact.html HTTP/1.1" 404 1256 "-" "Mozilla/5.0 (iPhone; CPU iPhone OS 7_0 like Mac OS X) AppleWebKit/537.51.1 (KHTML, like Gecko) Version/7.0 Mobile/11A465 Safari/9537.53 (compatible; bingbot/2.0; +http://www.bing.com/bingbot.htm)"
207.46.13.199 - - [22/Dec/2016:21:02:30 +0100] "GET /robots.txt HTTP/1.1" 404 1256 "-" "Mozilla/5.0 (compatible; bingbot/2.0; +http://www.bing.com/bingbot.htm)"
40.77.167.58 - - [22/Dec/2016:21:02:37 +0100] "GET / HTTP/1.1" 200 3274 "-" "Mozilla/5.0 (compatible; bingbot/2.0; +http://www.bing.com/bingbot.htm)"
66.249.66.162 - - [23/Dec/2016:07:56:40 +0100] "GET /robots.txt HTTP/1.1" 404 1256 "-" "Mozilla/5.0 (compatible; Googlebot/2.1; +http://www.google.com/bot.html)"
66.249.76.131 - - [23/Dec/2016:07:56:40 +0100] "GET / HTTP/1.1" 200 3274 "-" "Mozilla/5.0 (compatible; Googlebot/2.1; +http://www.google.com/bot.html)"
66.249.76.131 - - [23/Dec/2016:07:56:46 +0100] "GET /css/bootstrap-responsive.min.css HTTP/1.1" 200 16520 "-" "Mozilla/5.0 (compatible; Googlebot/2.1; +http://www.google.com/bot.html)"
66.249.76.131 - - [23/Dec/2016:07:56:47 +0100] "GET /css/bootstrap.min.css HTTP/1.1" 200 101265 "http://www.dialyse-falkensee.de/" "Mozilla/5.0 (compatible; Googlebot/2.1; +http://www.google.com/bot.html)"
66.249.66.158 - - [23/Dec/2016:07:56:47 +0100] "GET /css/bootstrap.min.css HTTP/1.1" 200 101265 "-" "Mozilla/5.0 (compatible; Googlebot/2.1; +http://www.google.com/bot.html)"
216.145.5.42 - - [23/Dec/2016:08:19:27 +0100] "GET /robots.txt HTTP/1.0" 404 1256 "-" "Mozilla/5.0 (Windows; U; Windows NT 5.1; en; rv:1.9.0.13) Gecko/2009073022 Firefox/3.5.2 (.NET CLR 3.5.30729) SurveyBot/2.3 (DomainTools)"
216.145.5.42 - - [23/Dec/2016:08:19:28 +0100] "GET / HTTP/1.1" 200 3274 "http://whois.domaintools.com/dialyse-falkensee.de" "Mozilla/5.0 (Windows; U; Windows NT 5.1; en; rv:1.9.0.13) Gecko/2009073022 Firefox/3.5.2 (.NET CLR 3.5.30729) SurveyBot/2.3 (DomainTools)"
40.77.167.58 - - [23/Dec/2016:08:34:38 +0100] "GET / HTTP/1.1" 200 3274 "-" "Mozilla/5.0 (compatible; bingbot/2.0; +http://www.bing.com/bingbot.htm)"
195.154.191.64 - - [23/Dec/2016:08:46:28 +0100] "GET /upload.php HTTP/1.0" 404 1256 "-" "Mozilla/5.0 (Windows NT 6.1) AppleWebKit/537.36 (KHTML, like Gecko) Chrome/41.0.2228.0 Safari/537.36"
66.249.66.166 - - [23/Dec/2016:09:33:10 +0100] "GET / HTTP/1.1" 200 3274 "-" "Mozilla/5.0 (compatible; Googlebot/2.1; +http://www.google.com/bot.html)"
217.5.248.105 - - [23/Dec/2016:10:31:52 +0100] "GET / HTTP/1.1" 200 3274 "http://www.google.de/url?sa=t&rct=j&q=&esrc=s&source=web&cd=2&ved=0ahUKEwjX0NLkgIrRAhXJWBQKHbvXBLgQFgg3MAE&url=http%3A%2F%2Fwww.dialyse-falkensee.de%2F&usg=AFQjCNECgXXq-DVOeCPbM1zyqacv9mR2gg" "Mozilla/5.0 (Windows NT 6.1; Trident/7.0; PHV Dialysezentren; Dialyse; rv:11.0) like Gecko"
217.5.248.105 - - [23/Dec/2016:10:31:53 +0100] "GET /css/bootstrap-responsive.min.css HTTP/1.1" 200 16520 "http://www.dialyse-falkensee.de/" "Mozilla/5.0 (Windows NT 6.1; Trident/7.0; PHV Dialysezentren; Dialyse; rv:11.0) like Gecko"
217.5.248.105 - - [23/Dec/2016:10:31:53 +0100] "GET /js/bootstrap.min.js HTTP/1.1" 200 25764 "http://www.dialyse-falkensee.de/" "Mozilla/5.0 (Windows NT 6.1; Trident/7.0; PHV Dialysezentren; Dialyse; rv:11.0) like Gecko"
217.5.248.105 - - [23/Dec/2016:10:31:53 +0100] "GET /css/bootstrap.min.css HTTP/1.1" 200 101265 "http://www.dialyse-falkensee.de/" "Mozilla/5.0 (Windows NT 6.1; Trident/7.0; PHV Dialysezentren; Dialyse; rv:11.0) like Gecko"
217.5.248.105 - - [23/Dec/2016:10:31:58 +0100] "GET /img/glyphicons-halflings.png HTTP/1.1" 200 12799 "http://www.dialyse-falkensee.de/" "Mozilla/5.0 (Windows NT 6.1; Trident/7.0; PHV Dialysezentren; Dialyse; rv:11.0) like Gecko"
217.5.248.105 - - [23/Dec/2016:10:31:58 +0100] "GET /ico/favicon.ico HTTP/1.1" 404 1256 "-" "Mozilla/5.0 (Windows NT 6.1; Trident/7.0; PHV Dialysezentren; Dialyse; rv:11.0) like Gecko"
217.5.248.105 - - [23/Dec/2016:10:31:59 +0100] "GET /favicon.ico HTTP/1.1" 404 1256 "-" "Mozilla/5.0 (Windows NT 6.1; Trident/7.0; PHV Dialysezentren; Dialyse; rv:11.0) like Gecko"
46.229.164.100 - - [23/Dec/2016:11:54:42 +0100] "GET /robots.txt HTTP/1.1" 404 1256 "-" "Mozilla/5.0 (compatible; SemrushBot/1.1~bl; +http://www.semrush.com/bot.html)"
178.8.176.78 - - [23/Dec/2016:14:48:59 +0100] "GET /ico/favicon.ico HTTP/1.1" 404 1256 "-" "Mozilla/5.0 (Windows NT 6.1; WOW64) AppleWebKit/537.36 (KHTML, like Gecko) Chrome/41.0.2231.0 Safari/537.36"
144.76.102.19 - - [23/Dec/2016:15:32:39 +0100] "GET /index.html HTTP/1.1" 200 3274 "-" "Mozilla/5.0 (compatible; BLEXBot/1.0; +http://webmeup-crawler.com/)"
144.76.102.19 - - [23/Dec/2016:15:32:54 +0100] "GET / HTTP/1.1" 200 3274 "-" "Mozilla/5.0 (compatible; BLEXBot/1.0; +http://webmeup-crawler.com/)"
46.165.197.142 - - [23/Dec/2016:17:25:23 +0100] "GET /robots.txt HTTP/1.1" 404 1256 "-" "Mozilla/5.0 (compatible; MJ12bot/v1.4.7; http://mj12bot.com/)"
46.165.197.142 - - [23/Dec/2016:17:25:24 +0100] "GET / HTTP/1.1" 200 3274 "-" "Mozilla/5.0 (compatible; MJ12bot/v1.4.7; http://mj12bot.com/)"
5.255.251.7 - - [23/Dec/2016:18:09:31 +0100] "GET /robots.txt HTTP/1.1" 404 1256 "-" "Mozilla/5.0 (compatible; YandexBot/3.0; +http://yandex.com/bots)"
5.255.251.7 - - [23/Dec/2016:18:09:35 +0100] "GET /ico/favicon.ico HTTP/1.1" 404 1256 "-" "Mozilla/5.0 (compatible; YandexBot/3.0; +http://yandex.com/bots)"
40.77.167.58 - - [23/Dec/2016:19:54:45 +0100] "GET / HTTP/1.1" 200 3274 "-" "Mozilla/5.0 (compatible; bingbot/2.0; +http://www.bing.com/bingbot.htm)"
180.76.15.143 - - [24/Dec/2016:03:54:32 +0100] "GET /css/bootstrap-responsive.min.css HTTP/1.1" 200 16520 "-" "Mozilla/5.0 (compatible; Baiduspider/2.0; +http://www.baidu.com/search/spider.html)"
138.201.30.66 - - [24/Dec/2016:07:02:34 +0100] "GET /robots.txt HTTP/1.0" 404 1256 "-" "Mozilla/5.0 (compatible; SEOkicks-Robot; +http://www.seokicks.de/robot.html)"
138.201.30.66 - - [24/Dec/2016:07:02:36 +0100] "GET / HTTP/1.0" 200 3274 "-" "Mozilla/5.0 (compatible; SEOkicks-Robot; +http://www.seokicks.de/robot.html)"
138.201.30.66 - - [24/Dec/2016:07:02:37 +0100] "GET /index.html HTTP/1.0" 200 3274 "-" "Mozilla/5.0 (compatible; SEOkicks-Robot; +http://www.seokicks.de/robot.html)"
138.201.30.66 - - [24/Dec/2016:07:02:39 +0100] "GET /css/bootstrap.min.css HTTP/1.0" 200 101265 "http://www.dialyse-falkensee.de/" "Mozilla/5.0 (compatible; SEOkicks-Robot; +http://www.seokicks.de/robot.html)"
138.201.30.66 - - [24/Dec/2016:07:02:41 +0100] "GET /css/bootstrap-responsive.min.css HTTP/1.0" 200 16520 "http://www.dialyse-falkensee.de/" "Mozilla/5.0 (compatible; SEOkicks-Robot; +http://www.seokicks.de/robot.html)"
138.201.30.66 - - [24/Dec/2016:07:02:43 +0100] "GET /ico/favicon.ico HTTP/1.0" 404 1256 "http://www.dialyse-falkensee.de/" "Mozilla/5.0 (compatible; SEOkicks-Robot; +http://www.seokicks.de/robot.html)"
138.201.30.66 - - [24/Dec/2016:07:02:45 +0100] "GET /js/bootstrap.min.js HTTP/1.0" 200 25764 "http://www.dialyse-falkensee.de/" "Mozilla/5.0 (compatible; SEOkicks-Robot; +http://www.seokicks.de/robot.html)"
40.77.167.58 - - [24/Dec/2016:07:26:09 +0100] "GET / HTTP/1.1" 200 3274 "-" "Mozilla/5.0 (compatible; bingbot/2.0; +http://www.bing.com/bingbot.htm)"
5.255.251.7 - - [24/Dec/2016:10:48:34 +0100] "GET /robots.txt HTTP/1.1" 404 1256 "-" "Mozilla/5.0 (compatible; YandexBot/3.0; +http://yandex.com/bots)"
89.204.137.26 - - [24/Dec/2016:11:26:59 +0100] "GET / HTTP/1.1" 200 3274 "https://www.google.de/" "Mozilla/5.0 (iPhone; CPU iPhone OS 10_2 like Mac OS X) AppleWebKit/602.3.12 (KHTML, like Gecko) Version/10.0 Mobile/14C92 Safari/602.1"
89.204.137.26 - - [24/Dec/2016:11:26:59 +0100] "GET /js/bootstrap.min.js HTTP/1.1" 200 25764 "http://www.dialyse-falkensee.de/" "Mozilla/5.0 (iPhone; CPU iPhone OS 10_2 like Mac OS X) AppleWebKit/602.3.12 (KHTML, like Gecko) Version/10.0 Mobile/14C92 Safari/602.1"
89.204.137.26 - - [24/Dec/2016:11:26:59 +0100] "GET /css/bootstrap-responsive.min.css HTTP/1.1" 200 16520 "http://www.dialyse-falkensee.de/" "Mozilla/5.0 (iPhone; CPU iPhone OS 10_2 like Mac OS X) AppleWebKit/602.3.12 (KHTML, like Gecko) Version/10.0 Mobile/14C92 Safari/602.1"
89.204.137.26 - - [24/Dec/2016:11:26:59 +0100] "GET /css/bootstrap.min.css HTTP/1.1" 200 101265 "http://www.dialyse-falkensee.de/" "Mozilla/5.0 (iPhone; CPU iPhone OS 10_2 like Mac OS X) AppleWebKit/602.3.12 (KHTML, like Gecko) Version/10.0 Mobile/14C92 Safari/602.1"
89.204.137.26 - - [24/Dec/2016:11:27:00 +0100] "GET /img/glyphicons-halflings.png HTTP/1.1" 200 12799 "http://www.dialyse-falkensee.de/" "Mozilla/5.0 (iPhone; CPU iPhone OS 10_2 like Mac OS X) AppleWebKit/602.3.12 (KHTML, like Gecko) Version/10.0 Mobile/14C92 Safari/602.1"
62.212.73.211 - - [24/Dec/2016:11:47:55 +0100] "GET /robots.txt HTTP/1.1" 404 1256 "-" "Mozilla/5.0 (compatible; MJ12bot/v1.4.7; http://mj12bot.com/)"
62.212.73.211 - - [24/Dec/2016:11:48:03 +0100] "GET / HTTP/1.1" 200 3274 "-" "Mozilla/5.0 (compatible; MJ12bot/v1.4.7; http://mj12bot.com/)"
46.229.164.100 - - [24/Dec/2016:12:47:10 +0100] "GET /robots.txt HTTP/1.1" 404 1256 "-" "Mozilla/5.0 (compatible; SemrushBot/1.1~bl; +http://www.semrush.com/bot.html)"
195.154.199.66 - - [24/Dec/2016:14:40:09 +0100] "GET /upload.php HTTP/1.0" 404 1256 "-" "Mozilla/5.0 (Windows NT 6.1) AppleWebKit/537.36 (KHTML, like Gecko) Chrome/41.0.2228.0 Safari/537.36"
195.154.199.66 - - [24/Dec/2016:14:40:09 +0100] "GET /upload.php HTTP/1.0" 404 1256 "-" "Mozilla/5.0 (Windows NT 6.1) AppleWebKit/537.36 (KHTML, like Gecko) Chrome/41.0.2228.0 Safari/537.36"
40.77.167.44 - - [24/Dec/2016:17:37:20 +0100] "GET /mail/contact.html HTTP/1.1" 404 1256 "-" "Mozilla/5.0 (iPhone; CPU iPhone OS 7_0 like Mac OS X) AppleWebKit/537.51.1 (KHTML, like Gecko) Version/7.0 Mobile/11A465 Safari/9537.53 (compatible; bingbot/2.0; +http://www.bing.com/bingbot.htm)"
180.76.15.163 - - [24/Dec/2016:17:51:43 +0100] "GET / HTTP/1.1" 200 3274 "-" "Mozilla/5.0 (compatible; Baiduspider/2.0; +http://www.baidu.com/search/spider.html)"
192.99.44.141 - - [24/Dec/2016:18:32:27 +0100] "GET / HTTP/1.1" 200 3274 "-" "Mozilla/5.0 (compatible; Dataprovider.com;)"
192.99.44.141 - - [24/Dec/2016:18:32:31 +0100] "GET /robots.txt HTTP/1.1" 404 1256 "-" "Mozilla/5.0 (compatible; Dataprovider.com;)"
192.99.44.141 - - [24/Dec/2016:18:32:31 +0100] "GET /sitemap.xml HTTP/1.1" 404 1256 "-" "Mozilla/5.0 (compatible; Dataprovider.com;)"
192.99.44.141 - - [24/Dec/2016:18:32:31 +0100] "GET / HTTP/1.1" 200 3274 "-" "Mozilla/5.0 (compatible; Dataprovider.com;)"
192.99.44.141 - - [24/Dec/2016:18:32:32 +0100] "GET / HTTP/1.1" 200 3274 "-" "Mozilla/5.0 (Linux; Android 5.1.1; SM-G925F Build/LMY47X) AppleWebKit/537.36 (KHTML, like Gecko) Chrome/45.0.2454.94 Mobile Safari/537.36"
66.249.76.131 - - [24/Dec/2016:22:12:07 +0100] "GET /robots.txt HTTP/1.1" 404 1256 "-" "Mozilla/5.0 (compatible; Googlebot/2.1; +http://www.google.com/bot.html)"
66.249.66.166 - - [24/Dec/2016:22:12:07 +0100] "GET / HTTP/1.1" 200 3274 "-" "Mozilla/5.0 (Linux; Android 6.0.1; Nexus 5X Build/MMB29P) AppleWebKit/537.36 (KHTML, like Gecko) Chrome/41.0.2272.96 Mobile Safari/537.36 (compatible; Googlebot/2.1; +http://www.google.com/bot.html)"
217.251.6.147 - - [24/Dec/2016:22:33:50 +0100] "GET / HTTP/1.0" 200 3274 "-" "Mozilla/4.0 (compatible; Synapse)"
180.76.15.151 - - [24/Dec/2016:22:36:42 +0100] "GET / HTTP/1.1" 200 3274 "-" "Mozilla/5.0 (compatible; Baiduspider/2.0; +http://www.baidu.com/search/spider.html)"
91.115.25.43 - - [25/Dec/2016:02:50:52 +0100] "GET /index.html HTTP/1.1" 200 3274 "-" "Apache-HttpClient/4.5.3-SNAPSHOT (Java/1.8.0_05)"
151.80.31.105 - - [25/Dec/2016:04:53:14 +0100] "GET /robots.txt HTTP/1.1" 404 1256 "-" "Mozilla/5.0 (compatible; AhrefsBot/5.1; +http://ahrefs.com/robot/)"
163.172.65.62 - - [25/Dec/2016:04:53:15 +0100] "GET / HTTP/1.1" 200 3274 "-" "Mozilla/5.0 (compatible; AhrefsBot/5.1; +http://ahrefs.com/robot/)"
157.55.39.46 - - [25/Dec/2016:06:20:57 +0100] "GET /robots.txt HTTP/1.1" 404 1256 "-" "Mozilla/5.0 (compatible; bingbot/2.0; +http://www.bing.com/bingbot.htm)"
40.77.167.58 - - [25/Dec/2016:06:21:09 +0100] "GET / HTTP/1.1" 200 3274 "-" "Mozilla/5.0 (compatible; bingbot/2.0; +http://www.bing.com/bingbot.htm)"
144.76.102.19 - - [25/Dec/2016:11:52:55 +0100] "GET /index.html HTTP/1.1" 200 3274 "-" "Mozilla/5.0 (compatible; BLEXBot/1.0; +http://webmeup-crawler.com/)"
144.76.102.19 - - [25/Dec/2016:11:55:56 +0100] "GET /sitemap.xml HTTP/1.1" 404 1256 "-" "Mozilla/5.0 (compatible; BLEXBot/1.0; +http://webmeup-crawler.com/)"
144.76.102.19 - - [25/Dec/2016:11:56:14 +0100] "GET / HTTP/1.1" 200 3274 "-" "Mozilla/5.0 (compatible; BLEXBot/1.0; +http://webmeup-crawler.com/)"
62.212.73.211 - - [25/Dec/2016:14:09:49 +0100] "GET /robots.txt HTTP/1.1" 404 1256 "-" "Mozilla/5.0 (compatible; MJ12bot/v1.4.7; http://mj12bot.com/)"
62.212.73.211 - - [25/Dec/2016:14:09:51 +0100] "GET / HTTP/1.1" 200 3274 "-" "Mozilla/5.0 (compatible; MJ12bot/v1.4.7; http://mj12bot.com/)"
46.229.164.100 - - [25/Dec/2016:14:21:27 +0100] "GET /robots.txt HTTP/1.1" 404 1256 "-" "Mozilla/5.0 (compatible; SemrushBot/1.1~bl; +http://www.semrush.com/bot.html)"
40.77.167.58 - - [25/Dec/2016:17:53:18 +0100] "GET / HTTP/1.1" 200 3274 "-" "Mozilla/5.0 (compatible; bingbot/2.0; +http://www.bing.com/bingbot.htm)"
40.77.167.58 - - [25/Dec/2016:20:01:20 +0100] "GET / HTTP/1.1" 200 3274 "-" "Mozilla/5.0 (compatible; bingbot/2.0; +http://www.bing.com/bingbot.htm)"
65.55.210.75 - - [25/Dec/2016:20:01:21 +0100] "GET /css/bootstrap-responsive.min.css HTTP/1.1" 200 16520 "http://www.dialyse-falkensee.de/" "Mozilla/5.0 (Windows NT 6.1; WOW64) AppleWebKit/534+ (KHTML, like Gecko) BingPreview/1.0b"
65.55.210.75 - - [25/Dec/2016:20:01:21 +0100] "GET /css/bootstrap.min.css HTTP/1.1" 200 101265 "http://www.dialyse-falkensee.de/" "Mozilla/5.0 (Windows NT 6.1; WOW64) AppleWebKit/534+ (KHTML, like Gecko) BingPreview/1.0b"
65.55.210.75 - - [25/Dec/2016:20:01:23 +0100] "GET /js/bootstrap.min.js HTTP/1.1" 200 25764 "http://www.dialyse-falkensee.de/" "Mozilla/5.0 (Windows NT 6.1; WOW64) AppleWebKit/534+ (KHTML, like Gecko) BingPreview/1.0b"
40.77.167.60 - - [25/Dec/2016:20:02:16 +0100] "GET /robots.txt HTTP/1.1" 404 1256 "-" "Mozilla/5.0 (compatible; bingbot/2.0; +http://www.bing.com/bingbot.htm)"
40.77.167.60 - - [25/Dec/2016:20:02:16 +0100] "GET /robots.txt HTTP/1.1" 404 1256 "-" "Mozilla/5.0 (compatible; bingbot/2.0; +http://www.bing.com/bingbot.htm)"
40.77.167.60 - - [25/Dec/2016:20:02:16 +0100] "GET /robots.txt HTTP/1.1" 404 1256 "-" "Mozilla/5.0 (compatible; bingbot/2.0; +http://www.bing.com/bingbot.htm)"
46.229.168.75 - - [25/Dec/2016:21:28:59 +0100] "GET / HTTP/1.1" 200 3274 "-" "Mozilla/5.0 (compatible; SemrushBot/1.1~bl; +http://www.semrush.com/bot.html)"
157.55.39.1 - - [25/Dec/2016:23:07:54 +0100] "GET /robots.txt HTTP/1.1" 404 1256 "-" "Mozilla/5.0 (compatible; bingbot/2.0; +http://www.bing.com/bingbot.htm)"
157.55.39.1 - - [25/Dec/2016:23:08:52 +0100] "GET /kontakt.htm HTTP/1.1" 404 1256 "-" "Mozilla/5.0 (iPhone; CPU iPhone OS 7_0 like Mac OS X) AppleWebKit/537.51.1 (KHTML, like Gecko) Version/7.0 Mobile/11A465 Safari/9537.53 (compatible; bingbot/2.0; +http://www.bing.com/bingbot.htm)"
195.154.194.192 - - [25/Dec/2016:23:58:50 +0100] "GET /update.php HTTP/1.0" 404 1256 "-" "Mozilla/5.0 (Windows NT 6.1) AppleWebKit/537.36 (KHTML, like Gecko) Chrome/41.0.2228.0 Safari/537.36"
195.154.194.192 - - [25/Dec/2016:23:58:50 +0100] "GET /update.php HTTP/1.0" 404 1256 "-" "Mozilla/5.0 (Windows NT 6.1) AppleWebKit/537.36 (KHTML, like Gecko) Chrome/41.0.2228.0 Safari/537.36"
207.241.226.218 - - [26/Dec/2016:05:14:20 +0100] "GET /robots.txt HTTP/1.1" 404 1256 "-" "Mozilla/5.0 (compatible; archive.org_bot; Wayback Machine Live Record; +http://archive.org/details/archive.org_bot)"
207.241.226.218 - - [26/Dec/2016:05:14:20 +0100] "GET /robots.txt HTTP/1.1" 404 1256 "-" "Mozilla/5.0 (compatible; archive.org_bot; Wayback Machine Live Record; +http://archive.org/details/archive.org_bot)"
157.55.39.111 - - [26/Dec/2016:05:33:04 +0100] "GET / HTTP/1.1" 200 3274 "-" "Mozilla/5.0 (compatible; bingbot/2.0; +http://www.bing.com/bingbot.htm)"
45.55.138.100 - - [26/Dec/2016:10:05:56 +0100] "GET /robots.txt HTTP/1.1" 404 1256 "-" "Mozilla/5.0 (compatible; spbot/5.0.3; +http://OpenLinkProfiler.org/bot )"
45.55.138.100 - - [26/Dec/2016:10:06:02 +0100] "GET / HTTP/1.1" 200 3274 "-" "Mozilla/5.0 (compatible; spbot/5.0.3; +http://OpenLinkProfiler.org/bot )"
83.149.126.98 - - [26/Dec/2016:12:51:07 +0100] "GET /robots.txt HTTP/1.1" 404 1256 "-" "Mozilla/5.0 (compatible; MJ12bot/v1.4.7; http://mj12bot.com/)"
83.149.126.98 - - [26/Dec/2016:12:51:09 +0100] "GET / HTTP/1.1" 200 3274 "-" "Mozilla/5.0 (compatible; MJ12bot/v1.4.7; http://mj12bot.com/)"
157.55.39.111 - - [26/Dec/2016:16:57:49 +0100] "GET / HTTP/1.1" 200 3274 "-" "Mozilla/5.0 (compatible; bingbot/2.0; +http://www.bing.com/bingbot.htm)"
46.229.164.99 - - [27/Dec/2016:02:54:47 +0100] "GET /robots.txt HTTP/1.1" 404 1256 "-" "Mozilla/5.0 (compatible; SemrushBot/1.1~bl; +http://www.semrush.com/bot.html)"
157.55.39.111 - - [27/Dec/2016:04:41:08 +0100] "GET / HTTP/1.1" 200 3274 "-" "Mozilla/5.0 (compatible; bingbot/2.0; +http://www.bing.com/bingbot.htm)"
37.59.169.249 - - [27/Dec/2016:08:49:09 +0100] "GET /cgi-sys/entropysearch.cgi HTTP/1.1" 404 1256 "-" "() { foo;};echo; /bin/bash -c \"expr 299663299665 / 3; echo 333:; uname -a; echo 333:; id;\""
37.59.169.249 - - [27/Dec/2016:08:49:14 +0100] "GET /cgi-bin/status/status.cgi HTTP/1.1" 404 1256 "-" "() { foo;};echo; /bin/bash -c \"expr 299663299665 / 3; echo 333:; uname -a; echo 333:; id;\""
37.59.169.249 - - [27/Dec/2016:08:49:19 +0100] "GET /cgi-sys/defaultwebpage.cgi HTTP/1.1" 404 1256 "-" "() { foo;};echo; /bin/bash -c \"expr 299663299665 / 3; echo 333:; uname -a; echo 333:; id;\""
37.59.169.249 - - [27/Dec/2016:08:49:24 +0100] "GET /cgi-mod/index.cgi HTTP/1.1" 404 1256 "-" "() { foo;};echo; /bin/bash -c \"expr 299663299665 / 3; echo 333:; uname -a; echo 333:; id;\""
37.59.169.249 - - [27/Dec/2016:08:49:29 +0100] "GET /cgi-bin/test.cgi HTTP/1.1" 404 1256 "-" "() { foo;};echo; /bin/bash -c \"expr 299663299665 / 3; echo 333:; uname -a; echo 333:; id;\""
37.59.169.249 - - [27/Dec/2016:08:49:34 +0100] "GET /cgi-bin-sdb/printenv HTTP/1.1" 404 1256 "-" "() { foo;};echo; /bin/bash -c \"expr 299663299665 / 3; echo 333:; uname -a; echo 333:; id;\""
37.59.169.249 - - [27/Dec/2016:08:49:39 +0100] "GET /cgi-bin/index.cgi HTTP/1.1" 404 1256 "-" "() { foo;};echo; /bin/bash -c \"expr 299663299665 / 3; echo 333:; uname -a; echo 333:; id;\""
37.59.169.249 - - [27/Dec/2016:08:49:44 +0100] "GET / HTTP/1.1" 200 3274 "-" "() { foo;};echo; /bin/bash -c \"expr 299663299665 / 3; echo 333:; uname -a; echo 333:; id;\""
37.59.169.249 - - [27/Dec/2016:08:49:49 +0100] "GET /cgi-bin/php HTTP/1.1" 404 1256 "-" "() { foo;};echo; /bin/bash -c \"expr 299663299665 / 3; echo 333:; uname -a; echo 333:; id;\""
37.59.169.249 - - [27/Dec/2016:08:49:54 +0100] "GET /cgi-bin/php4 HTTP/1.1" 404 1256 "-" "() { foo;};echo; /bin/bash -c \"expr 299663299665 / 3; echo 333:; uname -a; echo 333:; id;\""
37.59.169.249 - - [27/Dec/2016:08:49:59 +0100] "GET /cgi-bin/php5 HTTP/1.1" 404 1256 "-" "() { foo;};echo; /bin/bash -c \"expr 299663299665 / 3; echo 333:; uname -a; echo 333:; id;\""
37.59.169.249 - - [27/Dec/2016:08:50:04 +0100] "GET /cgi-bin/ HTTP/1.1" 404 1256 "-" "() { foo;};echo; /bin/bash -c \"expr 299663299665 / 3; echo 333:; uname -a; echo 333:; id;\""
37.59.169.249 - - [27/Dec/2016:08:50:09 +0100] "GET /cgi-bin/php-cgi HTTP/1.1" 404 1256 "-" "() { foo;};echo; /bin/bash -c \"expr 299663299665 / 3; echo 333:; uname -a; echo 333:; id;\""
37.59.169.249 - - [27/Dec/2016:08:50:14 +0100] "GET /sys-cgi HTTP/1.1" 404 1256 "-" "() { foo;};echo; /bin/bash -c \"expr 299663299665 / 3; echo 333:; uname -a; echo 333:; id;\""
180.76.15.17 - - [27/Dec/2016:09:51:24 +0100] "GET /robots.txt HTTP/1.1" 404 1256 "-" "Mozilla/5.0 (Windows NT 5.1; rv:6.0.2) Gecko/20100101 Firefox/6.0.2"
180.76.15.159 - - [27/Dec/2016:09:51:24 +0100] "GET /robots.txt HTTP/1.1" 404 1256 "-" "Mozilla/5.0 (Windows NT 5.1; rv:6.0.2) Gecko/20100101 Firefox/6.0.2"
180.76.15.22 - - [27/Dec/2016:09:51:39 +0100] "GET /js/bootstrap.min.js HTTP/1.1" 200 25764 "-" "Mozilla/5.0 (compatible; Baiduspider/2.0; +http://www.baidu.com/search/spider.html)"
46.4.27.145 - - [27/Dec/2016:11:05:50 +0100] "GET / HTTP/1.1" 200 3274 "http://www.webwiki.de/www.dialyse-falkensee.de" "Mozilla/5.0 (Windows NT 6.1; WOW64; rv:41.0) Gecko/20100101 Firefox/41.0"
79.198.197.70 - - [27/Dec/2016:11:10:38 +0100] "GET / HTTP/1.1" 200 3274 "http://www.google.de/" "Mozilla/5.0 (Linux; Android 5.1.1; SM-J500FN Build/LMY48B) AppleWebKit/537.36 (KHTML, like Gecko) Chrome/55.0.2883.91 Mobile Safari/537.36"
79.198.197.70 - - [27/Dec/2016:11:10:38 +0100] "GET /css/bootstrap-responsive.min.css HTTP/1.1" 200 16520 "http://www.dialyse-falkensee.de/" "Mozilla/5.0 (Linux; Android 5.1.1; SM-J500FN Build/LMY48B) AppleWebKit/537.36 (KHTML, like Gecko) Chrome/55.0.2883.91 Mobile Safari/537.36"
79.198.197.70 - - [27/Dec/2016:11:10:38 +0100] "GET /js/bootstrap.min.js HTTP/1.1" 200 25764 "http://www.dialyse-falkensee.de/" "Mozilla/5.0 (Linux; Android 5.1.1; SM-J500FN Build/LMY48B) AppleWebKit/537.36 (KHTML, like Gecko) Chrome/55.0.2883.91 Mobile Safari/537.36"
79.198.197.70 - - [27/Dec/2016:11:10:38 +0100] "GET /css/bootstrap.min.css HTTP/1.1" 200 101265 "http://www.dialyse-falkensee.de/" "Mozilla/5.0 (Linux; Android 5.1.1; SM-J500FN Build/LMY48B) AppleWebKit/537.36 (KHTML, like Gecko) Chrome/55.0.2883.91 Mobile Safari/537.36"
79.198.197.70 - - [27/Dec/2016:11:10:38 +0100] "GET /img/glyphicons-halflings.png HTTP/1.1" 200 12799 "http://www.dialyse-falkensee.de/css/bootstrap.min.css" "Mozilla/5.0 (Linux; Android 5.1.1; SM-J500FN Build/LMY48B) AppleWebKit/537.36 (KHTML, like Gecko) Chrome/55.0.2883.91 Mobile Safari/537.36"
79.198.197.70 - - [27/Dec/2016:11:10:38 +0100] "GET /ico/favicon.ico HTTP/1.1" 404 1256 "http://www.dialyse-falkensee.de/" "Mozilla/5.0 (Linux; Android 5.1.1; SM-J500FN Build/LMY48B) AppleWebKit/537.36 (KHTML, like Gecko) Chrome/55.0.2883.91 Mobile Safari/537.36"
217.27.196.25 - - [27/Dec/2016:11:24:37 +0100] "GET / HTTP/1.1" 200 3274 "http://www.bing.com/search?q=praxis+klck+dialyse&src=IE-TopResult&FORM=IETR02&conversationid=" "Mozilla/5.0 (Windows NT 6.1; WOW64; Trident/7.0; rv:11.0) like Gecko"
217.27.196.25 - - [27/Dec/2016:11:24:37 +0100] "GET /css/bootstrap-responsive.min.css HTTP/1.1" 200 16520 "http://www.dialyse-falkensee.de/" "Mozilla/5.0 (Windows NT 6.1; WOW64; Trident/7.0; rv:11.0) like Gecko"
217.27.196.25 - - [27/Dec/2016:11:24:37 +0100] "GET /js/bootstrap.min.js HTTP/1.1" 200 25764 "http://www.dialyse-falkensee.de/" "Mozilla/5.0 (Windows NT 6.1; WOW64; Trident/7.0; rv:11.0) like Gecko"
