157.55.33.40 - - [09/Feb/2014:04:59:19 +0100] "GET /img/lay04.gif HTTP/1.1" 200 272 "-" "Mozilla/5.0 (compatible; bingbot/2.0; +http://www.bing.com/bingbot.htm)"
157.55.33.40 - - [09/Feb/2014:04:59:19 +0100] "GET /img/men01.gif HTTP/1.1" 200 702 "-" "Mozilla/5.0 (compatible; bingbot/2.0; +http://www.bing.com/bingbot.htm)"
157.55.33.40 - - [09/Feb/2014:04:59:19 +0100] "GET /css/style.css HTTP/1.1" 200 3212 "-" "Mozilla/5.0 (compatible; bingbot/2.0; +http://www.bing.com/bingbot.htm)"
157.55.35.35 - - [09/Feb/2014:05:00:28 +0100] "GET /img/bg04.gif HTTP/1.1" 200 92 "-" "Mozilla/5.0 (compatible; bingbot/2.0; +http://www.bing.com/bingbot.htm)"
157.55.35.35 - - [09/Feb/2014:05:00:28 +0100] "GET /img/men07.gif HTTP/1.1" 200 893 "-" "Mozilla/5.0 (compatible; bingbot/2.0; +http://www.bing.com/bingbot.htm)"
157.56.93.95 - - [09/Feb/2014:05:05:18 +0100] "GET /img/men09.gif HTTP/1.1" 200 1200 "-" "Mozilla/5.0 (compatible; bingbot/2.0; +http://www.bing.com/bingbot.htm)"
82.193.99.33 - - [09/Feb/2014:05:08:28 +0100] "GET /seiten/start.htm HTTP/1.1" 200 4313 "http://drevrus.biz/" "Mozilla/4.0 (compatible; MSIE 6.0; Windows NT 5.0; T312461)"
82.193.99.33 - - [09/Feb/2014:05:08:29 +0100] "GET /seiten/start.htm HTTP/1.1" 200 4313 "http://drevrus.biz/" "Mozilla/4.0 (compatible; MSIE 6.0; Windows NT 5.0; T312461)"
82.193.99.33 - - [09/Feb/2014:05:08:29 +0100] "GET /seiten/start.htm HTTP/1.1" 200 4313 "http://drevrus.biz/" "Mozilla/4.0 (compatible; MSIE 6.0; Windows NT 5.0; T312461)"
157.56.93.95 - - [09/Feb/2014:05:44:42 +0100] "GET /seiten/dialyse.htm HTTP/1.1" 200 4906 "-" "Mozilla/5.0 (compatible; bingbot/2.0; +http://www.bing.com/bingbot.htm)"
157.55.32.164 - - [09/Feb/2014:05:45:20 +0100] "GET /img/men02.gif HTTP/1.1" 200 758 "-" "Mozilla/5.0 (compatible; bingbot/2.0; +http://www.bing.com/bingbot.htm)"
157.55.33.114 - - [09/Feb/2014:05:57:18 +0100] "GET /img/bg03.gif HTTP/1.1" 200 84 "-" "Mozilla/5.0 (compatible; bingbot/2.0; +http://www.bing.com/bingbot.htm)"
157.55.33.114 - - [09/Feb/2014:05:57:18 +0100] "GET /img/lay03.gif HTTP/1.1" 200 253 "-" "Mozilla/5.0 (compatible; bingbot/2.0; +http://www.bing.com/bingbot.htm)"
157.55.33.114 - - [09/Feb/2014:05:57:19 +0100] "GET /img/men06.gif HTTP/1.1" 200 904 "-" "Mozilla/5.0 (compatible; bingbot/2.0; +http://www.bing.com/bingbot.htm)"
157.55.33.114 - - [09/Feb/2014:05:57:19 +0100] "GET /img/meno03.gif HTTP/1.1" 200 931 "-" "Mozilla/5.0 (compatible; bingbot/2.0; +http://www.bing.com/bingbot.htm)"
157.55.33.114 - - [09/Feb/2014:05:57:19 +0100] "GET /img/men06.gif HTTP/1.1" 200 904 "-" "Mozilla/5.0 (compatible; bingbot/2.0; +http://www.bing.com/bingbot.htm)"
157.55.33.114 - - [09/Feb/2014:05:57:19 +0100] "GET /img/lay03.gif HTTP/1.1" 200 253 "-" "Mozilla/5.0 (compatible; bingbot/2.0; +http://www.bing.com/bingbot.htm)"
157.55.33.114 - - [09/Feb/2014:05:57:19 +0100] "GET /img/bg03.gif HTTP/1.1" 200 84 "-" "Mozilla/5.0 (compatible; bingbot/2.0; +http://www.bing.com/bingbot.htm)"
157.55.33.114 - - [09/Feb/2014:05:57:19 +0100] "GET /img/meno03.gif HTTP/1.1" 200 931 "-" "Mozilla/5.0 (compatible; bingbot/2.0; +http://www.bing.com/bingbot.htm)"
199.30.25.45 - - [09/Feb/2014:05:59:15 +0100] "GET /img/men04.gif HTTP/1.1" 200 1234 "http://www.dialyse-in-salzwedel.de/seiten/dialyse.htm" "Mozilla/5.0 (Windows NT 6.1; WOW64) AppleWebKit/534+ (KHTML, like Gecko) BingPreview/1.0b"
199.30.25.45 - - [09/Feb/2014:05:59:15 +0100] "GET /img/bg01.gif HTTP/1.1" 200 70 "http://www.dialyse-in-salzwedel.de/seiten/dialyse.htm" "Mozilla/5.0 (Windows NT 6.1; WOW64) AppleWebKit/534+ (KHTML, like Gecko) BingPreview/1.0b"
157.55.36.52 - - [09/Feb/2014:06:16:42 +0100] "GET /img/bg01.gif HTTP/1.1" 200 70 "-" "Mozilla/5.0 (compatible; bingbot/2.0; +http://www.bing.com/bingbot.htm)"
157.55.36.52 - - [09/Feb/2014:06:16:42 +0100] "GET /img/men04.gif HTTP/1.1" 200 1234 "-" "Mozilla/5.0 (compatible; bingbot/2.0; +http://www.bing.com/bingbot.htm)"
157.56.93.95 - - [09/Feb/2014:06:36:56 +0100] "GET /seiten/leistungen.htm HTTP/1.1" 304 - "-" "Mozilla/5.0 (compatible; bingbot/2.0; +http://www.bing.com/bingbot.htm)"
199.30.24.184 - - [09/Feb/2014:06:46:04 +0100] "GET /img/men01.gif HTTP/1.1" 200 702 "http://www.dialyse-in-salzwedel.de/seiten/dialyse.htm" "Mozilla/5.0 (Windows NT 6.1; WOW64) AppleWebKit/534+ (KHTML, like Gecko) BingPreview/1.0b"
220.181.108.110 - - [09/Feb/2014:07:33:03 +0100] "GET / HTTP/1.1" 200 2301 "-" "Mozilla/5.0 (compatible; Baiduspider/2.0; +http://www.baidu.com/search/spider.html)"
123.125.71.52 - - [09/Feb/2014:07:37:21 +0100] "GET / HTTP/1.1" 200 2301 "-" "Mozilla/5.0 (compatible; Baiduspider/2.0; +http://www.baidu.com/search/spider.html)"
157.55.33.114 - - [09/Feb/2014:09:28:33 +0100] "GET /robots.txt HTTP/1.1" 404 1256 "-" "Mozilla/5.0 (compatible; bingbot/2.0; +http://www.bing.com/bingbot.htm)"
157.55.33.114 - - [09/Feb/2014:09:29:58 +0100] "GET /seiten/start.htm HTTP/1.1" 200 4313 "-" "Mozilla/5.0 (compatible; bingbot/2.0; +http://www.bing.com/bingbot.htm)"
220.181.108.84 - - [09/Feb/2014:10:09:50 +0100] "GET / HTTP/1.1" 200 2301 "-" "Mozilla/5.0 (compatible; Baiduspider/2.0; +http://www.baidu.com/search/spider.html)"
123.125.71.33 - - [09/Feb/2014:10:10:51 +0100] "GET / HTTP/1.1" 200 2301 "-" "Mozilla/5.0 (compatible; Baiduspider/2.0; +http://www.baidu.com/search/spider.html)"
66.249.74.21 - - [09/Feb/2014:10:45:22 +0100] "GET /seiten/leistungen.htm HTTP/1.1" 200 5060 "-" "Mozilla/5.0 (iPhone; CPU iPhone OS 6_0 like Mac OS X) AppleWebKit/536.26 (KHTML, like Gecko) Version/6.0 Mobile/10A5376e Safari/8536.25 (compatible; Googlebot-Mobile/2.1; +http://www.google.com/bot.html)"
66.249.78.91 - - [09/Feb/2014:10:46:24 +0100] "GET /css/style.css HTTP/1.1" 200 3212 "-" "Mozilla/5.0 (compatible; Googlebot/2.1; +http://www.google.com/bot.html)"
157.55.32.54 - - [09/Feb/2014:14:04:50 +0100] "GET /robots.txt HTTP/1.1" 404 1256 "-" "Mozilla/5.0 (compatible; bingbot/2.0; +http://www.bing.com/bingbot.htm)"
157.55.32.54 - - [09/Feb/2014:14:05:15 +0100] "GET /seiten/kontakt.htm HTTP/1.1" 304 - "-" "Mozilla/5.0 (compatible; bingbot/2.0; +http://www.bing.com/bingbot.htm)"
134.249.77.243 - - [09/Feb/2014:14:42:27 +0100] "GET /seiten/start.htm HTTP/1.1" 200 4313 "http://animebox.com.ua/" "Mozilla/4.0 (compatible; MSIE 6.0; Windows NT 5.2; Win64; x64; SV1; .NET CLR 2.0.50727)"
134.249.77.243 - - [09/Feb/2014:14:42:28 +0100] "GET /seiten/start.htm HTTP/1.1" 200 4313 "http://animebox.com.ua/" "Mozilla/4.0 (compatible; MSIE 6.0; Windows NT 5.2; Win64; x64; SV1; .NET CLR 2.0.50727)"
134.249.77.243 - - [09/Feb/2014:14:42:28 +0100] "GET /seiten/start.htm HTTP/1.1" 200 4313 "http://animebox.com.ua/" "Mozilla/4.0 (compatible; MSIE 6.0; Windows NT 5.2; Win64; x64; SV1; .NET CLR 2.0.50727)"
5.199.136.130 - - [09/Feb/2014:15:12:39 +0100] "GET /robots.txt HTTP/1.1" 404 1256 "-" "Mozilla/5.0 (compatible; waybackarchive.org/1.0; +spider@waybackarchive.org)"
5.199.136.130 - - [09/Feb/2014:15:12:39 +0100] "GET /img/men03.gif HTTP/1.1" 200 999 "-" "Mozilla/5.0 (compatible; waybackarchive.org/1.0; +spider@waybackarchive.org)"
188.138.41.175 - - [09/Feb/2014:16:05:00 +0100] "GET / HTTP/1.1" 200 2301 "-" "Mozilla/5.0 (X11; U; Linux i686; en-US; rv:1.9.0.1) Gecko/2008070206 Firefox/3.0.1"
188.138.41.175 - - [09/Feb/2014:16:05:00 +0100] "GET /seiten/impressum.htm HTTP/1.1" 200 6907 "-" "Mozilla/5.0 (X11; U; Linux i686; en-US; rv:1.9.0.1) Gecko/2008070206 Firefox/3.0.1"
123.125.71.14 - - [09/Feb/2014:16:13:01 +0100] "GET / HTTP/1.1" 200 2301 "-" "Mozilla/5.0 (compatible; Baiduspider/2.0; +http://www.baidu.com/search/spider.html)"
220.181.108.108 - - [09/Feb/2014:16:14:19 +0100] "GET / HTTP/1.1" 200 2301 "-" "Mozilla/5.0 (compatible; Baiduspider/2.0; +http://www.baidu.com/search/spider.html)"
217.226.165.99 - - [09/Feb/2014:16:48:19 +0100] "GET / HTTP/1.1" 200 2301 "-" "Mozilla/5.0 (iPad; CPU OS 7_0_4 like Mac OS X) AppleWebKit/537.51.1 (KHTML, like Gecko) Version/7.0 Mobile/11B554a Safari/9537.53"
157.55.33.23 - - [09/Feb/2014:17:05:02 +0100] "GET /robots.txt HTTP/1.1" 404 1256 "-" "Mozilla/5.0 (compatible; bingbot/2.0; +http://www.bing.com/bingbot.htm)"
188.138.41.175 - - [09/Feb/2014:17:07:39 +0100] "GET / HTTP/1.1" 200 2301 "-" "Mozilla/5.0 (X11; U; Linux i686; en-US; rv:1.9.0.1) Gecko/2008070206 Firefox/3.0.1"
188.138.41.175 - - [09/Feb/2014:17:07:39 +0100] "GET /seiten/impressum.htm HTTP/1.1" 200 6907 "-" "Mozilla/5.0 (X11; U; Linux i686; en-US; rv:1.9.0.1) Gecko/2008070206 Firefox/3.0.1"
157.55.33.23 - - [09/Feb/2014:17:08:45 +0100] "GET /seiten/news.php HTTP/1.1" 200 4865 "-" "Mozilla/5.0 (compatible; bingbot/2.0; +http://www.bing.com/bingbot.htm)"
220.181.108.86 - - [09/Feb/2014:17:11:27 +0100] "GET / HTTP/1.1" 200 2301 "-" "Mozilla/5.0 (compatible; Baiduspider/2.0; +http://www.baidu.com/search/spider.html)"
123.125.71.57 - - [09/Feb/2014:17:16:07 +0100] "GET / HTTP/1.1" 200 2301 "-" "Mozilla/5.0 (compatible; Baiduspider/2.0; +http://www.baidu.com/search/spider.html)"
217.226.165.99 - - [09/Feb/2014:17:33:29 +0100] "GET / HTTP/1.1" 200 2301 "-" "Mozilla/5.0 (iPad; CPU OS 7_0_4 like Mac OS X) AppleWebKit/537.51.1 (KHTML, like Gecko) Version/7.0 Mobile/11B554a Safari/9537.53"
217.226.165.99 - - [09/Feb/2014:17:33:29 +0100] "GET /scripte/basics.js HTTP/1.1" 200 1078 "http://www.dialyse-in-salzwedel.de/" "Mozilla/5.0 (iPad; CPU OS 7_0_4 like Mac OS X) AppleWebKit/537.51.1 (KHTML, like Gecko) Version/7.0 Mobile/11B554a Safari/9537.53"
217.226.165.99 - - [09/Feb/2014:17:33:30 +0100] "GET /css/style.css HTTP/1.1" 200 3212 "http://www.dialyse-in-salzwedel.de/" "Mozilla/5.0 (iPad; CPU OS 7_0_4 like Mac OS X) AppleWebKit/537.51.1 (KHTML, like Gecko) Version/7.0 Mobile/11B554a Safari/9537.53"
188.138.41.175 - - [09/Feb/2014:18:21:08 +0100] "GET / HTTP/1.1" 200 2301 "-" "Mozilla/5.0 (X11; U; Linux i686; en-US; rv:1.9.0.1) Gecko/2008070206 Firefox/3.0.1"
188.138.41.175 - - [09/Feb/2014:18:21:08 +0100] "GET /seiten/impressum.htm HTTP/1.1" 200 6907 "-" "Mozilla/5.0 (X11; U; Linux i686; en-US; rv:1.9.0.1) Gecko/2008070206 Firefox/3.0.1"
66.249.78.91 - - [09/Feb/2014:19:40:12 +0100] "GET /robots.txt HTTP/1.1" 404 1256 "-" "Mozilla/5.0 (compatible; Googlebot/2.1; +http://www.google.com/bot.html)"
66.249.78.91 - - [09/Feb/2014:19:40:13 +0100] "GET /seiten/start.htm HTTP/1.1" 304 - "-" "Mozilla/5.0 (iPhone; CPU iPhone OS 6_0 like Mac OS X) AppleWebKit/536.26 (KHTML, like Gecko) Version/6.0 Mobile/10A5376e Safari/8536.25 (compatible; Googlebot-Mobile/2.1; +http://www.google.com/bot.html)"
64.246.161.30 - - [09/Feb/2014:19:41:43 +0100] "GET /robots.txt HTTP/1.0" 404 1256 "-" "Mozilla/5.0 (Windows; U; Windows NT 5.1; en; rv:1.9.0.13) Gecko/2009073022 Firefox/3.5.2 (.NET CLR 3.5.30729) SurveyBot/2.3 (DomainTools)"
64.246.161.30 - - [09/Feb/2014:19:41:43 +0100] "GET / HTTP/1.1" 200 2301 "http://whois.domaintools.com/dialyse-in-salzwedel.de" "Mozilla/5.0 (Windows; U; Windows NT 5.1; en; rv:1.9.0.13) Gecko/2009073022 Firefox/3.5.2 (.NET CLR 3.5.30729) SurveyBot/2.3 (DomainTools)"
195.242.218.133 - - [09/Feb/2014:22:08:54 +0100] "GET /seiten/start.htm HTTP/1.1" 200 4313 "http://avtojur.ru/" "Mozilla/4.0 (compatible; MSIE 6.0; Windows NT 5.1; .NET CLR 1.1.4322; FDM)"
195.242.218.133 - - [09/Feb/2014:22:08:54 +0100] "GET /seiten/start.htm HTTP/1.1" 200 4313 "http://avtojur.ru/" "Mozilla/4.0 (compatible; MSIE 6.0; Windows NT 5.1; .NET CLR 1.1.4322; FDM)"
195.242.218.133 - - [09/Feb/2014:22:08:55 +0100] "GET /seiten/start.htm HTTP/1.1" 200 4313 "http://avtojur.ru/" "Mozilla/4.0 (compatible; MSIE 6.0; Windows NT 5.1; .NET CLR 1.1.4322; FDM)"
92.249.127.111 - - [09/Feb/2014:22:55:38 +0100] "GET /seiten/start.htm HTTP/1.1" 200 4313 "http://www.artparquet.ru/" "Mozilla/4.0 (compatible; MSIE 6.0; Windows NT 5.1; SV1; InfoPath.1"
92.249.127.111 - - [09/Feb/2014:22:55:38 +0100] "GET /seiten/start.htm HTTP/1.1" 200 4313 "http://www.artparquet.ru/" "Mozilla/4.0 (compatible; MSIE 6.0; Windows NT 5.1; SV1; InfoPath.1"
92.249.127.111 - - [09/Feb/2014:22:55:38 +0100] "GET /seiten/start.htm HTTP/1.1" 200 4313 "http://www.artparquet.ru/" "Mozilla/4.0 (compatible; MSIE 6.0; Windows NT 5.1; SV1; InfoPath.1"
157.56.93.95 - - [09/Feb/2014:23:05:47 +0100] "GET /robots.txt HTTP/1.1" 404 1256 "-" "Mozilla/5.0 (compatible; bingbot/2.0; +http://www.bing.com/bingbot.htm)"
46.118.125.84 - - [09/Feb/2014:23:19:32 +0100] "GET /seiten/start.htm HTTP/1.1" 200 4313 "http://seksotur.ru/" "Mozilla/4.0 (compatible; MSIE 6.0; Windows NT 5.1; MyIE2; Deepnet Explorer)"
46.118.125.84 - - [09/Feb/2014:23:19:36 +0100] "GET /seiten/start.htm HTTP/1.1" 200 4313 "http://seksotur.ru/" "Mozilla/4.0 (compatible; MSIE 6.0; Windows NT 5.1; MyIE2; Deepnet Explorer)"
46.118.125.84 - - [09/Feb/2014:23:19:38 +0100] "GET /seiten/start.htm HTTP/1.1" 200 4313 "http://seksotur.ru/" "Mozilla/4.0 (compatible; MSIE 6.0; Windows NT 5.1; MyIE2; Deepnet Explorer)"
157.56.93.95 - - [09/Feb/2014:23:22:59 +0100] "GET /seiten/praxis.htm HTTP/1.1" 200 5018 "-" "Mozilla/5.0 (compatible; bingbot/2.0; +http://www.bing.com/bingbot.htm)"
141.8.147.12 - - [09/Feb/2014:23:27:35 +0100] "GET /robots.txt HTTP/1.1" 404 1256 "-" "Mozilla/5.0 (compatible; YandexBot/3.0; +http://yandex.com/bots)"
157.55.33.40 - - [09/Feb/2014:23:28:33 +0100] "GET /css/style.css HTTP/1.1" 200 3212 "-" "Mozilla/5.0 (compatible; bingbot/2.0; +http://www.bing.com/bingbot.htm)"
157.56.93.95 - - [09/Feb/2014:23:55:40 +0100] "GET / HTTP/1.1" 200 2301 "-" "Mozilla/5.0 (compatible; bingbot/2.0; +http://www.bing.com/bingbot.htm)"
157.55.32.54 - - [09/Feb/2014:23:58:12 +0100] "GET /seiten/start.htm HTTP/1.1" 200 4313 "-" "Mozilla/5.0 (compatible; bingbot/2.0; +http://www.bing.com/bingbot.htm)"
157.55.34.181 - - [10/Feb/2014:00:12:36 +0100] "GET /seiten/dialyse.htm HTTP/1.1" 304 - "-" "Mozilla/5.0 (compatible; bingbot/2.0; +http://www.bing.com/bingbot.htm)"
66.249.78.91 - - [10/Feb/2014:00:16:50 +0100] "GET /seiten/links.htm HTTP/1.1" 304 - "-" "Mozilla/5.0 (iPhone; CPU iPhone OS 6_0 like Mac OS X) AppleWebKit/536.26 (KHTML, like Gecko) Version/6.0 Mobile/10A5376e Safari/8536.25 (compatible; Googlebot-Mobile/2.1; +http://www.google.com/bot.html)"
66.249.74.21 - - [10/Feb/2014:01:09:38 +0100] "GET /seiten/links.htm HTTP/1.1" 304 - "-" "DoCoMo/2.0 N905i(c100;TB;W24H16) (compatible; Googlebot-Mobile/2.1; +http://www.google.com/bot.html)"
157.56.92.149 - - [10/Feb/2014:01:48:40 +0100] "GET /robots.txt HTTP/1.1" 404 1256 "-" "Mozilla/5.0 (compatible; bingbot/2.0; +http://www.bing.com/bingbot.htm)"
157.56.92.149 - - [10/Feb/2014:01:50:13 +0100] "GET /seiten/links.htm HTTP/1.1" 200 5092 "-" "Mozilla/5.0 (compatible; bingbot/2.0; +http://www.bing.com/bingbot.htm)"
157.55.33.40 - - [10/Feb/2014:03:23:08 +0100] "GET /robots.txt HTTP/1.1" 404 1256 "-" "Mozilla/5.0 (compatible; bingbot/2.0; +http://www.bing.com/bingbot.htm)"
157.55.33.40 - - [10/Feb/2014:03:28:46 +0100] "GET /seiten/impressum.htm HTTP/1.1" 200 6907 "-" "Mozilla/5.0 (compatible; bingbot/2.0; +http://www.bing.com/bingbot.htm)"
157.56.92.149 - - [10/Feb/2014:04:23:41 +0100] "GET /robots.txt HTTP/1.1" 404 1256 "-" "Mozilla/5.0 (compatible; bingbot/2.0; +http://www.bing.com/bingbot.htm)"
157.56.92.149 - - [10/Feb/2014:04:52:39 +0100] "GET /seiten/start.htm HTTP/1.1" 304 - "-" "Mozilla/5.0 (compatible; bingbot/2.0; +http://www.bing.com/bingbot.htm)"
141.8.147.12 - - [10/Feb/2014:04:59:44 +0100] "GET /seiten/praxis.htm HTTP/1.1" 200 5018 "-" "Mozilla/5.0 (compatible; YandexBot/3.0; +http://yandex.com/bots)"
141.8.147.12 - - [10/Feb/2014:05:14:21 +0100] "GET /seiten/news.php HTTP/1.1" 200 4865 "-" "Mozilla/5.0 (compatible; YandexBot/3.0; +http://yandex.com/bots)"
37.115.112.240 - - [10/Feb/2014:07:11:45 +0100] "GET /seiten/start.htm HTTP/1.1" 200 4313 "http://www.onefilms.net/" "Mozilla/4.0 (compatible; MSIE 5.5; Windows 95; BCD2000)"
37.115.112.240 - - [10/Feb/2014:07:11:45 +0100] "GET /seiten/start.htm HTTP/1.1" 200 4313 "http://www.onefilms.net/" "Mozilla/4.0 (compatible; MSIE 5.5; Windows 95; BCD2000)"
37.115.112.240 - - [10/Feb/2014:07:11:46 +0100] "GET /seiten/start.htm HTTP/1.1" 200 4313 "http://www.onefilms.net/" "Mozilla/4.0 (compatible; MSIE 5.5; Windows 95; BCD2000)"
141.8.147.12 - - [10/Feb/2014:07:33:53 +0100] "GET /img/leist.jpg HTTP/1.1" 304 - "-" "Mozilla/5.0 (compatible; YandexImages/3.0; +http://yandex.com/bots)"
141.8.147.12 - - [10/Feb/2014:07:46:38 +0100] "GET /img/sites.jpg HTTP/1.1" 304 - "-" "Mozilla/5.0 (compatible; YandexImages/3.0; +http://yandex.com/bots)"
141.8.147.12 - - [10/Feb/2014:08:45:36 +0100] "GET /img/lay04.gif HTTP/1.1" 304 - "-" "Mozilla/5.0 (compatible; YandexImages/3.0; +http://yandex.com/bots)"
141.8.147.12 - - [10/Feb/2014:09:03:49 +0100] "GET /img/head.gif HTTP/1.1" 304 - "-" "Mozilla/5.0 (compatible; YandexImages/3.0; +http://yandex.com/bots)"
141.8.147.12 - - [10/Feb/2014:09:20:35 +0100] "GET /img/dialyse.jpg HTTP/1.1" 304 - "-" "Mozilla/5.0 (compatible; YandexImages/3.0; +http://yandex.com/bots)"
79.205.216.251 - - [10/Feb/2014:09:29:11 +0100] "GET /seiten/praxis.htm HTTP/1.1" 200 5018 "http://www.google.de/url?sa=t&rct=j&q=&esrc=s&source=web&cd=4&ved=0CD8QFjAD&url=http%3A%2F%2Fwww.dialyse-in-salzwedel.de%2Fseiten%2Fpraxis.htm&ei=RI34UuvoCOTY7Aa-uoCQAw&usg=AFQjCNFqeSWEy_XnvhEqPi-eg1VDqcpcVg&bvm=bv.60983673,d.bGE" "Mozilla/5.0 (Windows NT 6.1; WOW64; Trident/7.0; NP08; MAAU; rv:11.0) like Gecko"
79.205.216.251 - - [10/Feb/2014:09:29:11 +0100] "GET /scripte/basics.js HTTP/1.1" 200 1078 "http://www.dialyse-in-salzwedel.de/seiten/praxis.htm" "Mozilla/5.0 (Windows NT 6.1; WOW64; Trident/7.0; NP08; MAAU; rv:11.0) like Gecko"
79.205.216.251 - - [10/Feb/2014:09:29:11 +0100] "GET /css/style.css HTTP/1.1" 200 3212 "http://www.dialyse-in-salzwedel.de/seiten/praxis.htm" "Mozilla/5.0 (Windows NT 6.1; WOW64; Trident/7.0; NP08; MAAU; rv:11.0) like Gecko"
79.205.216.251 - - [10/Feb/2014:09:29:11 +0100] "GET /img/head.gif HTTP/1.1" 200 4213 "http://www.dialyse-in-salzwedel.de/seiten/praxis.htm" "Mozilla/5.0 (Windows NT 6.1; WOW64; Trident/7.0; NP08; MAAU; rv:11.0) like Gecko"
79.205.216.251 - - [10/Feb/2014:09:29:11 +0100] "GET /img/meno01.gif HTTP/1.1" 200 938 "http://www.dialyse-in-salzwedel.de/seiten/praxis.htm" "Mozilla/5.0 (Windows NT 6.1; WOW64; Trident/7.0; NP08; MAAU; rv:11.0) like Gecko"
79.205.216.251 - - [10/Feb/2014:09:29:11 +0100] "GET /img/men01.gif HTTP/1.1" 200 702 "http://www.dialyse-in-salzwedel.de/seiten/praxis.htm" "Mozilla/5.0 (Windows NT 6.1; WOW64; Trident/7.0; NP08; MAAU; rv:11.0) like Gecko"
79.205.216.251 - - [10/Feb/2014:09:29:11 +0100] "GET /img/men04.gif HTTP/1.1" 200 1234 "http://www.dialyse-in-salzwedel.de/seiten/praxis.htm" "Mozilla/5.0 (Windows NT 6.1; WOW64; Trident/7.0; NP08; MAAU; rv:11.0) like Gecko"
79.205.216.251 - - [10/Feb/2014:09:29:11 +0100] "GET /img/men05.gif HTTP/1.1" 200 1042 "http://www.dialyse-in-salzwedel.de/seiten/praxis.htm" "Mozilla/5.0 (Windows NT 6.1; WOW64; Trident/7.0; NP08; MAAU; rv:11.0) like Gecko"
79.205.216.251 - - [10/Feb/2014:09:29:11 +0100] "GET /img/men06.gif HTTP/1.1" 200 904 "http://www.dialyse-in-salzwedel.de/seiten/praxis.htm" "Mozilla/5.0 (Windows NT 6.1; WOW64; Trident/7.0; NP08; MAAU; rv:11.0) like Gecko"
79.205.216.251 - - [10/Feb/2014:09:29:11 +0100] "GET /img/men07.gif HTTP/1.1" 200 893 "http://www.dialyse-in-salzwedel.de/seiten/praxis.htm" "Mozilla/5.0 (Windows NT 6.1; WOW64; Trident/7.0; NP08; MAAU; rv:11.0) like Gecko"
79.205.216.251 - - [10/Feb/2014:09:29:11 +0100] "GET /img/men08.gif HTTP/1.1" 200 1069 "http://www.dialyse-in-salzwedel.de/seiten/praxis.htm" "Mozilla/5.0 (Windows NT 6.1; WOW64; Trident/7.0; NP08; MAAU; rv:11.0) like Gecko"
79.205.216.251 - - [10/Feb/2014:09:29:11 +0100] "GET /img/men09.gif HTTP/1.1" 200 1200 "http://www.dialyse-in-salzwedel.de/seiten/praxis.htm" "Mozilla/5.0 (Windows NT 6.1; WOW64; Trident/7.0; NP08; MAAU; rv:11.0) like Gecko"
79.205.216.251 - - [10/Feb/2014:09:29:11 +0100] "GET /img/men02.gif HTTP/1.1" 200 758 "http://www.dialyse-in-salzwedel.de/seiten/praxis.htm" "Mozilla/5.0 (Windows NT 6.1; WOW64; Trident/7.0; NP08; MAAU; rv:11.0) like Gecko"
79.205.216.251 - - [10/Feb/2014:09:29:11 +0100] "GET /img/bg03.gif HTTP/1.1" 200 84 "http://www.dialyse-in-salzwedel.de/seiten/praxis.htm" "Mozilla/5.0 (Windows NT 6.1; WOW64; Trident/7.0; NP08; MAAU; rv:11.0) like Gecko"
79.205.216.251 - - [10/Feb/2014:09:29:11 +0100] "GET /img/bg01.gif HTTP/1.1" 200 70 "http://www.dialyse-in-salzwedel.de/seiten/praxis.htm" "Mozilla/5.0 (Windows NT 6.1; WOW64; Trident/7.0; NP08; MAAU; rv:11.0) like Gecko"
79.205.216.251 - - [10/Feb/2014:09:29:11 +0100] "GET /img/bg02.gif HTTP/1.1" 200 67 "http://www.dialyse-in-salzwedel.de/seiten/praxis.htm" "Mozilla/5.0 (Windows NT 6.1; WOW64; Trident/7.0; NP08; MAAU; rv:11.0) like Gecko"
79.205.216.251 - - [10/Feb/2014:09:29:11 +0100] "GET /img/bg04.gif HTTP/1.1" 200 92 "http://www.dialyse-in-salzwedel.de/seiten/praxis.htm" "Mozilla/5.0 (Windows NT 6.1; WOW64; Trident/7.0; NP08; MAAU; rv:11.0) like Gecko"
79.205.216.251 - - [10/Feb/2014:09:29:11 +0100] "GET /img/lay01.gif HTTP/1.1" 200 149 "http://www.dialyse-in-salzwedel.de/seiten/praxis.htm" "Mozilla/5.0 (Windows NT 6.1; WOW64; Trident/7.0; NP08; MAAU; rv:11.0) like Gecko"
79.205.216.251 - - [10/Feb/2014:09:29:11 +0100] "GET /img/lay02.gif HTTP/1.1" 200 153 "http://www.dialyse-in-salzwedel.de/seiten/praxis.htm" "Mozilla/5.0 (Windows NT 6.1; WOW64; Trident/7.0; NP08; MAAU; rv:11.0) like Gecko"
79.205.216.251 - - [10/Feb/2014:09:29:11 +0100] "GET /img/praxis.jpg HTTP/1.1" 200 13082 "http://www.dialyse-in-salzwedel.de/seiten/praxis.htm" "Mozilla/5.0 (Windows NT 6.1; WOW64; Trident/7.0; NP08; MAAU; rv:11.0) like Gecko"
79.205.216.251 - - [10/Feb/2014:09:29:11 +0100] "GET /img/lay03.gif HTTP/1.1" 200 253 "http://www.dialyse-in-salzwedel.de/seiten/praxis.htm" "Mozilla/5.0 (Windows NT 6.1; WOW64; Trident/7.0; NP08; MAAU; rv:11.0) like Gecko"
79.205.216.251 - - [10/Feb/2014:09:29:11 +0100] "GET /img/1px.gif HTTP/1.1" 200 43 "http://www.dialyse-in-salzwedel.de/seiten/praxis.htm" "Mozilla/5.0 (Windows NT 6.1; WOW64; Trident/7.0; NP08; MAAU; rv:11.0) like Gecko"
79.205.216.251 - - [10/Feb/2014:09:29:11 +0100] "GET /img/lay04.gif HTTP/1.1" 200 272 "http://www.dialyse-in-salzwedel.de/seiten/praxis.htm" "Mozilla/5.0 (Windows NT 6.1; WOW64; Trident/7.0; NP08; MAAU; rv:11.0) like Gecko"
79.205.216.251 - - [10/Feb/2014:09:29:11 +0100] "GET /favicon.ico HTTP/1.1" 404 1256 "-" "Mozilla/5.0 (Windows NT 6.1; WOW64; Trident/7.0; NP08; MAAU; rv:11.0) like Gecko"
79.205.216.251 - - [10/Feb/2014:09:29:19 +0100] "GET /img/meno06.gif HTTP/1.1" 200 1054 "http://www.dialyse-in-salzwedel.de/seiten/praxis.htm" "Mozilla/5.0 (Windows NT 6.1; WOW64; Trident/7.0; NP08; MAAU; rv:11.0) like Gecko"
79.205.216.251 - - [10/Feb/2014:09:29:19 +0100] "GET /img/meno07.gif HTTP/1.1" 200 1052 "http://www.dialyse-in-salzwedel.de/seiten/praxis.htm" "Mozilla/5.0 (Windows NT 6.1; WOW64; Trident/7.0; NP08; MAAU; rv:11.0) like Gecko"
79.205.216.251 - - [10/Feb/2014:09:29:20 +0100] "GET /img/meno06.gif HTTP/1.1" 200 1054 "http://www.dialyse-in-salzwedel.de/seiten/praxis.htm" "Mozilla/5.0 (Windows NT 6.1; WOW64; Trident/7.0; NP08; MAAU; rv:11.0) like Gecko"
79.205.216.251 - - [10/Feb/2014:09:29:20 +0100] "GET /img/meno07.gif HTTP/1.1" 200 1052 "http://www.dialyse-in-salzwedel.de/seiten/praxis.htm" "Mozilla/5.0 (Windows NT 6.1; WOW64; Trident/7.0; NP08; MAAU; rv:11.0) like Gecko"
79.205.216.251 - - [10/Feb/2014:09:29:21 +0100] "GET /seiten/kontakt.htm HTTP/1.1" 200 5472 "http://www.dialyse-in-salzwedel.de/seiten/praxis.htm" "Mozilla/5.0 (Windows NT 6.1; WOW64; Trident/7.0; NP08; MAAU; rv:11.0) like Gecko"
79.205.216.251 - - [10/Feb/2014:09:29:21 +0100] "GET /img/men03.gif HTTP/1.1" 200 999 "http://www.dialyse-in-salzwedel.de/seiten/kontakt.htm" "Mozilla/5.0 (Windows NT 6.1; WOW64; Trident/7.0; NP08; MAAU; rv:11.0) like Gecko"
79.205.216.251 - - [10/Feb/2014:09:29:21 +0100] "GET /favicon.ico HTTP/1.1" 404 1256 "-" "Mozilla/5.0 (Windows NT 6.1; WOW64; Trident/7.0; NP08; MAAU; rv:11.0) like Gecko"
79.205.216.251 - - [10/Feb/2014:09:29:44 +0100] "GET /img/meno04.gif HTTP/1.1" 200 727 "http://www.dialyse-in-salzwedel.de/seiten/kontakt.htm" "Mozilla/5.0 (Windows NT 6.1; WOW64; Trident/7.0; NP08; MAAU; rv:11.0) like Gecko"
79.205.216.251 - - [10/Feb/2014:09:29:44 +0100] "GET /img/meno03.gif HTTP/1.1" 200 931 "http://www.dialyse-in-salzwedel.de/seiten/kontakt.htm" "Mozilla/5.0 (Windows NT 6.1; WOW64; Trident/7.0; NP08; MAAU; rv:11.0) like Gecko"
79.205.216.251 - - [10/Feb/2014:09:29:45 +0100] "GET /img/meno02.gif HTTP/1.1" 200 1200 "http://www.dialyse-in-salzwedel.de/seiten/kontakt.htm" "Mozilla/5.0 (Windows NT 6.1; WOW64; Trident/7.0; NP08; MAAU; rv:11.0) like Gecko"
79.205.216.251 - - [10/Feb/2014:09:30:13 +0100] "GET /seiten/leistungen.htm HTTP/1.1" 200 5060 "http://www.dialyse-in-salzwedel.de/seiten/praxis.htm" "Mozilla/5.0 (Windows NT 6.1; WOW64; Trident/7.0; NP08; MAAU; rv:11.0) like Gecko"
79.205.216.251 - - [10/Feb/2014:09:30:13 +0100] "GET /img/leist.jpg HTTP/1.1" 200 18843 "http://www.dialyse-in-salzwedel.de/seiten/leistungen.htm" "Mozilla/5.0 (Windows NT 6.1; WOW64; Trident/7.0; NP08; MAAU; rv:11.0) like Gecko"
79.205.216.251 - - [10/Feb/2014:09:30:24 +0100] "GET /seiten/links.htm HTTP/1.1" 200 5092 "http://www.dialyse-in-salzwedel.de/seiten/kontakt.htm" "Mozilla/5.0 (Windows NT 6.1; WOW64; Trident/7.0; NP08; MAAU; rv:11.0) like Gecko"
79.205.216.251 - - [10/Feb/2014:09:30:24 +0100] "GET /img/meno05.gif HTTP/1.1" 200 788 "http://www.dialyse-in-salzwedel.de/seiten/links.htm" "Mozilla/5.0 (Windows NT 6.1; WOW64; Trident/7.0; NP08; MAAU; rv:11.0) like Gecko"
79.205.216.251 - - [10/Feb/2014:09:30:24 +0100] "GET /img/sites.jpg HTTP/1.1" 200 12916 "http://www.dialyse-in-salzwedel.de/seiten/links.htm" "Mozilla/5.0 (Windows NT 6.1; WOW64; Trident/7.0; NP08; MAAU; rv:11.0) like Gecko"
79.205.216.251 - - [10/Feb/2014:09:30:26 +0100] "GET /seiten/news.php HTTP/1.1" 200 4865 "http://www.dialyse-in-salzwedel.de/seiten/links.htm" "Mozilla/5.0 (Windows NT 6.1; WOW64; Trident/7.0; NP08; MAAU; rv:11.0) like Gecko"
77.125.123.137 - - [10/Feb/2014:10:00:15 +0100] "GET /seiten/links.htm HTTP/1.0" 200 5092 "http://www.dialyse-in-salzwedel.de/seiten/links.htm" "Mozilla/5.0 (Windows NT 6.2; WOW64) AppleWebKit/537.11 (KHTML, like Gecko) Chrome/23.0.1271.91 Safari/537.11"
157.55.34.28 - - [10/Feb/2014:10:04:48 +0100] "GET /robots.txt HTTP/1.1" 404 1256 "-" "Mozilla/5.0 (compatible; bingbot/2.0; +http://www.bing.com/bingbot.htm)"
141.8.147.12 - - [10/Feb/2014:10:10:20 +0100] "GET /img/lay03.gif HTTP/1.1" 304 - "-" "Mozilla/5.0 (compatible; YandexImages/3.0; +http://yandex.com/bots)"
157.55.34.28 - - [10/Feb/2014:10:10:23 +0100] "GET /seiten/news.php HTTP/1.1" 200 4865 "-" "Mozilla/5.0 (compatible; bingbot/2.0; +http://www.bing.com/bingbot.htm)"
66.249.78.91 - - [10/Feb/2014:10:25:30 +0100] "GET /robots.txt HTTP/1.1" 404 1256 "-" "Mozilla/5.0 (compatible; Googlebot/2.1; +http://www.google.com/bot.html)"
66.249.78.91 - - [10/Feb/2014:10:25:30 +0100] "GET / HTTP/1.1" 200 2301 "-" "Mozilla/5.0 (iPhone; CPU iPhone OS 6_0 like Mac OS X) AppleWebKit/536.26 (KHTML, like Gecko) Version/6.0 Mobile/10A5376e Safari/8536.25 (compatible; Googlebot-Mobile/2.1; +http://www.google.com/bot.html)"
66.249.74.21 - - [10/Feb/2014:10:26:31 +0100] "GET /seiten/start.htm HTTP/1.1" 200 4313 "-" "Mozilla/5.0 (iPhone; CPU iPhone OS 6_0 like Mac OS X) AppleWebKit/536.26 (KHTML, like Gecko) Version/6.0 Mobile/10A5376e Safari/8536.25 (compatible; Googlebot-Mobile/2.1; +http://www.google.com/bot.html)"
213.157.28.169 - - [10/Feb/2014:10:29:30 +0100] "GET /seiten/impressum.htm HTTP/1.0" 200 6907 "http://www.google.de/search?q=29410+dialyse+eichenallee&btnG=%3CSPAN+class%3Dsbico+style%3D%22DISPLAY%3A+block%3B+BACKGROUND%3A+url%28%2Fimages%2Fnav_logo176.png%29+no-repeat+-20px+-111px%3B+WIDTH%3A+13px%3B+HEIGHT%3A+14px%22%3E%3C%2FSPAN%3E&hl=de&gbv=2&oq=29410+dialyse+eichenallee&gs_l=heirloom-serp.3...7140.8561.0.8702.12.1.0.11.0.0.78.78.1.1.0....0...1ac.1.34.heirloom-serp..12.0.0.7IjYyasvTwY" "Mozilla/4.0 (compatible; MSIE 6.0; Windows NT 5.1; SV1; .NET CLR 2.0.50727; .NET CLR 3.0.4506.2152; .NET CLR 3.5.30729; .NET4.0C; .NET4.0E)"
213.157.28.169 - - [10/Feb/2014:10:29:30 +0100] "GET /scripte/basics.js HTTP/1.0" 200 1078 "http://www.dialyse-in-salzwedel.de/seiten/impressum.htm" "Mozilla/4.0 (compatible; MSIE 6.0; Windows NT 5.1; SV1; .NET CLR 2.0.50727; .NET CLR 3.0.4506.2152; .NET CLR 3.5.30729; .NET4.0C; .NET4.0E)"
213.157.28.169 - - [10/Feb/2014:10:29:30 +0100] "GET /img/head.gif HTTP/1.0" 200 4213 "http://www.dialyse-in-salzwedel.de/seiten/impressum.htm" "Mozilla/4.0 (compatible; MSIE 6.0; Windows NT 5.1; SV1; .NET CLR 2.0.50727; .NET CLR 3.0.4506.2152; .NET CLR 3.5.30729; .NET4.0C; .NET4.0E)"
213.157.28.169 - - [10/Feb/2014:10:29:30 +0100] "GET /css/style.css HTTP/1.0" 200 3212 "http://www.dialyse-in-salzwedel.de/seiten/impressum.htm" "Mozilla/4.0 (compatible; MSIE 6.0; Windows NT 5.1; SV1; .NET CLR 2.0.50727; .NET CLR 3.0.4506.2152; .NET CLR 3.5.30729; .NET4.0C; .NET4.0E)"
213.157.28.169 - - [10/Feb/2014:10:29:30 +0100] "GET /img/men03.gif HTTP/1.0" 200 999 "http://www.dialyse-in-salzwedel.de/seiten/impressum.htm" "Mozilla/4.0 (compatible; MSIE 6.0; Windows NT 5.1; SV1; .NET CLR 2.0.50727; .NET CLR 3.0.4506.2152; .NET CLR 3.5.30729; .NET4.0C; .NET4.0E)"
213.157.28.169 - - [10/Feb/2014:10:29:30 +0100] "GET /img/men01.gif HTTP/1.0" 200 702 "http://www.dialyse-in-salzwedel.de/seiten/impressum.htm" "Mozilla/4.0 (compatible; MSIE 6.0; Windows NT 5.1; SV1; .NET CLR 2.0.50727; .NET CLR 3.0.4506.2152; .NET CLR 3.5.30729; .NET4.0C; .NET4.0E)"
213.157.28.169 - - [10/Feb/2014:10:29:30 +0100] "GET /img/men04.gif HTTP/1.0" 200 1234 "http://www.dialyse-in-salzwedel.de/seiten/impressum.htm" "Mozilla/4.0 (compatible; MSIE 6.0; Windows NT 5.1; SV1; .NET CLR 2.0.50727; .NET CLR 3.0.4506.2152; .NET CLR 3.5.30729; .NET4.0C; .NET4.0E)"
213.157.28.169 - - [10/Feb/2014:10:29:30 +0100] "GET /img/men05.gif HTTP/1.0" 200 1042 "http://www.dialyse-in-salzwedel.de/seiten/impressum.htm" "Mozilla/4.0 (compatible; MSIE 6.0; Windows NT 5.1; SV1; .NET CLR 2.0.50727; .NET CLR 3.0.4506.2152; .NET CLR 3.5.30729; .NET4.0C; .NET4.0E)"
213.157.28.169 - - [10/Feb/2014:10:29:30 +0100] "GET /img/men07.gif HTTP/1.0" 200 893 "http://www.dialyse-in-salzwedel.de/seiten/impressum.htm" "Mozilla/4.0 (compatible; MSIE 6.0; Windows NT 5.1; SV1; .NET CLR 2.0.50727; .NET CLR 3.0.4506.2152; .NET CLR 3.5.30729; .NET4.0C; .NET4.0E)"
213.157.28.169 - - [10/Feb/2014:10:29:30 +0100] "GET /img/men08.gif HTTP/1.0" 200 1069 "http://www.dialyse-in-salzwedel.de/seiten/impressum.htm" "Mozilla/4.0 (compatible; MSIE 6.0; Windows NT 5.1; SV1; .NET CLR 2.0.50727; .NET CLR 3.0.4506.2152; .NET CLR 3.5.30729; .NET4.0C; .NET4.0E)"
213.157.28.169 - - [10/Feb/2014:10:29:30 +0100] "GET /img/men06.gif HTTP/1.0" 200 904 "http://www.dialyse-in-salzwedel.de/seiten/impressum.htm" "Mozilla/4.0 (compatible; MSIE 6.0; Windows NT 5.1; SV1; .NET CLR 2.0.50727; .NET CLR 3.0.4506.2152; .NET CLR 3.5.30729; .NET4.0C; .NET4.0E)"
213.157.28.169 - - [10/Feb/2014:10:29:30 +0100] "GET /img/meno07.gif HTTP/1.0" 200 1052 "http://www.dialyse-in-salzwedel.de/seiten/impressum.htm" "Mozilla/4.0 (compatible; MSIE 6.0; Windows NT 5.1; SV1; .NET CLR 2.0.50727; .NET CLR 3.0.4506.2152; .NET CLR 3.5.30729; .NET4.0C; .NET4.0E)"
213.157.28.169 - - [10/Feb/2014:10:29:30 +0100] "GET /img/lay03.gif HTTP/1.0" 200 253 "http://www.dialyse-in-salzwedel.de/seiten/impressum.htm" "Mozilla/4.0 (compatible; MSIE 6.0; Windows NT 5.1; SV1; .NET CLR 2.0.50727; .NET CLR 3.0.4506.2152; .NET CLR 3.5.30729; .NET4.0C; .NET4.0E)"
213.157.28.169 - - [10/Feb/2014:10:29:30 +0100] "GET /img/lay01.gif HTTP/1.0" 200 149 "http://www.dialyse-in-salzwedel.de/seiten/impressum.htm" "Mozilla/4.0 (compatible; MSIE 6.0; Windows NT 5.1; SV1; .NET CLR 2.0.50727; .NET CLR 3.0.4506.2152; .NET CLR 3.5.30729; .NET4.0C; .NET4.0E)"
213.157.28.169 - - [10/Feb/2014:10:29:30 +0100] "GET /img/lay02.gif HTTP/1.0" 200 153 "http://www.dialyse-in-salzwedel.de/seiten/impressum.htm" "Mozilla/4.0 (compatible; MSIE 6.0; Windows NT 5.1; SV1; .NET CLR 2.0.50727; .NET CLR 3.0.4506.2152; .NET CLR 3.5.30729; .NET4.0C; .NET4.0E)"
213.157.28.169 - - [10/Feb/2014:10:29:30 +0100] "GET /img/men02.gif HTTP/1.0" 200 758 "http://www.dialyse-in-salzwedel.de/seiten/impressum.htm" "Mozilla/4.0 (compatible; MSIE 6.0; Windows NT 5.1; SV1; .NET CLR 2.0.50727; .NET CLR 3.0.4506.2152; .NET CLR 3.5.30729; .NET4.0C; .NET4.0E)"
213.157.28.169 - - [10/Feb/2014:10:29:31 +0100] "GET /img/1px.gif HTTP/1.0" 200 43 "http://www.dialyse-in-salzwedel.de/seiten/impressum.htm" "Mozilla/4.0 (compatible; MSIE 6.0; Windows NT 5.1; SV1; .NET CLR 2.0.50727; .NET CLR 3.0.4506.2152; .NET CLR 3.5.30729; .NET4.0C; .NET4.0E)"
213.157.28.169 - - [10/Feb/2014:10:29:31 +0100] "GET /img/lay04.gif HTTP/1.0" 200 272 "http://www.dialyse-in-salzwedel.de/seiten/impressum.htm" "Mozilla/4.0 (compatible; MSIE 6.0; Windows NT 5.1; SV1; .NET CLR 2.0.50727; .NET CLR 3.0.4506.2152; .NET CLR 3.5.30729; .NET4.0C; .NET4.0E)"
213.157.28.169 - - [10/Feb/2014:10:29:31 +0100] "GET /img/bg01.gif HTTP/1.0" 200 70 "http://www.dialyse-in-salzwedel.de/seiten/impressum.htm" "Mozilla/4.0 (compatible; MSIE 6.0; Windows NT 5.1; SV1; .NET CLR 2.0.50727; .NET CLR 3.0.4506.2152; .NET CLR 3.5.30729; .NET4.0C; .NET4.0E)"
213.157.28.169 - - [10/Feb/2014:10:29:31 +0100] "GET /img/bg02.gif HTTP/1.0" 200 67 "http://www.dialyse-in-salzwedel.de/seiten/impressum.htm" "Mozilla/4.0 (compatible; MSIE 6.0; Windows NT 5.1; SV1; .NET CLR 2.0.50727; .NET CLR 3.0.4506.2152; .NET CLR 3.5.30729; .NET4.0C; .NET4.0E)"
213.157.28.169 - - [10/Feb/2014:10:29:31 +0100] "GET /img/bg04.gif HTTP/1.0" 200 92 "http://www.dialyse-in-salzwedel.de/seiten/impressum.htm" "Mozilla/4.0 (compatible; MSIE 6.0; Windows NT 5.1; SV1; .NET CLR 2.0.50727; .NET CLR 3.0.4506.2152; .NET CLR 3.5.30729; .NET4.0C; .NET4.0E)"
213.157.28.169 - - [10/Feb/2014:10:29:31 +0100] "GET /img/bg03.gif HTTP/1.0" 200 84 "http://www.dialyse-in-salzwedel.de/seiten/impressum.htm" "Mozilla/4.0 (compatible; MSIE 6.0; Windows NT 5.1; SV1; .NET CLR 2.0.50727; .NET CLR 3.0.4506.2152; .NET CLR 3.5.30729; .NET4.0C; .NET4.0E)"
157.56.92.142 - - [10/Feb/2014:10:33:52 +0100] "GET /seiten/kontakt.htm HTTP/1.1" 304 - "-" "Mozilla/5.0 (compatible; bingbot/2.0; +http://www.bing.com/bingbot.htm)"
141.8.147.12 - - [10/Feb/2014:10:38:18 +0100] "GET /img/start.jpg HTTP/1.1" 304 - "-" "Mozilla/5.0 (compatible; YandexImages/3.0; +http://yandex.com/bots)"
141.8.147.12 - - [10/Feb/2014:10:57:04 +0100] "GET /img/praxis.jpg HTTP/1.1" 304 - "-" "Mozilla/5.0 (compatible; YandexImages/3.0; +http://yandex.com/bots)"
80.254.148.59 - - [10/Feb/2014:11:19:00 +0100] "GET /img/dialyse.jpg HTTP/1.1" 200 21241 "http://www.bing.com/images/search?q=dialyse&qs=n&form=QBIR&pq=dialyse&sc=8-6&sp=-1&sk=" "Mozilla/4.0 (compatible; MSIE 8.0; Windows NT 5.2; Trident/4.0; .NET CLR 1.1.4322; .NET CLR 2.0.50727; InfoPath.1; .NET CLR 3.0.4506.2152; .NET CLR 3.5.30729; .NET4.0C; .NET4.0E)"
65.55.215.37 - - [10/Feb/2014:12:52:15 +0100] "GET /robots.txt HTTP/1.1" 404 1256 "-" "msnbot-media/1.1 (+http://search.msn.com/msnbot.htm)"
65.55.215.37 - - [10/Feb/2014:12:52:15 +0100] "GET /img/lay04.gif HTTP/1.1" 200 272 "-" "msnbot-media/1.1 (+http://search.msn.com/msnbot.htm)"
66.249.78.91 - - [10/Feb/2014:13:03:26 +0100] "GET /robots.txt HTTP/1.1" 404 1256 "-" "Mozilla/5.0 (compatible; Googlebot/2.1; +http://www.google.com/bot.html)"
66.249.78.91 - - [10/Feb/2014:13:03:26 +0100] "GET /seiten/dialyse.htm HTTP/1.1" 200 4906 "-" "Mozilla/5.0 (iPhone; CPU iPhone OS 6_0 like Mac OS X) AppleWebKit/536.26 (KHTML, like Gecko) Version/6.0 Mobile/10A5376e Safari/8536.25 (compatible; Googlebot-Mobile/2.1; +http://www.google.com/bot.html)"
66.249.75.109 - - [10/Feb/2014:13:07:29 +0100] "GET /css/style.css HTTP/1.1" 200 3212 "-" "Mozilla/5.0 (compatible; Googlebot/2.1; +http://www.google.com/bot.html)"
66.249.78.91 - - [10/Feb/2014:15:25:41 +0100] "GET /seiten/leistungen.htm HTTP/1.1" 304 - "-" "SAMSUNG-SGH-E250/1.0 Profile/MIDP-2.0 Configuration/CLDC-1.1 UP.Browser/6.2.3.3.c.1.101 (GUI) MMP/2.0 (compatible; Googlebot-Mobile/2.1; +http://www.google.com/bot.html)"
107.77.64.50 - - [10/Feb/2014:15:57:20 +0100] "GET /img/dialyse.jpg HTTP/1.1" 200 21241 "https://www.google.com/" "Mozilla/5.0 (iPhone; CPU iPhone OS 6_1_4 like Mac OS X) AppleWebKit/536.26 (KHTML, like Gecko) Version/6.0 Mobile/10B350 Safari/8536.25"
220.181.108.115 - - [10/Feb/2014:16:45:23 +0100] "GET / HTTP/1.1" 200 2301 "-" "Mozilla/5.0 (compatible; Baiduspider/2.0; +http://www.baidu.com/search/spider.html)"
123.125.71.32 - - [10/Feb/2014:16:47:09 +0100] "GET / HTTP/1.1" 200 2301 "-" "Mozilla/5.0 (compatible; Baiduspider/2.0; +http://www.baidu.com/search/spider.html)"
46.119.119.29 - - [10/Feb/2014:17:00:09 +0100] "GET /seiten/start.htm HTTP/1.1" 200 4313 "http://bimatoprost-careprost.com/" "Mozilla/4.0 (compatible; MSIE 7.0b; Windows NT 6.0 ; .NET CLR 2.0.50215; SL Commerce Client v1.0; Tablet PC 2.0"
46.119.119.29 - - [10/Feb/2014:17:00:09 +0100] "GET /seiten/start.htm HTTP/1.1" 200 4313 "http://bimatoprost-careprost.com/" "Mozilla/4.0 (compatible; MSIE 7.0b; Windows NT 6.0 ; .NET CLR 2.0.50215; SL Commerce Client v1.0; Tablet PC 2.0"
46.119.119.29 - - [10/Feb/2014:17:00:10 +0100] "GET /seiten/start.htm HTTP/1.1" 200 4313 "http://bimatoprost-careprost.com/" "Mozilla/4.0 (compatible; MSIE 7.0b; Windows NT 6.0 ; .NET CLR 2.0.50215; SL Commerce Client v1.0; Tablet PC 2.0"
66.249.78.91 - - [10/Feb/2014:18:01:00 +0100] "GET /seiten/praxis.htm HTTP/1.1" 304 - "-" "Mozilla/5.0 (iPhone; CPU iPhone OS 6_0 like Mac OS X) AppleWebKit/536.26 (KHTML, like Gecko) Version/6.0 Mobile/10A5376e Safari/8536.25 (compatible; Googlebot-Mobile/2.1; +http://www.google.com/bot.html)"
157.56.93.95 - - [10/Feb/2014:18:11:55 +0100] "GET /robots.txt HTTP/1.1" 404 1256 "-" "Mozilla/5.0 (compatible; bingbot/2.0; +http://www.bing.com/bingbot.htm)"
157.56.93.95 - - [10/Feb/2014:18:17:02 +0100] "GET /seiten/leistungen.htm HTTP/1.1" 200 5060 "-" "Mozilla/5.0 (compatible; bingbot/2.0; +http://www.bing.com/bingbot.htm)"
157.55.33.40 - - [10/Feb/2014:18:17:34 +0100] "GET /css/style.css HTTP/1.1" 200 3212 "-" "Mozilla/5.0 (compatible; bingbot/2.0; +http://www.bing.com/bingbot.htm)"
66.249.78.91 - - [10/Feb/2014:18:23:39 +0100] "GET /seiten/start.htm HTTP/1.1" 304 - "-" "Mozilla/5.0 (compatible; Googlebot/2.1; +http://www.google.com/bot.html)"
66.249.78.91 - - [10/Feb/2014:19:44:43 +0100] "GET / HTTP/1.1" 200 2301 "-" "Mozilla/5.0 (compatible; Googlebot/2.1; +http://www.google.com/bot.html)"
66.249.78.91 - - [10/Feb/2014:19:48:07 +0100] "GET /seiten/start.htm HTTP/1.1" 200 4313 "-" "Mozilla/5.0 (compatible; Googlebot/2.1; +http://www.google.com/bot.html)"
66.249.78.91 - - [10/Feb/2014:19:51:03 +0100] "GET /seiten/kontakt.htm HTTP/1.1" 304 - "-" "Mozilla/5.0 (iPhone; CPU iPhone OS 6_0 like Mac OS X) AppleWebKit/536.26 (KHTML, like Gecko) Version/6.0 Mobile/10A5376e Safari/8536.25 (compatible; Googlebot-Mobile/2.1; +http://www.google.com/bot.html)"
64.125.222.16 - - [10/Feb/2014:22:22:46 +0100] "GET /robots.txt HTTP/1.1" 404 1256 "-" "Mozilla/5.0 (compatible; 008/0.83; http://www.80legs.com/webcrawler.html;) Gecko/2008032620"
178.169.92.244 - - [10/Feb/2014:22:22:55 +0100] "GET / HTTP/1.1" 200 2301 "-" "Mozilla/5.0 (compatible; 008/0.85; http://www.80legs.com/webcrawler.html) Gecko/2008032620"
176.214.78.109 - - [10/Feb/2014:22:22:58 +0100] "GET / HTTP/1.1" 200 2301 "-" "Mozilla/5.0 (compatible; 008/0.85; http://www.80legs.com/webcrawler.html) Gecko/2008032620"
178.169.92.244 - - [10/Feb/2014:22:23:00 +0100] "GET / HTTP/1.1" 200 2301 "-" "Mozilla/5.0 (compatible; 008/0.85; http://www.80legs.com/webcrawler.html) Gecko/2008032620"
37.115.112.240 - - [11/Feb/2014:00:02:58 +0100] "GET /seiten/start.htm HTTP/1.1" 200 4313 "http://psvita.ru/" "Mozilla/4.0 (compatible; MSIE 6.0; Windows NT 5.1; SV1)"
37.115.112.240 - - [11/Feb/2014:00:02:58 +0100] "GET /seiten/start.htm HTTP/1.1" 200 4313 "http://psvita.ru/" "Mozilla/4.0 (compatible; MSIE 6.0; Windows NT 5.1; SV1)"
37.115.112.240 - - [11/Feb/2014:00:02:59 +0100] "GET /seiten/start.htm HTTP/1.1" 200 4313 "http://psvita.ru/" "Mozilla/4.0 (compatible; MSIE 6.0; Windows NT 5.1; SV1)"
54.212.115.224 - - [11/Feb/2014:00:11:25 +0100] "GET / HTTP/1.1" 200 2301 "http://www.forexunion.net" "Mozilla/5.0 (Windows NT 6.1; Win64; x64; rv:25.0) Gecko/20100101 Firefox/25.0"
208.115.113.92 - - [11/Feb/2014:01:15:37 +0100] "GET /robots.txt HTTP/1.1" 404 1256 "-" "Mozilla/5.0 (compatible; Ezooms/1.0; help@moz.com)"
157.56.93.95 - - [11/Feb/2014:01:32:55 +0100] "GET /robots.txt HTTP/1.1" 404 1256 "-" "Mozilla/5.0 (compatible; bingbot/2.0; +http://www.bing.com/bingbot.htm)"
157.56.93.95 - - [11/Feb/2014:01:35:06 +0100] "GET /seiten/dialyse.htm HTTP/1.1" 304 - "-" "Mozilla/5.0 (compatible; bingbot/2.0; +http://www.bing.com/bingbot.htm)"
208.115.113.92 - - [11/Feb/2014:03:22:45 +0100] "GET /seiten/news.php HTTP/1.1" 200 4865 "-" "Mozilla/5.0 (compatible; Ezooms/1.0; help@moz.com)"
217.69.133.222 - - [11/Feb/2014:03:37:55 +0100] "GET /robots.txt HTTP/1.1" 404 1256 "-" "Mozilla/5.0 (compatible; Linux x86_64; Mail.RU_Bot/2.0; +http://go.mail.ru/help/robots)"
217.69.133.220 - - [11/Feb/2014:03:37:57 +0100] "GET / HTTP/1.1" 200 2301 "-" "Mozilla/5.0 (compatible; Linux x86_64; Mail.RU_Bot/2.0; +http://go.mail.ru/help/robots)"
66.249.78.91 - - [11/Feb/2014:07:58:53 +0100] "GET /robots.txt HTTP/1.1" 404 1256 "-" "Mozilla/5.0 (compatible; Googlebot/2.1; +http://www.google.com/bot.html)"
66.249.78.91 - - [11/Feb/2014:07:58:53 +0100] "GET /seiten/start.htm HTTP/1.1" 304 - "-" "Mozilla/5.0 (iPhone; CPU iPhone OS 6_0 like Mac OS X) AppleWebKit/536.26 (KHTML, like Gecko) Version/6.0 Mobile/10A5376e Safari/8536.25 (compatible; Googlebot/2.1; +http://www.google.com/bot.html)"
66.249.78.91 - - [11/Feb/2014:09:29:25 +0100] "GET /seiten/impressum.htm HTTP/1.1" 304 - "-" "Mozilla/5.0 (iPhone; CPU iPhone OS 6_0 like Mac OS X) AppleWebKit/536.26 (KHTML, like Gecko) Version/6.0 Mobile/10A5376e Safari/8536.25 (compatible; Googlebot/2.1; +http://www.google.com/bot.html)"
176.9.138.27 - - [11/Feb/2014:09:33:26 +0100] "GET /robots.txt HTTP/1.1" 404 1256 "-" "Mozilla/5.0 (compatible; waybackarchive.org/1.0; +spider@waybackarchive.org)"
176.9.138.27 - - [11/Feb/2014:09:33:26 +0100] "GET /img/leist.jpg HTTP/1.1" 200 18843 "-" "Mozilla/5.0 (compatible; waybackarchive.org/1.0; +spider@waybackarchive.org)"
65.55.52.96 - - [11/Feb/2014:09:37:04 +0100] "GET /robots.txt HTTP/1.1" 404 1256 "-" "Mozilla/5.0 (compatible; bingbot/2.0; +http://www.bing.com/bingbot.htm)"
65.55.52.96 - - [11/Feb/2014:09:47:08 +0100] "GET /seiten/kontakt.htm HTTP/1.1" 304 - "-" "Mozilla/5.0 (compatible; bingbot/2.0; +http://www.bing.com/bingbot.htm)"
80.153.43.137 - - [11/Feb/2014:09:52:44 +0100] "GET / HTTP/1.1" 200 2301 "http://www.google.de/url?sa=t&rct=j&q=&esrc=s&frm=1&source=web&cd=1&ved=0CC0QFjAA&url=http%3A%2F%2Fwww.dialyse-in-salzwedel.de%2F&ei=0-T5UpWbIYXGtQb8woCAAw&usg=AFQjCNHBZzdzRK6NkOJc_vuRxJ6F08FD_w&bvm=bv.61190604,d.Yms" "Mozilla/4.0 (compatible; MSIE 8.0; Windows NT 5.2; Trident/4.0; .NET CLR 1.1.4322; .NET CLR 2.0.50727; .NET CLR 3.0.4506.2152; .NET CLR 3.5.30729)"
80.153.43.137 - - [11/Feb/2014:09:52:44 +0100] "GET /css/style.css HTTP/1.1" 200 3212 "http://www.dialyse-in-salzwedel.de/" "Mozilla/4.0 (compatible; MSIE 8.0; Windows NT 5.2; Trident/4.0; .NET CLR 1.1.4322; .NET CLR 2.0.50727; .NET CLR 3.0.4506.2152; .NET CLR 3.5.30729)"
80.153.43.137 - - [11/Feb/2014:09:52:44 +0100] "GET /scripte/basics.js HTTP/1.1" 200 1078 "http://www.dialyse-in-salzwedel.de/" "Mozilla/4.0 (compatible; MSIE 8.0; Windows NT 5.2; Trident/4.0; .NET CLR 1.1.4322; .NET CLR 2.0.50727; .NET CLR 3.0.4506.2152; .NET CLR 3.5.30729)"
80.153.43.137 - - [11/Feb/2014:09:52:44 +0100] "GET /seiten/start.htm HTTP/1.1" 200 4313 "-" "Mozilla/4.0 (compatible; MSIE 8.0; Windows NT 5.2; Trident/4.0; .NET CLR 1.1.4322; .NET CLR 2.0.50727; .NET CLR 3.0.4506.2152; .NET CLR 3.5.30729)"
80.153.43.137 - - [11/Feb/2014:09:52:44 +0100] "GET /img/head.gif HTTP/1.1" 200 4213 "http://www.dialyse-in-salzwedel.de/seiten/start.htm" "Mozilla/4.0 (compatible; MSIE 8.0; Windows NT 5.2; Trident/4.0; .NET CLR 1.1.4322; .NET CLR 2.0.50727; .NET CLR 3.0.4506.2152; .NET CLR 3.5.30729)"
80.153.43.137 - - [11/Feb/2014:09:52:44 +0100] "GET /img/men03.gif HTTP/1.1" 200 999 "http://www.dialyse-in-salzwedel.de/seiten/start.htm" "Mozilla/4.0 (compatible; MSIE 8.0; Windows NT 5.2; Trident/4.0; .NET CLR 1.1.4322; .NET CLR 2.0.50727; .NET CLR 3.0.4506.2152; .NET CLR 3.5.30729)"
80.153.43.137 - - [11/Feb/2014:09:52:44 +0100] "GET /img/men07.gif HTTP/1.1" 200 893 "http://www.dialyse-in-salzwedel.de/seiten/start.htm" "Mozilla/4.0 (compatible; MSIE 8.0; Windows NT 5.2; Trident/4.0; .NET CLR 1.1.4322; .NET CLR 2.0.50727; .NET CLR 3.0.4506.2152; .NET CLR 3.5.30729)"
80.153.43.137 - - [11/Feb/2014:09:52:44 +0100] "GET /img/men05.gif HTTP/1.1" 200 1042 "http://www.dialyse-in-salzwedel.de/seiten/start.htm" "Mozilla/4.0 (compatible; MSIE 8.0; Windows NT 5.2; Trident/4.0; .NET CLR 1.1.4322; .NET CLR 2.0.50727; .NET CLR 3.0.4506.2152; .NET CLR 3.5.30729)"
80.153.43.137 - - [11/Feb/2014:09:52:44 +0100] "GET /img/men04.gif HTTP/1.1" 200 1234 "http://www.dialyse-in-salzwedel.de/seiten/start.htm" "Mozilla/4.0 (compatible; MSIE 8.0; Windows NT 5.2; Trident/4.0; .NET CLR 1.1.4322; .NET CLR 2.0.50727; .NET CLR 3.0.4506.2152; .NET CLR 3.5.30729)"
80.153.43.137 - - [11/Feb/2014:09:52:44 +0100] "GET /img/men01.gif HTTP/1.1" 200 702 "http://www.dialyse-in-salzwedel.de/seiten/start.htm" "Mozilla/4.0 (compatible; MSIE 8.0; Windows NT 5.2; Trident/4.0; .NET CLR 1.1.4322; .NET CLR 2.0.50727; .NET CLR 3.0.4506.2152; .NET CLR 3.5.30729)"
80.153.43.137 - - [11/Feb/2014:09:52:44 +0100] "GET /img/men06.gif HTTP/1.1" 200 904 "http://www.dialyse-in-salzwedel.de/seiten/start.htm" "Mozilla/4.0 (compatible; MSIE 8.0; Windows NT 5.2; Trident/4.0; .NET CLR 1.1.4322; .NET CLR 2.0.50727; .NET CLR 3.0.4506.2152; .NET CLR 3.5.30729)"
80.153.43.137 - - [11/Feb/2014:09:52:44 +0100] "GET /img/men08.gif HTTP/1.1" 200 1069 "http://www.dialyse-in-salzwedel.de/seiten/start.htm" "Mozilla/4.0 (compatible; MSIE 8.0; Windows NT 5.2; Trident/4.0; .NET CLR 1.1.4322; .NET CLR 2.0.50727; .NET CLR 3.0.4506.2152; .NET CLR 3.5.30729)"
80.153.43.137 - - [11/Feb/2014:09:52:44 +0100] "GET /img/men09.gif HTTP/1.1" 200 1200 "http://www.dialyse-in-salzwedel.de/seiten/start.htm" "Mozilla/4.0 (compatible; MSIE 8.0; Windows NT 5.2; Trident/4.0; .NET CLR 1.1.4322; .NET CLR 2.0.50727; .NET CLR 3.0.4506.2152; .NET CLR 3.5.30729)"
80.153.43.137 - - [11/Feb/2014:09:52:44 +0100] "GET /img/men02.gif HTTP/1.1" 200 758 "http://www.dialyse-in-salzwedel.de/seiten/start.htm" "Mozilla/4.0 (compatible; MSIE 8.0; Windows NT 5.2; Trident/4.0; .NET CLR 1.1.4322; .NET CLR 2.0.50727; .NET CLR 3.0.4506.2152; .NET CLR 3.5.30729)"
80.153.43.137 - - [11/Feb/2014:09:52:44 +0100] "GET /img/lay01.gif HTTP/1.1" 200 149 "http://www.dialyse-in-salzwedel.de/seiten/start.htm" "Mozilla/4.0 (compatible; MSIE 8.0; Windows NT 5.2; Trident/4.0; .NET CLR 1.1.4322; .NET CLR 2.0.50727; .NET CLR 3.0.4506.2152; .NET CLR 3.5.30729)"
80.153.43.137 - - [11/Feb/2014:09:52:44 +0100] "GET /img/lay02.gif HTTP/1.1" 200 153 "http://www.dialyse-in-salzwedel.de/seiten/start.htm" "Mozilla/4.0 (compatible; MSIE 8.0; Windows NT 5.2; Trident/4.0; .NET CLR 1.1.4322; .NET CLR 2.0.50727; .NET CLR 3.0.4506.2152; .NET CLR 3.5.30729)"
80.153.43.137 - - [11/Feb/2014:09:52:44 +0100] "GET /img/lay04.gif HTTP/1.1" 200 272 "http://www.dialyse-in-salzwedel.de/seiten/start.htm" "Mozilla/4.0 (compatible; MSIE 8.0; Windows NT 5.2; Trident/4.0; .NET CLR 1.1.4322; .NET CLR 2.0.50727; .NET CLR 3.0.4506.2152; .NET CLR 3.5.30729)"
80.153.43.137 - - [11/Feb/2014:09:52:44 +0100] "GET /img/bg02.gif HTTP/1.1" 200 67 "http://www.dialyse-in-salzwedel.de/seiten/start.htm" "Mozilla/4.0 (compatible; MSIE 8.0; Windows NT 5.2; Trident/4.0; .NET CLR 1.1.4322; .NET CLR 2.0.50727; .NET CLR 3.0.4506.2152; .NET CLR 3.5.30729)"
80.153.43.137 - - [11/Feb/2014:09:52:44 +0100] "GET /img/bg01.gif HTTP/1.1" 200 70 "http://www.dialyse-in-salzwedel.de/seiten/start.htm" "Mozilla/4.0 (compatible; MSIE 8.0; Windows NT 5.2; Trident/4.0; .NET CLR 1.1.4322; .NET CLR 2.0.50727; .NET CLR 3.0.4506.2152; .NET CLR 3.5.30729)"
80.153.43.137 - - [11/Feb/2014:09:52:44 +0100] "GET /img/start.jpg HTTP/1.1" 200 18933 "http://www.dialyse-in-salzwedel.de/seiten/start.htm" "Mozilla/4.0 (compatible; MSIE 8.0; Windows NT 5.2; Trident/4.0; .NET CLR 1.1.4322; .NET CLR 2.0.50727; .NET CLR 3.0.4506.2152; .NET CLR 3.5.30729)"
80.153.43.137 - - [11/Feb/2014:09:52:44 +0100] "GET /img/lay03.gif HTTP/1.1" 200 253 "http://www.dialyse-in-salzwedel.de/seiten/start.htm" "Mozilla/4.0 (compatible; MSIE 8.0; Windows NT 5.2; Trident/4.0; .NET CLR 1.1.4322; .NET CLR 2.0.50727; .NET CLR 3.0.4506.2152; .NET CLR 3.5.30729)"
80.153.43.137 - - [11/Feb/2014:09:52:44 +0100] "GET /img/bg03.gif HTTP/1.1" 200 84 "http://www.dialyse-in-salzwedel.de/seiten/start.htm" "Mozilla/4.0 (compatible; MSIE 8.0; Windows NT 5.2; Trident/4.0; .NET CLR 1.1.4322; .NET CLR 2.0.50727; .NET CLR 3.0.4506.2152; .NET CLR 3.5.30729)"
80.153.43.137 - - [11/Feb/2014:09:52:44 +0100] "GET /img/bg04.gif HTTP/1.1" 200 92 "http://www.dialyse-in-salzwedel.de/seiten/start.htm" "Mozilla/4.0 (compatible; MSIE 8.0; Windows NT 5.2; Trident/4.0; .NET CLR 1.1.4322; .NET CLR 2.0.50727; .NET CLR 3.0.4506.2152; .NET CLR 3.5.30729)"
80.153.43.137 - - [11/Feb/2014:09:52:44 +0100] "GET /img/1px.gif HTTP/1.1" 200 43 "http://www.dialyse-in-salzwedel.de/seiten/start.htm" "Mozilla/4.0 (compatible; MSIE 8.0; Windows NT 5.2; Trident/4.0; .NET CLR 1.1.4322; .NET CLR 2.0.50727; .NET CLR 3.0.4506.2152; .NET CLR 3.5.30729)"
80.153.43.137 - - [11/Feb/2014:09:52:44 +0100] "GET /favicon.ico HTTP/1.1" 404 1256 "-" "Mozilla/4.0 (compatible; MSIE 8.0; Windows NT 5.2; Trident/4.0; .NET CLR 1.1.4322; .NET CLR 2.0.50727; .NET CLR 3.0.4506.2152; .NET CLR 3.5.30729)"
