109.45.1.243 - - [14/Sep/2013:10:02:30 +0200] "GET /img/bg04.gif HTTP/1.1" 304 - "http://www.dialyse-in-salzwedel.de/seiten/start.htm" "Mozilla/5.0 (Linux; Android 4.1.2; GT-I9070P Build/JZO54K) AppleWebKit/537.36 (KHTML, like Gecko) Chrome/29.0.1547.72 Mobile Safari/537.36"
109.45.1.243 - - [14/Sep/2013:10:02:30 +0200] "GET /favicon.ico HTTP/1.1" 404 1256 "-" "Mozilla/5.0 (Linux; Android 4.1.2; GT-I9070P Build/JZO54K) AppleWebKit/537.36 (KHTML, like Gecko) Chrome/29.0.1547.72 Mobile Safari/537.36"
109.45.1.243 - - [14/Sep/2013:10:02:30 +0200] "GET /apple-touch-icon-precomposed.png HTTP/1.1" 404 1256 "-" "Mozilla/5.0 (Linux; Android 4.1.2; GT-I9070P Build/JZO54K) AppleWebKit/537.36 (KHTML, like Gecko) Chrome/29.0.1547.72 Mobile Safari/537.36"
109.45.1.243 - - [14/Sep/2013:10:02:31 +0200] "GET /apple-touch-icon.png HTTP/1.1" 404 1256 "-" "Mozilla/5.0 (Linux; Android 4.1.2; GT-I9070P Build/JZO54K) AppleWebKit/537.36 (KHTML, like Gecko) Chrome/29.0.1547.72 Mobile Safari/537.36"
109.45.1.243 - - [14/Sep/2013:10:04:38 +0200] "GET /seiten/dialyse.htm HTTP/1.1" 304 - "http://www.dialyse-in-salzwedel.de/seiten/start.htm" "Mozilla/5.0 (Linux; Android 4.1.2; GT-I9070P Build/JZO54K) AppleWebKit/537.36 (KHTML, like Gecko) Chrome/29.0.1547.72 Mobile Safari/537.36"
109.45.1.243 - - [14/Sep/2013:10:04:39 +0200] "GET /img/head.gif HTTP/1.1" 304 - "http://www.dialyse-in-salzwedel.de/seiten/start.htm" "Mozilla/5.0 (Linux; Android 4.1.2; GT-I9070P Build/JZO54K) AppleWebKit/537.36 (KHTML, like Gecko) Chrome/29.0.1547.72 Mobile Safari/537.36"
109.45.1.243 - - [14/Sep/2013:10:04:39 +0200] "GET /img/men01.gif HTTP/1.1" 304 - "http://www.dialyse-in-salzwedel.de/seiten/start.htm" "Mozilla/5.0 (Linux; Android 4.1.2; GT-I9070P Build/JZO54K) AppleWebKit/537.36 (KHTML, like Gecko) Chrome/29.0.1547.72 Mobile Safari/537.36"
109.45.1.243 - - [14/Sep/2013:10:04:39 +0200] "GET /img/men03.gif HTTP/1.1" 304 - "http://www.dialyse-in-salzwedel.de/seiten/start.htm" "Mozilla/5.0 (Linux; Android 4.1.2; GT-I9070P Build/JZO54K) AppleWebKit/537.36 (KHTML, like Gecko) Chrome/29.0.1547.72 Mobile Safari/537.36"
109.45.1.243 - - [14/Sep/2013:10:04:39 +0200] "GET /img/men04.gif HTTP/1.1" 304 - "http://www.dialyse-in-salzwedel.de/seiten/start.htm" "Mozilla/5.0 (Linux; Android 4.1.2; GT-I9070P Build/JZO54K) AppleWebKit/537.36 (KHTML, like Gecko) Chrome/29.0.1547.72 Mobile Safari/537.36"
109.45.1.243 - - [14/Sep/2013:10:04:39 +0200] "GET /img/men09.gif HTTP/1.1" 304 - "http://www.dialyse-in-salzwedel.de/seiten/start.htm" "Mozilla/5.0 (Linux; Android 4.1.2; GT-I9070P Build/JZO54K) AppleWebKit/537.36 (KHTML, like Gecko) Chrome/29.0.1547.72 Mobile Safari/537.36"
109.45.1.243 - - [14/Sep/2013:10:04:39 +0200] "GET /img/men06.gif HTTP/1.1" 304 - "http://www.dialyse-in-salzwedel.de/seiten/start.htm" "Mozilla/5.0 (Linux; Android 4.1.2; GT-I9070P Build/JZO54K) AppleWebKit/537.36 (KHTML, like Gecko) Chrome/29.0.1547.72 Mobile Safari/537.36"
109.45.1.243 - - [14/Sep/2013:10:04:39 +0200] "GET /img/men07.gif HTTP/1.1" 304 - "http://www.dialyse-in-salzwedel.de/seiten/start.htm" "Mozilla/5.0 (Linux; Android 4.1.2; GT-I9070P Build/JZO54K) AppleWebKit/537.36 (KHTML, like Gecko) Chrome/29.0.1547.72 Mobile Safari/537.36"
109.45.1.243 - - [14/Sep/2013:10:04:39 +0200] "GET /img/men08.gif HTTP/1.1" 304 - "http://www.dialyse-in-salzwedel.de/seiten/start.htm" "Mozilla/5.0 (Linux; Android 4.1.2; GT-I9070P Build/JZO54K) AppleWebKit/537.36 (KHTML, like Gecko) Chrome/29.0.1547.72 Mobile Safari/537.36"
109.45.1.243 - - [14/Sep/2013:10:04:39 +0200] "GET /img/meno03.gif HTTP/1.1" 304 - "http://www.dialyse-in-salzwedel.de/seiten/dialyse.htm" "Mozilla/5.0 (Linux; Android 4.1.2; GT-I9070P Build/JZO54K) AppleWebKit/537.36 (KHTML, like Gecko) Chrome/29.0.1547.72 Mobile Safari/537.36"
109.45.1.243 - - [14/Sep/2013:10:04:39 +0200] "GET /img/lay01.gif HTTP/1.1" 304 - "http://www.dialyse-in-salzwedel.de/seiten/start.htm" "Mozilla/5.0 (Linux; Android 4.1.2; GT-I9070P Build/JZO54K) AppleWebKit/537.36 (KHTML, like Gecko) Chrome/29.0.1547.72 Mobile Safari/537.36"
109.45.1.243 - - [14/Sep/2013:10:04:39 +0200] "GET /img/bg02.gif HTTP/1.1" 304 - "http://www.dialyse-in-salzwedel.de/seiten/start.htm" "Mozilla/5.0 (Linux; Android 4.1.2; GT-I9070P Build/JZO54K) AppleWebKit/537.36 (KHTML, like Gecko) Chrome/29.0.1547.72 Mobile Safari/537.36"
109.45.1.243 - - [14/Sep/2013:10:04:39 +0200] "GET /img/bg01.gif HTTP/1.1" 304 - "http://www.dialyse-in-salzwedel.de/seiten/start.htm" "Mozilla/5.0 (Linux; Android 4.1.2; GT-I9070P Build/JZO54K) AppleWebKit/537.36 (KHTML, like Gecko) Chrome/29.0.1547.72 Mobile Safari/537.36"
109.45.1.243 - - [14/Sep/2013:10:04:39 +0200] "GET /img/lay02.gif HTTP/1.1" 304 - "http://www.dialyse-in-salzwedel.de/seiten/start.htm" "Mozilla/5.0 (Linux; Android 4.1.2; GT-I9070P Build/JZO54K) AppleWebKit/537.36 (KHTML, like Gecko) Chrome/29.0.1547.72 Mobile Safari/537.36"
109.45.1.243 - - [14/Sep/2013:10:04:39 +0200] "GET /img/dialyse.jpg HTTP/1.1" 304 - "http://www.dialyse-in-salzwedel.de/seiten/dialyse.htm" "Mozilla/5.0 (Linux; Android 4.1.2; GT-I9070P Build/JZO54K) AppleWebKit/537.36 (KHTML, like Gecko) Chrome/29.0.1547.72 Mobile Safari/537.36"
109.45.1.243 - - [14/Sep/2013:10:04:39 +0200] "GET /img/bg03.gif HTTP/1.1" 304 - "http://www.dialyse-in-salzwedel.de/seiten/start.htm" "Mozilla/5.0 (Linux; Android 4.1.2; GT-I9070P Build/JZO54K) AppleWebKit/537.36 (KHTML, like Gecko) Chrome/29.0.1547.72 Mobile Safari/537.36"
109.45.1.243 - - [14/Sep/2013:10:04:39 +0200] "GET /img/lay03.gif HTTP/1.1" 304 - "http://www.dialyse-in-salzwedel.de/seiten/start.htm" "Mozilla/5.0 (Linux; Android 4.1.2; GT-I9070P Build/JZO54K) AppleWebKit/537.36 (KHTML, like Gecko) Chrome/29.0.1547.72 Mobile Safari/537.36"
109.45.1.243 - - [14/Sep/2013:10:04:39 +0200] "GET /img/bg04.gif HTTP/1.1" 304 - "http://www.dialyse-in-salzwedel.de/seiten/start.htm" "Mozilla/5.0 (Linux; Android 4.1.2; GT-I9070P Build/JZO54K) AppleWebKit/537.36 (KHTML, like Gecko) Chrome/29.0.1547.72 Mobile Safari/537.36"
109.45.1.243 - - [14/Sep/2013:10:04:39 +0200] "GET /img/1px.gif HTTP/1.1" 304 - "http://www.dialyse-in-salzwedel.de/seiten/start.htm" "Mozilla/5.0 (Linux; Android 4.1.2; GT-I9070P Build/JZO54K) AppleWebKit/537.36 (KHTML, like Gecko) Chrome/29.0.1547.72 Mobile Safari/537.36"
109.45.1.243 - - [14/Sep/2013:10:04:39 +0200] "GET /img/lay04.gif HTTP/1.1" 304 - "http://www.dialyse-in-salzwedel.de/seiten/start.htm" "Mozilla/5.0 (Linux; Android 4.1.2; GT-I9070P Build/JZO54K) AppleWebKit/537.36 (KHTML, like Gecko) Chrome/29.0.1547.72 Mobile Safari/537.36"
109.45.1.243 - - [14/Sep/2013:10:04:41 +0200] "GET /img/men02.gif HTTP/1.1" 304 - "http://www.dialyse-in-salzwedel.de/seiten/start.htm" "Mozilla/5.0 (Linux; Android 4.1.2; GT-I9070P Build/JZO54K) AppleWebKit/537.36 (KHTML, like Gecko) Chrome/29.0.1547.72 Mobile Safari/537.36"
109.45.1.243 - - [14/Sep/2013:10:08:10 +0200] "GET /seiten/kontakt.htm HTTP/1.1" 200 5472 "http://www.dialyse-in-salzwedel.de/seiten/dialyse.htm" "Mozilla/5.0 (Linux; Android 4.1.2; GT-I9070P Build/JZO54K) AppleWebKit/537.36 (KHTML, like Gecko) Chrome/29.0.1547.72 Mobile Safari/537.36"
109.45.1.243 - - [14/Sep/2013:10:08:10 +0200] "GET /scripte/basics.js HTTP/1.1" 200 1078 "http://www.dialyse-in-salzwedel.de/seiten/kontakt.htm" "Mozilla/5.0 (Linux; Android 4.1.2; GT-I9070P Build/JZO54K) AppleWebKit/537.36 (KHTML, like Gecko) Chrome/29.0.1547.72 Mobile Safari/537.36"
109.45.1.243 - - [14/Sep/2013:10:08:10 +0200] "GET /css/style.css HTTP/1.1" 200 3212 "http://www.dialyse-in-salzwedel.de/seiten/kontakt.htm" "Mozilla/5.0 (Linux; Android 4.1.2; GT-I9070P Build/JZO54K) AppleWebKit/537.36 (KHTML, like Gecko) Chrome/29.0.1547.72 Mobile Safari/537.36"
109.45.1.243 - - [14/Sep/2013:10:08:11 +0200] "GET /img/head.gif HTTP/1.1" 304 - "http://www.dialyse-in-salzwedel.de/seiten/dialyse.htm" "Mozilla/5.0 (Linux; Android 4.1.2; GT-I9070P Build/JZO54K) AppleWebKit/537.36 (KHTML, like Gecko) Chrome/29.0.1547.72 Mobile Safari/537.36"
109.45.1.243 - - [14/Sep/2013:10:08:11 +0200] "GET /img/men01.gif HTTP/1.1" 304 - "http://www.dialyse-in-salzwedel.de/seiten/dialyse.htm" "Mozilla/5.0 (Linux; Android 4.1.2; GT-I9070P Build/JZO54K) AppleWebKit/537.36 (KHTML, like Gecko) Chrome/29.0.1547.72 Mobile Safari/537.36"
109.45.1.243 - - [14/Sep/2013:10:08:11 +0200] "GET /img/men04.gif HTTP/1.1" 304 - "http://www.dialyse-in-salzwedel.de/seiten/dialyse.htm" "Mozilla/5.0 (Linux; Android 4.1.2; GT-I9070P Build/JZO54K) AppleWebKit/537.36 (KHTML, like Gecko) Chrome/29.0.1547.72 Mobile Safari/537.36"
109.45.1.243 - - [14/Sep/2013:10:08:11 +0200] "GET /img/meno06.gif HTTP/1.1" 200 1054 "http://www.dialyse-in-salzwedel.de/seiten/kontakt.htm" "Mozilla/5.0 (Linux; Android 4.1.2; GT-I9070P Build/JZO54K) AppleWebKit/537.36 (KHTML, like Gecko) Chrome/29.0.1547.72 Mobile Safari/537.36"
109.45.1.243 - - [14/Sep/2013:10:08:11 +0200] "GET /img/men05.gif HTTP/1.1" 304 - "http://www.dialyse-in-salzwedel.de/seiten/kontakt.htm" "Mozilla/5.0 (Linux; Android 4.1.2; GT-I9070P Build/JZO54K) AppleWebKit/537.36 (KHTML, like Gecko) Chrome/29.0.1547.72 Mobile Safari/537.36"
109.45.1.243 - - [14/Sep/2013:10:08:11 +0200] "GET /img/men06.gif HTTP/1.1" 304 - "http://www.dialyse-in-salzwedel.de/seiten/dialyse.htm" "Mozilla/5.0 (Linux; Android 4.1.2; GT-I9070P Build/JZO54K) AppleWebKit/537.36 (KHTML, like Gecko) Chrome/29.0.1547.72 Mobile Safari/537.36"
109.45.1.243 - - [14/Sep/2013:10:08:11 +0200] "GET /img/men07.gif HTTP/1.1" 304 - "http://www.dialyse-in-salzwedel.de/seiten/dialyse.htm" "Mozilla/5.0 (Linux; Android 4.1.2; GT-I9070P Build/JZO54K) AppleWebKit/537.36 (KHTML, like Gecko) Chrome/29.0.1547.72 Mobile Safari/537.36"
109.45.1.243 - - [14/Sep/2013:10:08:11 +0200] "GET /img/men03.gif HTTP/1.1" 304 - "http://www.dialyse-in-salzwedel.de/seiten/dialyse.htm" "Mozilla/5.0 (Linux; Android 4.1.2; GT-I9070P Build/JZO54K) AppleWebKit/537.36 (KHTML, like Gecko) Chrome/29.0.1547.72 Mobile Safari/537.36"
109.45.1.243 - - [14/Sep/2013:10:08:11 +0200] "GET /img/men09.gif HTTP/1.1" 304 - "http://www.dialyse-in-salzwedel.de/seiten/dialyse.htm" "Mozilla/5.0 (Linux; Android 4.1.2; GT-I9070P Build/JZO54K) AppleWebKit/537.36 (KHTML, like Gecko) Chrome/29.0.1547.72 Mobile Safari/537.36"
109.45.1.243 - - [14/Sep/2013:10:08:11 +0200] "GET /img/men02.gif HTTP/1.1" 304 - "http://www.dialyse-in-salzwedel.de/seiten/dialyse.htm" "Mozilla/5.0 (Linux; Android 4.1.2; GT-I9070P Build/JZO54K) AppleWebKit/537.36 (KHTML, like Gecko) Chrome/29.0.1547.72 Mobile Safari/537.36"
109.45.1.243 - - [14/Sep/2013:10:08:11 +0200] "GET /img/lay01.gif HTTP/1.1" 304 - "http://www.dialyse-in-salzwedel.de/seiten/dialyse.htm" "Mozilla/5.0 (Linux; Android 4.1.2; GT-I9070P Build/JZO54K) AppleWebKit/537.36 (KHTML, like Gecko) Chrome/29.0.1547.72 Mobile Safari/537.36"
109.45.1.243 - - [14/Sep/2013:10:08:12 +0200] "GET /img/bg02.gif HTTP/1.1" 304 - "http://www.dialyse-in-salzwedel.de/seiten/dialyse.htm" "Mozilla/5.0 (Linux; Android 4.1.2; GT-I9070P Build/JZO54K) AppleWebKit/537.36 (KHTML, like Gecko) Chrome/29.0.1547.72 Mobile Safari/537.36"
109.45.1.243 - - [14/Sep/2013:10:08:12 +0200] "GET /img/lay02.gif HTTP/1.1" 304 - "http://www.dialyse-in-salzwedel.de/seiten/dialyse.htm" "Mozilla/5.0 (Linux; Android 4.1.2; GT-I9070P Build/JZO54K) AppleWebKit/537.36 (KHTML, like Gecko) Chrome/29.0.1547.72 Mobile Safari/537.36"
109.45.1.243 - - [14/Sep/2013:10:08:12 +0200] "GET /img/bg01.gif HTTP/1.1" 304 - "http://www.dialyse-in-salzwedel.de/seiten/dialyse.htm" "Mozilla/5.0 (Linux; Android 4.1.2; GT-I9070P Build/JZO54K) AppleWebKit/537.36 (KHTML, like Gecko) Chrome/29.0.1547.72 Mobile Safari/537.36"
109.45.1.243 - - [14/Sep/2013:10:08:12 +0200] "GET /img/bg03.gif HTTP/1.1" 304 - "http://www.dialyse-in-salzwedel.de/seiten/dialyse.htm" "Mozilla/5.0 (Linux; Android 4.1.2; GT-I9070P Build/JZO54K) AppleWebKit/537.36 (KHTML, like Gecko) Chrome/29.0.1547.72 Mobile Safari/537.36"
109.45.1.243 - - [14/Sep/2013:10:08:12 +0200] "GET /img/lay03.gif HTTP/1.1" 304 - "http://www.dialyse-in-salzwedel.de/seiten/dialyse.htm" "Mozilla/5.0 (Linux; Android 4.1.2; GT-I9070P Build/JZO54K) AppleWebKit/537.36 (KHTML, like Gecko) Chrome/29.0.1547.72 Mobile Safari/537.36"
109.45.1.243 - - [14/Sep/2013:10:08:12 +0200] "GET /img/bg04.gif HTTP/1.1" 304 - "http://www.dialyse-in-salzwedel.de/seiten/dialyse.htm" "Mozilla/5.0 (Linux; Android 4.1.2; GT-I9070P Build/JZO54K) AppleWebKit/537.36 (KHTML, like Gecko) Chrome/29.0.1547.72 Mobile Safari/537.36"
109.45.1.243 - - [14/Sep/2013:10:08:12 +0200] "GET /img/1px.gif HTTP/1.1" 304 - "http://www.dialyse-in-salzwedel.de/seiten/dialyse.htm" "Mozilla/5.0 (Linux; Android 4.1.2; GT-I9070P Build/JZO54K) AppleWebKit/537.36 (KHTML, like Gecko) Chrome/29.0.1547.72 Mobile Safari/537.36"
109.45.1.243 - - [14/Sep/2013:10:08:12 +0200] "GET /img/lay04.gif HTTP/1.1" 304 - "http://www.dialyse-in-salzwedel.de/seiten/dialyse.htm" "Mozilla/5.0 (Linux; Android 4.1.2; GT-I9070P Build/JZO54K) AppleWebKit/537.36 (KHTML, like Gecko) Chrome/29.0.1547.72 Mobile Safari/537.36"
221.232.56.34 - - [14/Sep/2013:10:16:01 +0200] "GET /seiten/ HTTP/1.0" 403 1222 "http://www.dialyse-in-salzwedel.de/seiten/" "Mozilla/5.0 (Windows NT 5.1) AppleWebKit/537.19 (KHTML, like Gecko) Chrome/25.0.1323.1 Safari/537.19"
221.232.56.34 - - [14/Sep/2013:10:16:03 +0200] "GET / HTTP/1.0" 200 2301 "http://www.dialyse-in-salzwedel.de/seiten/" "Mozilla/5.0 (Windows NT 5.1) AppleWebKit/537.19 (KHTML, like Gecko) Chrome/25.0.1323.1 Safari/537.19"
221.232.56.34 - - [14/Sep/2013:10:16:04 +0200] "GET / HTTP/1.0" 200 2301 "http://www.dialyse-in-salzwedel.de/" "Mozilla/5.0 (Windows NT 5.1) AppleWebKit/537.19 (KHTML, like Gecko) Chrome/25.0.1323.1 Safari/537.19"
199.30.20.147 - - [14/Sep/2013:10:23:38 +0200] "GET /robots.txt HTTP/1.1" 404 1256 "-" "msnbot-media/1.1 (+http://search.msn.com/msnbot.htm)"
199.30.20.147 - - [14/Sep/2013:10:23:38 +0200] "GET /img/men07.gif HTTP/1.1" 200 893 "-" "msnbot-media/1.1 (+http://search.msn.com/msnbot.htm)"
199.30.20.91 - - [14/Sep/2013:10:29:03 +0200] "GET /robots.txt HTTP/1.1" 404 1256 "-" "msnbot-media/1.1 (+http://search.msn.com/msnbot.htm)"
199.30.20.91 - - [14/Sep/2013:10:29:04 +0200] "GET /img/men03.gif HTTP/1.1" 200 999 "-" "msnbot-media/1.1 (+http://search.msn.com/msnbot.htm)"
193.104.84.201 - - [14/Sep/2013:10:37:58 +0200] "GET / HTTP/1.1" 200 2301 "http://www.google.de/url?sa=t&rct=j&q=dialyse%20salzwedel&source=web&cd=1&ved=0CDkQFjAA&url=http%3A%2F%2Fwww.dialyse-in-salzwedel.de%2F&ei=FiA0UqvwN4jJtQa7-4GICg&usg=AFQjCNHBZzdzRK6NkOJc_vuRxJ6F08FD_w&bvm=bv.52164340,d.Yms" "Mozilla/4.0 (compatible; MSIE 8.0; Windows NT 5.1; Trident/4.0; .NET CLR 2.0.50727; .NET CLR 3.0.04506.30; .NET CLR 3.0.04506.648; .NET CLR 3.0.4506.2152; .NET CLR 3.5.30729; .NET4.0C; .NET4.0E)"
193.104.84.201 - - [14/Sep/2013:10:37:58 +0200] "GET /scripte/basics.js HTTP/1.1" 200 1078 "http://www.dialyse-in-salzwedel.de/" "Mozilla/4.0 (compatible; MSIE 8.0; Windows NT 5.1; Trident/4.0; .NET CLR 2.0.50727; .NET CLR 3.0.04506.30; .NET CLR 3.0.04506.648; .NET CLR 3.0.4506.2152; .NET CLR 3.5.30729; .NET4.0C; .NET4.0E)"
193.104.84.201 - - [14/Sep/2013:10:37:58 +0200] "GET /css/style.css HTTP/1.1" 200 3212 "http://www.dialyse-in-salzwedel.de/" "Mozilla/4.0 (compatible; MSIE 8.0; Windows NT 5.1; Trident/4.0; .NET CLR 2.0.50727; .NET CLR 3.0.04506.30; .NET CLR 3.0.04506.648; .NET CLR 3.0.4506.2152; .NET CLR 3.5.30729; .NET4.0C; .NET4.0E)"
193.104.84.201 - - [14/Sep/2013:10:37:58 +0200] "GET /seiten/start.htm HTTP/1.1" 200 4313 "-" "Mozilla/4.0 (compatible; MSIE 8.0; Windows NT 5.1; Trident/4.0; .NET CLR 2.0.50727; .NET CLR 3.0.04506.30; .NET CLR 3.0.04506.648; .NET CLR 3.0.4506.2152; .NET CLR 3.5.30729; .NET4.0C; .NET4.0E)"
193.104.84.201 - - [14/Sep/2013:10:37:58 +0200] "GET /img/men03.gif HTTP/1.1" 200 999 "http://www.dialyse-in-salzwedel.de/seiten/start.htm" "Mozilla/4.0 (compatible; MSIE 8.0; Windows NT 5.1; Trident/4.0; .NET CLR 2.0.50727; .NET CLR 3.0.04506.30; .NET CLR 3.0.04506.648; .NET CLR 3.0.4506.2152; .NET CLR 3.5.30729; .NET4.0C; .NET4.0E)"
193.104.84.201 - - [14/Sep/2013:10:37:58 +0200] "GET /img/head.gif HTTP/1.1" 200 4213 "http://www.dialyse-in-salzwedel.de/seiten/start.htm" "Mozilla/4.0 (compatible; MSIE 8.0; Windows NT 5.1; Trident/4.0; .NET CLR 2.0.50727; .NET CLR 3.0.04506.30; .NET CLR 3.0.04506.648; .NET CLR 3.0.4506.2152; .NET CLR 3.5.30729; .NET4.0C; .NET4.0E)"
193.104.84.201 - - [14/Sep/2013:10:37:58 +0200] "GET /img/men06.gif HTTP/1.1" 200 904 "http://www.dialyse-in-salzwedel.de/seiten/start.htm" "Mozilla/4.0 (compatible; MSIE 8.0; Windows NT 5.1; Trident/4.0; .NET CLR 2.0.50727; .NET CLR 3.0.04506.30; .NET CLR 3.0.04506.648; .NET CLR 3.0.4506.2152; .NET CLR 3.5.30729; .NET4.0C; .NET4.0E)"
193.104.84.201 - - [14/Sep/2013:10:37:58 +0200] "GET /img/men05.gif HTTP/1.1" 200 1042 "http://www.dialyse-in-salzwedel.de/seiten/start.htm" "Mozilla/4.0 (compatible; MSIE 8.0; Windows NT 5.1; Trident/4.0; .NET CLR 2.0.50727; .NET CLR 3.0.04506.30; .NET CLR 3.0.04506.648; .NET CLR 3.0.4506.2152; .NET CLR 3.5.30729; .NET4.0C; .NET4.0E)"
193.104.84.201 - - [14/Sep/2013:10:37:58 +0200] "GET /img/men04.gif HTTP/1.1" 200 1234 "http://www.dialyse-in-salzwedel.de/seiten/start.htm" "Mozilla/4.0 (compatible; MSIE 8.0; Windows NT 5.1; Trident/4.0; .NET CLR 2.0.50727; .NET CLR 3.0.04506.30; .NET CLR 3.0.04506.648; .NET CLR 3.0.4506.2152; .NET CLR 3.5.30729; .NET4.0C; .NET4.0E)"
193.104.84.201 - - [14/Sep/2013:10:37:58 +0200] "GET /img/men07.gif HTTP/1.1" 200 893 "http://www.dialyse-in-salzwedel.de/seiten/start.htm" "Mozilla/4.0 (compatible; MSIE 8.0; Windows NT 5.1; Trident/4.0; .NET CLR 2.0.50727; .NET CLR 3.0.04506.30; .NET CLR 3.0.04506.648; .NET CLR 3.0.4506.2152; .NET CLR 3.5.30729; .NET4.0C; .NET4.0E)"
193.104.84.201 - - [14/Sep/2013:10:37:58 +0200] "GET /img/men01.gif HTTP/1.1" 200 702 "http://www.dialyse-in-salzwedel.de/seiten/start.htm" "Mozilla/4.0 (compatible; MSIE 8.0; Windows NT 5.1; Trident/4.0; .NET CLR 2.0.50727; .NET CLR 3.0.04506.30; .NET CLR 3.0.04506.648; .NET CLR 3.0.4506.2152; .NET CLR 3.5.30729; .NET4.0C; .NET4.0E)"
193.104.84.201 - - [14/Sep/2013:10:37:58 +0200] "GET /img/men08.gif HTTP/1.1" 200 1069 "http://www.dialyse-in-salzwedel.de/seiten/start.htm" "Mozilla/4.0 (compatible; MSIE 8.0; Windows NT 5.1; Trident/4.0; .NET CLR 2.0.50727; .NET CLR 3.0.04506.30; .NET CLR 3.0.04506.648; .NET CLR 3.0.4506.2152; .NET CLR 3.5.30729; .NET4.0C; .NET4.0E)"
193.104.84.201 - - [14/Sep/2013:10:37:58 +0200] "GET /img/start.jpg HTTP/1.1" 200 18933 "http://www.dialyse-in-salzwedel.de/seiten/start.htm" "Mozilla/4.0 (compatible; MSIE 8.0; Windows NT 5.1; Trident/4.0; .NET CLR 2.0.50727; .NET CLR 3.0.04506.30; .NET CLR 3.0.04506.648; .NET CLR 3.0.4506.2152; .NET CLR 3.5.30729; .NET4.0C; .NET4.0E)"
193.104.84.201 - - [14/Sep/2013:10:37:58 +0200] "GET /img/men02.gif HTTP/1.1" 200 758 "http://www.dialyse-in-salzwedel.de/seiten/start.htm" "Mozilla/4.0 (compatible; MSIE 8.0; Windows NT 5.1; Trident/4.0; .NET CLR 2.0.50727; .NET CLR 3.0.04506.30; .NET CLR 3.0.04506.648; .NET CLR 3.0.4506.2152; .NET CLR 3.5.30729; .NET4.0C; .NET4.0E)"
193.104.84.201 - - [14/Sep/2013:10:37:58 +0200] "GET /img/men09.gif HTTP/1.1" 200 1200 "http://www.dialyse-in-salzwedel.de/seiten/start.htm" "Mozilla/4.0 (compatible; MSIE 8.0; Windows NT 5.1; Trident/4.0; .NET CLR 2.0.50727; .NET CLR 3.0.04506.30; .NET CLR 3.0.04506.648; .NET CLR 3.0.4506.2152; .NET CLR 3.5.30729; .NET4.0C; .NET4.0E)"
193.104.84.201 - - [14/Sep/2013:10:37:58 +0200] "GET /img/lay01.gif HTTP/1.1" 200 149 "http://www.dialyse-in-salzwedel.de/seiten/start.htm" "Mozilla/4.0 (compatible; MSIE 8.0; Windows NT 5.1; Trident/4.0; .NET CLR 2.0.50727; .NET CLR 3.0.04506.30; .NET CLR 3.0.04506.648; .NET CLR 3.0.4506.2152; .NET CLR 3.5.30729; .NET4.0C; .NET4.0E)"
193.104.84.201 - - [14/Sep/2013:10:37:58 +0200] "GET /img/lay02.gif HTTP/1.1" 200 153 "http://www.dialyse-in-salzwedel.de/seiten/start.htm" "Mozilla/4.0 (compatible; MSIE 8.0; Windows NT 5.1; Trident/4.0; .NET CLR 2.0.50727; .NET CLR 3.0.04506.30; .NET CLR 3.0.04506.648; .NET CLR 3.0.4506.2152; .NET CLR 3.5.30729; .NET4.0C; .NET4.0E)"
193.104.84.201 - - [14/Sep/2013:10:37:58 +0200] "GET /img/lay03.gif HTTP/1.1" 200 253 "http://www.dialyse-in-salzwedel.de/seiten/start.htm" "Mozilla/4.0 (compatible; MSIE 8.0; Windows NT 5.1; Trident/4.0; .NET CLR 2.0.50727; .NET CLR 3.0.04506.30; .NET CLR 3.0.04506.648; .NET CLR 3.0.4506.2152; .NET CLR 3.5.30729; .NET4.0C; .NET4.0E)"
193.104.84.201 - - [14/Sep/2013:10:37:58 +0200] "GET /img/bg02.gif HTTP/1.1" 200 67 "http://www.dialyse-in-salzwedel.de/seiten/start.htm" "Mozilla/4.0 (compatible; MSIE 8.0; Windows NT 5.1; Trident/4.0; .NET CLR 2.0.50727; .NET CLR 3.0.04506.30; .NET CLR 3.0.04506.648; .NET CLR 3.0.4506.2152; .NET CLR 3.5.30729; .NET4.0C; .NET4.0E)"
193.104.84.201 - - [14/Sep/2013:10:37:58 +0200] "GET /img/bg01.gif HTTP/1.1" 200 70 "http://www.dialyse-in-salzwedel.de/seiten/start.htm" "Mozilla/4.0 (compatible; MSIE 8.0; Windows NT 5.1; Trident/4.0; .NET CLR 2.0.50727; .NET CLR 3.0.04506.30; .NET CLR 3.0.04506.648; .NET CLR 3.0.4506.2152; .NET CLR 3.5.30729; .NET4.0C; .NET4.0E)"
193.104.84.201 - - [14/Sep/2013:10:37:58 +0200] "GET /img/bg03.gif HTTP/1.1" 200 84 "http://www.dialyse-in-salzwedel.de/seiten/start.htm" "Mozilla/4.0 (compatible; MSIE 8.0; Windows NT 5.1; Trident/4.0; .NET CLR 2.0.50727; .NET CLR 3.0.04506.30; .NET CLR 3.0.04506.648; .NET CLR 3.0.4506.2152; .NET CLR 3.5.30729; .NET4.0C; .NET4.0E)"
193.104.84.201 - - [14/Sep/2013:10:37:59 +0200] "GET /img/lay04.gif HTTP/1.1" 200 272 "http://www.dialyse-in-salzwedel.de/seiten/start.htm" "Mozilla/4.0 (compatible; MSIE 8.0; Windows NT 5.1; Trident/4.0; .NET CLR 2.0.50727; .NET CLR 3.0.04506.30; .NET CLR 3.0.04506.648; .NET CLR 3.0.4506.2152; .NET CLR 3.5.30729; .NET4.0C; .NET4.0E)"
193.104.84.201 - - [14/Sep/2013:10:37:59 +0200] "GET /img/bg04.gif HTTP/1.1" 200 92 "http://www.dialyse-in-salzwedel.de/seiten/start.htm" "Mozilla/4.0 (compatible; MSIE 8.0; Windows NT 5.1; Trident/4.0; .NET CLR 2.0.50727; .NET CLR 3.0.04506.30; .NET CLR 3.0.04506.648; .NET CLR 3.0.4506.2152; .NET CLR 3.5.30729; .NET4.0C; .NET4.0E)"
193.104.84.201 - - [14/Sep/2013:10:37:59 +0200] "GET /img/1px.gif HTTP/1.1" 200 43 "http://www.dialyse-in-salzwedel.de/seiten/start.htm" "Mozilla/4.0 (compatible; MSIE 8.0; Windows NT 5.1; Trident/4.0; .NET CLR 2.0.50727; .NET CLR 3.0.04506.30; .NET CLR 3.0.04506.648; .NET CLR 3.0.4506.2152; .NET CLR 3.5.30729; .NET4.0C; .NET4.0E)"
193.104.84.201 - - [14/Sep/2013:10:37:59 +0200] "GET /favicon.ico HTTP/1.1" 404 1256 "-" "Mozilla/4.0 (compatible; MSIE 8.0; Windows NT 5.1; Trident/4.0; .NET CLR 2.0.50727; .NET CLR 3.0.04506.30; .NET CLR 3.0.04506.648; .NET CLR 3.0.4506.2152; .NET CLR 3.5.30729; .NET4.0C; .NET4.0E)"
193.104.84.201 - - [14/Sep/2013:10:38:02 +0200] "GET /img/meno01.gif HTTP/1.1" 200 938 "http://www.dialyse-in-salzwedel.de/seiten/start.htm" "Mozilla/4.0 (compatible; MSIE 8.0; Windows NT 5.1; Trident/4.0; .NET CLR 2.0.50727; .NET CLR 3.0.04506.30; .NET CLR 3.0.04506.648; .NET CLR 3.0.4506.2152; .NET CLR 3.5.30729; .NET4.0C; .NET4.0E)"
193.104.84.201 - - [14/Sep/2013:10:38:02 +0200] "GET /seiten/praxis.htm HTTP/1.1" 200 5018 "http://www.dialyse-in-salzwedel.de/seiten/start.htm" "Mozilla/4.0 (compatible; MSIE 8.0; Windows NT 5.1; Trident/4.0; .NET CLR 2.0.50727; .NET CLR 3.0.04506.30; .NET CLR 3.0.04506.648; .NET CLR 3.0.4506.2152; .NET CLR 3.5.30729; .NET4.0C; .NET4.0E)"
193.104.84.201 - - [14/Sep/2013:10:38:02 +0200] "GET /img/praxis.jpg HTTP/1.1" 200 13082 "http://www.dialyse-in-salzwedel.de/seiten/praxis.htm" "Mozilla/4.0 (compatible; MSIE 8.0; Windows NT 5.1; Trident/4.0; .NET CLR 2.0.50727; .NET CLR 3.0.04506.30; .NET CLR 3.0.04506.648; .NET CLR 3.0.4506.2152; .NET CLR 3.5.30729; .NET4.0C; .NET4.0E)"
193.104.84.201 - - [14/Sep/2013:10:38:03 +0200] "GET /favicon.ico HTTP/1.1" 404 1256 "-" "Mozilla/4.0 (compatible; MSIE 8.0; Windows NT 5.1; Trident/4.0; .NET CLR 2.0.50727; .NET CLR 3.0.04506.30; .NET CLR 3.0.04506.648; .NET CLR 3.0.4506.2152; .NET CLR 3.5.30729; .NET4.0C; .NET4.0E)"
193.104.84.201 - - [14/Sep/2013:10:38:06 +0200] "GET /img/meno02.gif HTTP/1.1" 200 1200 "http://www.dialyse-in-salzwedel.de/seiten/praxis.htm" "Mozilla/4.0 (compatible; MSIE 8.0; Windows NT 5.1; Trident/4.0; .NET CLR 2.0.50727; .NET CLR 3.0.04506.30; .NET CLR 3.0.04506.648; .NET CLR 3.0.4506.2152; .NET CLR 3.5.30729; .NET4.0C; .NET4.0E)"
193.104.84.201 - - [14/Sep/2013:10:38:07 +0200] "GET /seiten/leistungen.htm HTTP/1.1" 200 5060 "http://www.dialyse-in-salzwedel.de/seiten/praxis.htm" "Mozilla/4.0 (compatible; MSIE 8.0; Windows NT 5.1; Trident/4.0; .NET CLR 2.0.50727; .NET CLR 3.0.04506.30; .NET CLR 3.0.04506.648; .NET CLR 3.0.4506.2152; .NET CLR 3.5.30729; .NET4.0C; .NET4.0E)"
193.104.84.201 - - [14/Sep/2013:10:38:07 +0200] "GET /img/leist.jpg HTTP/1.1" 200 18843 "http://www.dialyse-in-salzwedel.de/seiten/leistungen.htm" "Mozilla/4.0 (compatible; MSIE 8.0; Windows NT 5.1; Trident/4.0; .NET CLR 2.0.50727; .NET CLR 3.0.04506.30; .NET CLR 3.0.04506.648; .NET CLR 3.0.4506.2152; .NET CLR 3.5.30729; .NET4.0C; .NET4.0E)"
193.104.84.201 - - [14/Sep/2013:10:38:09 +0200] "GET /img/meno03.gif HTTP/1.1" 200 931 "http://www.dialyse-in-salzwedel.de/seiten/leistungen.htm" "Mozilla/4.0 (compatible; MSIE 8.0; Windows NT 5.1; Trident/4.0; .NET CLR 2.0.50727; .NET CLR 3.0.04506.30; .NET CLR 3.0.04506.648; .NET CLR 3.0.4506.2152; .NET CLR 3.5.30729; .NET4.0C; .NET4.0E)"
193.104.84.201 - - [14/Sep/2013:10:38:09 +0200] "GET /seiten/dialyse.htm HTTP/1.1" 200 4906 "http://www.dialyse-in-salzwedel.de/seiten/leistungen.htm" "Mozilla/4.0 (compatible; MSIE 8.0; Windows NT 5.1; Trident/4.0; .NET CLR 2.0.50727; .NET CLR 3.0.04506.30; .NET CLR 3.0.04506.648; .NET CLR 3.0.4506.2152; .NET CLR 3.5.30729; .NET4.0C; .NET4.0E)"
193.104.84.201 - - [14/Sep/2013:10:38:09 +0200] "GET /img/dialyse.jpg HTTP/1.1" 200 21241 "http://www.dialyse-in-salzwedel.de/seiten/dialyse.htm" "Mozilla/4.0 (compatible; MSIE 8.0; Windows NT 5.1; Trident/4.0; .NET CLR 2.0.50727; .NET CLR 3.0.04506.30; .NET CLR 3.0.04506.648; .NET CLR 3.0.4506.2152; .NET CLR 3.5.30729; .NET4.0C; .NET4.0E)"
193.104.84.201 - - [14/Sep/2013:10:38:11 +0200] "GET /img/meno04.gif HTTP/1.1" 200 727 "http://www.dialyse-in-salzwedel.de/seiten/dialyse.htm" "Mozilla/4.0 (compatible; MSIE 8.0; Windows NT 5.1; Trident/4.0; .NET CLR 2.0.50727; .NET CLR 3.0.04506.30; .NET CLR 3.0.04506.648; .NET CLR 3.0.4506.2152; .NET CLR 3.5.30729; .NET4.0C; .NET4.0E)"
193.104.84.201 - - [14/Sep/2013:10:38:11 +0200] "GET /img/meno05.gif HTTP/1.1" 200 788 "http://www.dialyse-in-salzwedel.de/seiten/dialyse.htm" "Mozilla/4.0 (compatible; MSIE 8.0; Windows NT 5.1; Trident/4.0; .NET CLR 2.0.50727; .NET CLR 3.0.04506.30; .NET CLR 3.0.04506.648; .NET CLR 3.0.4506.2152; .NET CLR 3.5.30729; .NET4.0C; .NET4.0E)"
193.104.84.201 - - [14/Sep/2013:10:38:11 +0200] "GET /img/meno06.gif HTTP/1.1" 200 1054 "http://www.dialyse-in-salzwedel.de/seiten/dialyse.htm" "Mozilla/4.0 (compatible; MSIE 8.0; Windows NT 5.1; Trident/4.0; .NET CLR 2.0.50727; .NET CLR 3.0.04506.30; .NET CLR 3.0.04506.648; .NET CLR 3.0.4506.2152; .NET CLR 3.5.30729; .NET4.0C; .NET4.0E)"
193.104.84.201 - - [14/Sep/2013:10:38:11 +0200] "GET /seiten/kontakt.htm HTTP/1.1" 200 5472 "http://www.dialyse-in-salzwedel.de/seiten/dialyse.htm" "Mozilla/4.0 (compatible; MSIE 8.0; Windows NT 5.1; Trident/4.0; .NET CLR 2.0.50727; .NET CLR 3.0.04506.30; .NET CLR 3.0.04506.648; .NET CLR 3.0.4506.2152; .NET CLR 3.5.30729; .NET4.0C; .NET4.0E)"
193.104.84.201 - - [14/Sep/2013:10:44:12 +0200] "GET /css/style.css HTTP/1.1" 304 - "-" "Mozilla/4.0 (compatible; MSIE 7.0; Windows NT 5.1; Trident/4.0; .NET CLR 2.0.50727; .NET CLR 3.0.04506.30; .NET CLR 3.0.04506.648; .NET CLR 3.0.4506.2152; .NET CLR 3.5.30729; .NET4.0C; .NET4.0E)"
5.255.253.79 - - [14/Sep/2013:10:59:25 +0200] "GET /img/men02.gif HTTP/1.1" 304 - "-" "Mozilla/5.0 (compatible; YandexImages/3.0; +http://yandex.com/bots)"
5.255.253.79 - - [14/Sep/2013:11:50:28 +0200] "GET /img/1px.gif HTTP/1.1" 304 - "-" "Mozilla/5.0 (compatible; YandexImages/3.0; +http://yandex.com/bots)"
93.126.128.251 - - [14/Sep/2013:12:00:47 +0200] "GET /img/dialyse.jpg HTTP/1.1" 200 21241 "https://www.google.com/" "Mozilla/5.0 (iPhone; CPU iPhone OS 6_1_3 like Mac OS X) AppleWebKit/536.26 (KHTML, like Gecko) Version/6.0 Mobile/10B329 Safari/8536.25"
143.160.125.22 - - [14/Sep/2013:12:02:34 +0200] "GET /img/dialyse.jpg HTTP/1.0" 200 21241 "-" "Mozilla/5.0 (compatible; MSIE 9.0; Windows NT 6.1; WOW64; Trident/5.0)"
5.255.253.79 - - [14/Sep/2013:12:17:02 +0200] "GET /img/meno07.gif HTTP/1.1" 304 - "-" "Mozilla/5.0 (compatible; YandexImages/3.0; +http://yandex.com/bots)"
5.255.253.79 - - [14/Sep/2013:12:37:59 +0200] "GET /img/men08.gif HTTP/1.1" 304 - "-" "Mozilla/5.0 (compatible; YandexImages/3.0; +http://yandex.com/bots)"
199.30.20.20 - - [14/Sep/2013:12:43:25 +0200] "GET /robots.txt HTTP/1.1" 404 1256 "-" "msnbot-media/1.1 (+http://search.msn.com/msnbot.htm)"
199.30.20.20 - - [14/Sep/2013:12:43:25 +0200] "GET /img/lay04.gif HTTP/1.1" 200 272 "-" "msnbot-media/1.1 (+http://search.msn.com/msnbot.htm)"
66.249.73.33 - - [14/Sep/2013:12:45:41 +0200] "GET /seiten/kontakt.htm HTTP/1.1" 304 - "-" "Mozilla/5.0 (iPhone; U; CPU iPhone OS 4_1 like Mac OS X; en-us) AppleWebKit/532.9 (KHTML, like Gecko) Version/4.0.5 Mobile/8B117 Safari/6531.22.7 (compatible; Googlebot-Mobile/2.1; +http://www.google.com/bot.html)"
141.8.147.12 - - [14/Sep/2013:12:57:39 +0200] "GET /robots.txt HTTP/1.1" 404 1256 "-" "Mozilla/5.0 (compatible; YandexBot/3.0; +http://yandex.com/bots)"
5.255.253.79 - - [14/Sep/2013:13:00:26 +0200] "GET /img/lay01.gif HTTP/1.1" 304 - "-" "Mozilla/5.0 (compatible; YandexImages/3.0; +http://yandex.com/bots)"
5.255.253.79 - - [14/Sep/2013:13:44:09 +0200] "GET /img/men07.gif HTTP/1.1" 304 - "-" "Mozilla/5.0 (compatible; YandexImages/3.0; +http://yandex.com/bots)"
123.125.71.40 - - [14/Sep/2013:13:46:33 +0200] "GET / HTTP/1.1" 200 2301 "-" "Mozilla/5.0 (compatible; Baiduspider/2.0; +http://www.baidu.com/search/spider.html)"
220.181.108.107 - - [14/Sep/2013:13:50:21 +0200] "GET / HTTP/1.1" 200 2301 "-" "Mozilla/5.0 (compatible; Baiduspider/2.0; +http://www.baidu.com/search/spider.html)"
199.30.16.29 - - [14/Sep/2013:14:07:47 +0200] "GET /robots.txt HTTP/1.1" 404 1256 "-" "msnbot-media/1.1 (+http://search.msn.com/msnbot.htm)"
199.30.16.29 - - [14/Sep/2013:14:07:48 +0200] "GET /img/men05.gif HTTP/1.1" 200 1042 "-" "msnbot-media/1.1 (+http://search.msn.com/msnbot.htm)"
157.56.93.40 - - [14/Sep/2013:14:08:57 +0200] "GET /robots.txt HTTP/1.1" 404 1256 "-" "Mozilla/5.0 (compatible; bingbot/2.0; +http://www.bing.com/bingbot.htm)"
157.56.93.40 - - [14/Sep/2013:14:09:38 +0200] "GET / HTTP/1.1" 200 2301 "-" "Mozilla/5.0 (compatible; bingbot/2.0; +http://www.bing.com/bingbot.htm)"
141.8.147.12 - - [14/Sep/2013:14:26:13 +0200] "GET / HTTP/1.1" 200 2301 "-" "Mozilla/5.0 (compatible; YandexBot/3.0; +http://yandex.com/bots)"
5.255.253.79 - - [14/Sep/2013:14:28:51 +0200] "GET /img/lay01.gif HTTP/1.1" 304 - "-" "Mozilla/5.0 (compatible; YandexImages/3.0; +http://yandex.com/bots)"
157.55.32.186 - - [14/Sep/2013:14:33:40 +0200] "GET /seiten/impressum.htm HTTP/1.1" 200 6907 "-" "Mozilla/5.0 (compatible; bingbot/2.0; +http://www.bing.com/bingbot.htm)"
157.55.32.186 - - [14/Sep/2013:14:34:20 +0200] "GET /scripte/basics.js HTTP/1.1" 200 1078 "-" "Mozilla/5.0 (compatible; bingbot/2.0; +http://www.bing.com/bingbot.htm)"
157.55.32.186 - - [14/Sep/2013:14:34:21 +0200] "GET /css/style.css HTTP/1.1" 200 3212 "-" "Mozilla/5.0 (compatible; bingbot/2.0; +http://www.bing.com/bingbot.htm)"
199.30.20.13 - - [14/Sep/2013:14:56:25 +0200] "GET /robots.txt HTTP/1.1" 404 1256 "-" "msnbot-media/1.1 (+http://search.msn.com/msnbot.htm)"
199.30.20.13 - - [14/Sep/2013:14:56:25 +0200] "GET /img/lay02.gif HTTP/1.1" 200 153 "-" "msnbot-media/1.1 (+http://search.msn.com/msnbot.htm)"
5.255.253.79 - - [14/Sep/2013:15:11:36 +0200] "GET /img/1px.gif HTTP/1.1" 304 - "-" "Mozilla/5.0 (compatible; YandexImages/3.0; +http://yandex.com/bots)"
157.55.35.42 - - [14/Sep/2013:16:00:19 +0200] "GET /seiten/start.htm HTTP/1.1" 200 4313 "-" "Mozilla/5.0 (compatible; bingbot/2.0; +http://www.bing.com/bingbot.htm)"
5.255.253.79 - - [14/Sep/2013:16:01:31 +0200] "GET /img/men08.gif HTTP/1.1" 304 - "-" "Mozilla/5.0 (compatible; YandexImages/3.0; +http://yandex.com/bots)"
217.225.183.164 - - [14/Sep/2013:16:15:37 +0200] "GET / HTTP/1.1" 200 2301 "http://www.bigfinder.de/online-11.html" "Mozilla/5.0 (Windows NT 6.1; WOW64; rv:19.0) Gecko/20100101 Firefox/19.0"
5.255.253.79 - - [14/Sep/2013:16:41:56 +0200] "GET /img/men05.gif HTTP/1.1" 304 - "-" "Mozilla/5.0 (compatible; YandexImages/3.0; +http://yandex.com/bots)"
5.255.253.79 - - [14/Sep/2013:17:00:18 +0200] "GET /img/men02.gif HTTP/1.1" 304 - "-" "Mozilla/5.0 (compatible; YandexImages/3.0; +http://yandex.com/bots)"
199.30.20.21 - - [14/Sep/2013:17:09:01 +0200] "GET /robots.txt HTTP/1.1" 404 1256 "-" "msnbot-media/1.1 (+http://search.msn.com/msnbot.htm)"
199.30.20.21 - - [14/Sep/2013:17:09:02 +0200] "GET /img/men06.gif HTTP/1.1" 200 904 "-" "msnbot-media/1.1 (+http://search.msn.com/msnbot.htm)"
61.204.200.161 - - [14/Sep/2013:17:10:36 +0200] "GET /img/dialyse.jpg HTTP/1.1" 200 21241 "-" "rarely used"
66.249.80.133 - - [14/Sep/2013:17:10:39 +0200] "GET /seiten/dialyse.htm HTTP/1.1" 200 4906 "http://www.google.com/search" "Mozilla/5.0 (X11; Linux x86_64) AppleWebKit/537.4 (KHTML, like Gecko; Google Web Preview) Chrome/22.0.1229 Safari/537.4"
66.249.80.133 - - [14/Sep/2013:17:10:39 +0200] "GET /css/style.css HTTP/1.1" 200 3212 "http://www.dialyse-in-salzwedel.de/seiten/dialyse.htm" "Mozilla/5.0 (X11; Linux x86_64) AppleWebKit/537.4 (KHTML, like Gecko; Google Web Preview) Chrome/22.0.1229 Safari/537.4"
66.249.80.133 - - [14/Sep/2013:17:10:40 +0200] "GET /scripte/basics.js HTTP/1.1" 200 1078 "http://www.dialyse-in-salzwedel.de/seiten/dialyse.htm" "Mozilla/5.0 (X11; Linux x86_64) AppleWebKit/537.4 (KHTML, like Gecko; Google Web Preview) Chrome/22.0.1229 Safari/537.4"
66.249.80.133 - - [14/Sep/2013:17:10:40 +0200] "GET /img/lay02.gif HTTP/1.1" 200 153 "http://www.dialyse-in-salzwedel.de/seiten/dialyse.htm" "Mozilla/5.0 (X11; Linux x86_64) AppleWebKit/537.4 (KHTML, like Gecko; Google Web Preview) Chrome/22.0.1229 Safari/537.4"
66.249.80.133 - - [14/Sep/2013:17:10:40 +0200] "GET /img/men03.gif HTTP/1.1" 200 999 "http://www.dialyse-in-salzwedel.de/seiten/dialyse.htm" "Mozilla/5.0 (X11; Linux x86_64) AppleWebKit/537.4 (KHTML, like Gecko; Google Web Preview) Chrome/22.0.1229 Safari/537.4"
66.249.80.133 - - [14/Sep/2013:17:10:40 +0200] "GET /img/bg04.gif HTTP/1.1" 200 92 "http://www.dialyse-in-salzwedel.de/seiten/dialyse.htm" "Mozilla/5.0 (X11; Linux x86_64) AppleWebKit/537.4 (KHTML, like Gecko; Google Web Preview) Chrome/22.0.1229 Safari/537.4"
66.249.80.133 - - [14/Sep/2013:17:10:40 +0200] "GET /img/men09.gif HTTP/1.1" 200 1200 "http://www.dialyse-in-salzwedel.de/seiten/dialyse.htm" "Mozilla/5.0 (X11; Linux x86_64) AppleWebKit/537.4 (KHTML, like Gecko; Google Web Preview) Chrome/22.0.1229 Safari/537.4"
66.249.80.133 - - [14/Sep/2013:17:10:40 +0200] "GET /img/lay01.gif HTTP/1.1" 200 149 "http://www.dialyse-in-salzwedel.de/seiten/dialyse.htm" "Mozilla/5.0 (X11; Linux x86_64) AppleWebKit/537.4 (KHTML, like Gecko; Google Web Preview) Chrome/22.0.1229 Safari/537.4"
66.249.80.133 - - [14/Sep/2013:17:10:40 +0200] "GET /img/bg03.gif HTTP/1.1" 200 84 "http://www.dialyse-in-salzwedel.de/seiten/dialyse.htm" "Mozilla/5.0 (X11; Linux x86_64) AppleWebKit/537.4 (KHTML, like Gecko; Google Web Preview) Chrome/22.0.1229 Safari/537.4"
66.249.80.133 - - [14/Sep/2013:17:10:40 +0200] "GET /img/bg02.gif HTTP/1.1" 200 67 "http://www.dialyse-in-salzwedel.de/seiten/dialyse.htm" "Mozilla/5.0 (X11; Linux x86_64) AppleWebKit/537.4 (KHTML, like Gecko; Google Web Preview) Chrome/22.0.1229 Safari/537.4"
66.249.80.133 - - [14/Sep/2013:17:10:40 +0200] "GET /img/1px.gif HTTP/1.1" 200 43 "http://www.dialyse-in-salzwedel.de/seiten/dialyse.htm" "Mozilla/5.0 (X11; Linux x86_64) AppleWebKit/537.4 (KHTML, like Gecko; Google Web Preview) Chrome/22.0.1229 Safari/537.4"
66.249.80.133 - - [14/Sep/2013:17:10:40 +0200] "GET /img/men01.gif HTTP/1.1" 200 702 "http://www.dialyse-in-salzwedel.de/seiten/dialyse.htm" "Mozilla/5.0 (X11; Linux x86_64) AppleWebKit/537.4 (KHTML, like Gecko; Google Web Preview) Chrome/22.0.1229 Safari/537.4"
66.249.80.133 - - [14/Sep/2013:17:10:40 +0200] "GET /img/meno03.gif HTTP/1.1" 200 931 "http://www.dialyse-in-salzwedel.de/seiten/dialyse.htm" "Mozilla/5.0 (X11; Linux x86_64) AppleWebKit/537.4 (KHTML, like Gecko; Google Web Preview) Chrome/22.0.1229 Safari/537.4"
66.249.80.133 - - [14/Sep/2013:17:10:40 +0200] "GET /img/bg01.gif HTTP/1.1" 200 70 "http://www.dialyse-in-salzwedel.de/seiten/dialyse.htm" "Mozilla/5.0 (X11; Linux x86_64) AppleWebKit/537.4 (KHTML, like Gecko; Google Web Preview) Chrome/22.0.1229 Safari/537.4"
66.249.80.133 - - [14/Sep/2013:17:10:41 +0200] "GET /img/men08.gif HTTP/1.1" 200 1069 "http://www.dialyse-in-salzwedel.de/seiten/dialyse.htm" "Mozilla/5.0 (X11; Linux x86_64) AppleWebKit/537.4 (KHTML, like Gecko; Google Web Preview) Chrome/22.0.1229 Safari/537.4"
66.249.80.133 - - [14/Sep/2013:17:10:41 +0200] "GET /img/lay04.gif HTTP/1.1" 200 272 "http://www.dialyse-in-salzwedel.de/seiten/dialyse.htm" "Mozilla/5.0 (X11; Linux x86_64) AppleWebKit/537.4 (KHTML, like Gecko; Google Web Preview) Chrome/22.0.1229 Safari/537.4"
66.249.80.133 - - [14/Sep/2013:17:10:41 +0200] "GET /img/men06.gif HTTP/1.1" 200 904 "http://www.dialyse-in-salzwedel.de/seiten/dialyse.htm" "Mozilla/5.0 (X11; Linux x86_64) AppleWebKit/537.4 (KHTML, like Gecko; Google Web Preview) Chrome/22.0.1229 Safari/537.4"
66.249.80.133 - - [14/Sep/2013:17:10:42 +0200] "GET /img/men07.gif HTTP/1.1" 200 893 "http://www.dialyse-in-salzwedel.de/seiten/dialyse.htm" "Mozilla/5.0 (X11; Linux x86_64) AppleWebKit/537.4 (KHTML, like Gecko; Google Web Preview) Chrome/22.0.1229 Safari/537.4"
66.249.80.133 - - [14/Sep/2013:17:10:42 +0200] "GET /img/dialyse.jpg HTTP/1.1" 200 21241 "http://www.dialyse-in-salzwedel.de/seiten/dialyse.htm" "Mozilla/5.0 (X11; Linux x86_64) AppleWebKit/537.4 (KHTML, like Gecko; Google Web Preview) Chrome/22.0.1229 Safari/537.4"
66.249.80.133 - - [14/Sep/2013:17:10:42 +0200] "GET /img/head.gif HTTP/1.1" 200 4213 "http://www.dialyse-in-salzwedel.de/seiten/dialyse.htm" "Mozilla/5.0 (X11; Linux x86_64) AppleWebKit/537.4 (KHTML, like Gecko; Google Web Preview) Chrome/22.0.1229 Safari/537.4"
66.249.80.133 - - [14/Sep/2013:17:10:42 +0200] "GET /img/men04.gif HTTP/1.1" 200 1234 "http://www.dialyse-in-salzwedel.de/seiten/dialyse.htm" "Mozilla/5.0 (X11; Linux x86_64) AppleWebKit/537.4 (KHTML, like Gecko; Google Web Preview) Chrome/22.0.1229 Safari/537.4"
66.249.80.133 - - [14/Sep/2013:17:10:43 +0200] "GET /img/men02.gif HTTP/1.1" 200 758 "http://www.dialyse-in-salzwedel.de/seiten/dialyse.htm" "Mozilla/5.0 (X11; Linux x86_64) AppleWebKit/537.4 (KHTML, like Gecko; Google Web Preview) Chrome/22.0.1229 Safari/537.4"
66.249.80.133 - - [14/Sep/2013:17:10:43 +0200] "GET /img/lay03.gif HTTP/1.1" 200 253 "http://www.dialyse-in-salzwedel.de/seiten/dialyse.htm" "Mozilla/5.0 (X11; Linux x86_64) AppleWebKit/537.4 (KHTML, like Gecko; Google Web Preview) Chrome/22.0.1229 Safari/537.4"
5.255.253.79 - - [14/Sep/2013:17:27:13 +0200] "GET /img/meno07.gif HTTP/1.1" 304 - "-" "Mozilla/5.0 (compatible; YandexImages/3.0; +http://yandex.com/bots)"
5.255.253.79 - - [14/Sep/2013:17:49:27 +0200] "GET /img/meno04.gif HTTP/1.1" 304 - "-" "Mozilla/5.0 (compatible; YandexImages/3.0; +http://yandex.com/bots)"
199.30.20.19 - - [14/Sep/2013:18:14:28 +0200] "GET /robots.txt HTTP/1.1" 404 1256 "-" "msnbot-media/1.1 (+http://search.msn.com/msnbot.htm)"
199.30.20.19 - - [14/Sep/2013:18:14:28 +0200] "GET /img/men02.gif HTTP/1.1" 200 758 "-" "msnbot-media/1.1 (+http://search.msn.com/msnbot.htm)"
131.253.24.6 - - [14/Sep/2013:18:36:20 +0200] "GET /robots.txt HTTP/1.1" 404 1256 "-" "msnbot-media/1.1 (+http://search.msn.com/msnbot.htm)"
131.253.24.6 - - [14/Sep/2013:18:36:20 +0200] "GET /img/meno07.gif HTTP/1.1" 200 1052 "-" "msnbot-media/1.1 (+http://search.msn.com/msnbot.htm)"
199.30.20.69 - - [14/Sep/2013:18:43:39 +0200] "GET /robots.txt HTTP/1.1" 404 1256 "-" "msnbot-media/1.1 (+http://search.msn.com/msnbot.htm)"
199.30.20.69 - - [14/Sep/2013:18:43:39 +0200] "GET /img/men04.gif HTTP/1.1" 200 1234 "-" "msnbot-media/1.1 (+http://search.msn.com/msnbot.htm)"
5.255.253.79 - - [14/Sep/2013:18:50:27 +0200] "GET /robots.txt HTTP/1.1" 404 1256 "-" "Mozilla/5.0 (compatible; YandexImages/3.0; +http://yandex.com/bots)"
65.55.215.90 - - [14/Sep/2013:19:15:55 +0200] "GET /robots.txt HTTP/1.1" 404 1256 "-" "msnbot-media/1.1 (+http://search.msn.com/msnbot.htm)"
65.55.215.90 - - [14/Sep/2013:19:15:56 +0200] "GET /img/1px.gif HTTP/1.1" 200 43 "-" "msnbot-media/1.1 (+http://search.msn.com/msnbot.htm)"
66.249.78.91 - - [14/Sep/2013:19:19:31 +0200] "GET /robots.txt HTTP/1.1" 404 1256 "-" "Mozilla/5.0 (compatible; Googlebot/2.1; +http://www.google.com/bot.html)"
66.249.78.91 - - [14/Sep/2013:19:19:31 +0200] "GET / HTTP/1.1" 200 2301 "-" "Mozilla/5.0 (iPhone; U; CPU iPhone OS 4_1 like Mac OS X; en-us) AppleWebKit/532.9 (KHTML, like Gecko) Version/4.0.5 Mobile/8B117 Safari/6531.22.7 (compatible; Googlebot-Mobile/2.1; +http://www.google.com/bot.html)"
5.255.253.79 - - [14/Sep/2013:19:26:54 +0200] "GET /img/men05.gif HTTP/1.1" 304 - "-" "Mozilla/5.0 (compatible; YandexImages/3.0; +http://yandex.com/bots)"
5.255.253.79 - - [14/Sep/2013:20:04:14 +0200] "GET /img/meno04.gif HTTP/1.1" 304 - "-" "Mozilla/5.0 (compatible; YandexImages/3.0; +http://yandex.com/bots)"
66.249.78.91 - - [14/Sep/2013:20:31:25 +0200] "GET /seiten/leistungen.htm HTTP/1.1" 200 5060 "-" "SAMSUNG-SGH-E250/1.0 Profile/MIDP-2.0 Configuration/CLDC-1.1 UP.Browser/6.2.3.3.c.1.101 (GUI) MMP/2.0 (compatible; Googlebot-Mobile/2.1; +http://www.google.com/bot.html)"
5.255.253.79 - - [14/Sep/2013:20:58:11 +0200] "GET /img/lay01.gif HTTP/1.1" 304 - "-" "Mozilla/5.0 (compatible; YandexImages/3.0; +http://yandex.com/bots)"
66.249.78.91 - - [14/Sep/2013:21:02:42 +0200] "GET /seiten/praxis.htm HTTP/1.1" 304 - "-" "Mozilla/5.0 (iPhone; U; CPU iPhone OS 4_1 like Mac OS X; en-us) AppleWebKit/532.9 (KHTML, like Gecko) Version/4.0.5 Mobile/8B117 Safari/6531.22.7 (compatible; Googlebot-Mobile/2.1; +http://www.google.com/bot.html)"
5.255.253.79 - - [14/Sep/2013:21:47:52 +0200] "GET /img/men02.gif HTTP/1.1" 304 - "-" "Mozilla/5.0 (compatible; YandexImages/3.0; +http://yandex.com/bots)"
66.249.75.109 - - [14/Sep/2013:21:58:06 +0200] "GET /seiten/links.htm HTTP/1.1" 200 5092 "-" "DoCoMo/2.0 N905i(c100;TB;W24H16) (compatible; Googlebot-Mobile/2.1; +http://www.google.com/bot.html)"
5.255.253.79 - - [14/Sep/2013:22:35:07 +0200] "GET /img/men07.gif HTTP/1.1" 304 - "-" "Mozilla/5.0 (compatible; YandexImages/3.0; +http://yandex.com/bots)"
5.255.253.79 - - [14/Sep/2013:23:10:08 +0200] "GET /img/1px.gif HTTP/1.1" 304 - "-" "Mozilla/5.0 (compatible; YandexImages/3.0; +http://yandex.com/bots)"
5.255.253.79 - - [14/Sep/2013:23:33:53 +0200] "GET /img/men08.gif HTTP/1.1" 304 - "-" "Mozilla/5.0 (compatible; YandexImages/3.0; +http://yandex.com/bots)"
5.255.253.79 - - [15/Sep/2013:00:08:13 +0200] "GET /img/meno07.gif HTTP/1.1" 304 - "-" "Mozilla/5.0 (compatible; YandexImages/3.0; +http://yandex.com/bots)"
5.255.253.79 - - [15/Sep/2013:00:42:08 +0200] "GET /img/lay01.gif HTTP/1.1" 304 - "-" "Mozilla/5.0 (compatible; YandexImages/3.0; +http://yandex.com/bots)"
5.255.253.79 - - [15/Sep/2013:01:21:10 +0200] "GET /img/men07.gif HTTP/1.1" 304 - "-" "Mozilla/5.0 (compatible; YandexImages/3.0; +http://yandex.com/bots)"
5.255.253.79 - - [15/Sep/2013:02:02:12 +0200] "GET /img/men05.gif HTTP/1.1" 304 - "-" "Mozilla/5.0 (compatible; YandexImages/3.0; +http://yandex.com/bots)"
5.255.253.79 - - [15/Sep/2013:02:45:14 +0200] "GET /img/start.jpg HTTP/1.1" 304 - "-" "Mozilla/5.0 (compatible; YandexImages/3.0; +http://yandex.com/bots)"
5.255.253.79 - - [15/Sep/2013:03:46:09 +0200] "GET /img/men02.gif HTTP/1.1" 304 - "-" "Mozilla/5.0 (compatible; YandexImages/3.0; +http://yandex.com/bots)"
5.255.253.79 - - [15/Sep/2013:04:48:02 +0200] "GET /img/meno07.gif HTTP/1.1" 304 - "-" "Mozilla/5.0 (compatible; YandexImages/3.0; +http://yandex.com/bots)"
199.30.20.93 - - [15/Sep/2013:05:50:02 +0200] "GET /robots.txt HTTP/1.1" 404 1256 "-" "msnbot-media/1.1 (+http://search.msn.com/msnbot.htm)"
199.30.20.93 - - [15/Sep/2013:05:50:02 +0200] "GET /img/meno05.gif HTTP/1.1" 200 788 "-" "msnbot-media/1.1 (+http://search.msn.com/msnbot.htm)"
5.255.253.79 - - [15/Sep/2013:05:54:25 +0200] "GET /img/meno04.gif HTTP/1.1" 304 - "-" "Mozilla/5.0 (compatible; YandexImages/3.0; +http://yandex.com/bots)"
66.249.78.91 - - [15/Sep/2013:07:23:18 +0200] "GET /robots.txt HTTP/1.1" 404 1256 "-" "Mozilla/5.0 (compatible; Googlebot/2.1; +http://www.google.com/bot.html)"
5.255.253.79 - - [15/Sep/2013:07:43:06 +0200] "GET /img/men08.gif HTTP/1.1" 304 - "-" "Mozilla/5.0 (compatible; YandexImages/3.0; +http://yandex.com/bots)"
66.249.78.91 - - [15/Sep/2013:08:19:18 +0200] "GET /seiten/impressum.htm HTTP/1.1" 304 - "-" "Mozilla/5.0 (iPhone; U; CPU iPhone OS 4_1 like Mac OS X; en-us) AppleWebKit/532.9 (KHTML, like Gecko) Version/4.0.5 Mobile/8B117 Safari/6531.22.7 (compatible; Googlebot-Mobile/2.1; +http://www.google.com/bot.html)"
5.255.253.79 - - [15/Sep/2013:08:50:08 +0200] "GET /img/1px.gif HTTP/1.1" 304 - "-" "Mozilla/5.0 (compatible; YandexImages/3.0; +http://yandex.com/bots)"
78.51.229.219 - - [15/Sep/2013:09:40:14 +0200] "GET /seiten/start.htm HTTP/1.1" 200 4313 "-" "findlinks/2.6 (+http://wortschatz.uni-leipzig.de/findlinks/)"
199.30.20.48 - - [15/Sep/2013:09:53:55 +0200] "GET /robots.txt HTTP/1.1" 404 1256 "-" "msnbot-media/1.1 (+http://search.msn.com/msnbot.htm)"
199.30.20.48 - - [15/Sep/2013:09:53:55 +0200] "GET /img/men09.gif HTTP/1.1" 200 1200 "-" "msnbot-media/1.1 (+http://search.msn.com/msnbot.htm)"
5.255.253.79 - - [15/Sep/2013:10:01:05 +0200] "GET /img/1px.gif HTTP/1.1" 304 - "-" "Mozilla/5.0 (compatible; YandexImages/3.0; +http://yandex.com/bots)"
91.224.226.196 - - [15/Sep/2013:11:15:23 +0200] "GET /img/men01.gif HTTP/1.1" 304 - "-" "Mozilla/4.0 (compatible;)"
66.249.78.91 - - [15/Sep/2013:11:18:19 +0200] "GET /seiten/impressum.htm HTTP/1.1" 304 - "-" "Mozilla/5.0 (iPhone; U; CPU iPhone OS 4_1 like Mac OS X; en-us) AppleWebKit/532.9 (KHTML, like Gecko) Version/4.0.5 Mobile/8B117 Safari/6531.22.7 (compatible; Googlebot-Mobile/2.1; +http://www.google.com/bot.html)"
5.255.253.79 - - [15/Sep/2013:12:09:58 +0200] "GET /img/start.jpg HTTP/1.1" 304 - "-" "Mozilla/5.0 (compatible; YandexImages/3.0; +http://yandex.com/bots)"
199.30.20.48 - - [15/Sep/2013:13:17:47 +0200] "GET /robots.txt HTTP/1.1" 404 1256 "-" "msnbot-media/1.1 (+http://search.msn.com/msnbot.htm)"
199.30.20.48 - - [15/Sep/2013:13:17:47 +0200] "GET /img/men09.gif HTTP/1.1" 200 1200 "-" "msnbot-media/1.1 (+http://search.msn.com/msnbot.htm)"
199.30.20.69 - - [15/Sep/2013:13:41:01 +0200] "GET /robots.txt HTTP/1.1" 404 1256 "-" "msnbot-media/1.1 (+http://search.msn.com/msnbot.htm)"
199.30.20.69 - - [15/Sep/2013:13:41:01 +0200] "GET /img/men04.gif HTTP/1.1" 200 1234 "-" "msnbot-media/1.1 (+http://search.msn.com/msnbot.htm)"
91.224.226.196 - - [15/Sep/2013:14:01:41 +0200] "GET /img/meno01.gif HTTP/1.1" 304 - "-" "Mozilla/4.0 (compatible;)"
199.30.20.20 - - [15/Sep/2013:14:17:43 +0200] "GET /robots.txt HTTP/1.1" 404 1256 "-" "msnbot-media/1.1 (+http://search.msn.com/msnbot.htm)"
199.30.20.20 - - [15/Sep/2013:14:17:43 +0200] "GET /img/lay04.gif HTTP/1.1" 200 272 "-" "msnbot-media/1.1 (+http://search.msn.com/msnbot.htm)"
5.255.253.79 - - [15/Sep/2013:14:49:32 +0200] "GET /img/men05.gif HTTP/1.1" 304 - "-" "Mozilla/5.0 (compatible; YandexImages/3.0; +http://yandex.com/bots)"
123.125.71.60 - - [15/Sep/2013:15:46:51 +0200] "GET / HTTP/1.1" 200 2301 "-" "Mozilla/5.0 (compatible; Baiduspider/2.0; +http://www.baidu.com/search/spider.html)"
220.181.108.103 - - [15/Sep/2013:15:47:05 +0200] "GET / HTTP/1.1" 200 2301 "-" "Mozilla/5.0 (compatible; Baiduspider/2.0; +http://www.baidu.com/search/spider.html)"
80.187.100.103 - - [15/Sep/2013:16:09:34 +0200] "GET / HTTP/1.1" 200 2301 "https://www.google.de/" "Mozilla/5.0 (Linux; Android 4.1.2; GT-S6310N Build/JZO54K) AppleWebKit/537.36 (KHTML, like Gecko) Chrome/29.0.1547.72 Mobile Safari/537.36"
80.187.100.103 - - [15/Sep/2013:16:09:35 +0200] "GET /scripte/basics.js HTTP/1.1" 200 1078 "http://www.dialyse-in-salzwedel.de/" "Mozilla/5.0 (Linux; Android 4.1.2; GT-S6310N Build/JZO54K) AppleWebKit/537.36 (KHTML, like Gecko) Chrome/29.0.1547.72 Mobile Safari/537.36"
80.187.100.103 - - [15/Sep/2013:16:09:35 +0200] "GET /css/style.css HTTP/1.1" 200 3212 "http://www.dialyse-in-salzwedel.de/" "Mozilla/5.0 (Linux; Android 4.1.2; GT-S6310N Build/JZO54K) AppleWebKit/537.36 (KHTML, like Gecko) Chrome/29.0.1547.72 Mobile Safari/537.36"
80.187.100.103 - - [15/Sep/2013:16:09:35 +0200] "GET /seiten/start.htm HTTP/1.1" 200 4313 "http://www.dialyse-in-salzwedel.de/" "Mozilla/5.0 (Linux; Android 4.1.2; GT-S6310N Build/JZO54K) AppleWebKit/537.36 (KHTML, like Gecko) Chrome/29.0.1547.72 Mobile Safari/537.36"
80.187.100.103 - - [15/Sep/2013:16:09:35 +0200] "GET /img/men04.gif HTTP/1.1" 200 1234 "http://www.dialyse-in-salzwedel.de/seiten/start.htm" "Mozilla/5.0 (Linux; Android 4.1.2; GT-S6310N Build/JZO54K) AppleWebKit/537.36 (KHTML, like Gecko) Chrome/29.0.1547.72 Mobile Safari/537.36"
80.187.100.103 - - [15/Sep/2013:16:09:35 +0200] "GET /img/men06.gif HTTP/1.1" 200 904 "http://www.dialyse-in-salzwedel.de/seiten/start.htm" "Mozilla/5.0 (Linux; Android 4.1.2; GT-S6310N Build/JZO54K) AppleWebKit/537.36 (KHTML, like Gecko) Chrome/29.0.1547.72 Mobile Safari/537.36"
80.187.100.103 - - [15/Sep/2013:16:09:35 +0200] "GET /img/men07.gif HTTP/1.1" 200 893 "http://www.dialyse-in-salzwedel.de/seiten/start.htm" "Mozilla/5.0 (Linux; Android 4.1.2; GT-S6310N Build/JZO54K) AppleWebKit/537.36 (KHTML, like Gecko) Chrome/29.0.1547.72 Mobile Safari/537.36"
