66.249.78.8 - - [06/Jun/2015:07:04:28 +0200] "GET /seiten/start.htm HTTP/1.1" 304 - "-" "Mozilla/5.0 (iPhone; CPU iPhone OS 6_0 like Mac OS X) AppleWebKit/536.26 (KHTML, like Gecko) Version/6.0 Mobile/10A5376e Safari/8536.25 (compatible; Googlebot/2.1; +http://www.google.com/bot.html)"
178.255.215.83 - - [06/Jun/2015:07:16:03 +0200] "GET /robots.txt HTTP/1.1" 200 157 "-" "Mozilla/5.0 (compatible; Exabot/3.0; +http://www.exabot.com/go/robot)"
178.255.215.83 - - [06/Jun/2015:07:16:03 +0200] "GET / HTTP/1.1" 304 - "-" "Mozilla/5.0 (compatible; Exabot/3.0; +http://www.exabot.com/go/robot)"
66.249.78.252 - - [06/Jun/2015:09:52:39 +0200] "GET / HTTP/1.1" 200 2663 "-" "Mozilla/5.0 (iPhone; CPU iPhone OS 6_0 like Mac OS X) AppleWebKit/536.26 (KHTML, like Gecko) Version/6.0 Mobile/10A5376e Safari/8536.25 (compatible; Googlebot/2.1; +http://www.google.com/bot.html)"
178.255.215.83 - - [06/Jun/2015:09:55:20 +0200] "GET /img/FL_check.swf HTTP/1.1" 304 - "-" "Mozilla/5.0 (compatible; Exabot/3.0; +http://www.exabot.com/go/robot)"
66.249.78.1 - - [06/Jun/2015:10:00:43 +0200] "GET /seiten/start.htm HTTP/1.1" 200 7516 "-" "Mozilla/5.0 (iPhone; CPU iPhone OS 6_0 like Mac OS X) AppleWebKit/536.26 (KHTML, like Gecko) Version/6.0 Mobile/10A5376e Safari/8536.25 (compatible; Googlebot/2.1; +http://www.google.com/bot.html)"
66.249.78.1 - - [06/Jun/2015:10:33:04 +0200] "GET /seiten/impr.htm HTTP/1.1" 304 - "-" "Mozilla/5.0 (compatible; Googlebot/2.1; +http://www.google.com/bot.html)"
208.115.111.73 - - [06/Jun/2015:14:42:55 +0200] "GET /robots.txt HTTP/1.1" 200 157 "-" "Mozilla/5.0 (compatible; DotBot/1.1; http://www.opensiteexplorer.org/dotbot, help@moz.com)"
208.115.111.73 - - [06/Jun/2015:15:49:23 +0200] "GET /seiten/leist.htm HTTP/1.1" 200 7640 "-" "Mozilla/5.0 (compatible; DotBot/1.1; http://www.opensiteexplorer.org/dotbot, help@moz.com)"
66.249.78.252 - - [06/Jun/2015:16:23:05 +0200] "GET /robots.txt HTTP/1.1" 200 157 "-" "Mozilla/5.0 (compatible; Googlebot/2.1; +http://www.google.com/bot.html)"
66.249.67.73 - - [06/Jun/2015:16:23:06 +0200] "GET /seiten/impr.htm HTTP/1.1" 304 - "-" "Mozilla/5.0 (compatible; Googlebot/2.1; +http://www.google.com/bot.html)"
66.249.67.60 - - [06/Jun/2015:16:43:10 +0200] "GET /img/links.jpg HTTP/1.1" 200 15669 "-" "Googlebot-Image/1.0"
207.46.13.74 - - [06/Jun/2015:20:58:05 +0200] "GET /robots.txt HTTP/1.1" 200 157 "-" "Mozilla/5.0 (compatible; bingbot/2.0; +http://www.bing.com/bingbot.htm)"
207.46.13.74 - - [06/Jun/2015:20:58:10 +0200] "GET /seiten/impr.htm HTTP/1.1" 200 9648 "-" "Mozilla/5.0 (iPhone; CPU iPhone OS 7_0 like Mac OS X) AppleWebKit/537.51.1 (KHTML, like Gecko) Version/7.0 Mobile/11A465 Safari/9537.53 (compatible; bingbot/2.0; http://www.bing.com/bingbot.htm)"
207.46.13.130 - - [06/Jun/2015:20:58:40 +0200] "GET /robots.txt HTTP/1.1" 200 157 "-" "Mozilla/5.0 (compatible; bingbot/2.0; +http://www.bing.com/bingbot.htm)"
62.212.73.211 - - [06/Jun/2015:23:12:52 +0200] "GET /robots.txt HTTP/1.0" 200 157 "-" "Mozilla/5.0 (compatible; MJ12bot/v1.4.5; http://www.majestic12.co.uk/bot.php?+)"
62.212.73.211 - - [06/Jun/2015:23:12:54 +0200] "GET /seiten/news.php HTTP/1.0" 200 7079 "-" "Mozilla/5.0 (compatible; MJ12bot/v1.4.5; http://www.majestic12.co.uk/bot.php?+)"
208.115.113.89 - - [07/Jun/2015:03:52:00 +0200] "GET /robots.txt HTTP/1.1" 200 157 "-" "Mozilla/5.0 (compatible; DotBot/1.1; http://www.opensiteexplorer.org/dotbot, help@moz.com)"
66.249.67.73 - - [07/Jun/2015:04:31:07 +0200] "GET /img/leist.jpg HTTP/1.1" 304 - "-" "Googlebot-Image/1.0"
208.115.113.89 - - [07/Jun/2015:04:42:04 +0200] "GET /seiten/news.php HTTP/1.1" 200 7079 "-" "Mozilla/5.0 (compatible; DotBot/1.1; http://www.opensiteexplorer.org/dotbot, help@moz.com)"
66.249.78.252 - - [07/Jun/2015:05:39:49 +0200] "GET /seiten/start.htm HTTP/1.1" 304 - "-" "Mozilla/5.0 (iPhone; CPU iPhone OS 6_0 like Mac OS X) AppleWebKit/536.26 (KHTML, like Gecko) Version/6.0 Mobile/10A5376e Safari/8536.25 (compatible; Googlebot/2.1; +http://www.google.com/bot.html)"
66.249.67.73 - - [07/Jun/2015:09:32:52 +0200] "GET / HTTP/1.1" 200 2663 "-" "Mozilla/5.0 (compatible; Googlebot/2.1; +http://www.google.com/bot.html)"
207.46.13.74 - - [07/Jun/2015:10:43:32 +0200] "GET /seiten/impr.htm HTTP/1.1" 200 9648 "-" "Mozilla/5.0 (compatible; bingbot/2.0; +http://www.bing.com/bingbot.htm)"
66.249.67.73 - - [07/Jun/2015:12:19:29 +0200] "GET / HTTP/1.1" 200 2663 "-" "Mozilla/5.0 (compatible; Googlebot/2.1; +http://www.google.com/bot.html)"
208.115.111.73 - - [07/Jun/2015:12:48:17 +0200] "GET /robots.txt HTTP/1.1" 200 157 "-" "Mozilla/5.0 (compatible; DotBot/1.1; http://www.opensiteexplorer.org/dotbot, help@moz.com)"
66.249.78.1 - - [07/Jun/2015:13:24:39 +0200] "GET / HTTP/1.1" 200 2663 "-" "SAMSUNG-SGH-E250/1.0 Profile/MIDP-2.0 Configuration/CLDC-1.1 UP.Browser/6.2.3.3.c.1.101 (GUI) MMP/2.0 (compatible; Googlebot-Mobile/2.1; +http://www.google.com/bot.html)"
208.115.111.73 - - [07/Jun/2015:13:52:36 +0200] "GET /seiten/praxis.htm HTTP/1.1" 200 7847 "-" "Mozilla/5.0 (compatible; DotBot/1.1; http://www.opensiteexplorer.org/dotbot, help@moz.com)"
157.55.39.238 - - [07/Jun/2015:14:00:55 +0200] "GET /img/men04.gif HTTP/1.1" 200 1395 "-" "msnbot-media/1.1 (+http://search.msn.com/msnbot.htm)"
207.46.13.130 - - [07/Jun/2015:14:02:56 +0200] "GET /img/men09.gif HTTP/1.1" 200 708 "-" "msnbot-media/1.1 (+http://search.msn.com/msnbot.htm)"
157.55.39.148 - - [07/Jun/2015:14:38:07 +0200] "GET /img/men07.gif HTTP/1.1" 200 1396 "-" "msnbot-media/1.1 (+http://search.msn.com/msnbot.htm)"
157.55.39.148 - - [07/Jun/2015:14:53:30 +0200] "GET /img/men01.gif HTTP/1.1" 200 432 "-" "msnbot-media/1.1 (+http://search.msn.com/msnbot.htm)"
207.46.13.74 - - [07/Jun/2015:15:08:25 +0200] "GET /img/men06.gif HTTP/1.1" 200 1162 "-" "msnbot-media/1.1 (+http://search.msn.com/msnbot.htm)"
188.40.112.210 - - [07/Jun/2015:16:29:37 +0200] "GET /seiten/impr.htm HTTP/1.1" 200 9648 "-" "Mozilla/5.0 (Macintosh; Intel Mac OS X 1084) AppleWebKit/536.28.10 (KHTML like Gecko) Version/6.0.3 Safari/536.28.10"
157.55.39.147 - - [07/Jun/2015:20:18:46 +0200] "GET / HTTP/1.1" 200 2663 "-" "Mozilla/5.0 (compatible; bingbot/2.0; +http://www.bing.com/bingbot.htm)"
207.46.13.130 - - [07/Jun/2015:20:19:39 +0200] "GET /seiten/start.htm HTTP/1.1" 200 7516 "-" "Mozilla/5.0 (compatible; bingbot/2.0; +http://www.bing.com/bingbot.htm)"
68.180.228.177 - - [07/Jun/2015:20:33:33 +0200] "GET /robots.txt HTTP/1.1" 304 - "-" "Mozilla/5.0 (compatible; Yahoo! Slurp; http://help.yahoo.com/help/us/ysearch/slurp)"
68.180.228.177 - - [07/Jun/2015:20:33:33 +0200] "GET /seiten/kont.htm HTTP/1.1" 200 8048 "-" "Mozilla/5.0 (compatible; Yahoo! Slurp; http://help.yahoo.com/help/us/ysearch/slurp)"
66.249.67.47 - - [07/Jun/2015:21:01:50 +0200] "GET /robots.txt HTTP/1.1" 200 157 "-" "Mozilla/5.0 (compatible; Googlebot/2.1; +http://www.google.com/bot.html)"
66.249.78.252 - - [07/Jun/2015:21:01:50 +0200] "GET /seiten/impr.htm HTTP/1.1" 304 - "-" "Mozilla/5.0 (compatible; Googlebot/2.1; +http://www.google.com/bot.html)"
93.186.202.253 - - [07/Jun/2015:23:14:47 +0200] "GET /seiten/impr.htm HTTP/1.1" 200 9648 "-" "Mozilla/5.0 (Macintosh; Intel Mac OS X 10_7_5) AppleWebKit/537.36 (KHTML, like Gecko) Chrome/27.0.1453.93 Safari/537.36"
68.180.228.177 - - [08/Jun/2015:00:01:13 +0200] "GET / HTTP/1.1" 200 2663 "-" "Mozilla/5.0 (compatible; Yahoo! Slurp; http://help.yahoo.com/help/us/ysearch/slurp)"
68.180.228.177 - - [08/Jun/2015:00:01:14 +0200] "GET /img/FL_check.swf HTTP/1.1" 200 100 "-" "Mozilla/5.0 (compatible; Yahoo! Slurp; http://help.yahoo.com/help/us/ysearch/slurp)"
68.180.228.177 - - [08/Jun/2015:00:02:59 +0200] "GET /seiten/links.htm HTTP/1.1" 200 7302 "-" "Mozilla/5.0 (compatible; Yahoo! Slurp; http://help.yahoo.com/help/us/ysearch/slurp)"
68.180.228.177 - - [08/Jun/2015:00:05:40 +0200] "GET /seiten/dialyse.htm HTTP/1.1" 200 7403 "-" "Mozilla/5.0 (compatible; Yahoo! Slurp; http://help.yahoo.com/help/us/ysearch/slurp)"
68.180.228.177 - - [08/Jun/2015:00:16:35 +0200] "GET /seiten/leist.htm HTTP/1.1" 200 7640 "-" "Mozilla/5.0 (compatible; Yahoo! Slurp; http://help.yahoo.com/help/us/ysearch/slurp)"
141.8.189.118 - - [08/Jun/2015:01:19:00 +0200] "GET /robots.txt HTTP/1.1" 200 157 "-" "Mozilla/5.0 (compatible; YandexBot/3.0; +http://yandex.com/bots)"
141.8.189.118 - - [08/Jun/2015:01:19:30 +0200] "GET /seiten/start.htm HTTP/1.1" 200 7516 "-" "Mozilla/5.0 (compatible; YandexBot/3.0; +http://yandex.com/bots)"
66.249.78.252 - - [08/Jun/2015:01:49:56 +0200] "GET /seiten/impr.htm HTTP/1.1" 304 - "-" "Mozilla/5.0 (compatible; Googlebot/2.1; +http://www.google.com/bot.html)"
157.55.39.147 - - [08/Jun/2015:03:10:11 +0200] "GET /robots.txt HTTP/1.1" 200 157 "-" "Mozilla/5.0 (compatible; bingbot/2.0; +http://www.bing.com/bingbot.htm)"
66.249.78.1 - - [08/Jun/2015:03:18:41 +0200] "GET /seiten/impr.htm HTTP/1.1" 304 - "-" "Mozilla/5.0 (compatible; Googlebot/2.1; +http://www.google.com/bot.html)"
68.180.228.177 - - [08/Jun/2015:05:28:57 +0200] "GET /seiten/praxis.htm HTTP/1.1" 200 7847 "-" "Mozilla/5.0 (compatible; Yahoo! Slurp; http://help.yahoo.com/help/us/ysearch/slurp)"
66.249.78.1 - - [08/Jun/2015:07:22:10 +0200] "GET /seiten/impr.htm HTTP/1.1" 304 - "-" "Mozilla/5.0 (compatible; Googlebot/2.1; +http://www.google.com/bot.html)"
66.249.78.1 - - [08/Jun/2015:09:45:17 +0200] "GET /img/dialyse.jpg HTTP/1.1" 200 18017 "-" "Googlebot-Image/1.0"
85.25.202.18 - - [08/Jun/2015:10:52:10 +0200] "GET / HTTP/1.1" 200 2663 "http://www.sumaja.de/?such_wert=borna" "Mozilla/4.0 (compatible; MSIE 8.0; Windows NT 6.1; Trident/4.0; SLCC2; .NET CLR 2.0.50727; .NET CLR 3.5.30729; .NET CLR 3.0.30729; Media Center PC 6.0)"
91.7.30.191 - - [08/Jun/2015:11:07:33 +0200] "GET /img/men03.gif HTTP/1.1" 200 1621 "-" "Mozilla/4.0 (compatible;)"
66.249.78.8 - - [08/Jun/2015:11:18:08 +0200] "GET /seiten/impr.htm HTTP/1.1" 304 - "-" "Mozilla/5.0 (compatible; Googlebot/2.1; +http://www.google.com/bot.html)"
107.23.45.196 - - [08/Jun/2015:13:07:44 +0200] "GET / HTTP/1.1" 200 2663 "http://www.dialyse-borna.de/" "Mozilla/5.0 (compatible; DuckDuckGo-Favicons-Bot/1.0; +http://duckduckgo.com)"
107.23.45.196 - - [08/Jun/2015:13:07:44 +0200] "GET /favicon.ico HTTP/1.1" 404 1256 "http://www.dialyse-borna.de/favicon.ico" "Mozilla/5.0 (compatible; DuckDuckGo-Favicons-Bot/1.0; +http://duckduckgo.com)"
213.187.82.225 - - [08/Jun/2015:14:59:02 +0200] "GET /seiten/impr.htm HTTP/1.1" 200 9648 "http://www.bing.com/search?q=dr+berger+borna&src=ie9tr" "Mozilla/5.0 (compatible; MSIE 9.0; Windows NT 6.1; Trident/5.0)"
213.187.82.225 - - [08/Jun/2015:14:59:02 +0200] "GET /img/men01.gif HTTP/1.1" 200 432 "http://www.dialyse-borna.de/seiten/impr.htm" "Mozilla/5.0 (compatible; MSIE 9.0; Windows NT 6.1; Trident/5.0)"
213.187.82.225 - - [08/Jun/2015:14:59:02 +0200] "GET /css/borna.css HTTP/1.1" 200 2909 "http://www.dialyse-borna.de/seiten/impr.htm" "Mozilla/5.0 (compatible; MSIE 9.0; Windows NT 6.1; Trident/5.0)"
213.187.82.225 - - [08/Jun/2015:14:59:03 +0200] "GET /css/borna.css HTTP/1.1" 200 2909 "http://www.dialyse-borna.de/seiten/impr.htm" "Mozilla/5.0 (compatible; MSIE 9.0; Windows NT 6.1; Trident/5.0)"
213.187.82.225 - - [08/Jun/2015:14:59:03 +0200] "GET /img/1pixel.gif HTTP/1.1" 200 45 "http://www.dialyse-borna.de/seiten/impr.htm" "Mozilla/5.0 (compatible; MSIE 9.0; Windows NT 6.1; Trident/5.0)"
213.187.82.225 - - [08/Jun/2015:14:59:03 +0200] "GET /img/men01.gif HTTP/1.1" 200 432 "http://www.dialyse-borna.de/seiten/impr.htm" "Mozilla/5.0 (compatible; MSIE 9.0; Windows NT 6.1; Trident/5.0)"
213.187.82.225 - - [08/Jun/2015:14:59:03 +0200] "GET /img/lay04.gif HTTP/1.1" 200 210 "http://www.dialyse-borna.de/seiten/impr.htm" "Mozilla/5.0 (compatible; MSIE 9.0; Windows NT 6.1; Trident/5.0)"
213.187.82.225 - - [08/Jun/2015:14:59:03 +0200] "GET /img/lay07.gif HTTP/1.1" 200 272 "http://www.dialyse-borna.de/seiten/impr.htm" "Mozilla/5.0 (compatible; MSIE 9.0; Windows NT 6.1; Trident/5.0)"
213.187.82.225 - - [08/Jun/2015:14:59:03 +0200] "GET /img/men03.gif HTTP/1.1" 200 1621 "http://www.dialyse-borna.de/seiten/impr.htm" "Mozilla/5.0 (compatible; MSIE 9.0; Windows NT 6.1; Trident/5.0)"
213.187.82.225 - - [08/Jun/2015:14:59:03 +0200] "GET /img/men02.gif HTTP/1.1" 200 1273 "http://www.dialyse-borna.de/seiten/impr.htm" "Mozilla/5.0 (compatible; MSIE 9.0; Windows NT 6.1; Trident/5.0)"
213.187.82.225 - - [08/Jun/2015:14:59:03 +0200] "GET /img/lay03.gif HTTP/1.1" 200 671 "http://www.dialyse-borna.de/seiten/impr.htm" "Mozilla/5.0 (compatible; MSIE 9.0; Windows NT 6.1; Trident/5.0)"
213.187.82.225 - - [08/Jun/2015:14:59:03 +0200] "GET /img/men07.gif HTTP/1.1" 200 1396 "http://www.dialyse-borna.de/seiten/impr.htm" "Mozilla/5.0 (compatible; MSIE 9.0; Windows NT 6.1; Trident/5.0)"
213.187.82.225 - - [08/Jun/2015:14:59:03 +0200] "GET /img/men04.gif HTTP/1.1" 200 1395 "http://www.dialyse-borna.de/seiten/impr.htm" "Mozilla/5.0 (compatible; MSIE 9.0; Windows NT 6.1; Trident/5.0)"
213.187.82.225 - - [08/Jun/2015:14:59:03 +0200] "GET /img/men06.gif HTTP/1.1" 200 1162 "http://www.dialyse-borna.de/seiten/impr.htm" "Mozilla/5.0 (compatible; MSIE 9.0; Windows NT 6.1; Trident/5.0)"
213.187.82.225 - - [08/Jun/2015:14:59:03 +0200] "GET /img/men08a.gif HTTP/1.1" 200 819 "http://www.dialyse-borna.de/seiten/impr.htm" "Mozilla/5.0 (compatible; MSIE 9.0; Windows NT 6.1; Trident/5.0)"
213.187.82.225 - - [08/Jun/2015:14:59:03 +0200] "GET /img/men09.gif HTTP/1.1" 200 708 "http://www.dialyse-borna.de/seiten/impr.htm" "Mozilla/5.0 (compatible; MSIE 9.0; Windows NT 6.1; Trident/5.0)"
213.187.82.225 - - [08/Jun/2015:14:59:03 +0200] "GET /img/bg2.gif HTTP/1.1" 200 49 "http://www.dialyse-borna.de/seiten/impr.htm" "Mozilla/5.0 (compatible; MSIE 9.0; Windows NT 6.1; Trident/5.0)"
213.187.82.225 - - [08/Jun/2015:14:59:03 +0200] "GET /img/lay01.gif HTTP/1.1" 200 384 "http://www.dialyse-borna.de/seiten/impr.htm" "Mozilla/5.0 (compatible; MSIE 9.0; Windows NT 6.1; Trident/5.0)"
213.187.82.225 - - [08/Jun/2015:14:59:03 +0200] "GET /img/lay02.gif HTTP/1.1" 200 3503 "http://www.dialyse-borna.de/seiten/impr.htm" "Mozilla/5.0 (compatible; MSIE 9.0; Windows NT 6.1; Trident/5.0)"
213.187.82.225 - - [08/Jun/2015:14:59:03 +0200] "GET /img/bg3.gif HTTP/1.1" 200 143 "http://www.dialyse-borna.de/seiten/impr.htm" "Mozilla/5.0 (compatible; MSIE 9.0; Windows NT 6.1; Trident/5.0)"
213.187.82.225 - - [08/Jun/2015:14:59:03 +0200] "GET /img/lay08.gif HTTP/1.1" 200 322 "http://www.dialyse-borna.de/seiten/impr.htm" "Mozilla/5.0 (compatible; MSIE 9.0; Windows NT 6.1; Trident/5.0)"
213.187.82.225 - - [08/Jun/2015:14:59:03 +0200] "GET /img/bg4.gif HTTP/1.1" 200 135 "http://www.dialyse-borna.de/seiten/impr.htm" "Mozilla/5.0 (compatible; MSIE 9.0; Windows NT 6.1; Trident/5.0)"
213.187.82.225 - - [08/Jun/2015:14:59:03 +0200] "GET /img/lay05.gif HTTP/1.1" 200 541 "http://www.dialyse-borna.de/seiten/impr.htm" "Mozilla/5.0 (compatible; MSIE 9.0; Windows NT 6.1; Trident/5.0)"
213.187.82.225 - - [08/Jun/2015:14:59:03 +0200] "GET /img/bg1.gif HTTP/1.1" 200 54 "http://www.dialyse-borna.de/seiten/impr.htm" "Mozilla/5.0 (compatible; MSIE 9.0; Windows NT 6.1; Trident/5.0)"
213.187.82.225 - - [08/Jun/2015:14:59:03 +0200] "GET /img/men02a.gif HTTP/1.1" 200 589 "http://www.dialyse-borna.de/seiten/impr.htm" "Mozilla/5.0 (compatible; MSIE 9.0; Windows NT 6.1; Trident/5.0)"
213.187.82.225 - - [08/Jun/2015:14:59:03 +0200] "GET /favicon.ico HTTP/1.1" 404 1256 "-" "Mozilla/5.0 (compatible; MSIE 9.0; Windows NT 6.1; Trident/5.0)"
213.187.82.225 - - [08/Jun/2015:14:59:03 +0200] "GET /img/men03a.gif HTTP/1.1" 200 820 "http://www.dialyse-borna.de/seiten/impr.htm" "Mozilla/5.0 (compatible; MSIE 9.0; Windows NT 6.1; Trident/5.0)"
213.187.82.225 - - [08/Jun/2015:14:59:03 +0200] "GET /img/men05a.gif HTTP/1.1" 200 556 "http://www.dialyse-borna.de/seiten/impr.htm" "Mozilla/5.0 (compatible; MSIE 9.0; Windows NT 6.1; Trident/5.0)"
213.187.82.225 - - [08/Jun/2015:14:59:03 +0200] "GET /img/men04a.gif HTTP/1.1" 200 669 "http://www.dialyse-borna.de/seiten/impr.htm" "Mozilla/5.0 (compatible; MSIE 9.0; Windows NT 6.1; Trident/5.0)"
213.187.82.225 - - [08/Jun/2015:14:59:03 +0200] "GET /img/men06a.gif HTTP/1.1" 200 518 "http://www.dialyse-borna.de/seiten/impr.htm" "Mozilla/5.0 (compatible; MSIE 9.0; Windows NT 6.1; Trident/5.0)"
213.187.82.225 - - [08/Jun/2015:14:59:03 +0200] "GET /img/men07a.gif HTTP/1.1" 200 666 "http://www.dialyse-borna.de/seiten/impr.htm" "Mozilla/5.0 (compatible; MSIE 9.0; Windows NT 6.1; Trident/5.0)"
150.70.97.96 - - [08/Jun/2015:15:00:18 +0200] "GET /seiten/impr.htm HTTP/1.1" 200 9648 "-" "Mozilla/4.0 (compatible; MSIE 8.0; Windows NT 5.1; Trident/4.0)"
66.249.78.252 - - [08/Jun/2015:15:13:48 +0200] "GET /seiten/impr.htm HTTP/1.1" 304 - "-" "Mozilla/5.0 (compatible; Googlebot/2.1; +http://www.google.com/bot.html)"
141.8.189.118 - - [08/Jun/2015:19:53:01 +0200] "GET /robots.txt HTTP/1.1" 200 157 "-" "Mozilla/5.0 (compatible; YandexBot/3.0; +http://yandex.com/bots)"
66.249.67.47 - - [08/Jun/2015:20:10:20 +0200] "GET /robots.txt HTTP/1.1" 200 157 "-" "Mozilla/5.0 (compatible; Googlebot/2.1; +http://www.google.com/bot.html)"
66.249.78.8 - - [08/Jun/2015:20:10:20 +0200] "GET / HTTP/1.1" 200 2663 "-" "Mozilla/5.0 (iPhone; CPU iPhone OS 6_0 like Mac OS X) AppleWebKit/536.26 (KHTML, like Gecko) Version/6.0 Mobile/10A5376e Safari/8536.25 (compatible; Googlebot/2.1; +http://www.google.com/bot.html)"
66.249.67.73 - - [08/Jun/2015:20:20:44 +0200] "GET /seiten/start.htm HTTP/1.1" 200 7516 "-" "Mozilla/5.0 (iPhone; CPU iPhone OS 6_0 like Mac OS X) AppleWebKit/536.26 (KHTML, like Gecko) Version/6.0 Mobile/10A5376e Safari/8536.25 (compatible; Googlebot/2.1; +http://www.google.com/bot.html)"
157.55.39.147 - - [08/Jun/2015:20:44:14 +0200] "GET /robots.txt HTTP/1.1" 200 157 "-" "Mozilla/5.0 (compatible; bingbot/2.0; +http://www.bing.com/bingbot.htm)"
157.55.39.147 - - [08/Jun/2015:20:45:18 +0200] "GET /seiten/function.include HTTP/1.1" 404 1256 "-" "Mozilla/5.0 (compatible; bingbot/2.0; +http://www.bing.com/bingbot.htm)"
141.8.189.118 - - [09/Jun/2015:00:08:31 +0200] "GET /seiten/impr.htm HTTP/1.1" 200 9648 "-" "Mozilla/5.0 (compatible; YandexBot/3.0; +http://yandex.com/bots)"
141.8.147.7 - - [09/Jun/2015:01:11:33 +0200] "GET /seiten/dialyse.htm HTTP/1.1" 200 7403 "-" "Mozilla/5.0 (compatible; YandexBot/3.0; +http://yandex.com/bots)"
141.8.189.118 - - [09/Jun/2015:01:12:50 +0200] "GET /seiten/leist.htm HTTP/1.1" 200 7640 "-" "Mozilla/5.0 (compatible; YandexBot/3.0; +http://yandex.com/bots)"
45.55.231.112 - - [09/Jun/2015:01:51:08 +0200] "GET / HTTP/1.0" 200 2663 "-" "Mozilla/5.0 (compatible; NetcraftSurveyAgent/1.0; +info@netcraft.com)"
207.46.13.130 - - [09/Jun/2015:04:54:55 +0200] "GET /seiten/start.htm HTTP/1.1" 200 7516 "-" "Mozilla/5.0 (compatible; bingbot/2.0; +http://www.bing.com/bingbot.htm)"
207.46.13.130 - - [09/Jun/2015:04:55:57 +0200] "GET /robots.txt HTTP/1.1" 200 157 "-" "Mozilla/5.0 (compatible; bingbot/2.0; +http://www.bing.com/bingbot.htm)"
66.249.78.252 - - [09/Jun/2015:07:10:13 +0200] "GET /img/leist.jpg HTTP/1.1" 304 - "-" "Googlebot-Image/1.0"
66.249.78.8 - - [09/Jun/2015:09:41:52 +0200] "GET /seiten/start.htm HTTP/1.1" 304 - "-" "Mozilla/5.0 (iPhone; CPU iPhone OS 6_0 like Mac OS X) AppleWebKit/536.26 (KHTML, like Gecko) Version/6.0 Mobile/10A5376e Safari/8536.25 (compatible; Googlebot/2.1; +http://www.google.com/bot.html)"
141.8.189.118 - - [09/Jun/2015:12:34:15 +0200] "GET /robots.txt HTTP/1.1" 200 157 "-" "Mozilla/5.0 (compatible; YandexBot/3.0; +http://yandex.com/bots)"
141.8.189.118 - - [09/Jun/2015:13:48:20 +0200] "GET /seiten/kont.htm HTTP/1.1" 200 8048 "-" "Mozilla/5.0 (compatible; YandexBot/3.0; +http://yandex.com/bots)"
85.25.202.18 - - [09/Jun/2015:19:42:59 +0200] "GET / HTTP/1.1" 200 2663 "http://www.sumaja.de/?such_wert=borna" "Mozilla/5.0 (Macintosh; U; Intel Mac OS X 10.6; de-DE; rv:1.9.2.8) Gecko/20100722 Firefox/3.6.8"
185.53.44.91 - - [10/Jun/2015:01:59:24 +0200] "GET /seiten/kont_form.php HTTP/1.1" 200 8561 "-" "Mozilla/5.0 (compatible; XoviBot/2.0; +http://www.xovibot.net/)"
208.115.111.73 - - [10/Jun/2015:08:38:18 +0200] "GET /robots.txt HTTP/1.1" 200 157 "-" "Mozilla/5.0 (compatible; DotBot/1.1; http://www.opensiteexplorer.org/dotbot, help@moz.com)"
208.115.111.73 - - [10/Jun/2015:09:16:56 +0200] "GET /seiten/kont_form.php HTTP/1.1" 200 8561 "-" "Mozilla/5.0 (compatible; DotBot/1.1; http://www.opensiteexplorer.org/dotbot, help@moz.com)"
66.249.78.8 - - [10/Jun/2015:09:33:28 +0200] "GET /robots.txt HTTP/1.1" 200 157 "-" "Mozilla/5.0 (compatible; Googlebot/2.1; +http://www.google.com/bot.html)"
66.249.78.8 - - [10/Jun/2015:09:33:28 +0200] "GET / HTTP/1.1" 200 2663 "-" "Mozilla/5.0 (compatible; Googlebot/2.1; +http://www.google.com/bot.html)"
66.249.78.8 - - [10/Jun/2015:09:37:39 +0200] "GET /seiten/start.htm HTTP/1.1" 200 7516 "-" "Mozilla/5.0 (compatible; Googlebot/2.1; +http://www.google.com/bot.html)"
84.56.184.124 - - [10/Jun/2015:10:27:42 +0200] "GET / HTTP/1.1" 200 2663 "http://www.google.de/url?sa=t&rct=j&q=&esrc=s&source=web&cd=1&sqi=2&ved=0CCEQFjAAahUKEwjz-rv32YTGAhVHOBQKHXxzAFQ&url=http%3A%2F%2Fwww.dialyse-borna.de%2F&ei=hvR3VfOfNcfwUPzmgaAF&usg=AFQjCNF2KNTIkBF7QiIB3UFmpF4J1FAf4w&bvm=bv.95039771,d.d24" "Mozilla/5.0 (Windows NT 6.1; rv:34.0) Gecko/20100101 Firefox/34.0"
84.56.184.124 - - [10/Jun/2015:10:27:42 +0200] "GET /css/borna.css HTTP/1.1" 200 2909 "http://www.dialyse-borna.de/" "Mozilla/5.0 (Windows NT 6.1; rv:34.0) Gecko/20100101 Firefox/34.0"
84.56.184.124 - - [10/Jun/2015:10:27:43 +0200] "GET /seiten/start.htm HTTP/1.1" 200 7516 "http://www.dialyse-borna.de/" "Mozilla/5.0 (Windows NT 6.1; rv:34.0) Gecko/20100101 Firefox/34.0"
84.56.184.124 - - [10/Jun/2015:10:27:43 +0200] "GET /favicon.ico HTTP/1.1" 404 1256 "-" "Mozilla/5.0 (Windows NT 6.1; rv:34.0) Gecko/20100101 Firefox/34.0"
84.56.184.124 - - [10/Jun/2015:10:27:43 +0200] "GET /img/men01.gif HTTP/1.1" 200 432 "http://www.dialyse-borna.de/seiten/start.htm" "Mozilla/5.0 (Windows NT 6.1; rv:34.0) Gecko/20100101 Firefox/34.0"
84.56.184.124 - - [10/Jun/2015:10:27:43 +0200] "GET /img/1pixel.gif HTTP/1.1" 200 45 "http://www.dialyse-borna.de/seiten/start.htm" "Mozilla/5.0 (Windows NT 6.1; rv:34.0) Gecko/20100101 Firefox/34.0"
84.56.184.124 - - [10/Jun/2015:10:27:43 +0200] "GET /img/men02a.gif HTTP/1.1" 200 589 "http://www.dialyse-borna.de/seiten/start.htm" "Mozilla/5.0 (Windows NT 6.1; rv:34.0) Gecko/20100101 Firefox/34.0"
84.56.184.124 - - [10/Jun/2015:10:27:43 +0200] "GET /img/men03.gif HTTP/1.1" 200 1621 "http://www.dialyse-borna.de/seiten/start.htm" "Mozilla/5.0 (Windows NT 6.1; rv:34.0) Gecko/20100101 Firefox/34.0"
84.56.184.124 - - [10/Jun/2015:10:27:43 +0200] "GET /img/men04.gif HTTP/1.1" 200 1395 "http://www.dialyse-borna.de/seiten/start.htm" "Mozilla/5.0 (Windows NT 6.1; rv:34.0) Gecko/20100101 Firefox/34.0"
84.56.184.124 - - [10/Jun/2015:10:27:43 +0200] "GET /img/bg2.gif HTTP/1.1" 200 49 "http://www.dialyse-borna.de/seiten/start.htm" "Mozilla/5.0 (Windows NT 6.1; rv:34.0) Gecko/20100101 Firefox/34.0"
84.56.184.124 - - [10/Jun/2015:10:27:43 +0200] "GET /img/lay01.gif HTTP/1.1" 200 384 "http://www.dialyse-borna.de/seiten/start.htm" "Mozilla/5.0 (Windows NT 6.1; rv:34.0) Gecko/20100101 Firefox/34.0"
84.56.184.124 - - [10/Jun/2015:10:27:43 +0200] "GET /img/lay02.gif HTTP/1.1" 200 3503 "http://www.dialyse-borna.de/seiten/start.htm" "Mozilla/5.0 (Windows NT 6.1; rv:34.0) Gecko/20100101 Firefox/34.0"
84.56.184.124 - - [10/Jun/2015:10:27:43 +0200] "GET /img/men06.gif HTTP/1.1" 200 1162 "http://www.dialyse-borna.de/seiten/start.htm" "Mozilla/5.0 (Windows NT 6.1; rv:34.0) Gecko/20100101 Firefox/34.0"
84.56.184.124 - - [10/Jun/2015:10:27:43 +0200] "GET /img/men09.gif HTTP/1.1" 200 708 "http://www.dialyse-borna.de/seiten/start.htm" "Mozilla/5.0 (Windows NT 6.1; rv:34.0) Gecko/20100101 Firefox/34.0"
84.56.184.124 - - [10/Jun/2015:10:27:43 +0200] "GET /img/men08.gif HTTP/1.1" 200 1642 "http://www.dialyse-borna.de/seiten/start.htm" "Mozilla/5.0 (Windows NT 6.1; rv:34.0) Gecko/20100101 Firefox/34.0"
84.56.184.124 - - [10/Jun/2015:10:27:43 +0200] "GET /img/men07.gif HTTP/1.1" 200 1396 "http://www.dialyse-borna.de/seiten/start.htm" "Mozilla/5.0 (Windows NT 6.1; rv:34.0) Gecko/20100101 Firefox/34.0"
84.56.184.124 - - [10/Jun/2015:10:27:43 +0200] "GET /img/lay03.gif HTTP/1.1" 200 671 "http://www.dialyse-borna.de/seiten/start.htm" "Mozilla/5.0 (Windows NT 6.1; rv:34.0) Gecko/20100101 Firefox/34.0"
84.56.184.124 - - [10/Jun/2015:10:27:43 +0200] "GET /img/main_pic.jpg HTTP/1.1" 200 14864 "http://www.dialyse-borna.de/seiten/start.htm" "Mozilla/5.0 (Windows NT 6.1; rv:34.0) Gecko/20100101 Firefox/34.0"
84.56.184.124 - - [10/Jun/2015:10:27:43 +0200] "GET /img/pfeil.jpg HTTP/1.1" 200 380 "http://www.dialyse-borna.de/seiten/start.htm" "Mozilla/5.0 (Windows NT 6.1; rv:34.0) Gecko/20100101 Firefox/34.0"
84.56.184.124 - - [10/Jun/2015:10:27:43 +0200] "GET /img/lay04.gif HTTP/1.1" 200 210 "http://www.dialyse-borna.de/seiten/start.htm" "Mozilla/5.0 (Windows NT 6.1; rv:34.0) Gecko/20100101 Firefox/34.0"
84.56.184.124 - - [10/Jun/2015:10:27:43 +0200] "GET /img/lay07.gif HTTP/1.1" 200 272 "http://www.dialyse-borna.de/seiten/start.htm" "Mozilla/5.0 (Windows NT 6.1; rv:34.0) Gecko/20100101 Firefox/34.0"
84.56.184.124 - - [10/Jun/2015:10:27:44 +0200] "GET /img/bg3.gif HTTP/1.1" 200 143 "http://www.dialyse-borna.de/seiten/start.htm" "Mozilla/5.0 (Windows NT 6.1; rv:34.0) Gecko/20100101 Firefox/34.0"
84.56.184.124 - - [10/Jun/2015:10:27:44 +0200] "GET /img/bg1.gif HTTP/1.1" 200 54 "http://www.dialyse-borna.de/seiten/start.htm" "Mozilla/5.0 (Windows NT 6.1; rv:34.0) Gecko/20100101 Firefox/34.0"
84.56.184.124 - - [10/Jun/2015:10:27:44 +0200] "GET /img/bg4.gif HTTP/1.1" 200 135 "http://www.dialyse-borna.de/seiten/start.htm" "Mozilla/5.0 (Windows NT 6.1; rv:34.0) Gecko/20100101 Firefox/34.0"
84.56.184.124 - - [10/Jun/2015:10:27:44 +0200] "GET /img/lay05.gif HTTP/1.1" 200 541 "http://www.dialyse-borna.de/seiten/start.htm" "Mozilla/5.0 (Windows NT 6.1; rv:34.0) Gecko/20100101 Firefox/34.0"
84.56.184.124 - - [10/Jun/2015:10:27:44 +0200] "GET /img/lay08.gif HTTP/1.1" 200 322 "http://www.dialyse-borna.de/seiten/start.htm" "Mozilla/5.0 (Windows NT 6.1; rv:34.0) Gecko/20100101 Firefox/34.0"
84.56.184.124 - - [10/Jun/2015:10:27:44 +0200] "GET /favicon.ico HTTP/1.1" 404 1256 "-" "Mozilla/5.0 (Windows NT 6.1; rv:34.0) Gecko/20100101 Firefox/34.0"
84.56.184.124 - - [10/Jun/2015:10:27:44 +0200] "GET /img/bilder.swf HTTP/1.1" 200 78858 "http://www.dialyse-borna.de/seiten/start.htm" "Mozilla/5.0 (Windows NT 6.1; rv:34.0) Gecko/20100101 Firefox/34.0"
84.56.184.124 - - [10/Jun/2015:10:27:45 +0200] "GET /img/men03a.gif HTTP/1.1" 200 820 "http://www.dialyse-borna.de/seiten/start.htm" "Mozilla/5.0 (Windows NT 6.1; rv:34.0) Gecko/20100101 Firefox/34.0"
84.56.184.124 - - [10/Jun/2015:10:27:45 +0200] "GET /img/men04a.gif HTTP/1.1" 200 669 "http://www.dialyse-borna.de/seiten/start.htm" "Mozilla/5.0 (Windows NT 6.1; rv:34.0) Gecko/20100101 Firefox/34.0"
84.56.184.124 - - [10/Jun/2015:10:27:45 +0200] "GET /img/men05a.gif HTTP/1.1" 200 556 "http://www.dialyse-borna.de/seiten/start.htm" "Mozilla/5.0 (Windows NT 6.1; rv:34.0) Gecko/20100101 Firefox/34.0"
84.56.184.124 - - [10/Jun/2015:10:27:45 +0200] "GET /img/men06a.gif HTTP/1.1" 200 518 "http://www.dialyse-borna.de/seiten/start.htm" "Mozilla/5.0 (Windows NT 6.1; rv:34.0) Gecko/20100101 Firefox/34.0"
84.56.184.124 - - [10/Jun/2015:10:27:45 +0200] "GET /img/men07a.gif HTTP/1.1" 200 666 "http://www.dialyse-borna.de/seiten/start.htm" "Mozilla/5.0 (Windows NT 6.1; rv:34.0) Gecko/20100101 Firefox/34.0"
84.56.184.124 - - [10/Jun/2015:10:27:45 +0200] "GET /img/men08a.gif HTTP/1.1" 200 819 "http://www.dialyse-borna.de/seiten/start.htm" "Mozilla/5.0 (Windows NT 6.1; rv:34.0) Gecko/20100101 Firefox/34.0"
66.249.78.252 - - [10/Jun/2015:10:39:22 +0200] "GET /seiten/start.htm HTTP/1.1" 200 7516 "-" "Mozilla/5.0 (compatible; Googlebot/2.1; +http://www.google.com/bot.html)"
66.249.78.1 - - [10/Jun/2015:12:00:51 +0200] "GET /seiten/start.htm HTTP/1.1" 304 - "-" "Mozilla/5.0 (compatible; Googlebot/2.1; +http://www.google.com/bot.html)"
208.115.111.73 - - [10/Jun/2015:12:36:27 +0200] "GET /robots.txt HTTP/1.1" 200 157 "-" "Mozilla/5.0 (compatible; DotBot/1.1; http://www.opensiteexplorer.org/dotbot, help@moz.com)"
208.115.111.73 - - [10/Jun/2015:13:16:51 +0200] "GET / HTTP/1.1" 200 2663 "-" "Mozilla/5.0 (compatible; DotBot/1.1; http://www.opensiteexplorer.org/dotbot, help@moz.com)"
217.84.198.129 - - [10/Jun/2015:13:22:26 +0200] "GET /seiten/impr.htm HTTP/1.1" 200 9648 "http://www.google.de/url?sa=t&rct=j&q=&esrc=s&source=web&cd=2&ved=0CCwQFjABahUKEwiI1KapgYXGAhUKFiwKHYZDAFI&url=http%3A%2F%2Fwww.dialyse-borna.de%2Fseiten%2Fimpr.htm&ei=1B14VYiaFoqssAGGh4GQBQ&usg=AFQjCNHLZZEhkKT2QkjwwRmqgb-uGk-kyg&bvm=bv.95039771,d.bGg" "Mozilla/5.0 (Windows NT 5.1; rv:38.0) Gecko/20100101 Firefox/38.0"
217.84.198.129 - - [10/Jun/2015:13:22:26 +0200] "GET /css/borna.css HTTP/1.1" 200 2909 "http://www.dialyse-borna.de/seiten/impr.htm" "Mozilla/5.0 (Windows NT 5.1; rv:38.0) Gecko/20100101 Firefox/38.0"
217.84.198.129 - - [10/Jun/2015:13:22:26 +0200] "GET /img/men01.gif HTTP/1.1" 200 432 "http://www.dialyse-borna.de/seiten/impr.htm" "Mozilla/5.0 (Windows NT 5.1; rv:38.0) Gecko/20100101 Firefox/38.0"
217.84.198.129 - - [10/Jun/2015:13:22:26 +0200] "GET /img/1pixel.gif HTTP/1.1" 200 45 "http://www.dialyse-borna.de/seiten/impr.htm" "Mozilla/5.0 (Windows NT 5.1; rv:38.0) Gecko/20100101 Firefox/38.0"
217.84.198.129 - - [10/Jun/2015:13:22:26 +0200] "GET /img/men02.gif HTTP/1.1" 200 1273 "http://www.dialyse-borna.de/seiten/impr.htm" "Mozilla/5.0 (Windows NT 5.1; rv:38.0) Gecko/20100101 Firefox/38.0"
217.84.198.129 - - [10/Jun/2015:13:22:26 +0200] "GET /img/men03.gif HTTP/1.1" 200 1621 "http://www.dialyse-borna.de/seiten/impr.htm" "Mozilla/5.0 (Windows NT 5.1; rv:38.0) Gecko/20100101 Firefox/38.0"
217.84.198.129 - - [10/Jun/2015:13:22:26 +0200] "GET /img/men04.gif HTTP/1.1" 200 1395 "http://www.dialyse-borna.de/seiten/impr.htm" "Mozilla/5.0 (Windows NT 5.1; rv:38.0) Gecko/20100101 Firefox/38.0"
217.84.198.129 - - [10/Jun/2015:13:22:26 +0200] "GET /img/men06.gif HTTP/1.1" 200 1162 "http://www.dialyse-borna.de/seiten/impr.htm" "Mozilla/5.0 (Windows NT 5.1; rv:38.0) Gecko/20100101 Firefox/38.0"
217.84.198.129 - - [10/Jun/2015:13:22:26 +0200] "GET /img/men07.gif HTTP/1.1" 200 1396 "http://www.dialyse-borna.de/seiten/impr.htm" "Mozilla/5.0 (Windows NT 5.1; rv:38.0) Gecko/20100101 Firefox/38.0"
217.84.198.129 - - [10/Jun/2015:13:22:26 +0200] "GET /img/men08a.gif HTTP/1.1" 200 819 "http://www.dialyse-borna.de/seiten/impr.htm" "Mozilla/5.0 (Windows NT 5.1; rv:38.0) Gecko/20100101 Firefox/38.0"
217.84.198.129 - - [10/Jun/2015:13:22:26 +0200] "GET /img/men09.gif HTTP/1.1" 200 708 "http://www.dialyse-borna.de/seiten/impr.htm" "Mozilla/5.0 (Windows NT 5.1; rv:38.0) Gecko/20100101 Firefox/38.0"
217.84.198.129 - - [10/Jun/2015:13:22:26 +0200] "GET /img/lay03.gif HTTP/1.1" 200 671 "http://www.dialyse-borna.de/seiten/impr.htm" "Mozilla/5.0 (Windows NT 5.1; rv:38.0) Gecko/20100101 Firefox/38.0"
217.84.198.129 - - [10/Jun/2015:13:22:26 +0200] "GET /img/lay04.gif HTTP/1.1" 200 210 "http://www.dialyse-borna.de/seiten/impr.htm" "Mozilla/5.0 (Windows NT 5.1; rv:38.0) Gecko/20100101 Firefox/38.0"
217.84.198.129 - - [10/Jun/2015:13:22:26 +0200] "GET /img/lay07.gif HTTP/1.1" 200 272 "http://www.dialyse-borna.de/seiten/impr.htm" "Mozilla/5.0 (Windows NT 5.1; rv:38.0) Gecko/20100101 Firefox/38.0"
217.84.198.129 - - [10/Jun/2015:13:22:26 +0200] "GET /img/bg2.gif HTTP/1.1" 200 49 "http://www.dialyse-borna.de/seiten/impr.htm" "Mozilla/5.0 (Windows NT 5.1; rv:38.0) Gecko/20100101 Firefox/38.0"
217.84.198.129 - - [10/Jun/2015:13:22:26 +0200] "GET /img/lay01.gif HTTP/1.1" 200 384 "http://www.dialyse-borna.de/seiten/impr.htm" "Mozilla/5.0 (Windows NT 5.1; rv:38.0) Gecko/20100101 Firefox/38.0"
217.84.198.129 - - [10/Jun/2015:13:22:26 +0200] "GET /img/lay02.gif HTTP/1.1" 200 3503 "http://www.dialyse-borna.de/seiten/impr.htm" "Mozilla/5.0 (Windows NT 5.1; rv:38.0) Gecko/20100101 Firefox/38.0"
217.84.198.129 - - [10/Jun/2015:13:22:26 +0200] "GET /img/lay08.gif HTTP/1.1" 200 322 "http://www.dialyse-borna.de/seiten/impr.htm" "Mozilla/5.0 (Windows NT 5.1; rv:38.0) Gecko/20100101 Firefox/38.0"
217.84.198.129 - - [10/Jun/2015:13:22:26 +0200] "GET /img/bg3.gif HTTP/1.1" 200 143 "http://www.dialyse-borna.de/seiten/impr.htm" "Mozilla/5.0 (Windows NT 5.1; rv:38.0) Gecko/20100101 Firefox/38.0"
217.84.198.129 - - [10/Jun/2015:13:22:26 +0200] "GET /img/bg1.gif HTTP/1.1" 200 54 "http://www.dialyse-borna.de/seiten/impr.htm" "Mozilla/5.0 (Windows NT 5.1; rv:38.0) Gecko/20100101 Firefox/38.0"
217.84.198.129 - - [10/Jun/2015:13:22:26 +0200] "GET /img/bg4.gif HTTP/1.1" 200 135 "http://www.dialyse-borna.de/seiten/impr.htm" "Mozilla/5.0 (Windows NT 5.1; rv:38.0) Gecko/20100101 Firefox/38.0"
217.84.198.129 - - [10/Jun/2015:13:22:26 +0200] "GET /img/lay05.gif HTTP/1.1" 200 541 "http://www.dialyse-borna.de/seiten/impr.htm" "Mozilla/5.0 (Windows NT 5.1; rv:38.0) Gecko/20100101 Firefox/38.0"
217.84.198.129 - - [10/Jun/2015:13:22:26 +0200] "GET /img/men02a.gif HTTP/1.1" 200 589 "http://www.dialyse-borna.de/seiten/impr.htm" "Mozilla/5.0 (Windows NT 5.1; rv:38.0) Gecko/20100101 Firefox/38.0"
217.84.198.129 - - [10/Jun/2015:13:22:26 +0200] "GET /img/men03a.gif HTTP/1.1" 200 820 "http://www.dialyse-borna.de/seiten/impr.htm" "Mozilla/5.0 (Windows NT 5.1; rv:38.0) Gecko/20100101 Firefox/38.0"
217.84.198.129 - - [10/Jun/2015:13:22:26 +0200] "GET /img/men04a.gif HTTP/1.1" 200 669 "http://www.dialyse-borna.de/seiten/impr.htm" "Mozilla/5.0 (Windows NT 5.1; rv:38.0) Gecko/20100101 Firefox/38.0"
217.84.198.129 - - [10/Jun/2015:13:22:26 +0200] "GET /img/men05a.gif HTTP/1.1" 200 556 "http://www.dialyse-borna.de/seiten/impr.htm" "Mozilla/5.0 (Windows NT 5.1; rv:38.0) Gecko/20100101 Firefox/38.0"
217.84.198.129 - - [10/Jun/2015:13:22:26 +0200] "GET /img/men06a.gif HTTP/1.1" 200 518 "http://www.dialyse-borna.de/seiten/impr.htm" "Mozilla/5.0 (Windows NT 5.1; rv:38.0) Gecko/20100101 Firefox/38.0"
217.84.198.129 - - [10/Jun/2015:13:22:26 +0200] "GET /img/men07a.gif HTTP/1.1" 200 666 "http://www.dialyse-borna.de/seiten/impr.htm" "Mozilla/5.0 (Windows NT 5.1; rv:38.0) Gecko/20100101 Firefox/38.0"
217.84.198.129 - - [10/Jun/2015:13:22:26 +0200] "GET /favicon.ico HTTP/1.1" 404 1256 "-" "Mozilla/5.0 (Windows NT 5.1; rv:38.0) Gecko/20100101 Firefox/38.0"
66.249.78.8 - - [10/Jun/2015:14:08:53 +0200] "GET / HTTP/1.1" 200 2663 "-" "Mozilla/5.0 (compatible; Googlebot/2.1; +http://www.google.com/bot.html)"
66.249.78.1 - - [10/Jun/2015:14:23:33 +0200] "GET /seiten/start.htm HTTP/1.1" 304 - "-" "Mozilla/5.0 (compatible; Googlebot/2.1; +http://www.google.com/bot.html)"
66.249.78.8 - - [10/Jun/2015:16:25:46 +0200] "GET /seiten/start.htm HTTP/1.1" 200 7516 "-" "Mozilla/5.0 (compatible; Googlebot/2.1; +http://www.google.com/bot.html)"
66.249.78.252 - - [10/Jun/2015:18:49:03 +0200] "GET / HTTP/1.1" 200 2663 "-" "Mozilla/5.0 (compatible; Googlebot/2.1; +http://www.google.com/bot.html)"
66.249.78.252 - - [10/Jun/2015:19:11:37 +0200] "GET / HTTP/1.1" 200 2663 "-" "Mozilla/5.0 (iPhone; CPU iPhone OS 6_0 like Mac OS X) AppleWebKit/536.26 (KHTML, like Gecko) Version/6.0 Mobile/10A5376e Safari/8536.25 (compatible; Googlebot/2.1; +http://www.google.com/bot.html)"
66.249.67.47 - - [10/Jun/2015:19:19:26 +0200] "GET /seiten/start.htm HTTP/1.1" 200 7516 "-" "Mozilla/5.0 (iPhone; CPU iPhone OS 6_0 like Mac OS X) AppleWebKit/536.26 (KHTML, like Gecko) Version/6.0 Mobile/10A5376e Safari/8536.25 (compatible; Googlebot/2.1; +http://www.google.com/bot.html)"
66.249.67.86 - - [10/Jun/2015:23:16:32 +0200] "GET / HTTP/1.1" 200 2663 "-" "Mozilla/5.0 (compatible; Googlebot/2.1; +http://www.google.com/bot.html)"
207.46.13.74 - - [11/Jun/2015:05:48:13 +0200] "GET /robots.txt HTTP/1.1" 200 157 "-" "Mozilla/5.0 (compatible; bingbot/2.0; +http://www.bing.com/bingbot.htm)"
207.46.13.103 - - [11/Jun/2015:05:48:15 +0200] "GET /seiten/impr.htm HTTP/1.1" 200 9648 "-" "Mozilla/5.0 (compatible; bingbot/2.0; +http://www.bing.com/bingbot.htm)"
157.55.39.24 - - [11/Jun/2015:05:49:00 +0200] "GET /seiten/praxis.htm HTTP/1.1" 200 7847 "-" "Mozilla/5.0 (compatible; bingbot/2.0; +http://www.bing.com/bingbot.htm)"
157.55.39.24 - - [11/Jun/2015:05:49:00 +0200] "GET /seiten/links.htm HTTP/1.1" 200 7302 "-" "Mozilla/5.0 (compatible; bingbot/2.0; +http://www.bing.com/bingbot.htm)"
207.46.13.74 - - [11/Jun/2015:05:49:33 +0200] "GET /seiten/kont.htm HTTP/1.1" 200 8048 "-" "Mozilla/5.0 (compatible; bingbot/2.0; +http://www.bing.com/bingbot.htm)"
207.46.13.74 - - [11/Jun/2015:05:49:57 +0200] "GET /seiten/leist.htm HTTP/1.1" 200 7640 "-" "Mozilla/5.0 (compatible; bingbot/2.0; +http://www.bing.com/bingbot.htm)"
207.46.13.74 - - [11/Jun/2015:05:49:58 +0200] "GET /seiten/dialyse.htm HTTP/1.1" 200 7403 "-" "Mozilla/5.0 (compatible; bingbot/2.0; +http://www.bing.com/bingbot.htm)"
64.246.165.170 - - [11/Jun/2015:09:02:17 +0200] "GET /robots.txt HTTP/1.0" 200 157 "-" "Mozilla/5.0 (Windows; U; Windows NT 5.1; en; rv:1.9.0.13) Gecko/2009073022 Firefox/3.5.2 (.NET CLR 3.5.30729) SurveyBot/2.3 (DomainTools)"
64.246.165.170 - - [11/Jun/2015:09:02:17 +0200] "GET / HTTP/1.1" 200 2663 "http://whois.domaintools.com/dialyse-borna.de" "Mozilla/5.0 (Windows; U; Windows NT 5.1; en; rv:1.9.0.13) Gecko/2009073022 Firefox/3.5.2 (.NET CLR 3.5.30729) SurveyBot/2.3 (DomainTools)"
178.255.215.83 - - [11/Jun/2015:13:44:00 +0200] "GET /robots.txt HTTP/1.1" 200 157 "-" "Mozilla/5.0 (compatible; Exabot/3.0; +http://www.exabot.com/go/robot)"
178.255.215.83 - - [11/Jun/2015:13:44:00 +0200] "GET / HTTP/1.1" 304 - "-" "Mozilla/5.0 (compatible; Exabot/3.0; +http://www.exabot.com/go/robot)"
178.255.215.83 - - [11/Jun/2015:14:36:40 +0200] "GET /img/FL_check.swf HTTP/1.1" 304 - "-" "Mozilla/5.0 (compatible; Exabot/3.0; +http://www.exabot.com/go/robot)"
66.249.78.1 - - [11/Jun/2015:18:44:38 +0200] "GET /robots.txt HTTP/1.1" 200 157 "-" "Mozilla/5.0 (compatible; Googlebot/2.1; +http://www.google.com/bot.html)"
66.249.78.8 - - [11/Jun/2015:18:44:38 +0200] "GET / HTTP/1.1" 200 2663 "-" "Mozilla/5.0 (iPhone; CPU iPhone OS 6_0 like Mac OS X) AppleWebKit/536.26 (KHTML, like Gecko) Version/6.0 Mobile/10A5376e Safari/8536.25 (compatible; Googlebot/2.1; +http://www.google.com/bot.html)"
207.46.13.103 - - [11/Jun/2015:19:37:59 +0200] "GET /seiten/kont.htm HTTP/1.1" 200 8048 "-" "Mozilla/5.0 (compatible; bingbot/2.0; +http://www.bing.com/bingbot.htm)"
207.46.13.103 - - [11/Jun/2015:19:38:04 +0200] "GET /robots.txt HTTP/1.1" 200 157 "-" "Mozilla/5.0 (compatible; bingbot/2.0; +http://www.bing.com/bingbot.htm)"
207.46.13.103 - - [11/Jun/2015:19:38:04 +0200] "GET /robots.txt HTTP/1.1" 200 157 "-" "Mozilla/5.0 (compatible; bingbot/2.0; +http://www.bing.com/bingbot.htm)"
66.249.78.8 - - [11/Jun/2015:21:02:51 +0200] "GET /img/leist.jpg HTTP/1.1" 304 - "-" "Googlebot-Image/1.0"
107.170.160.94 - - [11/Jun/2015:23:08:36 +0200] "GET /robots.txt HTTP/1.1" 200 157 "-" "Mozilla/5.0 (compatible; spbot/4.4.2; +http://OpenLinkProfiler.org/bot )"
107.170.160.94 - - [11/Jun/2015:23:08:41 +0200] "GET / HTTP/1.1" 200 2663 "-" "Mozilla/5.0 (compatible; spbot/4.4.2; +http://OpenLinkProfiler.org/bot )"
142.4.215.116 - - [12/Jun/2015:01:34:16 +0200] "GET /robots.txt HTTP/1.0" 200 157 "-" ""
142.4.215.116 - - [12/Jun/2015:01:34:17 +0200] "GET / HTTP/1.1" 206 2663 "-" "Mozilla/5.0 (X11; Linux i686) AppleWebKit/534.30 (KHTML, like Gecko) Chrome/12.0.742.100 Safari/534.30"
142.4.215.116 - - [12/Jun/2015:01:34:19 +0200] "GET /seiten/start.htm HTTP/1.1" 206 7516 "-" "Mozilla/5.0 (X11; Linux i686) AppleWebKit/534.30 (KHTML, like Gecko) Chrome/12.0.742.100 Safari/534.30"
142.4.215.116 - - [12/Jun/2015:01:34:21 +0200] "GET /seiten/leist.htm HTTP/1.1" 206 7640 "-" "Mozilla/5.0 (X11; Linux i686) AppleWebKit/534.30 (KHTML, like Gecko) Chrome/12.0.742.100 Safari/534.30"
142.4.215.116 - - [12/Jun/2015:01:34:23 +0200] "GET /seiten/dialyse.htm HTTP/1.1" 206 7403 "-" "Mozilla/5.0 (X11; Linux i686) AppleWebKit/534.30 (KHTML, like Gecko) Chrome/12.0.742.100 Safari/534.30"
142.4.215.116 - - [12/Jun/2015:01:34:25 +0200] "GET /seiten/news.php HTTP/1.1" 200 7079 "-" "Mozilla/5.0 (X11; Linux i686) AppleWebKit/534.30 (KHTML, like Gecko) Chrome/12.0.742.100 Safari/534.30"
142.4.215.116 - - [12/Jun/2015:01:34:28 +0200] "GET /seiten/links.htm HTTP/1.1" 206 7302 "-" "Mozilla/5.0 (X11; Linux i686) AppleWebKit/534.30 (KHTML, like Gecko) Chrome/12.0.742.100 Safari/534.30"
142.4.215.116 - - [12/Jun/2015:01:34:30 +0200] "GET /seiten/kont.htm HTTP/1.1" 206 8048 "-" "Mozilla/5.0 (X11; Linux i686) AppleWebKit/534.30 (KHTML, like Gecko) Chrome/12.0.742.100 Safari/534.30"
142.4.215.116 - - [12/Jun/2015:01:34:32 +0200] "GET /seiten/impr.htm HTTP/1.1" 206 9648 "-" "Mozilla/5.0 (X11; Linux i686) AppleWebKit/534.30 (KHTML, like Gecko) Chrome/12.0.742.100 Safari/534.30"
142.4.215.116 - - [12/Jun/2015:01:34:34 +0200] "GET /seiten/praxis.htm HTTP/1.1" 206 7847 "-" "Mozilla/5.0 (X11; Linux i686) AppleWebKit/534.30 (KHTML, like Gecko) Chrome/12.0.742.100 Safari/534.30"
142.4.215.116 - - [12/Jun/2015:01:34:37 +0200] "GET /seiten/function.include HTTP/1.1" 404 1256 "-" "Mozilla/5.0 (X11; Linux i686) AppleWebKit/534.30 (KHTML, like Gecko) Chrome/12.0.742.100 Safari/534.30"
142.4.215.116 - - [12/Jun/2015:01:34:37 +0200] "GET / HTTP/1.1" 206 2663 "-" "Mozilla/5.0 (X11; Linux i686) AppleWebKit/534.30 (KHTML, like Gecko) Chrome/12.0.742.100 Safari/534.30"
142.4.215.116 - - [12/Jun/2015:01:34:39 +0200] "GET /seiten/kont_form.php HTTP/1.1" 200 8561 "-" "Mozilla/5.0 (X11; Linux i686) AppleWebKit/534.30 (KHTML, like Gecko) Chrome/12.0.742.100 Safari/534.30"
193.158.225.170 - - [12/Jun/2015:09:58:06 +0200] "GET /seiten/impr.htm HTTP/1.1" 200 9648 "http://www.google.de/url?sa=t&rct=j&q=&esrc=s&source=web&cd=1&ved=0CCEQFjAAahUKEwiezfyj14nGAhUI7XIKHdZ8BHM&url=http%3A%2F%2Fwww.dialyse-borna.de%2Fseiten%2Fimpr.htm&ei=1ZB6Vd6OJIjaywPW-ZGYBw&usg=AFQjCNHLZZEhkKT2QkjwwRmqgb-uGk-kyg&bvm=bv.95515949,d.bGQ" "Mozilla/5.0 (Windows NT 6.1; WOW64; Trident/7.0; rv:11.0) like Gecko"
193.158.225.170 - - [12/Jun/2015:09:58:06 +0200] "GET /css/borna.css HTTP/1.1" 200 2909 "http://www.dialyse-borna.de/seiten/impr.htm" "Mozilla/5.0 (Windows NT 6.1; WOW64; Trident/7.0; rv:11.0) like Gecko"
193.158.225.170 - - [12/Jun/2015:09:58:06 +0200] "GET /img/bg2.gif HTTP/1.1" 200 49 "http://www.dialyse-borna.de/seiten/impr.htm" "Mozilla/5.0 (Windows NT 6.1; WOW64; Trident/7.0; rv:11.0) like Gecko"
193.158.225.170 - - [12/Jun/2015:09:58:06 +0200] "GET /img/1pixel.gif HTTP/1.1" 200 45 "http://www.dialyse-borna.de/seiten/impr.htm" "Mozilla/5.0 (Windows NT 6.1; WOW64; Trident/7.0; rv:11.0) like Gecko"
193.158.225.170 - - [12/Jun/2015:09:58:06 +0200] "GET /img/men01.gif HTTP/1.1" 200 432 "http://www.dialyse-borna.de/seiten/impr.htm" "Mozilla/5.0 (Windows NT 6.1; WOW64; Trident/7.0; rv:11.0) like Gecko"
193.158.225.170 - - [12/Jun/2015:09:58:06 +0200] "GET /img/men02.gif HTTP/1.1" 200 1273 "http://www.dialyse-borna.de/seiten/impr.htm" "Mozilla/5.0 (Windows NT 6.1; WOW64; Trident/7.0; rv:11.0) like Gecko"
193.158.225.170 - - [12/Jun/2015:09:58:06 +0200] "GET /img/men03.gif HTTP/1.1" 200 1621 "http://www.dialyse-borna.de/seiten/impr.htm" "Mozilla/5.0 (Windows NT 6.1; WOW64; Trident/7.0; rv:11.0) like Gecko"
193.158.225.170 - - [12/Jun/2015:09:58:06 +0200] "GET /img/men04.gif HTTP/1.1" 200 1395 "http://www.dialyse-borna.de/seiten/impr.htm" "Mozilla/5.0 (Windows NT 6.1; WOW64; Trident/7.0; rv:11.0) like Gecko"
193.158.225.170 - - [12/Jun/2015:09:58:06 +0200] "GET /img/men06.gif HTTP/1.1" 200 1162 "http://www.dialyse-borna.de/seiten/impr.htm" "Mozilla/5.0 (Windows NT 6.1; WOW64; Trident/7.0; rv:11.0) like Gecko"
193.158.225.170 - - [12/Jun/2015:09:58:06 +0200] "GET /img/bg2.gif HTTP/1.1" 200 49 "http://www.dialyse-borna.de/seiten/impr.htm" "Mozilla/5.0 (Windows NT 6.1; WOW64; Trident/7.0; rv:11.0) like Gecko"
193.158.225.170 - - [12/Jun/2015:09:58:06 +0200] "GET /img/lay01.gif HTTP/1.1" 200 384 "http://www.dialyse-borna.de/seiten/impr.htm" "Mozilla/5.0 (Windows NT 6.1; WOW64; Trident/7.0; rv:11.0) like Gecko"
193.158.225.170 - - [12/Jun/2015:09:58:06 +0200] "GET /img/lay08.gif HTTP/1.1" 200 322 "http://www.dialyse-borna.de/seiten/impr.htm" "Mozilla/5.0 (Windows NT 6.1; WOW64; Trident/7.0; rv:11.0) like Gecko"
193.158.225.170 - - [12/Jun/2015:09:58:06 +0200] "GET /img/bg4.gif HTTP/1.1" 200 135 "http://www.dialyse-borna.de/seiten/impr.htm" "Mozilla/5.0 (Windows NT 6.1; WOW64; Trident/7.0; rv:11.0) like Gecko"
193.158.225.170 - - [12/Jun/2015:09:58:06 +0200] "GET /img/bg3.gif HTTP/1.1" 200 143 "http://www.dialyse-borna.de/seiten/impr.htm" "Mozilla/5.0 (Windows NT 6.1; WOW64; Trident/7.0; rv:11.0) like Gecko"
193.158.225.170 - - [12/Jun/2015:09:58:06 +0200] "GET /img/lay02.gif HTTP/1.1" 200 3503 "http://www.dialyse-borna.de/seiten/impr.htm" "Mozilla/5.0 (Windows NT 6.1; WOW64; Trident/7.0; rv:11.0) like Gecko"
193.158.225.170 - - [12/Jun/2015:09:58:06 +0200] "GET /img/bg1.gif HTTP/1.1" 200 54 "http://www.dialyse-borna.de/seiten/impr.htm" "Mozilla/5.0 (Windows NT 6.1; WOW64; Trident/7.0; rv:11.0) like Gecko"
193.158.225.170 - - [12/Jun/2015:09:58:06 +0200] "GET /img/lay05.gif HTTP/1.1" 200 541 "http://www.dialyse-borna.de/seiten/impr.htm" "Mozilla/5.0 (Windows NT 6.1; WOW64; Trident/7.0; rv:11.0) like Gecko"
193.158.225.170 - - [12/Jun/2015:09:58:06 +0200] "GET /img/men07.gif HTTP/1.1" 200 1396 "http://www.dialyse-borna.de/seiten/impr.htm" "Mozilla/5.0 (Windows NT 6.1; WOW64; Trident/7.0; rv:11.0) like Gecko"
193.158.225.170 - - [12/Jun/2015:09:58:06 +0200] "GET /img/men08a.gif HTTP/1.1" 200 819 "http://www.dialyse-borna.de/seiten/impr.htm" "Mozilla/5.0 (Windows NT 6.1; WOW64; Trident/7.0; rv:11.0) like Gecko"
193.158.225.170 - - [12/Jun/2015:09:58:06 +0200] "GET /img/men09.gif HTTP/1.1" 200 708 "http://www.dialyse-borna.de/seiten/impr.htm" "Mozilla/5.0 (Windows NT 6.1; WOW64; Trident/7.0; rv:11.0) like Gecko"
193.158.225.170 - - [12/Jun/2015:09:58:06 +0200] "GET /img/lay03.gif HTTP/1.1" 200 671 "http://www.dialyse-borna.de/seiten/impr.htm" "Mozilla/5.0 (Windows NT 6.1; WOW64; Trident/7.0; rv:11.0) like Gecko"
193.158.225.170 - - [12/Jun/2015:09:58:06 +0200] "GET /img/lay04.gif HTTP/1.1" 200 210 "http://www.dialyse-borna.de/seiten/impr.htm" "Mozilla/5.0 (Windows NT 6.1; WOW64; Trident/7.0; rv:11.0) like Gecko"
193.158.225.170 - - [12/Jun/2015:09:58:06 +0200] "GET /img/lay07.gif HTTP/1.1" 200 272 "http://www.dialyse-borna.de/seiten/impr.htm" "Mozilla/5.0 (Windows NT 6.1; WOW64; Trident/7.0; rv:11.0) like Gecko"
193.158.225.170 - - [12/Jun/2015:09:58:06 +0200] "GET /img/men02a.gif HTTP/1.1" 200 589 "http://www.dialyse-borna.de/seiten/impr.htm" "Mozilla/5.0 (Windows NT 6.1; WOW64; Trident/7.0; rv:11.0) like Gecko"
193.158.225.170 - - [12/Jun/2015:09:58:06 +0200] "GET /img/men03a.gif HTTP/1.1" 200 820 "http://www.dialyse-borna.de/seiten/impr.htm" "Mozilla/5.0 (Windows NT 6.1; WOW64; Trident/7.0; rv:11.0) like Gecko"
193.158.225.170 - - [12/Jun/2015:09:58:06 +0200] "GET /img/men04a.gif HTTP/1.1" 200 669 "http://www.dialyse-borna.de/seiten/impr.htm" "Mozilla/5.0 (Windows NT 6.1; WOW64; Trident/7.0; rv:11.0) like Gecko"
193.158.225.170 - - [12/Jun/2015:09:58:06 +0200] "GET /img/men05a.gif HTTP/1.1" 200 556 "http://www.dialyse-borna.de/seiten/impr.htm" "Mozilla/5.0 (Windows NT 6.1; WOW64; Trident/7.0; rv:11.0) like Gecko"
193.158.225.170 - - [12/Jun/2015:09:58:06 +0200] "GET /img/men06a.gif HTTP/1.1" 200 518 "http://www.dialyse-borna.de/seiten/impr.htm" "Mozilla/5.0 (Windows NT 6.1; WOW64; Trident/7.0; rv:11.0) like Gecko"
193.158.225.170 - - [12/Jun/2015:09:58:06 +0200] "GET /img/men07a.gif HTTP/1.1" 200 666 "http://www.dialyse-borna.de/seiten/impr.htm" "Mozilla/5.0 (Windows NT 6.1; WOW64; Trident/7.0; rv:11.0) like Gecko"
193.158.225.170 - - [12/Jun/2015:09:58:06 +0200] "GET /favicon.ico HTTP/1.1" 404 1256 "-" "Mozilla/5.0 (Windows NT 6.1; Win64; x64; Trident/7.0; rv:11.0) like Gecko"
193.158.225.170 - - [12/Jun/2015:09:58:30 +0200] "GET /seiten/praxis.htm HTTP/1.1" 200 7847 "http://www.dialyse-borna.de/seiten/impr.htm" "Mozilla/5.0 (Windows NT 6.1; WOW64; Trident/7.0; rv:11.0) like Gecko"
193.158.225.170 - - [12/Jun/2015:09:58:30 +0200] "GET /img/men08.gif HTTP/1.1" 200 1642 "http://www.dialyse-borna.de/seiten/praxis.htm" "Mozilla/5.0 (Windows NT 6.1; WOW64; Trident/7.0; rv:11.0) like Gecko"
193.158.225.170 - - [12/Jun/2015:09:58:30 +0200] "GET /img/schild.jpg HTTP/1.1" 200 12757 "http://www.dialyse-borna.de/seiten/praxis.htm" "Mozilla/5.0 (Windows NT 6.1; WOW64; Trident/7.0; rv:11.0) like Gecko"
193.158.225.170 - - [12/Jun/2015:09:58:30 +0200] "GET /favicon.ico HTTP/1.1" 404 1256 "-" "Mozilla/5.0 (Windows NT 6.1; Win64; x64; Trident/7.0; rv:11.0) like Gecko"
193.158.225.170 - - [12/Jun/2015:09:58:41 +0200] "GET /seiten/dialyse.htm HTTP/1.1" 200 7403 "http://www.dialyse-borna.de/seiten/praxis.htm" "Mozilla/5.0 (Windows NT 6.1; WOW64; Trident/7.0; rv:11.0) like Gecko"
193.158.225.170 - - [12/Jun/2015:09:58:41 +0200] "GET /img/dialyse.jpg HTTP/1.1" 200 18017 "http://www.dialyse-borna.de/seiten/dialyse.htm" "Mozilla/5.0 (Windows NT 6.1; WOW64; Trident/7.0; rv:11.0) like Gecko"
193.158.225.170 - - [12/Jun/2015:09:58:55 +0200] "GET /seiten/leist.htm HTTP/1.1" 200 7640 "http://www.dialyse-borna.de/seiten/dialyse.htm" "Mozilla/5.0 (Windows NT 6.1; WOW64; Trident/7.0; rv:11.0) like Gecko"
193.158.225.170 - - [12/Jun/2015:09:58:55 +0200] "GET /img/leist.jpg HTTP/1.1" 200 18546 "http://www.dialyse-borna.de/seiten/leist.htm" "Mozilla/5.0 (Windows NT 6.1; WOW64; Trident/7.0; rv:11.0) like Gecko"
222.84.3.104 - - [12/Jun/2015:10:36:18 +0200] "GET /feng/readme.txt HTTP/1.1" 404 1256 "-" "Mozilla/4.0 (compatible; Win32; WinHttp.WinHttpRequest.5)"
222.84.3.104 - - [12/Jun/2015:10:36:18 +0200] "GET /fengoffice/readme.txt HTTP/1.1" 404 1256 "-" "Mozilla/4.0 (compatible; Win32; WinHttp.WinHttpRequest.5)"
222.84.3.104 - - [12/Jun/2015:10:36:19 +0200] "GET /readme.txt HTTP/1.1" 404 1256 "-" "Mozilla/4.0 (compatible; Win32; WinHttp.WinHttpRequest.5)"
