157.55.39.40 - - [16/Dec/2016:09:25:50 +0100] "GET /index.html HTTP/1.1" 200 15853 "-" "Mozilla/5.0 (compatible; bingbot/2.0; +http://www.bing.com/bingbot.htm)"
157.55.39.28 - - [16/Dec/2016:09:25:54 +0100] "GET /impressum/impressum.html HTTP/1.1" 200 7872 "-" "Mozilla/5.0 (compatible; bingbot/2.0; +http://www.bing.com/bingbot.htm)"
157.55.39.28 - - [16/Dec/2016:09:25:54 +0100] "GET / HTTP/1.1" 200 15853 "-" "Mozilla/5.0 (compatible; bingbot/2.0; +http://www.bing.com/bingbot.htm)"
207.46.13.62 - - [16/Dec/2016:09:26:01 +0100] "GET /env/env.html HTTP/1.1" 200 12438 "-" "Mozilla/5.0 (compatible; bingbot/2.0; +http://www.bing.com/bingbot.htm)"
46.229.168.71 - - [16/Dec/2016:21:31:48 +0100] "GET /env/roland/sc880.html HTTP/1.1" 200 17092 "-" "Mozilla/5.0 (compatible; SemrushBot/1.1~bl; +http://www.semrush.com/bot.html)"
46.229.168.70 - - [16/Dec/2016:21:33:38 +0100] "GET /friends/friends.html HTTP/1.1" 401 1226 "-" "Mozilla/5.0 (compatible; SemrushBot/1.1~bl; +http://www.semrush.com/bot.html)"
46.229.168.71 - - [16/Dec/2016:21:58:52 +0100] "GET /impressum/impressum.html HTTP/1.1" 200 7872 "-" "Mozilla/5.0 (compatible; SemrushBot/1.1~bl; +http://www.semrush.com/bot.html)"
81.209.177.16 - - [16/Dec/2016:22:10:29 +0100] "GET /robots.txt HTTP/1.1" 200 298 "-" "netEstate NE Crawler (+http://www.website-datenbank.de/)"
81.209.177.16 - - [16/Dec/2016:22:10:29 +0100] "GET / HTTP/1.1" 200 15853 "-" "netEstate NE Crawler (+http://www.website-datenbank.de/)"
81.209.177.16 - - [16/Dec/2016:22:10:30 +0100] "GET /impressum/impressum.html HTTP/1.1" 200 7872 "-" "netEstate NE Crawler (+http://www.website-datenbank.de/)"
81.209.177.16 - - [16/Dec/2016:22:10:30 +0100] "GET / HTTP/1.1" 200 15853 "-" "netEstate NE Crawler (+http://www.website-datenbank.de/)"
180.76.15.15 - - [16/Dec/2016:22:27:27 +0100] "GET /env/env.html HTTP/1.1" 200 12438 "-" "Mozilla/5.0 (compatible; Baiduspider/2.0; +http://www.baidu.com/search/spider.html)"
46.229.168.70 - - [16/Dec/2016:22:39:39 +0100] "GET /env/jomox/download/airbase99.LSO HTTP/1.1" 200 387896 "-" "Mozilla/5.0 (compatible; SemrushBot/1.1~bl; +http://www.semrush.com/bot.html)"
185.19.196.155 - - [16/Dec/2016:22:42:23 +0100] "GET /env/env.html HTTP/1.1" 200 12438 "-" "Mozilla/5.0 (iPad; CPU OS 10_2 like Mac OS X) AppleWebKit/602.3.12 (KHTML, like Gecko) Version/10.0 Mobile/14C92 Safari/602.1"
46.229.168.69 - - [16/Dec/2016:23:36:48 +0100] "GET /privat/privat.html HTTP/1.1" 401 1226 "-" "Mozilla/5.0 (compatible; SemrushBot/1.1~bl; +http://www.semrush.com/bot.html)"
46.229.168.67 - - [16/Dec/2016:23:42:41 +0100] "GET /env/env.html HTTP/1.1" 200 12438 "-" "Mozilla/5.0 (compatible; SemrushBot/1.1~bl; +http://www.semrush.com/bot.html)"
180.76.15.5 - - [17/Dec/2016:00:44:44 +0100] "GET / HTTP/1.1" 200 15853 "-" "Mozilla/5.0 (compatible; Baiduspider/2.0; +http://www.baidu.com/search/spider.html)"
69.30.198.202 - - [17/Dec/2016:02:37:13 +0100] "GET /robots.txt HTTP/1.1" 200 298 "-" "Mozilla/5.0 (compatible; MJ12bot/v1.4.7; http://mj12bot.com/)"
69.30.198.202 - - [17/Dec/2016:02:37:25 +0100] "GET /env/jomox/download/airbase99.LSO HTTP/1.1" 200 387896 "-" "Mozilla/5.0 (compatible; MJ12bot/v1.4.7; http://mj12bot.com/)"
69.30.198.202 - - [17/Dec/2016:02:37:37 +0100] "GET /env/jomox/pics/pic_airbase99.html HTTP/1.1" 200 759 "-" "Mozilla/5.0 (compatible; MJ12bot/v1.4.7; http://mj12bot.com/)"
69.30.198.202 - - [17/Dec/2016:02:37:47 +0100] "GET /env/roland/pics/pic_sc880.html HTTP/1.1" 200 755 "-" "Mozilla/5.0 (compatible; MJ12bot/v1.4.7; http://mj12bot.com/)"
69.30.198.202 - - [17/Dec/2016:02:38:16 +0100] "GET /env/roland/sc880.html HTTP/1.1" 200 17092 "-" "Mozilla/5.0 (compatible; MJ12bot/v1.4.7; http://mj12bot.com/)"
195.154.181.15 - - [17/Dec/2016:03:58:15 +0100] "GET /modules/attributewizardpro/file_upload.php HTTP/1.1" 404 1256 "http://www.soundpatcher.de/modules/attributewizardpro/file_upload.php" "Mozilla/5.0 (Windows NT 6.1; WOW64) AppleWebKit/537.36 (KHTML, like Gecko) Chrome/42.0.2311.152 Safari/537.36"
113.240.250.156 - - [17/Dec/2016:08:35:08 +0100] "GET / HTTP/1.1" 200 15853 "-" "Mozilla/5.0 (Windows NT 6.1; WOW64; rv:31.0) Gecko/20100101 Firefox/31.0"
113.240.250.156 - - [17/Dec/2016:08:35:58 +0100] "GET / HTTP/1.1" 200 15853 "-" "Mozilla/5.0 (compatible; Googlebot/2.1; +http://www.google.com/bot.html)"
163.172.66.73 - - [17/Dec/2016:09:45:06 +0100] "GET /phpBB2/index.php HTTP/1.1" 401 1226 "-" "Mozilla/5.0 (compatible; AhrefsBot/5.1; +http://ahrefs.com/robot/)"
180.76.15.15 - - [18/Dec/2016:08:20:44 +0100] "GET /impressum/impressum.html HTTP/1.1" 200 7872 "-" "Mozilla/5.0 (compatible; Baiduspider/2.0; +http://www.baidu.com/search/spider.html)"
151.80.31.184 - - [18/Dec/2016:10:22:01 +0100] "GET /robots.txt HTTP/1.1" 200 298 "-" "Mozilla/5.0 (compatible; AhrefsBot/5.1; +http://ahrefs.com/robot/)"
178.255.215.84 - - [18/Dec/2016:18:54:51 +0100] "GET /robots.txt HTTP/1.1" 200 298 "-" "Mozilla/5.0 (compatible; Exabot/3.0; +http://www.exabot.com/go/robot)"
178.255.215.84 - - [18/Dec/2016:18:54:51 +0100] "GET / HTTP/1.1" 200 15853 "-" "Mozilla/5.0 (compatible; Exabot/3.0; +http://www.exabot.com/go/robot)"
5.9.145.132 - - [19/Dec/2016:01:29:42 +0100] "GET /impressum/impressum.html HTTP/1.1" 200 7872 "-" "Mozilla/5.0 (Windows NT 6.1; WOW64; rv:21.0) Gecko/20100101 Firefox/21.0"
46.229.170.197 - - [19/Dec/2016:06:47:55 +0100] "GET / HTTP/1.1" 200 15853 "-" "Mozilla/5.0 (Windows NT 6.1; rv:2.0b7pre) Gecko/20100921 Firefox/4.0b7pre"
66.249.76.5 - - [19/Dec/2016:11:06:41 +0100] "GET /robots.txt HTTP/1.1" 200 298 "-" "Mozilla/5.0 (compatible; Googlebot/2.1; +http://www.google.com/bot.html)"
66.249.76.3 - - [19/Dec/2016:11:06:41 +0100] "GET /hoyxslnflffny.html HTTP/1.1" 404 1256 "-" "Mozilla/5.0 (compatible; Googlebot/2.1; +http://www.google.com/bot.html)"
178.255.215.84 - - [19/Dec/2016:13:54:16 +0100] "GET /phpBB2/index.php HTTP/1.1" 401 1226 "-" "Mozilla/5.0 (compatible; Exabot/3.0; +http://www.exabot.com/go/robot)"
68.180.231.49 - - [19/Dec/2016:15:18:08 +0100] "GET /robots.txt HTTP/1.1" 200 298 "-" "Mozilla/5.0 (compatible; Yahoo! Slurp; http://help.yahoo.com/help/us/ysearch/slurp)"
68.180.231.49 - - [19/Dec/2016:15:18:09 +0100] "GET /index.html HTTP/1.1" 200 15853 "-" "Mozilla/5.0 (compatible; Yahoo! Slurp; http://help.yahoo.com/help/us/ysearch/slurp)"
68.180.231.49 - - [19/Dec/2016:15:30:33 +0100] "GET /env/jomox/jomox.html HTTP/1.1" 200 14935 "-" "Mozilla/5.0 (compatible; Yahoo! Slurp; http://help.yahoo.com/help/us/ysearch/slurp)"
68.180.231.49 - - [19/Dec/2016:15:45:45 +0100] "GET /env/jomox/pics/pic_airbase99.html HTTP/1.1" 200 759 "-" "Mozilla/5.0 (compatible; Yahoo! Slurp; http://help.yahoo.com/help/us/ysearch/slurp)"
180.76.15.143 - - [19/Dec/2016:17:18:21 +0100] "GET / HTTP/1.1" 200 15853 "-" "Mozilla/5.0 (compatible; Baiduspider/2.0; +http://www.baidu.com/search/spider.html)"
185.19.196.155 - - [19/Dec/2016:17:21:21 +0100] "GET /env/env.html HTTP/1.1" 200 12438 "-" "Mozilla/5.0 (iPad; CPU OS 10_2 like Mac OS X) AppleWebKit/602.3.12 (KHTML, like Gecko) Version/10.0 Mobile/14C92 Safari/602.1"
195.154.199.66 - - [19/Dec/2016:21:30:49 +0100] "GET /upload.php HTTP/1.0" 200 161 "-" "Mozilla/5.0 (Windows NT 6.1) AppleWebKit/537.36 (KHTML, like Gecko) Chrome/41.0.2228.0 Safari/537.36"
180.76.15.161 - - [20/Dec/2016:04:42:26 +0100] "GET /index.html HTTP/1.1" 200 15853 "-" "Mozilla/5.0 (compatible; Baiduspider/2.0; +http://www.baidu.com/search/spider.html)"
180.76.15.156 - - [20/Dec/2016:04:42:27 +0100] "GET / HTTP/1.1" 200 15853 "-" "Mozilla/5.0 (compatible; Baiduspider/2.0; +http://www.baidu.com/search/spider.html)"
157.55.39.28 - - [20/Dec/2016:05:06:32 +0100] "GET /robots.txt HTTP/1.1" 200 298 "-" "Mozilla/5.0 (compatible; bingbot/2.0; +http://www.bing.com/bingbot.htm)"
157.55.39.28 - - [20/Dec/2016:05:06:40 +0100] "GET /impressum/impressum.html HTTP/1.1" 200 7872 "-" "Mozilla/5.0 (iPhone; CPU iPhone OS 7_0 like Mac OS X) AppleWebKit/537.51.1 (KHTML, like Gecko) Version/7.0 Mobile/11A465 Safari/9537.53 (compatible; bingbot/2.0; +http://www.bing.com/bingbot.htm)"
157.55.39.208 - - [20/Dec/2016:05:06:48 +0100] "GET /robots.txt HTTP/1.1" 200 298 "-" "Mozilla/5.0 (compatible; bingbot/2.0; +http://www.bing.com/bingbot.htm)"
157.55.39.208 - - [20/Dec/2016:05:06:48 +0100] "GET /robots.txt HTTP/1.1" 200 298 "-" "Mozilla/5.0 (compatible; bingbot/2.0; +http://www.bing.com/bingbot.htm)"
157.55.39.208 - - [20/Dec/2016:05:06:48 +0100] "GET /robots.txt HTTP/1.1" 200 298 "-" "Mozilla/5.0 (compatible; bingbot/2.0; +http://www.bing.com/bingbot.htm)"
157.55.39.28 - - [20/Dec/2016:05:06:58 +0100] "GET /impressum/images/15x15.jpg HTTP/1.1" 200 631 "-" "Mozilla/5.0 (iPhone; CPU iPhone OS 7_0 like Mac OS X) AppleWebKit/537.51.1 (KHTML, like Gecko) Version/7.0 Mobile/11A465 Safari/9537.53 (compatible; bingbot/2.0; +http://www.bing.com/bingbot.htm)"
157.55.39.28 - - [20/Dec/2016:05:06:58 +0100] "GET /impressum/images/span.jpg HTTP/1.1" 200 811 "-" "Mozilla/5.0 (iPhone; CPU iPhone OS 7_0 like Mac OS X) AppleWebKit/537.51.1 (KHTML, like Gecko) Version/7.0 Mobile/11A465 Safari/9537.53 (compatible; bingbot/2.0; +http://www.bing.com/bingbot.htm)"
157.55.39.208 - - [20/Dec/2016:05:07:03 +0100] "GET /impressum/images/10x10_CCCCCC.jpg HTTP/1.1" 200 631 "-" "Mozilla/5.0 (iPhone; CPU iPhone OS 7_0 like Mac OS X) AppleWebKit/537.51.1 (KHTML, like Gecko) Version/7.0 Mobile/11A465 Safari/9537.53 (compatible; bingbot/2.0; +http://www.bing.com/bingbot.htm)"
157.55.39.208 - - [20/Dec/2016:05:07:03 +0100] "GET /impressum/images/logo_big.jpg HTTP/1.1" 200 12681 "-" "Mozilla/5.0 (iPhone; CPU iPhone OS 7_0 like Mac OS X) AppleWebKit/537.51.1 (KHTML, like Gecko) Version/7.0 Mobile/11A465 Safari/9537.53 (compatible; bingbot/2.0; +http://www.bing.com/bingbot.htm)"
157.55.39.26 - - [20/Dec/2016:05:07:10 +0100] "GET /impressum/images/pixel.gif HTTP/1.1" 200 43 "-" "Mozilla/5.0 (iPhone; CPU iPhone OS 7_0 like Mac OS X) AppleWebKit/537.51.1 (KHTML, like Gecko) Version/7.0 Mobile/11A465 Safari/9537.53 (compatible; bingbot/2.0; +http://www.bing.com/bingbot.htm)"
178.255.215.84 - - [20/Dec/2016:05:18:35 +0100] "GET /robots.txt HTTP/1.1" 200 298 "-" "Mozilla/5.0 (compatible; Exabot/3.0; +http://www.exabot.com/go/robot)"
178.255.215.84 - - [20/Dec/2016:05:18:35 +0100] "GET / HTTP/1.1" 200 15853 "-" "Mozilla/5.0 (compatible; Exabot/3.0; +http://www.exabot.com/go/robot)"
217.92.30.179 - - [20/Dec/2016:05:37:33 +0100] "GET / HTTP/1.1" 200 15853 "-" "Mozilla/5.0 (Windows NT 10.0; WOW64) AppleWebKit/537.36 (KHTML, like Gecko) Chrome/52.0.2743.116 Safari/537.36"
46.229.168.73 - - [20/Dec/2016:18:12:55 +0100] "GET /env/roland/sc880.html HTTP/1.1" 200 17092 "-" "Mozilla/5.0 (compatible; SemrushBot/1.1~bl; +http://www.semrush.com/bot.html)"
46.229.168.73 - - [20/Dec/2016:18:14:47 +0100] "GET /friends/friends.html HTTP/1.1" 401 1226 "-" "Mozilla/5.0 (compatible; SemrushBot/1.1~bl; +http://www.semrush.com/bot.html)"
85.25.202.18 - - [20/Dec/2016:18:44:30 +0100] "GET / HTTP/1.1" 200 15853 "http://www.sumaja.de/?such_wert=roland" "T-Online Browser (Windows NT 6.1; de)"
46.229.168.65 - - [20/Dec/2016:18:48:10 +0100] "GET /impressum/impressum.html HTTP/1.1" 200 7872 "-" "Mozilla/5.0 (compatible; SemrushBot/1.1~bl; +http://www.semrush.com/bot.html)"
46.229.168.69 - - [20/Dec/2016:19:54:00 +0100] "GET /env/jomox/download/airbase99.LSO HTTP/1.1" 200 387896 "-" "Mozilla/5.0 (compatible; SemrushBot/1.1~bl; +http://www.semrush.com/bot.html)"
46.229.168.68 - - [20/Dec/2016:20:56:20 +0100] "GET /privat/privat.html HTTP/1.1" 401 1226 "-" "Mozilla/5.0 (compatible; SemrushBot/1.1~bl; +http://www.semrush.com/bot.html)"
46.229.168.69 - - [20/Dec/2016:21:03:19 +0100] "GET /env/env.html HTTP/1.1" 200 12438 "-" "Mozilla/5.0 (compatible; SemrushBot/1.1~bl; +http://www.semrush.com/bot.html)"
180.76.15.22 - - [20/Dec/2016:22:20:07 +0100] "GET / HTTP/1.1" 200 15853 "-" "Mozilla/5.0 (compatible; Baiduspider/2.0; +http://www.baidu.com/search/spider.html)"
136.243.33.232 - - [20/Dec/2016:23:56:44 +0100] "GET / HTTP/1.1" 200 15853 "-" "vebidoobot"
136.243.33.232 - - [20/Dec/2016:23:56:44 +0100] "GET /robots.txt HTTP/1.1" 200 298 "-" "vebidoobot"
136.243.33.232 - - [20/Dec/2016:23:56:44 +0100] "GET / HTTP/1.1" 200 15853 "-" "vebidoobot"
136.243.33.232 - - [20/Dec/2016:23:56:44 +0100] "GET / HTTP/1.1" 200 15853 "-" "vebidoobot"
136.243.33.232 - - [20/Dec/2016:23:56:45 +0100] "GET /phpBB2/index.php HTTP/1.1" 401 1226 "-" "vebidoobot"
136.243.33.232 - - [20/Dec/2016:23:56:45 +0100] "GET /friends/friends.html HTTP/1.1" 401 1226 "-" "vebidoobot"
136.243.33.232 - - [20/Dec/2016:23:56:45 +0100] "GET /privat/privat.html HTTP/1.1" 401 1226 "-" "vebidoobot"
136.243.33.232 - - [20/Dec/2016:23:56:45 +0100] "GET /env/env.html HTTP/1.1" 200 12438 "-" "vebidoobot"
136.243.33.232 - - [20/Dec/2016:23:56:47 +0100] "GET / HTTP/1.1" 200 15853 "-" "vebidoobot"
136.243.33.232 - - [20/Dec/2016:23:56:49 +0100] "GET /phpBB2/index.php HTTP/1.1" 401 1226 "-" "vebidoobot"
136.243.33.232 - - [20/Dec/2016:23:56:51 +0100] "GET /friends/friends.html HTTP/1.1" 401 1226 "-" "vebidoobot"
136.243.33.232 - - [20/Dec/2016:23:56:53 +0100] "GET /privat/privat.html HTTP/1.1" 401 1226 "-" "vebidoobot"
136.243.33.232 - - [20/Dec/2016:23:56:55 +0100] "GET /env/env.html HTTP/1.1" 200 12438 "-" "vebidoobot"
136.243.33.232 - - [20/Dec/2016:23:56:57 +0100] "GET /impressum/impressum.html HTTP/1.1" 200 7872 "-" "vebidoobot"
136.243.33.232 - - [20/Dec/2016:23:56:59 +0100] "GET /env/jomox/jomox.html HTTP/1.1" 200 14935 "-" "vebidoobot"
136.243.33.232 - - [20/Dec/2016:23:57:02 +0100] "GET /index.html HTTP/1.1" 200 15853 "-" "vebidoobot"
136.243.33.232 - - [20/Dec/2016:23:57:04 +0100] "GET /env/roland/sc880.html HTTP/1.1" 200 17092 "-" "vebidoobot"
136.243.33.232 - - [20/Dec/2016:23:57:06 +0100] "GET /links/links.html HTTP/1.1" 200 278 "-" "vebidoobot"
136.243.33.232 - - [20/Dec/2016:23:57:08 +0100] "GET /env/jomox/download/airbase99.LSO HTTP/1.1" 200 387896 "-" "vebidoobot"
136.243.33.232 - - [20/Dec/2016:23:57:10 +0100] "GET /env/index.html HTTP/1.1" 404 1256 "-" "vebidoobot"
136.243.33.232 - - [20/Dec/2016:23:57:12 +0100] "GET /env/impressum/impressum.html HTTP/1.1" 404 1256 "-" "vebidoobot"
136.243.33.232 - - [20/Dec/2016:23:57:14 +0100] "GET /env/jomox/pics/pic_airbase99.html HTTP/1.1" 200 759 "-" "vebidoobot"
136.243.33.232 - - [20/Dec/2016:23:57:16 +0100] "GET /env/friends/friends.html HTTP/1.1" 404 1256 "-" "vebidoobot"
136.243.33.232 - - [20/Dec/2016:23:57:18 +0100] "GET /env/links/links.html HTTP/1.1" 404 1256 "-" "vebidoobot"
136.243.33.232 - - [20/Dec/2016:23:57:20 +0100] "GET /env/privat/privat.html HTTP/1.1" 404 1256 "-" "vebidoobot"
136.243.33.232 - - [20/Dec/2016:23:57:22 +0100] "GET /env/roland/pics/pic_sc880.html HTTP/1.1" 200 755 "-" "vebidoobot"
5.9.89.170 - - [21/Dec/2016:07:22:41 +0100] "GET /robots.txt HTTP/1.1" 200 298 "-" "Mozilla/5.0 (compatible; MJ12bot/v1.4.7; http://mj12bot.com/)"
5.9.89.170 - - [21/Dec/2016:07:22:43 +0100] "GET /env/env.html HTTP/1.1" 200 12438 "-" "Mozilla/5.0 (compatible; MJ12bot/v1.4.7; http://mj12bot.com/)"
5.9.89.170 - - [21/Dec/2016:07:22:44 +0100] "GET /env/jomox/jomox.html HTTP/1.1" 200 14935 "-" "Mozilla/5.0 (compatible; MJ12bot/v1.4.7; http://mj12bot.com/)"
5.9.89.170 - - [21/Dec/2016:07:22:46 +0100] "GET /friends/friends.html HTTP/1.1" 401 1226 "-" "Mozilla/5.0 (compatible; MJ12bot/v1.4.7; http://mj12bot.com/)"
5.9.89.170 - - [21/Dec/2016:07:22:47 +0100] "GET /impressum/impressum.html HTTP/1.1" 200 7872 "-" "Mozilla/5.0 (compatible; MJ12bot/v1.4.7; http://mj12bot.com/)"
5.9.89.170 - - [21/Dec/2016:07:22:49 +0100] "GET /index.html HTTP/1.1" 200 15853 "-" "Mozilla/5.0 (compatible; MJ12bot/v1.4.7; http://mj12bot.com/)"
5.9.89.170 - - [21/Dec/2016:07:22:50 +0100] "GET /phpBB2/index.php HTTP/1.1" 401 1226 "-" "Mozilla/5.0 (compatible; MJ12bot/v1.4.7; http://mj12bot.com/)"
5.9.89.170 - - [21/Dec/2016:07:22:53 +0100] "GET /privat/privat.html HTTP/1.1" 401 1226 "-" "Mozilla/5.0 (compatible; MJ12bot/v1.4.7; http://mj12bot.com/)"
178.255.215.84 - - [21/Dec/2016:10:29:09 +0100] "GET /robots.txt HTTP/1.1" 200 298 "-" "Mozilla/5.0 (compatible; Exabot/3.0; +http://www.exabot.com/go/robot)"
178.255.215.84 - - [21/Dec/2016:10:29:09 +0100] "GET /privat/privat.html HTTP/1.1" 401 1226 "-" "Mozilla/5.0 (compatible; Exabot/3.0; +http://www.exabot.com/go/robot)"
46.229.164.99 - - [21/Dec/2016:11:38:43 +0100] "GET /robots.txt HTTP/1.1" 200 298 "-" "Mozilla/5.0 (compatible; SemrushBot/1.1~bl; +http://www.semrush.com/bot.html)"
151.80.31.184 - - [21/Dec/2016:12:53:54 +0100] "GET /robots.txt HTTP/1.1" 200 298 "-" "Mozilla/5.0 (compatible; AhrefsBot/5.1; +http://ahrefs.com/robot/)"
163.172.65.115 - - [21/Dec/2016:12:53:54 +0100] "GET /links/links.html HTTP/1.1" 200 278 "-" "Mozilla/5.0 (compatible; AhrefsBot/5.1; +http://ahrefs.com/robot/)"
157.55.39.28 - - [21/Dec/2016:17:41:24 +0100] "GET /robots.txt HTTP/1.1" 200 298 "-" "Mozilla/5.0 (compatible; bingbot/2.0; +http://www.bing.com/bingbot.htm)"
157.55.39.28 - - [21/Dec/2016:17:41:36 +0100] "GET /impressum/impressum.html HTTP/1.1" 200 7872 "-" "Mozilla/5.0 (iPhone; CPU iPhone OS 7_0 like Mac OS X) AppleWebKit/537.51.1 (KHTML, like Gecko) Version/7.0 Mobile/11A465 Safari/9537.53 (compatible; bingbot/2.0; +http://www.bing.com/bingbot.htm)"
180.76.15.15 - - [21/Dec/2016:17:43:02 +0100] "GET /phpBB2/index.php HTTP/1.1" 401 1226 "-" "Mozilla/5.0 (compatible; Baiduspider/2.0; +http://www.baidu.com/search/spider.html)"
180.76.15.145 - - [21/Dec/2016:18:50:01 +0100] "GET /friends/friends.html HTTP/1.1" 401 1226 "-" "Mozilla/5.0 (compatible; Baiduspider/2.0; +http://www.baidu.com/search/spider.html)"
93.200.98.245 - - [22/Dec/2016:00:41:17 +0100] "GET /env/env.html HTTP/1.1" 200 12438 "-" "Mozilla/5.0 (iPhone; CPU iPhone OS 10_2 like Mac OS X) AppleWebKit/602.3.12 (KHTML, like Gecko) Version/10.0 Mobile/14C92 Safari/602.1"
68.180.231.49 - - [22/Dec/2016:02:15:55 +0100] "GET /robots.txt HTTP/1.1" 200 298 "-" "Mozilla/5.0 (compatible; Yahoo! Slurp; http://help.yahoo.com/help/us/ysearch/slurp)"
68.180.231.49 - - [22/Dec/2016:02:15:56 +0100] "GET /friends/friends.html HTTP/1.1" 401 1226 "-" "Mozilla/5.0 (compatible; Yahoo! Slurp; http://help.yahoo.com/help/us/ysearch/slurp)"
178.255.215.84 - - [22/Dec/2016:09:47:38 +0100] "GET / HTTP/1.1" 200 15853 "-" "Mozilla/5.0 (compatible; Exabot/3.0; +http://www.exabot.com/go/robot)"
93.200.98.245 - - [22/Dec/2016:21:04:33 +0100] "GET /env/env.html HTTP/1.1" 200 12438 "-" "Mozilla/5.0 (iPhone; CPU iPhone OS 10_2 like Mac OS X) AppleWebKit/602.3.12 (KHTML, like Gecko) Version/10.0 Mobile/14C92 Safari/602.1"
163.172.64.187 - - [22/Dec/2016:23:40:55 +0100] "GET /env/env.html HTTP/1.1" 200 12438 "-" "Mozilla/5.0 (compatible; AhrefsBot/5.1; +http://ahrefs.com/robot/)"
91.60.229.133 - - [23/Dec/2016:00:29:29 +0100] "GET /env/env.html HTTP/1.1" 200 12438 "-" "Mozilla/5.0 (iPhone; CPU iPhone OS 10_2 like Mac OS X) AppleWebKit/602.3.12 (KHTML, like Gecko) Version/10.0 Mobile/14C92 Safari/602.1"
157.55.39.208 - - [23/Dec/2016:03:05:58 +0100] "GET /images/span.jpg HTTP/1.1" 200 811 "-" "Mozilla/5.0 (compatible; bingbot/2.0; +http://www.bing.com/bingbot.htm)"
148.251.75.46 - - [23/Dec/2016:04:21:19 +0100] "GET / HTTP/1.1" 200 15853 "-" "Mozilla/5.0 (Windows NT 6.1; U;WOW64; de;rv:11.0) Gecko Firefox/11.0"
148.251.75.46 - - [23/Dec/2016:04:21:23 +0100] "GET /index.html HTTP/1.1" 200 15853 "-" "Mozilla/5.0 (X11; Ubuntu; Linux i686; rv:15.0) Gecko/20100101 Firefox/15.0.1"
148.251.75.46 - - [23/Dec/2016:04:21:24 +0100] "GET /impressum/impressum.html HTTP/1.1" 200 7872 "-" "Mozilla/5.0 (X11; Ubuntu; Linux i686; rv:14.0) Gecko/20100101 Firefox/14.0.1"
195.154.191.64 - - [23/Dec/2016:08:46:27 +0100] "GET /upload.php HTTP/1.0" 200 161 "-" "Mozilla/5.0 (Windows NT 6.1) AppleWebKit/537.36 (KHTML, like Gecko) Chrome/41.0.2228.0 Safari/537.36"
180.76.15.14 - - [23/Dec/2016:20:04:07 +0100] "GET /robots.txt HTTP/1.1" 200 298 "-" "Mozilla/5.0 (Windows NT 5.1; rv:6.0.2) Gecko/20100101 Firefox/6.0.2"
180.76.15.156 - - [23/Dec/2016:20:04:07 +0100] "GET /robots.txt HTTP/1.1" 200 298 "-" "Mozilla/5.0 (Windows NT 5.1; rv:6.0.2) Gecko/20100101 Firefox/6.0.2"
180.76.15.137 - - [23/Dec/2016:20:04:12 +0100] "GET /impressum/impressum.html HTTP/1.1" 200 7872 "-" "Mozilla/5.0 (compatible; Baiduspider/2.0; +http://www.baidu.com/search/spider.html)"
108.59.8.80 - - [23/Dec/2016:23:13:46 +0100] "GET /robots.txt HTTP/1.1" 200 298 "-" "Mozilla/5.0 (compatible; MJ12bot/v1.4.7; http://mj12bot.com/)"
108.59.8.80 - - [23/Dec/2016:23:13:49 +0100] "GET / HTTP/1.1" 200 15853 "-" "Mozilla/5.0 (compatible; MJ12bot/v1.4.7; http://mj12bot.com/)"
157.55.39.28 - - [24/Dec/2016:01:54:33 +0100] "GET /robots.txt HTTP/1.1" 200 298 "-" "Mozilla/5.0 (compatible; bingbot/2.0; +http://www.bing.com/bingbot.htm)"
157.55.39.28 - - [24/Dec/2016:01:54:38 +0100] "GET / HTTP/1.1" 200 15853 "-" "Mozilla/5.0 (iPhone; CPU iPhone OS 7_0 like Mac OS X) AppleWebKit/537.51.1 (KHTML, like Gecko) Version/7.0 Mobile/11A465 Safari/9537.53 (compatible; bingbot/2.0; +http://www.bing.com/bingbot.htm)"
157.55.39.208 - - [24/Dec/2016:01:54:46 +0100] "GET /robots.txt HTTP/1.1" 200 298 "-" "Mozilla/5.0 (compatible; bingbot/2.0; +http://www.bing.com/bingbot.htm)"
157.55.39.105 - - [24/Dec/2016:02:33:57 +0100] "GET /images/10x10_CCCCCC.jpg HTTP/1.1" 200 631 "-" "Mozilla/5.0 (compatible; bingbot/2.0; +http://www.bing.com/bingbot.htm)"
180.76.15.157 - - [24/Dec/2016:06:47:07 +0100] "GET / HTTP/1.1" 200 15853 "-" "Mozilla/5.0 (compatible; Baiduspider/2.0; +http://www.baidu.com/search/spider.html)"
112.16.34.146 - - [24/Dec/2016:08:29:30 +0100] "GET / HTTP/1.1" 200 15853 "-" "Apache-HttpClient/4.2.5 (java 1.5)"
112.16.34.146 - - [24/Dec/2016:08:29:32 +0100] "GET /privat/privat.html HTTP/1.1" 401 1226 "-" "Apache-HttpClient/4.2.5 (java 1.5)"
112.16.34.146 - - [24/Dec/2016:08:29:33 +0100] "GET /friends/friends.html HTTP/1.1" 401 1226 "-" "Apache-HttpClient/4.2.5 (java 1.5)"
112.16.34.146 - - [24/Dec/2016:08:29:33 +0100] "GET /phpBB2/index.php HTTP/1.1" 401 1226 "-" "Apache-HttpClient/4.2.5 (java 1.5)"
112.16.34.146 - - [24/Dec/2016:08:29:34 +0100] "GET /env/env.html HTTP/1.1" 200 12438 "-" "Apache-HttpClient/4.2.5 (java 1.5)"
112.16.34.146 - - [24/Dec/2016:08:29:35 +0100] "GET /mailto:mb@f-m-computer.de HTTP/1.1" 404 1256 "-" "Apache-HttpClient/4.2.5 (java 1.5)"
112.16.34.146 - - [24/Dec/2016:08:29:36 +0100] "GET /index.html HTTP/1.1" 200 15853 "-" "Apache-HttpClient/4.2.5 (java 1.5)"
112.16.34.146 - - [24/Dec/2016:08:29:38 +0100] "GET /env/jomox/jomox.html HTTP/1.1" 200 14935 "-" "Apache-HttpClient/4.2.5 (java 1.5)"
112.16.34.146 - - [24/Dec/2016:08:29:39 +0100] "GET /impressum/impressum.html HTTP/1.1" 200 7872 "-" "Apache-HttpClient/4.2.5 (java 1.5)"
195.154.199.66 - - [24/Dec/2016:13:52:07 +0100] "GET /upload.php HTTP/1.0" 200 161 "-" "Mozilla/5.0 (Windows NT 6.1) AppleWebKit/537.36 (KHTML, like Gecko) Chrome/41.0.2228.0 Safari/537.36"
5.255.251.2 - - [24/Dec/2016:17:08:53 +0100] "GET /robots.txt HTTP/1.1" 200 298 "-" "Mozilla/5.0 (compatible; YandexBot/3.0; +http://yandex.com/bots)"
158.69.225.35 - - [24/Dec/2016:19:00:53 +0100] "GET / HTTP/1.1" 200 15853 "-" "Mozilla/5.0 (compatible; Dataprovider.com;)"
158.69.225.35 - - [24/Dec/2016:19:00:57 +0100] "GET /robots.txt HTTP/1.1" 200 298 "-" "Mozilla/5.0 (compatible; Dataprovider.com;)"
158.69.225.35 - - [24/Dec/2016:19:00:57 +0100] "GET /sitemap.xml HTTP/1.1" 404 1256 "-" "Mozilla/5.0 (compatible; Dataprovider.com;)"
158.69.225.35 - - [24/Dec/2016:19:00:58 +0100] "GET / HTTP/1.1" 200 15853 "-" "Mozilla/5.0 (compatible; Dataprovider.com;)"
158.69.225.35 - - [24/Dec/2016:19:00:59 +0100] "GET /impressum/impressum.html HTTP/1.1" 200 7872 "-" "Mozilla/5.0 (compatible; Dataprovider.com;)"
158.69.225.35 - - [24/Dec/2016:19:01:00 +0100] "GET /links/links.html HTTP/1.1" 200 278 "-" "Mozilla/5.0 (compatible; Dataprovider.com;)"
158.69.225.35 - - [24/Dec/2016:19:01:01 +0100] "GET /env/env.html HTTP/1.1" 200 12438 "-" "Mozilla/5.0 (compatible; Dataprovider.com;)"
158.69.225.35 - - [24/Dec/2016:19:01:02 +0100] "GET /env/jomox/jomox.html HTTP/1.1" 200 14935 "-" "Mozilla/5.0 (compatible; Dataprovider.com;)"
158.69.225.35 - - [24/Dec/2016:19:01:03 +0100] "GET /privat/privat.html HTTP/1.1" 401 1226 "-" "Mozilla/5.0 (compatible; Dataprovider.com;)"
158.69.225.35 - - [24/Dec/2016:19:01:04 +0100] "GET /phpBB2/index.php HTTP/1.1" 401 1226 "-" "Mozilla/5.0 (compatible; Dataprovider.com;)"
158.69.225.35 - - [24/Dec/2016:19:01:05 +0100] "GET /index.html HTTP/1.1" 200 15853 "-" "Mozilla/5.0 (compatible; Dataprovider.com;)"
158.69.225.35 - - [24/Dec/2016:19:01:06 +0100] "GET /friends/friends.html HTTP/1.1" 401 1226 "-" "Mozilla/5.0 (compatible; Dataprovider.com;)"
158.69.225.35 - - [24/Dec/2016:19:01:07 +0100] "GET /env/roland/sc880.html HTTP/1.1" 200 17092 "-" "Mozilla/5.0 (compatible; Dataprovider.com;)"
158.69.225.35 - - [24/Dec/2016:19:01:08 +0100] "GET /env/jomox/download/airbase99.LSO HTTP/1.1" 200 387896 "-" "Mozilla/5.0 (compatible; Dataprovider.com;)"
158.69.225.35 - - [24/Dec/2016:19:01:09 +0100] "GET /env/jomox/pics/pic_airbase99.html HTTP/1.1" 200 759 "-" "Mozilla/5.0 (compatible; Dataprovider.com;)"
158.69.225.35 - - [24/Dec/2016:19:01:10 +0100] "GET /env/roland/pics/pic_sc880.html HTTP/1.1" 200 755 "-" "Mozilla/5.0 (compatible; Dataprovider.com;)"
158.69.225.35 - - [24/Dec/2016:19:01:11 +0100] "GET / HTTP/1.1" 200 15853 "-" "Mozilla/5.0 (Linux; Android 5.1.1; SM-G925F Build/LMY47X) AppleWebKit/537.36 (KHTML, like Gecko) Chrome/45.0.2454.94 Mobile Safari/537.36"
185.19.196.155 - - [25/Dec/2016:02:33:09 +0100] "GET /env/env.html HTTP/1.1" 200 12438 "-" "Mozilla/5.0 (iPhone; CPU iPhone OS 10_2 like Mac OS X) AppleWebKit/602.3.12 (KHTML, like Gecko) Version/10.0 Mobile/14C92 Safari/602.1"
180.76.15.156 - - [25/Dec/2016:14:38:58 +0100] "GET / HTTP/1.1" 200 15853 "-" "Mozilla/5.0 (compatible; Baiduspider/2.0; +http://www.baidu.com/search/spider.html)"
180.76.15.14 - - [25/Dec/2016:18:57:59 +0100] "GET /index.html HTTP/1.1" 200 15853 "-" "Mozilla/5.0 (compatible; Baiduspider/2.0; +http://www.baidu.com/search/spider.html)"
180.76.15.146 - - [25/Dec/2016:18:58:00 +0100] "GET / HTTP/1.1" 200 15853 "-" "Mozilla/5.0 (compatible; Baiduspider/2.0; +http://www.baidu.com/search/spider.html)"
68.180.231.49 - - [25/Dec/2016:20:20:56 +0100] "GET /robots.txt HTTP/1.1" 200 298 "-" "Mozilla/5.0 (compatible; Yahoo! Slurp; http://help.yahoo.com/help/us/ysearch/slurp)"
68.180.231.49 - - [25/Dec/2016:20:20:57 +0100] "GET /links/links.html HTTP/1.1" 200 278 "-" "Mozilla/5.0 (compatible; Yahoo! Slurp; http://help.yahoo.com/help/us/ysearch/slurp)"
5.255.251.7 - - [25/Dec/2016:21:24:58 +0100] "GET /robots.txt HTTP/1.1" 200 298 "-" "Mozilla/5.0 (compatible; YandexBot/3.0; +http://yandex.com/bots)"
5.255.251.7 - - [25/Dec/2016:21:25:02 +0100] "GET /favicon.ico HTTP/1.1" 404 1256 "-" "Mozilla/5.0 (compatible; YandexBot/3.0; +http://yandex.com/bots)"
46.229.168.71 - - [25/Dec/2016:21:29:22 +0100] "GET /env/jomox/pics/pic_airbase99.html HTTP/1.1" 200 759 "-" "Mozilla/5.0 (compatible; SemrushBot/1.1~bl; +http://www.semrush.com/bot.html)"
46.229.168.67 - - [25/Dec/2016:21:34:38 +0100] "GET /index.html HTTP/1.1" 200 15853 "-" "Mozilla/5.0 (compatible; SemrushBot/1.1~bl; +http://www.semrush.com/bot.html)"
46.229.168.74 - - [25/Dec/2016:22:14:48 +0100] "GET /env/jomox/jomox.html HTTP/1.1" 200 14935 "-" "Mozilla/5.0 (compatible; SemrushBot/1.1~bl; +http://www.semrush.com/bot.html)"
195.154.194.192 - - [25/Dec/2016:23:58:28 +0100] "GET /update.php HTTP/1.0" 404 1256 "-" "Mozilla/5.0 (Windows NT 6.1) AppleWebKit/537.36 (KHTML, like Gecko) Chrome/41.0.2228.0 Safari/537.36"
195.154.194.192 - - [25/Dec/2016:23:58:28 +0100] "GET /update.php HTTP/1.0" 404 1256 "-" "Mozilla/5.0 (Windows NT 6.1) AppleWebKit/537.36 (KHTML, like Gecko) Chrome/41.0.2228.0 Safari/537.36"
94.23.27.166 - - [26/Dec/2016:01:13:45 +0100] "GET /robots.txt HTTP/1.0" 200 298 "-" ""
94.23.27.166 - - [26/Dec/2016:01:13:45 +0100] "GET / HTTP/1.1" 206 15853 "-" "Mozilla/5.0 (X11; Linux x86_64) AppleWebKit/534.30 (KHTML, like Gecko) Ubuntu/10.04 Chromium/12.0.742.112 Chrome/12.0.742.112 Safari/534.30"
94.23.27.166 - - [26/Dec/2016:01:13:47 +0100] "GET /index.html HTTP/1.1" 206 15853 "-" "Mozilla/5.0 (X11; Linux x86_64) AppleWebKit/534.30 (KHTML, like Gecko) Ubuntu/10.04 Chromium/12.0.742.112 Chrome/12.0.742.112 Safari/534.30"
94.23.27.166 - - [26/Dec/2016:01:13:49 +0100] "GET /env/env.html HTTP/1.1" 206 12438 "-" "Mozilla/5.0 (X11; Linux x86_64) AppleWebKit/534.30 (KHTML, like Gecko) Ubuntu/10.04 Chromium/12.0.742.112 Chrome/12.0.742.112 Safari/534.30"
94.23.27.166 - - [26/Dec/2016:01:13:51 +0100] "GET /friends/friends.html HTTP/1.1" 401 1226 "-" "Mozilla/5.0 (X11; Linux x86_64) AppleWebKit/534.30 (KHTML, like Gecko) Ubuntu/10.04 Chromium/12.0.742.112 Chrome/12.0.742.112 Safari/534.30"
94.23.27.166 - - [26/Dec/2016:01:13:51 +0100] "GET /phpBB2/index.php HTTP/1.1" 401 1226 "-" "Mozilla/5.0 (X11; Linux x86_64) AppleWebKit/534.30 (KHTML, like Gecko) Ubuntu/10.04 Chromium/12.0.742.112 Chrome/12.0.742.112 Safari/534.30"
94.23.27.166 - - [26/Dec/2016:01:13:51 +0100] "GET /privat/privat.html HTTP/1.1" 401 1226 "-" "Mozilla/5.0 (X11; Linux x86_64) AppleWebKit/534.30 (KHTML, like Gecko) Ubuntu/10.04 Chromium/12.0.742.112 Chrome/12.0.742.112 Safari/534.30"
94.23.27.166 - - [26/Dec/2016:01:13:51 +0100] "GET /impressum/impressum.html HTTP/1.1" 206 7872 "-" "Mozilla/5.0 (X11; Linux x86_64) AppleWebKit/534.30 (KHTML, like Gecko) Ubuntu/10.04 Chromium/12.0.742.112 Chrome/12.0.742.112 Safari/534.30"
94.23.27.166 - - [26/Dec/2016:01:13:54 +0100] "GET /env/jomox/jomox.html HTTP/1.1" 206 14935 "-" "Mozilla/5.0 (X11; Linux x86_64) AppleWebKit/534.30 (KHTML, like Gecko) Ubuntu/10.04 Chromium/12.0.742.112 Chrome/12.0.742.112 Safari/534.30"
94.23.27.166 - - [26/Dec/2016:01:13:56 +0100] "GET /env/roland/sc880.html HTTP/1.1" 206 17092 "-" "Mozilla/5.0 (X11; Linux x86_64) AppleWebKit/534.30 (KHTML, like Gecko) Ubuntu/10.04 Chromium/12.0.742.112 Chrome/12.0.742.112 Safari/534.30"
94.23.27.166 - - [26/Dec/2016:01:13:58 +0100] "GET /links/links.html HTTP/1.1" 206 278 "-" "Mozilla/5.0 (X11; Linux x86_64) AppleWebKit/534.30 (KHTML, like Gecko) Ubuntu/10.04 Chromium/12.0.742.112 Chrome/12.0.742.112 Safari/534.30"
94.23.27.166 - - [26/Dec/2016:01:14:00 +0100] "GET /env/jomox/download/airbase99.LSO HTTP/1.1" 206 262145 "-" "Mozilla/5.0 (X11; Linux x86_64) AppleWebKit/534.30 (KHTML, like Gecko) Ubuntu/10.04 Chromium/12.0.742.112 Chrome/12.0.742.112 Safari/534.30"
94.23.27.166 - - [26/Dec/2016:01:14:02 +0100] "GET /env/jomox/pics/pic_airbase99.html HTTP/1.1" 206 759 "-" "Mozilla/5.0 (X11; Linux x86_64) AppleWebKit/534.30 (KHTML, like Gecko) Ubuntu/10.04 Chromium/12.0.742.112 Chrome/12.0.742.112 Safari/534.30"
94.23.27.166 - - [26/Dec/2016:01:14:04 +0100] "GET /env/roland/pics/pic_sc880.html HTTP/1.1" 206 755 "-" "Mozilla/5.0 (X11; Linux x86_64) AppleWebKit/534.30 (KHTML, like Gecko) Ubuntu/10.04 Chromium/12.0.742.112 Chrome/12.0.742.112 Safari/534.30"
188.143.232.11 - - [26/Dec/2016:03:18:31 +0100] "GET /env/jomox/download/airbase99.LSO HTTP/1.1" 200 387896 "-" "Mozilla/4.0 (compatible; MSIE 6.0; Windows NT 5.1; SV1)"
185.19.196.155 - - [26/Dec/2016:04:25:43 +0100] "GET /env/env.html HTTP/1.1" 200 12438 "-" "Mozilla/5.0 (iPhone; CPU iPhone OS 10_2 like Mac OS X) AppleWebKit/602.3.12 (KHTML, like Gecko) Version/10.0 Mobile/14C92 Safari/602.1"
157.55.39.28 - - [26/Dec/2016:07:09:15 +0100] "GET /impressum/impressum.html HTTP/1.1" 200 7872 "-" "Mozilla/5.0 (iPhone; CPU iPhone OS 7_0 like Mac OS X) AppleWebKit/537.51.1 (KHTML, like Gecko) Version/7.0 Mobile/11A465 Safari/9537.53 (compatible; bingbot/2.0; +http://www.bing.com/bingbot.htm)"
157.55.39.28 - - [26/Dec/2016:07:09:32 +0100] "GET /impressum/images/15x15.jpg HTTP/1.1" 200 631 "-" "Mozilla/5.0 (iPhone; CPU iPhone OS 7_0 like Mac OS X) AppleWebKit/537.51.1 (KHTML, like Gecko) Version/7.0 Mobile/11A465 Safari/9537.53 (compatible; bingbot/2.0; +http://www.bing.com/bingbot.htm)"
157.55.39.28 - - [26/Dec/2016:07:09:32 +0100] "GET /impressum/images/span.jpg HTTP/1.1" 200 811 "-" "Mozilla/5.0 (iPhone; CPU iPhone OS 7_0 like Mac OS X) AppleWebKit/537.51.1 (KHTML, like Gecko) Version/7.0 Mobile/11A465 Safari/9537.53 (compatible; bingbot/2.0; +http://www.bing.com/bingbot.htm)"
157.55.39.26 - - [26/Dec/2016:07:09:37 +0100] "GET /impressum/images/pixel.gif HTTP/1.1" 200 43 "-" "Mozilla/5.0 (iPhone; CPU iPhone OS 7_0 like Mac OS X) AppleWebKit/537.51.1 (KHTML, like Gecko) Version/7.0 Mobile/11A465 Safari/9537.53 (compatible; bingbot/2.0; +http://www.bing.com/bingbot.htm)"
157.55.39.208 - - [26/Dec/2016:07:10:11 +0100] "GET /robots.txt HTTP/1.1" 200 298 "-" "Mozilla/5.0 (compatible; bingbot/2.0; +http://www.bing.com/bingbot.htm)"
157.55.39.208 - - [26/Dec/2016:07:10:11 +0100] "GET /impressum/images/10x10_CCCCCC.jpg HTTP/1.1" 200 631 "-" "Mozilla/5.0 (iPhone; CPU iPhone OS 7_0 like Mac OS X) AppleWebKit/537.51.1 (KHTML, like Gecko) Version/7.0 Mobile/11A465 Safari/9537.53 (compatible; bingbot/2.0; +http://www.bing.com/bingbot.htm)"
157.55.39.208 - - [26/Dec/2016:07:10:11 +0100] "GET /impressum/images/logo_big.jpg HTTP/1.1" 200 12681 "-" "Mozilla/5.0 (iPhone; CPU iPhone OS 7_0 like Mac OS X) AppleWebKit/537.51.1 (KHTML, like Gecko) Version/7.0 Mobile/11A465 Safari/9537.53 (compatible; bingbot/2.0; +http://www.bing.com/bingbot.htm)"
157.55.39.28 - - [26/Dec/2016:07:38:22 +0100] "GET / HTTP/1.1" 200 15853 "-" "Mozilla/5.0 (iPhone; CPU iPhone OS 7_0 like Mac OS X) AppleWebKit/537.51.1 (KHTML, like Gecko) Version/7.0 Mobile/11A465 Safari/9537.53 (compatible; bingbot/2.0; +http://www.bing.com/bingbot.htm)"
157.55.39.208 - - [26/Dec/2016:07:39:35 +0100] "GET /robots.txt HTTP/1.1" 200 298 "-" "Mozilla/5.0 (compatible; bingbot/2.0; +http://www.bing.com/bingbot.htm)"
107.170.9.195 - - [26/Dec/2016:09:13:04 +0100] "GET /robots.txt HTTP/1.1" 200 298 "-" "Mozilla/5.0 (compatible; spbot/5.0.3; +http://OpenLinkProfiler.org/bot )"
107.170.9.195 - - [26/Dec/2016:09:13:10 +0100] "GET / HTTP/1.1" 200 15853 "-" "Mozilla/5.0 (compatible; spbot/5.0.3; +http://OpenLinkProfiler.org/bot )"
107.170.9.195 - - [26/Dec/2016:09:13:11 +0100] "GET /index.html HTTP/1.1" 200 15853 "http://www.soundpatcher.de/" "Mozilla/5.0 (compatible; spbot/5.0.3; +http://OpenLinkProfiler.org/bot )"
107.170.9.195 - - [26/Dec/2016:09:13:14 +0100] "GET /env/env.html HTTP/1.1" 200 12438 "http://www.soundpatcher.de/" "Mozilla/5.0 (compatible; spbot/5.0.3; +http://OpenLinkProfiler.org/bot )"
107.170.9.195 - - [26/Dec/2016:09:13:19 +0100] "GET /phpBB2/index.php HTTP/1.1" 401 1226 "http://www.soundpatcher.de/" "Mozilla/5.0 (compatible; spbot/5.0.3; +http://OpenLinkProfiler.org/bot )"
107.170.9.195 - - [26/Dec/2016:09:13:24 +0100] "GET /privat/privat.html HTTP/1.1" 401 1226 "http://www.soundpatcher.de/" "Mozilla/5.0 (compatible; spbot/5.0.3; +http://OpenLinkProfiler.org/bot )"
107.170.9.195 - - [26/Dec/2016:09:13:29 +0100] "GET /friends/friends.html HTTP/1.1" 401 1226 "http://www.soundpatcher.de/" "Mozilla/5.0 (compatible; spbot/5.0.3; +http://OpenLinkProfiler.org/bot )"
107.170.9.195 - - [26/Dec/2016:09:13:34 +0100] "GET /env/jomox/jomox.html HTTP/1.1" 200 14935 "http://www.soundpatcher.de/" "Mozilla/5.0 (compatible; spbot/5.0.3; +http://OpenLinkProfiler.org/bot )"
107.170.9.195 - - [26/Dec/2016:09:13:39 +0100] "GET /links/links.html HTTP/1.1" 200 278 "http://www.soundpatcher.de/env/jomox/jomox.html" "Mozilla/5.0 (compatible; spbot/5.0.3; +http://OpenLinkProfiler.org/bot )"
107.170.9.195 - - [26/Dec/2016:09:13:45 +0100] "GET /env/roland/sc880.html HTTP/1.1" 200 17092 "http://www.soundpatcher.de/env/env.html" "Mozilla/5.0 (compatible; spbot/5.0.3; +http://OpenLinkProfiler.org/bot )"
107.170.9.195 - - [26/Dec/2016:09:13:49 +0100] "GET /impressum/impressum.html HTTP/1.1" 200 7872 "http://www.soundpatcher.de/" "Mozilla/5.0 (compatible; spbot/5.0.3; +http://OpenLinkProfiler.org/bot )"
107.170.9.195 - - [26/Dec/2016:09:13:54 +0100] "GET /env/roland/pics/pic_sc880.html HTTP/1.1" 200 755 "http://www.soundpatcher.de/env/roland/sc880.html" "Mozilla/5.0 (compatible; spbot/5.0.3; +http://OpenLinkProfiler.org/bot )"
107.170.9.195 - - [26/Dec/2016:09:13:59 +0100] "GET /env/jomox/download/airbase99.LSO HTTP/1.1" 200 387896 "http://www.soundpatcher.de/env/jomox/jomox.html" "Mozilla/5.0 (compatible; spbot/5.0.3; +http://OpenLinkProfiler.org/bot )"
107.170.9.195 - - [26/Dec/2016:09:14:04 +0100] "GET /env/jomox/pics/pic_airbase99.html HTTP/1.1" 200 759 "http://www.soundpatcher.de/env/jomox/jomox.html" "Mozilla/5.0 (compatible; spbot/5.0.3; +http://OpenLinkProfiler.org/bot )"
46.229.164.100 - - [27/Dec/2016:05:57:19 +0100] "GET /robots.txt HTTP/1.1" 200 298 "-" "Mozilla/5.0 (compatible; SemrushBot/1.1~bl; +http://www.semrush.com/bot.html)"
195.154.199.56 - - [27/Dec/2016:12:01:29 +0100] "GET /udd.php HTTP/1.0" 404 1256 "-" "Mozilla/5.0 (Windows NT 6.1) AppleWebKit/537.36 (KHTML, like Gecko) Chrome/41.0.2228.0 Safari/537.36"
195.154.199.56 - - [27/Dec/2016:12:01:29 +0100] "GET /udd.php HTTP/1.0" 404 1256 "-" "Mozilla/5.0 (Windows NT 6.1) AppleWebKit/537.36 (KHTML, like Gecko) Chrome/41.0.2228.0 Safari/537.36"
66.249.76.31 - - [27/Dec/2016:20:30:31 +0100] "GET /robots.txt HTTP/1.1" 200 298 "-" "Mozilla/5.0 (compatible; Googlebot/2.1; +http://www.google.com/bot.html)"
66.249.76.3 - - [27/Dec/2016:20:30:31 +0100] "GET / HTTP/1.1" 200 15853 "-" "Mozilla/5.0 (Linux; Android 6.0.1; Nexus 5X Build/MMB29P) AppleWebKit/537.36 (KHTML, like Gecko) Chrome/41.0.2272.96 Mobile Safari/537.36 (compatible; Googlebot/2.1; +http://www.google.com/bot.html)"
66.249.66.42 - - [28/Dec/2016:00:45:32 +0100] "GET / HTTP/1.1" 200 15853 "-" "Mozilla/5.0 (compatible; Googlebot/2.1; +http://www.google.com/bot.html)"
185.19.196.155 - - [28/Dec/2016:01:32:43 +0100] "GET /env/env.html HTTP/1.1" 200 12438 "-" "Mozilla/5.0 (iPhone; CPU iPhone OS 10_2 like Mac OS X) AppleWebKit/602.3.12 (KHTML, like Gecko) Version/10.0 Mobile/14C92 Safari/602.1"
180.76.15.12 - - [28/Dec/2016:05:36:48 +0100] "GET / HTTP/1.1" 200 15853 "-" "Mozilla/5.0 (compatible; Baiduspider/2.0; +http://www.baidu.com/search/spider.html)"
151.80.31.184 - - [28/Dec/2016:07:13:59 +0100] "GET /robots.txt HTTP/1.1" 200 298 "-" "Mozilla/5.0 (compatible; AhrefsBot/5.1; +http://ahrefs.com/robot/)"
163.172.64.180 - - [28/Dec/2016:07:13:59 +0100] "GET /index.html HTTP/1.1" 200 15853 "-" "Mozilla/5.0 (compatible; AhrefsBot/5.2; +http://ahrefs.com/robot/)"
112.16.34.146 - - [28/Dec/2016:07:44:12 +0100] "GET / HTTP/1.1" 200 15853 "-" "Apache-HttpClient/4.2.5 (java 1.5)"
112.16.34.146 - - [28/Dec/2016:07:44:14 +0100] "GET /privat/privat.html HTTP/1.1" 401 1226 "-" "Apache-HttpClient/4.2.5 (java 1.5)"
112.16.34.146 - - [28/Dec/2016:07:44:14 +0100] "GET /friends/friends.html HTTP/1.1" 401 1226 "-" "Apache-HttpClient/4.2.5 (java 1.5)"
112.16.34.146 - - [28/Dec/2016:07:44:15 +0100] "GET /phpBB2/index.php HTTP/1.1" 401 1226 "-" "Apache-HttpClient/4.2.5 (java 1.5)"
112.16.34.146 - - [28/Dec/2016:07:44:16 +0100] "GET /env/env.html HTTP/1.1" 200 12438 "-" "Apache-HttpClient/4.2.5 (java 1.5)"
112.16.34.146 - - [28/Dec/2016:07:44:17 +0100] "GET /mailto:mb@f-m-computer.de HTTP/1.1" 404 1256 "-" "Apache-HttpClient/4.2.5 (java 1.5)"
112.16.34.146 - - [28/Dec/2016:07:44:18 +0100] "GET /index.html HTTP/1.1" 200 15853 "-" "Apache-HttpClient/4.2.5 (java 1.5)"
112.16.34.146 - - [28/Dec/2016:07:44:19 +0100] "GET /env/jomox/jomox.html HTTP/1.1" 200 14935 "-" "Apache-HttpClient/4.2.5 (java 1.5)"
112.16.34.146 - - [28/Dec/2016:07:44:20 +0100] "GET /impressum/impressum.html HTTP/1.1" 200 7872 "-" "Apache-HttpClient/4.2.5 (java 1.5)"
144.76.153.198 - - [28/Dec/2016:14:41:32 +0100] "GET / HTTP/1.1" 200 15853 "-" "Mozilla/5.0 (Windows NT 6.1; WOW64) AppleWebKit/537.31 (KHTML, like Gecko) Chrome/26.0.1410.64 Safari/537.31"
144.76.153.198 - - [28/Dec/2016:14:41:46 +0100] "GET /index.html HTTP/1.1" 200 15853 "-" "Mozilla/5.0 (compatible; Windows; U; Windows NT 6.2; WOW64; en-US; rv:12.0) Gecko/20120403211507 Firefox/12.0"
144.76.153.198 - - [28/Dec/2016:14:41:47 +0100] "GET /impressum/impressum.html HTTP/1.1" 200 7872 "-" "Mozilla/5.0 (Windows NT 6.1; rv:6.0) Gecko/20100101 Firefox/19.0"
185.19.196.155 - - [28/Dec/2016:22:24:45 +0100] "GET /env/env.html HTTP/1.1" 200 12438 "-" "Mozilla/5.0 (iPad; CPU OS 10_2 like Mac OS X) AppleWebKit/602.3.12 (KHTML, like Gecko) Version/10.0 Mobile/14C92 Safari/602.1"
180.76.15.29 - - [29/Dec/2016:03:48:01 +0100] "GET /privat/privat.html HTTP/1.1" 401 1226 "-" "Mozilla/5.0 (compatible; Baiduspider/2.0; +http://www.baidu.com/search/spider.html)"
91.60.228.93 - - [29/Dec/2016:04:14:39 +0100] "GET /env/env.html HTTP/1.1" 200 12438 "-" "Mozilla/5.0 (iPhone; CPU iPhone OS 10_2 like Mac OS X) AppleWebKit/602.3.12 (KHTML, like Gecko) Version/10.0 Mobile/14C92 Safari/602.1"
207.46.13.212 - - [29/Dec/2016:08:08:53 +0100] "GET /robots.txt HTTP/1.1" 200 298 "-" "Mozilla/5.0 (compatible; bingbot/2.0; +http://www.bing.com/bingbot.htm)"
207.46.13.212 - - [29/Dec/2016:08:09:04 +0100] "GET /impressum/impressum.html HTTP/1.1" 200 7872 "-" "Mozilla/5.0 (iPhone; CPU iPhone OS 7_0 like Mac OS X) AppleWebKit/537.51.1 (KHTML, like Gecko) Version/7.0 Mobile/11A465 Safari/9537.53 (compatible; bingbot/2.0; +http://www.bing.com/bingbot.htm)"
157.55.39.208 - - [29/Dec/2016:08:09:11 +0100] "GET /robots.txt HTTP/1.1" 200 298 "-" "Mozilla/5.0 (compatible; bingbot/2.0; +http://www.bing.com/bingbot.htm)"
157.55.39.208 - - [29/Dec/2016:08:09:11 +0100] "GET /robots.txt HTTP/1.1" 200 298 "-" "Mozilla/5.0 (compatible; bingbot/2.0; +http://www.bing.com/bingbot.htm)"
157.55.39.26 - - [29/Dec/2016:08:09:20 +0100] "GET /impressum/images/pixel.gif HTTP/1.1" 200 43 "-" "Mozilla/5.0 (iPhone; CPU iPhone OS 7_0 like Mac OS X) AppleWebKit/537.51.1 (KHTML, like Gecko) Version/7.0 Mobile/11A465 Safari/9537.53 (compatible; bingbot/2.0; +http://www.bing.com/bingbot.htm)"
157.55.39.208 - - [29/Dec/2016:08:09:25 +0100] "GET /impressum/images/10x10_CCCCCC.jpg HTTP/1.1" 200 631 "-" "Mozilla/5.0 (iPhone; CPU iPhone OS 7_0 like Mac OS X) AppleWebKit/537.51.1 (KHTML, like Gecko) Version/7.0 Mobile/11A465 Safari/9537.53 (compatible; bingbot/2.0; +http://www.bing.com/bingbot.htm)"
157.55.39.208 - - [29/Dec/2016:08:09:25 +0100] "GET /impressum/images/logo_big.jpg HTTP/1.1" 200 12681 "-" "Mozilla/5.0 (iPhone; CPU iPhone OS 7_0 like Mac OS X) AppleWebKit/537.51.1 (KHTML, like Gecko) Version/7.0 Mobile/11A465 Safari/9537.53 (compatible; bingbot/2.0; +http://www.bing.com/bingbot.htm)"
207.46.13.212 - - [29/Dec/2016:08:09:30 +0100] "GET /impressum/images/15x15.jpg HTTP/1.1" 200 631 "-" "Mozilla/5.0 (iPhone; CPU iPhone OS 7_0 like Mac OS X) AppleWebKit/537.51.1 (KHTML, like Gecko) Version/7.0 Mobile/11A465 Safari/9537.53 (compatible; bingbot/2.0; +http://www.bing.com/bingbot.htm)"
207.46.13.212 - - [29/Dec/2016:08:09:30 +0100] "GET /impressum/images/span.jpg HTTP/1.1" 200 811 "-" "Mozilla/5.0 (iPhone; CPU iPhone OS 7_0 like Mac OS X) AppleWebKit/537.51.1 (KHTML, like Gecko) Version/7.0 Mobile/11A465 Safari/9537.53 (compatible; bingbot/2.0; +http://www.bing.com/bingbot.htm)"
180.76.15.150 - - [29/Dec/2016:08:30:27 +0100] "GET / HTTP/1.1" 200 15853 "-" "Mozilla/5.0 (compatible; Baiduspider/2.0; +http://www.baidu.com/search/spider.html)"
85.25.202.18 - - [29/Dec/2016:10:40:44 +0100] "GET / HTTP/1.1" 200 15853 "http://www.sumaja.de/?such_wert=logic" "Mozilla/4.0 (compatible; MSIE 8.0; Windows NT 6.1; Trident/4.0; SLCC2; .NET CLR 2.0.50727; .NET CLR 3.5.30729; .NET CLR 3.0.30729; Media Center PC 6.0)"
195.154.194.192 - - [29/Dec/2016:17:23:03 +0100] "GET /udd.php HTTP/1.0" 404 1256 "-" "Mozilla/5.0 (Windows NT 6.1) AppleWebKit/537.36 (KHTML, like Gecko) Chrome/41.0.2228.0 Safari/537.36"
195.154.194.192 - - [29/Dec/2016:17:23:03 +0100] "GET /udd.php HTTP/1.0" 404 1256 "-" "Mozilla/5.0 (Windows NT 6.1) AppleWebKit/537.36 (KHTML, like Gecko) Chrome/41.0.2228.0 Safari/537.36"
88.99.57.82 - - [29/Dec/2016:20:04:20 +0100] "GET / HTTP/1.1" 200 15853 "-" "Mozilla/5.0 (Windows NT 10.0) AppleWebKit/5350 (KHTML, like Gecko) Chrome/13.0.843.0 Safari/5350"
88.99.57.82 - - [29/Dec/2016:20:04:20 +0100] "GET /images/span.jpg HTTP/1.1" 200 811 "http://www.soundpatcher.de/" "Mozilla/5.0 (Windows NT 10.0) AppleWebKit/5350 (KHTML, like Gecko) Chrome/13.0.843.0 Safari/5350"
88.99.57.82 - - [29/Dec/2016:20:04:20 +0100] "GET /images/logo_big.jpg HTTP/1.1" 200 12681 "http://www.soundpatcher.de/" "Mozilla/5.0 (Windows NT 10.0) AppleWebKit/5350 (KHTML, like Gecko) Chrome/13.0.843.0 Safari/5350"
88.99.57.82 - - [29/Dec/2016:20:04:20 +0100] "GET /images/pixel.gif HTTP/1.1" 200 43 "http://www.soundpatcher.de/" "Mozilla/5.0 (Windows NT 10.0) AppleWebKit/5350 (KHTML, like Gecko) Chrome/13.0.843.0 Safari/5350"
88.99.57.82 - - [29/Dec/2016:20:04:20 +0100] "GET /images/10x10_CCCCCC.jpg HTTP/1.1" 200 631 "http://www.soundpatcher.de/" "Mozilla/5.0 (Windows NT 10.0) AppleWebKit/5350 (KHTML, like Gecko) Chrome/13.0.843.0 Safari/5350"
88.99.57.82 - - [29/Dec/2016:20:04:20 +0100] "GET /images/15x15.jpg HTTP/1.1" 200 631 "http://www.soundpatcher.de/" "Mozilla/5.0 (Windows NT 10.0) AppleWebKit/5350 (KHTML, like Gecko) Chrome/13.0.843.0 Safari/5350"
88.99.57.82 - - [29/Dec/2016:20:04:20 +0100] "GET /env/jomox/pics/airbase99_small.jpg HTTP/1.1" 200 5206 "http://www.soundpatcher.de/" "Mozilla/5.0 (Windows NT 10.0) AppleWebKit/5350 (KHTML, like Gecko) Chrome/13.0.843.0 Safari/5350"
88.99.57.82 - - [29/Dec/2016:20:04:22 +0100] "GET /impressum/impressum.html HTTP/1.1" 200 7872 "-" "Mozilla/5.0 (Windows NT 10.1) AppleWebKit/5322 (KHTML, like Gecko) Chrome/15.0.885.0 Safari/5322"
88.99.57.82 - - [29/Dec/2016:20:04:22 +0100] "GET /impressum/images/logo_big.jpg HTTP/1.1" 200 12681 "http://www.soundpatcher.de/impressum/impressum.html" "Mozilla/5.0 (Windows NT 10.1) AppleWebKit/5322 (KHTML, like Gecko) Chrome/15.0.885.0 Safari/5322"
88.99.57.82 - - [29/Dec/2016:20:04:22 +0100] "GET /impressum/images/span.jpg HTTP/1.1" 200 811 "http://www.soundpatcher.de/impressum/impressum.html" "Mozilla/5.0 (Windows NT 10.1) AppleWebKit/5322 (KHTML, like Gecko) Chrome/15.0.885.0 Safari/5322"
88.99.57.82 - - [29/Dec/2016:20:04:22 +0100] "GET /impressum/images/pixel.gif HTTP/1.1" 200 43 "http://www.soundpatcher.de/impressum/impressum.html" "Mozilla/5.0 (Windows NT 10.1) AppleWebKit/5322 (KHTML, like Gecko) Chrome/15.0.885.0 Safari/5322"
88.99.57.82 - - [29/Dec/2016:20:04:22 +0100] "GET /impressum/images/10x10_CCCCCC.jpg HTTP/1.1" 200 631 "http://www.soundpatcher.de/impressum/impressum.html" "Mozilla/5.0 (Windows NT 10.1) AppleWebKit/5322 (KHTML, like Gecko) Chrome/15.0.885.0 Safari/5322"
88.99.57.82 - - [29/Dec/2016:20:04:22 +0100] "GET /impressum/images/15x15.jpg HTTP/1.1" 200 631 "http://www.soundpatcher.de/impressum/impressum.html" "Mozilla/5.0 (Windows NT 10.1) AppleWebKit/5322 (KHTML, like Gecko) Chrome/15.0.885.0 Safari/5322"
88.99.57.82 - - [29/Dec/2016:20:04:26 +0100] "GET /index.html HTTP/1.1" 200 15853 "-" "Mozilla/5.0 (Windows NT 10.1) AppleWebKit/5322 (KHTML, like Gecko) Chrome/14.0.812.0 Safari/5322"
88.99.57.82 - - [29/Dec/2016:20:04:26 +0100] "GET /images/logo_big.jpg HTTP/1.1" 200 12681 "http://www.soundpatcher.de/index.html" "Mozilla/5.0 (Windows NT 10.1) AppleWebKit/5322 (KHTML, like Gecko) Chrome/14.0.812.0 Safari/5322"
88.99.57.82 - - [29/Dec/2016:20:04:26 +0100] "GET /images/span.jpg HTTP/1.1" 200 811 "http://www.soundpatcher.de/index.html" "Mozilla/5.0 (Windows NT 10.1) AppleWebKit/5322 (KHTML, like Gecko) Chrome/14.0.812.0 Safari/5322"
88.99.57.82 - - [29/Dec/2016:20:04:26 +0100] "GET /images/pixel.gif HTTP/1.1" 200 43 "http://www.soundpatcher.de/index.html" "Mozilla/5.0 (Windows NT 10.1) AppleWebKit/5322 (KHTML, like Gecko) Chrome/14.0.812.0 Safari/5322"
88.99.57.82 - - [29/Dec/2016:20:04:26 +0100] "GET /images/10x10_CCCCCC.jpg HTTP/1.1" 200 631 "http://www.soundpatcher.de/index.html" "Mozilla/5.0 (Windows NT 10.1) AppleWebKit/5322 (KHTML, like Gecko) Chrome/14.0.812.0 Safari/5322"
88.99.57.82 - - [29/Dec/2016:20:04:26 +0100] "GET /images/15x15.jpg HTTP/1.1" 200 631 "http://www.soundpatcher.de/index.html" "Mozilla/5.0 (Windows NT 10.1) AppleWebKit/5322 (KHTML, like Gecko) Chrome/14.0.812.0 Safari/5322"
88.99.57.82 - - [29/Dec/2016:20:04:26 +0100] "GET /env/jomox/pics/airbase99_small.jpg HTTP/1.1" 200 5206 "http://www.soundpatcher.de/index.html" "Mozilla/5.0 (Windows NT 10.1) AppleWebKit/5322 (KHTML, like Gecko) Chrome/14.0.812.0 Safari/5322"
88.99.57.82 - - [29/Dec/2016:20:04:27 +0100] "GET /env/env.html HTTP/1.1" 200 12438 "-" "Mozilla/5.0 (Macintosh; U; Intel Mac OS X 10_5_2 rv:6.0; en-US) AppleWebKit/535.31.7 (KHTML, like Gecko) Version/4.0.2 Safari/535.31.7"
88.99.57.82 - - [29/Dec/2016:20:04:27 +0100] "GET /env/images/pixel.gif HTTP/1.1" 200 43 "http://www.soundpatcher.de/env/env.html" "Mozilla/5.0 (Macintosh; U; Intel Mac OS X 10_5_2 rv:6.0; en-US) AppleWebKit/535.31.7 (KHTML, like Gecko) Version/4.0.2 Safari/535.31.7"
88.99.57.82 - - [29/Dec/2016:20:04:27 +0100] "GET /env/images/span.jpg HTTP/1.1" 200 811 "http://www.soundpatcher.de/env/env.html" "Mozilla/5.0 (Macintosh; U; Intel Mac OS X 10_5_2 rv:6.0; en-US) AppleWebKit/535.31.7 (KHTML, like Gecko) Version/4.0.2 Safari/535.31.7"
88.99.57.82 - - [29/Dec/2016:20:04:27 +0100] "GET /env/images/logo_big.jpg HTTP/1.1" 200 12681 "http://www.soundpatcher.de/env/env.html" "Mozilla/5.0 (Macintosh; U; Intel Mac OS X 10_5_2 rv:6.0; en-US) AppleWebKit/535.31.7 (KHTML, like Gecko) Version/4.0.2 Safari/535.31.7"
88.99.57.82 - - [29/Dec/2016:20:04:27 +0100] "GET /env/jomox/pics/airbase99_small.jpg HTTP/1.1" 200 5206 "http://www.soundpatcher.de/env/env.html" "Mozilla/5.0 (Macintosh; U; Intel Mac OS X 10_5_2 rv:6.0; en-US) AppleWebKit/535.31.7 (KHTML, like Gecko) Version/4.0.2 Safari/535.31.7"
88.99.57.82 - - [29/Dec/2016:20:04:27 +0100] "GET /env/images/10x10_CCCCCC.jpg HTTP/1.1" 200 631 "http://www.soundpatcher.de/env/env.html" "Mozilla/5.0 (Macintosh; U; Intel Mac OS X 10_5_2 rv:6.0; en-US) AppleWebKit/535.31.7 (KHTML, like Gecko) Version/4.0.2 Safari/535.31.7"
