180.76.15.163 - - [02/Mar/2018:15:22:38 +0100] "GET /robots.txt HTTP/1.1" 404 1256 "-" "Mozilla/5.0 (Windows NT 5.1; rv:6.0.2) Gecko/20100101 Firefox/6.0.2"
180.76.15.19 - - [02/Mar/2018:15:22:39 +0100] "GET /robots.txt HTTP/1.1" 404 1256 "-" "Mozilla/5.0 (Windows NT 5.1; rv:6.0.2) Gecko/20100101 Firefox/6.0.2"
180.76.15.32 - - [02/Mar/2018:15:27:19 +0100] "GET / HTTP/1.1" 200 4983 "-" "Mozilla/5.0 (compatible; Baiduspider/2.0; +http://www.baidu.com/search/spider.html)"
54.67.59.131 - - [03/Mar/2018:00:03:39 +0100] "GET / HTTP/1.1" 200 4983 "-" "Mozilla/5.0 (Macintosh; Intel Mac OS X 10_12_6) AppleWebKit/537.36 (KHTML, like Gecko) Chrome/61.0.3163.100 Safari/537.36"
77.68.81.154 - - [03/Mar/2018:02:24:23 +0100] "GET /wp/wp-admin/setup-config.php?step=1 HTTP/1.1" 404 1256 "-" "libwww-perl/6.26"
77.68.81.154 - - [03/Mar/2018:02:24:24 +0100] "GET /wordpress/wp-admin/setup-config.php?step=1 HTTP/1.1" 404 1256 "-" "libwww-perl/6.26"
180.76.15.158 - - [03/Mar/2018:13:10:06 +0100] "GET / HTTP/1.1" 200 4983 "-" "Mozilla/5.0 (compatible; Baiduspider/2.0; +http://www.baidu.com/search/spider.html)"
202.46.52.207 - - [03/Mar/2018:13:43:26 +0100] "GET / HTTP/1.1" 200 4983 "-" "Mozilla/5.0 (Windows NT 10.0; WOW64) AppleWebKit/537.36 (KHTML, like Gecko) Chrome/45.0.2454.93 Safari/537.36"
104.236.234.194 - - [03/Mar/2018:14:41:24 +0100] "GET /robots.txt HTTP/1.1" 404 1256 "-" "Mozilla/5.0 (compatible; spbot/5.0.3; +http://OpenLinkProfiler.org/bot )"
104.236.234.194 - - [03/Mar/2018:14:41:29 +0100] "GET / HTTP/1.1" 200 4983 "-" "Mozilla/5.0 (compatible; spbot/5.0.3; +http://OpenLinkProfiler.org/bot )"
104.236.234.194 - - [03/Mar/2018:14:41:30 +0100] "GET /index.html HTTP/1.1" 200 4983 "http://www.familie-wilde.com/" "Mozilla/5.0 (compatible; spbot/5.0.3; +http://OpenLinkProfiler.org/bot )"
104.236.234.194 - - [03/Mar/2018:14:41:33 +0100] "GET /li_gre.html HTTP/1.1" 200 1973 "http://www.familie-wilde.com/" "Mozilla/5.0 (compatible; spbot/5.0.3; +http://OpenLinkProfiler.org/bot )"
104.236.234.194 - - [03/Mar/2018:14:41:39 +0100] "GET /seiten/agb.html HTTP/1.1" 404 1256 "http://www.familie-wilde.com/" "Mozilla/5.0 (compatible; spbot/5.0.3; +http://OpenLinkProfiler.org/bot )"
104.236.234.194 - - [03/Mar/2018:14:41:44 +0100] "GET /seiten/firma.html HTTP/1.1" 404 1256 "http://www.familie-wilde.com/" "Mozilla/5.0 (compatible; spbot/5.0.3; +http://OpenLinkProfiler.org/bot )"
104.236.234.194 - - [03/Mar/2018:14:41:48 +0100] "GET /seiten/kontakt.php HTTP/1.1" 404 1256 "http://www.familie-wilde.com/" "Mozilla/5.0 (compatible; spbot/5.0.3; +http://OpenLinkProfiler.org/bot )"
104.236.234.194 - - [03/Mar/2018:14:41:53 +0100] "GET /seiten/sitemap.html HTTP/1.1" 404 1256 "http://www.familie-wilde.com/" "Mozilla/5.0 (compatible; spbot/5.0.3; +http://OpenLinkProfiler.org/bot )"
104.236.234.194 - - [03/Mar/2018:14:41:59 +0100] "GET /seiten/projekte.html HTTP/1.1" 404 1256 "http://www.familie-wilde.com/" "Mozilla/5.0 (compatible; spbot/5.0.3; +http://OpenLinkProfiler.org/bot )"
104.236.234.194 - - [03/Mar/2018:14:42:04 +0100] "GET /seiten/impressum.html HTTP/1.1" 404 1256 "http://www.familie-wilde.com/" "Mozilla/5.0 (compatible; spbot/5.0.3; +http://OpenLinkProfiler.org/bot )"
104.236.234.194 - - [03/Mar/2018:14:42:08 +0100] "GET /seiten/leistungen.html HTTP/1.1" 404 1256 "http://www.familie-wilde.com/" "Mozilla/5.0 (compatible; spbot/5.0.3; +http://OpenLinkProfiler.org/bot )"
87.250.233.65 - - [04/Mar/2018:12:37:22 +0100] "GET /robots.txt HTTP/1.1" 404 1256 "-" "Mozilla/5.0 (compatible; YandexBot/3.0; +http://yandex.com/bots)"
87.250.233.65 - - [04/Mar/2018:12:37:25 +0100] "GET /favicon.ico HTTP/1.1" 404 1256 "-" "Mozilla/5.0 (compatible; YandexBot/3.0; +http://yandex.com/bots)"
38.100.21.78 - - [05/Mar/2018:10:34:57 +0100] "GET / HTTP/1.1" 200 4983 "-" "Mozilla/4.0 (compatible; MSIE 7.0; Windows NT 5.2)"
38.100.21.78 - - [05/Mar/2018:10:34:58 +0100] "GET /seiten/firma.html HTTP/1.1" 404 1256 "-" "Mozilla/4.0 (compatible; MSIE 7.0; Windows NT 5.2)"
38.100.21.78 - - [05/Mar/2018:10:34:58 +0100] "GET /seiten/impressum.html HTTP/1.1" 404 1256 "-" "Mozilla/4.0 (compatible; MSIE 7.0; Windows NT 5.2)"
38.100.21.78 - - [05/Mar/2018:10:34:58 +0100] "GET /index.html HTTP/1.1" 200 4983 "-" "Mozilla/4.0 (compatible; MSIE 7.0; Windows NT 5.2)"
38.100.21.78 - - [05/Mar/2018:10:34:58 +0100] "GET /li_gre.html HTTP/1.1" 200 1973 "-" "Mozilla/4.0 (compatible; MSIE 7.0; Windows NT 5.2)"
38.100.21.78 - - [05/Mar/2018:10:34:58 +0100] "GET /seiten/projekte.html HTTP/1.1" 404 1256 "-" "Mozilla/4.0 (compatible; MSIE 7.0; Windows NT 5.2)"
38.100.21.78 - - [05/Mar/2018:10:34:58 +0100] "GET /seiten/agb.html HTTP/1.1" 404 1256 "-" "Mozilla/4.0 (compatible; MSIE 7.0; Windows NT 5.2)"
38.100.21.78 - - [05/Mar/2018:10:34:58 +0100] "GET /seiten/leistungen.html HTTP/1.1" 404 1256 "-" "Mozilla/4.0 (compatible; MSIE 7.0; Windows NT 5.2)"
38.100.21.78 - - [05/Mar/2018:10:34:58 +0100] "GET /seiten/kontakt.php HTTP/1.1" 404 1256 "-" "Mozilla/4.0 (compatible; MSIE 7.0; Windows NT 5.2)"
38.100.21.78 - - [05/Mar/2018:10:34:58 +0100] "GET /seiten/sitemap.html HTTP/1.1" 404 1256 "-" "Mozilla/4.0 (compatible; MSIE 7.0; Windows NT 5.2)"
38.100.21.78 - - [05/Mar/2018:10:34:59 +0100] "GET /css/style.css HTTP/1.1" 404 1256 "-" "Mozilla/4.0 (compatible; MSIE 7.0; Windows NT 5.2)"
165.227.114.230 - - [05/Mar/2018:20:31:58 +0100] "GET / HTTP/1.0" 200 4983 "-" "Mozilla/5.0 (compatible; NetcraftSurveyAgent/1.0; +info@netcraft.com)"
54.67.59.131 - - [05/Mar/2018:23:02:16 +0100] "GET / HTTP/1.1" 200 4983 "-" "Mozilla/5.0 (Macintosh; Intel Mac OS X 10_12_6) AppleWebKit/537.36 (KHTML, like Gecko) Chrome/61.0.3163.100 Safari/537.36"
159.89.114.141 - - [06/Mar/2018:16:08:41 +0100] "HEAD / HTTP/1.1" 200 - "-" "Mozilla/5.0 (X11; NetBSD) AppleWebKit/537.36 (KHTML, like Gecko) Chrome/27.0.1453.116 Safari/537.36"
180.76.15.27 - - [06/Mar/2018:17:31:08 +0100] "GET / HTTP/1.1" 200 4983 "-" "Mozilla/5.0 (compatible; Baiduspider/2.0; +http://www.baidu.com/search/spider.html)"
180.76.15.30 - - [07/Mar/2018:07:47:21 +0100] "GET / HTTP/1.1" 200 4983 "-" "Mozilla/5.0 (compatible; Baiduspider/2.0; +http://www.baidu.com/search/spider.html)"
69.58.178.57 - - [07/Mar/2018:16:56:52 +0100] "GET /robots.txt HTTP/1.1" 404 1256 "-" "Mozilla/5.0 (compatible; ips-agent)"
69.58.178.57 - - [07/Mar/2018:16:56:53 +0100] "GET / HTTP/1.1" 200 4983 "-" "Mozilla/5.0 (compatible; ips-agent)"
69.58.178.57 - - [07/Mar/2018:16:56:54 +0100] "GET /seiten/impressum.html HTTP/1.1" 404 1256 "-" "Mozilla/5.0 (compatible; ips-agent)"
69.58.178.57 - - [07/Mar/2018:16:56:55 +0100] "GET /seiten/leistungen.html HTTP/1.1" 404 1256 "-" "Mozilla/5.0 (compatible; ips-agent)"
69.58.178.57 - - [07/Mar/2018:16:56:56 +0100] "GET /seiten/kontakt.php HTTP/1.1" 404 1256 "-" "Mozilla/5.0 (compatible; ips-agent)"
69.58.178.57 - - [07/Mar/2018:16:56:57 +0100] "GET /index.html HTTP/1.1" 200 4983 "-" "Mozilla/5.0 (compatible; ips-agent)"
69.58.178.57 - - [07/Mar/2018:16:56:59 +0100] "GET /seiten/firma.html HTTP/1.1" 404 1256 "-" "Mozilla/5.0 (compatible; ips-agent)"
69.58.178.57 - - [07/Mar/2018:16:57:00 +0100] "GET /seiten/projekte.html HTTP/1.1" 404 1256 "-" "Mozilla/5.0 (compatible; ips-agent)"
69.58.178.57 - - [07/Mar/2018:16:57:01 +0100] "GET /li_gre.html HTTP/1.1" 200 1973 "-" "Mozilla/5.0 (compatible; ips-agent)"
69.58.178.57 - - [07/Mar/2018:16:57:02 +0100] "GET /seiten/agb.html HTTP/1.1" 404 1256 "-" "Mozilla/5.0 (compatible; ips-agent)"
69.58.178.57 - - [07/Mar/2018:16:57:03 +0100] "GET /seiten/sitemap.html HTTP/1.1" 404 1256 "-" "Mozilla/5.0 (compatible; ips-agent)"
94.23.34.73 - - [07/Mar/2018:23:30:20 +0100] "GET /wp-content/plugins/cherry-plugin/admin/css/cherry-admin-plugin.css HTTP/1.0" 404 1256 "-" "Mozilla/5.0 (Windows NT 6.1; Win64; x64) AppleWebKit/537.36 (KHTML, like Gecko) Chrome/62.0.3202.94 Safari/537.36"
94.23.34.73 - - [07/Mar/2018:23:30:20 +0100] "GET /wp-content/plugins/cherry-plugin/admin/css/cherry-admin-plugin.css HTTP/1.0" 404 1256 "-" "Mozilla/5.0 (Windows NT 6.1; Win64; x64) AppleWebKit/537.36 (KHTML, like Gecko) Chrome/62.0.3202.94 Safari/537.36"
54.67.59.131 - - [08/Mar/2018:16:17:14 +0100] "GET / HTTP/1.1" 200 4983 "-" "Mozilla/5.0 (Macintosh; Intel Mac OS X 10_12_6) AppleWebKit/537.36 (KHTML, like Gecko) Chrome/61.0.3163.100 Safari/537.36"
157.55.39.20 - - [10/Mar/2018:07:03:35 +0100] "GET /robots.txt HTTP/1.1" 404 1256 "-" "Mozilla/5.0 (compatible; bingbot/2.0; +http://www.bing.com/bingbot.htm)"
40.77.167.137 - - [10/Mar/2018:07:03:41 +0100] "GET / HTTP/1.1" 200 4983 "-" "Mozilla/5.0 (compatible; bingbot/2.0; +http://www.bing.com/bingbot.htm)"
40.77.167.137 - - [10/Mar/2018:07:36:34 +0100] "GET /robots.txt HTTP/1.1" 404 1256 "-" "Mozilla/5.0 (compatible; bingbot/2.0; +http://www.bing.com/bingbot.htm)"
180.76.15.153 - - [10/Mar/2018:11:13:44 +0100] "GET / HTTP/1.1" 200 4983 "-" "Mozilla/5.0 (compatible; Baiduspider/2.0; +http://www.baidu.com/search/spider.html)"
180.76.15.134 - - [10/Mar/2018:14:26:57 +0100] "GET /robots.txt HTTP/1.1" 404 1256 "-" "Mozilla/5.0 (Windows NT 5.1; rv:6.0.2) Gecko/20100101 Firefox/6.0.2"
202.46.54.102 - - [10/Mar/2018:14:30:09 +0100] "GET / HTTP/1.1" 200 4983 "-" "Mozilla/5.0 (Windows NT 10.0; WOW64) AppleWebKit/537.36 (KHTML, like Gecko) Chrome/45.0.2454.93 Safari/537.36"
202.46.57.77 - - [10/Mar/2018:18:13:38 +0100] "GET / HTTP/1.1" 200 4983 "-" "Mozilla/5.0 (Windows NT 10.0; WOW64) AppleWebKit/537.36 (KHTML, like Gecko) Chrome/45.0.2454.93 Safari/537.36"
5.45.203.6 - - [10/Mar/2018:21:34:03 +0100] "GET /robots.txt HTTP/1.1" 404 1256 "-" "Mozilla/5.0 (compatible; YandexBot/3.0; +http://yandex.com/bots)"
141.8.141.139 - - [10/Mar/2018:21:34:07 +0100] "GET /favicon.ico HTTP/1.1" 404 1256 "-" "Mozilla/5.0 (compatible; YandexBot/3.0; +http://yandex.com/bots)"
167.114.226.133 - - [11/Mar/2018:06:28:40 +0100] "GET / HTTP/1.0" 200 4983 "-" "Mozilla/5.0 (Windows NT 10.0; Win64; x64; rv:57.0) Gecko/20100101 Firefox/57.0"
54.67.59.131 - - [11/Mar/2018:11:47:05 +0100] "GET / HTTP/1.1" 200 4983 "-" "Mozilla/5.0 (Macintosh; Intel Mac OS X 10_12_6) AppleWebKit/537.36 (KHTML, like Gecko) Chrome/61.0.3163.100 Safari/537.36"
94.23.34.73 - - [13/Mar/2018:16:50:48 +0100] "GET /license.php HTTP/1.0" 404 1256 "-" "Mozilla/5.0 (Windows NT 6.1; Win64; x64) AppleWebKit/537.36 (KHTML, like Gecko) Chrome/62.0.3202.94 Safari/537.36"
94.23.34.73 - - [13/Mar/2018:16:50:48 +0100] "GET /license.php HTTP/1.0" 404 1256 "-" "Mozilla/5.0 (Windows NT 6.1; Win64; x64) AppleWebKit/537.36 (KHTML, like Gecko) Chrome/62.0.3202.94 Safari/537.36"
34.207.101.237 - - [14/Mar/2018:03:43:28 +0100] "GET / HTTP/1.1" 200 4983 "-" "Mozilla/5.0 (X11; Linux x86_64) AppleWebKit/537.36 (KHTML, like Gecko) Chrome/58.0.3029.110 Safari/537.36"
54.67.59.131 - - [14/Mar/2018:09:59:58 +0100] "GET / HTTP/1.1" 200 4983 "-" "Mozilla/5.0 (Macintosh; Intel Mac OS X 10_12_6) AppleWebKit/537.36 (KHTML, like Gecko) Chrome/61.0.3163.100 Safari/537.36"
37.187.56.76 - - [14/Mar/2018:11:33:08 +0100] "GET /robots.txt HTTP/1.0" 404 1256 "-" ""
37.187.56.76 - - [14/Mar/2018:11:33:08 +0100] "GET / HTTP/1.1" 206 4983 "-" "Mozilla/5.0 (X11; Linux i686; rv:21.0) Gecko/20100101 Firefox/21.0"
37.187.56.76 - - [14/Mar/2018:11:33:10 +0100] "GET /index.html HTTP/1.1" 206 4983 "-" "Mozilla/5.0 (X11; Linux i686; rv:21.0) Gecko/20100101 Firefox/21.0"
37.187.56.76 - - [14/Mar/2018:11:33:12 +0100] "GET /seiten/firma.html HTTP/1.1" 404 1256 "-" "Mozilla/5.0 (X11; Linux i686; rv:21.0) Gecko/20100101 Firefox/21.0"
37.187.56.76 - - [14/Mar/2018:11:33:12 +0100] "GET /seiten/projekte.html HTTP/1.1" 404 1256 "-" "Mozilla/5.0 (X11; Linux i686; rv:21.0) Gecko/20100101 Firefox/21.0"
37.187.56.76 - - [14/Mar/2018:11:33:12 +0100] "GET /seiten/leistungen.html HTTP/1.1" 404 1256 "-" "Mozilla/5.0 (X11; Linux i686; rv:21.0) Gecko/20100101 Firefox/21.0"
37.187.56.76 - - [14/Mar/2018:11:33:12 +0100] "GET /seiten/kontakt.php HTTP/1.1" 404 1256 "-" "Mozilla/5.0 (X11; Linux i686; rv:21.0) Gecko/20100101 Firefox/21.0"
37.187.56.76 - - [14/Mar/2018:11:33:12 +0100] "GET /li_gre.html HTTP/1.1" 206 1973 "-" "Mozilla/5.0 (X11; Linux i686; rv:21.0) Gecko/20100101 Firefox/21.0"
37.187.56.76 - - [14/Mar/2018:11:33:14 +0100] "GET /seiten/impressum.html HTTP/1.1" 404 1256 "-" "Mozilla/5.0 (X11; Linux i686; rv:21.0) Gecko/20100101 Firefox/21.0"
37.187.56.76 - - [14/Mar/2018:11:33:14 +0100] "GET /seiten/agb.html HTTP/1.1" 404 1256 "-" "Mozilla/5.0 (X11; Linux i686; rv:21.0) Gecko/20100101 Firefox/21.0"
37.187.56.76 - - [14/Mar/2018:11:33:14 +0100] "GET /seiten/sitemap.html HTTP/1.1" 404 1256 "-" "Mozilla/5.0 (X11; Linux i686; rv:21.0) Gecko/20100101 Firefox/21.0"
100.35.47.77 - - [14/Mar/2018:19:56:24 +0100] "GET /robots.txt HTTP/1.1" 404 1256 "-" "panscient.com"
100.35.47.77 - - [14/Mar/2018:19:56:24 +0100] "GET / HTTP/1.1" 200 4983 "-" "panscient.com"
100.35.47.77 - - [14/Mar/2018:19:56:25 +0100] "GET /seiten/leistungen.html HTTP/1.1" 404 1256 "-" "panscient.com"
100.35.47.77 - - [14/Mar/2018:19:56:26 +0100] "GET /seiten/firma.html HTTP/1.1" 404 1256 "-" "panscient.com"
100.35.47.77 - - [14/Mar/2018:19:56:28 +0100] "GET /seiten/agb.html HTTP/1.1" 404 1256 "-" "panscient.com"
100.35.47.77 - - [14/Mar/2018:19:56:29 +0100] "GET /robots.txt HTTP/1.1" 404 1256 "-" "panscient.com"
100.35.47.77 - - [14/Mar/2018:19:56:29 +0100] "GET /seiten/sitemap.html HTTP/1.1" 404 1256 "-" "panscient.com"
100.35.47.77 - - [14/Mar/2018:19:56:30 +0100] "GET /seiten/projekte.html HTTP/1.1" 404 1256 "-" "panscient.com"
100.35.47.77 - - [14/Mar/2018:19:56:32 +0100] "GET /li_gre.html HTTP/1.1" 200 1973 "-" "panscient.com"
100.35.47.77 - - [14/Mar/2018:19:56:33 +0100] "GET /index.html HTTP/1.1" 200 4983 "-" "panscient.com"
100.35.47.77 - - [14/Mar/2018:19:56:34 +0100] "GET /seiten/kontakt.php HTTP/1.1" 404 1256 "-" "panscient.com"
100.35.47.77 - - [14/Mar/2018:19:56:36 +0100] "GET /seiten/impressum.html HTTP/1.1" 404 1256 "-" "panscient.com"
100.35.47.77 - - [14/Mar/2018:19:56:36 +0100] "GET /seiten/leistungen.html HTTP/1.1" 404 1256 "-" "panscient.com"
100.35.47.77 - - [14/Mar/2018:19:56:38 +0100] "GET /seiten/firma.html HTTP/1.1" 404 1256 "-" "panscient.com"
100.35.47.77 - - [14/Mar/2018:19:56:39 +0100] "GET /seiten/agb.html HTTP/1.1" 404 1256 "-" "panscient.com"
100.35.47.77 - - [14/Mar/2018:19:56:40 +0100] "GET /seiten/sitemap.html HTTP/1.1" 404 1256 "-" "panscient.com"
100.35.47.77 - - [14/Mar/2018:19:56:41 +0100] "GET /seiten/projekte.html HTTP/1.1" 404 1256 "-" "panscient.com"
100.35.47.77 - - [14/Mar/2018:19:56:43 +0100] "GET /seiten/impressum.html HTTP/1.1" 404 1256 "-" "panscient.com"
100.35.47.77 - - [14/Mar/2018:19:56:55 +0100] "GET /seiten/kontakt.php HTTP/1.1" 404 1256 "-" "panscient.com"
100.35.47.77 - - [14/Mar/2018:19:56:56 +0100] "GET /seiten/sitemap.html HTTP/1.1" 404 1256 "-" "panscient.com"
100.35.47.77 - - [14/Mar/2018:19:56:58 +0100] "GET /seiten/impressum.html HTTP/1.1" 404 1256 "-" "panscient.com"
100.35.47.77 - - [14/Mar/2018:19:56:59 +0100] "GET /seiten/sitemap.html HTTP/1.1" 404 1256 "-" "panscient.com"
180.76.15.28 - - [15/Mar/2018:09:47:38 +0100] "GET / HTTP/1.1" 200 4983 "-" "Mozilla/5.0 (compatible; Baiduspider/2.0; +http://www.baidu.com/search/spider.html)"
66.249.73.211 - - [16/Mar/2018:01:02:26 +0100] "GET /robots.txt HTTP/1.1" 404 1256 "-" "Mozilla/5.0 (compatible; Googlebot/2.1; +http://www.google.com/bot.html)"
66.249.73.215 - - [16/Mar/2018:01:02:27 +0100] "GET / HTTP/1.1" 200 4983 "-" "Mozilla/5.0 (compatible; Googlebot/2.1; +http://www.google.com/bot.html)"
66.249.73.211 - - [16/Mar/2018:01:03:04 +0100] "GET /css/style.css HTTP/1.1" 404 1256 "http://www.familie-wilde.com/" "Mozilla/5.0 (compatible; Googlebot/2.1; +http://www.google.com/bot.html)"
141.8.141.131 - - [16/Mar/2018:20:15:00 +0100] "GET /robots.txt HTTP/1.1" 404 1256 "-" "Mozilla/5.0 (compatible; YandexBot/3.0; +http://yandex.com/bots)"
141.8.141.131 - - [16/Mar/2018:20:15:04 +0100] "GET /favicon.ico HTTP/1.1" 404 1256 "-" "Mozilla/5.0 (compatible; YandexBot/3.0; +http://yandex.com/bots)"
54.67.59.131 - - [17/Mar/2018:06:42:10 +0100] "GET / HTTP/1.1" 200 4983 "-" "Mozilla/5.0 (Macintosh; Intel Mac OS X 10_12_6) AppleWebKit/537.36 (KHTML, like Gecko) Chrome/61.0.3163.100 Safari/537.36"
64.246.165.140 - - [17/Mar/2018:17:20:54 +0100] "GET /robots.txt HTTP/1.0" 404 1256 "-" "Mozilla/5.0 (Windows; U; Windows NT 5.1; en; rv:1.9.0.13) Gecko/2009073022 Firefox/3.5.2 (.NET CLR 3.5.30729) SurveyBot/2.3 (DomainTools)"
64.246.165.140 - - [17/Mar/2018:17:20:54 +0100] "GET / HTTP/1.1" 200 4983 "http://whois.domaintools.com/familie-wilde.com" "Mozilla/5.0 (Windows; U; Windows NT 5.1; en; rv:1.9.0.13) Gecko/2009073022 Firefox/3.5.2 (.NET CLR 3.5.30729) SurveyBot/2.3 (DomainTools)"
87.250.233.65 - - [17/Mar/2018:22:59:18 +0100] "GET /robots.txt HTTP/1.1" 404 1256 "-" "Mozilla/5.0 (compatible; YandexBot/3.0; +http://yandex.com/bots)"
141.8.141.131 - - [17/Mar/2018:22:59:22 +0100] "GET / HTTP/1.1" 200 4983 "-" "Mozilla/5.0 (compatible; YandexBot/3.0; +http://yandex.com/bots)"
180.76.15.26 - - [18/Mar/2018:08:03:28 +0100] "GET / HTTP/1.1" 200 4983 "-" "Mozilla/5.0 (compatible; Baiduspider/2.0; +http://www.baidu.com/search/spider.html)"
94.23.34.73 - - [18/Mar/2018:10:50:17 +0100] "GET /components/com_b2jcontact/css/b2jcontact.css HTTP/1.0" 404 1256 "-" "Mozilla/5.0 (Windows NT 6.1; Win64; x64) AppleWebKit/537.36 (KHTML, like Gecko) Chrome/62.0.3202.94 Safari/537.36"
94.23.34.73 - - [18/Mar/2018:10:50:21 +0100] "GET /components/com_b2jcontact/css/b2jcontact.css HTTP/1.0" 404 1256 "-" "Mozilla/5.0 (Windows NT 6.1; Win64; x64) AppleWebKit/537.36 (KHTML, like Gecko) Chrome/62.0.3202.94 Safari/537.36"
180.76.15.152 - - [19/Mar/2018:06:52:47 +0100] "GET / HTTP/1.1" 200 4983 "-" "Mozilla/5.0 (compatible; Baiduspider/2.0; +http://www.baidu.com/search/spider.html)"
180.76.15.153 - - [19/Mar/2018:06:52:47 +0100] "GET /robots.txt HTTP/1.1" 404 1256 "-" "Mozilla/5.0 (Windows NT 5.1; rv:6.0.2) Gecko/20100101 Firefox/6.0.2"
202.46.49.144 - - [19/Mar/2018:07:21:36 +0100] "GET / HTTP/1.1" 200 4983 "-" "Mozilla/5.0 (Windows NT 10.0; WOW64) AppleWebKit/537.36 (KHTML, like Gecko) Chrome/45.0.2454.93 Safari/537.36"
180.76.15.21 - - [19/Mar/2018:23:35:24 +0100] "GET / HTTP/1.1" 200 4983 "-" "Mozilla/5.0 (compatible; Baiduspider/2.0; +http://www.baidu.com/search/spider.html)"
159.65.240.71 - - [20/Mar/2018:02:07:19 +0100] "GET /robots.txt HTTP/1.1" 404 1256 "-" "Mozilla/5.0 (compatible; spbot/5.0.3; +http://OpenLinkProfiler.org/bot )"
159.65.240.71 - - [20/Mar/2018:02:07:25 +0100] "GET / HTTP/1.1" 200 4983 "-" "Mozilla/5.0 (compatible; spbot/5.0.3; +http://OpenLinkProfiler.org/bot )"
159.65.240.71 - - [20/Mar/2018:02:07:26 +0100] "GET /index.html HTTP/1.1" 200 4983 "http://www.familie-wilde.com/" "Mozilla/5.0 (compatible; spbot/5.0.3; +http://OpenLinkProfiler.org/bot )"
159.65.240.71 - - [20/Mar/2018:02:07:29 +0100] "GET /li_gre.html HTTP/1.1" 200 1973 "http://www.familie-wilde.com/" "Mozilla/5.0 (compatible; spbot/5.0.3; +http://OpenLinkProfiler.org/bot )"
159.65.240.71 - - [20/Mar/2018:02:07:35 +0100] "GET /seiten/agb.html HTTP/1.1" 404 1256 "http://www.familie-wilde.com/" "Mozilla/5.0 (compatible; spbot/5.0.3; +http://OpenLinkProfiler.org/bot )"
159.65.240.71 - - [20/Mar/2018:02:07:40 +0100] "GET /seiten/firma.html HTTP/1.1" 404 1256 "http://www.familie-wilde.com/" "Mozilla/5.0 (compatible; spbot/5.0.3; +http://OpenLinkProfiler.org/bot )"
159.65.240.71 - - [20/Mar/2018:02:07:44 +0100] "GET /seiten/kontakt.php HTTP/1.1" 404 1256 "http://www.familie-wilde.com/" "Mozilla/5.0 (compatible; spbot/5.0.3; +http://OpenLinkProfiler.org/bot )"
159.65.240.71 - - [20/Mar/2018:02:07:49 +0100] "GET /seiten/sitemap.html HTTP/1.1" 404 1256 "http://www.familie-wilde.com/" "Mozilla/5.0 (compatible; spbot/5.0.3; +http://OpenLinkProfiler.org/bot )"
159.65.240.71 - - [20/Mar/2018:02:07:54 +0100] "GET /seiten/projekte.html HTTP/1.1" 404 1256 "http://www.familie-wilde.com/" "Mozilla/5.0 (compatible; spbot/5.0.3; +http://OpenLinkProfiler.org/bot )"
159.65.240.71 - - [20/Mar/2018:02:08:00 +0100] "GET /seiten/impressum.html HTTP/1.1" 404 1256 "http://www.familie-wilde.com/" "Mozilla/5.0 (compatible; spbot/5.0.3; +http://OpenLinkProfiler.org/bot )"
159.65.240.71 - - [20/Mar/2018:02:08:04 +0100] "GET /seiten/leistungen.html HTTP/1.1" 404 1256 "http://www.familie-wilde.com/" "Mozilla/5.0 (compatible; spbot/5.0.3; +http://OpenLinkProfiler.org/bot )"
54.67.59.131 - - [20/Mar/2018:02:24:32 +0100] "GET / HTTP/1.1" 200 4983 "-" "Mozilla/5.0 (Macintosh; Intel Mac OS X 10_12_6) AppleWebKit/537.36 (KHTML, like Gecko) Chrome/61.0.3163.100 Safari/537.36"
141.8.141.131 - - [20/Mar/2018:18:38:48 +0100] "GET /robots.txt HTTP/1.1" 404 1256 "-" "Mozilla/5.0 (compatible; YandexBot/3.0; +http://yandex.com/bots)"
141.8.141.131 - - [20/Mar/2018:18:38:52 +0100] "GET /favicon.ico HTTP/1.1" 404 1256 "-" "Mozilla/5.0 (compatible; YandexBot/3.0; +http://yandex.com/bots)"
35.162.128.175 - - [21/Mar/2018:09:23:52 +0100] "GET / HTTP/1.1" 200 4983 "-" "Mozilla/5.0 (Macintosh; Intel Mac OS X 10_8_3) AppleWebKit/537.31 (KHTML, like Gecko) Chrome/26.0.1410.65 Safari/537.31"
54.67.59.131 - - [22/Mar/2018:20:45:25 +0100] "GET / HTTP/1.1" 200 4983 "-" "Mozilla/5.0 (Macintosh; Intel Mac OS X 10_12_6) AppleWebKit/537.36 (KHTML, like Gecko) Chrome/61.0.3163.100 Safari/537.36"
104.192.74.19 - - [24/Mar/2018:08:56:26 +0100] "GET /robots.txt HTTP/1.1" 404 1256 "http://www.familie-wilde.com/robots.txt" "Mozilla/5.0 (Macintosh; Intel Mac OS X 10_12_1) AppleWebKit/537.36 (KHTML, like Gecko) Chrome/58.0.3029.110 Safari/537.36"
104.192.74.19 - - [24/Mar/2018:08:56:26 +0100] "GET / HTTP/1.1" 200 4983 "http://www.familie-wilde.com" "Mozilla/5.0 (Macintosh; Intel Mac OS X 10_12_1) AppleWebKit/537.36 (KHTML, like Gecko) Chrome/58.0.3029.110 Safari/537.36"
167.114.174.95 - - [24/Mar/2018:12:17:09 +0100] "GET / HTTP/1.1" 200 4983 "-" "Mozilla/5.0 (compatible; Dataprovider.com;)"
167.114.174.95 - - [24/Mar/2018:12:17:10 +0100] "GET /robots.txt HTTP/1.1" 404 1256 "-" "Mozilla/5.0 (compatible; Dataprovider.com;)"
167.114.174.95 - - [24/Mar/2018:12:17:11 +0100] "GET /sitemap.xml HTTP/1.1" 404 1256 "-" "Mozilla/5.0 (compatible; Dataprovider.com;)"
167.114.174.95 - - [24/Mar/2018:12:17:11 +0100] "GET / HTTP/1.1" 200 4983 "-" "Mozilla/5.0 (compatible; Dataprovider.com;)"
167.114.174.95 - - [24/Mar/2018:12:17:12 +0100] "GET /seiten/kontakt.php HTTP/1.1" 404 1256 "-" "Mozilla/5.0 (compatible; Dataprovider.com;)"
167.114.174.95 - - [24/Mar/2018:12:17:13 +0100] "GET /seiten/impressum.html HTTP/1.1" 404 1256 "-" "Mozilla/5.0 (compatible; Dataprovider.com;)"
167.114.174.95 - - [24/Mar/2018:12:17:14 +0100] "GET /seiten/agb.html HTTP/1.1" 404 1256 "-" "Mozilla/5.0 (compatible; Dataprovider.com;)"
167.114.174.95 - - [24/Mar/2018:12:17:15 +0100] "GET /seiten/leistungen.html HTTP/1.1" 404 1256 "-" "Mozilla/5.0 (compatible; Dataprovider.com;)"
167.114.174.95 - - [24/Mar/2018:12:17:17 +0100] "GET /li_gre.html HTTP/1.1" 200 1973 "-" "Mozilla/5.0 (compatible; Dataprovider.com;)"
167.114.174.95 - - [24/Mar/2018:12:17:18 +0100] "GET /seiten/sitemap.html HTTP/1.1" 404 1256 "-" "Mozilla/5.0 (compatible; Dataprovider.com;)"
167.114.174.95 - - [24/Mar/2018:12:17:19 +0100] "GET /index.html HTTP/1.1" 200 4983 "-" "Mozilla/5.0 (compatible; Dataprovider.com;)"
167.114.174.95 - - [24/Mar/2018:12:17:20 +0100] "GET /seiten/firma.html HTTP/1.1" 404 1256 "-" "Mozilla/5.0 (compatible; Dataprovider.com;)"
167.114.174.95 - - [24/Mar/2018:12:17:21 +0100] "GET /seiten/projekte.html HTTP/1.1" 404 1256 "-" "Mozilla/5.0 (compatible; Dataprovider.com;)"
167.114.174.95 - - [24/Mar/2018:12:17:22 +0100] "GET /ads.txt HTTP/1.1" 404 1256 "-" "Mozilla/5.0 (compatible; Dataprovider.com;)"
167.114.174.95 - - [24/Mar/2018:12:17:23 +0100] "GET / HTTP/1.1" 200 4983 "-" "Mozilla/5.0 (Linux; Android 5.1.1; SM-G925F Build/LMY47X) AppleWebKit/537.36 (KHTML, like Gecko) Chrome/45.0.2454.94 Mobile Safari/537.36"
141.8.141.131 - - [24/Mar/2018:14:54:17 +0100] "GET /robots.txt HTTP/1.1" 404 1256 "-" "Mozilla/5.0 (compatible; YandexBot/3.0; +http://yandex.com/bots)"
141.8.141.131 - - [24/Mar/2018:14:54:21 +0100] "GET / HTTP/1.1" 200 4983 "-" "Mozilla/5.0 (compatible; YandexBot/3.0; +http://yandex.com/bots)"
87.250.233.65 - - [24/Mar/2018:15:24:41 +0100] "GET /favicon.ico HTTP/1.1" 404 1256 "-" "Mozilla/5.0 (compatible; YandexBot/3.0; +http://yandex.com/bots)"
54.67.59.131 - - [25/Mar/2018:17:43:23 +0200] "GET / HTTP/1.1" 200 4983 "-" "Mozilla/5.0 (Macintosh; Intel Mac OS X 10_12_6) AppleWebKit/537.36 (KHTML, like Gecko) Chrome/61.0.3163.100 Safari/537.36"
59.57.37.8 - - [26/Mar/2018:11:05:26 +0200] "GET / HTTP/1.1" 200 4983 "-" "Mozilla/5.0 (Windows NT 6.1) AppleWebKit/537.36 (KHTML, like Gecko) Chrome/55.0.2883.75 Safari/537.36"
45.56.151.42 - - [27/Mar/2018:03:00:31 +0200] "GET / HTTP/1.1" 200 4983 "-" "-"
180.76.15.153 - - [28/Mar/2018:03:14:05 +0200] "GET /robots.txt HTTP/1.1" 404 1256 "-" "Mozilla/5.0 (Windows NT 5.1; rv:6.0.2) Gecko/20100101 Firefox/6.0.2"
180.76.15.10 - - [28/Mar/2018:03:14:05 +0200] "GET /robots.txt HTTP/1.1" 404 1256 "-" "Mozilla/5.0 (Windows NT 5.1; rv:6.0.2) Gecko/20100101 Firefox/6.0.2"
180.76.15.23 - - [28/Mar/2018:07:28:35 +0200] "GET / HTTP/1.1" 200 4983 "-" "Mozilla/5.0 (compatible; Baiduspider/2.0; +http://www.baidu.com/search/spider.html)"
202.46.55.90 - - [28/Mar/2018:09:09:23 +0200] "GET / HTTP/1.1" 200 4983 "-" "Mozilla/5.0 (Windows NT 10.0; WOW64) AppleWebKit/537.36 (KHTML, like Gecko) Chrome/45.0.2454.93 Safari/537.36"
66.160.134.62 - - [28/Mar/2018:09:50:34 +0200] "GET / HTTP/1.1" 200 4983 "-" "Mozilla/5.0 (Macintosh; Intel Mac OS X 10_10_1) AppleWebKit/537.36 (KHTML, like Gecko) Chrome/39.0.2171.95 Safari/537.36"
141.8.141.131 - - [28/Mar/2018:10:59:17 +0200] "GET /robots.txt HTTP/1.1" 404 1256 "-" "Mozilla/5.0 (compatible; YandexBot/3.0; +http://yandex.com/bots)"
141.8.141.131 - - [28/Mar/2018:10:59:21 +0200] "GET /img/favicon.ico HTTP/1.1" 404 1256 "-" "Mozilla/5.0 (compatible; YandexBot/3.0; +http://yandex.com/bots)"
54.67.59.131 - - [28/Mar/2018:15:03:17 +0200] "GET / HTTP/1.1" 200 4983 "-" "Mozilla/5.0 (Macintosh; Intel Mac OS X 10_12_6) AppleWebKit/537.36 (KHTML, like Gecko) Chrome/61.0.3163.100 Safari/537.36"
159.89.34.113 - - [30/Mar/2018:09:04:32 +0200] "GET /robots.txt HTTP/1.1" 404 1256 "-" "Mozilla/5.0 (compatible; spbot/5.0.3; +http://OpenLinkProfiler.org/bot )"
159.89.34.113 - - [30/Mar/2018:09:04:36 +0200] "GET / HTTP/1.1" 200 4983 "-" "Mozilla/5.0 (compatible; spbot/5.0.3; +http://OpenLinkProfiler.org/bot )"
159.89.34.113 - - [30/Mar/2018:09:04:38 +0200] "GET /index.html HTTP/1.1" 200 4983 "http://www.familie-wilde.com/" "Mozilla/5.0 (compatible; spbot/5.0.3; +http://OpenLinkProfiler.org/bot )"
159.89.34.113 - - [30/Mar/2018:09:04:41 +0200] "GET /li_gre.html HTTP/1.1" 200 1973 "http://www.familie-wilde.com/" "Mozilla/5.0 (compatible; spbot/5.0.3; +http://OpenLinkProfiler.org/bot )"
159.89.34.113 - - [30/Mar/2018:09:04:46 +0200] "GET /seiten/agb.html HTTP/1.1" 404 1256 "http://www.familie-wilde.com/" "Mozilla/5.0 (compatible; spbot/5.0.3; +http://OpenLinkProfiler.org/bot )"
159.89.34.113 - - [30/Mar/2018:09:04:52 +0200] "GET /seiten/firma.html HTTP/1.1" 404 1256 "http://www.familie-wilde.com/" "Mozilla/5.0 (compatible; spbot/5.0.3; +http://OpenLinkProfiler.org/bot )"
159.89.34.113 - - [30/Mar/2018:09:04:57 +0200] "GET /seiten/kontakt.php HTTP/1.1" 404 1256 "http://www.familie-wilde.com/" "Mozilla/5.0 (compatible; spbot/5.0.3; +http://OpenLinkProfiler.org/bot )"
159.89.34.113 - - [30/Mar/2018:09:05:01 +0200] "GET /seiten/sitemap.html HTTP/1.1" 404 1256 "http://www.familie-wilde.com/" "Mozilla/5.0 (compatible; spbot/5.0.3; +http://OpenLinkProfiler.org/bot )"
159.89.34.113 - - [30/Mar/2018:09:05:07 +0200] "GET /seiten/projekte.html HTTP/1.1" 404 1256 "http://www.familie-wilde.com/" "Mozilla/5.0 (compatible; spbot/5.0.3; +http://OpenLinkProfiler.org/bot )"
159.89.34.113 - - [30/Mar/2018:09:05:12 +0200] "GET /seiten/impressum.html HTTP/1.1" 404 1256 "http://www.familie-wilde.com/" "Mozilla/5.0 (compatible; spbot/5.0.3; +http://OpenLinkProfiler.org/bot )"
159.89.34.113 - - [30/Mar/2018:09:05:17 +0200] "GET /seiten/leistungen.html HTTP/1.1" 404 1256 "http://www.familie-wilde.com/" "Mozilla/5.0 (compatible; spbot/5.0.3; +http://OpenLinkProfiler.org/bot )"
180.76.15.21 - - [30/Mar/2018:11:17:35 +0200] "GET / HTTP/1.1" 200 4983 "-" "Mozilla/5.0 (compatible; Baiduspider/2.0; +http://www.baidu.com/search/spider.html)"
195.154.172.76 - - [30/Mar/2018:14:24:23 +0200] "GET /readme.html HTTP/1.1" 404 1256 "http://www.familie-wilde.com/readme.html" "Mozilla/5.0 (Windows NT 6.1; WOW64) AppleWebKit/537.36 (KHTML, like Gecko) Chrome/42.0.2311.152 Safari/537.36"
202.46.57.174 - - [30/Mar/2018:14:52:33 +0200] "GET / HTTP/1.1" 200 4983 "-" "Mozilla/5.0 (Windows NT 10.0; WOW64) AppleWebKit/537.36 (KHTML, like Gecko) Chrome/45.0.2454.93 Safari/537.36"
54.67.59.131 - - [31/Mar/2018:12:59:55 +0200] "GET / HTTP/1.1" 200 4983 "-" "Mozilla/5.0 (Macintosh; Intel Mac OS X 10_12_6) AppleWebKit/537.36 (KHTML, like Gecko) Chrome/61.0.3163.100 Safari/537.36"
202.46.54.94 - - [31/Mar/2018:13:33:05 +0200] "GET / HTTP/1.1" 200 4983 "-" "Mozilla/5.0 (Windows NT 10.0; WOW64) AppleWebKit/537.36 (KHTML, like Gecko) Chrome/45.0.2454.93 Safari/537.36"