207.46.13.46 - - [27/Jul/2020:04:05:53 +0200] "GET /dokumente/ReferenzenWarme.pdf HTTP/1.1" 200 14947 "-" "Mozilla/5.0 (compatible; bingbot/2.0; +http://www.bing.com/bingbot.htm)"
194.209.200.2 - - [27/Jul/2020:04:20:11 +0200] "GET /robots.txt HTTP/1.1" 404 1256 "-" "Mozilla/5.0 (compatible; TMMBot/0.2; +http://www.dslab.ch)/Nutch-1.15"
194.209.200.2 - - [27/Jul/2020:04:20:11 +0200] "GET / HTTP/1.1" 304 - "-" "Mozilla/5.0 (compatible; TMMBot/0.2; +http://www.dslab.ch)/Nutch-1.15"
216.18.204.151 - - [27/Jul/2020:04:27:42 +0200] "GET /robots.txt HTTP/1.1" 404 1256 "-" "Mozilla/5.0 (compatible; Adsbot/3.1)"
216.18.204.151 - - [27/Jul/2020:04:27:50 +0200] "GET / HTTP/1.1" 200 1775 "-" "Mozilla/5.0 (compatible; Adsbot/3.1)"
194.209.200.2 - - [27/Jul/2020:04:34:48 +0200] "GET /robots.txt HTTP/1.1" 404 1256 "-" "Mozilla/5.0 (compatible; TMMBot/0.2; +http://www.dslab.ch)/Nutch-1.15"
194.209.200.2 - - [27/Jul/2020:04:34:48 +0200] "GET / HTTP/1.1" 304 - "-" "Mozilla/5.0 (compatible; TMMBot/0.2; +http://www.dslab.ch)/Nutch-1.15"
194.209.200.2 - - [27/Jul/2020:04:50:25 +0200] "GET /robots.txt HTTP/1.1" 404 1256 "-" "Mozilla/5.0 (compatible; TMMBot/0.2; +http://www.dslab.ch)/Nutch-1.15"
194.209.200.2 - - [27/Jul/2020:04:50:25 +0200] "GET / HTTP/1.1" 304 - "-" "Mozilla/5.0 (compatible; TMMBot/0.2; +http://www.dslab.ch)/Nutch-1.15"
216.18.204.151 - - [27/Jul/2020:04:55:27 +0200] "GET /seiten/start.htm HTTP/1.1" 200 9376 "-" "Mozilla/5.0 (compatible; Adsbot/3.1)"
194.209.200.2 - - [27/Jul/2020:05:08:11 +0200] "GET /robots.txt HTTP/1.1" 404 1256 "-" "Mozilla/5.0 (compatible; TMMBot/0.2; +http://www.dslab.ch)/Nutch-1.15"
194.209.200.2 - - [27/Jul/2020:05:08:11 +0200] "GET / HTTP/1.1" 304 - "-" "Mozilla/5.0 (compatible; TMMBot/0.2; +http://www.dslab.ch)/Nutch-1.15"
216.18.204.151 - - [27/Jul/2020:05:23:12 +0200] "GET /seiten/main.htm HTTP/1.1" 200 2496 "-" "Mozilla/5.0 (compatible; Adsbot/3.1)"
216.18.204.151 - - [27/Jul/2020:05:23:18 +0200] "GET /seiten/links.htm HTTP/1.1" 200 1543 "-" "Mozilla/5.0 (compatible; Adsbot/3.1)"
216.18.204.151 - - [27/Jul/2020:05:23:23 +0200] "GET /seiten/kontakt.php HTTP/1.1" 200 6708 "-" "Mozilla/5.0 (compatible; Adsbot/3.1)"
216.18.204.151 - - [27/Jul/2020:05:23:30 +0200] "GET /seiten/impressum.htm HTTP/1.1" 200 4643 "-" "Mozilla/5.0 (compatible; Adsbot/3.1)"
216.18.204.151 - - [27/Jul/2020:05:23:38 +0200] "GET /seiten/ueber_uns.htm HTTP/1.1" 200 2081 "-" "Mozilla/5.0 (compatible; Adsbot/3.1)"
216.18.204.151 - - [27/Jul/2020:05:23:44 +0200] "GET /seiten/ausbildung.htm HTTP/1.1" 200 2131 "-" "Mozilla/5.0 (compatible; Adsbot/3.1)"
216.18.204.151 - - [27/Jul/2020:05:23:49 +0200] "GET /seiten/leistungen.htm HTTP/1.1" 200 3710 "-" "Mozilla/5.0 (compatible; Adsbot/3.1)"
216.18.204.151 - - [27/Jul/2020:05:23:55 +0200] "GET /seiten/referenzen.htm HTTP/1.1" 200 3626 "-" "Mozilla/5.0 (compatible; Adsbot/3.1)"
194.209.200.2 - - [27/Jul/2020:05:28:24 +0200] "GET /robots.txt HTTP/1.1" 404 1256 "-" "Mozilla/5.0 (compatible; TMMBot/0.2; +http://www.dslab.ch)/Nutch-1.15"
194.209.200.2 - - [27/Jul/2020:05:28:24 +0200] "GET / HTTP/1.1" 304 - "-" "Mozilla/5.0 (compatible; TMMBot/0.2; +http://www.dslab.ch)/Nutch-1.15"
194.209.200.2 - - [27/Jul/2020:05:42:51 +0200] "GET /robots.txt HTTP/1.1" 404 1256 "-" "Mozilla/5.0 (compatible; TMMBot/0.2; +http://www.dslab.ch)/Nutch-1.15"
194.209.200.2 - - [27/Jul/2020:05:42:51 +0200] "GET / HTTP/1.1" 304 - "-" "Mozilla/5.0 (compatible; TMMBot/0.2; +http://www.dslab.ch)/Nutch-1.15"
216.18.204.151 - - [27/Jul/2020:05:50:41 +0200] "GET /seiten/ HTTP/1.1" 403 1222 "-" "Mozilla/5.0 (compatible; Adsbot/3.1)"
216.18.204.151 - - [27/Jul/2020:05:50:49 +0200] "GET /seiten/ausbildung2.htm HTTP/1.1" 200 4821 "-" "Mozilla/5.0 (compatible; Adsbot/3.1)"
216.18.204.151 - - [27/Jul/2020:05:50:55 +0200] "GET /seiten/ausbildung3.htm HTTP/1.1" 200 6331 "-" "Mozilla/5.0 (compatible; Adsbot/3.1)"
216.18.204.151 - - [27/Jul/2020:05:51:01 +0200] "GET /seiten/referenzen_beton.htm HTTP/1.1" 200 8747 "-" "Mozilla/5.0 (compatible; Adsbot/3.1)"
216.18.204.151 - - [27/Jul/2020:05:51:08 +0200] "GET /seiten/referenzen_maler.htm HTTP/1.1" 200 51839 "-" "Mozilla/5.0 (compatible; Adsbot/3.1)"
216.18.204.151 - - [27/Jul/2020:05:51:26 +0200] "GET /seiten/referenzen_waerme.htm HTTP/1.1" 200 35661 "-" "Mozilla/5.0 (compatible; Adsbot/3.1)"
216.18.204.151 - - [27/Jul/2020:05:51:34 +0200] "GET /dokumente/ReferenzenBeton.pdf HTTP/1.1" 200 10270 "-" "Mozilla/5.0 (compatible; Adsbot/3.1)"
216.18.204.151 - - [27/Jul/2020:05:51:41 +0200] "GET /dokumente/ReferenzenMaler.pdf HTTP/1.1" 200 15515 "-" "Mozilla/5.0 (compatible; Adsbot/3.1)"
216.18.204.151 - - [27/Jul/2020:05:51:47 +0200] "GET /dokumente/ReferenzenWarme.pdf HTTP/1.1" 200 14947 "-" "Mozilla/5.0 (compatible; Adsbot/3.1)"
194.209.200.2 - - [27/Jul/2020:06:01:19 +0200] "GET /robots.txt HTTP/1.1" 404 1256 "-" "Mozilla/5.0 (compatible; TMMBot/0.2; +http://www.dslab.ch)/Nutch-1.15"
194.209.200.2 - - [27/Jul/2020:06:01:19 +0200] "GET / HTTP/1.1" 304 - "-" "Mozilla/5.0 (compatible; TMMBot/0.2; +http://www.dslab.ch)/Nutch-1.15"
194.209.200.2 - - [27/Jul/2020:06:32:01 +0200] "GET /robots.txt HTTP/1.1" 404 1256 "-" "Mozilla/5.0 (compatible; TMMBot/0.2; +http://www.dslab.ch)/Nutch-1.15"
194.209.200.2 - - [27/Jul/2020:06:32:01 +0200] "GET / HTTP/1.1" 304 - "-" "Mozilla/5.0 (compatible; TMMBot/0.2; +http://www.dslab.ch)/Nutch-1.15"
194.209.200.2 - - [27/Jul/2020:06:47:17 +0200] "GET /robots.txt HTTP/1.1" 404 1256 "-" "Mozilla/5.0 (compatible; TMMBot/0.2; +http://www.dslab.ch)/Nutch-1.15"
194.209.200.2 - - [27/Jul/2020:06:47:17 +0200] "GET / HTTP/1.1" 304 - "-" "Mozilla/5.0 (compatible; TMMBot/0.2; +http://www.dslab.ch)/Nutch-1.15"
194.209.200.2 - - [27/Jul/2020:07:04:42 +0200] "GET /robots.txt HTTP/1.1" 404 1256 "-" "Mozilla/5.0 (compatible; TMMBot/0.2; +http://www.dslab.ch)/Nutch-1.15"
194.209.200.2 - - [27/Jul/2020:07:04:42 +0200] "GET / HTTP/1.1" 304 - "-" "Mozilla/5.0 (compatible; TMMBot/0.2; +http://www.dslab.ch)/Nutch-1.15"
66.249.70.2 - - [27/Jul/2020:07:10:43 +0200] "GET /seiten/start.htm HTTP/1.1" 200 9376 "-" "Mozilla/5.0 (Linux; Android 6.0.1; Nexus 5X Build/MMB29P) AppleWebKit/537.36 (KHTML, like Gecko) Chrome/80.0.3987.92 Mobile Safari/537.36 (compatible; Googlebot/2.1; +http://www.google.com/bot.html)"
66.249.70.31 - - [27/Jul/2020:07:10:50 +0200] "GET /scripte/menu_elemente.js HTTP/1.1" 200 18006 "http://www.frb-berlin.de/seiten/start.htm" "Mozilla/5.0 (Linux; Android 6.0.1; Nexus 5X Build/MMB29P) AppleWebKit/537.36 (KHTML, like Gecko) Chrome/84.0.4147.98 Mobile Safari/537.36 (compatible; Googlebot/2.1; +http://www.google.com/bot.html)"
66.249.70.31 - - [27/Jul/2020:07:10:50 +0200] "GET /scripte/menu_start.js HTTP/1.1" 200 31217 "http://www.frb-berlin.de/seiten/start.htm" "Mozilla/5.0 (Linux; Android 6.0.1; Nexus 5X Build/MMB29P) AppleWebKit/537.36 (KHTML, like Gecko) Chrome/84.0.4147.98 Mobile Safari/537.36 (compatible; Googlebot/2.1; +http://www.google.com/bot.html)"
66.249.70.31 - - [27/Jul/2020:07:10:55 +0200] "GET /seiten/main.htm HTTP/1.1" 200 2496 "http://www.frb-berlin.de/seiten/start.htm" "Mozilla/5.0 (Linux; Android 6.0.1; Nexus 5X Build/MMB29P) AppleWebKit/537.36 (KHTML, like Gecko) Chrome/84.0.4147.98 Mobile Safari/537.36 (compatible; Googlebot/2.1; +http://www.google.com/bot.html)"
194.209.200.2 - - [27/Jul/2020:07:40:39 +0200] "GET /robots.txt HTTP/1.1" 404 1256 "-" "Mozilla/5.0 (compatible; TMMBot/0.2; +http://www.dslab.ch)/Nutch-1.15"
194.209.200.2 - - [27/Jul/2020:07:40:39 +0200] "GET / HTTP/1.1" 304 - "-" "Mozilla/5.0 (compatible; TMMBot/0.2; +http://www.dslab.ch)/Nutch-1.15"
194.209.200.2 - - [27/Jul/2020:07:56:35 +0200] "GET /robots.txt HTTP/1.1" 404 1256 "-" "Mozilla/5.0 (compatible; TMMBot/0.2; +http://www.dslab.ch)/Nutch-1.15"
194.209.200.2 - - [27/Jul/2020:07:56:35 +0200] "GET / HTTP/1.1" 304 - "-" "Mozilla/5.0 (compatible; TMMBot/0.2; +http://www.dslab.ch)/Nutch-1.15"
194.209.200.2 - - [27/Jul/2020:08:18:32 +0200] "GET /robots.txt HTTP/1.1" 404 1256 "-" "Mozilla/5.0 (compatible; TMMBot/0.2; +http://www.dslab.ch)/Nutch-1.15"
194.209.200.2 - - [27/Jul/2020:08:18:32 +0200] "GET / HTTP/1.1" 304 - "-" "Mozilla/5.0 (compatible; TMMBot/0.2; +http://www.dslab.ch)/Nutch-1.15"
194.209.200.2 - - [27/Jul/2020:08:41:50 +0200] "GET /robots.txt HTTP/1.1" 404 1256 "-" "Mozilla/5.0 (compatible; TMMBot/0.2; +http://www.dslab.ch)/Nutch-1.15"
194.209.200.2 - - [27/Jul/2020:08:41:50 +0200] "GET / HTTP/1.1" 304 - "-" "Mozilla/5.0 (compatible; TMMBot/0.2; +http://www.dslab.ch)/Nutch-1.15"
66.249.70.31 - - [27/Jul/2020:08:51:15 +0200] "GET / HTTP/1.1" 200 1775 "-" "Mozilla/5.0 (compatible; Googlebot/2.1; +http://www.google.com/bot.html)"
194.209.200.2 - - [27/Jul/2020:09:03:07 +0200] "GET /robots.txt HTTP/1.1" 404 1256 "-" "Mozilla/5.0 (compatible; TMMBot/0.2; +http://www.dslab.ch)/Nutch-1.15"
194.209.200.2 - - [27/Jul/2020:09:03:07 +0200] "GET / HTTP/1.1" 304 - "-" "Mozilla/5.0 (compatible; TMMBot/0.2; +http://www.dslab.ch)/Nutch-1.15"
66.249.70.31 - - [27/Jul/2020:09:04:25 +0200] "GET /img/1px.gif HTTP/1.1" 304 - "-" "Googlebot-Image/1.0"
46.229.168.132 - - [27/Jul/2020:09:05:37 +0200] "GET /robots.txt HTTP/1.1" 404 1256 "-" "Mozilla/5.0 (compatible; SemrushBot/6~bl; +http://www.semrush.com/bot.html)"
46.229.168.132 - - [27/Jul/2020:09:05:38 +0200] "GET /seiten/links.htm HTTP/1.1" 200 1543 "-" "Mozilla/5.0 (compatible; SemrushBot/6~bl; +http://www.semrush.com/bot.html)"
194.209.200.2 - - [27/Jul/2020:09:30:14 +0200] "GET /robots.txt HTTP/1.1" 404 1256 "-" "Mozilla/5.0 (compatible; TMMBot/0.2; +http://www.dslab.ch)/Nutch-1.15"
194.209.200.2 - - [27/Jul/2020:09:30:14 +0200] "GET / HTTP/1.1" 304 - "-" "Mozilla/5.0 (compatible; TMMBot/0.2; +http://www.dslab.ch)/Nutch-1.15"
194.209.200.2 - - [27/Jul/2020:09:52:27 +0200] "GET /robots.txt HTTP/1.1" 404 1256 "-" "Mozilla/5.0 (compatible; TMMBot/0.2; +http://www.dslab.ch)/Nutch-1.15"
194.209.200.2 - - [27/Jul/2020:09:52:27 +0200] "GET / HTTP/1.1" 304 - "-" "Mozilla/5.0 (compatible; TMMBot/0.2; +http://www.dslab.ch)/Nutch-1.15"
79.241.62.229 - - [27/Jul/2020:10:00:55 +0200] "GET / HTTP/1.1" 200 1775 "https://www.gelbeseiten.de/" "Mozilla/5.0 (Windows NT 10.0; Win64; x64) AppleWebKit/537.36 (KHTML, like Gecko) Chrome/84.0.4147.89 Safari/537.36"
79.241.62.229 - - [27/Jul/2020:10:00:55 +0200] "GET /css/style.css HTTP/1.1" 200 8567 "http://www.frb-berlin.de/" "Mozilla/5.0 (Windows NT 10.0; Win64; x64) AppleWebKit/537.36 (KHTML, like Gecko) Chrome/84.0.4147.89 Safari/537.36"
79.241.62.229 - - [27/Jul/2020:10:00:55 +0200] "GET /img/logo.gif HTTP/1.1" 200 4275 "http://www.frb-berlin.de/" "Mozilla/5.0 (Windows NT 10.0; Win64; x64) AppleWebKit/537.36 (KHTML, like Gecko) Chrome/84.0.4147.89 Safari/537.36"
79.241.62.229 - - [27/Jul/2020:10:00:55 +0200] "GET /favicon.ico HTTP/1.1" 404 1256 "http://www.frb-berlin.de/" "Mozilla/5.0 (Windows NT 10.0; Win64; x64) AppleWebKit/537.36 (KHTML, like Gecko) Chrome/84.0.4147.89 Safari/537.36"
194.209.200.2 - - [27/Jul/2020:10:08:49 +0200] "GET /robots.txt HTTP/1.1" 404 1256 "-" "Mozilla/5.0 (compatible; TMMBot/0.2; +http://www.dslab.ch)/Nutch-1.15"
194.209.200.2 - - [27/Jul/2020:10:08:49 +0200] "GET / HTTP/1.1" 304 - "-" "Mozilla/5.0 (compatible; TMMBot/0.2; +http://www.dslab.ch)/Nutch-1.15"
194.209.200.2 - - [27/Jul/2020:10:41:01 +0200] "GET /robots.txt HTTP/1.1" 404 1256 "-" "Mozilla/5.0 (compatible; TMMBot/0.2; +http://www.dslab.ch)/Nutch-1.15"
194.209.200.2 - - [27/Jul/2020:10:41:01 +0200] "GET / HTTP/1.1" 304 - "-" "Mozilla/5.0 (compatible; TMMBot/0.2; +http://www.dslab.ch)/Nutch-1.15"
194.209.200.2 - - [27/Jul/2020:10:56:00 +0200] "GET /robots.txt HTTP/1.1" 404 1256 "-" "Mozilla/5.0 (compatible; TMMBot/0.2; +http://www.dslab.ch)/Nutch-1.15"
194.209.200.2 - - [27/Jul/2020:10:56:00 +0200] "GET / HTTP/1.1" 304 - "-" "Mozilla/5.0 (compatible; TMMBot/0.2; +http://www.dslab.ch)/Nutch-1.15"
194.209.200.2 - - [27/Jul/2020:11:20:00 +0200] "GET /robots.txt HTTP/1.1" 404 1256 "-" "Mozilla/5.0 (compatible; TMMBot/0.2; +http://www.dslab.ch)/Nutch-1.15"
194.209.200.2 - - [27/Jul/2020:11:20:00 +0200] "GET / HTTP/1.1" 304 - "-" "Mozilla/5.0 (compatible; TMMBot/0.2; +http://www.dslab.ch)/Nutch-1.15"
194.209.200.2 - - [27/Jul/2020:11:38:27 +0200] "GET /robots.txt HTTP/1.1" 404 1256 "-" "Mozilla/5.0 (compatible; TMMBot/0.2; +http://www.dslab.ch)/Nutch-1.15"
194.209.200.2 - - [27/Jul/2020:11:38:27 +0200] "GET / HTTP/1.1" 304 - "-" "Mozilla/5.0 (compatible; TMMBot/0.2; +http://www.dslab.ch)/Nutch-1.15"
194.209.200.2 - - [27/Jul/2020:11:54:03 +0200] "GET /robots.txt HTTP/1.1" 404 1256 "-" "Mozilla/5.0 (compatible; TMMBot/0.2; +http://www.dslab.ch)/Nutch-1.15"
194.209.200.2 - - [27/Jul/2020:11:54:03 +0200] "GET / HTTP/1.1" 304 - "-" "Mozilla/5.0 (compatible; TMMBot/0.2; +http://www.dslab.ch)/Nutch-1.15"
194.209.200.2 - - [27/Jul/2020:12:14:45 +0200] "GET /robots.txt HTTP/1.1" 404 1256 "-" "Mozilla/5.0 (compatible; TMMBot/0.2; +http://www.dslab.ch)/Nutch-1.15"
194.209.200.2 - - [27/Jul/2020:12:14:45 +0200] "GET / HTTP/1.1" 304 - "-" "Mozilla/5.0 (compatible; TMMBot/0.2; +http://www.dslab.ch)/Nutch-1.15"
194.209.200.2 - - [27/Jul/2020:12:34:27 +0200] "GET /robots.txt HTTP/1.1" 404 1256 "-" "Mozilla/5.0 (compatible; TMMBot/0.2; +http://www.dslab.ch)/Nutch-1.15"
194.209.200.2 - - [27/Jul/2020:12:34:27 +0200] "GET / HTTP/1.1" 304 - "-" "Mozilla/5.0 (compatible; TMMBot/0.2; +http://www.dslab.ch)/Nutch-1.15"
194.209.200.2 - - [27/Jul/2020:12:49:40 +0200] "GET /robots.txt HTTP/1.1" 404 1256 "-" "Mozilla/5.0 (compatible; TMMBot/0.2; +http://www.dslab.ch)/Nutch-1.15"
194.209.200.2 - - [27/Jul/2020:12:49:40 +0200] "GET / HTTP/1.1" 304 - "-" "Mozilla/5.0 (compatible; TMMBot/0.2; +http://www.dslab.ch)/Nutch-1.15"
194.209.200.2 - - [27/Jul/2020:13:09:33 +0200] "GET /robots.txt HTTP/1.1" 404 1256 "-" "Mozilla/5.0 (compatible; TMMBot/0.2; +http://www.dslab.ch)/Nutch-1.15"
194.209.200.2 - - [27/Jul/2020:13:09:33 +0200] "GET / HTTP/1.1" 304 - "-" "Mozilla/5.0 (compatible; TMMBot/0.2; +http://www.dslab.ch)/Nutch-1.15"
194.209.200.2 - - [27/Jul/2020:13:28:07 +0200] "GET /robots.txt HTTP/1.1" 404 1256 "-" "Mozilla/5.0 (compatible; TMMBot/0.2; +http://www.dslab.ch)/Nutch-1.15"
194.209.200.2 - - [27/Jul/2020:13:28:07 +0200] "GET / HTTP/1.1" 304 - "-" "Mozilla/5.0 (compatible; TMMBot/0.2; +http://www.dslab.ch)/Nutch-1.15"
35.185.67.154 - - [27/Jul/2020:13:29:10 +0200] "GET /robots.txt HTTP/1.0" 404 1256 "-" "ZoominfoBot (zoominfobot at zoominfo dot com)"
35.185.67.154 - - [27/Jul/2020:13:29:10 +0200] "GET / HTTP/1.0" 200 1775 "-" "ZoominfoBot (zoominfobot at zoominfo dot com)"
194.209.200.2 - - [27/Jul/2020:13:43:57 +0200] "GET /robots.txt HTTP/1.1" 404 1256 "-" "Mozilla/5.0 (compatible; TMMBot/0.2; +http://www.dslab.ch)/Nutch-1.15"
194.209.200.2 - - [27/Jul/2020:13:43:57 +0200] "GET / HTTP/1.1" 304 - "-" "Mozilla/5.0 (compatible; TMMBot/0.2; +http://www.dslab.ch)/Nutch-1.15"
194.209.200.2 - - [27/Jul/2020:13:59:08 +0200] "GET /robots.txt HTTP/1.1" 404 1256 "-" "Mozilla/5.0 (compatible; TMMBot/0.2; +http://www.dslab.ch)/Nutch-1.15"
194.209.200.2 - - [27/Jul/2020:13:59:08 +0200] "GET / HTTP/1.1" 304 - "-" "Mozilla/5.0 (compatible; TMMBot/0.2; +http://www.dslab.ch)/Nutch-1.15"
194.209.200.2 - - [27/Jul/2020:14:17:36 +0200] "GET /robots.txt HTTP/1.1" 404 1256 "-" "Mozilla/5.0 (compatible; TMMBot/0.2; +http://www.dslab.ch)/Nutch-1.15"
194.209.200.2 - - [27/Jul/2020:14:17:36 +0200] "GET / HTTP/1.1" 304 - "-" "Mozilla/5.0 (compatible; TMMBot/0.2; +http://www.dslab.ch)/Nutch-1.15"
194.209.200.2 - - [27/Jul/2020:14:33:55 +0200] "GET /robots.txt HTTP/1.1" 404 1256 "-" "Mozilla/5.0 (compatible; TMMBot/0.2; +http://www.dslab.ch)/Nutch-1.15"
194.209.200.2 - - [27/Jul/2020:14:33:55 +0200] "GET / HTTP/1.1" 304 - "-" "Mozilla/5.0 (compatible; TMMBot/0.2; +http://www.dslab.ch)/Nutch-1.15"
194.209.200.2 - - [27/Jul/2020:14:54:59 +0200] "GET /robots.txt HTTP/1.1" 404 1256 "-" "Mozilla/5.0 (compatible; TMMBot/0.2; +http://www.dslab.ch)/Nutch-1.15"
194.209.200.2 - - [27/Jul/2020:14:54:59 +0200] "GET / HTTP/1.1" 304 - "-" "Mozilla/5.0 (compatible; TMMBot/0.2; +http://www.dslab.ch)/Nutch-1.15"
35.239.58.193 - - [27/Jul/2020:14:55:47 +0200] "GET /robots.txt HTTP/1.1" 404 1256 "-" "ltx71 - (http://ltx71.com/)"
194.209.200.2 - - [27/Jul/2020:15:14:38 +0200] "GET /robots.txt HTTP/1.1" 404 1256 "-" "Mozilla/5.0 (compatible; TMMBot/0.2; +http://www.dslab.ch)/Nutch-1.15"
194.209.200.2 - - [27/Jul/2020:15:14:38 +0200] "GET / HTTP/1.1" 304 - "-" "Mozilla/5.0 (compatible; TMMBot/0.2; +http://www.dslab.ch)/Nutch-1.15"
194.209.200.2 - - [27/Jul/2020:15:30:33 +0200] "GET /robots.txt HTTP/1.1" 404 1256 "-" "Mozilla/5.0 (compatible; TMMBot/0.2; +http://www.dslab.ch)/Nutch-1.15"
194.209.200.2 - - [27/Jul/2020:15:30:33 +0200] "GET / HTTP/1.1" 304 - "-" "Mozilla/5.0 (compatible; TMMBot/0.2; +http://www.dslab.ch)/Nutch-1.15"
194.209.200.2 - - [27/Jul/2020:15:47:01 +0200] "GET /robots.txt HTTP/1.1" 404 1256 "-" "Mozilla/5.0 (compatible; TMMBot/0.2; +http://www.dslab.ch)/Nutch-1.15"
194.209.200.2 - - [27/Jul/2020:15:47:01 +0200] "GET / HTTP/1.1" 304 - "-" "Mozilla/5.0 (compatible; TMMBot/0.2; +http://www.dslab.ch)/Nutch-1.15"
35.239.58.193 - - [27/Jul/2020:15:49:23 +0200] "GET /robots.txt HTTP/1.1" 404 1256 "-" "ltx71 - (http://ltx71.com/)"
194.209.200.2 - - [27/Jul/2020:16:04:54 +0200] "GET /robots.txt HTTP/1.1" 404 1256 "-" "Mozilla/5.0 (compatible; TMMBot/0.2; +http://www.dslab.ch)/Nutch-1.15"
194.209.200.2 - - [27/Jul/2020:16:04:54 +0200] "GET / HTTP/1.1" 304 - "-" "Mozilla/5.0 (compatible; TMMBot/0.2; +http://www.dslab.ch)/Nutch-1.15"
194.209.200.2 - - [27/Jul/2020:16:27:37 +0200] "GET /robots.txt HTTP/1.1" 404 1256 "-" "Mozilla/5.0 (compatible; TMMBot/0.2; +http://www.dslab.ch)/Nutch-1.15"
194.209.200.2 - - [27/Jul/2020:16:27:37 +0200] "GET / HTTP/1.1" 304 - "-" "Mozilla/5.0 (compatible; TMMBot/0.2; +http://www.dslab.ch)/Nutch-1.15"
194.209.200.2 - - [27/Jul/2020:16:42:58 +0200] "GET /robots.txt HTTP/1.1" 404 1256 "-" "Mozilla/5.0 (compatible; TMMBot/0.2; +http://www.dslab.ch)/Nutch-1.15"
194.209.200.2 - - [27/Jul/2020:16:42:58 +0200] "GET / HTTP/1.1" 304 - "-" "Mozilla/5.0 (compatible; TMMBot/0.2; +http://www.dslab.ch)/Nutch-1.15"
194.209.200.2 - - [27/Jul/2020:16:58:42 +0200] "GET /robots.txt HTTP/1.1" 404 1256 "-" "Mozilla/5.0 (compatible; TMMBot/0.2; +http://www.dslab.ch)/Nutch-1.15"
194.209.200.2 - - [27/Jul/2020:16:58:42 +0200] "GET / HTTP/1.1" 304 - "-" "Mozilla/5.0 (compatible; TMMBot/0.2; +http://www.dslab.ch)/Nutch-1.15"
194.209.200.2 - - [27/Jul/2020:17:14:44 +0200] "GET /robots.txt HTTP/1.1" 404 1256 "-" "Mozilla/5.0 (compatible; TMMBot/0.2; +http://www.dslab.ch)/Nutch-1.15"
194.209.200.2 - - [27/Jul/2020:17:14:44 +0200] "GET / HTTP/1.1" 304 - "-" "Mozilla/5.0 (compatible; TMMBot/0.2; +http://www.dslab.ch)/Nutch-1.15"
194.209.200.2 - - [27/Jul/2020:17:32:10 +0200] "GET /robots.txt HTTP/1.1" 404 1256 "-" "Mozilla/5.0 (compatible; TMMBot/0.2; +http://www.dslab.ch)/Nutch-1.15"
194.209.200.2 - - [27/Jul/2020:17:32:10 +0200] "GET / HTTP/1.1" 304 - "-" "Mozilla/5.0 (compatible; TMMBot/0.2; +http://www.dslab.ch)/Nutch-1.15"
194.209.200.2 - - [27/Jul/2020:17:55:29 +0200] "GET /robots.txt HTTP/1.1" 404 1256 "-" "Mozilla/5.0 (compatible; TMMBot/0.2; +http://www.dslab.ch)/Nutch-1.15"
194.209.200.2 - - [27/Jul/2020:17:55:29 +0200] "GET / HTTP/1.1" 304 - "-" "Mozilla/5.0 (compatible; TMMBot/0.2; +http://www.dslab.ch)/Nutch-1.15"
194.209.200.2 - - [27/Jul/2020:18:11:35 +0200] "GET /robots.txt HTTP/1.1" 404 1256 "-" "Mozilla/5.0 (compatible; TMMBot/0.2; +http://www.dslab.ch)/Nutch-1.15"
194.209.200.2 - - [27/Jul/2020:18:11:35 +0200] "GET / HTTP/1.1" 304 - "-" "Mozilla/5.0 (compatible; TMMBot/0.2; +http://www.dslab.ch)/Nutch-1.15"
85.25.177.139 - - [27/Jul/2020:18:29:55 +0200] "GET /robots.txt HTTP/1.1" 404 1256 "-" "Mozilla/5.0 (compatible; adscanner/)/1.0 (http://seocompany.store; spider@seocompany.store)"
85.25.177.139 - - [27/Jul/2020:18:29:56 +0200] "GET / HTTP/1.1" 200 1775 "-" "Mozilla/5.0 (compatible; adscanner/)/1.0 (http://seocompany.store; spider@seocompany.store)"
194.209.200.2 - - [27/Jul/2020:18:38:01 +0200] "GET /robots.txt HTTP/1.1" 404 1256 "-" "Mozilla/5.0 (compatible; TMMBot/0.2; +http://www.dslab.ch)/Nutch-1.15"
194.209.200.2 - - [27/Jul/2020:18:38:01 +0200] "GET / HTTP/1.1" 304 - "-" "Mozilla/5.0 (compatible; TMMBot/0.2; +http://www.dslab.ch)/Nutch-1.15"
194.209.200.2 - - [27/Jul/2020:18:54:26 +0200] "GET /robots.txt HTTP/1.1" 404 1256 "-" "Mozilla/5.0 (compatible; TMMBot/0.2; +http://www.dslab.ch)/Nutch-1.15"
194.209.200.2 - - [27/Jul/2020:18:54:26 +0200] "GET / HTTP/1.1" 304 - "-" "Mozilla/5.0 (compatible; TMMBot/0.2; +http://www.dslab.ch)/Nutch-1.15"
66.249.70.31 - - [27/Jul/2020:19:04:05 +0200] "GET /robots.txt HTTP/1.1" 404 1256 "-" "Mozilla/5.0 (compatible; Googlebot/2.1; +http://www.google.com/bot.html)"
66.249.70.31 - - [27/Jul/2020:19:04:05 +0200] "GET /img/lay04.jpg HTTP/1.1" 304 - "-" "Googlebot-Image/1.0"
194.209.200.2 - - [27/Jul/2020:19:27:26 +0200] "GET /robots.txt HTTP/1.1" 404 1256 "-" "Mozilla/5.0 (compatible; TMMBot/0.2; +http://www.dslab.ch)/Nutch-1.15"
194.209.200.2 - - [27/Jul/2020:19:27:26 +0200] "GET / HTTP/1.1" 304 - "-" "Mozilla/5.0 (compatible; TMMBot/0.2; +http://www.dslab.ch)/Nutch-1.15"
159.203.83.135 - - [27/Jul/2020:19:29:14 +0200] "GET / HTTP/1.1" 200 1775 "http://www.frb-berlin.de" "Mozilla/5.0 (X11; Datanyze; Linux x86_64) AppleWebKit/537.36 (KHTML, like Gecko) Chrome/65.0.3325.181 Safari/537.36"
159.203.83.135 - - [27/Jul/2020:19:29:15 +0200] "GET /css/style.css HTTP/1.1" 200 8567 "-" "Mozilla/5.0 (X11; Datanyze; Linux x86_64) AppleWebKit/537.36 (KHTML, like Gecko) Chrome/65.0.3325.181 Safari/537.36"
159.203.83.135 - - [27/Jul/2020:19:29:26 +0200] "GET /robots.txt HTTP/1.1" 404 1256 "-" "Mozilla/5.0 (Windows NT 6.1; WOW64; rv:29.0) Gecko/20100101 Firefox/29.0"
159.203.83.135 - - [27/Jul/2020:19:29:31 +0200] "GET /seiten/start.htm HTTP/1.1" 200 9376 "http://www.frb-berlin.de" "Mozilla/5.0 (X11; Datanyze; Linux x86_64) AppleWebKit/537.36 (KHTML, like Gecko) Chrome/65.0.3325.181 Safari/537.36"
159.203.83.135 - - [27/Jul/2020:19:29:32 +0200] "GET /../scripte/menu_elemente.js HTTP/1.1" 400 1200 "-" "Mozilla/5.0 (X11; Datanyze; Linux x86_64) AppleWebKit/537.36 (KHTML, like Gecko) Chrome/65.0.3325.181 Safari/537.36"
159.203.83.135 - - [27/Jul/2020:19:29:32 +0200] "GET /../scripte/menu_start.js HTTP/1.1" 400 1200 "-" "Mozilla/5.0 (X11; Datanyze; Linux x86_64) AppleWebKit/537.36 (KHTML, like Gecko) Chrome/65.0.3325.181 Safari/537.36"
159.203.83.135 - - [27/Jul/2020:19:29:32 +0200] "GET /../css/style.css HTTP/1.1" 400 1200 "-" "Mozilla/5.0 (X11; Datanyze; Linux x86_64) AppleWebKit/537.36 (KHTML, like Gecko) Chrome/65.0.3325.181 Safari/537.36"
66.249.70.2 - - [27/Jul/2020:19:43:52 +0200] "GET / HTTP/1.1" 200 1775 "-" "Mozilla/5.0 (Linux; Android 6.0.1; Nexus 5X Build/MMB29P) AppleWebKit/537.36 (KHTML, like Gecko) Chrome/80.0.3987.92 Mobile Safari/537.36 (compatible; Googlebot/2.1; +http://www.google.com/bot.html)"
194.209.200.2 - - [27/Jul/2020:19:44:02 +0200] "GET /robots.txt HTTP/1.1" 404 1256 "-" "Mozilla/5.0 (compatible; TMMBot/0.2; +http://www.dslab.ch)/Nutch-1.15"
194.209.200.2 - - [27/Jul/2020:19:44:02 +0200] "GET / HTTP/1.1" 304 - "-" "Mozilla/5.0 (compatible; TMMBot/0.2; +http://www.dslab.ch)/Nutch-1.15"
194.209.200.2 - - [27/Jul/2020:19:59:37 +0200] "GET /robots.txt HTTP/1.1" 404 1256 "-" "Mozilla/5.0 (compatible; TMMBot/0.2; +http://www.dslab.ch)/Nutch-1.15"
194.209.200.2 - - [27/Jul/2020:19:59:37 +0200] "GET / HTTP/1.1" 304 - "-" "Mozilla/5.0 (compatible; TMMBot/0.2; +http://www.dslab.ch)/Nutch-1.15"
66.249.70.2 - - [27/Jul/2020:20:03:33 +0200] "GET / HTTP/1.1" 200 1775 "-" "Mozilla/5.0 (compatible; Googlebot/2.1; +http://www.google.com/bot.html)"
194.209.200.2 - - [27/Jul/2020:20:17:52 +0200] "GET /robots.txt HTTP/1.1" 404 1256 "-" "Mozilla/5.0 (compatible; TMMBot/0.2; +http://www.dslab.ch)/Nutch-1.15"
194.209.200.2 - - [27/Jul/2020:20:17:52 +0200] "GET / HTTP/1.1" 304 - "-" "Mozilla/5.0 (compatible; TMMBot/0.2; +http://www.dslab.ch)/Nutch-1.15"
66.249.70.5 - - [27/Jul/2020:20:21:50 +0200] "GET /seiten/leistungen.htm HTTP/1.1" 200 3710 "-" "Mozilla/5.0 (Linux; Android 6.0.1; Nexus 5X Build/MMB29P) AppleWebKit/537.36 (KHTML, like Gecko) Chrome/80.0.3987.92 Mobile Safari/537.36 (compatible; Googlebot/2.1; +http://www.google.com/bot.html)"
66.249.70.2 - - [27/Jul/2020:20:21:51 +0200] "GET /seiten/ausbildung.htm HTTP/1.1" 200 2131 "-" "Mozilla/5.0 (Linux; Android 6.0.1; Nexus 5X Build/MMB29P) AppleWebKit/537.36 (KHTML, like Gecko) Chrome/80.0.3987.92 Mobile Safari/537.36 (compatible; Googlebot/2.1; +http://www.google.com/bot.html)"
194.209.200.2 - - [27/Jul/2020:20:34:27 +0200] "GET /robots.txt HTTP/1.1" 404 1256 "-" "Mozilla/5.0 (compatible; TMMBot/0.2; +http://www.dslab.ch)/Nutch-1.15"
194.209.200.2 - - [27/Jul/2020:20:34:27 +0200] "GET / HTTP/1.1" 304 - "-" "Mozilla/5.0 (compatible; TMMBot/0.2; +http://www.dslab.ch)/Nutch-1.15"
194.209.200.2 - - [27/Jul/2020:20:51:01 +0200] "GET /robots.txt HTTP/1.1" 404 1256 "-" "Mozilla/5.0 (compatible; TMMBot/0.2; +http://www.dslab.ch)/Nutch-1.15"
194.209.200.2 - - [27/Jul/2020:20:51:01 +0200] "GET / HTTP/1.1" 304 - "-" "Mozilla/5.0 (compatible; TMMBot/0.2; +http://www.dslab.ch)/Nutch-1.15"
194.209.200.2 - - [27/Jul/2020:21:14:11 +0200] "GET /robots.txt HTTP/1.1" 404 1256 "-" "Mozilla/5.0 (compatible; TMMBot/0.2; +http://www.dslab.ch)/Nutch-1.15"
194.209.200.2 - - [27/Jul/2020:21:14:11 +0200] "GET / HTTP/1.1" 304 - "-" "Mozilla/5.0 (compatible; TMMBot/0.2; +http://www.dslab.ch)/Nutch-1.15"
54.36.149.31 - - [27/Jul/2020:21:19:02 +0200] "GET /robots.txt HTTP/1.1" 404 1256 "-" "Mozilla/5.0 (compatible; AhrefsBot/6.1; +http://ahrefs.com/robot/)"
54.36.148.243 - - [27/Jul/2020:21:19:02 +0200] "GET /seiten/referenzen_beton.htm HTTP/1.1" 200 8747 "-" "Mozilla/5.0 (compatible; AhrefsBot/6.1; +http://ahrefs.com/robot/)"
194.209.200.2 - - [27/Jul/2020:21:30:29 +0200] "GET /robots.txt HTTP/1.1" 404 1256 "-" "Mozilla/5.0 (compatible; TMMBot/0.2; +http://www.dslab.ch)/Nutch-1.15"
194.209.200.2 - - [27/Jul/2020:21:30:29 +0200] "GET / HTTP/1.1" 304 - "-" "Mozilla/5.0 (compatible; TMMBot/0.2; +http://www.dslab.ch)/Nutch-1.15"
85.25.177.139 - - [27/Jul/2020:21:39:57 +0200] "GET /robots.txt HTTP/1.1" 404 1256 "-" "Mozilla/5.0 (compatible; adscanner/)/1.0 (http://seocompany.store; spider@seocompany.store)"
85.25.177.139 - - [27/Jul/2020:21:39:57 +0200] "GET / HTTP/1.1" 200 1775 "-" "Mozilla/5.0 (compatible; adscanner/)/1.0 (http://seocompany.store; spider@seocompany.store)"
194.209.200.2 - - [27/Jul/2020:21:46:54 +0200] "GET /robots.txt HTTP/1.1" 404 1256 "-" "Mozilla/5.0 (compatible; TMMBot/0.2; +http://www.dslab.ch)/Nutch-1.15"
194.209.200.2 - - [27/Jul/2020:21:46:54 +0200] "GET / HTTP/1.1" 304 - "-" "Mozilla/5.0 (compatible; TMMBot/0.2; +http://www.dslab.ch)/Nutch-1.15"
85.25.177.139 - - [27/Jul/2020:22:00:41 +0200] "GET /robots.txt HTTP/1.1" 404 1256 "-" "Mozilla/5.0 (compatible; adscanner/)/1.0 (http://seocompany.store; spider@seocompany.store)"
85.25.177.139 - - [27/Jul/2020:22:00:41 +0200] "GET /seiten/start.htm HTTP/1.1" 200 9376 "-" "Mozilla/5.0 (compatible; adscanner/)/1.0 (http://seocompany.store; spider@seocompany.store)"
194.209.200.2 - - [27/Jul/2020:22:07:05 +0200] "GET /robots.txt HTTP/1.1" 404 1256 "-" "Mozilla/5.0 (compatible; TMMBot/0.2; +http://www.dslab.ch)/Nutch-1.15"
194.209.200.2 - - [27/Jul/2020:22:07:05 +0200] "GET / HTTP/1.1" 304 - "-" "Mozilla/5.0 (compatible; TMMBot/0.2; +http://www.dslab.ch)/Nutch-1.15"
85.25.177.139 - - [27/Jul/2020:22:08:26 +0200] "GET /robots.txt HTTP/1.1" 404 1256 "-" "Mozilla/5.0 (compatible; adscanner/)/1.0 (http://seocompany.store; spider@seocompany.store)"
85.25.177.139 - - [27/Jul/2020:22:08:27 +0200] "GET /seiten/links.htm HTTP/1.1" 200 1543 "-" "Mozilla/5.0 (compatible; adscanner/)/1.0 (http://seocompany.store; spider@seocompany.store)"
194.209.200.2 - - [27/Jul/2020:22:23:29 +0200] "GET /robots.txt HTTP/1.1" 404 1256 "-" "Mozilla/5.0 (compatible; TMMBot/0.2; +http://www.dslab.ch)/Nutch-1.15"
194.209.200.2 - - [27/Jul/2020:22:23:30 +0200] "GET / HTTP/1.1" 304 - "-" "Mozilla/5.0 (compatible; TMMBot/0.2; +http://www.dslab.ch)/Nutch-1.15"
85.25.177.139 - - [27/Jul/2020:22:28:08 +0200] "GET /robots.txt HTTP/1.1" 404 1256 "-" "Mozilla/5.0 (compatible; adscanner/)/1.0 (http://seocompany.store; spider@seocompany.store)"
85.25.177.139 - - [27/Jul/2020:22:28:09 +0200] "GET /seiten/ueber_uns.htm HTTP/1.1" 200 2081 "-" "Mozilla/5.0 (compatible; adscanner/)/1.0 (http://seocompany.store; spider@seocompany.store)"
35.231.146.103 - - [27/Jul/2020:22:29:32 +0200] "GET /robots.txt HTTP/1.0" 404 1256 "-" "ZoominfoBot (zoominfobot at zoominfo dot com)"
35.231.146.103 - - [27/Jul/2020:22:29:32 +0200] "GET /seiten/start.htm HTTP/1.0" 200 9376 "-" "ZoominfoBot (zoominfobot at zoominfo dot com)"
194.209.200.2 - - [27/Jul/2020:22:39:27 +0200] "GET /robots.txt HTTP/1.1" 404 1256 "-" "Mozilla/5.0 (compatible; TMMBot/0.2; +http://www.dslab.ch)/Nutch-1.15"
194.209.200.2 - - [27/Jul/2020:22:39:27 +0200] "GET / HTTP/1.1" 304 - "-" "Mozilla/5.0 (compatible; TMMBot/0.2; +http://www.dslab.ch)/Nutch-1.15"
66.249.70.2 - - [27/Jul/2020:22:40:05 +0200] "GET /seiten/ausbildung2.htm HTTP/1.1" 200 4821 "-" "Mozilla/5.0 (Linux; Android 6.0.1; Nexus 5X Build/MMB29P) AppleWebKit/537.36 (KHTML, like Gecko) Chrome/80.0.3987.92 Mobile Safari/537.36 (compatible; Googlebot/2.1; +http://www.google.com/bot.html)"
194.209.200.2 - - [27/Jul/2020:22:54:10 +0200] "GET /robots.txt HTTP/1.1" 404 1256 "-" "Mozilla/5.0 (compatible; TMMBot/0.2; +http://www.dslab.ch)/Nutch-1.15"
194.209.200.2 - - [27/Jul/2020:22:54:10 +0200] "GET / HTTP/1.1" 304 - "-" "Mozilla/5.0 (compatible; TMMBot/0.2; +http://www.dslab.ch)/Nutch-1.15"
194.209.200.2 - - [27/Jul/2020:23:14:12 +0200] "GET /robots.txt HTTP/1.1" 404 1256 "-" "Mozilla/5.0 (compatible; TMMBot/0.2; +http://www.dslab.ch)/Nutch-1.15"
194.209.200.2 - - [27/Jul/2020:23:14:12 +0200] "GET / HTTP/1.1" 304 - "-" "Mozilla/5.0 (compatible; TMMBot/0.2; +http://www.dslab.ch)/Nutch-1.15"
85.25.177.139 - - [27/Jul/2020:23:30:34 +0200] "GET /robots.txt HTTP/1.1" 404 1256 "-" "Mozilla/5.0 (compatible; adscanner/)/1.0 (http://seocompany.store; spider@seocompany.store)"
85.25.177.139 - - [27/Jul/2020:23:30:35 +0200] "GET /seiten/main.htm HTTP/1.1" 200 2496 "-" "Mozilla/5.0 (compatible; adscanner/)/1.0 (http://seocompany.store; spider@seocompany.store)"
194.209.200.2 - - [27/Jul/2020:23:31:04 +0200] "GET /robots.txt HTTP/1.1" 404 1256 "-" "Mozilla/5.0 (compatible; TMMBot/0.2; +http://www.dslab.ch)/Nutch-1.15"
194.209.200.2 - - [27/Jul/2020:23:31:05 +0200] "GET / HTTP/1.1" 304 - "-" "Mozilla/5.0 (compatible; TMMBot/0.2; +http://www.dslab.ch)/Nutch-1.15"
85.25.177.139 - - [27/Jul/2020:23:39:59 +0200] "GET /robots.txt HTTP/1.1" 404 1256 "-" "Mozilla/5.0 (compatible; adscanner/)/1.0 (http://seocompany.store; spider@seocompany.store)"
85.25.177.139 - - [27/Jul/2020:23:39:59 +0200] "GET /seiten/referenzen.htm HTTP/1.1" 200 3626 "-" "Mozilla/5.0 (compatible; adscanner/)/1.0 (http://seocompany.store; spider@seocompany.store)"
194.209.200.2 - - [27/Jul/2020:23:53:34 +0200] "GET /robots.txt HTTP/1.1" 404 1256 "-" "Mozilla/5.0 (compatible; TMMBot/0.2; +http://www.dslab.ch)/Nutch-1.15"
194.209.200.2 - - [27/Jul/2020:23:53:34 +0200] "GET / HTTP/1.1" 304 - "-" "Mozilla/5.0 (compatible; TMMBot/0.2; +http://www.dslab.ch)/Nutch-1.15"
85.25.177.139 - - [27/Jul/2020:23:54:32 +0200] "GET /robots.txt HTTP/1.1" 404 1256 "-" "Mozilla/5.0 (compatible; adscanner/)/1.0 (http://seocompany.store; spider@seocompany.store)"
85.25.177.139 - - [27/Jul/2020:23:54:33 +0200] "GET /seiten/leistungen.htm HTTP/1.1" 200 3710 "-" "Mozilla/5.0 (compatible; adscanner/)/1.0 (http://seocompany.store; spider@seocompany.store)"
85.25.177.139 - - [28/Jul/2020:00:08:05 +0200] "GET /robots.txt HTTP/1.1" 404 1256 "-" "Mozilla/5.0 (compatible; adscanner/)/1.0 (http://seocompany.store; spider@seocompany.store)"
85.25.177.139 - - [28/Jul/2020:00:08:05 +0200] "GET /seiten/kontakt.php HTTP/1.1" 200 6708 "-" "Mozilla/5.0 (compatible; adscanner/)/1.0 (http://seocompany.store; spider@seocompany.store)"
194.209.200.2 - - [28/Jul/2020:00:11:22 +0200] "GET /robots.txt HTTP/1.1" 404 1256 "-" "Mozilla/5.0 (compatible; TMMBot/0.2; +http://www.dslab.ch)/Nutch-1.15"
194.209.200.2 - - [28/Jul/2020:00:11:22 +0200] "GET / HTTP/1.1" 304 - "-" "Mozilla/5.0 (compatible; TMMBot/0.2; +http://www.dslab.ch)/Nutch-1.15"
85.25.177.139 - - [28/Jul/2020:00:22:49 +0200] "GET /seiten/impressum.htm HTTP/1.1" 200 4643 "-" "Mozilla/5.0 (compatible; adscanner/)/1.0 (http://seocompany.store; spider@seocompany.store)"
66.249.70.5 - - [28/Jul/2020:00:30:11 +0200] "GET /img/lay06.jpg HTTP/1.1" 304 - "-" "Googlebot-Image/1.0"
194.209.200.2 - - [28/Jul/2020:00:31:10 +0200] "GET /robots.txt HTTP/1.1" 404 1256 "-" "Mozilla/5.0 (compatible; TMMBot/0.2; +http://www.dslab.ch)/Nutch-1.15"
194.209.200.2 - - [28/Jul/2020:00:31:10 +0200] "GET / HTTP/1.1" 304 - "-" "Mozilla/5.0 (compatible; TMMBot/0.2; +http://www.dslab.ch)/Nutch-1.15"
85.25.177.139 - - [28/Jul/2020:00:38:06 +0200] "GET /robots.txt HTTP/1.1" 404 1256 "-" "Mozilla/5.0 (compatible; adscanner/)/1.0 (http://seocompany.store; spider@seocompany.store)"
85.25.177.139 - - [28/Jul/2020:00:38:06 +0200] "GET /seiten/ausbildung.htm HTTP/1.1" 200 2131 "-" "Mozilla/5.0 (compatible; adscanner/)/1.0 (http://seocompany.store; spider@seocompany.store)"
194.209.200.2 - - [28/Jul/2020:00:46:16 +0200] "GET /robots.txt HTTP/1.1" 404 1256 "-" "Mozilla/5.0 (compatible; TMMBot/0.2; +http://www.dslab.ch)/Nutch-1.15"
194.209.200.2 - - [28/Jul/2020:00:46:16 +0200] "GET / HTTP/1.1" 304 - "-" "Mozilla/5.0 (compatible; TMMBot/0.2; +http://www.dslab.ch)/Nutch-1.15"
85.25.177.139 - - [28/Jul/2020:00:53:06 +0200] "GET /robots.txt HTTP/1.1" 404 1256 "-" "Mozilla/5.0 (compatible; adscanner/)/1.0 (http://seocompany.store; spider@seocompany.store)"
85.25.177.139 - - [28/Jul/2020:00:53:10 +0200] "GET / HTTP/1.1" 200 1775 "-" "Mozilla/5.0 (compatible; adscanner/)/1.0 (http://seocompany.store; spider@seocompany.store)"
194.209.200.2 - - [28/Jul/2020:01:01:59 +0200] "GET /robots.txt HTTP/1.1" 404 1256 "-" "Mozilla/5.0 (compatible; TMMBot/0.2; +http://www.dslab.ch)/Nutch-1.15"
194.209.200.2 - - [28/Jul/2020:01:01:59 +0200] "GET / HTTP/1.1" 304 - "-" "Mozilla/5.0 (compatible; TMMBot/0.2; +http://www.dslab.ch)/Nutch-1.15"
85.25.177.139 - - [28/Jul/2020:01:11:59 +0200] "GET /robots.txt HTTP/1.1" 404 1256 "-" "Mozilla/5.0 (compatible; adscanner/)/1.0 (http://seocompany.store; spider@seocompany.store)"
85.25.177.139 - - [28/Jul/2020:01:12:00 +0200] "GET /seiten/referenzen_maler.htm HTTP/1.1" 200 51839 "-" "Mozilla/5.0 (compatible; adscanner/)/1.0 (http://seocompany.store; spider@seocompany.store)"
85.25.177.139 - - [28/Jul/2020:01:25:35 +0200] "GET /robots.txt HTTP/1.1" 404 1256 "-" "Mozilla/5.0 (compatible; adscanner/)/1.0 (http://seocompany.store; spider@seocompany.store)"
85.25.177.139 - - [28/Jul/2020:01:25:38 +0200] "GET /seiten/referenzen_waerme.htm HTTP/1.1" 200 35661 "-" "Mozilla/5.0 (compatible; adscanner/)/1.0 (http://seocompany.store; spider@seocompany.store)"
194.209.200.2 - - [28/Jul/2020:01:27:54 +0200] "GET /robots.txt HTTP/1.1" 404 1256 "-" "Mozilla/5.0 (compatible; TMMBot/0.2; +http://www.dslab.ch)/Nutch-1.15"
194.209.200.2 - - [28/Jul/2020:01:27:54 +0200] "GET / HTTP/1.1" 304 - "-" "Mozilla/5.0 (compatible; TMMBot/0.2; +http://www.dslab.ch)/Nutch-1.15"
95.163.255.18 - - [28/Jul/2020:01:35:57 +0200] "GET /robots.txt HTTP/1.0" 404 1256 "-" "Mozilla/5.0 (compatible; Linux x86_64; Mail.RU_Bot/2.0; +http://go.mail.ru/help/robots)"
95.163.255.12 - - [28/Jul/2020:01:36:01 +0200] "GET /img/lay05.jpg HTTP/1.1" 200 10183 "-" "Mozilla/5.0 (compatible; Linux x86_64; Mail.RU_Bot/2.0; +http://go.mail.ru/help/robots)"
85.25.177.139 - - [28/Jul/2020:01:38:01 +0200] "GET /robots.txt HTTP/1.1" 404 1256 "-" "Mozilla/5.0 (compatible; adscanner/)/1.0 (http://seocompany.store; spider@seocompany.store)"
85.25.177.139 - - [28/Jul/2020:01:38:02 +0200] "GET /dokumente/ReferenzenMaler.pdf HTTP/1.1" 200 15515 "-" "Mozilla/5.0 (compatible; adscanner/)/1.0 (http://seocompany.store; spider@seocompany.store)"
194.209.200.2 - - [28/Jul/2020:01:42:43 +0200] "GET /robots.txt HTTP/1.1" 404 1256 "-" "Mozilla/5.0 (compatible; TMMBot/0.2; +http://www.dslab.ch)/Nutch-1.15"
194.209.200.2 - - [28/Jul/2020:01:42:43 +0200] "GET / HTTP/1.1" 304 - "-" "Mozilla/5.0 (compatible; TMMBot/0.2; +http://www.dslab.ch)/Nutch-1.15"
39.99.251.41 - - [28/Jul/2020:01:43:20 +0200] "GET /data/admin/allowurl.txt HTTP/1.1" 404 1256 "-" "Mozilla/5.0 (Windows NT 10.0; WOW64; rv:48.0) Gecko/20100101 Firefox/48.0"
85.25.177.139 - - [28/Jul/2020:01:54:59 +0200] "GET /robots.txt HTTP/1.1" 404 1256 "-" "Mozilla/5.0 (compatible; adscanner/)/1.0 (http://seocompany.store; spider@seocompany.store)"
85.25.177.139 - - [28/Jul/2020:01:54:59 +0200] "GET /dokumente/ReferenzenBeton.pdf HTTP/1.1" 200 10270 "-" "Mozilla/5.0 (compatible; adscanner/)/1.0 (http://seocompany.store; spider@seocompany.store)"
194.209.200.2 - - [28/Jul/2020:01:57:35 +0200] "GET /robots.txt HTTP/1.1" 404 1256 "-" "Mozilla/5.0 (compatible; TMMBot/0.2; +http://www.dslab.ch)/Nutch-1.15"
194.209.200.2 - - [28/Jul/2020:01:57:35 +0200] "GET / HTTP/1.1" 304 - "-" "Mozilla/5.0 (compatible; TMMBot/0.2; +http://www.dslab.ch)/Nutch-1.15"
85.25.177.139 - - [28/Jul/2020:02:12:26 +0200] "GET /robots.txt HTTP/1.1" 404 1256 "-" "Mozilla/5.0 (compatible; adscanner/)/1.0 (http://seocompany.store; spider@seocompany.store)"
85.25.177.139 - - [28/Jul/2020:02:12:33 +0200] "GET /dokumente/ReferenzenWarme.pdf HTTP/1.1" 200 14947 "-" "Mozilla/5.0 (compatible; adscanner/)/1.0 (http://seocompany.store; spider@seocompany.store)"
194.209.200.2 - - [28/Jul/2020:02:14:17 +0200] "GET /robots.txt HTTP/1.1" 404 1256 "-" "Mozilla/5.0 (compatible; TMMBot/0.2; +http://www.dslab.ch)/Nutch-1.15"
194.209.200.2 - - [28/Jul/2020:02:14:17 +0200] "GET / HTTP/1.1" 304 - "-" "Mozilla/5.0 (compatible; TMMBot/0.2; +http://www.dslab.ch)/Nutch-1.15"
85.25.177.139 - - [28/Jul/2020:02:28:59 +0200] "GET /robots.txt HTTP/1.1" 404 1256 "-" "Mozilla/5.0 (compatible; adscanner/)/1.0 (http://seocompany.store; spider@seocompany.store)"
85.25.177.139 - - [28/Jul/2020:02:29:00 +0200] "GET /seiten/ausbildung3.htm HTTP/1.1" 200 6331 "-" "Mozilla/5.0 (compatible; adscanner/)/1.0 (http://seocompany.store; spider@seocompany.store)"
194.209.200.2 - - [28/Jul/2020:02:30:22 +0200] "GET /robots.txt HTTP/1.1" 404 1256 "-" "Mozilla/5.0 (compatible; TMMBot/0.2; +http://www.dslab.ch)/Nutch-1.15"
194.209.200.2 - - [28/Jul/2020:02:30:22 +0200] "GET / HTTP/1.1" 304 - "-" "Mozilla/5.0 (compatible; TMMBot/0.2; +http://www.dslab.ch)/Nutch-1.15"
66.249.70.2 - - [28/Jul/2020:02:34:02 +0200] "GET /img/lay08.jpg HTTP/1.1" 304 - "-" "Googlebot-Image/1.0"
194.209.200.2 - - [28/Jul/2020:02:44:59 +0200] "GET /robots.txt HTTP/1.1" 404 1256 "-" "Mozilla/5.0 (compatible; TMMBot/0.2; +http://www.dslab.ch)/Nutch-1.15"
194.209.200.2 - - [28/Jul/2020:02:44:59 +0200] "GET / HTTP/1.1" 304 - "-" "Mozilla/5.0 (compatible; TMMBot/0.2; +http://www.dslab.ch)/Nutch-1.15"
85.25.177.139 - - [28/Jul/2020:02:45:49 +0200] "GET /robots.txt HTTP/1.1" 404 1256 "-" "Mozilla/5.0 (compatible; adscanner/)/1.0 (http://seocompany.store; spider@seocompany.store)"
85.25.177.139 - - [28/Jul/2020:02:45:57 +0200] "GET /seiten/referenzen_beton.htm HTTP/1.1" 200 8747 "-" "Mozilla/5.0 (compatible; adscanner/)/1.0 (http://seocompany.store; spider@seocompany.store)"
85.25.177.139 - - [28/Jul/2020:02:59:58 +0200] "GET /robots.txt HTTP/1.1" 404 1256 "-" "Mozilla/5.0 (compatible; adscanner/)/1.0 (http://seocompany.store; spider@seocompany.store)"
85.25.177.139 - - [28/Jul/2020:02:59:58 +0200] "GET /seiten/ausbildung2.htm HTTP/1.1" 200 4821 "-" "Mozilla/5.0 (compatible; adscanner/)/1.0 (http://seocompany.store; spider@seocompany.store)"
194.209.200.2 - - [28/Jul/2020:03:02:39 +0200] "GET /robots.txt HTTP/1.1" 404 1256 "-" "Mozilla/5.0 (compatible; TMMBot/0.2; +http://www.dslab.ch)/Nutch-1.15"
194.209.200.2 - - [28/Jul/2020:03:02:39 +0200] "GET / HTTP/1.1" 304 - "-" "Mozilla/5.0 (compatible; TMMBot/0.2; +http://www.dslab.ch)/Nutch-1.15"
194.209.200.2 - - [28/Jul/2020:03:32:15 +0200] "GET /robots.txt HTTP/1.1" 404 1256 "-" "Mozilla/5.0 (compatible; TMMBot/0.2; +http://www.dslab.ch)/Nutch-1.15"
194.209.200.2 - - [28/Jul/2020:03:32:15 +0200] "GET / HTTP/1.1" 304 - "-" "Mozilla/5.0 (compatible; TMMBot/0.2; +http://www.dslab.ch)/Nutch-1.15"
194.209.200.2 - - [28/Jul/2020:03:47:55 +0200] "GET /robots.txt HTTP/1.1" 404 1256 "-" "Mozilla/5.0 (compatible; TMMBot/0.2; +http://www.dslab.ch)/Nutch-1.15"
194.209.200.2 - - [28/Jul/2020:03:47:55 +0200] "GET / HTTP/1.1" 304 - "-" "Mozilla/5.0 (compatible; TMMBot/0.2; +http://www.dslab.ch)/Nutch-1.15"
194.209.200.2 - - [28/Jul/2020:04:06:26 +0200] "GET /robots.txt HTTP/1.1" 404 1256 "-" "Mozilla/5.0 (compatible; TMMBot/0.2; +http://www.dslab.ch)/Nutch-1.15"
194.209.200.2 - - [28/Jul/2020:04:06:26 +0200] "GET / HTTP/1.1" 304 - "-" "Mozilla/5.0 (compatible; TMMBot/0.2; +http://www.dslab.ch)/Nutch-1.15"
194.209.200.2 - - [28/Jul/2020:04:22:57 +0200] "GET /robots.txt HTTP/1.1" 404 1256 "-" "Mozilla/5.0 (compatible; TMMBot/0.2; +http://www.dslab.ch)/Nutch-1.15"
194.209.200.2 - - [28/Jul/2020:04:22:57 +0200] "GET / HTTP/1.1" 304 - "-" "Mozilla/5.0 (compatible; TMMBot/0.2; +http://www.dslab.ch)/Nutch-1.15"
213.61.218.23 - - [28/Jul/2020:04:31:05 +0200] "GET /robots.txt HTTP/1.1" 404 1256 "-" "Jobsearch1.5"
213.61.218.23 - - [28/Jul/2020:04:31:06 +0200] "GET /seiten/ausbildung.htm HTTP/1.1" 200 2131 "-" "Jobsearch1.5"
194.209.200.2 - - [28/Jul/2020:04:38:03 +0200] "GET /robots.txt HTTP/1.1" 404 1256 "-" "Mozilla/5.0 (compatible; TMMBot/0.2; +http://www.dslab.ch)/Nutch-1.15"
194.209.200.2 - - [28/Jul/2020:04:38:03 +0200] "GET / HTTP/1.1" 304 - "-" "Mozilla/5.0 (compatible; TMMBot/0.2; +http://www.dslab.ch)/Nutch-1.15"
194.209.200.2 - - [28/Jul/2020:04:52:57 +0200] "GET /robots.txt HTTP/1.1" 404 1256 "-" "Mozilla/5.0 (compatible; TMMBot/0.2; +http://www.dslab.ch)/Nutch-1.15"
194.209.200.2 - - [28/Jul/2020:04:52:57 +0200] "GET / HTTP/1.1" 304 - "-" "Mozilla/5.0 (compatible; TMMBot/0.2; +http://www.dslab.ch)/Nutch-1.15"
194.209.200.2 - - [28/Jul/2020:05:10:23 +0200] "GET /robots.txt HTTP/1.1" 404 1256 "-" "Mozilla/5.0 (compatible; TMMBot/0.2; +http://www.dslab.ch)/Nutch-1.15"
194.209.200.2 - - [28/Jul/2020:05:10:23 +0200] "GET / HTTP/1.1" 304 - "-" "Mozilla/5.0 (compatible; TMMBot/0.2; +http://www.dslab.ch)/Nutch-1.15"
194.209.200.2 - - [28/Jul/2020:05:27:21 +0200] "GET /robots.txt HTTP/1.1" 404 1256 "-" "Mozilla/5.0 (compatible; TMMBot/0.2; +http://www.dslab.ch)/Nutch-1.15"
194.209.200.2 - - [28/Jul/2020:05:27:21 +0200] "GET / HTTP/1.1" 304 - "-" "Mozilla/5.0 (compatible; TMMBot/0.2; +http://www.dslab.ch)/Nutch-1.15"
194.209.200.2 - - [28/Jul/2020:05:47:06 +0200] "GET /robots.txt HTTP/1.1" 404 1256 "-" "Mozilla/5.0 (compatible; TMMBot/0.2; +http://www.dslab.ch)/Nutch-1.15"
194.209.200.2 - - [28/Jul/2020:05:47:06 +0200] "GET / HTTP/1.1" 304 - "-" "Mozilla/5.0 (compatible; TMMBot/0.2; +http://www.dslab.ch)/Nutch-1.15"
194.209.200.2 - - [28/Jul/2020:06:05:13 +0200] "GET /robots.txt HTTP/1.1" 404 1256 "-" "Mozilla/5.0 (compatible; TMMBot/0.2; +http://www.dslab.ch)/Nutch-1.15"
194.209.200.2 - - [28/Jul/2020:06:05:13 +0200] "GET / HTTP/1.1" 304 - "-" "Mozilla/5.0 (compatible; TMMBot/0.2; +http://www.dslab.ch)/Nutch-1.15"
194.209.200.2 - - [28/Jul/2020:06:22:00 +0200] "GET /robots.txt HTTP/1.1" 404 1256 "-" "Mozilla/5.0 (compatible; TMMBot/0.2; +http://www.dslab.ch)/Nutch-1.15"
194.209.200.2 - - [28/Jul/2020:06:22:00 +0200] "GET / HTTP/1.1" 304 - "-" "Mozilla/5.0 (compatible; TMMBot/0.2; +http://www.dslab.ch)/Nutch-1.15"
194.209.200.2 - - [28/Jul/2020:06:41:36 +0200] "GET /robots.txt HTTP/1.1" 404 1256 "-" "Mozilla/5.0 (compatible; TMMBot/0.2; +http://www.dslab.ch)/Nutch-1.15"
194.209.200.2 - - [28/Jul/2020:06:41:36 +0200] "GET / HTTP/1.1" 304 - "-" "Mozilla/5.0 (compatible; TMMBot/0.2; +http://www.dslab.ch)/Nutch-1.15"
85.25.71.197 - - [28/Jul/2020:06:43:34 +0200] "GET / HTTP/1.1" 200 1775 "-" "Mozilla/5.0 (X11; U; Linux Core i7-4980HQ; de; rv:32.0; compatible; JobboerseBot; http://www.jobboerse.com/bot.htm) Gecko/20100101 Firefox/38.0"
85.25.71.197 - - [28/Jul/2020:06:43:35 +0200] "GET /robots.txt HTTP/1.1" 404 1256 "-" "Mozilla/5.0 (X11; U; Linux Core i7-4980HQ; de; rv:32.0; compatible; JobboerseBot; http://www.jobboerse.com/bot.htm) Gecko/20100101 Firefox/38.0"
85.25.71.197 - - [28/Jul/2020:06:43:35 +0200] "GET / HTTP/1.1" 200 1775 "-" "Mozilla/5.0 (X11; U; Linux Core i7-4980HQ; de; rv:32.0; compatible; JobboerseBot; http://www.jobboerse.com/bot.htm) Gecko/20100101 Firefox/38.0"
85.25.71.197 - - [28/Jul/2020:06:43:36 +0200] "GET / HTTP/1.1" 200 1775 "-" "Mozilla/5.0 (X11; U; Linux Core i7-4980HQ; de; rv:32.0; compatible; JobboerseBot; http://www.jobboerse.com/bot.htm) Gecko/20100101 Firefox/38.0"
85.25.71.197 - - [28/Jul/2020:06:43:36 +0200] "GET /css/style.css HTTP/1.1" 200 8567 "http://www.frb-berlin.de/" "Mozilla/5.0 (X11; U; Linux Core i7-4980HQ; de; rv:32.0; compatible; JobboerseBot; http://www.jobboerse.com/bot.htm) Gecko/20100101 Firefox/38.0"
85.25.71.197 - - [28/Jul/2020:06:43:39 +0200] "GET /seiten/start.htm HTTP/1.1" 200 9376 "-" "Mozilla/5.0 (X11; U; Linux Core i7-4980HQ; de; rv:32.0; compatible; JobboerseBot; http://www.jobboerse.com/bot.htm) Gecko/20100101 Firefox/38.0"
85.25.71.197 - - [28/Jul/2020:06:43:39 +0200] "GET /scripte/menu_start.js HTTP/1.1" 200 31217 "http://www.frb-berlin.de/seiten/start.htm" "Mozilla/5.0 (X11; U; Linux Core i7-4980HQ; de; rv:32.0; compatible; JobboerseBot; http://www.jobboerse.com/bot.htm) Gecko/20100101 Firefox/38.0"
85.25.71.197 - - [28/Jul/2020:06:43:39 +0200] "GET /scripte/menu_elemente.js HTTP/1.1" 200 18006 "http://www.frb-berlin.de/seiten/start.htm" "Mozilla/5.0 (X11; U; Linux Core i7-4980HQ; de; rv:32.0; compatible; JobboerseBot; http://www.jobboerse.com/bot.htm) Gecko/20100101 Firefox/38.0"
85.25.71.197 - - [28/Jul/2020:06:43:40 +0200] "GET /seiten/main.htm HTTP/1.1" 200 2496 "http://www.frb-berlin.de/seiten/start.htm" "Mozilla/5.0 (X11; U; Linux Core i7-4980HQ; de; rv:32.0; compatible; JobboerseBot; http://www.jobboerse.com/bot.htm) Gecko/20100101 Firefox/38.0"
85.25.71.197 - - [28/Jul/2020:06:43:40 +0200] "GET /css/style.css HTTP/1.1" 200 8567 "http://www.frb-berlin.de/seiten/start.htm" "Mozilla/5.0 (X11; U; Linux Core i7-4980HQ; de; rv:32.0; compatible; JobboerseBot; http://www.jobboerse.com/bot.htm) Gecko/20100101 Firefox/38.0"
85.25.71.197 - - [28/Jul/2020:06:43:40 +0200] "GET /css/style.css HTTP/1.1" 200 8567 "http://www.frb-berlin.de/seiten/start.htm" "Mozilla/5.0 (X11; U; Linux Core i7-4980HQ; de; rv:32.0; compatible; JobboerseBot; http://www.jobboerse.com/bot.htm) Gecko/20100101 Firefox/38.0"
85.25.71.197 - - [28/Jul/2020:06:43:43 +0200] "GET /seiten/main.htm HTTP/1.1" 200 2496 "-" "Mozilla/5.0 (X11; U; Linux Core i7-4980HQ; de; rv:32.0; compatible; JobboerseBot; http://www.jobboerse.com/bot.htm) Gecko/20100101 Firefox/38.0"
66.249.73.33 - - [28/Jul/2020:06:47:21 +0200] "GET /seiten/start.htm HTTP/1.1" 304 - "-" "Mozilla/5.0 (Linux; Android 6.0.1; Nexus 5X Build/MMB29P) AppleWebKit/537.36 (KHTML, like Gecko) Chrome/80.0.3987.92 Mobile Safari/537.36 (compatible; Googlebot/2.1; +http://www.google.com/bot.html)"
42.236.10.88 - - [28/Jul/2020:06:51:12 +0200] "GET / HTTP/1.1" 200 1775 "http://www.frb-berlin.de/" "Mozilla/5.0 (Windows NT 6.1; WOW64) AppleWebKit/537.36 (KHTML, like Gecko) Chrome/50.4.2661.102 Safari/537.36; 360Spider"
194.209.200.2 - - [28/Jul/2020:06:56:35 +0200] "GET /robots.txt HTTP/1.1" 404 1256 "-" "Mozilla/5.0 (compatible; TMMBot/0.2; +http://www.dslab.ch)/Nutch-1.15"
194.209.200.2 - - [28/Jul/2020:06:56:35 +0200] "GET / HTTP/1.1" 304 - "-" "Mozilla/5.0 (compatible; TMMBot/0.2; +http://www.dslab.ch)/Nutch-1.15"
194.209.200.2 - - [28/Jul/2020:07:18:53 +0200] "GET /robots.txt HTTP/1.1" 404 1256 "-" "Mozilla/5.0 (compatible; TMMBot/0.2; +http://www.dslab.ch)/Nutch-1.15"
194.209.200.2 - - [28/Jul/2020:07:18:53 +0200] "GET / HTTP/1.1" 304 - "-" "Mozilla/5.0 (compatible; TMMBot/0.2; +http://www.dslab.ch)/Nutch-1.15"
194.209.200.2 - - [28/Jul/2020:07:41:00 +0200] "GET /robots.txt HTTP/1.1" 404 1256 "-" "Mozilla/5.0 (compatible; TMMBot/0.2; +http://www.dslab.ch)/Nutch-1.15"
194.209.200.2 - - [28/Jul/2020:07:41:00 +0200] "GET / HTTP/1.1" 304 - "-" "Mozilla/5.0 (compatible; TMMBot/0.2; +http://www.dslab.ch)/Nutch-1.15"
95.91.245.75 - - [28/Jul/2020:07:44:35 +0200] "GET /seiten/start.htm HTTP/1.1" 200 9376 "https://www.google.com/" "Mozilla/5.0 (Windows NT 10.0; Win64; x64; rv:78.0) Gecko/20100101 Firefox/78.0"
95.91.245.75 - - [28/Jul/2020:07:44:35 +0200] "GET /css/style.css HTTP/1.1" 200 8567 "http://www.frb-berlin.de/seiten/start.htm" "Mozilla/5.0 (Windows NT 10.0; Win64; x64; rv:78.0) Gecko/20100101 Firefox/78.0"
95.91.245.75 - - [28/Jul/2020:07:44:35 +0200] "GET /scripte/menu_start.js HTTP/1.1" 200 31217 "http://www.frb-berlin.de/seiten/start.htm" "Mozilla/5.0 (Windows NT 10.0; Win64; x64; rv:78.0) Gecko/20100101 Firefox/78.0"
95.91.245.75 - - [28/Jul/2020:07:44:35 +0200] "GET /scripte/menu_elemente.js HTTP/1.1" 200 18006 "http://www.frb-berlin.de/seiten/start.htm" "Mozilla/5.0 (Windows NT 10.0; Win64; x64; rv:78.0) Gecko/20100101 Firefox/78.0"
95.91.245.75 - - [28/Jul/2020:07:44:35 +0200] "GET /img/1px.gif HTTP/1.1" 200 43 "http://www.frb-berlin.de/seiten/start.htm" "Mozilla/5.0 (Windows NT 10.0; Win64; x64; rv:78.0) Gecko/20100101 Firefox/78.0"
95.91.245.75 - - [28/Jul/2020:07:44:35 +0200] "GET /img/head.jpg HTTP/1.1" 200 5932 "http://www.frb-berlin.de/seiten/start.htm" "Mozilla/5.0 (Windows NT 10.0; Win64; x64; rv:78.0) Gecko/20100101 Firefox/78.0"
95.91.245.75 - - [28/Jul/2020:07:44:35 +0200] "GET /img/over_logo.jpg HTTP/1.1" 200 5315 "http://www.frb-berlin.de/seiten/start.htm" "Mozilla/5.0 (Windows NT 10.0; Win64; x64; rv:78.0) Gecko/20100101 Firefox/78.0"
