180.153.236.47 - - [01/Mar/2013:00:16:04 +0100] "GET / HTTP/1.1" 200 1775 "http://www.frb-berlin.de/" "Mozilla/5.0 (Windows; U; Windows NT 5.1; zh-CN; rv:1.8.0.11) Gecko/20070312 Firefox/1.5.0.11; 360Spider"
157.55.32.82 - - [01/Mar/2013:05:28:44 +0100] "GET /robots.txt HTTP/1.1" 404 1256 "-" "Mozilla/5.0 (compatible; bingbot/2.0; +http://www.bing.com/bingbot.htm)"
157.55.32.82 - - [01/Mar/2013:05:30:42 +0100] "GET /seiten/ausbildung2.htm HTTP/1.1" 304 - "-" "Mozilla/5.0 (compatible; bingbot/2.0; +http://www.bing.com/bingbot.htm)"
208.115.113.88 - - [01/Mar/2013:08:07:39 +0100] "GET /robots.txt HTTP/1.1" 404 1256 "-" "Mozilla/5.0 (compatible; Ezooms/1.0; ezooms.bot@gmail.com)"
88.72.203.154 - - [01/Mar/2013:08:26:54 +0100] "GET / HTTP/1.1" 200 1775 "http://de.search.yahoo.com/search?fr=greentree_ff1&ei=utf-8&ilc=12&type=302398&p=frb-berlin" "Mozilla/5.0 (Windows; U; Windows NT 5.1; de; rv:1.9.2.23) Gecko/20110920 Firefox/3.6.23"
88.72.203.154 - - [01/Mar/2013:08:26:54 +0100] "GET /css/style.css HTTP/1.1" 200 8567 "http://www.frb-berlin.de/" "Mozilla/5.0 (Windows; U; Windows NT 5.1; de; rv:1.9.2.23) Gecko/20110920 Firefox/3.6.23"
88.72.203.154 - - [01/Mar/2013:08:26:54 +0100] "GET /img/logo.gif HTTP/1.1" 200 4275 "http://www.frb-berlin.de/" "Mozilla/5.0 (Windows; U; Windows NT 5.1; de; rv:1.9.2.23) Gecko/20110920 Firefox/3.6.23"
88.72.203.154 - - [01/Mar/2013:08:26:54 +0100] "GET /favicon.ico HTTP/1.1" 404 1256 "-" "Mozilla/5.0 (Windows; U; Windows NT 5.1; de; rv:1.9.2.23) Gecko/20110920 Firefox/3.6.23"
88.72.203.154 - - [01/Mar/2013:08:26:57 +0100] "GET /favicon.ico HTTP/1.1" 404 1256 "-" "Mozilla/5.0 (Windows; U; Windows NT 5.1; de; rv:1.9.2.23) Gecko/20110920 Firefox/3.6.23"
217.86.196.40 - - [01/Mar/2013:09:52:54 +0100] "GET /robots.txt HTTP/1.1" 404 1256 "-" "JobRoboter/1.1"
217.86.196.40 - - [01/Mar/2013:09:52:54 +0100] "GET /seiten/ausbildung.htm HTTP/1.1" 200 2131 "-" "JobRoboter/1.1"
208.115.113.88 - - [01/Mar/2013:09:54:59 +0100] "GET /seiten/ HTTP/1.1" 403 1222 "-" "Mozilla/5.0 (compatible; Ezooms/1.0; ezooms.bot@gmail.com)"
208.115.111.72 - - [01/Mar/2013:10:11:40 +0100] "GET /robots.txt HTTP/1.1" 404 1256 "-" "Mozilla/5.0 (compatible; Ezooms/1.0; ezooms.bot@gmail.com)"
208.115.111.72 - - [01/Mar/2013:12:02:17 +0100] "GET /seiten/ausbildung2.htm HTTP/1.1" 200 4821 "-" "Mozilla/5.0 (compatible; Ezooms/1.0; ezooms.bot@gmail.com)"
93.220.200.252 - - [01/Mar/2013:12:50:19 +0100] "GET / HTTP/1.1" 200 1775 "-" "Mozilla/4.0 (compatible; MSIE 8.0; Windows NT 6.0; .NET CLR 1.1.4322; .NET CLR 2.0.50727)"
93.220.200.252 - - [01/Mar/2013:12:50:25 +0100] "GET /seiten/start.htm HTTP/1.1" 200 9376 "-" "Mozilla/4.0 (compatible; MSIE 7.0; Windows NT 6.0; WOW64; SLCC1; .NET CLR 2.0.50727)"
93.220.200.252 - - [01/Mar/2013:12:50:25 +0100] "GET /seiten/main.htm HTTP/1.1" 200 2319 "-" "Mozilla/4.0+(compatible;+MSIE+7.0;+Windows+NT+5.1)"
93.220.200.252 - - [01/Mar/2013:12:50:31 +0100] "GET /seiten/impressum.htm HTTP/1.1" 200 4734 "-" "Mozilla/4.0 (compatible; MSIE 7.0; Windows NT 6.0; WOW64; SLCC1; .NET CLR 2.0.50727; .NET CLR 1.1.4322; .NET CLR 3.5.21022; .NET CLR 3.0.04506)"
141.8.147.12 - - [01/Mar/2013:15:00:26 +0100] "GET /robots.txt HTTP/1.1" 404 1256 "-" "Mozilla/5.0 (compatible; YandexBot/3.0; +http://yandex.com/bots)"
141.8.147.12 - - [01/Mar/2013:15:00:29 +0100] "GET /img/1px.gif HTTP/1.1" 200 43 "-" "Mozilla/5.0 (compatible; YandexImages/3.0; +http://yandex.com/bots)"
85.214.21.33 - - [01/Mar/2013:15:47:24 +0100] "GET / HTTP/1.0" 200 1775 "-" "-"
85.214.21.33 - - [01/Mar/2013:15:47:24 +0100] "GET / HTTP/1.0" 200 1775 "-" "-"
66.249.73.113 - - [01/Mar/2013:16:52:10 +0100] "GET /robots.txt HTTP/1.1" 404 1256 "-" "Mozilla/5.0 (compatible; Googlebot/2.1; +http://www.google.com/bot.html)"
66.249.73.113 - - [01/Mar/2013:16:52:10 +0100] "GET / HTTP/1.1" 200 1775 "-" "Mozilla/5.0 (compatible; Googlebot/2.1; +http://www.google.com/bot.html)"
85.25.71.96 - - [01/Mar/2013:18:19:38 +0100] "GET /robots.txt HTTP/1.1" 404 1256 "-" "Mozilla/5.0 (X11; U; Linux i686; de; rv:1.9.0.1; compatible; iCjobs Stellenangebote Jobs; http://www.icjobs.de) Gecko/20100401 iCjobs/3.2.3"
85.25.71.96 - - [01/Mar/2013:18:19:38 +0100] "GET / HTTP/1.1" 200 1775 "-" "Mozilla/5.0 (X11; U; Linux i686; de; rv:1.9.0.1; compatible; iCjobs Stellenangebote Jobs; http://www.icjobs.de) Gecko/20100401 iCjobs/3.2.3"
85.25.71.96 - - [01/Mar/2013:18:19:40 +0100] "GET / HTTP/1.1" 200 1775 "-" "Mozilla/5.0 (X11; U; Linux i686; de; rv:1.9.0.1; compatible; iCjobs Stellenangebote Jobs; http://www.icjobs.de) Gecko/20100401 iCjobs/3.2.3"
85.25.71.96 - - [01/Mar/2013:18:19:40 +0100] "GET /seiten/start.htm HTTP/1.1" 200 9376 "-" "Mozilla/5.0 (X11; U; Linux i686; de; rv:1.9.0.1; compatible; iCjobs Stellenangebote Jobs; http://www.icjobs.de) Gecko/20100401 iCjobs/3.2.3"
85.25.71.96 - - [01/Mar/2013:18:19:40 +0100] "GET /seiten/main.htm HTTP/1.1" 200 2319 "-" "Mozilla/5.0 (X11; U; Linux i686; de; rv:1.9.0.1; compatible; iCjobs Stellenangebote Jobs; http://www.icjobs.de) Gecko/20100401 iCjobs/3.2.3"
85.25.71.96 - - [01/Mar/2013:18:19:41 +0100] "GET /scripte/menu_start.js HTTP/1.1" 200 31217 "-" "Mozilla/5.0 (X11; U; Linux i686; de; rv:1.9.0.1; compatible; iCjobs Stellenangebote Jobs; http://www.icjobs.de) Gecko/20100401 iCjobs/3.2.3"
85.25.71.96 - - [01/Mar/2013:18:19:41 +0100] "GET /scripte/menu_elemente.js HTTP/1.1" 200 18006 "-" "Mozilla/5.0 (X11; U; Linux i686; de; rv:1.9.0.1; compatible; iCjobs Stellenangebote Jobs; http://www.icjobs.de) Gecko/20100401 iCjobs/3.2.3"
85.25.71.96 - - [01/Mar/2013:18:20:03 +0100] "GET /seiten/ueber_uns.htm HTTP/1.1" 200 2081 "-" "Mozilla/5.0 (X11; U; Linux i686; de; rv:1.9.0.1; compatible; iCjobs Stellenangebote Jobs; http://www.icjobs.de) Gecko/20100401 iCjobs/3.2.3"
85.25.71.96 - - [01/Mar/2013:18:20:04 +0100] "GET /seiten/ausbildung.htm HTTP/1.1" 200 2131 "-" "Mozilla/5.0 (X11; U; Linux i686; de; rv:1.9.0.1; compatible; iCjobs Stellenangebote Jobs; http://www.icjobs.de) Gecko/20100401 iCjobs/3.2.3"
85.25.71.96 - - [01/Mar/2013:18:20:05 +0100] "GET /seiten/ausbildung2.htm HTTP/1.1" 200 4821 "-" "Mozilla/5.0 (X11; U; Linux i686; de; rv:1.9.0.1; compatible; iCjobs Stellenangebote Jobs; http://www.icjobs.de) Gecko/20100401 iCjobs/3.2.3"
85.25.71.96 - - [01/Mar/2013:18:20:06 +0100] "GET /css/style.css HTTP/1.1" 200 8567 "-" "Mozilla/5.0 (X11; U; Linux i686; de; rv:1.9.0.1; compatible; iCjobs Stellenangebote Jobs; http://www.icjobs.de) Gecko/20100401 iCjobs/3.2.3"
85.25.71.96 - - [01/Mar/2013:18:21:33 +0100] "GET /seiten/ausbildung3.htm HTTP/1.1" 200 6331 "-" "Mozilla/5.0 (X11; U; Linux i686; de; rv:1.9.0.1; compatible; iCjobs Stellenangebote Jobs; http://www.icjobs.de) Gecko/20100401 iCjobs/3.2.3"
85.25.71.96 - - [01/Mar/2013:18:22:57 +0100] "GET /seiten/kontakt.php HTTP/1.1" 200 6708 "-" "Mozilla/5.0 (X11; U; Linux i686; de; rv:1.9.0.1; compatible; iCjobs Stellenangebote Jobs; http://www.icjobs.de) Gecko/20100401 iCjobs/3.2.3"
85.25.71.96 - - [01/Mar/2013:18:22:57 +0100] "GET /seiten/leistungen.htm HTTP/1.1" 200 3710 "-" "Mozilla/5.0 (X11; U; Linux i686; de; rv:1.9.0.1; compatible; iCjobs Stellenangebote Jobs; http://www.icjobs.de) Gecko/20100401 iCjobs/3.2.3"
85.25.71.96 - - [01/Mar/2013:18:22:58 +0100] "GET /seiten/referenzen.htm HTTP/1.1" 200 3626 "-" "Mozilla/5.0 (X11; U; Linux i686; de; rv:1.9.0.1; compatible; iCjobs Stellenangebote Jobs; http://www.icjobs.de) Gecko/20100401 iCjobs/3.2.3"
85.25.71.96 - - [01/Mar/2013:18:23:00 +0100] "GET /seiten/referenzen_maler.htm HTTP/1.1" 200 51839 "-" "Mozilla/5.0 (X11; U; Linux i686; de; rv:1.9.0.1; compatible; iCjobs Stellenangebote Jobs; http://www.icjobs.de) Gecko/20100401 iCjobs/3.2.3"
66.249.73.113 - - [01/Mar/2013:18:24:48 +0100] "GET /dokumente/ReferenzenMaler.pdf HTTP/1.1" 304 - "-" "Mozilla/5.0 (compatible; Googlebot/2.1; +http://www.google.com/bot.html)"
85.25.71.96 - - [01/Mar/2013:18:26:50 +0100] "GET /dokumente/ReferenzenMaler.pdf HTTP/1.1" 200 15515 "-" "Mozilla/5.0 (X11; U; Linux i686; de; rv:1.9.0.1; compatible; iCjobs Stellenangebote Jobs; http://www.icjobs.de) Gecko/20100401 iCjobs/3.2.3"
85.25.71.96 - - [01/Mar/2013:18:26:57 +0100] "GET /seiten/links.htm HTTP/1.1" 200 1543 "-" "Mozilla/5.0 (X11; U; Linux i686; de; rv:1.9.0.1; compatible; iCjobs Stellenangebote Jobs; http://www.icjobs.de) Gecko/20100401 iCjobs/3.2.3"
85.25.71.96 - - [01/Mar/2013:18:26:58 +0100] "GET /seiten/referenzen_waerme.htm HTTP/1.1" 200 35661 "-" "Mozilla/5.0 (X11; U; Linux i686; de; rv:1.9.0.1; compatible; iCjobs Stellenangebote Jobs; http://www.icjobs.de) Gecko/20100401 iCjobs/3.2.3"
85.25.71.96 - - [01/Mar/2013:18:27:00 +0100] "GET /seiten/referenzen_beton.htm HTTP/1.1" 200 8747 "-" "Mozilla/5.0 (X11; U; Linux i686; de; rv:1.9.0.1; compatible; iCjobs Stellenangebote Jobs; http://www.icjobs.de) Gecko/20100401 iCjobs/3.2.3"
85.25.71.96 - - [01/Mar/2013:18:28:30 +0100] "GET /dokumente/ReferenzenWarme.pdf HTTP/1.1" 200 14947 "-" "Mozilla/5.0 (X11; U; Linux i686; de; rv:1.9.0.1; compatible; iCjobs Stellenangebote Jobs; http://www.icjobs.de) Gecko/20100401 iCjobs/3.2.3"
85.25.71.96 - - [01/Mar/2013:18:32:19 +0100] "GET /dokumente/ReferenzenBeton.pdf HTTP/1.1" 200 10270 "-" "Mozilla/5.0 (X11; U; Linux i686; de; rv:1.9.0.1; compatible; iCjobs Stellenangebote Jobs; http://www.icjobs.de) Gecko/20100401 iCjobs/3.2.3"
87.123.77.246 - - [01/Mar/2013:20:32:23 +0100] "GET / HTTP/1.1" 200 1775 "http://www.google.de/url?sa=t&rct=j&q=fassadenbau&source=web&cd=1&sqi=2&ved=0CEwQFjAA&url=http%3A%2F%2Fwww.frb-berlin.de%2F&ei=-wExUfjiNsnYsgbWqYDIBQ&usg=AFQjCNFEVYKmiyy1XnWrB0NZi3PeBHpTjA&bvm=bv.43148975,d.Yms" "Mozilla/5.0 (Windows NT 5.1; rv:19.0) Gecko/20100101 Firefox/19.0"
87.123.77.246 - - [01/Mar/2013:20:32:23 +0100] "GET /css/style.css HTTP/1.1" 200 8567 "http://www.frb-berlin.de/" "Mozilla/5.0 (Windows NT 5.1; rv:19.0) Gecko/20100101 Firefox/19.0"
87.123.77.246 - - [01/Mar/2013:20:32:23 +0100] "GET /img/logo.gif HTTP/1.1" 200 4275 "http://www.frb-berlin.de/" "Mozilla/5.0 (Windows NT 5.1; rv:19.0) Gecko/20100101 Firefox/19.0"
87.123.77.246 - - [01/Mar/2013:20:32:23 +0100] "GET /favicon.ico HTTP/1.1" 404 1256 "-" "Mozilla/5.0 (Windows NT 5.1; rv:19.0) Gecko/20100101 Firefox/19.0"
87.123.77.246 - - [01/Mar/2013:20:32:23 +0100] "GET /favicon.ico HTTP/1.1" 404 1256 "-" "Mozilla/5.0 (Windows NT 5.1; rv:19.0) Gecko/20100101 Firefox/19.0"
199.30.16.1 - - [01/Mar/2013:21:13:28 +0100] "GET /robots.txt HTTP/1.1" 404 1256 "-" "msnbot-media/1.1 (+http://search.msn.com/msnbot.htm)"
199.30.16.1 - - [01/Mar/2013:21:13:28 +0100] "GET /img/fm_logo.jpg HTTP/1.1" 200 4093 "-" "msnbot-media/1.1 (+http://search.msn.com/msnbot.htm)"
66.249.73.113 - - [01/Mar/2013:22:01:54 +0100] "GET /robots.txt HTTP/1.1" 404 1256 "-" "Mozilla/5.0 (compatible; Googlebot/2.1; +http://www.google.com/bot.html)"
66.249.73.113 - - [01/Mar/2013:22:54:11 +0100] "GET / HTTP/1.1" 200 1775 "-" "Mozilla/5.0 (iPhone; U; CPU iPhone OS 4_1 like Mac OS X; en-us) AppleWebKit/532.9 (KHTML, like Gecko) Version/4.0.5 Mobile/8B117 Safari/6531.22.7 (compatible; Googlebot-Mobile/2.1; +http://www.google.com/bot.html)"
66.249.73.113 - - [01/Mar/2013:22:56:14 +0100] "GET /css/style.css HTTP/1.1" 200 8567 "-" "Mozilla/5.0 (compatible; Googlebot/2.1; +http://www.google.com/bot.html)"
5.9.7.208 - - [01/Mar/2013:23:10:54 +0100] "GET /robots.txt HTTP/1.0" 404 1256 "-" "Mozilla/5.0 (compatible; MJ12bot/v1.4.3; http://www.majestic12.co.uk/bot.php?+)"
5.9.7.208 - - [01/Mar/2013:23:10:57 +0100] "GET / HTTP/1.0" 200 1775 "-" "Mozilla/5.0 (compatible; MJ12bot/v1.4.3; http://www.majestic12.co.uk/bot.php?+)"
157.56.229.23 - - [02/Mar/2013:00:10:12 +0100] "GET /robots.txt HTTP/1.1" 404 1256 "-" "Mozilla/5.0 (compatible; bingbot/2.0; +http://www.bing.com/bingbot.htm)"
157.56.229.23 - - [02/Mar/2013:00:15:13 +0100] "GET / HTTP/1.1" 200 1775 "-" "Mozilla/5.0 (compatible; bingbot/2.0; +http://www.bing.com/bingbot.htm)"
157.56.229.23 - - [02/Mar/2013:00:17:57 +0100] "GET /css/style.css HTTP/1.1" 200 8567 "-" "Mozilla/5.0 (compatible; bingbot/2.0; +http://www.bing.com/bingbot.htm)"
157.56.229.23 - - [02/Mar/2013:00:59:11 +0100] "GET /robots.txt HTTP/1.1" 404 1256 "-" "Mozilla/5.0 (compatible; bingbot/2.0; +http://www.bing.com/bingbot.htm)"
157.56.229.23 - - [02/Mar/2013:01:00:45 +0100] "GET / HTTP/1.1" 200 1775 "-" "Mozilla/5.0 (compatible; bingbot/2.0; +http://www.bing.com/bingbot.htm)"
66.249.73.113 - - [02/Mar/2013:01:55:19 +0100] "GET /seiten/referenzen_maler.htm HTTP/1.1" 304 - "-" "Mozilla/5.0 (iPhone; U; CPU iPhone OS 4_1 like Mac OS X; en-us) AppleWebKit/532.9 (KHTML, like Gecko) Version/4.0.5 Mobile/8B117 Safari/6531.22.7 (compatible; Googlebot-Mobile/2.1; +http://www.google.com/bot.html)"
66.249.73.113 - - [02/Mar/2013:02:23:35 +0100] "GET /seiten/ueber_uns.htm HTTP/1.1" 304 - "-" "Mozilla/5.0 (compatible; Googlebot/2.1; +http://www.google.com/bot.html)"
37.140.141.34 - - [02/Mar/2013:05:13:29 +0100] "GET /robots.txt HTTP/1.1" 404 1256 "-" "Mozilla/5.0 (compatible; YandexImages/3.0; +http://yandex.com/bots)"
199.30.16.46 - - [02/Mar/2013:05:53:43 +0100] "GET /robots.txt HTTP/1.1" 404 1256 "-" "msnbot-media/1.1 (+http://search.msn.com/msnbot.htm)"
199.30.16.46 - - [02/Mar/2013:05:53:43 +0100] "GET /img/lay05.jpg HTTP/1.1" 200 10183 "-" "msnbot-media/1.1 (+http://search.msn.com/msnbot.htm)"
65.55.215.60 - - [02/Mar/2013:05:53:45 +0100] "GET /robots.txt HTTP/1.1" 404 1256 "-" "msnbot-media/1.1 (+http://search.msn.com/msnbot.htm)"
65.55.215.60 - - [02/Mar/2013:05:53:45 +0100] "GET /img/lay01.jpg HTTP/1.1" 200 9336 "-" "msnbot-media/1.1 (+http://search.msn.com/msnbot.htm)"
65.55.215.92 - - [02/Mar/2013:07:11:30 +0100] "GET /robots.txt HTTP/1.1" 404 1256 "-" "msnbot-media/1.1 (+http://search.msn.com/msnbot.htm)"
65.55.215.92 - - [02/Mar/2013:07:11:31 +0100] "GET /img/bogen_o1.jpg HTTP/1.1" 200 8356 "-" "msnbot-media/1.1 (+http://search.msn.com/msnbot.htm)"
66.249.73.113 - - [02/Mar/2013:07:37:35 +0100] "GET / HTTP/1.1" 200 1775 "-" "DoCoMo/2.0 N905i(c100;TB;W24H16) (compatible; Googlebot-Mobile/2.1; +http://www.google.com/bot.html)"
217.86.196.40 - - [02/Mar/2013:08:04:01 +0100] "GET /robots.txt HTTP/1.1" 404 1256 "-" "JobRoboter/1.1"
217.86.196.40 - - [02/Mar/2013:08:04:01 +0100] "GET /seiten/ausbildung2.htm HTTP/1.1" 200 4821 "-" "JobRoboter/1.1"
217.86.196.40 - - [02/Mar/2013:08:21:07 +0100] "GET /robots.txt HTTP/1.1" 404 1256 "-" "JobRoboter/1.1"
217.86.196.40 - - [02/Mar/2013:08:21:07 +0100] "GET /seiten/ausbildung3.htm HTTP/1.1" 200 6331 "-" "JobRoboter/1.1"
66.249.73.113 - - [02/Mar/2013:09:14:38 +0100] "GET / HTTP/1.1" 200 1775 "-" "SAMSUNG-SGH-E250/1.0 Profile/MIDP-2.0 Configuration/CLDC-1.1 UP.Browser/6.2.3.3.c.1.101 (GUI) MMP/2.0 (compatible; Googlebot-Mobile/2.1; +http://www.google.com/bot.html)"
173.199.114.235 - - [02/Mar/2013:11:02:52 +0100] "GET /seiten/impressum.htm HTTP/1.1" 200 4734 "-" "Mozilla/5.0 (compatible; AhrefsBot/4.0; +http://ahrefs.com/robot/)"
141.8.147.12 - - [02/Mar/2013:11:16:44 +0100] "GET /robots.txt HTTP/1.1" 404 1256 "-" "Mozilla/5.0 (compatible; YandexBot/3.0; +http://yandex.com/bots)"
141.8.147.12 - - [02/Mar/2013:11:16:46 +0100] "GET /img/1px.gif HTTP/1.1" 200 43 "-" "Mozilla/5.0 (compatible; YandexImages/3.0; +http://yandex.com/bots)"
180.153.236.26 - - [02/Mar/2013:11:49:31 +0100] "GET / HTTP/1.1" 200 1775 "http://www.frb-berlin.de/" "Mozilla/5.0 (Windows; U; Windows NT 5.1; zh-CN; rv:1.8.0.11) Gecko/20070312 Firefox/1.5.0.11; 360Spider"
65.55.215.95 - - [02/Mar/2013:12:00:50 +0100] "GET /robots.txt HTTP/1.1" 404 1256 "-" "msnbot-media/1.1 (+http://search.msn.com/msnbot.htm)"
65.55.215.95 - - [02/Mar/2013:12:00:51 +0100] "GET /img/lay13.jpg HTTP/1.1" 200 428 "-" "msnbot-media/1.1 (+http://search.msn.com/msnbot.htm)"
173.199.114.235 - - [02/Mar/2013:12:17:50 +0100] "GET /seiten/ausbildung2.htm HTTP/1.1" 200 4821 "-" "Mozilla/5.0 (compatible; AhrefsBot/4.0; +http://ahrefs.com/robot/)"
173.199.114.235 - - [02/Mar/2013:12:23:37 +0100] "GET /seiten/ausbildung3.htm HTTP/1.1" 200 6331 "-" "Mozilla/5.0 (compatible; AhrefsBot/4.0; +http://ahrefs.com/robot/)"
173.199.114.235 - - [02/Mar/2013:12:39:16 +0100] "GET /dokumente/ReferenzenWarme.pdf HTTP/1.1" 200 14947 "-" "Mozilla/5.0 (compatible; AhrefsBot/4.0; +http://ahrefs.com/robot/)"
93.220.231.103 - - [02/Mar/2013:12:52:54 +0100] "GET / HTTP/1.1" 200 1775 "-" "Mozilla/5.0 (Windows; U; Windows NT 5.1; de; rv:1.9.0.10) Gecko/2009042316 Firefox/3.0.10 (.NET CLR 3.5.30729)"
93.220.231.103 - - [02/Mar/2013:12:52:59 +0100] "GET /seiten/start.htm HTTP/1.1" 200 9376 "-" "Mozilla/4.0 (compatible; MSIE 8.0; Windows NT 6.0; .NET CLR 1.1.4322)"
93.220.231.103 - - [02/Mar/2013:12:52:59 +0100] "GET /seiten/main.htm HTTP/1.1" 200 2319 "-" "Mozilla/4.0 (compatible; MSIE 8.0; Windows NT 6.0; .NET CLR 1.1.4322)"
93.220.231.103 - - [02/Mar/2013:12:53:04 +0100] "GET /seiten/impressum.htm HTTP/1.1" 200 4734 "-" "Mozilla/4.0 (compatible; MSIE 7.0; Windows NT 6.0; WOW64; SLCC1; .NET CLR 2.0.50727; .NET CLR 1.1.4322)"
84.38.65.176 - - [02/Mar/2013:13:13:23 +0100] "GET / HTTP/1.0" 200 1775 "http://www.backlink-webkatalog.de/" "Mozilla/5.0 (Windows; U; Windows NT 6.0; en-US) AppleWebKit/533.4 (KHTML, like Gecko) Chrome/5.0.375.126 Safari/533.4"
157.55.35.37 - - [02/Mar/2013:13:28:59 +0100] "GET /robots.txt HTTP/1.1" 404 1256 "-" "Mozilla/5.0 (compatible; bingbot/2.0; +http://www.bing.com/bingbot.htm)"
157.55.35.37 - - [02/Mar/2013:13:35:13 +0100] "GET / HTTP/1.1" 200 1775 "-" "Mozilla/5.0 (compatible; bingbot/2.0; +http://www.bing.com/bingbot.htm)"
178.63.49.74 - - [02/Mar/2013:16:39:47 +0100] "GET / HTTP/1.1" 200 1775 "-" "Opera/9.20 (Windows NT 6.0; U; de)"
178.63.49.74 - - [02/Mar/2013:16:39:47 +0100] "GET /robots.txt HTTP/1.1" 404 1256 "-" "libwww-perl/6.03"
178.63.49.74 - - [02/Mar/2013:16:39:47 +0100] "GET / HTTP/1.1" 200 1775 "-" "Opera/9.20 (Windows NT 6.0; U; de)"
178.63.49.74 - - [02/Mar/2013:16:39:47 +0100] "GET /seiten/start.htm HTTP/1.1" 200 9376 "http://www.frb-berlin.de/" "Opera/9.20 (Windows NT 6.0; U; de)"
178.63.49.74 - - [02/Mar/2013:16:39:47 +0100] "GET /seiten/referenzen.htm HTTP/1.1" 200 3626 "http://www.frb-berlin.de/seiten/start.htm" "Opera/9.20 (Windows NT 6.0; U; de)"
178.63.49.74 - - [02/Mar/2013:16:39:47 +0100] "GET /seiten/referenzen_maler.htm HTTP/1.1" 200 51839 "http://www.frb-berlin.de/seiten/referenzen.htm" "Opera/9.20 (Windows NT 6.0; U; de)"
178.63.49.74 - - [02/Mar/2013:16:39:48 +0100] "GET /seiten/kontakt.php HTTP/1.1" 200 6708 "http://www.frb-berlin.de/seiten/referenzen_maler.htm" "Opera/9.20 (Windows NT 6.0; U; de)"
178.63.49.74 - - [02/Mar/2013:16:39:48 +0100] "GET /seiten/main.htm HTTP/1.1" 200 2319 "http://www.frb-berlin.de/seiten/kontakt.php" "Opera/9.20 (Windows NT 6.0; U; de)"
178.63.49.74 - - [02/Mar/2013:16:39:48 +0100] "GET /dokumente/ReferenzenBeton.pdf HTTP/1.1" 200 10270 "http://www.frb-berlin.de/seiten/main.htm" "Opera/9.20 (Windows NT 6.0; U; de)"
178.63.49.74 - - [02/Mar/2013:16:39:48 +0100] "GET /seiten/referenzen_beton.htm HTTP/1.1" 200 8747 "http://www.frb-berlin.de/dokumente/ReferenzenBeton.pdf" "Opera/9.20 (Windows NT 6.0; U; de)"
178.63.49.74 - - [02/Mar/2013:16:39:48 +0100] "GET /seiten/ueber_uns.htm HTTP/1.1" 200 2081 "http://www.frb-berlin.de/seiten/referenzen_beton.htm" "Opera/9.20 (Windows NT 6.0; U; de)"
178.63.49.74 - - [02/Mar/2013:16:39:48 +0100] "GET /seiten/impressum.htm HTTP/1.1" 200 4734 "http://www.frb-berlin.de/seiten/ueber_uns.htm" "Opera/9.20 (Windows NT 6.0; U; de)"
178.63.49.74 - - [02/Mar/2013:16:39:48 +0100] "GET /seiten/referenzen_waerme.htm HTTP/1.1" 200 35661 "http://www.frb-berlin.de/seiten/impressum.htm" "Opera/9.20 (Windows NT 6.0; U; de)"
178.63.49.74 - - [02/Mar/2013:16:39:48 +0100] "GET /dokumente/ReferenzenMaler.pdf HTTP/1.1" 200 15515 "http://www.frb-berlin.de/seiten/referenzen_waerme.htm" "Opera/9.20 (Windows NT 6.0; U; de)"
178.63.49.74 - - [02/Mar/2013:16:39:48 +0100] "GET /dokumente/ReferenzenWarme.pdf HTTP/1.1" 200 14947 "http://www.frb-berlin.de/dokumente/ReferenzenMaler.pdf" "Opera/9.20 (Windows NT 6.0; U; de)"
178.63.49.74 - - [02/Mar/2013:16:39:48 +0100] "GET /seiten/links.htm HTTP/1.1" 200 1543 "http://www.frb-berlin.de/dokumente/ReferenzenWarme.pdf" "Opera/9.20 (Windows NT 6.0; U; de)"
178.63.49.74 - - [02/Mar/2013:16:39:48 +0100] "GET /seiten/ausbildung.htm HTTP/1.1" 200 2131 "http://www.frb-berlin.de/seiten/links.htm" "Opera/9.20 (Windows NT 6.0; U; de)"
178.63.49.74 - - [02/Mar/2013:16:39:48 +0100] "GET /seiten/ausbildung3.htm HTTP/1.1" 200 6331 "http://www.frb-berlin.de/seiten/ausbildung.htm" "Opera/9.20 (Windows NT 6.0; U; de)"
178.63.49.74 - - [02/Mar/2013:16:39:48 +0100] "GET /seiten/ausbildung2.htm HTTP/1.1" 200 4821 "http://www.frb-berlin.de/seiten/ausbildung3.htm" "Opera/9.20 (Windows NT 6.0; U; de)"
178.63.49.74 - - [02/Mar/2013:16:39:48 +0100] "GET /seiten/leistungen.htm HTTP/1.1" 200 3710 "http://www.frb-berlin.de/seiten/ausbildung2.htm" "Opera/9.20 (Windows NT 6.0; U; de)"
5.9.27.74 - - [02/Mar/2013:17:44:21 +0100] "GET /robots.txt HTTP/1.1" 404 1256 "-" "Mozilla/5.0 (compatible; SISTRIX Crawler; http://crawler.sistrix.net/)"
5.9.27.74 - - [02/Mar/2013:17:44:21 +0100] "GET / HTTP/1.1" 200 1775 "-" "Mozilla/5.0 (compatible; SISTRIX Crawler; http://crawler.sistrix.net/)"
5.9.27.74 - - [02/Mar/2013:17:44:21 +0100] "GET /seiten/start.htm HTTP/1.1" 200 9376 "-" "Mozilla/5.0 (compatible; SISTRIX Crawler; http://crawler.sistrix.net/)"
5.9.27.74 - - [02/Mar/2013:17:44:21 +0100] "GET /seiten/kontakt.php HTTP/1.1" 200 6708 "-" "Mozilla/5.0 (compatible; SISTRIX Crawler; http://crawler.sistrix.net/)"
5.9.27.74 - - [02/Mar/2013:17:44:21 +0100] "GET /seiten/ausbildung.htm HTTP/1.1" 200 2131 "-" "Mozilla/5.0 (compatible; SISTRIX Crawler; http://crawler.sistrix.net/)"
5.9.27.74 - - [02/Mar/2013:17:44:21 +0100] "GET /seiten/referenzen.htm HTTP/1.1" 200 3626 "-" "Mozilla/5.0 (compatible; SISTRIX Crawler; http://crawler.sistrix.net/)"
5.9.27.74 - - [02/Mar/2013:17:44:21 +0100] "GET /seiten/main.htm HTTP/1.1" 200 2319 "-" "Mozilla/5.0 (compatible; SISTRIX Crawler; http://crawler.sistrix.net/)"
5.9.27.74 - - [02/Mar/2013:17:44:21 +0100] "GET /seiten/links.htm HTTP/1.1" 200 1543 "-" "Mozilla/5.0 (compatible; SISTRIX Crawler; http://crawler.sistrix.net/)"
5.9.27.74 - - [02/Mar/2013:17:44:21 +0100] "GET /seiten/ueber_uns.htm HTTP/1.1" 200 2081 "-" "Mozilla/5.0 (compatible; SISTRIX Crawler; http://crawler.sistrix.net/)"
5.9.27.74 - - [02/Mar/2013:17:44:22 +0100] "GET /seiten/impressum.htm HTTP/1.1" 200 4734 "-" "Mozilla/5.0 (compatible; SISTRIX Crawler; http://crawler.sistrix.net/)"
5.9.27.74 - - [02/Mar/2013:17:44:22 +0100] "GET /seiten/leistungen.htm HTTP/1.1" 200 3710 "-" "Mozilla/5.0 (compatible; SISTRIX Crawler; http://crawler.sistrix.net/)"
5.9.27.74 - - [02/Mar/2013:17:44:22 +0100] "GET /seiten/referenzen_beton.htm HTTP/1.1" 200 8747 "-" "Mozilla/5.0 (compatible; SISTRIX Crawler; http://crawler.sistrix.net/)"
5.9.27.74 - - [02/Mar/2013:17:44:22 +0100] "GET /seiten/ausbildung2.htm HTTP/1.1" 200 4821 "-" "Mozilla/5.0 (compatible; SISTRIX Crawler; http://crawler.sistrix.net/)"
5.9.27.74 - - [02/Mar/2013:17:44:22 +0100] "GET /seiten/referenzen_waerme.htm HTTP/1.1" 200 35661 "-" "Mozilla/5.0 (compatible; SISTRIX Crawler; http://crawler.sistrix.net/)"
5.9.27.74 - - [02/Mar/2013:17:44:22 +0100] "GET /seiten/ausbildung3.htm HTTP/1.1" 200 6331 "-" "Mozilla/5.0 (compatible; SISTRIX Crawler; http://crawler.sistrix.net/)"
5.9.27.74 - - [02/Mar/2013:17:44:22 +0100] "GET /seiten/referenzen_maler.htm HTTP/1.1" 200 51839 "-" "Mozilla/5.0 (compatible; SISTRIX Crawler; http://crawler.sistrix.net/)"
85.178.150.127 - - [02/Mar/2013:18:01:59 +0100] "GET /seiten/ausbildung2.htm HTTP/1.1" 200 4821 "http://www.backinjob.de/detailFrame.php?Chiffre=999950000035497294" "Mozilla/5.0 (Windows NT 6.1; WOW64) AppleWebKit/537.22 (KHTML, like Gecko) Chrome/25.0.1364.97 Safari/537.22"
85.178.150.127 - - [02/Mar/2013:18:01:59 +0100] "GET /css/style.css HTTP/1.1" 200 8567 "http://www.frb-berlin.de/seiten/ausbildung2.htm" "Mozilla/5.0 (Windows NT 6.1; WOW64) AppleWebKit/537.22 (KHTML, like Gecko) Chrome/25.0.1364.97 Safari/537.22"
85.178.150.127 - - [02/Mar/2013:18:01:59 +0100] "GET /img/top.gif HTTP/1.1" 200 950 "http://www.frb-berlin.de/seiten/ausbildung2.htm" "Mozilla/5.0 (Windows NT 6.1; WOW64) AppleWebKit/537.22 (KHTML, like Gecko) Chrome/25.0.1364.97 Safari/537.22"
85.178.150.127 - - [02/Mar/2013:18:01:59 +0100] "GET /img/hg.jpg HTTP/1.1" 200 7507 "http://www.frb-berlin.de/seiten/ausbildung2.htm" "Mozilla/5.0 (Windows NT 6.1; WOW64) AppleWebKit/537.22 (KHTML, like Gecko) Chrome/25.0.1364.97 Safari/537.22"
85.25.71.89 - - [02/Mar/2013:18:39:35 +0100] "GET / HTTP/1.1" 200 1775 "-" "Mozilla/5.0 (X11; U; Linux i686; en-US; rv:1.9.0.1) Gecko/2008070206 Firefox/3.0.1"
85.25.71.89 - - [02/Mar/2013:18:39:35 +0100] "GET /seiten/impressum.htm HTTP/1.1" 200 4734 "-" "Mozilla/5.0 (X11; U; Linux i686; en-US; rv:1.9.0.1) Gecko/2008070206 Firefox/3.0.1"
37.140.141.34 - - [02/Mar/2013:20:28:12 +0100] "GET /img/1px.gif HTTP/1.1" 200 43 "-" "Mozilla/5.0 (compatible; YandexImages/3.0; +http://yandex.com/bots)"
66.249.75.202 - - [02/Mar/2013:20:57:39 +0100] "GET /robots.txt HTTP/1.1" 404 1256 "-" "Mozilla/5.0 (compatible; Googlebot/2.1; +http://www.google.com/bot.html)"
66.249.75.202 - - [02/Mar/2013:20:57:39 +0100] "GET /seiten/referenzen_maler.htm HTTP/1.1" 304 - "-" "Mozilla/5.0 (compatible; Googlebot/2.1; +http://www.google.com/bot.html)"
66.249.75.202 - - [02/Mar/2013:21:54:51 +0100] "GET /seiten/impressum.htm HTTP/1.1" 304 - "-" "Mozilla/5.0 (compatible; Googlebot/2.1; +http://www.google.com/bot.html)"
208.115.113.88 - - [03/Mar/2013:00:04:10 +0100] "GET /robots.txt HTTP/1.1" 404 1256 "-" "Mozilla/5.0 (compatible; Ezooms/1.0; ezooms.bot@gmail.com)"
157.55.35.37 - - [03/Mar/2013:01:15:23 +0100] "GET /robots.txt HTTP/1.1" 404 1256 "-" "Mozilla/5.0 (compatible; bingbot/2.0; +http://www.bing.com/bingbot.htm)"
157.55.35.37 - - [03/Mar/2013:01:18:30 +0100] "GET / HTTP/1.1" 200 1775 "-" "Mozilla/5.0 (compatible; bingbot/2.0; +http://www.bing.com/bingbot.htm)"
66.249.75.202 - - [03/Mar/2013:01:35:58 +0100] "GET /seiten/start.htm HTTP/1.1" 304 - "-" "Mozilla/5.0 (compatible; Googlebot/2.1; +http://www.google.com/bot.html)"
78.47.78.211 - - [03/Mar/2013:01:39:42 +0100] "GET / HTTP/1.1" 200 1775 "-" "Mozilla/5.0 (Macintosh; U; Intel Mac OS X; en-US; rv:1.8.0.10) Gecko/20070216 Firefox/1.5.0.10"
208.115.113.88 - - [03/Mar/2013:01:52:29 +0100] "GET /seiten/leistungen.htm HTTP/1.1" 200 3710 "-" "Mozilla/5.0 (compatible; Ezooms/1.0; ezooms.bot@gmail.com)"
66.249.75.202 - - [03/Mar/2013:02:03:20 +0100] "GET /seiten/impressum.htm HTTP/1.1" 304 - "-" "Mozilla/5.0 (iPhone; U; CPU iPhone OS 4_1 like Mac OS X; en-us) AppleWebKit/532.9 (KHTML, like Gecko) Version/4.0.5 Mobile/8B117 Safari/6531.22.7 (compatible; Googlebot-Mobile/2.1; +http://www.google.com/bot.html)"
61.55.185.132 - - [03/Mar/2013:02:13:01 +0100] "GET / HTTP/1.1" 200 1775 "http://www.frb-berlin.de/" "Mozilla/5.0 (Windows; U; Windows NT 5.1; zh-CN; rv:1.8.0.11) Gecko/20070312 Firefox/1.5.0.11; 360Spider"
173.199.114.235 - - [03/Mar/2013:03:37:40 +0100] "GET /seiten/referenzen.htm HTTP/1.1" 200 3626 "-" "Mozilla/5.0 (compatible; AhrefsBot/4.0; +http://ahrefs.com/robot/)"
141.8.147.12 - - [03/Mar/2013:04:13:46 +0100] "GET /robots.txt HTTP/1.1" 404 1256 "-" "Mozilla/5.0 (compatible; YandexBot/3.0; +http://yandex.com/bots)"
216.145.17.190 - - [03/Mar/2013:05:04:24 +0100] "GET /robots.txt HTTP/1.0" 404 1256 "-" "Mozilla/5.0 (Windows; U; Windows NT 5.1; en; rv:1.9.0.13) Gecko/2009073022 Firefox/3.5.2 (.NET CLR 3.5.30729) SurveyBot/2.3 (DomainTools)"
216.145.17.190 - - [03/Mar/2013:05:04:24 +0100] "GET / HTTP/1.1" 200 1775 "http://whois.domaintools.com/frb-berlin.de" "Mozilla/5.0 (Windows; U; Windows NT 5.1; en; rv:1.9.0.13) Gecko/2009073022 Firefox/3.5.2 (.NET CLR 3.5.30729) SurveyBot/2.3 (DomainTools)"
217.86.196.40 - - [03/Mar/2013:05:26:32 +0100] "GET /robots.txt HTTP/1.1" 404 1256 "-" "JobRoboter/1.1"
217.86.196.40 - - [03/Mar/2013:05:26:33 +0100] "GET /seiten/ausbildung.htm HTTP/1.1" 200 2131 "-" "JobRoboter/1.1"
173.199.114.235 - - [03/Mar/2013:07:02:11 +0100] "GET /seiten/start.htm HTTP/1.1" 200 9376 "-" "Mozilla/5.0 (compatible; AhrefsBot/4.0; +http://ahrefs.com/robot/)"
66.249.75.202 - - [03/Mar/2013:07:21:12 +0100] "GET / HTTP/1.1" 200 1775 "-" "SAMSUNG-SGH-E250/1.0 Profile/MIDP-2.0 Configuration/CLDC-1.1 UP.Browser/6.2.3.3.c.1.101 (GUI) MMP/2.0 (compatible; Googlebot-Mobile/2.1; +http://www.google.com/bot.html)"
173.199.114.235 - - [03/Mar/2013:07:49:00 +0100] "GET /seiten/referenzen_waerme.htm HTTP/1.1" 200 35661 "-" "Mozilla/5.0 (compatible; AhrefsBot/4.0; +http://ahrefs.com/robot/)"
141.8.147.12 - - [03/Mar/2013:08:00:18 +0100] "GET /dokumente/ReferenzenMaler.pdf HTTP/1.1" 200 15515 "-" "Mozilla/5.0 (compatible; YandexBot/3.0; +http://yandex.com/bots)"
173.199.114.235 - - [03/Mar/2013:08:13:00 +0100] "GET /seiten/leistungen.htm HTTP/1.1" 200 3710 "-" "Mozilla/5.0 (compatible; AhrefsBot/4.0; +http://ahrefs.com/robot/)"
92.224.253.7 - - [03/Mar/2013:09:08:58 +0100] "GET /seiten/ausbildung2.htm HTTP/1.1" 200 4821 "-" "Mozilla/5.0 (Windows NT 6.1; WOW64; rv:19.0) Gecko/20100101 Firefox/19.0"
92.224.253.7 - - [03/Mar/2013:09:08:58 +0100] "GET /css/style.css HTTP/1.1" 200 8567 "http://www.frb-berlin.de/seiten/ausbildung2.htm" "Mozilla/5.0 (Windows NT 6.1; WOW64; rv:19.0) Gecko/20100101 Firefox/19.0"
92.224.253.7 - - [03/Mar/2013:09:08:58 +0100] "GET /img/top.gif HTTP/1.1" 200 950 "http://www.frb-berlin.de/seiten/ausbildung2.htm" "Mozilla/5.0 (Windows NT 6.1; WOW64; rv:19.0) Gecko/20100101 Firefox/19.0"
92.224.253.7 - - [03/Mar/2013:09:08:58 +0100] "GET /img/hg.jpg HTTP/1.1" 200 7507 "http://www.frb-berlin.de/seiten/ausbildung2.htm" "Mozilla/5.0 (Windows NT 6.1; WOW64; rv:19.0) Gecko/20100101 Firefox/19.0"
92.224.253.7 - - [03/Mar/2013:09:08:58 +0100] "GET /favicon.ico HTTP/1.1" 404 1256 "-" "Mozilla/5.0 (Windows NT 6.1; WOW64; rv:19.0) Gecko/20100101 Firefox/19.0"
92.224.253.7 - - [03/Mar/2013:09:08:58 +0100] "GET /favicon.ico HTTP/1.1" 404 1256 "-" "Mozilla/5.0 (Windows NT 6.1; WOW64; rv:19.0) Gecko/20100101 Firefox/19.0"
141.8.147.12 - - [03/Mar/2013:09:14:55 +0100] "GET / HTTP/1.1" 200 1775 "-" "Mozilla/5.0 (compatible; YandexBot/3.0; +http://yandex.com/bots)"
188.162.132.5 - - [03/Mar/2013:12:13:54 +0100] "GET /robots.txt HTTP/1.1" 404 1256 "-" "Mozilla/5.0 (compatible; 008/0.83; http://www.80legs.com/webcrawler.html;) Gecko/2008032620"
188.162.132.5 - - [03/Mar/2013:12:13:54 +0100] "GET / HTTP/1.1" 200 1775 "-" "Mozilla/5.0 (compatible; 008/0.85; http://www.80legs.com/webcrawler.html) Gecko/2008032620"
193.104.85.252 - - [03/Mar/2013:12:27:18 +0100] "GET /robots.txt HTTP/1.1" 404 1256 "-" "Mozilla/5.0 (compatible; 008/0.83; http://www.80legs.com/webcrawler.html;) Gecko/2008032620"
193.104.85.252 - - [03/Mar/2013:12:27:18 +0100] "GET / HTTP/1.1" 200 1775 "-" "Mozilla/5.0 (compatible; 008/0.85; http://www.80legs.com/webcrawler.html) Gecko/2008032620"
93.220.197.242 - - [03/Mar/2013:13:02:24 +0100] "GET / HTTP/1.1" 200 1775 "-" "Mozilla/4.0 (compatible; MSIE 8.0; Windows NT 6.0; .NET CLR 1.1.4322; .NET CLR 2.0.50727; .NET CLR 3.0.04506.30)"
93.220.197.242 - - [03/Mar/2013:13:02:30 +0100] "GET /seiten/start.htm HTTP/1.1" 200 9376 "-" "Mozilla/4.0 (compatible; MSIE 7.0; Windows NT 6.0; WOW64; SLCC1; .NET CLR 2.0.50727; .NET CLR 1.1.4322)"
93.220.197.242 - - [03/Mar/2013:13:02:30 +0100] "GET /seiten/main.htm HTTP/1.1" 200 2319 "-" "Mozilla/4.0 (compatible; MSIE 7.0; Windows NT 6.0; WOW64; SLCC1; .NET CLR 2.0.50727; .NET CLR 1.1.4322)"
93.220.197.242 - - [03/Mar/2013:13:02:35 +0100] "GET /seiten/impressum.htm HTTP/1.1" 200 4734 "-" "Mozilla/4.0 (compatible; MSIE 7.0; Windows NT 6.0; WOW64; SLCC1; .NET CLR 2.0.50727; .NET CLR 1.1.4322; .NET CLR 3.5.21022; .NET CLR 3.0.04506)"
157.55.35.37 - - [03/Mar/2013:13:38:37 +0100] "GET /robots.txt HTTP/1.1" 404 1256 "-" "Mozilla/5.0 (compatible; bingbot/2.0; +http://www.bing.com/bingbot.htm)"
157.55.35.37 - - [03/Mar/2013:13:41:50 +0100] "GET / HTTP/1.1" 200 1775 "-" "Mozilla/5.0 (compatible; bingbot/2.0; +http://www.bing.com/bingbot.htm)"
217.86.196.40 - - [03/Mar/2013:13:46:30 +0100] "GET /robots.txt HTTP/1.1" 404 1256 "-" "JobRoboter/1.1"
217.86.196.40 - - [03/Mar/2013:13:46:30 +0100] "GET /seiten/ausbildung2.htm HTTP/1.1" 200 4821 "-" "JobRoboter/1.1"
217.86.196.40 - - [03/Mar/2013:13:57:59 +0100] "GET /robots.txt HTTP/1.1" 404 1256 "-" "JobRoboter/1.1"
217.86.196.40 - - [03/Mar/2013:13:57:59 +0100] "GET /seiten/ausbildung3.htm HTTP/1.1" 200 6331 "-" "JobRoboter/1.1"
173.199.114.235 - - [03/Mar/2013:14:34:45 +0100] "GET / HTTP/1.1" 200 1775 "-" "Mozilla/5.0 (compatible; AhrefsBot/4.0; +http://ahrefs.com/robot/)"
188.134.44.23 - - [03/Mar/2013:14:46:32 +0100] "GET /robots.txt HTTP/1.1" 404 1256 "-" "Mozilla/5.0 (compatible; 008/0.83; http://www.80legs.com/webcrawler.html;) Gecko/2008032620"
188.134.44.23 - - [03/Mar/2013:14:46:33 +0100] "GET /seiten/start.htm HTTP/1.1" 200 9376 "-" "Mozilla/5.0 (compatible; 008/0.85; http://www.80legs.com/webcrawler.html) Gecko/2008032620"
208.115.113.88 - - [03/Mar/2013:16:04:13 +0100] "GET /robots.txt HTTP/1.1" 404 1256 "-" "Mozilla/5.0 (compatible; Ezooms/1.0; ezooms.bot@gmail.com)"
128.71.233.42 - - [03/Mar/2013:16:12:59 +0100] "GET /robots.txt HTTP/1.1" 404 1256 "-" "Mozilla/5.0 (compatible; 008/0.83; http://www.80legs.com/webcrawler.html;) Gecko/2008032620"
128.71.233.42 - - [03/Mar/2013:16:12:59 +0100] "GET /seiten/leistungen.htm HTTP/1.1" 200 3710 "-" "Mozilla/5.0 (compatible; 008/0.85; http://www.80legs.com/webcrawler.html) Gecko/2008032620"
66.249.78.202 - - [03/Mar/2013:16:31:22 +0100] "GET /robots.txt HTTP/1.1" 404 1256 "-" "Mozilla/5.0 (compatible; Googlebot/2.1; +http://www.google.com/bot.html)"
66.249.78.202 - - [03/Mar/2013:16:31:22 +0100] "GET /css/style.css HTTP/1.1" 200 8567 "-" "Mozilla/5.0 (compatible; Googlebot/2.1; +http://www.google.com/bot.html)"
64.125.222.16 - - [03/Mar/2013:16:33:18 +0100] "GET /robots.txt HTTP/1.1" 404 1256 "-" "Mozilla/5.0 (compatible; 008/0.83; http://www.80legs.com/webcrawler.html;) Gecko/2008032620"
193.84.22.38 - - [03/Mar/2013:16:37:24 +0100] "GET /seiten/ausbildung.htm HTTP/1.1" 200 2131 "-" "Mozilla/5.0 (compatible; 008/0.85; http://www.80legs.com/webcrawler.html) Gecko/2008032620"
193.84.22.38 - - [03/Mar/2013:16:37:28 +0100] "GET /seiten/impressum.htm HTTP/1.1" 200 4734 "-" "Mozilla/5.0 (compatible; 008/0.85; http://www.80legs.com/webcrawler.html) Gecko/2008032620"
193.84.22.38 - - [03/Mar/2013:16:37:29 +0100] "GET /seiten/kontakt.php HTTP/1.1" 200 6708 "-" "Mozilla/5.0 (compatible; 008/0.85; http://www.80legs.com/webcrawler.html) Gecko/2008032620"
193.84.22.38 - - [03/Mar/2013:16:37:26 +0100] "GET /seiten/impressum.htm HTTP/1.1" 200 4734 "-" "Mozilla/5.0 (compatible; 008/0.85; http://www.80legs.com/webcrawler.html) Gecko/2008032620"
193.84.22.38 - - [03/Mar/2013:16:37:30 +0100] "GET /seiten/referenzen.htm HTTP/1.1" 200 3626 "-" "Mozilla/5.0 (compatible; 008/0.85; http://www.80legs.com/webcrawler.html) Gecko/2008032620"
78.81.31.213 - - [03/Mar/2013:16:44:11 +0100] "GET /seiten/links.htm HTTP/1.1" 200 1543 "-" "Mozilla/5.0 (compatible; 008/0.85; http://www.80legs.com/webcrawler.html) Gecko/2008032620"
91.196.33.194 - - [03/Mar/2013:16:45:12 +0100] "GET /seiten/main.htm HTTP/1.1" 200 2319 "-" "Mozilla/5.0 (compatible; 008/0.85; http://www.80legs.com/webcrawler.html) Gecko/2008032620"
92.248.160.78 - - [03/Mar/2013:16:45:20 +0100] "GET /seiten/main.htm HTTP/1.1" 200 2319 "-" "Mozilla/5.0 (compatible; 008/0.85; http://www.80legs.com/webcrawler.html) Gecko/2008032620"
5.164.117.99 - - [03/Mar/2013:16:45:34 +0100] "GET /seiten/main.htm HTTP/1.1" 200 2319 "-" "Mozilla/5.0 (compatible; 008/0.85; http://www.80legs.com/webcrawler.html) Gecko/2008032620"
37.99.44.226 - - [03/Mar/2013:16:54:59 +0100] "GET /seiten/ueber_uns.htm HTTP/1.1" 200 2081 "-" "Mozilla/5.0 (compatible; 008/0.85; http://www.80legs.com/webcrawler.html) Gecko/2008032620"
173.199.114.235 - - [03/Mar/2013:17:44:03 +0100] "GET /dokumente/ReferenzenMaler.pdf HTTP/1.1" 200 15515 "-" "Mozilla/5.0 (compatible; AhrefsBot/4.0; +http://ahrefs.com/robot/)"
208.115.113.88 - - [03/Mar/2013:17:54:12 +0100] "GET /seiten/kontakt.php HTTP/1.1" 200 6708 "-" "Mozilla/5.0 (compatible; Ezooms/1.0; ezooms.bot@gmail.com)"
173.199.114.235 - - [03/Mar/2013:18:18:25 +0100] "GET /seiten/ausbildung.htm HTTP/1.1" 200 2131 "-" "Mozilla/5.0 (compatible; AhrefsBot/4.0; +http://ahrefs.com/robot/)"
173.199.114.235 - - [03/Mar/2013:18:29:37 +0100] "GET /seiten/main.htm HTTP/1.1" 200 2319 "-" "Mozilla/5.0 (compatible; AhrefsBot/4.0; +http://ahrefs.com/robot/)"
173.199.114.235 - - [03/Mar/2013:19:54:35 +0100] "GET /seiten/referenzen_maler.htm HTTP/1.1" 200 51839 "-" "Mozilla/5.0 (compatible; AhrefsBot/4.0; +http://ahrefs.com/robot/)"
173.199.114.235 - - [03/Mar/2013:20:32:31 +0100] "GET /seiten/kontakt.php HTTP/1.1" 200 6708 "-" "Mozilla/5.0 (compatible; AhrefsBot/4.0; +http://ahrefs.com/robot/)"
173.199.114.235 - - [03/Mar/2013:22:15:37 +0100] "GET /seiten/links.htm HTTP/1.1" 200 1543 "-" "Mozilla/5.0 (compatible; AhrefsBot/4.0; +http://ahrefs.com/robot/)"
141.8.147.12 - - [03/Mar/2013:22:32:13 +0100] "GET /robots.txt HTTP/1.1" 404 1256 "-" "Mozilla/5.0 (compatible; YandexBot/3.0; +http://yandex.com/bots)"
66.249.78.202 - - [04/Mar/2013:01:01:10 +0100] "GET / HTTP/1.1" 200 1775 "-" "Mozilla/5.0 (compatible; Googlebot/2.1; +http://www.google.com/bot.html)"
173.199.114.235 - - [04/Mar/2013:01:14:30 +0100] "GET /seiten/referenzen_beton.htm HTTP/1.1" 200 8747 "-" "Mozilla/5.0 (compatible; AhrefsBot/4.0; +http://ahrefs.com/robot/)"
157.55.35.37 - - [04/Mar/2013:01:34:39 +0100] "GET /robots.txt HTTP/1.1" 404 1256 "-" "Mozilla/5.0 (compatible; bingbot/2.0; +http://www.bing.com/bingbot.htm)"
157.55.35.37 - - [04/Mar/2013:01:36:32 +0100] "GET / HTTP/1.1" 200 1775 "-" "Mozilla/5.0 (compatible; bingbot/2.0; +http://www.bing.com/bingbot.htm)"
61.55.185.140 - - [04/Mar/2013:03:07:52 +0100] "GET / HTTP/1.1" 200 1775 "http://www.frb-berlin.de/" "Mozilla/5.0 (Windows; U; Windows NT 5.1; zh-CN; rv:1.8.0.11) Gecko/20070312 Firefox/1.5.0.11; 360Spider"
173.199.114.235 - - [04/Mar/2013:04:46:58 +0100] "GET /dokumente/ReferenzenBeton.pdf HTTP/1.1" 200 10270 "-" "Mozilla/5.0 (compatible; AhrefsBot/4.0; +http://ahrefs.com/robot/)"
66.249.78.202 - - [04/Mar/2013:04:48:46 +0100] "GET /robots.txt HTTP/1.1" 404 1256 "-" "Mozilla/5.0 (compatible; Googlebot/2.1; +http://www.google.com/bot.html)"
66.249.78.202 - - [04/Mar/2013:04:48:46 +0100] "GET / HTTP/1.1" 200 1775 "-" "Mozilla/5.0 (iPhone; U; CPU iPhone OS 4_1 like Mac OS X; en-us) AppleWebKit/532.9 (KHTML, like Gecko) Version/4.0.5 Mobile/8B117 Safari/6531.22.7 (compatible; Googlebot-Mobile/2.1; +http://www.google.com/bot.html)"
217.86.196.40 - - [04/Mar/2013:05:53:05 +0100] "GET /robots.txt HTTP/1.1" 404 1256 "-" "JobRoboter/1.1"
217.86.196.40 - - [04/Mar/2013:05:53:05 +0100] "GET /seiten/ausbildung.htm HTTP/1.1" 200 2131 "-" "JobRoboter/1.1"
89.204.138.225 - - [04/Mar/2013:05:55:46 +0100] "GET /seiten/start.htm HTTP/1.1" 200 9376 "-" "Opera/9.80 (S60; SymbOS; Opera Mobi/SYB-1204232256; U; de) Presto/2.10.254 Version/12.00"
89.204.138.225 - - [04/Mar/2013:05:55:47 +0100] "GET /scripte/menu_start.js HTTP/1.1" 304 - "http://www.frb-berlin.de/seiten/start.htm" "Opera/9.80 (S60; SymbOS; Opera Mobi/SYB-1204232256; U; de) Presto/2.10.254 Version/12.00"
89.204.138.225 - - [04/Mar/2013:05:55:47 +0100] "GET /favicon.ico HTTP/1.1" 404 1256 "http://www.frb-berlin.de/seiten/start.htm" "Opera/9.80 (S60; SymbOS; Opera Mobi/SYB-1204232256; U; de) Presto/2.10.254 Version/12.00"
89.204.138.225 - - [04/Mar/2013:05:55:47 +0100] "GET /scripte/menu_elemente.js HTTP/1.1" 304 - "http://www.frb-berlin.de/seiten/start.htm" "Opera/9.80 (S60; SymbOS; Opera Mobi/SYB-1204232256; U; de) Presto/2.10.254 Version/12.00"
89.204.138.225 - - [04/Mar/2013:05:55:47 +0100] "GET /css/style.css HTTP/1.1" 304 - "http://www.frb-berlin.de/seiten/start.htm" "Opera/9.80 (S60; SymbOS; Opera Mobi/SYB-1204232256; U; de) Presto/2.10.254 Version/12.00"
89.204.138.225 - - [04/Mar/2013:05:55:47 +0100] "GET /img/1px.gif HTTP/1.1" 304 - "http://www.frb-berlin.de/seiten/start.htm" "Opera/9.80 (S60; SymbOS; Opera Mobi/SYB-1204232256; U; de) Presto/2.10.254 Version/12.00"
89.204.138.225 - - [04/Mar/2013:05:55:47 +0100] "GET /img/lay01.jpg HTTP/1.1" 304 - "http://www.frb-berlin.de/seiten/start.htm" "Opera/9.80 (S60; SymbOS; Opera Mobi/SYB-1204232256; U; de) Presto/2.10.254 Version/12.00"
89.204.138.225 - - [04/Mar/2013:05:55:47 +0100] "GET /img/head.jpg HTTP/1.1" 200 5932 "http://www.frb-berlin.de/seiten/start.htm" "Opera/9.80 (S60; SymbOS; Opera Mobi/SYB-1204232256; U; de) Presto/2.10.254 Version/12.00"
89.204.138.225 - - [04/Mar/2013:05:55:48 +0100] "GET /img/lay03.jpg HTTP/1.1" 304 - "http://www.frb-berlin.de/seiten/start.htm" "Opera/9.80 (S60; SymbOS; Opera Mobi/SYB-1204232256; U; de) Presto/2.10.254 Version/12.00"
89.204.138.225 - - [04/Mar/2013:05:55:48 +0100] "GET /img/lay05.jpg HTTP/1.1" 304 - "http://www.frb-berlin.de/seiten/start.htm" "Opera/9.80 (S60; SymbOS; Opera Mobi/SYB-1204232256; U; de) Presto/2.10.254 Version/12.00"
89.204.138.225 - - [04/Mar/2013:05:55:48 +0100] "GET /img/lay07.jpg HTTP/1.1" 304 - "http://www.frb-berlin.de/seiten/start.htm" "Opera/9.80 (S60; SymbOS; Opera Mobi/SYB-1204232256; U; de) Presto/2.10.254 Version/12.00"
89.204.138.225 - - [04/Mar/2013:05:55:48 +0100] "GET /img/lay08.jpg HTTP/1.1" 304 - "http://www.frb-berlin.de/seiten/start.htm" "Opera/9.80 (S60; SymbOS; Opera Mobi/SYB-1204232256; U; de) Presto/2.10.254 Version/12.00"
89.204.138.225 - - [04/Mar/2013:05:55:48 +0100] "GET /img/over_logo.jpg HTTP/1.1" 200 5315 "http://www.frb-berlin.de/seiten/start.htm" "Opera/9.80 (S60; SymbOS; Opera Mobi/SYB-1204232256; U; de) Presto/2.10.254 Version/12.00"
89.204.138.225 - - [04/Mar/2013:05:55:48 +0100] "GET /img/lay04.jpg HTTP/1.1" 200 6356 "http://www.frb-berlin.de/seiten/start.htm" "Opera/9.80 (S60; SymbOS; Opera Mobi/SYB-1204232256; U; de) Presto/2.10.254 Version/12.00"
89.204.138.225 - - [04/Mar/2013:05:55:48 +0100] "GET /img/lay06.jpg HTTP/1.1" 304 - "http://www.frb-berlin.de/seiten/start.htm" "Opera/9.80 (S60; SymbOS; Opera Mobi/SYB-1204232256; U; de) Presto/2.10.254 Version/12.00"
89.204.138.225 - - [04/Mar/2013:05:55:48 +0100] "GET /img/lay10.jpg HTTP/1.1" 304 - "http://www.frb-berlin.de/seiten/start.htm" "Opera/9.80 (S60; SymbOS; Opera Mobi/SYB-1204232256; U; de) Presto/2.10.254 Version/12.00"
89.204.138.225 - - [04/Mar/2013:05:55:48 +0100] "GET /seiten/main.htm HTTP/1.1" 200 2319 "http://www.frb-berlin.de/seiten/start.htm" "Opera/9.80 (S60; SymbOS; Opera Mobi/SYB-1204232256; U; de) Presto/2.10.254 Version/12.00"
89.204.138.225 - - [04/Mar/2013:05:55:49 +0100] "GET /img/lay13.jpg HTTP/1.1" 304 - "http://www.frb-berlin.de/seiten/start.htm" "Opera/9.80 (S60; SymbOS; Opera Mobi/SYB-1204232256; U; de) Presto/2.10.254 Version/12.00"
89.204.138.225 - - [04/Mar/2013:05:55:49 +0100] "GET /img/bg_links.jpg HTTP/1.1" 304 - "http://www.frb-berlin.de/seiten/start.htm" "Opera/9.80 (S60; SymbOS; Opera Mobi/SYB-1204232256; U; de) Presto/2.10.254 Version/12.00"
89.204.138.225 - - [04/Mar/2013:05:55:49 +0100] "GET /img/bogen_o1.jpg HTTP/1.1" 304 - "http://www.frb-berlin.de/seiten/start.htm" "Opera/9.80 (S60; SymbOS; Opera Mobi/SYB-1204232256; U; de) Presto/2.10.254 Version/12.00"
89.204.138.225 - - [04/Mar/2013:05:55:49 +0100] "GET /img/bg_rechts.jpg HTTP/1.1" 304 - "http://www.frb-berlin.de/seiten/start.htm" "Opera/9.80 (S60; SymbOS; Opera Mobi/SYB-1204232256; U; de) Presto/2.10.254 Version/12.00"
89.204.138.225 - - [04/Mar/2013:05:55:49 +0100] "GET /img/lay12.jpg HTTP/1.1" 304 - "http://www.frb-berlin.de/seiten/start.htm" "Opera/9.80 (S60; SymbOS; Opera Mobi/SYB-1204232256; U; de) Presto/2.10.254 Version/12.00"
89.204.138.225 - - [04/Mar/2013:05:55:49 +0100] "GET /img/lay11.jpg HTTP/1.1" 304 - "http://www.frb-berlin.de/seiten/start.htm" "Opera/9.80 (S60; SymbOS; Opera Mobi/SYB-1204232256; U; de) Presto/2.10.254 Version/12.00"
89.204.138.225 - - [04/Mar/2013:05:55:49 +0100] "GET /img/farben.jpg HTTP/1.1" 304 - "http://www.frb-berlin.de/seiten/main.htm" "Opera/9.80 (S60; SymbOS; Opera Mobi/SYB-1204232256; U; de) Presto/2.10.254 Version/12.00"
89.204.138.225 - - [04/Mar/2013:05:55:50 +0100] "GET /img/favorit_a.gif HTTP/1.1" 304 - "http://www.frb-berlin.de/seiten/start.htm" "Opera/9.80 (S60; SymbOS; Opera Mobi/SYB-1204232256; U; de) Presto/2.10.254 Version/12.00"
141.8.147.12 - - [04/Mar/2013:06:49:03 +0100] "GET /dokumente/ReferenzenWarme.pdf HTTP/1.1" 200 14947 "-" "Mozilla/5.0 (compatible; YandexBot/3.0; +http://yandex.com/bots)"
66.249.78.202 - - [04/Mar/2013:07:11:35 +0100] "GET /seiten/start.htm HTTP/1.1" 304 - "-" "Mozilla/5.0 (iPhone; U; CPU iPhone OS 4_1 like Mac OS X; en-us) AppleWebKit/532.9 (KHTML, like Gecko) Version/4.0.5 Mobile/8B117 Safari/6531.22.7 (compatible; Googlebot-Mobile/2.1; +http://www.google.com/bot.html)"
208.115.113.88 - - [04/Mar/2013:08:05:40 +0100] "GET /robots.txt HTTP/1.1" 404 1256 "-" "Mozilla/5.0 (compatible; Ezooms/1.0; ezooms.bot@gmail.com)"
180.153.236.19 - - [04/Mar/2013:08:28:11 +0100] "GET / HTTP/1.1" 200 1775 "http://www.frb-berlin.de/" "Mozilla/5.0 (Windows; U; Windows NT 5.1; zh-CN; rv:1.8.0.11) Gecko/20070312 Firefox/1.5.0.11; 360Spider"
182.118.33.193 - - [04/Mar/2013:08:28:26 +0100] "GET / HTTP/1.1" 200 1775 "-" "Mozilla/5.0 (Windows NT 6.1) AppleWebKit/535.19 (KHTML, like Gecko) Chrome/18.0.1025.168 Safari/535.19"
182.118.33.193 - - [04/Mar/2013:08:28:26 +0100] "GET /css/style.css HTTP/1.1" 200 8567 "http://www.frb-berlin.de/" "Mozilla/5.0 (Windows NT 6.1) AppleWebKit/535.19 (KHTML, like Gecko) Chrome/18.0.1025.168 Safari/535.19"
208.115.113.88 - - [04/Mar/2013:10:15:49 +0100] "GET /seiten/links.htm HTTP/1.1" 200 1543 "-" "Mozilla/5.0 (compatible; Ezooms/1.0; ezooms.bot@gmail.com)"
84.168.144.134 - - [04/Mar/2013:10:24:50 +0100] "GET / HTTP/1.0" 200 1775 "http://www.google.de/url?sa=t&rct=j&q=fassaden+renovierungs+gmbh+berlin&source=web&cd=2&ved=0CE4QFjAB&url=http%3A%2F%2Fwww.frb-berlin.de%2F&ei=42c0UdK8HaqC4AT5lYBY&usg=AFQjCNFEVYKmiyy1XnWrB0NZi3PeBHpTjA&bvm=bv.43148975,d.Yms" "Mozilla/5.0 (Windows NT 6.1; WOW64; rv:2.0.1) Gecko/20100101 Firefox/4.0.1"
84.168.144.134 - - [04/Mar/2013:10:24:53 +0100] "GET /css/style.css HTTP/1.0" 200 8567 "http://www.frb-berlin.de/" "Mozilla/5.0 (Windows NT 6.1; WOW64; rv:2.0.1) Gecko/20100101 Firefox/4.0.1"
84.168.144.134 - - [04/Mar/2013:10:24:53 +0100] "GET /img/logo.gif HTTP/1.0" 200 4275 "http://www.frb-berlin.de/" "Mozilla/5.0 (Windows NT 6.1; WOW64; rv:2.0.1) Gecko/20100101 Firefox/4.0.1"
84.168.144.134 - - [04/Mar/2013:10:24:54 +0100] "GET /favicon.ico HTTP/1.0" 404 1256 "-" "Mozilla/5.0 (Windows NT 6.1; WOW64; rv:2.0.1) Gecko/20100101 Firefox/4.0.1"
84.168.144.134 - - [04/Mar/2013:10:25:07 +0100] "GET /seiten/start.htm HTTP/1.0" 200 9376 "http://www.google.de/url?sa=t&rct=j&q=fassaden+renovierungs+gmbh+berlin&source=web&cd=1&ved=0CEgQFjAA&url=http%3A%2F%2Fwww.frb-berlin.de%2Fseiten%2Fstart.htm&ei=42c0UdK8HaqC4AT5lYBY&usg=AFQjCNFKdDpMIqQe8bjzwFYMy-X1RU9gig" "Mozilla/5.0 (Windows NT 6.1; WOW64; rv:2.0.1) Gecko/20100101 Firefox/4.0.1"
84.168.144.134 - - [04/Mar/2013:10:25:08 +0100] "GET /scripte/menu_start.js HTTP/1.0" 200 31217 "http://www.frb-berlin.de/seiten/start.htm" "Mozilla/5.0 (Windows NT 6.1; WOW64; rv:2.0.1) Gecko/20100101 Firefox/4.0.1"
84.168.144.134 - - [04/Mar/2013:10:25:08 +0100] "GET /scripte/menu_elemente.js HTTP/1.0" 200 18006 "http://www.frb-berlin.de/seiten/start.htm" "Mozilla/5.0 (Windows NT 6.1; WOW64; rv:2.0.1) Gecko/20100101 Firefox/4.0.1"
84.168.144.134 - - [04/Mar/2013:10:25:08 +0100] "GET /img/1px.gif HTTP/1.0" 200 43 "http://www.frb-berlin.de/seiten/start.htm" "Mozilla/5.0 (Windows NT 6.1; WOW64; rv:2.0.1) Gecko/20100101 Firefox/4.0.1"
84.168.144.134 - - [04/Mar/2013:10:25:08 +0100] "GET /img/head.jpg HTTP/1.0" 200 5932 "http://www.frb-berlin.de/seiten/start.htm" "Mozilla/5.0 (Windows NT 6.1; WOW64; rv:2.0.1) Gecko/20100101 Firefox/4.0.1"
84.168.144.134 - - [04/Mar/2013:10:25:08 +0100] "GET /img/lay01.jpg HTTP/1.0" 200 9336 "http://www.frb-berlin.de/seiten/start.htm" "Mozilla/5.0 (Windows NT 6.1; WOW64; rv:2.0.1) Gecko/20100101 Firefox/4.0.1"
84.168.144.134 - - [04/Mar/2013:10:25:08 +0100] "GET /img/over_logo.jpg HTTP/1.0" 200 5315 "http://www.frb-berlin.de/seiten/start.htm" "Mozilla/5.0 (Windows NT 6.1; WOW64; rv:2.0.1) Gecko/20100101 Firefox/4.0.1"
84.168.144.134 - - [04/Mar/2013:10:25:08 +0100] "GET /img/lay03.jpg HTTP/1.0" 200 15205 "http://www.frb-berlin.de/seiten/start.htm" "Mozilla/5.0 (Windows NT 6.1; WOW64; rv:2.0.1) Gecko/20100101 Firefox/4.0.1"
84.168.144.134 - - [04/Mar/2013:10:25:08 +0100] "GET /img/lay04.jpg HTTP/1.0" 200 6356 "http://www.frb-berlin.de/seiten/start.htm" "Mozilla/5.0 (Windows NT 6.1; WOW64; rv:2.0.1) Gecko/20100101 Firefox/4.0.1"
84.168.144.134 - - [04/Mar/2013:10:25:08 +0100] "GET /img/lay05.jpg HTTP/1.0" 200 10183 "http://www.frb-berlin.de/seiten/start.htm" "Mozilla/5.0 (Windows NT 6.1; WOW64; rv:2.0.1) Gecko/20100101 Firefox/4.0.1"
84.168.144.134 - - [04/Mar/2013:10:25:08 +0100] "GET /img/lay06.jpg HTTP/1.0" 200 11774 "http://www.frb-berlin.de/seiten/start.htm" "Mozilla/5.0 (Windows NT 6.1; WOW64; rv:2.0.1) Gecko/20100101 Firefox/4.0.1"
84.168.144.134 - - [04/Mar/2013:10:25:08 +0100] "GET /img/lay07.jpg HTTP/1.0" 200 9742 "http://www.frb-berlin.de/seiten/start.htm" "Mozilla/5.0 (Windows NT 6.1; WOW64; rv:2.0.1) Gecko/20100101 Firefox/4.0.1"
84.168.144.134 - - [04/Mar/2013:10:25:08 +0100] "GET /img/lay13.jpg HTTP/1.0" 200 428 "http://www.frb-berlin.de/seiten/start.htm" "Mozilla/5.0 (Windows NT 6.1; WOW64; rv:2.0.1) Gecko/20100101 Firefox/4.0.1"
84.168.144.134 - - [04/Mar/2013:10:25:09 +0100] "GET /img/bogen_o1.jpg HTTP/1.0" 200 8356 "http://www.frb-berlin.de/seiten/start.htm" "Mozilla/5.0 (Windows NT 6.1; WOW64; rv:2.0.1) Gecko/20100101 Firefox/4.0.1"
