178.252.113.29 - - [21/Mar/2013:18:46:37 +0100] "GET /robots.txt HTTP/1.1" 404 1256 "-" "Mozilla/5.0 (compatible; 008/0.83; http://www.80legs.com/webcrawler.html;) Gecko/2008032620"
178.252.113.29 - - [21/Mar/2013:18:46:37 +0100] "GET / HTTP/1.1" 200 1775 "-" "Mozilla/5.0 (compatible; 008/0.85; http://www.80legs.com/webcrawler.html) Gecko/2008032620"
37.25.96.132 - - [21/Mar/2013:18:49:50 +0100] "GET /robots.txt HTTP/1.1" 404 1256 "-" "Mozilla/5.0 (compatible; 008/0.83; http://www.80legs.com/webcrawler.html;) Gecko/2008032620"
37.25.96.132 - - [21/Mar/2013:18:49:50 +0100] "GET / HTTP/1.1" 200 1775 "-" "Mozilla/5.0 (compatible; 008/0.85; http://www.80legs.com/webcrawler.html) Gecko/2008032620"
88.75.69.164 - - [21/Mar/2013:18:51:07 +0100] "GET /seiten/ausbildung2.htm HTTP/1.1" 200 4821 "http://www.backinjob.de/detailFrame.php?Chiffre=999950000035497294" "Mozilla/5.0 (Windows NT 5.1) AppleWebKit/537.17 (KHTML, like Gecko) Chrome/24.0.1312.57 Safari/537.17"
88.75.69.164 - - [21/Mar/2013:18:51:07 +0100] "GET /css/style.css HTTP/1.1" 200 8567 "http://www.frb-berlin.de/seiten/ausbildung2.htm" "Mozilla/5.0 (Windows NT 5.1) AppleWebKit/537.17 (KHTML, like Gecko) Chrome/24.0.1312.57 Safari/537.17"
88.75.69.164 - - [21/Mar/2013:18:51:07 +0100] "GET /img/top.gif HTTP/1.1" 200 950 "http://www.frb-berlin.de/seiten/ausbildung2.htm" "Mozilla/5.0 (Windows NT 5.1) AppleWebKit/537.17 (KHTML, like Gecko) Chrome/24.0.1312.57 Safari/537.17"
88.75.69.164 - - [21/Mar/2013:18:51:07 +0100] "GET /img/hg.jpg HTTP/1.1" 200 7507 "http://www.frb-berlin.de/seiten/ausbildung2.htm" "Mozilla/5.0 (Windows NT 5.1) AppleWebKit/537.17 (KHTML, like Gecko) Chrome/24.0.1312.57 Safari/537.17"
86.71.97.158 - - [21/Mar/2013:19:02:01 +0100] "GET / HTTP/1.1" 200 1775 "-" "Mozilla/5.0 (compatible; MSIE 10.0; Windows NT 6.2; WOW64; Trident/6.0; MDDCJS)"
86.71.97.158 - - [21/Mar/2013:19:02:01 +0100] "GET /css/style.css HTTP/1.1" 200 8567 "http://www.frb-berlin.de/" "Mozilla/5.0 (compatible; MSIE 10.0; Windows NT 6.2; WOW64; Trident/6.0; MDDCJS)"
86.71.97.158 - - [21/Mar/2013:19:02:01 +0100] "GET /img/logo.gif HTTP/1.1" 200 4275 "http://www.frb-berlin.de/" "Mozilla/5.0 (compatible; MSIE 10.0; Windows NT 6.2; WOW64; Trident/6.0; MDDCJS)"
86.71.97.158 - - [21/Mar/2013:19:02:01 +0100] "GET /favicon.ico HTTP/1.1" 404 1256 "-" "Mozilla/5.0 (compatible; MSIE 10.0; Windows NT 6.2; Win64; x64; Trident/6.0; MDDCJS)"
95.130.250.102 - - [21/Mar/2013:19:02:17 +0100] "GET / HTTP/1.1" 200 1775 "-" "Mozilla/5.0 (X11; U; Linux; C -) AppleWebKit/523.15 (KHTML, like Gecko, Safari/419.3) Qt/4.4.3"
95.130.250.102 - - [21/Mar/2013:19:02:17 +0100] "GET /css/style.css HTTP/1.1" 200 8567 "http://www.frb-berlin.de/" "Mozilla/5.0 (X11; U; Linux; C -) AppleWebKit/523.15 (KHTML, like Gecko, Safari/419.3) Qt/4.4.3"
95.130.250.102 - - [21/Mar/2013:19:02:17 +0100] "GET /img/logo.gif HTTP/1.1" 200 4275 "http://www.frb-berlin.de/" "Mozilla/5.0 (X11; U; Linux; C -) AppleWebKit/523.15 (KHTML, like Gecko, Safari/419.3) Qt/4.4.3"
86.71.97.158 - - [21/Mar/2013:19:02:25 +0100] "GET /seiten/start.htm HTTP/1.1" 200 9376 "http://www.frb-berlin.de/" "Mozilla/5.0 (compatible; MSIE 10.0; Windows NT 6.2; WOW64; Trident/6.0; MDDCJS)"
86.71.97.158 - - [21/Mar/2013:19:02:25 +0100] "GET /scripte/menu_start.js HTTP/1.1" 200 31217 "http://www.frb-berlin.de/seiten/start.htm" "Mozilla/5.0 (compatible; MSIE 10.0; Windows NT 6.2; WOW64; Trident/6.0; MDDCJS)"
86.71.97.158 - - [21/Mar/2013:19:02:25 +0100] "GET /scripte/menu_elemente.js HTTP/1.1" 200 18006 "http://www.frb-berlin.de/seiten/start.htm" "Mozilla/5.0 (compatible; MSIE 10.0; Windows NT 6.2; WOW64; Trident/6.0; MDDCJS)"
86.71.97.158 - - [21/Mar/2013:19:02:25 +0100] "GET /img/head.jpg HTTP/1.1" 200 5932 "http://www.frb-berlin.de/seiten/start.htm" "Mozilla/5.0 (compatible; MSIE 10.0; Windows NT 6.2; WOW64; Trident/6.0; MDDCJS)"
86.71.97.158 - - [21/Mar/2013:19:02:25 +0100] "GET /img/1px.gif HTTP/1.1" 200 43 "http://www.frb-berlin.de/seiten/start.htm" "Mozilla/5.0 (compatible; MSIE 10.0; Windows NT 6.2; WOW64; Trident/6.0; MDDCJS)"
86.71.97.158 - - [21/Mar/2013:19:02:25 +0100] "GET /img/lay01.jpg HTTP/1.1" 200 9336 "http://www.frb-berlin.de/seiten/start.htm" "Mozilla/5.0 (compatible; MSIE 10.0; Windows NT 6.2; WOW64; Trident/6.0; MDDCJS)"
86.71.97.158 - - [21/Mar/2013:19:02:25 +0100] "GET /img/over_logo.jpg HTTP/1.1" 200 5315 "http://www.frb-berlin.de/seiten/start.htm" "Mozilla/5.0 (compatible; MSIE 10.0; Windows NT 6.2; WOW64; Trident/6.0; MDDCJS)"
86.71.97.158 - - [21/Mar/2013:19:02:25 +0100] "GET /img/lay03.jpg HTTP/1.1" 200 15205 "http://www.frb-berlin.de/seiten/start.htm" "Mozilla/5.0 (compatible; MSIE 10.0; Windows NT 6.2; WOW64; Trident/6.0; MDDCJS)"
86.71.97.158 - - [21/Mar/2013:19:02:25 +0100] "GET /img/lay04.jpg HTTP/1.1" 200 6356 "http://www.frb-berlin.de/seiten/start.htm" "Mozilla/5.0 (compatible; MSIE 10.0; Windows NT 6.2; WOW64; Trident/6.0; MDDCJS)"
86.71.97.158 - - [21/Mar/2013:19:02:25 +0100] "GET /img/lay05.jpg HTTP/1.1" 200 10183 "http://www.frb-berlin.de/seiten/start.htm" "Mozilla/5.0 (compatible; MSIE 10.0; Windows NT 6.2; WOW64; Trident/6.0; MDDCJS)"
86.71.97.158 - - [21/Mar/2013:19:02:25 +0100] "GET /img/lay07.jpg HTTP/1.1" 200 9742 "http://www.frb-berlin.de/seiten/start.htm" "Mozilla/5.0 (compatible; MSIE 10.0; Windows NT 6.2; WOW64; Trident/6.0; MDDCJS)"
86.71.97.158 - - [21/Mar/2013:19:02:25 +0100] "GET /img/lay13.jpg HTTP/1.1" 200 428 "http://www.frb-berlin.de/seiten/start.htm" "Mozilla/5.0 (compatible; MSIE 10.0; Windows NT 6.2; WOW64; Trident/6.0; MDDCJS)"
86.71.97.158 - - [21/Mar/2013:19:02:25 +0100] "GET /img/lay08.jpg HTTP/1.1" 200 10212 "http://www.frb-berlin.de/seiten/start.htm" "Mozilla/5.0 (compatible; MSIE 10.0; Windows NT 6.2; WOW64; Trident/6.0; MDDCJS)"
86.71.97.158 - - [21/Mar/2013:19:02:25 +0100] "GET /img/bogen_o1.jpg HTTP/1.1" 200 8356 "http://www.frb-berlin.de/seiten/start.htm" "Mozilla/5.0 (compatible; MSIE 10.0; Windows NT 6.2; WOW64; Trident/6.0; MDDCJS)"
86.71.97.158 - - [21/Mar/2013:19:02:25 +0100] "GET /img/lay10.jpg HTTP/1.1" 200 12856 "http://www.frb-berlin.de/seiten/start.htm" "Mozilla/5.0 (compatible; MSIE 10.0; Windows NT 6.2; WOW64; Trident/6.0; MDDCJS)"
86.71.97.158 - - [21/Mar/2013:19:02:25 +0100] "GET /seiten/main.htm HTTP/1.1" 200 2319 "http://www.frb-berlin.de/seiten/start.htm" "Mozilla/5.0 (compatible; MSIE 10.0; Windows NT 6.2; WOW64; Trident/6.0; MDDCJS)"
86.71.97.158 - - [21/Mar/2013:19:02:25 +0100] "GET /img/lay06.jpg HTTP/1.1" 200 11774 "http://www.frb-berlin.de/seiten/start.htm" "Mozilla/5.0 (compatible; MSIE 10.0; Windows NT 6.2; WOW64; Trident/6.0; MDDCJS)"
86.71.97.158 - - [21/Mar/2013:19:02:25 +0100] "GET /img/lay12.jpg HTTP/1.1" 200 394 "http://www.frb-berlin.de/seiten/start.htm" "Mozilla/5.0 (compatible; MSIE 10.0; Windows NT 6.2; WOW64; Trident/6.0; MDDCJS)"
86.71.97.158 - - [21/Mar/2013:19:02:25 +0100] "GET /img/lay11.jpg HTTP/1.1" 200 12218 "http://www.frb-berlin.de/seiten/start.htm" "Mozilla/5.0 (compatible; MSIE 10.0; Windows NT 6.2; WOW64; Trident/6.0; MDDCJS)"
86.71.97.158 - - [21/Mar/2013:19:02:25 +0100] "GET /img/bg_rechts.jpg HTTP/1.1" 200 346 "http://www.frb-berlin.de/seiten/start.htm" "Mozilla/5.0 (compatible; MSIE 10.0; Windows NT 6.2; WOW64; Trident/6.0; MDDCJS)"
86.71.97.158 - - [21/Mar/2013:19:02:25 +0100] "GET /img/bg_links.jpg HTTP/1.1" 200 8379 "http://www.frb-berlin.de/seiten/start.htm" "Mozilla/5.0 (compatible; MSIE 10.0; Windows NT 6.2; WOW64; Trident/6.0; MDDCJS)"
86.71.97.158 - - [21/Mar/2013:19:02:25 +0100] "GET /img/farben.jpg HTTP/1.1" 200 14519 "http://www.frb-berlin.de/seiten/main.htm" "Mozilla/5.0 (compatible; MSIE 10.0; Windows NT 6.2; WOW64; Trident/6.0; MDDCJS)"
86.71.97.158 - - [21/Mar/2013:19:02:26 +0100] "GET /img/favorit_a.gif HTTP/1.1" 200 175 "http://www.frb-berlin.de/seiten/start.htm" "Mozilla/5.0 (compatible; MSIE 10.0; Windows NT 6.2; WOW64; Trident/6.0; MDDCJS)"
86.71.97.158 - - [21/Mar/2013:19:02:26 +0100] "GET /favicon.ico HTTP/1.1" 404 1256 "-" "Mozilla/5.0 (compatible; MSIE 10.0; Windows NT 6.2; Win64; x64; Trident/6.0; MDDCJS)"
74.125.17.84 - - [21/Mar/2013:19:02:36 +0100] "GET /seiten/start.htm HTTP/1.1" 200 9376 "-" "Mozilla/5.0 (compatible; MSIE 10.0; Windows NT 6.2; WOW64; Trident/6.0; MDDCJS),gzip(gfe)"
86.71.97.158 - - [21/Mar/2013:19:02:36 +0100] "GET /css/style.css HTTP/1.1" 304 - "http://translate.googleusercontent.com/translate_c?depth=1&hl=fr&ie=UTF8&rurl=translate.google.com&sl=de&tl=fr&u=http://www.frb-berlin.de/seiten/start.htm&usg=ALkJrhgdDXZB0d9xzpRpHNm-VLzmE636Sg" "Mozilla/5.0 (compatible; MSIE 10.0; Windows NT 6.2; WOW64; Trident/6.0; MDDCJS)"
86.71.97.158 - - [21/Mar/2013:19:02:36 +0100] "GET /scripte/menu_start.js HTTP/1.1" 304 - "http://translate.googleusercontent.com/translate_c?depth=1&hl=fr&ie=UTF8&rurl=translate.google.com&sl=de&tl=fr&u=http://www.frb-berlin.de/seiten/start.htm&usg=ALkJrhgdDXZB0d9xzpRpHNm-VLzmE636Sg" "Mozilla/5.0 (compatible; MSIE 10.0; Windows NT 6.2; WOW64; Trident/6.0; MDDCJS)"
86.71.97.158 - - [21/Mar/2013:19:02:36 +0100] "GET /scripte/menu_elemente.js HTTP/1.1" 304 - "http://translate.googleusercontent.com/translate_c?depth=1&hl=fr&ie=UTF8&rurl=translate.google.com&sl=de&tl=fr&u=http://www.frb-berlin.de/seiten/start.htm&usg=ALkJrhgdDXZB0d9xzpRpHNm-VLzmE636Sg" "Mozilla/5.0 (compatible; MSIE 10.0; Windows NT 6.2; WOW64; Trident/6.0; MDDCJS)"
86.71.97.158 - - [21/Mar/2013:19:02:36 +0100] "GET /img/1px.gif HTTP/1.1" 304 - "http://translate.googleusercontent.com/translate_c?depth=1&hl=fr&ie=UTF8&rurl=translate.google.com&sl=de&tl=fr&u=http://www.frb-berlin.de/seiten/start.htm&usg=ALkJrhgdDXZB0d9xzpRpHNm-VLzmE636Sg" "Mozilla/5.0 (compatible; MSIE 10.0; Windows NT 6.2; WOW64; Trident/6.0; MDDCJS)"
86.71.97.158 - - [21/Mar/2013:19:02:36 +0100] "GET /img/head.jpg HTTP/1.1" 304 - "http://translate.googleusercontent.com/translate_c?depth=1&hl=fr&ie=UTF8&rurl=translate.google.com&sl=de&tl=fr&u=http://www.frb-berlin.de/seiten/start.htm&usg=ALkJrhgdDXZB0d9xzpRpHNm-VLzmE636Sg" "Mozilla/5.0 (compatible; MSIE 10.0; Windows NT 6.2; WOW64; Trident/6.0; MDDCJS)"
86.71.97.158 - - [21/Mar/2013:19:02:36 +0100] "GET /img/lay01.jpg HTTP/1.1" 304 - "http://translate.googleusercontent.com/translate_c?depth=1&hl=fr&ie=UTF8&rurl=translate.google.com&sl=de&tl=fr&u=http://www.frb-berlin.de/seiten/start.htm&usg=ALkJrhgdDXZB0d9xzpRpHNm-VLzmE636Sg" "Mozilla/5.0 (compatible; MSIE 10.0; Windows NT 6.2; WOW64; Trident/6.0; MDDCJS)"
86.71.97.158 - - [21/Mar/2013:19:02:36 +0100] "GET /img/over_logo.jpg HTTP/1.1" 304 - "http://translate.googleusercontent.com/translate_c?depth=1&hl=fr&ie=UTF8&rurl=translate.google.com&sl=de&tl=fr&u=http://www.frb-berlin.de/seiten/start.htm&usg=ALkJrhgdDXZB0d9xzpRpHNm-VLzmE636Sg" "Mozilla/5.0 (compatible; MSIE 10.0; Windows NT 6.2; WOW64; Trident/6.0; MDDCJS)"
86.71.97.158 - - [21/Mar/2013:19:02:36 +0100] "GET /img/lay03.jpg HTTP/1.1" 304 - "http://translate.googleusercontent.com/translate_c?depth=1&hl=fr&ie=UTF8&rurl=translate.google.com&sl=de&tl=fr&u=http://www.frb-berlin.de/seiten/start.htm&usg=ALkJrhgdDXZB0d9xzpRpHNm-VLzmE636Sg" "Mozilla/5.0 (compatible; MSIE 10.0; Windows NT 6.2; WOW64; Trident/6.0; MDDCJS)"
86.71.97.158 - - [21/Mar/2013:19:02:36 +0100] "GET /img/lay04.jpg HTTP/1.1" 304 - "http://translate.googleusercontent.com/translate_c?depth=1&hl=fr&ie=UTF8&rurl=translate.google.com&sl=de&tl=fr&u=http://www.frb-berlin.de/seiten/start.htm&usg=ALkJrhgdDXZB0d9xzpRpHNm-VLzmE636Sg" "Mozilla/5.0 (compatible; MSIE 10.0; Windows NT 6.2; WOW64; Trident/6.0; MDDCJS)"
86.71.97.158 - - [21/Mar/2013:19:02:36 +0100] "GET /img/lay05.jpg HTTP/1.1" 304 - "http://translate.googleusercontent.com/translate_c?depth=1&hl=fr&ie=UTF8&rurl=translate.google.com&sl=de&tl=fr&u=http://www.frb-berlin.de/seiten/start.htm&usg=ALkJrhgdDXZB0d9xzpRpHNm-VLzmE636Sg" "Mozilla/5.0 (compatible; MSIE 10.0; Windows NT 6.2; WOW64; Trident/6.0; MDDCJS)"
86.71.97.158 - - [21/Mar/2013:19:02:36 +0100] "GET /img/lay06.jpg HTTP/1.1" 304 - "http://translate.googleusercontent.com/translate_c?depth=1&hl=fr&ie=UTF8&rurl=translate.google.com&sl=de&tl=fr&u=http://www.frb-berlin.de/seiten/start.htm&usg=ALkJrhgdDXZB0d9xzpRpHNm-VLzmE636Sg" "Mozilla/5.0 (compatible; MSIE 10.0; Windows NT 6.2; WOW64; Trident/6.0; MDDCJS)"
86.71.97.158 - - [21/Mar/2013:19:02:36 +0100] "GET /img/lay07.jpg HTTP/1.1" 304 - "http://translate.googleusercontent.com/translate_c?depth=1&hl=fr&ie=UTF8&rurl=translate.google.com&sl=de&tl=fr&u=http://www.frb-berlin.de/seiten/start.htm&usg=ALkJrhgdDXZB0d9xzpRpHNm-VLzmE636Sg" "Mozilla/5.0 (compatible; MSIE 10.0; Windows NT 6.2; WOW64; Trident/6.0; MDDCJS)"
86.71.97.158 - - [21/Mar/2013:19:02:36 +0100] "GET /img/lay13.jpg HTTP/1.1" 304 - "http://translate.googleusercontent.com/translate_c?depth=1&hl=fr&ie=UTF8&rurl=translate.google.com&sl=de&tl=fr&u=http://www.frb-berlin.de/seiten/start.htm&usg=ALkJrhgdDXZB0d9xzpRpHNm-VLzmE636Sg" "Mozilla/5.0 (compatible; MSIE 10.0; Windows NT 6.2; WOW64; Trident/6.0; MDDCJS)"
74.125.17.84 - - [21/Mar/2013:19:02:36 +0100] "GET /seiten/main.htm HTTP/1.1" 200 2319 "http://translate.googleusercontent.com/translate_c?depth=1&hl=fr&ie=UTF8&rurl=translate.google.com&sl=de&tl=fr&u=http://www.frb-berlin.de/seiten/start.htm&usg=ALkJrhgdDXZB0d9xzpRpHNm-VLzmE636Sg" "Mozilla/5.0 (compatible; MSIE 10.0; Windows NT 6.2; WOW64; Trident/6.0; MDDCJS),gzip(gfe)"
86.71.97.158 - - [21/Mar/2013:19:02:36 +0100] "GET /img/lay08.jpg HTTP/1.1" 304 - "http://translate.googleusercontent.com/translate_c?depth=1&hl=fr&ie=UTF8&rurl=translate.google.com&sl=de&tl=fr&u=http://www.frb-berlin.de/seiten/start.htm&usg=ALkJrhgdDXZB0d9xzpRpHNm-VLzmE636Sg" "Mozilla/5.0 (compatible; MSIE 10.0; Windows NT 6.2; WOW64; Trident/6.0; MDDCJS)"
86.71.97.158 - - [21/Mar/2013:19:02:36 +0100] "GET /img/bogen_o1.jpg HTTP/1.1" 304 - "http://translate.googleusercontent.com/translate_c?depth=1&hl=fr&ie=UTF8&rurl=translate.google.com&sl=de&tl=fr&u=http://www.frb-berlin.de/seiten/start.htm&usg=ALkJrhgdDXZB0d9xzpRpHNm-VLzmE636Sg" "Mozilla/5.0 (compatible; MSIE 10.0; Windows NT 6.2; WOW64; Trident/6.0; MDDCJS)"
86.71.97.158 - - [21/Mar/2013:19:02:36 +0100] "GET /img/lay10.jpg HTTP/1.1" 304 - "http://translate.googleusercontent.com/translate_c?depth=1&hl=fr&ie=UTF8&rurl=translate.google.com&sl=de&tl=fr&u=http://www.frb-berlin.de/seiten/start.htm&usg=ALkJrhgdDXZB0d9xzpRpHNm-VLzmE636Sg" "Mozilla/5.0 (compatible; MSIE 10.0; Windows NT 6.2; WOW64; Trident/6.0; MDDCJS)"
86.71.97.158 - - [21/Mar/2013:19:02:36 +0100] "GET /img/lay12.jpg HTTP/1.1" 304 - "http://translate.googleusercontent.com/translate_c?depth=1&hl=fr&ie=UTF8&rurl=translate.google.com&sl=de&tl=fr&u=http://www.frb-berlin.de/seiten/start.htm&usg=ALkJrhgdDXZB0d9xzpRpHNm-VLzmE636Sg" "Mozilla/5.0 (compatible; MSIE 10.0; Windows NT 6.2; WOW64; Trident/6.0; MDDCJS)"
86.71.97.158 - - [21/Mar/2013:19:02:36 +0100] "GET /img/bg_links.jpg HTTP/1.1" 304 - "http://translate.googleusercontent.com/translate_c?depth=1&hl=fr&ie=UTF8&rurl=translate.google.com&sl=de&tl=fr&u=http://www.frb-berlin.de/seiten/start.htm&usg=ALkJrhgdDXZB0d9xzpRpHNm-VLzmE636Sg" "Mozilla/5.0 (compatible; MSIE 10.0; Windows NT 6.2; WOW64; Trident/6.0; MDDCJS)"
86.71.97.158 - - [21/Mar/2013:19:02:36 +0100] "GET /img/bg_rechts.jpg HTTP/1.1" 304 - "http://translate.googleusercontent.com/translate_c?depth=1&hl=fr&ie=UTF8&rurl=translate.google.com&sl=de&tl=fr&u=http://www.frb-berlin.de/seiten/start.htm&usg=ALkJrhgdDXZB0d9xzpRpHNm-VLzmE636Sg" "Mozilla/5.0 (compatible; MSIE 10.0; Windows NT 6.2; WOW64; Trident/6.0; MDDCJS)"
86.71.97.158 - - [21/Mar/2013:19:02:36 +0100] "GET /img/lay11.jpg HTTP/1.1" 304 - "http://translate.googleusercontent.com/translate_c?depth=1&hl=fr&ie=UTF8&rurl=translate.google.com&sl=de&tl=fr&u=http://www.frb-berlin.de/seiten/start.htm&usg=ALkJrhgdDXZB0d9xzpRpHNm-VLzmE636Sg" "Mozilla/5.0 (compatible; MSIE 10.0; Windows NT 6.2; WOW64; Trident/6.0; MDDCJS)"
86.71.97.158 - - [21/Mar/2013:19:02:36 +0100] "GET /css/style.css HTTP/1.1" 304 - "http://translate.googleusercontent.com/translate_c?depth=1&hl=fr&ie=UTF8&rurl=translate.google.com&sl=de&tl=fr&u=http://www.frb-berlin.de/seiten/main.htm&usg=ALkJrhjIUdBBV5ds8GGVTb1YUCTVKN_OiA" "Mozilla/5.0 (compatible; MSIE 10.0; Windows NT 6.2; WOW64; Trident/6.0; MDDCJS)"
86.71.97.158 - - [21/Mar/2013:19:02:36 +0100] "GET /img/farben.jpg HTTP/1.1" 304 - "http://translate.googleusercontent.com/translate_c?depth=1&hl=fr&ie=UTF8&rurl=translate.google.com&sl=de&tl=fr&u=http://www.frb-berlin.de/seiten/main.htm&usg=ALkJrhjIUdBBV5ds8GGVTb1YUCTVKN_OiA" "Mozilla/5.0 (compatible; MSIE 10.0; Windows NT 6.2; WOW64; Trident/6.0; MDDCJS)"
86.71.97.158 - - [21/Mar/2013:19:02:37 +0100] "GET /img/favorit_a.gif HTTP/1.1" 304 - "http://translate.googleusercontent.com/translate_c?depth=1&hl=fr&ie=UTF8&rurl=translate.google.com&sl=de&tl=fr&u=http://www.frb-berlin.de/seiten/start.htm&usg=ALkJrhgdDXZB0d9xzpRpHNm-VLzmE636Sg" "Mozilla/5.0 (compatible; MSIE 10.0; Windows NT 6.2; WOW64; Trident/6.0; MDDCJS)"
178.212.105.5 - - [21/Mar/2013:20:06:23 +0100] "GET /robots.txt HTTP/1.1" 404 1256 "-" "Mozilla/5.0 (compatible; 008/0.83; http://www.80legs.com/webcrawler.html;) Gecko/2008032620"
178.212.105.5 - - [21/Mar/2013:20:06:23 +0100] "GET /seiten/start.htm HTTP/1.1" 200 9376 "-" "Mozilla/5.0 (compatible; 008/0.85; http://www.80legs.com/webcrawler.html) Gecko/2008032620"
217.86.196.40 - - [21/Mar/2013:20:26:00 +0100] "GET /robots.txt HTTP/1.1" 404 1256 "-" "JobRoboter/1.1"
217.86.196.40 - - [21/Mar/2013:20:26:00 +0100] "GET /seiten/ausbildung.htm HTTP/1.1" 200 2131 "-" "JobRoboter/1.1"
91.64.242.165 - - [21/Mar/2013:20:39:38 +0100] "GET /seiten/ausbildung2.htm HTTP/1.1" 200 4821 "http://www.backinjob.de/detailFrame.php?Chiffre=999950000035497294" "Mozilla/5.0 (Windows NT 6.1; WOW64; rv:19.0) Gecko/20100101 Firefox/19.0"
91.64.242.165 - - [21/Mar/2013:20:39:38 +0100] "GET /css/style.css HTTP/1.1" 200 8567 "http://www.frb-berlin.de/seiten/ausbildung2.htm" "Mozilla/5.0 (Windows NT 6.1; WOW64; rv:19.0) Gecko/20100101 Firefox/19.0"
91.64.242.165 - - [21/Mar/2013:20:39:39 +0100] "GET /img/top.gif HTTP/1.1" 200 950 "http://www.frb-berlin.de/seiten/ausbildung2.htm" "Mozilla/5.0 (Windows NT 6.1; WOW64; rv:19.0) Gecko/20100101 Firefox/19.0"
91.64.242.165 - - [21/Mar/2013:20:39:39 +0100] "GET /img/hg.jpg HTTP/1.1" 200 7507 "http://www.frb-berlin.de/seiten/ausbildung2.htm" "Mozilla/5.0 (Windows NT 6.1; WOW64; rv:19.0) Gecko/20100101 Firefox/19.0"
79.111.59.75 - - [21/Mar/2013:22:08:33 +0100] "GET /robots.txt HTTP/1.1" 404 1256 "-" "Mozilla/5.0 (compatible; 008/0.83; http://www.80legs.com/webcrawler.html;) Gecko/2008032620"
79.111.59.75 - - [21/Mar/2013:22:08:34 +0100] "GET /seiten/leistungen.htm HTTP/1.1" 200 3710 "-" "Mozilla/5.0 (compatible; 008/0.85; http://www.80legs.com/webcrawler.html) Gecko/2008032620"
64.125.222.16 - - [21/Mar/2013:22:40:57 +0100] "GET /robots.txt HTTP/1.1" 404 1256 "-" "Mozilla/5.0 (compatible; 008/0.83; http://www.80legs.com/webcrawler.html;) Gecko/2008032620"
94.240.183.36 - - [21/Mar/2013:22:44:19 +0100] "GET /seiten/impressum.htm HTTP/1.1" 200 4734 "-" "Mozilla/5.0 (compatible; 008/0.85; http://www.80legs.com/webcrawler.html) Gecko/2008032620"
95.28.251.147 - - [21/Mar/2013:22:45:26 +0100] "GET /seiten/referenzen.htm HTTP/1.1" 200 3626 "-" "Mozilla/5.0 (compatible; 008/0.85; http://www.80legs.com/webcrawler.html) Gecko/2008032620"
94.240.183.36 - - [21/Mar/2013:22:49:40 +0100] "GET /seiten/kontakt.php HTTP/1.1" 200 6708 "-" "Mozilla/5.0 (compatible; 008/0.85; http://www.80legs.com/webcrawler.html) Gecko/2008032620"
66.249.73.36 - - [21/Mar/2013:22:58:49 +0100] "GET /robots.txt HTTP/1.1" 404 1256 "-" "Mozilla/5.0 (compatible; Googlebot/2.1; +http://www.google.com/bot.html)"
66.249.73.36 - - [21/Mar/2013:22:58:49 +0100] "GET / HTTP/1.1" 200 1775 "-" "Mozilla/5.0 (iPhone; U; CPU iPhone OS 4_1 like Mac OS X; en-us) AppleWebKit/532.9 (KHTML, like Gecko) Version/4.0.5 Mobile/8B117 Safari/6531.22.7 (compatible; Googlebot-Mobile/2.1; +http://www.google.com/bot.html)"
94.240.183.36 - - [21/Mar/2013:23:00:11 +0100] "GET /seiten/ausbildung.htm HTTP/1.1" 200 2131 "-" "Mozilla/5.0 (compatible; 008/0.85; http://www.80legs.com/webcrawler.html) Gecko/2008032620"
109.205.252.204 - - [21/Mar/2013:23:56:39 +0100] "GET /seiten/links.htm HTTP/1.1" 200 1543 "-" "Mozilla/5.0 (compatible; 008/0.85; http://www.80legs.com/webcrawler.html) Gecko/2008032620"
109.205.252.204 - - [22/Mar/2013:00:10:04 +0100] "GET /seiten/ueber_uns.htm HTTP/1.1" 200 2081 "-" "Mozilla/5.0 (compatible; 008/0.85; http://www.80legs.com/webcrawler.html) Gecko/2008032620"
79.164.46.48 - - [22/Mar/2013:00:13:31 +0100] "GET /seiten/main.htm HTTP/1.1" 200 2319 "-" "Mozilla/5.0 (compatible; 008/0.85; http://www.80legs.com/webcrawler.html) Gecko/2008032620"
66.249.73.36 - - [22/Mar/2013:01:21:14 +0100] "GET /seiten/ausbildung.htm HTTP/1.1" 200 2131 "-" "DoCoMo/2.0 N905i(c100;TB;W24H16) (compatible; Googlebot-Mobile/2.1; +http://www.google.com/bot.html)"
85.25.71.152 - - [22/Mar/2013:01:25:45 +0100] "GET /robots.txt HTTP/1.1" 404 1256 "-" "Mozilla/5.0 (X11; U; Linux i686; de; rv:1.9.0.1; compatible; iCjobs Stellenangebote Jobs; http://www.icjobs.de) Gecko/20100401 iCjobs/3.2.3"
85.25.71.152 - - [22/Mar/2013:01:25:45 +0100] "GET / HTTP/1.1" 200 1775 "-" "Mozilla/5.0 (X11; U; Linux i686; de; rv:1.9.0.1; compatible; iCjobs Stellenangebote Jobs; http://www.icjobs.de) Gecko/20100401 iCjobs/3.2.3"
85.25.71.152 - - [22/Mar/2013:01:25:46 +0100] "GET / HTTP/1.1" 200 1775 "-" "Mozilla/5.0 (X11; U; Linux i686; de; rv:1.9.0.1; compatible; iCjobs Stellenangebote Jobs; http://www.icjobs.de) Gecko/20100401 iCjobs/3.2.3"
85.25.71.152 - - [22/Mar/2013:01:25:46 +0100] "GET /seiten/start.htm HTTP/1.1" 200 9376 "-" "Mozilla/5.0 (X11; U; Linux i686; de; rv:1.9.0.1; compatible; iCjobs Stellenangebote Jobs; http://www.icjobs.de) Gecko/20100401 iCjobs/3.2.3"
85.25.71.152 - - [22/Mar/2013:01:25:47 +0100] "GET /seiten/main.htm HTTP/1.1" 200 2319 "-" "Mozilla/5.0 (X11; U; Linux i686; de; rv:1.9.0.1; compatible; iCjobs Stellenangebote Jobs; http://www.icjobs.de) Gecko/20100401 iCjobs/3.2.3"
85.25.71.152 - - [22/Mar/2013:01:25:48 +0100] "GET /scripte/menu_start.js HTTP/1.1" 200 31217 "-" "Mozilla/5.0 (X11; U; Linux i686; de; rv:1.9.0.1; compatible; iCjobs Stellenangebote Jobs; http://www.icjobs.de) Gecko/20100401 iCjobs/3.2.3"
85.25.71.152 - - [22/Mar/2013:01:25:48 +0100] "GET /scripte/menu_elemente.js HTTP/1.1" 200 18006 "-" "Mozilla/5.0 (X11; U; Linux i686; de; rv:1.9.0.1; compatible; iCjobs Stellenangebote Jobs; http://www.icjobs.de) Gecko/20100401 iCjobs/3.2.3"
85.25.71.152 - - [22/Mar/2013:01:26:02 +0100] "GET /seiten/ueber_uns.htm HTTP/1.1" 200 2081 "-" "Mozilla/5.0 (X11; U; Linux i686; de; rv:1.9.0.1; compatible; iCjobs Stellenangebote Jobs; http://www.icjobs.de) Gecko/20100401 iCjobs/3.2.3"
85.25.71.152 - - [22/Mar/2013:01:26:02 +0100] "GET /seiten/ausbildung.htm HTTP/1.1" 200 2131 "-" "Mozilla/5.0 (X11; U; Linux i686; de; rv:1.9.0.1; compatible; iCjobs Stellenangebote Jobs; http://www.icjobs.de) Gecko/20100401 iCjobs/3.2.3"
85.25.71.152 - - [22/Mar/2013:01:26:03 +0100] "GET /seiten/ausbildung2.htm HTTP/1.1" 200 4821 "-" "Mozilla/5.0 (X11; U; Linux i686; de; rv:1.9.0.1; compatible; iCjobs Stellenangebote Jobs; http://www.icjobs.de) Gecko/20100401 iCjobs/3.2.3"
85.25.71.152 - - [22/Mar/2013:01:26:04 +0100] "GET /css/style.css HTTP/1.1" 200 8567 "-" "Mozilla/5.0 (X11; U; Linux i686; de; rv:1.9.0.1; compatible; iCjobs Stellenangebote Jobs; http://www.icjobs.de) Gecko/20100401 iCjobs/3.2.3"
85.25.71.152 - - [22/Mar/2013:01:27:31 +0100] "GET /seiten/ausbildung3.htm HTTP/1.1" 200 6331 "-" "Mozilla/5.0 (X11; U; Linux i686; de; rv:1.9.0.1; compatible; iCjobs Stellenangebote Jobs; http://www.icjobs.de) Gecko/20100401 iCjobs/3.2.3"
85.25.71.152 - - [22/Mar/2013:01:28:28 +0100] "GET /seiten/kontakt.php HTTP/1.1" 200 6708 "-" "Mozilla/5.0 (X11; U; Linux i686; de; rv:1.9.0.1; compatible; iCjobs Stellenangebote Jobs; http://www.icjobs.de) Gecko/20100401 iCjobs/3.2.3"
85.25.71.152 - - [22/Mar/2013:01:28:28 +0100] "GET /seiten/leistungen.htm HTTP/1.1" 200 3710 "-" "Mozilla/5.0 (X11; U; Linux i686; de; rv:1.9.0.1; compatible; iCjobs Stellenangebote Jobs; http://www.icjobs.de) Gecko/20100401 iCjobs/3.2.3"
85.25.71.152 - - [22/Mar/2013:01:28:29 +0100] "GET /seiten/referenzen.htm HTTP/1.1" 200 3626 "-" "Mozilla/5.0 (X11; U; Linux i686; de; rv:1.9.0.1; compatible; iCjobs Stellenangebote Jobs; http://www.icjobs.de) Gecko/20100401 iCjobs/3.2.3"
85.25.71.152 - - [22/Mar/2013:01:28:31 +0100] "GET /seiten/referenzen_maler.htm HTTP/1.1" 200 51839 "-" "Mozilla/5.0 (X11; U; Linux i686; de; rv:1.9.0.1; compatible; iCjobs Stellenangebote Jobs; http://www.icjobs.de) Gecko/20100401 iCjobs/3.2.3"
85.25.71.152 - - [22/Mar/2013:01:32:11 +0100] "GET /dokumente/ReferenzenMaler.pdf HTTP/1.1" 200 15515 "-" "Mozilla/5.0 (X11; U; Linux i686; de; rv:1.9.0.1; compatible; iCjobs Stellenangebote Jobs; http://www.icjobs.de) Gecko/20100401 iCjobs/3.2.3"
85.25.71.152 - - [22/Mar/2013:01:32:18 +0100] "GET /seiten/links.htm HTTP/1.1" 200 1543 "-" "Mozilla/5.0 (X11; U; Linux i686; de; rv:1.9.0.1; compatible; iCjobs Stellenangebote Jobs; http://www.icjobs.de) Gecko/20100401 iCjobs/3.2.3"
85.25.71.152 - - [22/Mar/2013:01:32:18 +0100] "GET /seiten/referenzen_waerme.htm HTTP/1.1" 200 35661 "-" "Mozilla/5.0 (X11; U; Linux i686; de; rv:1.9.0.1; compatible; iCjobs Stellenangebote Jobs; http://www.icjobs.de) Gecko/20100401 iCjobs/3.2.3"
85.25.71.152 - - [22/Mar/2013:01:32:19 +0100] "GET /seiten/referenzen_beton.htm HTTP/1.1" 200 8747 "-" "Mozilla/5.0 (X11; U; Linux i686; de; rv:1.9.0.1; compatible; iCjobs Stellenangebote Jobs; http://www.icjobs.de) Gecko/20100401 iCjobs/3.2.3"
85.25.71.152 - - [22/Mar/2013:01:36:40 +0100] "GET /dokumente/ReferenzenWarme.pdf HTTP/1.1" 200 14947 "-" "Mozilla/5.0 (X11; U; Linux i686; de; rv:1.9.0.1; compatible; iCjobs Stellenangebote Jobs; http://www.icjobs.de) Gecko/20100401 iCjobs/3.2.3"
85.25.71.152 - - [22/Mar/2013:01:39:05 +0100] "GET /dokumente/ReferenzenBeton.pdf HTTP/1.1" 200 10270 "-" "Mozilla/5.0 (X11; U; Linux i686; de; rv:1.9.0.1; compatible; iCjobs Stellenangebote Jobs; http://www.icjobs.de) Gecko/20100401 iCjobs/3.2.3"
178.255.215.69 - - [22/Mar/2013:01:53:22 +0100] "GET /robots.txt HTTP/1.1" 404 1256 "-" "Mozilla/5.0 (compatible; Exabot/3.0; +http://www.exabot.com/go/robot)"
178.255.215.69 - - [22/Mar/2013:01:53:22 +0100] "GET /seiten/ausbildung3.htm HTTP/1.1" 304 - "-" "Mozilla/5.0 (compatible; Exabot/3.0; +http://www.exabot.com/go/robot)"
5.9.6.231 - - [22/Mar/2013:02:07:54 +0100] "GET / HTTP/1.1" 200 1775 "-" "Mozilla/5.0 (Windows NT 6.1; rv:8.0) Gecko/20100101 Firefox/8.0"
5.9.6.231 - - [22/Mar/2013:02:07:55 +0100] "GET / HTTP/1.1" 200 1775 "-" "Mozilla/5.0 (iPhone; U; CPU iPhone OS 3_0 like Mac OS X; en-us) AppleWebKit/528.18 (KHTML, like Gecko) Version/4.0 Mobile/7A341 Safari/528.16"
5.9.6.231 - - [22/Mar/2013:02:07:55 +0100] "GET / HTTP/1.1" 200 1775 "-" "Mozilla/5.0 (Windows NT 6.1; rv:8.0) Gecko/20100101 Firefox/8.0"
66.249.73.36 - - [22/Mar/2013:02:09:41 +0100] "GET /dokumente/ReferenzenWarme.pdf HTTP/1.1" 200 14947 "-" "SAMSUNG-SGH-E250/1.0 Profile/MIDP-2.0 Configuration/CLDC-1.1 UP.Browser/6.2.3.3.c.1.101 (GUI) MMP/2.0 (compatible; Googlebot-Mobile/2.1; +http://www.google.com/bot.html)"
208.115.111.72 - - [22/Mar/2013:02:18:22 +0100] "GET /robots.txt HTTP/1.1" 404 1256 "-" "Mozilla/5.0 (compatible; Ezooms/1.0; ezooms.bot@gmail.com)"
208.115.111.72 - - [22/Mar/2013:03:57:13 +0100] "GET /seiten/ueber_uns.htm HTTP/1.1" 200 2081 "-" "Mozilla/5.0 (compatible; Ezooms/1.0; ezooms.bot@gmail.com)"
66.249.73.36 - - [22/Mar/2013:04:37:21 +0100] "GET / HTTP/1.1" 200 1775 "-" "DoCoMo/2.0 N905i(c100;TB;W24H16) (compatible; Googlebot-Mobile/2.1; +http://www.google.com/bot.html)"
66.249.73.36 - - [22/Mar/2013:05:44:46 +0100] "GET /dokumente/ReferenzenBeton.pdf HTTP/1.1" 200 10270 "-" "Googlebot/2.1 (+http://www.google.com/bot.html)"
66.249.73.36 - - [22/Mar/2013:07:38:13 +0100] "GET / HTTP/1.1" 200 1775 "-" "SAMSUNG-SGH-E250/1.0 Profile/MIDP-2.0 Configuration/CLDC-1.1 UP.Browser/6.2.3.3.c.1.101 (GUI) MMP/2.0 (compatible; Googlebot-Mobile/2.1; +http://www.google.com/bot.html)"
173.199.119.155 - - [22/Mar/2013:09:32:43 +0100] "GET /seiten/impressum.htm HTTP/1.1" 200 4734 "-" "Mozilla/5.0 (compatible; AhrefsBot/4.0; +http://ahrefs.com/robot/)"
217.86.196.40 - - [22/Mar/2013:09:57:22 +0100] "GET /robots.txt HTTP/1.1" 404 1256 "-" "JobRoboter/1.1"
217.86.196.40 - - [22/Mar/2013:09:57:22 +0100] "GET /seiten/ausbildung.htm HTTP/1.1" 200 2131 "-" "JobRoboter/1.1"
5.9.10.179 - - [22/Mar/2013:10:27:42 +0100] "GET /robots.txt HTTP/1.1" 404 1256 "-" "Mozilla/5.0 (compatible; Infohelfer/1.3.3; +http://www.infohelfer.de/crawler.php)"
5.9.10.179 - - [22/Mar/2013:10:27:42 +0100] "GET / HTTP/1.1" 200 1775 "-" "Mozilla/5.0 (compatible; Infohelfer/1.3.3; +http://www.infohelfer.de/crawler.php)"
79.238.248.119 - - [22/Mar/2013:10:49:27 +0100] "GET / HTTP/1.1" 200 1775 "http://mobil.industrystock.de/firmen.php?showkunden=&" "Mozilla/5.0 (Windows NT 6.0; rv:19.0) Gecko/20100101 Firefox/19.0"
79.238.248.119 - - [22/Mar/2013:10:49:27 +0100] "GET /css/style.css HTTP/1.1" 200 8567 "http://www.frb-berlin.de/" "Mozilla/5.0 (Windows NT 6.0; rv:19.0) Gecko/20100101 Firefox/19.0"
79.238.248.119 - - [22/Mar/2013:10:49:27 +0100] "GET /img/logo.gif HTTP/1.1" 200 4275 "http://www.frb-berlin.de/" "Mozilla/5.0 (Windows NT 6.0; rv:19.0) Gecko/20100101 Firefox/19.0"
79.238.248.119 - - [22/Mar/2013:10:49:27 +0100] "GET /favicon.ico HTTP/1.1" 404 1256 "-" "Mozilla/5.0 (Windows NT 6.0; rv:19.0) Gecko/20100101 Firefox/19.0"
79.238.248.119 - - [22/Mar/2013:10:49:27 +0100] "GET /favicon.ico HTTP/1.1" 404 1256 "-" "Mozilla/5.0 (Windows NT 6.0; rv:19.0) Gecko/20100101 Firefox/19.0"
157.56.93.82 - - [22/Mar/2013:12:21:07 +0100] "GET /robots.txt HTTP/1.1" 404 1256 "-" "Mozilla/5.0 (compatible; bingbot/2.0; +http://www.bing.com/bingbot.htm)"
157.56.93.82 - - [22/Mar/2013:12:22:52 +0100] "GET /dokumente/ HTTP/1.1" 403 1222 "-" "Mozilla/5.0 (compatible; bingbot/2.0; +http://www.bing.com/bingbot.htm)"
173.199.119.155 - - [22/Mar/2013:12:47:18 +0100] "GET /dokumente/ReferenzenWarme.pdf HTTP/1.1" 200 14947 "-" "Mozilla/5.0 (compatible; AhrefsBot/4.0; +http://ahrefs.com/robot/)"
212.185.112.74 - - [22/Mar/2013:13:23:51 +0100] "GET / HTTP/1.1" 200 1775 "http://www.google.de/url?sa=t&rct=j&q=frb%20berlin%20gmbh&source=web&cd=1&sqi=2&ved=0CDAQFjAA&url=http%3A%2F%2Fwww.frb-berlin.de%2F&ei=Fk1MUfOYLuaT0QW0t4HIDQ&usg=AFQjCNFEVYKmiyy1XnWrB0NZi3PeBHpTjA&bvm=bv.44158598,d.Yms" "Mozilla/5.0 (compatible; MSIE 9.0; Windows NT 6.1; Trident/5.0)"
212.185.112.74 - - [22/Mar/2013:13:23:51 +0100] "GET /css/style.css HTTP/1.1" 200 8567 "http://www.frb-berlin.de/" "Mozilla/5.0 (compatible; MSIE 9.0; Windows NT 6.1; Trident/5.0)"
212.185.112.74 - - [22/Mar/2013:13:23:51 +0100] "GET /img/logo.gif HTTP/1.1" 200 4275 "http://www.frb-berlin.de/" "Mozilla/5.0 (compatible; MSIE 9.0; Windows NT 6.1; Trident/5.0)"
212.185.112.74 - - [22/Mar/2013:13:23:51 +0100] "GET /favicon.ico HTTP/1.1" 404 1256 "-" "Mozilla/5.0 (compatible; MSIE 9.0; Windows NT 6.1; Trident/5.0)"
212.185.112.74 - - [22/Mar/2013:13:23:53 +0100] "GET /seiten/start.htm HTTP/1.1" 200 9376 "http://www.frb-berlin.de/" "Mozilla/5.0 (compatible; MSIE 9.0; Windows NT 6.1; Trident/5.0)"
212.185.112.74 - - [22/Mar/2013:13:23:53 +0100] "GET /scripte/menu_start.js HTTP/1.1" 200 31217 "http://www.frb-berlin.de/seiten/start.htm" "Mozilla/5.0 (compatible; MSIE 9.0; Windows NT 6.1; Trident/5.0)"
212.185.112.74 - - [22/Mar/2013:13:23:53 +0100] "GET /scripte/menu_elemente.js HTTP/1.1" 200 18006 "http://www.frb-berlin.de/seiten/start.htm" "Mozilla/5.0 (compatible; MSIE 9.0; Windows NT 6.1; Trident/5.0)"
212.185.112.74 - - [22/Mar/2013:13:23:53 +0100] "GET /img/over_logo.jpg HTTP/1.1" 200 5315 "http://www.frb-berlin.de/seiten/start.htm" "Mozilla/5.0 (compatible; MSIE 9.0; Windows NT 6.1; Trident/5.0)"
212.185.112.74 - - [22/Mar/2013:13:23:53 +0100] "GET /img/lay01.jpg HTTP/1.1" 200 9336 "http://www.frb-berlin.de/seiten/start.htm" "Mozilla/5.0 (compatible; MSIE 9.0; Windows NT 6.1; Trident/5.0)"
212.185.112.74 - - [22/Mar/2013:13:23:53 +0100] "GET /img/lay03.jpg HTTP/1.1" 200 15205 "http://www.frb-berlin.de/seiten/start.htm" "Mozilla/5.0 (compatible; MSIE 9.0; Windows NT 6.1; Trident/5.0)"
212.185.112.74 - - [22/Mar/2013:13:23:53 +0100] "GET /img/head.jpg HTTP/1.1" 200 5932 "http://www.frb-berlin.de/seiten/start.htm" "Mozilla/5.0 (compatible; MSIE 9.0; Windows NT 6.1; Trident/5.0)"
212.185.112.74 - - [22/Mar/2013:13:23:53 +0100] "GET /img/1px.gif HTTP/1.1" 200 43 "http://www.frb-berlin.de/seiten/start.htm" "Mozilla/5.0 (compatible; MSIE 9.0; Windows NT 6.1; Trident/5.0)"
212.185.112.74 - - [22/Mar/2013:13:23:53 +0100] "GET /img/lay04.jpg HTTP/1.1" 200 6356 "http://www.frb-berlin.de/seiten/start.htm" "Mozilla/5.0 (compatible; MSIE 9.0; Windows NT 6.1; Trident/5.0)"
212.185.112.74 - - [22/Mar/2013:13:23:53 +0100] "GET /img/lay05.jpg HTTP/1.1" 200 10183 "http://www.frb-berlin.de/seiten/start.htm" "Mozilla/5.0 (compatible; MSIE 9.0; Windows NT 6.1; Trident/5.0)"
212.185.112.74 - - [22/Mar/2013:13:23:53 +0100] "GET /img/lay06.jpg HTTP/1.1" 200 11774 "http://www.frb-berlin.de/seiten/start.htm" "Mozilla/5.0 (compatible; MSIE 9.0; Windows NT 6.1; Trident/5.0)"
212.185.112.74 - - [22/Mar/2013:13:23:53 +0100] "GET /img/lay07.jpg HTTP/1.1" 200 9742 "http://www.frb-berlin.de/seiten/start.htm" "Mozilla/5.0 (compatible; MSIE 9.0; Windows NT 6.1; Trident/5.0)"
212.185.112.74 - - [22/Mar/2013:13:23:53 +0100] "GET /img/lay13.jpg HTTP/1.1" 200 428 "http://www.frb-berlin.de/seiten/start.htm" "Mozilla/5.0 (compatible; MSIE 9.0; Windows NT 6.1; Trident/5.0)"
212.185.112.74 - - [22/Mar/2013:13:23:53 +0100] "GET /img/lay08.jpg HTTP/1.1" 200 10212 "http://www.frb-berlin.de/seiten/start.htm" "Mozilla/5.0 (compatible; MSIE 9.0; Windows NT 6.1; Trident/5.0)"
212.185.112.74 - - [22/Mar/2013:13:23:53 +0100] "GET /img/bogen_o1.jpg HTTP/1.1" 200 8356 "http://www.frb-berlin.de/seiten/start.htm" "Mozilla/5.0 (compatible; MSIE 9.0; Windows NT 6.1; Trident/5.0)"
212.185.112.74 - - [22/Mar/2013:13:23:53 +0100] "GET /img/lay10.jpg HTTP/1.1" 200 12856 "http://www.frb-berlin.de/seiten/start.htm" "Mozilla/5.0 (compatible; MSIE 9.0; Windows NT 6.1; Trident/5.0)"
212.185.112.74 - - [22/Mar/2013:13:23:53 +0100] "GET /img/lay12.jpg HTTP/1.1" 200 394 "http://www.frb-berlin.de/seiten/start.htm" "Mozilla/5.0 (compatible; MSIE 9.0; Windows NT 6.1; Trident/5.0)"
212.185.112.74 - - [22/Mar/2013:13:23:54 +0100] "GET /seiten/main.htm HTTP/1.1" 200 2319 "http://www.frb-berlin.de/seiten/start.htm" "Mozilla/5.0 (compatible; MSIE 9.0; Windows NT 6.1; Trident/5.0)"
212.185.112.74 - - [22/Mar/2013:13:23:54 +0100] "GET /img/lay11.jpg HTTP/1.1" 200 12218 "http://www.frb-berlin.de/seiten/start.htm" "Mozilla/5.0 (compatible; MSIE 9.0; Windows NT 6.1; Trident/5.0)"
212.185.112.74 - - [22/Mar/2013:13:23:54 +0100] "GET /img/bg_rechts.jpg HTTP/1.1" 200 346 "http://www.frb-berlin.de/seiten/start.htm" "Mozilla/5.0 (compatible; MSIE 9.0; Windows NT 6.1; Trident/5.0)"
212.185.112.74 - - [22/Mar/2013:13:23:54 +0100] "GET /img/bg_links.jpg HTTP/1.1" 200 8379 "http://www.frb-berlin.de/seiten/start.htm" "Mozilla/5.0 (compatible; MSIE 9.0; Windows NT 6.1; Trident/5.0)"
212.185.112.74 - - [22/Mar/2013:13:23:54 +0100] "GET /img/farben.jpg HTTP/1.1" 200 14519 "http://www.frb-berlin.de/seiten/main.htm" "Mozilla/5.0 (compatible; MSIE 9.0; Windows NT 6.1; Trident/5.0)"
212.185.112.74 - - [22/Mar/2013:13:23:54 +0100] "GET /favicon.ico HTTP/1.1" 404 1256 "-" "Mozilla/5.0 (compatible; MSIE 9.0; Windows NT 6.1; Trident/5.0)"
212.185.112.74 - - [22/Mar/2013:13:23:54 +0100] "GET /img/favorit_a.gif HTTP/1.1" 200 175 "http://www.frb-berlin.de/seiten/start.htm" "Mozilla/5.0 (compatible; MSIE 9.0; Windows NT 6.1; Trident/5.0)"
212.185.112.74 - - [22/Mar/2013:13:24:06 +0100] "GET /seiten/impressum.htm HTTP/1.1" 200 4734 "http://www.frb-berlin.de/seiten/start.htm" "Mozilla/5.0 (compatible; MSIE 9.0; Windows NT 6.1; Trident/5.0)"
212.185.112.74 - - [22/Mar/2013:13:24:06 +0100] "GET /img/hg.jpg HTTP/1.1" 200 7507 "http://www.frb-berlin.de/seiten/impressum.htm" "Mozilla/5.0 (compatible; MSIE 9.0; Windows NT 6.1; Trident/5.0)"
212.185.112.74 - - [22/Mar/2013:13:24:06 +0100] "GET /img/fm_logo.jpg HTTP/1.1" 200 4093 "http://www.frb-berlin.de/seiten/impressum.htm" "Mozilla/5.0 (compatible; MSIE 9.0; Windows NT 6.1; Trident/5.0)"
212.185.112.74 - - [22/Mar/2013:13:24:06 +0100] "GET /img/top.gif HTTP/1.1" 200 950 "http://www.frb-berlin.de/seiten/impressum.htm" "Mozilla/5.0 (compatible; MSIE 9.0; Windows NT 6.1; Trident/5.0)"
173.199.119.155 - - [22/Mar/2013:13:55:15 +0100] "GET /seiten/start.htm HTTP/1.1" 200 9376 "-" "Mozilla/5.0 (compatible; AhrefsBot/4.0; +http://ahrefs.com/robot/)"
66.249.73.36 - - [22/Mar/2013:14:40:38 +0100] "GET /robots.txt HTTP/1.1" 404 1256 "-" "Mozilla/5.0 (compatible; Googlebot/2.1; +http://www.google.com/bot.html)"
66.249.73.36 - - [22/Mar/2013:14:40:38 +0100] "GET / HTTP/1.1" 200 1775 "-" "Mozilla/5.0 (compatible; Googlebot/2.1; +http://www.google.com/bot.html)"
217.86.196.40 - - [22/Mar/2013:15:30:38 +0100] "GET /robots.txt HTTP/1.1" 404 1256 "-" "JobRoboter/1.1"
217.86.196.40 - - [22/Mar/2013:15:30:39 +0100] "GET /seiten/ausbildung.htm HTTP/1.1" 200 2131 "-" "JobRoboter/1.1"
37.140.141.34 - - [22/Mar/2013:16:15:47 +0100] "GET /robots.txt HTTP/1.1" 404 1256 "-" "Mozilla/5.0 (compatible; YandexImages/3.0; +http://yandex.com/bots)"
217.86.196.40 - - [22/Mar/2013:16:57:13 +0100] "GET /robots.txt HTTP/1.1" 404 1256 "-" "JobRoboter/1.1"
217.86.196.40 - - [22/Mar/2013:16:57:14 +0100] "GET /seiten/ausbildung2.htm HTTP/1.1" 200 4821 "-" "JobRoboter/1.1"
173.199.119.155 - - [22/Mar/2013:17:29:04 +0100] "GET /seiten/referenzen_beton.htm HTTP/1.1" 200 8747 "-" "Mozilla/5.0 (compatible; AhrefsBot/4.0; +http://ahrefs.com/robot/)"
173.199.119.155 - - [22/Mar/2013:18:17:59 +0100] "GET / HTTP/1.1" 200 1775 "-" "Mozilla/5.0 (compatible; AhrefsBot/4.0; +http://ahrefs.com/robot/)"
93.220.213.104 - - [22/Mar/2013:18:40:43 +0100] "GET / HTTP/1.1" 200 1775 "-" "Mozilla/5.0 Gecko/2009042316 Firefox/2.0.0.x"
93.220.213.104 - - [22/Mar/2013:18:40:51 +0100] "GET /seiten/start.htm HTTP/1.1" 200 9376 "-" "Mozilla/4.0 (compatible; MSIE 8.0; Windows NT 6.0; .NET CLR 1.1.4322; .NET CLR 2.0.50727; .NET CLR 3.0.04506.30)"
93.220.213.104 - - [22/Mar/2013:18:40:51 +0100] "GET /seiten/main.htm HTTP/1.1" 200 2319 "-" "Mozilla/4.0 (compatible; MSIE 7.0; Windows NT 6.0; WOW64; SLCC1; .NET CLR 2.0.50727; .NET CLR 1.1.4322; .NET CLR 3.5.21022; .NET CLR 3.0.04506)"
93.220.213.104 - - [22/Mar/2013:18:40:58 +0100] "GET /seiten/impressum.htm HTTP/1.1" 200 4734 "-" "Mozilla/4.0 (compatible; MSIE 7.0; Windows NT 6.0; WOW64; SLCC1; .NET CLR 2.0.50727; .NET CLR 1.1.4322; .NET CLR 3.5.21022; .NET CLR 3.0.04506)"
217.86.196.40 - - [22/Mar/2013:19:52:17 +0100] "GET /robots.txt HTTP/1.1" 404 1256 "-" "JobRoboter/1.1"
217.86.196.40 - - [22/Mar/2013:19:52:17 +0100] "GET /seiten/ausbildung3.htm HTTP/1.1" 200 6331 "-" "JobRoboter/1.1"
66.249.76.165 - - [22/Mar/2013:20:01:32 +0100] "GET /robots.txt HTTP/1.1" 404 1256 "-" "Mozilla/5.0 (compatible; Googlebot/2.1; +http://www.google.com/bot.html)"
66.249.76.165 - - [22/Mar/2013:20:01:32 +0100] "GET / HTTP/1.1" 200 1775 "-" "Mozilla/5.0 (iPhone; U; CPU iPhone OS 4_1 like Mac OS X; en-us) AppleWebKit/532.9 (KHTML, like Gecko) Version/4.0.5 Mobile/8B117 Safari/6531.22.7 (compatible; Googlebot-Mobile/2.1; +http://www.google.com/bot.html)"
85.178.128.90 - - [22/Mar/2013:21:17:21 +0100] "GET / HTTP/1.1" 200 1775 "http://www.google.de/url?sa=t&rct=j&q=verputzen%20berlin&source=web&cd=2&sqi=2&ved=0CEsQFjAB&url=http%3A%2F%2Fwww.frb-berlin.de%2F&ei=_7tMUcnPI47dsgbIv4DIBA&usg=AFQjCNFEVYKmiyy1XnWrB0NZi3PeBHpTjA" "Mozilla/5.0 (compatible; MSIE 9.0; Windows NT 6.0; Trident/5.0)"
85.178.128.90 - - [22/Mar/2013:21:17:21 +0100] "GET /css/style.css HTTP/1.1" 200 8567 "http://www.frb-berlin.de/" "Mozilla/5.0 (compatible; MSIE 9.0; Windows NT 6.0; Trident/5.0)"
85.178.128.90 - - [22/Mar/2013:21:17:21 +0100] "GET /img/logo.gif HTTP/1.1" 200 4275 "http://www.frb-berlin.de/" "Mozilla/5.0 (compatible; MSIE 9.0; Windows NT 6.0; Trident/5.0)"
85.178.128.90 - - [22/Mar/2013:21:17:22 +0100] "GET /css/style.css HTTP/1.1" 200 8567 "http://www.frb-berlin.de/" "Mozilla/5.0 (compatible; MSIE 9.0; Windows NT 6.0; Trident/5.0)"
85.178.128.90 - - [22/Mar/2013:21:17:22 +0100] "GET /img/logo.gif HTTP/1.1" 200 4275 "http://www.frb-berlin.de/" "Mozilla/5.0 (compatible; MSIE 9.0; Windows NT 6.0; Trident/5.0)"
141.8.147.12 - - [22/Mar/2013:21:52:20 +0100] "GET /robots.txt HTTP/1.1" 404 1256 "-" "Mozilla/5.0 (compatible; YandexBot/3.0; +http://yandex.com/bots)"
173.199.119.155 - - [22/Mar/2013:22:28:09 +0100] "GET /dokumente/ReferenzenBeton.pdf HTTP/1.1" 200 10270 "-" "Mozilla/5.0 (compatible; AhrefsBot/4.0; +http://ahrefs.com/robot/)"
173.199.119.155 - - [22/Mar/2013:22:41:28 +0100] "GET /seiten/referenzen_waerme.htm HTTP/1.1" 200 35661 "-" "Mozilla/5.0 (compatible; AhrefsBot/4.0; +http://ahrefs.com/robot/)"
37.140.141.34 - - [22/Mar/2013:23:28:00 +0100] "GET /img/fm_logo.jpg HTTP/1.1" 200 4093 "-" "Mozilla/5.0 (compatible; YandexImages/3.0; +http://yandex.com/bots)"
217.86.196.40 - - [22/Mar/2013:23:56:18 +0100] "GET /robots.txt HTTP/1.1" 404 1256 "-" "JobRoboter/1.1"
217.86.196.40 - - [22/Mar/2013:23:56:19 +0100] "GET /seiten/ausbildung2.htm HTTP/1.1" 200 4821 "-" "JobRoboter/1.1"
217.86.196.40 - - [23/Mar/2013:00:08:45 +0100] "GET /robots.txt HTTP/1.1" 404 1256 "-" "JobRoboter/1.1"
217.86.196.40 - - [23/Mar/2013:00:08:45 +0100] "GET /seiten/ausbildung3.htm HTTP/1.1" 200 6331 "-" "JobRoboter/1.1"
217.212.224.183 - - [23/Mar/2013:00:46:40 +0100] "GET /robots.txt HTTP/1.0" 404 1256 "-" "psbot/0.1 (+http://www.picsearch.com/bot.html)"
217.212.224.182 - - [23/Mar/2013:00:46:40 +0100] "GET /seiten/main.htm HTTP/1.0" 304 - "-" "psbot/0.1 (+http://www.picsearch.com/bot.html)"
173.208.165.178 - - [23/Mar/2013:02:03:58 +0100] "GET /robots.txt HTTP/1.0" 404 1256 "-" "Mozilla/5.0 (compatible; MJ12bot/v1.4.3; http://www.majestic12.co.uk/bot.php?+)"
173.208.165.178 - - [23/Mar/2013:02:04:00 +0100] "GET / HTTP/1.0" 200 1775 "-" "Mozilla/5.0 (compatible; MJ12bot/v1.4.3; http://www.majestic12.co.uk/bot.php?+)"
204.12.208.162 - - [23/Mar/2013:02:21:14 +0100] "GET /robots.txt HTTP/1.0" 404 1256 "-" "Mozilla/5.0 (compatible; MJ12bot/v1.4.3; http://www.majestic12.co.uk/bot.php?+)"
204.12.208.162 - - [23/Mar/2013:02:21:17 +0100] "GET /seiten/start.htm HTTP/1.0" 200 9376 "-" "Mozilla/5.0 (compatible; MJ12bot/v1.4.3; http://www.majestic12.co.uk/bot.php?+)"
141.8.147.12 - - [23/Mar/2013:02:28:28 +0100] "GET / HTTP/1.1" 200 1775 "-" "Mozilla/5.0 (compatible; YandexBot/3.0; +http://yandex.com/bots)"
141.8.147.12 - - [23/Mar/2013:02:28:33 +0100] "GET /img/fm_logo.jpg HTTP/1.1" 200 4093 "-" "Mozilla/5.0 (compatible; YandexImages/3.0; +http://yandex.com/bots)"
173.199.119.155 - - [23/Mar/2013:03:34:22 +0100] "GET /seiten/ausbildung2.htm HTTP/1.1" 200 4821 "-" "Mozilla/5.0 (compatible; AhrefsBot/4.0; +http://ahrefs.com/robot/)"
208.115.113.88 - - [23/Mar/2013:04:08:03 +0100] "GET /robots.txt HTTP/1.1" 404 1256 "-" "Mozilla/5.0 (compatible; Ezooms/1.0; ezooms.bot@gmail.com)"
66.249.76.165 - - [23/Mar/2013:04:19:09 +0100] "GET /robots.txt HTTP/1.1" 404 1256 "-" "Mozilla/5.0 (compatible; Googlebot/2.1; +http://www.google.com/bot.html)"
66.249.76.165 - - [23/Mar/2013:04:19:09 +0100] "GET /seiten/referenzen_beton.htm HTTP/1.1" 200 8747 "-" "SAMSUNG-SGH-E250/1.0 Profile/MIDP-2.0 Configuration/CLDC-1.1 UP.Browser/6.2.3.3.c.1.101 (GUI) MMP/2.0 (compatible; Googlebot-Mobile/2.1; +http://www.google.com/bot.html)"
65.55.215.253 - - [23/Mar/2013:04:31:15 +0100] "GET /seiten/referenzen_maler.htm HTTP/1.1" 200 51839 "-" "Mozilla/4.0 (compatible; MSIE 7.0; Windows NT 5.2; SV1; .NET CLR 1.1.4325; .NET CLR 2.0.40607; .NET CLR 3.0.04506.648)"
65.55.215.253 - - [23/Mar/2013:04:31:16 +0100] "GET /css/style.css HTTP/1.1" 200 8567 "http://www.frb-berlin.de/seiten/referenzen_maler.htm" "Mozilla/4.0 (compatible; MSIE 7.0; Windows NT 5.2; SV1; .NET CLR 1.1.4325; .NET CLR 2.0.40607; .NET CLR 3.0.04506.648)"
173.199.119.155 - - [23/Mar/2013:04:45:58 +0100] "GET /seiten/ausbildung3.htm HTTP/1.1" 200 6331 "-" "Mozilla/5.0 (compatible; AhrefsBot/4.0; +http://ahrefs.com/robot/)"
173.199.119.155 - - [23/Mar/2013:04:49:11 +0100] "GET /seiten/kontakt.php HTTP/1.1" 200 6708 "-" "Mozilla/5.0 (compatible; AhrefsBot/4.0; +http://ahrefs.com/robot/)"
173.199.119.155 - - [23/Mar/2013:05:19:33 +0100] "GET /dokumente/ReferenzenMaler.pdf HTTP/1.1" 200 15515 "-" "Mozilla/5.0 (compatible; AhrefsBot/4.0; +http://ahrefs.com/robot/)"
173.199.119.155 - - [23/Mar/2013:05:33:49 +0100] "GET /seiten/leistungen.htm HTTP/1.1" 200 3710 "-" "Mozilla/5.0 (compatible; AhrefsBot/4.0; +http://ahrefs.com/robot/)"
208.115.113.88 - - [23/Mar/2013:05:58:49 +0100] "GET /seiten/referenzen_maler.htm HTTP/1.1" 200 51839 "-" "Mozilla/5.0 (compatible; Ezooms/1.0; ezooms.bot@gmail.com)"
208.115.111.72 - - [23/Mar/2013:06:07:54 +0100] "GET /robots.txt HTTP/1.1" 404 1256 "-" "Mozilla/5.0 (compatible; Ezooms/1.0; ezooms.bot@gmail.com)"
173.199.119.155 - - [23/Mar/2013:06:55:48 +0100] "GET /seiten/referenzen.htm HTTP/1.1" 200 3626 "-" "Mozilla/5.0 (compatible; AhrefsBot/4.0; +http://ahrefs.com/robot/)"
208.115.111.72 - - [23/Mar/2013:08:13:47 +0100] "GET /seiten/ausbildung3.htm HTTP/1.1" 200 6331 "-" "Mozilla/5.0 (compatible; Ezooms/1.0; ezooms.bot@gmail.com)"
141.8.147.12 - - [23/Mar/2013:09:04:02 +0100] "GET /dokumente/ReferenzenMaler.pdf HTTP/1.1" 200 15515 "-" "Mozilla/5.0 (compatible; YandexBot/3.0; +http://yandex.com/bots)"
141.8.147.12 - - [23/Mar/2013:09:54:54 +0100] "GET /robots.txt HTTP/1.1" 404 1256 "-" "Mozilla/5.0 (compatible; YandexBot/3.0; +http://yandex.com/bots)"
77.186.4.163 - - [23/Mar/2013:10:34:25 +0100] "GET /seiten/referenzen_maler.htm HTTP/1.1" 200 51839 "http://www.delta-search.com/?q=gsw+b%C3%BCro+heckerdamm&babsrc=HP_ss&s=web&rlz=0&as=0&ac=0" "Mozilla/5.0 (Windows NT 5.1; rv:17.0) Gecko/20100101 Firefox/17.0"
77.186.4.163 - - [23/Mar/2013:10:34:25 +0100] "GET /css/style.css HTTP/1.1" 200 8567 "http://www.frb-berlin.de/seiten/referenzen_maler.htm" "Mozilla/5.0 (Windows NT 5.1; rv:17.0) Gecko/20100101 Firefox/17.0"
77.186.4.163 - - [23/Mar/2013:10:34:25 +0100] "GET /img/top.gif HTTP/1.1" 200 950 "http://www.frb-berlin.de/seiten/referenzen_maler.htm" "Mozilla/5.0 (Windows NT 5.1; rv:17.0) Gecko/20100101 Firefox/17.0"
77.186.4.163 - - [23/Mar/2013:10:34:26 +0100] "GET /favicon.ico HTTP/1.1" 404 1256 "-" "Mozilla/5.0 (Windows NT 5.1; rv:17.0) Gecko/20100101 Firefox/17.0"
77.186.4.163 - - [23/Mar/2013:10:34:26 +0100] "GET /favicon.ico HTTP/1.1" 404 1256 "-" "Mozilla/5.0 (Windows NT 5.1; rv:17.0) Gecko/20100101 Firefox/17.0"
83.133.125.202 - - [23/Mar/2013:10:36:32 +0100] "GET / HTTP/1.0" 200 1775 "-" "-"
157.55.33.44 - - [23/Mar/2013:10:46:33 +0100] "GET /robots.txt HTTP/1.1" 404 1256 "-" "Mozilla/5.0 (compatible; bingbot/2.0; +http://www.bing.com/bingbot.htm)"
157.55.33.44 - - [23/Mar/2013:10:48:09 +0100] "GET / HTTP/1.1" 200 1775 "-" "Mozilla/5.0 (compatible; bingbot/2.0; +http://www.bing.com/bingbot.htm)"
157.55.33.44 - - [23/Mar/2013:10:49:04 +0100] "GET /css/style.css HTTP/1.1" 200 8567 "-" "Mozilla/5.0 (compatible; bingbot/2.0; +http://www.bing.com/bingbot.htm)"
188.92.75.244 - - [23/Mar/2013:10:55:46 +0100] "GET /seiten/main.htm HTTP/1.0" 200 2319 "http://www.frb-berlin.de/seiten/main.htm" "Mozilla/4.0 (compatible; MSIE 8.0; Windows NT 5.1; Trident/4.0; .NET CLR 1.1.4322; .NET CLR 2.0.50727; .NET CLR 3.0.4506.2152; .NET CLR 3.5.30729)"
37.140.141.34 - - [23/Mar/2013:11:46:17 +0100] "GET /robots.txt HTTP/1.1" 404 1256 "-" "Mozilla/5.0 (compatible; YandexImages/3.0; +http://yandex.com/bots)"
141.8.147.12 - - [23/Mar/2013:12:34:39 +0100] "GET /dokumente/ReferenzenWarme.pdf HTTP/1.1" 200 14947 "-" "Mozilla/5.0 (compatible; YandexBot/3.0; +http://yandex.com/bots)"
37.140.141.34 - - [23/Mar/2013:15:11:27 +0100] "GET /img/fm_logo.jpg HTTP/1.1" 200 4093 "-" "Mozilla/5.0 (compatible; YandexImages/3.0; +http://yandex.com/bots)"
217.86.196.40 - - [23/Mar/2013:15:19:01 +0100] "GET /robots.txt HTTP/1.1" 404 1256 "-" "JobRoboter/1.1"
217.86.196.40 - - [23/Mar/2013:15:19:01 +0100] "GET /seiten/ausbildung.htm HTTP/1.1" 200 2131 "-" "JobRoboter/1.1"
66.249.76.165 - - [23/Mar/2013:15:32:10 +0100] "GET /dokumente/ReferenzenWarme.pdf HTTP/1.1" 304 - "-" "Mozilla/5.0 (compatible; Googlebot/2.1; +http://www.google.com/bot.html)"
66.249.76.165 - - [23/Mar/2013:16:01:30 +0100] "GET /seiten/main.htm HTTP/1.1" 304 - "-" "Mozilla/5.0 (compatible; Googlebot/2.1; +http://www.google.com/bot.html)"
66.249.76.165 - - [23/Mar/2013:16:34:28 +0100] "GET /robots.txt HTTP/1.1" 404 1256 "-" "Mozilla/5.0 (compatible; Googlebot/2.1; +http://www.google.com/bot.html)"
66.249.76.165 - - [23/Mar/2013:16:34:29 +0100] "GET /seiten/leistungen.htm HTTP/1.1" 304 - "-" "Mozilla/5.0 (compatible; Googlebot/2.1; +http://www.google.com/bot.html)"
176.9.155.226 - - [23/Mar/2013:18:27:45 +0100] "GET /robots.txt HTTP/1.1" 404 1256 "-" "Mozilla/5.0 (compatible; SISTRIX Crawler; http://crawler.sistrix.net/)"
176.9.155.226 - - [23/Mar/2013:18:27:45 +0100] "GET / HTTP/1.1" 200 1775 "-" "Mozilla/5.0 (compatible; SISTRIX Crawler; http://crawler.sistrix.net/)"
176.9.155.226 - - [23/Mar/2013:18:27:45 +0100] "GET /seiten/start.htm HTTP/1.1" 200 9376 "-" "Mozilla/5.0 (compatible; SISTRIX Crawler; http://crawler.sistrix.net/)"
176.9.155.226 - - [23/Mar/2013:18:27:45 +0100] "GET /seiten/kontakt.php HTTP/1.1" 200 6708 "-" "Mozilla/5.0 (compatible; SISTRIX Crawler; http://crawler.sistrix.net/)"
176.9.155.226 - - [23/Mar/2013:18:27:45 +0100] "GET /seiten/ausbildung.htm HTTP/1.1" 200 2131 "-" "Mozilla/5.0 (compatible; SISTRIX Crawler; http://crawler.sistrix.net/)"
