66.249.65.193 - - [01/Feb/2015:02:28:54 +0100] "GET / HTTP/1.1" 200 9384 "-" "Mozilla/5.0 (compatible; Googlebot/2.1; +http://www.google.com/bot.html)"
66.249.65.197 - - [01/Feb/2015:03:24:01 +0100] "GET /dienstkleidung/ HTTP/1.1" 304 - "-" "Mozilla/5.0 (compatible; Googlebot/2.1; +http://www.google.com/bot.html)"
180.76.6.144 - - [01/Feb/2015:11:04:26 +0100] "GET /robots.txt HTTP/1.1" 200 317 "-" "Mozilla/5.0 (Windows NT 5.1; rv:6.0.2) Gecko/20100101 Firefox/6.0.2"
180.76.6.143 - - [01/Feb/2015:11:05:31 +0100] "GET / HTTP/1.1" 200 9384 "-" "Mozilla/5.0 (compatible; Baiduspider/2.0; +http://www.baidu.com/search/spider.html)"
192.99.107.190 - - [01/Feb/2015:13:11:06 +0100] "GET /robots.txt HTTP/1.1" 200 317 "-" "Mozilla/5.0 (compatible; meanpathbot/1.0; +http://www.meanpath.com/meanpathbot.html)"
192.99.107.190 - - [01/Feb/2015:13:11:06 +0100] "GET / HTTP/1.1" 200 9384 "-" "Mozilla/5.0 (compatible; meanpathbot/1.0; +http://www.meanpath.com/meanpathbot.html)"
157.55.39.139 - - [01/Feb/2015:22:28:12 +0100] "GET /robots.txt HTTP/1.1" 200 317 "-" "Mozilla/5.0 (compatible; bingbot/2.0; +http://www.bing.com/bingbot.htm)"
157.55.39.139 - - [01/Feb/2015:22:28:13 +0100] "GET /service-leipzig.html HTTP/1.1" 304 - "-" "Mozilla/5.0 (compatible; bingbot/2.0; +http://www.bing.com/bingbot.htm)"
66.249.78.69 - - [03/Feb/2015:11:58:41 +0100] "GET /robots.txt HTTP/1.1" 200 317 "-" "Mozilla/5.0 (compatible; Googlebot/2.1; +http://www.google.com/bot.html)"
66.249.64.88 - - [03/Feb/2015:11:58:41 +0100] "GET / HTTP/1.1" 200 9384 "-" "Mozilla/5.0 (iPhone; CPU iPhone OS 6_0 like Mac OS X) AppleWebKit/536.26 (KHTML, like Gecko) Version/6.0 Mobile/10A5376e Safari/8536.25 (compatible; Googlebot/2.1; +http://www.google.com/bot.html)"
141.8.147.12 - - [03/Feb/2015:12:44:29 +0100] "GET /robots.txt HTTP/1.1" 200 317 "-" "Mozilla/5.0 (compatible; YandexBot/3.0; +http://yandex.com/bots)"
141.8.147.12 - - [03/Feb/2015:12:44:32 +0100] "GET / HTTP/1.1" 200 9384 "-" "Mozilla/5.0 (compatible; YandexBot/3.0; +http://yandex.com/bots)"
141.8.147.12 - - [03/Feb/2015:12:44:38 +0100] "GET / HTTP/1.1" 200 9384 "-" "Mozilla/5.0 (compatible; YandexBot/3.0; +http://yandex.com/bots)"
93.186.202.239 - - [03/Feb/2015:19:27:56 +0100] "GET /impressum.html HTTP/1.1" 200 9131 "-" "Mozilla/5.0 (X11; U; Linux i686; en-US; rv:1.9.1.16) Gecko/20120421 Firefox/11.0"
93.186.202.239 - - [03/Feb/2015:19:27:56 +0100] "GET /ansprechpartner.html HTTP/1.1" 200 11819 "-" "Mozilla/5.0 (Windows NT 6.1; rv:12.0) Gecko/ 20120405 Firefox/14.0.1"
93.186.202.239 - - [03/Feb/2015:19:27:56 +0100] "GET /karriere.html HTTP/1.1" 200 10442 "-" "Mozilla/5.0 (compatible; MSIE 10.0; Windows NT 6.1; WOW64; Trident/6.0)"
93.186.202.239 - - [03/Feb/2015:19:27:56 +0100] "GET /berufsbekleidung-ready-to-wear.html HTTP/1.1" 200 13745 "-" "Mozilla/5.0 (X11; Ubuntu; Linux x86_64; rv:21.0) Gecko/20100101 Firefox/21.0"
66.249.78.62 - - [03/Feb/2015:20:00:55 +0100] "GET / HTTP/1.1" 200 9384 "-" "Mozilla/5.0 (iPhone; CPU iPhone OS 6_0 like Mac OS X) AppleWebKit/536.26 (KHTML, like Gecko) Version/6.0 Mobile/10A5376e Safari/8536.25 (compatible; Googlebot/2.1; +http://www.google.com/bot.html)"
157.55.39.29 - - [04/Feb/2015:03:55:05 +0100] "GET /service-pankow.html HTTP/1.1" 304 - "-" "Mozilla/5.0 (compatible; bingbot/2.0; +http://www.bing.com/bingbot.htm)"
66.249.78.76 - - [04/Feb/2015:19:57:47 +0100] "GET /robots.txt HTTP/1.1" 200 317 "-" "Mozilla/5.0 (compatible; Googlebot/2.1; +http://www.google.com/bot.html)"
66.249.78.62 - - [04/Feb/2015:19:57:48 +0100] "GET / HTTP/1.1" 200 9384 "-" "Mozilla/5.0 (iPhone; CPU iPhone OS 6_0 like Mac OS X) AppleWebKit/536.26 (KHTML, like Gecko) Version/6.0 Mobile/10A5376e Safari/8536.25 (compatible; Googlebot/2.1; +http://www.google.com/bot.html)"
207.46.13.38 - - [05/Feb/2015:02:12:52 +0100] "GET /robots.txt HTTP/1.1" 200 317 "-" "Mozilla/5.0 (compatible; bingbot/2.0; +http://www.bing.com/bingbot.htm)"
207.46.13.38 - - [05/Feb/2015:02:13:00 +0100] "GET /service-bochum.html HTTP/1.1" 304 - "-" "Mozilla/5.0 (compatible; bingbot/2.0; +http://www.bing.com/bingbot.htm)"
66.249.78.62 - - [05/Feb/2015:12:33:08 +0100] "GET /vbsgrmouoz.html HTTP/1.1" 302 341 "-" "Mozilla/5.0 (compatible; Googlebot/2.1; +http://www.google.com/bot.html)"
141.8.147.12 - - [05/Feb/2015:12:49:39 +0100] "GET /robots.txt HTTP/1.1" 200 317 "-" "Mozilla/5.0 (compatible; YandexBot/3.0; +http://yandex.com/bots)"
141.8.147.12 - - [05/Feb/2015:12:49:42 +0100] "GET / HTTP/1.1" 200 9384 "-" "Mozilla/5.0 (compatible; YandexBot/3.0; +http://yandex.com/bots)"
141.8.147.12 - - [05/Feb/2015:12:49:45 +0100] "GET / HTTP/1.1" 200 9384 "-" "Mozilla/5.0 (compatible; YandexBot/3.0; +http://yandex.com/bots)"
104.131.210.16 - - [05/Feb/2015:19:50:50 +0100] "GET / HTTP/1.0" 200 9384 "-" "Mozilla/5.0 (compatible; NetcraftSurveyAgent/1.0; +info@netcraft.com)"
66.249.78.76 - - [06/Feb/2015:07:58:20 +0100] "GET /robots.txt HTTP/1.1" 200 317 "-" "Mozilla/5.0 (compatible; Googlebot/2.1; +http://www.google.com/bot.html)"
66.249.78.62 - - [06/Feb/2015:07:58:20 +0100] "GET /qualitaet.html HTTP/1.1" 200 10291 "-" "Mozilla/5.0 (iPhone; CPU iPhone OS 6_0 like Mac OS X) AppleWebKit/536.26 (KHTML, like Gecko) Version/6.0 Mobile/10A5376e Safari/8536.25 (compatible; Googlebot/2.1; +http://www.google.com/bot.html)"
54.183.153.209 - - [06/Feb/2015:13:33:48 +0100] "GET / HTTP/1.1" 200 9384 "-" "Mozilla/5.0 (compatible; Owler/0.4; +; )"
54.183.153.209 - - [06/Feb/2015:13:33:48 +0100] "GET /css/normalize.css HTTP/1.1" 200 3753 "-" "Mozilla/5.0 (compatible; Owler/0.4; +; )"
54.183.153.209 - - [06/Feb/2015:13:33:49 +0100] "GET /css/default.css HTTP/1.1" 200 25906 "-" "Mozilla/5.0 (compatible; Owler/0.4; +; )"
54.183.153.209 - - [06/Feb/2015:13:33:51 +0100] "GET /images/logo-200px.png HTTP/1.1" 200 5388 "-" "Mozilla/5.0 (compatible; Owler/0.4; +; )"
192.99.107.100 - - [06/Feb/2015:15:48:44 +0100] "GET /robots.txt HTTP/1.1" 200 317 "-" "Mozilla/5.0 (compatible; meanpathbot/1.0; +http://www.meanpath.com/meanpathbot.html)"
192.99.107.100 - - [06/Feb/2015:15:48:45 +0100] "GET / HTTP/1.1" 200 9384 "-" "Mozilla/5.0 (compatible; meanpathbot/1.0; +http://www.meanpath.com/meanpathbot.html)"
66.249.78.69 - - [06/Feb/2015:21:07:30 +0100] "GET / HTTP/1.1" 200 9384 "-" "Mozilla/5.0 (compatible; Googlebot/2.1; +http://www.google.com/bot.html)"
66.249.78.69 - - [06/Feb/2015:21:10:51 +0100] "GET /karriere.html HTTP/1.1" 200 10442 "-" "Mozilla/5.0 (compatible; Googlebot/2.1; +http://www.google.com/bot.html)"
66.249.78.62 - - [06/Feb/2015:21:11:01 +0100] "GET /firmenkleidung/ HTTP/1.1" 200 13960 "-" "Mozilla/5.0 (compatible; Googlebot/2.1; +http://www.google.com/bot.html)"
66.249.78.62 - - [07/Feb/2015:04:04:13 +0100] "GET /karriere.html HTTP/1.1" 304 - "-" "Mozilla/5.0 (compatible; Googlebot/2.1; +http://www.google.com/bot.html)"
66.249.78.76 - - [07/Feb/2015:08:19:49 +0100] "GET /robots.txt HTTP/1.1" 200 317 "-" "Mozilla/5.0 (compatible; Googlebot/2.1; +http://www.google.com/bot.html)"
66.249.78.69 - - [07/Feb/2015:08:19:49 +0100] "GET /dienstkleidung/ HTTP/1.1" 304 - "-" "Mozilla/5.0 (iPhone; CPU iPhone OS 6_0 like Mac OS X) AppleWebKit/536.26 (KHTML, like Gecko) Version/6.0 Mobile/10A5376e Safari/8536.25 (compatible; Googlebot/2.1; +http://www.google.com/bot.html)"
66.249.78.69 - - [07/Feb/2015:09:18:39 +0100] "GET /firmenkleidung/ HTTP/1.1" 304 - "-" "Mozilla/5.0 (compatible; Googlebot/2.1; +http://www.google.com/bot.html)"
176.9.50.42 - - [07/Feb/2015:09:51:24 +0100] "GET / HTTP/1.1" 200 9384 "-" "Mozilla/2.0 (compatible; crw)"
141.8.147.12 - - [07/Feb/2015:13:50:55 +0100] "GET /robots.txt HTTP/1.1" 200 317 "-" "Mozilla/5.0 (compatible; YandexBot/3.0; +http://yandex.com/bots)"
141.8.147.12 - - [07/Feb/2015:13:50:57 +0100] "GET / HTTP/1.1" 200 9384 "-" "Mozilla/5.0 (compatible; YandexBot/3.0; +http://yandex.com/bots)"
141.8.147.12 - - [07/Feb/2015:13:51:01 +0100] "GET / HTTP/1.1" 200 9384 "-" "Mozilla/5.0 (compatible; YandexBot/3.0; +http://yandex.com/bots)"
66.249.75.64 - - [07/Feb/2015:19:03:54 +0100] "GET /robots.txt HTTP/1.1" 200 317 "-" "Mozilla/5.0 (compatible; Googlebot/2.1; +http://www.google.com/bot.html)"
66.249.75.48 - - [07/Feb/2015:19:03:54 +0100] "GET /firmenkleidung/ HTTP/1.1" 304 - "-" "Mozilla/5.0 (iPhone; CPU iPhone OS 6_0 like Mac OS X) AppleWebKit/536.26 (KHTML, like Gecko) Version/6.0 Mobile/10A5376e Safari/8536.25 (compatible; Googlebot/2.1; +http://www.google.com/bot.html)"
173.208.177.59 - - [08/Feb/2015:05:47:44 +0100] "HEAD /wp-login.php HTTP/1.1" 302 - "-" "-"
144.76.8.132 - - [08/Feb/2015:07:42:55 +0100] "GET /robots.txt HTTP/1.0" 200 317 "-" "Mozilla/5.0 (compatible; MJ12bot/v1.4.5; http://www.majestic12.co.uk/bot.php?+)"
144.76.8.132 - - [08/Feb/2015:07:42:57 +0100] "GET / HTTP/1.0" 200 9384 "-" "Mozilla/5.0 (compatible; MJ12bot/v1.4.5; http://www.majestic12.co.uk/bot.php?+)"
66.249.75.64 - - [08/Feb/2015:10:18:24 +0100] "GET /retourenbeleg/ HTTP/1.1" 200 9054 "-" "Mozilla/5.0 (compatible; Googlebot/2.1; +http://www.google.com/bot.html)"
66.249.75.48 - - [08/Feb/2015:12:13:44 +0100] "GET /dienstkleidung/ HTTP/1.1" 304 - "-" "Mozilla/5.0 (iPhone; CPU iPhone OS 6_0 like Mac OS X) AppleWebKit/536.26 (KHTML, like Gecko) Version/6.0 Mobile/10A5376e Safari/8536.25 (compatible; Googlebot/2.1; +http://www.google.com/bot.html)"
130.211.172.254 - - [08/Feb/2015:17:12:30 +0100] "HEAD / HTTP/1.1" 200 - "-" "-"
162.243.62.196 - - [09/Feb/2015:02:46:22 +0100] "GET /robots.txt HTTP/1.1" 200 317 "-" "Mozilla/5.0 (compatible; spbot/4.4.2; +http://OpenLinkProfiler.org/bot )"
162.243.62.196 - - [09/Feb/2015:02:46:26 +0100] "GET / HTTP/1.1" 200 9384 "-" "Mozilla/5.0 (compatible; spbot/4.4.2; +http://OpenLinkProfiler.org/bot )"
162.243.62.196 - - [09/Feb/2015:02:46:27 +0100] "GET /agb.html HTTP/1.1" 200 15721 "http://www.hotelkleidung.com/" "Mozilla/5.0 (compatible; spbot/4.4.2; +http://OpenLinkProfiler.org/bot )"
162.243.62.196 - - [09/Feb/2015:02:46:31 +0100] "GET /aeb.html HTTP/1.1" 200 20161 "http://www.hotelkleidung.com/" "Mozilla/5.0 (compatible; spbot/4.4.2; +http://OpenLinkProfiler.org/bot )"
162.243.62.196 - - [09/Feb/2015:02:46:37 +0100] "GET /index.html HTTP/1.1" 200 9384 "http://www.hotelkleidung.com/" "Mozilla/5.0 (compatible; spbot/4.4.2; +http://OpenLinkProfiler.org/bot )"
162.243.62.196 - - [09/Feb/2015:02:46:41 +0100] "GET /kunden.html HTTP/1.1" 200 11357 "http://www.hotelkleidung.com/" "Mozilla/5.0 (compatible; spbot/4.4.2; +http://OpenLinkProfiler.org/bot )"
162.243.62.196 - - [09/Feb/2015:02:46:47 +0100] "GET /awards.html HTTP/1.1" 200 10766 "http://www.hotelkleidung.com/" "Mozilla/5.0 (compatible; spbot/4.4.2; +http://OpenLinkProfiler.org/bot )"
162.243.62.196 - - [09/Feb/2015:02:46:52 +0100] "GET /versand.html HTTP/1.1" 200 10079 "http://www.hotelkleidung.com/" "Mozilla/5.0 (compatible; spbot/4.4.2; +http://OpenLinkProfiler.org/bot )"
162.243.62.196 - - [09/Feb/2015:02:46:57 +0100] "GET /glossar.html HTTP/1.1" 302 341 "http://www.hotelkleidung.com/" "Mozilla/5.0 (compatible; spbot/4.4.2; +http://OpenLinkProfiler.org/bot )"
162.243.62.196 - - [09/Feb/2015:02:47:02 +0100] "GET /anfrage.html HTTP/1.1" 200 9972 "http://www.hotelkleidung.com/" "Mozilla/5.0 (compatible; spbot/4.4.2; +http://OpenLinkProfiler.org/bot )"
162.243.62.196 - - [09/Feb/2015:02:47:06 +0100] "GET /support.html HTTP/1.1" 200 9968 "http://www.hotelkleidung.com/" "Mozilla/5.0 (compatible; spbot/4.4.2; +http://OpenLinkProfiler.org/bot )"
162.243.62.196 - - [09/Feb/2015:02:47:12 +0100] "GET /anfahrt.html HTTP/1.1" 200 9647 "http://www.hotelkleidung.com/" "Mozilla/5.0 (compatible; spbot/4.4.2; +http://OpenLinkProfiler.org/bot )"
162.243.62.196 - - [09/Feb/2015:02:47:16 +0100] "GET /anspruch.html HTTP/1.1" 200 9615 "http://www.hotelkleidung.com/" "Mozilla/5.0 (compatible; spbot/4.4.2; +http://OpenLinkProfiler.org/bot )"
162.243.62.196 - - [09/Feb/2015:02:47:22 +0100] "GET /beratung.html HTTP/1.1" 200 11140 "http://www.hotelkleidung.com/" "Mozilla/5.0 (compatible; spbot/4.4.2; +http://OpenLinkProfiler.org/bot )"
162.243.62.196 - - [09/Feb/2015:02:47:27 +0100] "GET /karriere.html HTTP/1.1" 200 10442 "http://www.hotelkleidung.com/" "Mozilla/5.0 (compatible; spbot/4.4.2; +http://OpenLinkProfiler.org/bot )"
162.243.62.196 - - [09/Feb/2015:02:47:31 +0100] "GET /qualitaet.html HTTP/1.1" 200 10291 "http://www.hotelkleidung.com/" "Mozilla/5.0 (compatible; spbot/4.4.2; +http://OpenLinkProfiler.org/bot )"
162.243.62.196 - - [09/Feb/2015:02:47:37 +0100] "GET /anmeldung.html HTTP/1.1" 200 8885 "http://www.hotelkleidung.com/" "Mozilla/5.0 (compatible; spbot/4.4.2; +http://OpenLinkProfiler.org/bot )"
162.243.62.196 - - [09/Feb/2015:02:47:41 +0100] "GET /retourenbeleg/ HTTP/1.1" 200 9054 "http://www.hotelkleidung.com/" "Mozilla/5.0 (compatible; spbot/4.4.2; +http://OpenLinkProfiler.org/bot )"
162.243.62.196 - - [09/Feb/2015:02:47:47 +0100] "GET /reporting.html HTTP/1.1" 200 9380 "http://www.hotelkleidung.com/" "Mozilla/5.0 (compatible; spbot/4.4.2; +http://OpenLinkProfiler.org/bot )"
162.243.62.196 - - [09/Feb/2015:02:47:52 +0100] "GET /impressum.html HTTP/1.1" 200 9131 "http://www.hotelkleidung.com/" "Mozilla/5.0 (compatible; spbot/4.4.2; +http://OpenLinkProfiler.org/bot )"
162.243.62.196 - - [09/Feb/2015:02:47:56 +0100] "GET /aktuelles.html HTTP/1.1" 200 8954 "http://www.hotelkleidung.com/" "Mozilla/5.0 (compatible; spbot/4.4.2; +http://OpenLinkProfiler.org/bot )"
162.243.62.196 - - [09/Feb/2015:02:48:02 +0100] "GET /dienstkleidung/ HTTP/1.1" 200 15484 "http://www.hotelkleidung.com/" "Mozilla/5.0 (compatible; spbot/4.4.2; +http://OpenLinkProfiler.org/bot )"
162.243.62.196 - - [09/Feb/2015:02:48:06 +0100] "GET /firmenkleidung/ HTTP/1.1" 200 13960 "http://www.hotelkleidung.com/" "Mozilla/5.0 (compatible; spbot/4.4.2; +http://OpenLinkProfiler.org/bot )"
162.243.62.196 - - [09/Feb/2015:02:48:12 +0100] "GET /statements.html HTTP/1.1" 200 17111 "http://www.hotelkleidung.com/" "Mozilla/5.0 (compatible; spbot/4.4.2; +http://OpenLinkProfiler.org/bot )"
162.243.62.196 - - [09/Feb/2015:02:48:16 +0100] "GET /datenschutz.html HTTP/1.1" 200 16547 "http://www.hotelkleidung.com/" "Mozilla/5.0 (compatible; spbot/4.4.2; +http://OpenLinkProfiler.org/bot )"
162.243.62.196 - - [09/Feb/2015:02:48:22 +0100] "GET /abg.html HTTP/1.1" 302 341 "http://www.hotelkleidung.com/datenschutz.html" "Mozilla/5.0 (compatible; spbot/4.4.2; +http://OpenLinkProfiler.org/bot )"
162.243.62.196 - - [09/Feb/2015:02:48:26 +0100] "GET /berufsbekleidung/ HTTP/1.1" 200 16641 "http://www.hotelkleidung.com/" "Mozilla/5.0 (compatible; spbot/4.4.2; +http://OpenLinkProfiler.org/bot )"
162.243.62.196 - - [09/Feb/2015:02:48:32 +0100] "GET /bestellungen.html HTTP/1.1" 200 9578 "http://www.hotelkleidung.com/" "Mozilla/5.0 (compatible; spbot/4.4.2; +http://OpenLinkProfiler.org/bot )"
162.243.62.196 - - [09/Feb/2015:02:48:36 +0100] "GET /firmenprofil.html HTTP/1.1" 200 10980 "http://www.hotelkleidung.com/" "Mozilla/5.0 (compatible; spbot/4.4.2; +http://OpenLinkProfiler.org/bot )"
162.243.62.196 - - [09/Feb/2015:02:48:42 +0100] "GET /service-koeln.html HTTP/1.1" 200 11830 "http://www.hotelkleidung.com/" "Mozilla/5.0 (compatible; spbot/4.4.2; +http://OpenLinkProfiler.org/bot )"
162.243.62.196 - - [09/Feb/2015:02:48:46 +0100] "GET /corporate-fashion/ HTTP/1.1" 200 17204 "http://www.hotelkleidung.com/" "Mozilla/5.0 (compatible; spbot/4.4.2; +http://OpenLinkProfiler.org/bot )"
162.243.62.196 - - [09/Feb/2015:02:48:51 +0100] "GET /service-pankow.html HTTP/1.1" 200 12282 "http://www.hotelkleidung.com/" "Mozilla/5.0 (compatible; spbot/4.4.2; +http://OpenLinkProfiler.org/bot )"
162.243.62.196 - - [09/Feb/2015:02:48:57 +0100] "GET /service-bochum.html HTTP/1.1" 200 11866 "http://www.hotelkleidung.com/" "Mozilla/5.0 (compatible; spbot/4.4.2; +http://OpenLinkProfiler.org/bot )"
162.243.62.196 - - [09/Feb/2015:02:49:01 +0100] "GET /verfuegbarkeit.html HTTP/1.1" 200 9592 "http://www.hotelkleidung.com/" "Mozilla/5.0 (compatible; spbot/4.4.2; +http://OpenLinkProfiler.org/bot )"
162.243.62.196 - - [09/Feb/2015:02:49:06 +0100] "GET /ansprechpartner.html HTTP/1.1" 200 11819 "http://www.hotelkleidung.com/" "Mozilla/5.0 (compatible; spbot/4.4.2; +http://OpenLinkProfiler.org/bot )"
162.243.62.196 - - [09/Feb/2015:02:49:12 +0100] "GET /service-leipzig.html HTTP/1.1" 200 11965 "http://www.hotelkleidung.com/" "Mozilla/5.0 (compatible; spbot/4.4.2; +http://OpenLinkProfiler.org/bot )"
162.243.62.196 - - [09/Feb/2015:02:49:16 +0100] "GET /service-schoeneberg HTTP/1.1" 302 341 "http://www.hotelkleidung.com/service-leipzig.html" "Mozilla/5.0 (compatible; spbot/4.4.2; +http://OpenLinkProfiler.org/bot )"
162.243.62.196 - - [09/Feb/2015:02:49:22 +0100] "GET /zertifizierungen.html HTTP/1.1" 200 11982 "http://www.hotelkleidung.com/" "Mozilla/5.0 (compatible; spbot/4.4.2; +http://OpenLinkProfiler.org/bot )"
162.243.62.196 - - [09/Feb/2015:02:49:27 +0100] "GET /service-frankfurt.html HTTP/1.1" 200 12295 "http://www.hotelkleidung.com/" "Mozilla/5.0 (compatible; spbot/4.4.2; +http://OpenLinkProfiler.org/bot )"
162.243.62.196 - - [09/Feb/2015:02:49:31 +0100] "GET /haftungsausschluss.html HTTP/1.1" 200 11100 "http://www.hotelkleidung.com/" "Mozilla/5.0 (compatible; spbot/4.4.2; +http://OpenLinkProfiler.org/bot )"
162.243.62.196 - - [09/Feb/2015:02:49:37 +0100] "GET /unternehmensbekleidung/ HTTP/1.1" 200 13096 "http://www.hotelkleidung.com/" "Mozilla/5.0 (compatible; spbot/4.4.2; +http://OpenLinkProfiler.org/bot )"
162.243.62.196 - - [09/Feb/2015:02:49:41 +0100] "GET /service-schoeneberg.html HTTP/1.1" 200 12331 "http://www.hotelkleidung.com/" "Mozilla/5.0 (compatible; spbot/4.4.2; +http://OpenLinkProfiler.org/bot )"
162.243.62.196 - - [09/Feb/2015:02:49:47 +0100] "GET /dienstkleidung-image-to-wear.html HTTP/1.1" 200 13779 "http://www.hotelkleidung.com/" "Mozilla/5.0 (compatible; spbot/4.4.2; +http://OpenLinkProfiler.org/bot )"
162.243.62.196 - - [09/Feb/2015:02:49:51 +0100] "GET /berufsbekleidung-ready-to-wear.html HTTP/1.1" 200 13745 "http://www.hotelkleidung.com/" "Mozilla/5.0 (compatible; spbot/4.4.2; +http://OpenLinkProfiler.org/bot )"
136.243.14.137 - - [09/Feb/2015:11:41:32 +0100] "GET /robots.txt HTTP/1.0" 200 317 "-" "Mozilla/5.0 (compatible; MJ12bot/v1.4.5; http://www.majestic12.co.uk/bot.php?+)"
136.243.14.137 - - [09/Feb/2015:11:41:37 +0100] "GET /aeb.html HTTP/1.0" 200 20161 "-" "Mozilla/5.0 (compatible; MJ12bot/v1.4.5; http://www.majestic12.co.uk/bot.php?+)"
136.243.14.137 - - [09/Feb/2015:11:41:39 +0100] "GET /agb.html HTTP/1.0" 200 15721 "-" "Mozilla/5.0 (compatible; MJ12bot/v1.4.5; http://www.majestic12.co.uk/bot.php?+)"
136.243.14.137 - - [09/Feb/2015:11:41:41 +0100] "GET /aktuelles.html HTTP/1.0" 200 8954 "-" "Mozilla/5.0 (compatible; MJ12bot/v1.4.5; http://www.majestic12.co.uk/bot.php?+)"
136.243.14.137 - - [09/Feb/2015:11:41:44 +0100] "GET /anfahrt.html HTTP/1.0" 200 9647 "-" "Mozilla/5.0 (compatible; MJ12bot/v1.4.5; http://www.majestic12.co.uk/bot.php?+)"
136.243.14.137 - - [09/Feb/2015:11:41:46 +0100] "GET /anfrage.html HTTP/1.0" 200 9972 "-" "Mozilla/5.0 (compatible; MJ12bot/v1.4.5; http://www.majestic12.co.uk/bot.php?+)"
136.243.14.137 - - [09/Feb/2015:11:41:48 +0100] "GET /anmeldung.html HTTP/1.0" 200 8885 "-" "Mozilla/5.0 (compatible; MJ12bot/v1.4.5; http://www.majestic12.co.uk/bot.php?+)"
136.243.14.137 - - [09/Feb/2015:11:41:52 +0100] "GET /ansprechpartner.html HTTP/1.0" 200 11819 "-" "Mozilla/5.0 (compatible; MJ12bot/v1.4.5; http://www.majestic12.co.uk/bot.php?+)"
136.243.14.137 - - [09/Feb/2015:11:41:59 +0100] "GET /anspruch.html HTTP/1.0" 200 9615 "-" "Mozilla/5.0 (compatible; MJ12bot/v1.4.5; http://www.majestic12.co.uk/bot.php?+)"
136.243.14.137 - - [09/Feb/2015:11:42:03 +0100] "GET /awards.html HTTP/1.0" 200 10766 "-" "Mozilla/5.0 (compatible; MJ12bot/v1.4.5; http://www.majestic12.co.uk/bot.php?+)"
136.243.14.137 - - [09/Feb/2015:11:42:05 +0100] "GET /beratung.html HTTP/1.0" 200 11140 "-" "Mozilla/5.0 (compatible; MJ12bot/v1.4.5; http://www.majestic12.co.uk/bot.php?+)"
136.243.14.137 - - [09/Feb/2015:11:42:07 +0100] "GET /berufsbekleidung-ready-to-wear.html HTTP/1.0" 200 13745 "-" "Mozilla/5.0 (compatible; MJ12bot/v1.4.5; http://www.majestic12.co.uk/bot.php?+)"
136.243.14.137 - - [09/Feb/2015:11:42:11 +0100] "GET /bestellungen.html HTTP/1.0" 200 9578 "-" "Mozilla/5.0 (compatible; MJ12bot/v1.4.5; http://www.majestic12.co.uk/bot.php?+)"
136.243.14.137 - - [09/Feb/2015:11:42:16 +0100] "GET /datenschutz.html HTTP/1.0" 200 16547 "-" "Mozilla/5.0 (compatible; MJ12bot/v1.4.5; http://www.majestic12.co.uk/bot.php?+)"
136.243.14.137 - - [09/Feb/2015:11:42:20 +0100] "GET /dienstkleidung-image-to-wear.html HTTP/1.0" 200 13779 "-" "Mozilla/5.0 (compatible; MJ12bot/v1.4.5; http://www.majestic12.co.uk/bot.php?+)"
136.243.14.137 - - [09/Feb/2015:11:42:24 +0100] "GET /firmenprofil.html HTTP/1.0" 200 10980 "-" "Mozilla/5.0 (compatible; MJ12bot/v1.4.5; http://www.majestic12.co.uk/bot.php?+)"
136.243.14.137 - - [09/Feb/2015:11:42:34 +0100] "GET /glossar.html HTTP/1.0" 302 341 "-" "Mozilla/5.0 (compatible; MJ12bot/v1.4.5; http://www.majestic12.co.uk/bot.php?+)"
136.243.14.137 - - [09/Feb/2015:11:42:40 +0100] "GET /haftungsausschluss.html HTTP/1.0" 200 11100 "-" "Mozilla/5.0 (compatible; MJ12bot/v1.4.5; http://www.majestic12.co.uk/bot.php?+)"
136.243.14.137 - - [09/Feb/2015:11:42:45 +0100] "GET /impressum.html HTTP/1.0" 200 9131 "-" "Mozilla/5.0 (compatible; MJ12bot/v1.4.5; http://www.majestic12.co.uk/bot.php?+)"
136.243.14.137 - - [09/Feb/2015:11:42:48 +0100] "GET /index.html HTTP/1.0" 200 9384 "-" "Mozilla/5.0 (compatible; MJ12bot/v1.4.5; http://www.majestic12.co.uk/bot.php?+)"
136.243.14.137 - - [09/Feb/2015:11:42:54 +0100] "GET /karriere.html HTTP/1.0" 200 10442 "-" "Mozilla/5.0 (compatible; MJ12bot/v1.4.5; http://www.majestic12.co.uk/bot.php?+)"
136.243.14.137 - - [09/Feb/2015:11:43:01 +0100] "GET /kunden.html HTTP/1.0" 200 11357 "-" "Mozilla/5.0 (compatible; MJ12bot/v1.4.5; http://www.majestic12.co.uk/bot.php?+)"
136.243.14.137 - - [09/Feb/2015:11:43:05 +0100] "GET /qualitaet.html HTTP/1.0" 200 10291 "-" "Mozilla/5.0 (compatible; MJ12bot/v1.4.5; http://www.majestic12.co.uk/bot.php?+)"
136.243.14.137 - - [09/Feb/2015:11:43:10 +0100] "GET /reporting.html HTTP/1.0" 200 9380 "-" "Mozilla/5.0 (compatible; MJ12bot/v1.4.5; http://www.majestic12.co.uk/bot.php?+)"
136.243.14.137 - - [09/Feb/2015:11:43:15 +0100] "GET /service-bochum.html HTTP/1.0" 200 11866 "-" "Mozilla/5.0 (compatible; MJ12bot/v1.4.5; http://www.majestic12.co.uk/bot.php?+)"
136.243.14.137 - - [09/Feb/2015:11:43:17 +0100] "GET /service-frankfurt.html HTTP/1.0" 200 12295 "-" "Mozilla/5.0 (compatible; MJ12bot/v1.4.5; http://www.majestic12.co.uk/bot.php?+)"
136.243.14.137 - - [09/Feb/2015:11:43:20 +0100] "GET /service-koeln.html HTTP/1.0" 200 11830 "-" "Mozilla/5.0 (compatible; MJ12bot/v1.4.5; http://www.majestic12.co.uk/bot.php?+)"
136.243.14.137 - - [09/Feb/2015:11:43:23 +0100] "GET /service-leipzig.html HTTP/1.0" 200 11965 "-" "Mozilla/5.0 (compatible; MJ12bot/v1.4.5; http://www.majestic12.co.uk/bot.php?+)"
136.243.14.137 - - [09/Feb/2015:11:43:27 +0100] "GET /service-pankow.html HTTP/1.0" 200 12282 "-" "Mozilla/5.0 (compatible; MJ12bot/v1.4.5; http://www.majestic12.co.uk/bot.php?+)"
136.243.14.137 - - [09/Feb/2015:11:43:31 +0100] "GET /service-schoeneberg.html HTTP/1.0" 200 12331 "-" "Mozilla/5.0 (compatible; MJ12bot/v1.4.5; http://www.majestic12.co.uk/bot.php?+)"
136.243.14.137 - - [09/Feb/2015:11:43:36 +0100] "GET /statements.html HTTP/1.0" 200 17111 "-" "Mozilla/5.0 (compatible; MJ12bot/v1.4.5; http://www.majestic12.co.uk/bot.php?+)"
136.243.14.137 - - [09/Feb/2015:11:43:43 +0100] "GET /support.html HTTP/1.0" 200 9968 "-" "Mozilla/5.0 (compatible; MJ12bot/v1.4.5; http://www.majestic12.co.uk/bot.php?+)"
136.243.14.137 - - [09/Feb/2015:11:43:48 +0100] "GET /verfuegbarkeit.html HTTP/1.0" 200 9592 "-" "Mozilla/5.0 (compatible; MJ12bot/v1.4.5; http://www.majestic12.co.uk/bot.php?+)"
136.243.14.137 - - [09/Feb/2015:11:43:53 +0100] "GET /versand.html HTTP/1.0" 200 10079 "-" "Mozilla/5.0 (compatible; MJ12bot/v1.4.5; http://www.majestic12.co.uk/bot.php?+)"
136.243.14.137 - - [09/Feb/2015:11:44:01 +0100] "GET /zertifizierungen.html HTTP/1.0" 200 11982 "-" "Mozilla/5.0 (compatible; MJ12bot/v1.4.5; http://www.majestic12.co.uk/bot.php?+)"
141.8.147.12 - - [09/Feb/2015:11:44:58 +0100] "GET /robots.txt HTTP/1.1" 200 317 "-" "Mozilla/5.0 (compatible; YandexBot/3.0; +http://yandex.com/bots)"
141.8.147.12 - - [09/Feb/2015:11:45:00 +0100] "GET / HTTP/1.1" 200 9384 "-" "Mozilla/5.0 (compatible; YandexBot/3.0; +http://yandex.com/bots)"
141.8.147.12 - - [09/Feb/2015:11:45:04 +0100] "GET / HTTP/1.1" 200 9384 "-" "Mozilla/5.0 (compatible; YandexBot/3.0; +http://yandex.com/bots)"
173.208.177.59 - - [09/Feb/2015:12:03:27 +0100] "HEAD /js/fckeditor/editor/ HTTP/1.1" 302 - "-" "-"
173.208.177.59 - - [09/Feb/2015:12:03:27 +0100] "HEAD /fckeditor/editor/ HTTP/1.1" 302 - "-" "-"
173.208.177.59 - - [09/Feb/2015:12:03:27 +0100] "HEAD /manage/fckeditor/editor/ HTTP/1.1" 302 - "-" "-"
173.208.177.59 - - [09/Feb/2015:12:03:27 +0100] "HEAD /include/fckeditor/editor/ HTTP/1.1" 302 - "-" "-"
173.208.177.59 - - [09/Feb/2015:12:03:27 +0100] "HEAD /admin/fckeditor/editor/ HTTP/1.1" 302 - "-" "-"
69.58.178.59 - - [09/Feb/2015:23:56:19 +0100] "GET /robots.txt HTTP/1.1" 200 317 "-" "Mozilla/5.0 (X11; Ubuntu; Linux i686; rv:14.0; ips-agent) Gecko/20100101 Firefox/14.0.1"
69.58.178.59 - - [09/Feb/2015:23:56:20 +0100] "GET / HTTP/1.1" 200 9384 "-" "Mozilla/5.0 (X11; Ubuntu; Linux i686; rv:14.0; ips-agent) Gecko/20100101 Firefox/14.0.1"
69.58.178.59 - - [09/Feb/2015:23:56:41 +0100] "GET / HTTP/1.1" 200 9384 "-" "Mozilla/5.0 (X11; Ubuntu; Linux i686; rv:14.0; ips-agent) Gecko/20100101 Firefox/14.0.1"
69.58.178.59 - - [09/Feb/2015:23:56:42 +0100] "GET /datenschutz.html HTTP/1.1" 200 16547 "-" "Mozilla/5.0 (X11; Ubuntu; Linux i686; rv:14.0; ips-agent) Gecko/20100101 Firefox/14.0.1"
69.58.178.59 - - [09/Feb/2015:23:56:44 +0100] "GET /firmenprofil.html HTTP/1.1" 200 10980 "-" "Mozilla/5.0 (X11; Ubuntu; Linux i686; rv:14.0; ips-agent) Gecko/20100101 Firefox/14.0.1"
69.58.178.59 - - [09/Feb/2015:23:56:45 +0100] "GET /anspruch.html HTTP/1.1" 200 9615 "-" "Mozilla/5.0 (X11; Ubuntu; Linux i686; rv:14.0; ips-agent) Gecko/20100101 Firefox/14.0.1"
69.58.178.59 - - [09/Feb/2015:23:56:47 +0100] "GET /zertifizierungen.html HTTP/1.1" 200 11982 "-" "Mozilla/5.0 (X11; Ubuntu; Linux i686; rv:14.0; ips-agent) Gecko/20100101 Firefox/14.0.1"
69.58.178.59 - - [09/Feb/2015:23:56:48 +0100] "GET /aktuelles.html HTTP/1.1" 200 8954 "-" "Mozilla/5.0 (X11; Ubuntu; Linux i686; rv:14.0; ips-agent) Gecko/20100101 Firefox/14.0.1"
69.58.178.59 - - [09/Feb/2015:23:56:49 +0100] "GET /karriere.html HTTP/1.1" 200 10442 "-" "Mozilla/5.0 (X11; Ubuntu; Linux i686; rv:14.0; ips-agent) Gecko/20100101 Firefox/14.0.1"
69.58.178.59 - - [09/Feb/2015:23:56:51 +0100] "GET /kunden.html HTTP/1.1" 200 11357 "-" "Mozilla/5.0 (X11; Ubuntu; Linux i686; rv:14.0; ips-agent) Gecko/20100101 Firefox/14.0.1"
69.58.178.59 - - [09/Feb/2015:23:56:52 +0100] "GET /statements.html HTTP/1.1" 200 17111 "-" "Mozilla/5.0 (X11; Ubuntu; Linux i686; rv:14.0; ips-agent) Gecko/20100101 Firefox/14.0.1"
69.58.178.59 - - [09/Feb/2015:23:56:53 +0100] "GET /awards.html HTTP/1.1" 200 10766 "-" "Mozilla/5.0 (X11; Ubuntu; Linux i686; rv:14.0; ips-agent) Gecko/20100101 Firefox/14.0.1"
89.145.95.2 - - [10/Feb/2015:06:57:00 +0100] "GET / HTTP/1.1" 200 9384 "-" "Mozilla/5.0 (compatible; GrapeshotCrawler/2.0; +http://www.grapeshot.co.uk/crawler.php)"
178.63.49.82 - - [10/Feb/2015:13:18:36 +0100] "GET /robots.txt HTTP/1.0" 200 317 "-" "Mozilla/5.0 (compatible; MJ12bot/v1.4.5; http://www.majestic12.co.uk/bot.php?+)"
178.63.49.82 - - [10/Feb/2015:13:18:39 +0100] "GET /abg.html HTTP/1.0" 302 341 "-" "Mozilla/5.0 (compatible; MJ12bot/v1.4.5; http://www.majestic12.co.uk/bot.php?+)"
178.63.49.82 - - [10/Feb/2015:13:18:44 +0100] "GET /service-schoeneberg HTTP/1.0" 302 341 "-" "Mozilla/5.0 (compatible; MJ12bot/v1.4.5; http://www.majestic12.co.uk/bot.php?+)"
157.55.39.29 - - [10/Feb/2015:14:16:18 +0100] "GET /robots.txt HTTP/1.1" 200 317 "-" "Mozilla/5.0 (compatible; bingbot/2.0; +http://www.bing.com/bingbot.htm)"
157.55.39.29 - - [10/Feb/2015:14:20:08 +0100] "GET / HTTP/1.1" 304 - "-" "Mozilla/5.0 (compatible; bingbot/2.0; +http://www.bing.com/bingbot.htm)"
157.55.39.29 - - [10/Feb/2015:22:18:16 +0100] "GET /service-frankfurt.html HTTP/1.1" 304 - "-" "Mozilla/5.0 (compatible; bingbot/2.0; +http://www.bing.com/bingbot.htm)"
107.170.96.129 - - [11/Feb/2015:00:45:34 +0100] "GET / HTTP/1.0" 200 9384 "-" "Mozilla/5.0 (compatible; NetcraftSurveyAgent/1.0; +info@netcraft.com)"
46.229.170.197 - - [11/Feb/2015:08:44:42 +0100] "GET / HTTP/1.1" 200 9384 "-" "Mozilla/5.0 (Windows NT 5.1; U; rv:5.0) Gecko/20100101 Firefox/5.0"
157.55.39.186 - - [11/Feb/2015:21:09:36 +0100] "GET /berufsbekleidung-ready-to-wear.html HTTP/1.1" 304 - "-" "Mozilla/5.0 (compatible; bingbot/2.0; +http://www.bing.com/bingbot.htm)"
54.171.50.67 - - [12/Feb/2015:00:40:51 +0100] "GET / HTTP/1.1" 200 9384 "-" "Mozilla/4.0 (compatible; MSIE 7.0; Windows NT 5.1; Trident/4.0; chromeframe; .NET CLR 2.0.50727)"
66.249.78.69 - - [12/Feb/2015:00:58:59 +0100] "GET /robots.txt HTTP/1.1" 200 317 "-" "Mozilla/5.0 (compatible; Googlebot/2.1; +http://www.google.com/bot.html)"
66.249.78.62 - - [12/Feb/2015:00:58:59 +0100] "GET / HTTP/1.1" 200 9384 "-" "Mozilla/5.0 (iPhone; CPU iPhone OS 6_0 like Mac OS X) AppleWebKit/536.26 (KHTML, like Gecko) Version/6.0 Mobile/10A5376e Safari/8536.25 (compatible; Googlebot/2.1; +http://www.google.com/bot.html)"
144.76.201.69 - - [12/Feb/2015:08:59:26 +0100] "GET / HTTP/1.1" 200 9384 "-" "Mozilla/5.0 (Windows NT 5.1; rv:12.0) Gecko/20120403211507 Firefox/12.0"
144.76.201.69 - - [12/Feb/2015:08:59:27 +0100] "GET /karriere.html HTTP/1.1" 200 10442 "-" "Mozilla/5.0 (compatible; MSIE 10.0; Windows NT 6.1; Trident/4.0; InfoPath.2; SV1; .NET CLR 2.0.50727; WOW64)"
144.76.201.69 - - [12/Feb/2015:08:59:27 +0100] "GET /berufsbekleidung-ready-to-wear.html HTTP/1.1" 200 13745 "-" "Mozilla/5.0 (Macintosh; Intel Mac OS X 10_8) AppleWebKit/536.25 (KHTML, like Gecko) Version/6.0 Safari/536.25"
144.76.201.69 - - [12/Feb/2015:08:59:27 +0100] "GET /ansprechpartner.html HTTP/1.1" 200 11819 "-" "Mozilla/5.0 (Windows NT 6.1; rv:21.0) Gecko/20130401 Firefox/21.0"
144.76.201.69 - - [12/Feb/2015:08:59:27 +0100] "GET /impressum.html HTTP/1.1" 200 9131 "-" "Mozilla/5.0 (Windows NT 6.1; WOW64) AppleWebKit/537.31 (KHTML, like Gecko) Chrome/26.0.1410.64 Safari/537.31"
141.8.147.12 - - [12/Feb/2015:09:54:46 +0100] "GET /robots.txt HTTP/1.1" 200 317 "-" "Mozilla/5.0 (compatible; YandexBot/3.0; +http://yandex.com/bots)"
141.8.147.12 - - [12/Feb/2015:09:54:48 +0100] "GET / HTTP/1.1" 200 9384 "-" "Mozilla/5.0 (compatible; YandexBot/3.0; +http://yandex.com/bots)"
141.8.147.12 - - [12/Feb/2015:09:54:52 +0100] "GET / HTTP/1.1" 200 9384 "-" "Mozilla/5.0 (compatible; YandexBot/3.0; +http://yandex.com/bots)"
64.246.165.190 - - [12/Feb/2015:14:42:30 +0100] "GET /robots.txt HTTP/1.0" 200 317 "-" "Mozilla/5.0 (Windows; U; Windows NT 5.1; en; rv:1.9.0.13) Gecko/2009073022 Firefox/3.5.2 (.NET CLR 3.5.30729) SurveyBot/2.3 (DomainTools)"
64.246.165.190 - - [12/Feb/2015:14:42:31 +0100] "GET / HTTP/1.1" 200 9384 "http://whois.domaintools.com/hotelkleidung.com" "Mozilla/5.0 (Windows; U; Windows NT 5.1; en; rv:1.9.0.13) Gecko/2009073022 Firefox/3.5.2 (.NET CLR 3.5.30729) SurveyBot/2.3 (DomainTools)"
157.55.39.16 - - [12/Feb/2015:16:00:05 +0100] "GET /index.html HTTP/1.1" 200 9384 "-" "Mozilla/5.0 (compatible; bingbot/2.0; +http://www.bing.com/bingbot.htm)"
157.55.39.16 - - [12/Feb/2015:16:00:17 +0100] "GET /robots.txt HTTP/1.1" 200 317 "-" "Mozilla/5.0 (compatible; bingbot/2.0; +http://www.bing.com/bingbot.htm)"
157.55.39.16 - - [12/Feb/2015:16:01:09 +0100] "GET /robots.txt HTTP/1.1" 200 317 "-" "Mozilla/5.0 (compatible; bingbot/2.0; +http://www.bing.com/bingbot.htm)"
157.55.39.16 - - [12/Feb/2015:16:01:09 +0100] "GET /robots.txt HTTP/1.1" 200 317 "-" "Mozilla/5.0 (compatible; bingbot/2.0; +http://www.bing.com/bingbot.htm)"
65.55.210.9 - - [12/Feb/2015:17:01:24 +0100] "GET /css/normalize.css HTTP/1.1" 200 3753 "http://www.hotelkleidung.com/index.html" "Mozilla/5.0 (Windows NT 6.1; WOW64) AppleWebKit/534+ (KHTML, like Gecko) BingPreview/1.0b"
65.55.210.9 - - [12/Feb/2015:17:01:24 +0100] "GET /js/modernizr.custom.js HTTP/1.1" 200 9226 "http://www.hotelkleidung.com/index.html" "Mozilla/5.0 (Windows NT 6.1; WOW64) AppleWebKit/534+ (KHTML, like Gecko) BingPreview/1.0b"
65.55.210.9 - - [12/Feb/2015:17:01:24 +0100] "GET /css/default.css HTTP/1.1" 200 25906 "http://www.hotelkleidung.com/index.html" "Mozilla/5.0 (Windows NT 6.1; WOW64) AppleWebKit/534+ (KHTML, like Gecko) BingPreview/1.0b"
65.55.210.9 - - [12/Feb/2015:17:01:25 +0100] "GET /images/logo-sign-mini.png HTTP/1.1" 200 1953 "http://www.hotelkleidung.com/index.html" "Mozilla/5.0 (Windows NT 6.1; WOW64) AppleWebKit/534+ (KHTML, like Gecko) BingPreview/1.0b"
65.55.210.9 - - [12/Feb/2015:17:01:25 +0100] "GET /images/dashed.png HTTP/1.1" 200 936 "http://www.hotelkleidung.com/index.html" "Mozilla/5.0 (Windows NT 6.1; WOW64) AppleWebKit/534+ (KHTML, like Gecko) BingPreview/1.0b"
65.55.210.9 - - [12/Feb/2015:17:01:25 +0100] "GET /images/arrow-left-gray.png HTTP/1.1" 200 2894 "http://www.hotelkleidung.com/index.html" "Mozilla/5.0 (Windows NT 6.1; WOW64) AppleWebKit/534+ (KHTML, like Gecko) BingPreview/1.0b"
65.55.210.9 - - [12/Feb/2015:17:01:26 +0100] "GET /images/arrow-right-gray.png HTTP/1.1" 200 2821 "http://www.hotelkleidung.com/index.html" "Mozilla/5.0 (Windows NT 6.1; WOW64) AppleWebKit/534+ (KHTML, like Gecko) BingPreview/1.0b"
65.55.210.9 - - [12/Feb/2015:17:01:26 +0100] "GET /fonts/2A905F_0_0.ttf HTTP/1.1" 200 32636 "http://www.hotelkleidung.com/index.html" "Mozilla/5.0 (Windows NT 6.1; WOW64) AppleWebKit/534+ (KHTML, like Gecko) BingPreview/1.0b"
65.55.210.9 - - [12/Feb/2015:17:01:26 +0100] "GET /js/jquery.stickyPanel.min.js HTTP/1.1" 200 1563 "http://www.hotelkleidung.com/index.html" "Mozilla/5.0 (Windows NT 6.1; WOW64) AppleWebKit/534+ (KHTML, like Gecko) BingPreview/1.0b"
65.55.210.9 - - [12/Feb/2015:17:01:26 +0100] "GET /js/HorizontalMenu.min.js HTTP/1.1" 200 457 "http://www.hotelkleidung.com/index.html" "Mozilla/5.0 (Windows NT 6.1; WOW64) AppleWebKit/534+ (KHTML, like Gecko) BingPreview/1.0b"
65.55.210.9 - - [12/Feb/2015:17:01:26 +0100] "GET /js/mb.bgndGallery.js HTTP/1.1" 200 32859 "http://www.hotelkleidung.com/index.html" "Mozilla/5.0 (Windows NT 6.1; WOW64) AppleWebKit/534+ (KHTML, like Gecko) BingPreview/1.0b"
65.55.210.9 - - [12/Feb/2015:17:01:27 +0100] "GET /js/mb.bgndGallery.effects.js HTTP/1.1" 200 2179 "http://www.hotelkleidung.com/index.html" "Mozilla/5.0 (Windows NT 6.1; WOW64) AppleWebKit/534+ (KHTML, like Gecko) BingPreview/1.0b"
65.55.210.9 - - [12/Feb/2015:17:01:28 +0100] "GET /images/slider/MI-Slider-1.jpg HTTP/1.1" 200 151375 "http://www.hotelkleidung.com/index.html" "Mozilla/5.0 (Windows NT 6.1; WOW64) AppleWebKit/534+ (KHTML, like Gecko) BingPreview/1.0b"
157.55.39.16 - - [12/Feb/2015:17:01:29 +0100] "GET /robots.txt HTTP/1.1" 200 317 "-" "Mozilla/5.0 (compatible; bingbot/2.0; +http://www.bing.com/bingbot.htm)"
65.55.210.9 - - [12/Feb/2015:17:01:29 +0100] "GET /images/slider/MI-Slider-2.jpg HTTP/1.1" 200 232773 "http://www.hotelkleidung.com/index.html" "Mozilla/5.0 (Windows NT 6.1; WOW64) AppleWebKit/534+ (KHTML, like Gecko) BingPreview/1.0b"
65.55.210.9 - - [12/Feb/2015:17:01:31 +0100] "GET /images/slider/MI-Slider-3.jpg HTTP/1.1" 200 199226 "http://www.hotelkleidung.com/index.html" "Mozilla/5.0 (Windows NT 6.1; WOW64) AppleWebKit/534+ (KHTML, like Gecko) BingPreview/1.0b"
65.55.210.9 - - [12/Feb/2015:17:01:32 +0100] "GET /images/slider/MI-Slider-4.jpg HTTP/1.1" 200 173830 "http://www.hotelkleidung.com/index.html" "Mozilla/5.0 (Windows NT 6.1; WOW64) AppleWebKit/534+ (KHTML, like Gecko) BingPreview/1.0b"
65.55.210.9 - - [12/Feb/2015:17:01:34 +0100] "GET /images/slider/MI-Slider-5.jpg HTTP/1.1" 200 124589 "http://www.hotelkleidung.com/index.html" "Mozilla/5.0 (Windows NT 6.1; WOW64) AppleWebKit/534+ (KHTML, like Gecko) BingPreview/1.0b"
65.55.210.9 - - [12/Feb/2015:17:01:35 +0100] "GET /images/slider/MI-Slider-6.jpg HTTP/1.1" 200 730563 "http://www.hotelkleidung.com/index.html" "Mozilla/5.0 (Windows NT 6.1; WOW64) AppleWebKit/534+ (KHTML, like Gecko) BingPreview/1.0b"
66.249.78.69 - - [13/Feb/2015:05:29:37 +0100] "GET /robots.txt HTTP/1.1" 200 317 "-" "Mozilla/5.0 (compatible; Googlebot/2.1; +http://www.google.com/bot.html)"
66.249.78.62 - - [13/Feb/2015:05:29:37 +0100] "GET / HTTP/1.1" 200 9384 "-" "Mozilla/5.0 (iPhone; CPU iPhone OS 6_0 like Mac OS X) AppleWebKit/536.26 (KHTML, like Gecko) Version/6.0 Mobile/10A5376e Safari/8536.25 (compatible; Googlebot/2.1; +http://www.google.com/bot.html)"
141.8.147.12 - - [13/Feb/2015:13:56:09 +0100] "GET /robots.txt HTTP/1.1" 200 317 "-" "Mozilla/5.0 (compatible; YandexBot/3.0; +http://yandex.com/bots)"
141.8.147.12 - - [13/Feb/2015:13:56:11 +0100] "GET / HTTP/1.1" 200 9384 "-" "Mozilla/5.0 (compatible; YandexBot/3.0; +http://yandex.com/bots)"
141.8.147.12 - - [13/Feb/2015:13:56:15 +0100] "GET / HTTP/1.1" 200 9384 "-" "Mozilla/5.0 (compatible; YandexBot/3.0; +http://yandex.com/bots)"
157.55.39.16 - - [13/Feb/2015:15:08:17 +0100] "GET /robots.txt HTTP/1.1" 200 317 "-" "Mozilla/5.0 (compatible; bingbot/2.0; +http://www.bing.com/bingbot.htm)"
157.55.39.17 - - [13/Feb/2015:15:08:22 +0100] "GET /aeb.html HTTP/1.1" 200 20161 "-" "Mozilla/5.0 (compatible; bingbot/2.0; +http://www.bing.com/bingbot.htm)"
104.130.172.147 - - [13/Feb/2015:15:30:17 +0100] "GET / HTTP/1.1" 200 9384 "-" "Mozilla/5.0"
66.249.78.76 - - [14/Feb/2015:01:45:41 +0100] "GET / HTTP/1.1" 200 9384 "-" "Mozilla/5.0 (iPhone; CPU iPhone OS 6_0 like Mac OS X) AppleWebKit/536.26 (KHTML, like Gecko) Version/6.0 Mobile/10A5376e Safari/8536.25 (compatible; Googlebot/2.1; +http://www.google.com/bot.html)"
157.55.39.147 - - [14/Feb/2015:11:05:27 +0100] "GET /ansprechpartner.html HTTP/1.1" 304 - "-" "Mozilla/5.0 (compatible; bingbot/2.0; +http://www.bing.com/bingbot.htm)"
104.130.172.147 - - [14/Feb/2015:17:49:21 +0100] "GET / HTTP/1.1" 200 9384 "-" "Mozilla/5.0"
93.159.230.89 - - [14/Feb/2015:20:58:25 +0100] "GET / HTTP/1.1" 200 9384 "-" "Mozilla/4.0 (compatible; MSIE 8.0; Windows NT 5.1; Trident/4.0; .NET CLR 2.0.50727; .NET CLR 3.0.4506.2152; .NET CLR 3.5.30729; .NET CLR 1.1.4322; OfficeLiveConnector.1.5; OfficeLivePatch.1.3; .NET4.0C)"
93.159.230.89 - - [14/Feb/2015:20:58:25 +0100] "GET /js/modernizr.custom.js HTTP/1.1" 200 9226 "http://www.hotelkleidung.com/" "Mozilla/4.0 (compatible; MSIE 8.0; Windows NT 5.1; Trident/4.0; .NET CLR 2.0.50727; .NET CLR 3.0.4506.2152; .NET CLR 3.5.30729; .NET CLR 1.1.4322; OfficeLiveConnector.1.5; OfficeLivePatch.1.3; .NET4.0C)"
93.159.230.89 - - [14/Feb/2015:20:58:25 +0100] "GET /js/HorizontalMenu.min.js HTTP/1.1" 200 457 "http://www.hotelkleidung.com/" "Mozilla/4.0 (compatible; MSIE 8.0; Windows NT 5.1; Trident/4.0; .NET CLR 2.0.50727; .NET CLR 3.0.4506.2152; .NET CLR 3.5.30729; .NET CLR 1.1.4322; OfficeLiveConnector.1.5; OfficeLivePatch.1.3; .NET4.0C)"
93.159.230.89 - - [14/Feb/2015:20:58:25 +0100] "GET /css/normalize.css HTTP/1.1" 200 3753 "http://www.hotelkleidung.com/" "Mozilla/4.0 (compatible; MSIE 8.0; Windows NT 5.1; Trident/4.0; .NET CLR 2.0.50727; .NET CLR 3.0.4506.2152; .NET CLR 3.5.30729; .NET CLR 1.1.4322; OfficeLiveConnector.1.5; OfficeLivePatch.1.3; .NET4.0C)"
93.159.230.89 - - [14/Feb/2015:20:58:25 +0100] "GET /js/jquery.stickyPanel.min.js HTTP/1.1" 200 1563 "http://www.hotelkleidung.com/" "Mozilla/4.0 (compatible; MSIE 8.0; Windows NT 5.1; Trident/4.0; .NET CLR 2.0.50727; .NET CLR 3.0.4506.2152; .NET CLR 3.5.30729; .NET CLR 1.1.4322; OfficeLiveConnector.1.5; OfficeLivePatch.1.3; .NET4.0C)"
93.159.230.89 - - [14/Feb/2015:20:58:25 +0100] "GET /js/mb.bgndGallery.effects.js HTTP/1.1" 200 2179 "http://www.hotelkleidung.com/" "Mozilla/4.0 (compatible; MSIE 8.0; Windows NT 5.1; Trident/4.0; .NET CLR 2.0.50727; .NET CLR 3.0.4506.2152; .NET CLR 3.5.30729; .NET CLR 1.1.4322; OfficeLiveConnector.1.5; OfficeLivePatch.1.3; .NET4.0C)"
93.159.230.89 - - [14/Feb/2015:20:58:25 +0100] "GET /css/default.css HTTP/1.1" 200 25906 "http://www.hotelkleidung.com/" "Mozilla/4.0 (compatible; MSIE 8.0; Windows NT 5.1; Trident/4.0; .NET CLR 2.0.50727; .NET CLR 3.0.4506.2152; .NET CLR 3.5.30729; .NET CLR 1.1.4322; OfficeLiveConnector.1.5; OfficeLivePatch.1.3; .NET4.0C)"
93.159.230.89 - - [14/Feb/2015:20:58:25 +0100] "GET /js/mb.bgndGallery.js HTTP/1.1" 200 32859 "http://www.hotelkleidung.com/" "Mozilla/4.0 (compatible; MSIE 8.0; Windows NT 5.1; Trident/4.0; .NET CLR 2.0.50727; .NET CLR 3.0.4506.2152; .NET CLR 3.5.30729; .NET CLR 1.1.4322; OfficeLiveConnector.1.5; OfficeLivePatch.1.3; .NET4.0C)"
93.159.230.89 - - [14/Feb/2015:20:58:26 +0100] "GET /fonts/2A905F_0_0.woff HTTP/1.1" 200 22834 "http://www.hotelkleidung.com/" "Mozilla/4.0 (compatible; MSIE 8.0; Windows NT 5.1; Trident/4.0; .NET CLR 2.0.50727; .NET CLR 3.0.4506.2152; .NET CLR 3.5.30729; .NET CLR 1.1.4322; OfficeLiveConnector.1.5; OfficeLivePatch.1.3; .NET4.0C)"
93.159.230.89 - - [14/Feb/2015:20:58:26 +0100] "GET /js/jquery.stickyPanel.min.js HTTP/1.1" 200 1563 "http://www.hotelkleidung.com/" "Mozilla/4.0 (compatible; MSIE 8.0; Windows NT 5.1; Trident/4.0; .NET CLR 2.0.50727; .NET CLR 3.0.4506.2152; .NET CLR 3.5.30729; .NET CLR 1.1.4322; OfficeLiveConnector.1.5; OfficeLivePatch.1.3; .NET4.0C)"
93.159.230.89 - - [14/Feb/2015:20:58:26 +0100] "GET /js/HorizontalMenu.min.js HTTP/1.1" 200 457 "http://www.hotelkleidung.com/" "Mozilla/4.0 (compatible; MSIE 8.0; Windows NT 5.1; Trident/4.0; .NET CLR 2.0.50727; .NET CLR 3.0.4506.2152; .NET CLR 3.5.30729; .NET CLR 1.1.4322; OfficeLiveConnector.1.5; OfficeLivePatch.1.3; .NET4.0C)"
93.159.230.89 - - [14/Feb/2015:20:58:26 +0100] "GET /js/mb.bgndGallery.js HTTP/1.1" 200 32859 "http://www.hotelkleidung.com/" "Mozilla/4.0 (compatible; MSIE 8.0; Windows NT 5.1; Trident/4.0; .NET CLR 2.0.50727; .NET CLR 3.0.4506.2152; .NET CLR 3.5.30729; .NET CLR 1.1.4322; OfficeLiveConnector.1.5; OfficeLivePatch.1.3; .NET4.0C)"
93.159.230.89 - - [14/Feb/2015:20:58:26 +0100] "GET /js/mb.bgndGallery.effects.js HTTP/1.1" 200 2179 "http://www.hotelkleidung.com/" "Mozilla/4.0 (compatible; MSIE 8.0; Windows NT 5.1; Trident/4.0; .NET CLR 2.0.50727; .NET CLR 3.0.4506.2152; .NET CLR 3.5.30729; .NET CLR 1.1.4322; OfficeLiveConnector.1.5; OfficeLivePatch.1.3; .NET4.0C)"
66.249.78.69 - - [14/Feb/2015:22:19:50 +0100] "GET /robots.txt HTTP/1.1" 200 317 "-" "Mozilla/5.0 (compatible; Googlebot/2.1; +http://www.google.com/bot.html)"
66.249.64.89 - - [14/Feb/2015:22:19:50 +0100] "GET / HTTP/1.1" 200 9384 "-" "Mozilla/5.0 (iPhone; CPU iPhone OS 6_0 like Mac OS X) AppleWebKit/536.26 (KHTML, like Gecko) Version/6.0 Mobile/10A5376e Safari/8536.25 (compatible; Googlebot/2.1; +http://www.google.com/bot.html)"
157.55.39.16 - - [15/Feb/2015:05:40:20 +0100] "GET /robots.txt HTTP/1.1" 200 317 "-" "Mozilla/5.0 (compatible; bingbot/2.0; +http://www.bing.com/bingbot.htm)"
157.55.39.16 - - [15/Feb/2015:05:40:24 +0100] "GET /agb.html HTTP/1.1" 304 - "-" "Mozilla/5.0 (compatible; bingbot/2.0; +http://www.bing.com/bingbot.htm)"
66.249.78.62 - - [15/Feb/2015:11:58:13 +0100] "GET /service-pankow.html HTTP/1.1" 304 - "-" "Mozilla/5.0 (compatible; Googlebot/2.1; +http://www.google.com/bot.html)"
141.8.147.12 - - [15/Feb/2015:12:11:03 +0100] "GET /robots.txt HTTP/1.1" 200 317 "-" "Mozilla/5.0 (compatible; YandexBot/3.0; +http://yandex.com/bots)"
141.8.147.12 - - [15/Feb/2015:12:11:06 +0100] "GET / HTTP/1.1" 200 9384 "-" "Mozilla/5.0 (compatible; YandexBot/3.0; +http://yandex.com/bots)"
141.8.147.12 - - [15/Feb/2015:12:11:09 +0100] "GET / HTTP/1.1" 200 9384 "-" "Mozilla/5.0 (compatible; YandexBot/3.0; +http://yandex.com/bots)"
66.249.78.76 - - [15/Feb/2015:18:03:31 +0100] "GET /service-pankow.html HTTP/1.1" 304 - "-" "Mozilla/5.0 (compatible; Googlebot/2.1; +http://www.google.com/bot.html)"
66.249.78.62 - - [15/Feb/2015:23:20:20 +0100] "GET /robots.txt HTTP/1.1" 200 317 "-" "Mozilla/5.0 (compatible; Googlebot/2.1; +http://www.google.com/bot.html)"
66.249.78.76 - - [15/Feb/2015:23:20:20 +0100] "GET / HTTP/1.1" 200 9384 "-" "Mozilla/5.0 (compatible; Googlebot/2.1; +http://www.google.com/bot.html)"
66.249.64.93 - - [16/Feb/2015:04:10:18 +0100] "GET /service-schoeneberg.html HTTP/1.1" 304 - "-" "Mozilla/5.0 (compatible; Googlebot/2.1; +http://www.google.com/bot.html)"
66.249.78.62 - - [16/Feb/2015:04:19:18 +0100] "GET / HTTP/1.1" 200 9384 "-" "Mozilla/5.0 (iPhone; CPU iPhone OS 6_0 like Mac OS X) AppleWebKit/536.26 (KHTML, like Gecko) Version/6.0 Mobile/10A5376e Safari/8536.25 (compatible; Googlebot/2.1; +http://www.google.com/bot.html)"
66.249.78.76 - - [16/Feb/2015:07:06:14 +0100] "GET /service-schoeneberg.html HTTP/1.1" 304 - "-" "Mozilla/5.0 (compatible; Googlebot/2.1; +http://www.google.com/bot.html)"
66.249.78.76 - - [17/Feb/2015:04:00:54 +0100] "GET /robots.txt HTTP/1.1" 200 317 "-" "Mozilla/5.0 (compatible; Googlebot/2.1; +http://www.google.com/bot.html)"
66.249.78.76 - - [17/Feb/2015:04:00:54 +0100] "GET /service-schoeneberg.html HTTP/1.1" 200 12331 "-" "Mozilla/5.0 (iPhone; CPU iPhone OS 6_0 like Mac OS X) AppleWebKit/536.26 (KHTML, like Gecko) Version/6.0 Mobile/10A5376e Safari/8536.25 (compatible; Googlebot/2.1; +http://www.google.com/bot.html)"
66.249.64.93 - - [17/Feb/2015:05:45:21 +0100] "GET /service-pankow.html HTTP/1.1" 200 12282 "-" "Mozilla/5.0 (iPhone; CPU iPhone OS 6_0 like Mac OS X) AppleWebKit/536.26 (KHTML, like Gecko) Version/6.0 Mobile/10A5376e Safari/8536.25 (compatible; Googlebot/2.1; +http://www.google.com/bot.html)"
141.8.147.12 - - [17/Feb/2015:11:37:15 +0100] "GET /robots.txt HTTP/1.1" 200 317 "-" "Mozilla/5.0 (compatible; YandexBot/3.0; +http://yandex.com/bots)"
141.8.147.12 - - [17/Feb/2015:11:37:17 +0100] "GET / HTTP/1.1" 200 9384 "-" "Mozilla/5.0 (compatible; YandexBot/3.0; +http://yandex.com/bots)"
141.8.147.12 - - [17/Feb/2015:11:37:21 +0100] "GET / HTTP/1.1" 200 9384 "-" "Mozilla/5.0 (compatible; YandexBot/3.0; +http://yandex.com/bots)"
192.99.107.172 - - [17/Feb/2015:15:16:30 +0100] "GET /robots.txt HTTP/1.1" 200 317 "-" "Mozilla/5.0 (compatible; meanpathbot/1.0; +http://www.meanpath.com/meanpathbot.html)"
192.99.107.172 - - [17/Feb/2015:15:16:30 +0100] "GET / HTTP/1.1" 200 9384 "-" "Mozilla/5.0 (compatible; meanpathbot/1.0; +http://www.meanpath.com/meanpathbot.html)"
198.204.253.99 - - [17/Feb/2015:16:03:43 +0100] "GET / HTTP/1.1" 200 9384 "-" "Mozilla/5.0 (Windows NT 6.1; WOW64; rv:27.0) Gecko/20100101 Firefox/27.0"
66.249.79.121 - - [17/Feb/2015:23:27:07 +0100] "GET /robots.txt HTTP/1.1" 200 317 "-" "Mozilla/5.0 (compatible; Googlebot/2.1; +http://www.google.com/bot.html)"
66.249.79.121 - - [17/Feb/2015:23:27:07 +0100] "GET /inmgtysmwnymv.html HTTP/1.1" 302 341 "-" "Mozilla/5.0 (compatible; Googlebot/2.1; +http://www.google.com/bot.html)"
66.249.79.121 - - [17/Feb/2015:23:27:08 +0100] "GET /megeukxiaco.html HTTP/1.1" 302 341 "-" "Mozilla/5.0 (compatible; Googlebot/2.1; +http://www.google.com/bot.html)"
192.99.107.100 - - [18/Feb/2015:04:33:38 +0100] "GET /robots.txt HTTP/1.1" 200 317 "-" "Mozilla/5.0 (compatible; meanpathbot/1.0; +http://www.meanpath.com/meanpathbot.html)"
192.99.107.100 - - [18/Feb/2015:04:33:38 +0100] "GET / HTTP/1.1" 200 9384 "-" "Mozilla/5.0 (compatible; meanpathbot/1.0; +http://www.meanpath.com/meanpathbot.html)"
66.249.79.121 - - [18/Feb/2015:18:02:03 +0100] "GET /images/karte-sc-pankow.png HTTP/1.1" 200 58562 "-" "Googlebot-Image/1.0"
66.249.79.105 - - [19/Feb/2015:00:09:51 +0100] "GET /robots.txt HTTP/1.1" 200 317 "-" "Mozilla/5.0 (compatible; Googlebot/2.1; +http://www.google.com/bot.html)"
66.249.79.113 - - [19/Feb/2015:00:09:51 +0100] "GET /wavatttyrnk.html HTTP/1.1" 302 341 "-" "Mozilla/5.0 (compatible; Googlebot/2.1; +http://www.google.com/bot.html)"
192.99.107.118 - - [19/Feb/2015:01:14:26 +0100] "GET /robots.txt HTTP/1.1" 200 317 "-" "Mozilla/5.0 (compatible; meanpathbot/1.0; +http://www.meanpath.com/meanpathbot.html)"
192.99.107.118 - - [19/Feb/2015:01:14:27 +0100] "GET / HTTP/1.1" 200 9384 "-" "Mozilla/5.0 (compatible; meanpathbot/1.0; +http://www.meanpath.com/meanpathbot.html)"
66.249.79.121 - - [19/Feb/2015:01:51:35 +0100] "GET /images/karte-sc-schoeneberg.png HTTP/1.1" 200 58411 "-" "Googlebot-Image/1.0"
46.229.170.197 - - [19/Feb/2015:06:36:59 +0100] "GET / HTTP/1.1" 200 9384 "-" "Mozilla/5.0 (X11; Linux i686; rv:2.0b12pre) Gecko/20110204 Firefox/4.0b12pre"
66.249.79.113 - - [19/Feb/2015:14:39:44 +0100] "GET /karriere.html HTTP/1.1" 304 - "-" "Mozilla/5.0 (iPhone; CPU iPhone OS 6_0 like Mac OS X) AppleWebKit/536.26 (KHTML, like Gecko) Version/6.0 Mobile/10A5376e Safari/8536.25 (compatible; Googlebot/2.1; +http://www.google.com/bot.html)"
173.208.177.59 - - [20/Feb/2015:06:27:02 +0100] "HEAD /js/fckeditor/editor/ HTTP/1.1" 302 - "-" "-"
173.208.177.59 - - [20/Feb/2015:06:27:07 +0100] "HEAD /admin/fckeditor/editor/ HTTP/1.1" 302 - "-" "-"
157.55.39.16 - - [20/Feb/2015:08:00:29 +0100] "GET /robots.txt HTTP/1.1" 200 317 "-" "Mozilla/5.0 (compatible; bingbot/2.0; +http://www.bing.com/bingbot.htm)"
157.55.39.16 - - [20/Feb/2015:08:18:46 +0100] "GET /index.html HTTP/1.1" 200 9384 "-" "Mozilla/5.0 (compatible; bingbot/2.0; +http://www.bing.com/bingbot.htm)"
157.55.39.17 - - [20/Feb/2015:08:24:23 +0100] "GET /robots.txt HTTP/1.1" 200 317 "-" "Mozilla/5.0 (compatible; bingbot/2.0; +http://www.bing.com/bingbot.htm)"
65.55.210.42 - - [20/Feb/2015:09:20:02 +0100] "GET /css/default.css HTTP/1.1" 200 25906 "http://www.hotelkleidung.com/index.html" "Mozilla/5.0 (Windows NT 6.1; WOW64) AppleWebKit/534+ (KHTML, like Gecko) BingPreview/1.0b"
65.55.210.42 - - [20/Feb/2015:09:20:02 +0100] "GET /css/normalize.css HTTP/1.1" 200 3753 "http://www.hotelkleidung.com/index.html" "Mozilla/5.0 (Windows NT 6.1; WOW64) AppleWebKit/534+ (KHTML, like Gecko) BingPreview/1.0b"
