65.36.241.79 - - [17/Mar/2012:08:52:19 +0100] "HEAD / HTTP/1.1" 200 - "-" "InternetSeer.com"
88.198.69.242 - - [17/Mar/2012:08:55:00 +0100] "GET /lexikon.php HTTP/1.1" 200 10427 "-" "Mozilla/5.0 (Windows NT 5.1) AppleWebKit/535.1 (KHTML, like Gecko) Chrome/13.0.782.107 Safari/535.1"
176.9.66.16 - - [17/Mar/2012:09:08:11 +0100] "GET /lexikon.php HTTP/1.1" 200 10427 "-" "Mozilla/5.0 (Windows NT 5.1) AppleWebKit/535.1 (KHTML, like Gecko) Chrome/13.0.782.107 Safari/535.1"
66.249.66.149 - - [17/Mar/2012:09:14:04 +0100] "GET /news.php?cs_go=archiv&cs_id=2896 HTTP/1.1" 200 9845 "-" "Mozilla/5.0 (compatible; Googlebot/2.1; +http://www.google.com/bot.html)"
125.39.78.174 - - [17/Mar/2012:09:20:29 +0100] "GET /robots.txt HTTP/1.1" 200 177 "-" "Mozilla/5.0 (compatible; Baiduspider/2.0; +http://www.baidu.com/search/spider.html)"
66.249.72.195 - - [17/Mar/2012:09:39:28 +0100] "GET /news.php?cs_go=archiv&cs_id=2897 HTTP/1.1" 200 10593 "-" "Mozilla/5.0 (compatible; Googlebot/2.1; +http://www.google.com/bot.html)"
76.72.167.163 - - [17/Mar/2012:09:56:25 +0100] "GET /robots.txt HTTP/1.0" 200 177 "-" "Mozilla/5.0 (compatible; MJ12bot/v1.4.2; http://www.majestic12.co.uk/bot.php?+)"
76.72.167.163 - - [17/Mar/2012:09:56:27 +0100] "GET /modernisierung.php HTTP/1.0" 200 11511 "-" "Mozilla/5.0 (compatible; MJ12bot/v1.4.2; http://www.majestic12.co.uk/bot.php?+)"
76.72.167.163 - - [17/Mar/2012:09:56:28 +0100] "GET /news.php?cs_go=archiv&cs_id=2845 HTTP/1.0" 200 10974 "-" "Mozilla/5.0 (compatible; MJ12bot/v1.4.2; http://www.majestic12.co.uk/bot.php?+)"
76.72.167.163 - - [17/Mar/2012:09:56:30 +0100] "GET /news.php?cs_go=archiv&cs_id=2846 HTTP/1.0" 200 10769 "-" "Mozilla/5.0 (compatible; MJ12bot/v1.4.2; http://www.majestic12.co.uk/bot.php?+)"
76.72.167.163 - - [17/Mar/2012:09:56:32 +0100] "GET /news.php?cs_go=archiv&cs_id=2848 HTTP/1.0" 200 19222 "-" "Mozilla/5.0 (compatible; MJ12bot/v1.4.2; http://www.majestic12.co.uk/bot.php?+)"
76.72.167.163 - - [17/Mar/2012:09:56:34 +0100] "GET /news.php?cs_go=archiv&cs_id=2849 HTTP/1.0" 200 13693 "-" "Mozilla/5.0 (compatible; MJ12bot/v1.4.2; http://www.majestic12.co.uk/bot.php?+)"
76.72.167.163 - - [17/Mar/2012:09:56:35 +0100] "GET /news.php?cs_go=archiv&cs_id=2851 HTTP/1.0" 200 14965 "-" "Mozilla/5.0 (compatible; MJ12bot/v1.4.2; http://www.majestic12.co.uk/bot.php?+)"
76.72.167.163 - - [17/Mar/2012:09:56:37 +0100] "GET /news.php?cs_go=archiv&cs_id=2867 HTTP/1.0" 200 13376 "-" "Mozilla/5.0 (compatible; MJ12bot/v1.4.2; http://www.majestic12.co.uk/bot.php?+)"
76.72.167.163 - - [17/Mar/2012:09:56:39 +0100] "GET /news.php?cs_go=archiv&cs_id=2868 HTTP/1.0" 200 10166 "-" "Mozilla/5.0 (compatible; MJ12bot/v1.4.2; http://www.majestic12.co.uk/bot.php?+)"
76.72.167.163 - - [17/Mar/2012:09:56:41 +0100] "GET /news.php?cs_go=archiv&cs_id=2869 HTTP/1.0" 200 13317 "-" "Mozilla/5.0 (compatible; MJ12bot/v1.4.2; http://www.majestic12.co.uk/bot.php?+)"
76.72.167.163 - - [17/Mar/2012:09:56:42 +0100] "GET /news.php?cs_go=archiv&cs_id=2870 HTTP/1.0" 200 10211 "-" "Mozilla/5.0 (compatible; MJ12bot/v1.4.2; http://www.majestic12.co.uk/bot.php?+)"
76.72.167.163 - - [17/Mar/2012:09:56:45 +0100] "GET /news.php?cs_go=archiv&cs_id=2873 HTTP/1.0" 200 15476 "-" "Mozilla/5.0 (compatible; MJ12bot/v1.4.2; http://www.majestic12.co.uk/bot.php?+)"
76.72.167.163 - - [17/Mar/2012:09:56:47 +0100] "GET /news.php?cs_go=archiv&cs_id=2875 HTTP/1.0" 200 10810 "-" "Mozilla/5.0 (compatible; MJ12bot/v1.4.2; http://www.majestic12.co.uk/bot.php?+)"
76.72.167.163 - - [17/Mar/2012:09:56:48 +0100] "GET /news.php?cs_go=archiv&cs_id=2876 HTTP/1.0" 200 10112 "-" "Mozilla/5.0 (compatible; MJ12bot/v1.4.2; http://www.majestic12.co.uk/bot.php?+)"
76.72.167.163 - - [17/Mar/2012:09:56:50 +0100] "GET /news.php?cs_go=archiv&cs_id=2877 HTTP/1.0" 200 14424 "-" "Mozilla/5.0 (compatible; MJ12bot/v1.4.2; http://www.majestic12.co.uk/bot.php?+)"
76.72.167.163 - - [17/Mar/2012:09:56:52 +0100] "GET /news.php?cs_go=archiv&cs_id=2878 HTTP/1.0" 200 13483 "-" "Mozilla/5.0 (compatible; MJ12bot/v1.4.2; http://www.majestic12.co.uk/bot.php?+)"
76.72.167.163 - - [17/Mar/2012:09:56:54 +0100] "GET /news.php?cs_go=archiv&cs_id=2880 HTTP/1.0" 200 10114 "-" "Mozilla/5.0 (compatible; MJ12bot/v1.4.2; http://www.majestic12.co.uk/bot.php?+)"
76.72.167.163 - - [17/Mar/2012:09:56:56 +0100] "GET /news.php?cs_go=archiv&cs_id=2881 HTTP/1.0" 200 13147 "-" "Mozilla/5.0 (compatible; MJ12bot/v1.4.2; http://www.majestic12.co.uk/bot.php?+)"
76.72.167.163 - - [17/Mar/2012:09:56:57 +0100] "GET /news.php?cs_go=archiv&cs_id=2882 HTTP/1.0" 200 10196 "-" "Mozilla/5.0 (compatible; MJ12bot/v1.4.2; http://www.majestic12.co.uk/bot.php?+)"
76.72.167.163 - - [17/Mar/2012:09:56:59 +0100] "GET /news.php?cs_go=archiv&cs_id=2883 HTTP/1.0" 200 13392 "-" "Mozilla/5.0 (compatible; MJ12bot/v1.4.2; http://www.majestic12.co.uk/bot.php?+)"
123.125.71.90 - - [17/Mar/2012:10:33:43 +0100] "GET /robots.txt HTTP/1.1" 200 177 "-" "Mozilla/5.0 (compatible; Baiduspider/2.0; +http://www.baidu.com/search/spider.html)"
123.125.71.34 - - [17/Mar/2012:10:40:13 +0100] "GET / HTTP/1.1" 200 14872 "-" "Mozilla/5.0 (compatible; Baiduspider/2.0; +http://www.baidu.com/search/spider.html)"
220.181.108.90 - - [17/Mar/2012:10:40:44 +0100] "GET / HTTP/1.1" 200 8218 "-" "Mozilla/5.0 (compatible; Baiduspider/2.0; +http://www.baidu.com/search/spider.html)"
66.249.72.195 - - [17/Mar/2012:10:42:59 +0100] "GET /news.php?cs_go=archiv&cs_id=2906 HTTP/1.1" 200 13592 "-" "Mozilla/5.0 (compatible; Googlebot/2.1; +http://www.google.com/bot.html)"
123.125.71.18 - - [17/Mar/2012:11:34:20 +0100] "GET / HTTP/1.1" 200 14872 "-" "Mozilla/5.0 (compatible; Baiduspider/2.0; +http://www.baidu.com/search/spider.html)"
220.181.108.94 - - [17/Mar/2012:11:35:00 +0100] "GET / HTTP/1.1" 200 8218 "-" "Mozilla/5.0 (compatible; Baiduspider/2.0; +http://www.baidu.com/search/spider.html)"
208.115.113.91 - - [17/Mar/2012:12:05:52 +0100] "GET /robots.txt HTTP/1.1" 200 177 "-" "Mozilla/5.0 (compatible; Ezooms/1.0; ezooms.bot@gmail.com)"
95.108.128.242 - - [17/Mar/2012:12:14:53 +0100] "GET / HTTP/1.1" 200 14872 "-" "Mozilla/5.0 (compatible; YandexBot/3.0; +http://yandex.com/bots)"
76.72.167.163 - - [17/Mar/2012:12:32:00 +0100] "GET /robots.txt HTTP/1.0" 200 177 "-" "Mozilla/5.0 (compatible; MJ12bot/v1.4.2; http://www.majestic12.co.uk/bot.php?+)"
76.72.167.163 - - [17/Mar/2012:12:32:03 +0100] "GET / HTTP/1.0" 200 14872 "-" "Mozilla/5.0 (compatible; MJ12bot/v1.4.2; http://www.majestic12.co.uk/bot.php?+)"
208.115.113.91 - - [17/Mar/2012:13:09:19 +0100] "GET /news.php?cs_go=archiv&cs_id=2649&cs_search= HTTP/1.1" 200 13205 "-" "Mozilla/5.0 (compatible; Ezooms/1.0; ezooms.bot@gmail.com)"
217.212.224.183 - - [17/Mar/2012:13:15:46 +0100] "GET /robots.txt HTTP/1.0" 200 177 "-" "psbot/0.1 (+http://www.picsearch.com/bot.html)"
217.212.224.181 - - [17/Mar/2012:13:15:46 +0100] "GET / HTTP/1.0" 200 14869 "-" "psbot/0.1 (+http://www.picsearch.com/bot.html)"
213.186.127.12 - - [17/Mar/2012:13:24:02 +0100] "GET /robots.txt HTTP/1.1" 200 177 "-" "Mozilla/5.0 (compatible; AhrefsBot/2.0; +http://ahrefs.com/robot/)"
46.4.79.73 - - [17/Mar/2012:13:28:33 +0100] "GET /rueckrufservice.php HTTP/1.1" 200 10702 "-" "Mozilla/5.0 (Windows NT 5.1) AppleWebKit/535.1 (KHTML, like Gecko) Chrome/13.0.782.107 Safari/535.1"
125.39.78.175 - - [17/Mar/2012:13:58:17 +0100] "GET /robots.txt HTTP/1.1" 200 177 "-" "Mozilla/5.0 (compatible; Baiduspider/2.0; +http://www.baidu.com/search/spider.html)"
65.36.241.79 - - [17/Mar/2012:14:31:20 +0100] "HEAD / HTTP/1.1" 200 - "-" "InternetSeer.com"
176.9.66.13 - - [17/Mar/2012:14:33:13 +0100] "GET /edl.php HTTP/1.1" 200 10732 "-" "Mozilla/5.0 (Windows NT 5.1) AppleWebKit/535.1 (KHTML, like Gecko) Chrome/13.0.782.107 Safari/535.1"
66.249.66.149 - - [17/Mar/2012:14:50:34 +0100] "GET /news.php?cs_go=archiv&cs_id=2862&cs_search= HTTP/1.1" 200 13882 "-" "Mozilla/5.0 (iPhone; U; CPU iPhone OS 4_1 like Mac OS X; en-us) AppleWebKit/532.9 (KHTML, like Gecko) Version/4.0.5 Mobile/8B117 Safari/6531.22.7 (compatible; Googlebot-Mobile/2.1; +http://www.google.com/bot.html)"
173.236.21.106 - - [17/Mar/2012:14:50:39 +0100] "GET /robots.txt HTTP/1.0" 200 177 "-" "Mozilla/5.0 (compatible; MJ12bot/v1.4.2; http://www.majestic12.co.uk/bot.php?+)"
173.236.21.106 - - [17/Mar/2012:14:50:42 +0100] "GET / HTTP/1.0" 200 14869 "-" "Mozilla/5.0 (compatible; MJ12bot/v1.4.2; http://www.majestic12.co.uk/bot.php?+)"
208.115.111.75 - - [17/Mar/2012:15:20:18 +0100] "GET /robots.txt HTTP/1.1" 200 177 "-" "Mozilla/5.0 (compatible; Ezooms/1.0; ezooms.bot@gmail.com)"
208.115.113.91 - - [17/Mar/2012:15:23:37 +0100] "GET /robots.txt HTTP/1.1" 200 177 "-" "Mozilla/5.0 (compatible; Ezooms/1.0; ezooms.bot@gmail.com)"
83.133.125.202 - - [17/Mar/2012:15:51:49 +0100] "GET / HTTP/1.0" 200 14869 "-" "-"
83.133.125.202 - - [17/Mar/2012:15:51:50 +0100] "GET / HTTP/1.0" 200 6046 "-" "-"
83.133.125.202 - - [17/Mar/2012:15:51:49 +0100] "GET / HTTP/1.1" 200 1533 "http://www.sumaja.de/" "Mozilla/4.0 (compatible; MSIE 9.0; Windows NT 5.1)"
66.249.72.195 - - [17/Mar/2012:16:10:14 +0100] "GET /news.php?cs_go=archiv&cs_id=2581&cs_search= HTTP/1.1" 200 9250 "-" "Mozilla/5.0 (compatible; Googlebot/2.1; +http://www.google.com/bot.html)"
66.249.72.195 - - [17/Mar/2012:16:20:39 +0100] "GET /newsletter.php HTTP/1.1" 200 8839 "-" "Mozilla/5.0 (compatible; Googlebot/2.1; +http://www.google.com/bot.html)"
208.115.113.91 - - [17/Mar/2012:16:28:47 +0100] "GET /news.php?cs_go=archiv&cs_id=2718 HTTP/1.1" 200 13293 "-" "Mozilla/5.0 (compatible; Ezooms/1.0; ezooms.bot@gmail.com)"
208.115.113.91 - - [17/Mar/2012:16:28:52 +0100] "GET /news.php?cs_go=archiv&cs_id=2723&cs_search= HTTP/1.1" 200 15044 "-" "Mozilla/5.0 (compatible; Ezooms/1.0; ezooms.bot@gmail.com)"
208.115.113.91 - - [17/Mar/2012:16:28:55 +0100] "GET /news.php?cs_go=archiv&cs_id=2742&cs_search= HTTP/1.1" 200 11106 "-" "Mozilla/5.0 (compatible; Ezooms/1.0; ezooms.bot@gmail.com)"
123.125.71.32 - - [17/Mar/2012:16:37:10 +0100] "GET / HTTP/1.1" 200 14869 "-" "Mozilla/5.0 (compatible; Baiduspider/2.0; +http://www.baidu.com/search/spider.html)"
220.181.108.80 - - [17/Mar/2012:16:37:59 +0100] "GET / HTTP/1.1" 200 9769 "-" "Mozilla/5.0 (compatible; Baiduspider/2.0; +http://www.baidu.com/search/spider.html)"
66.249.72.195 - - [17/Mar/2012:16:41:29 +0100] "GET /news.php?cs_go=archiv&cs_id=2583&cs_search= HTTP/1.1" 200 12077 "-" "Mozilla/5.0 (compatible; Googlebot/2.1; +http://www.google.com/bot.html)"
66.249.66.149 - - [17/Mar/2012:16:51:54 +0100] "GET /news.php?cs_go=archiv&cs_id=2584&cs_search= HTTP/1.1" 200 13311 "-" "Mozilla/5.0 (compatible; Googlebot/2.1; +http://www.google.com/bot.html)"
89.247.65.144 - - [17/Mar/2012:17:36:58 +0100] "GET /style.css HTTP/1.1" 200 8418 "http://www.mink-gmbh.de/index.php" "Mozilla/5.0 (Windows NT 6.1; rv:10.0.2) Gecko/20100101 Firefox/10.0.2"
89.247.65.144 - - [17/Mar/2012:17:36:58 +0100] "GET /favicon.ico HTTP/1.1" 200 3638 "-" "Mozilla/5.0 (Windows NT 6.1; rv:10.0.2) Gecko/20100101 Firefox/10.0.2"
89.247.65.144 - - [17/Mar/2012:17:36:58 +0100] "GET /modul.css HTTP/1.1" 200 35038 "http://www.mink-gmbh.de/index.php" "Mozilla/5.0 (Windows NT 6.1; rv:10.0.2) Gecko/20100101 Firefox/10.0.2"
89.247.65.144 - - [17/Mar/2012:17:36:57 +0100] "GET /index.php HTTP/1.1" 200 14869 "-" "Mozilla/5.0 (Windows NT 6.1; rv:10.0.2) Gecko/20100101 Firefox/10.0.2"
89.247.65.144 - - [17/Mar/2012:17:36:58 +0100] "GET /images/tkw.jpg HTTP/1.1" 200 64031 "http://www.mink-gmbh.de/index.php" "Mozilla/5.0 (Windows NT 6.1; rv:10.0.2) Gecko/20100101 Firefox/10.0.2"
89.247.65.144 - - [17/Mar/2012:17:36:59 +0100] "GET /images/mail.jpg HTTP/1.1" 200 11165 "http://www.mink-gmbh.de/index.php" "Mozilla/5.0 (Windows NT 6.1; rv:10.0.2) Gecko/20100101 Firefox/10.0.2"
89.247.65.144 - - [17/Mar/2012:17:36:59 +0100] "GET /images/kwk.gif HTTP/1.1" 200 6403 "http://www.mink-gmbh.de/index.php" "Mozilla/5.0 (Windows NT 6.1; rv:10.0.2) Gecko/20100101 Firefox/10.0.2"
89.247.65.144 - - [17/Mar/2012:17:36:59 +0100] "GET /images/logos.jpg HTTP/1.1" 200 15002 "http://www.mink-gmbh.de/index.php" "Mozilla/5.0 (Windows NT 6.1; rv:10.0.2) Gecko/20100101 Firefox/10.0.2"
89.247.65.144 - - [17/Mar/2012:17:36:59 +0100] "GET /images/wunschpreis.jpg HTTP/1.1" 200 16767 "http://www.mink-gmbh.de/index.php" "Mozilla/5.0 (Windows NT 6.1; rv:10.0.2) Gecko/20100101 Firefox/10.0.2"
89.247.65.144 - - [17/Mar/2012:17:36:59 +0100] "GET /images/freecall.jpg HTTP/1.1" 200 39195 "http://www.mink-gmbh.de/index.php" "Mozilla/5.0 (Windows NT 6.1; rv:10.0.2) Gecko/20100101 Firefox/10.0.2"
89.247.65.144 - - [17/Mar/2012:17:36:59 +0100] "GET /images/bg.jpg HTTP/1.1" 200 345 "http://www.mink-gmbh.de/style.css" "Mozilla/5.0 (Windows NT 6.1; rv:10.0.2) Gecko/20100101 Firefox/10.0.2"
89.247.65.144 - - [17/Mar/2012:17:36:59 +0100] "GET /images/close.png HTTP/1.1" 200 703 "http://www.mink-gmbh.de/index.php" "Mozilla/5.0 (Windows NT 6.1; rv:10.0.2) Gecko/20100101 Firefox/10.0.2"
89.247.65.144 - - [17/Mar/2012:17:36:59 +0100] "GET /images/newsletter_bg.jpg HTTP/1.1" 200 33610 "http://www.mink-gmbh.de/index.php" "Mozilla/5.0 (Windows NT 6.1; rv:10.0.2) Gecko/20100101 Firefox/10.0.2"
89.247.65.144 - - [17/Mar/2012:17:36:59 +0100] "GET /images/newsletter.png HTTP/1.1" 200 14619 "http://www.mink-gmbh.de/style.css" "Mozilla/5.0 (Windows NT 6.1; rv:10.0.2) Gecko/20100101 Firefox/10.0.2"
89.247.65.144 - - [17/Mar/2012:17:36:59 +0100] "GET /images/wrapperbg.jpg HTTP/1.1" 200 27465 "http://www.mink-gmbh.de/style.css" "Mozilla/5.0 (Windows NT 6.1; rv:10.0.2) Gecko/20100101 Firefox/10.0.2"
89.247.65.144 - - [17/Mar/2012:17:36:59 +0100] "GET /images/header.jpg HTTP/1.1" 200 24413 "http://www.mink-gmbh.de/style.css" "Mozilla/5.0 (Windows NT 6.1; rv:10.0.2) Gecko/20100101 Firefox/10.0.2"
89.247.65.144 - - [17/Mar/2012:17:36:59 +0100] "GET /images/navibg.png HTTP/1.1" 200 2803 "http://www.mink-gmbh.de/style.css" "Mozilla/5.0 (Windows NT 6.1; rv:10.0.2) Gecko/20100101 Firefox/10.0.2"
89.247.65.144 - - [17/Mar/2012:17:36:59 +0100] "GET /images/steigend.png HTTP/1.1" 200 688 "http://www.mink-gmbh.de/modul.css" "Mozilla/5.0 (Windows NT 6.1; rv:10.0.2) Gecko/20100101 Firefox/10.0.2"
89.247.65.144 - - [17/Mar/2012:17:36:59 +0100] "GET /images/fallend.png HTTP/1.1" 200 713 "http://www.mink-gmbh.de/modul.css" "Mozilla/5.0 (Windows NT 6.1; rv:10.0.2) Gecko/20100101 Firefox/10.0.2"
89.247.65.144 - - [17/Mar/2012:17:36:59 +0100] "GET /images/mobil.jpg HTTP/1.1" 200 25293 "http://www.mink-gmbh.de/style.css" "Mozilla/5.0 (Windows NT 6.1; rv:10.0.2) Gecko/20100101 Firefox/10.0.2"
89.247.65.144 - - [17/Mar/2012:17:36:59 +0100] "GET /images/footerbg.jpg HTTP/1.1" 200 2184 "http://www.mink-gmbh.de/style.css" "Mozilla/5.0 (Windows NT 6.1; rv:10.0.2) Gecko/20100101 Firefox/10.0.2"
89.247.65.144 - - [17/Mar/2012:17:36:59 +0100] "GET /images/newsletter.jpg HTTP/1.1" 200 13130 "http://www.mink-gmbh.de/style.css" "Mozilla/5.0 (Windows NT 6.1; rv:10.0.2) Gecko/20100101 Firefox/10.0.2"
78.46.97.118 - - [17/Mar/2012:17:42:37 +0100] "GET /optiplus.php HTTP/1.1" 200 11011 "-" "Mozilla/5.0 (Windows NT 5.1) AppleWebKit/535.1 (KHTML, like Gecko) Chrome/13.0.782.107 Safari/535.1"
46.4.79.73 - - [17/Mar/2012:17:53:52 +0100] "GET /optiplus.php HTTP/1.1" 200 11011 "-" "Mozilla/5.0 (Windows NT 5.1) AppleWebKit/535.1 (KHTML, like Gecko) Chrome/13.0.782.107 Safari/535.1"
125.39.78.174 - - [17/Mar/2012:18:36:05 +0100] "GET /robots.txt HTTP/1.1" 200 177 "-" "Mozilla/5.0 (compatible; Baiduspider/2.0; +http://www.baidu.com/search/spider.html)"
65.36.241.79 - - [17/Mar/2012:19:11:07 +0100] "HEAD / HTTP/1.1" 200 - "-" "InternetSeer.com"
76.72.167.162 - - [17/Mar/2012:19:59:49 +0100] "GET /robots.txt HTTP/1.0" 200 177 "-" "Mozilla/5.0 (compatible; MJ12bot/v1.4.2; http://www.majestic12.co.uk/bot.php?+)"
76.72.167.162 - - [17/Mar/2012:19:59:51 +0100] "GET / HTTP/1.0" 200 14869 "-" "Mozilla/5.0 (compatible; MJ12bot/v1.4.2; http://www.majestic12.co.uk/bot.php?+)"
123.125.71.28 - - [17/Mar/2012:20:36:24 +0100] "GET / HTTP/1.1" 200 9769 "-" "Mozilla/5.0 (compatible; Baiduspider/2.0; +http://www.baidu.com/search/spider.html)"
220.181.108.76 - - [17/Mar/2012:20:37:08 +0100] "GET / HTTP/1.1" 200 8215 "-" "Mozilla/5.0 (compatible; Baiduspider/2.0; +http://www.baidu.com/search/spider.html)"
77.20.4.67 - - [17/Mar/2012:20:44:58 +0100] "GET /faq.php HTTP/1.1" 200 35935 "-" "findlinks/2.0.2 (+http://wortschatz.uni-leipzig.de/findlinks/)"
77.20.4.67 - - [17/Mar/2012:20:45:02 +0100] "GET /faq.php HTTP/1.1" 200 95216 "-" "findlinks/2.0.2 (+http://wortschatz.uni-leipzig.de/findlinks/)"
46.4.79.76 - - [17/Mar/2012:20:58:32 +0100] "GET /news.php HTTP/1.1" 200 22411 "-" "Mozilla/5.0 (Windows NT 5.1) AppleWebKit/535.1 (KHTML, like Gecko) Chrome/13.0.782.107 Safari/535.1"
46.4.79.73 - - [17/Mar/2012:21:09:52 +0100] "GET /news.php HTTP/1.1" 200 22411 "-" "Mozilla/5.0 (Windows NT 5.1) AppleWebKit/535.1 (KHTML, like Gecko) Chrome/13.0.782.107 Safari/535.1"
217.231.135.38 - - [17/Mar/2012:22:14:50 +0100] "GET /style.css HTTP/1.1" 200 8418 "http://www.mink-gmbh.de/" "Mozilla/5.0 (X11; U; Linux i686; de; rv:1.9.2.17) Gecko/20110422 Ubuntu/9.10 (karmic) Firefox/3.6.17"
217.231.135.38 - - [17/Mar/2012:22:14:50 +0100] "GET /favicon.ico HTTP/1.1" 200 3638 "-" "Mozilla/5.0 (X11; U; Linux i686; de; rv:1.9.2.17) Gecko/20110422 Ubuntu/9.10 (karmic) Firefox/3.6.17"
217.231.135.38 - - [17/Mar/2012:22:14:50 +0100] "GET / HTTP/1.1" 200 14869 "-" "Mozilla/5.0 (X11; U; Linux i686; de; rv:1.9.2.17) Gecko/20110422 Ubuntu/9.10 (karmic) Firefox/3.6.17"
217.231.135.38 - - [17/Mar/2012:22:14:50 +0100] "GET /modul.css HTTP/1.1" 200 35038 "http://www.mink-gmbh.de/" "Mozilla/5.0 (X11; U; Linux i686; de; rv:1.9.2.17) Gecko/20110422 Ubuntu/9.10 (karmic) Firefox/3.6.17"
217.231.135.38 - - [17/Mar/2012:22:14:53 +0100] "GET /images/mail.jpg HTTP/1.1" 200 11165 "http://www.mink-gmbh.de/" "Mozilla/5.0 (X11; U; Linux i686; de; rv:1.9.2.17) Gecko/20110422 Ubuntu/9.10 (karmic) Firefox/3.6.17"
217.231.135.38 - - [17/Mar/2012:22:14:53 +0100] "GET /images/kwk.gif HTTP/1.1" 200 6403 "http://www.mink-gmbh.de/" "Mozilla/5.0 (X11; U; Linux i686; de; rv:1.9.2.17) Gecko/20110422 Ubuntu/9.10 (karmic) Firefox/3.6.17"
217.231.135.38 - - [17/Mar/2012:22:14:53 +0100] "GET /images/bg.jpg HTTP/1.1" 200 345 "http://www.mink-gmbh.de/style.css" "Mozilla/5.0 (X11; U; Linux i686; de; rv:1.9.2.17) Gecko/20110422 Ubuntu/9.10 (karmic) Firefox/3.6.17"
217.231.135.38 - - [17/Mar/2012:22:14:53 +0100] "GET /images/close.png HTTP/1.1" 200 703 "http://www.mink-gmbh.de/" "Mozilla/5.0 (X11; U; Linux i686; de; rv:1.9.2.17) Gecko/20110422 Ubuntu/9.10 (karmic) Firefox/3.6.17"
217.231.135.38 - - [17/Mar/2012:22:14:53 +0100] "GET /images/tkw.jpg HTTP/1.1" 200 64031 "http://www.mink-gmbh.de/" "Mozilla/5.0 (X11; U; Linux i686; de; rv:1.9.2.17) Gecko/20110422 Ubuntu/9.10 (karmic) Firefox/3.6.17"
217.231.135.38 - - [17/Mar/2012:22:14:53 +0100] "GET /images/freecall.jpg HTTP/1.1" 200 39195 "http://www.mink-gmbh.de/" "Mozilla/5.0 (X11; U; Linux i686; de; rv:1.9.2.17) Gecko/20110422 Ubuntu/9.10 (karmic) Firefox/3.6.17"
217.231.135.38 - - [17/Mar/2012:22:14:53 +0100] "GET /images/newsletter_bg.jpg HTTP/1.1" 200 33610 "http://www.mink-gmbh.de/" "Mozilla/5.0 (X11; U; Linux i686; de; rv:1.9.2.17) Gecko/20110422 Ubuntu/9.10 (karmic) Firefox/3.6.17"
217.231.135.38 - - [17/Mar/2012:22:14:53 +0100] "GET /images/wunschpreis.jpg HTTP/1.1" 200 16767 "http://www.mink-gmbh.de/" "Mozilla/5.0 (X11; U; Linux i686; de; rv:1.9.2.17) Gecko/20110422 Ubuntu/9.10 (karmic) Firefox/3.6.17"
217.231.135.38 - - [17/Mar/2012:22:14:53 +0100] "GET /images/newsletter.png HTTP/1.1" 200 14619 "http://www.mink-gmbh.de/style.css" "Mozilla/5.0 (X11; U; Linux i686; de; rv:1.9.2.17) Gecko/20110422 Ubuntu/9.10 (karmic) Firefox/3.6.17"
217.231.135.38 - - [17/Mar/2012:22:14:53 +0100] "GET /images/logos.jpg HTTP/1.1" 200 15002 "http://www.mink-gmbh.de/" "Mozilla/5.0 (X11; U; Linux i686; de; rv:1.9.2.17) Gecko/20110422 Ubuntu/9.10 (karmic) Firefox/3.6.17"
217.231.135.38 - - [17/Mar/2012:22:14:54 +0100] "GET /images/wrapperbg.jpg HTTP/1.1" 200 27465 "http://www.mink-gmbh.de/style.css" "Mozilla/5.0 (X11; U; Linux i686; de; rv:1.9.2.17) Gecko/20110422 Ubuntu/9.10 (karmic) Firefox/3.6.17"
217.231.135.38 - - [17/Mar/2012:22:14:54 +0100] "GET /images/header.jpg HTTP/1.1" 200 24413 "http://www.mink-gmbh.de/style.css" "Mozilla/5.0 (X11; U; Linux i686; de; rv:1.9.2.17) Gecko/20110422 Ubuntu/9.10 (karmic) Firefox/3.6.17"
217.231.135.38 - - [17/Mar/2012:22:14:54 +0100] "GET /images/navibg.png HTTP/1.1" 200 2803 "http://www.mink-gmbh.de/style.css" "Mozilla/5.0 (X11; U; Linux i686; de; rv:1.9.2.17) Gecko/20110422 Ubuntu/9.10 (karmic) Firefox/3.6.17"
217.231.135.38 - - [17/Mar/2012:22:14:54 +0100] "GET /images/steigend.png HTTP/1.1" 200 688 "http://www.mink-gmbh.de/modul.css" "Mozilla/5.0 (X11; U; Linux i686; de; rv:1.9.2.17) Gecko/20110422 Ubuntu/9.10 (karmic) Firefox/3.6.17"
217.231.135.38 - - [17/Mar/2012:22:14:54 +0100] "GET /images/fallend.png HTTP/1.1" 200 713 "http://www.mink-gmbh.de/modul.css" "Mozilla/5.0 (X11; U; Linux i686; de; rv:1.9.2.17) Gecko/20110422 Ubuntu/9.10 (karmic) Firefox/3.6.17"
217.231.135.38 - - [17/Mar/2012:22:14:55 +0100] "GET /images/mobil.jpg HTTP/1.1" 200 25293 "http://www.mink-gmbh.de/style.css" "Mozilla/5.0 (X11; U; Linux i686; de; rv:1.9.2.17) Gecko/20110422 Ubuntu/9.10 (karmic) Firefox/3.6.17"
217.231.135.38 - - [17/Mar/2012:22:14:55 +0100] "GET /images/newsletter.jpg HTTP/1.1" 200 13130 "http://www.mink-gmbh.de/style.css" "Mozilla/5.0 (X11; U; Linux i686; de; rv:1.9.2.17) Gecko/20110422 Ubuntu/9.10 (karmic) Firefox/3.6.17"
217.231.135.38 - - [17/Mar/2012:22:14:55 +0100] "GET /images/footerbg.jpg HTTP/1.1" 200 2184 "http://www.mink-gmbh.de/style.css" "Mozilla/5.0 (X11; U; Linux i686; de; rv:1.9.2.17) Gecko/20110422 Ubuntu/9.10 (karmic) Firefox/3.6.17"
217.231.135.38 - - [17/Mar/2012:22:16:13 +0100] "GET /news.php HTTP/1.1" 200 22324 "http://www.mink-gmbh.de/" "Mozilla/5.0 (X11; U; Linux i686; de; rv:1.9.2.17) Gecko/20110422 Ubuntu/9.10 (karmic) Firefox/3.6.17"
176.9.66.16 - - [17/Mar/2012:22:16:33 +0100] "GET /agb.php HTTP/1.1" 200 19709 "-" "Mozilla/5.0 (Windows NT 5.1) AppleWebKit/535.1 (KHTML, like Gecko) Chrome/13.0.782.107 Safari/535.1"
217.231.135.38 - - [17/Mar/2012:22:17:02 +0100] "GET /modernisierung.php HTTP/1.1" 200 11424 "http://www.mink-gmbh.de/news.php" "Mozilla/5.0 (X11; U; Linux i686; de; rv:1.9.2.17) Gecko/20110422 Ubuntu/9.10 (karmic) Firefox/3.6.17"
217.231.135.38 - - [17/Mar/2012:22:18:05 +0100] "GET /modernisierung.php?cs_gp_go=description HTTP/1.1" 200 10617 "http://www.mink-gmbh.de/modernisierung.php" "Mozilla/5.0 (X11; U; Linux i686; de; rv:1.9.2.17) Gecko/20110422 Ubuntu/9.10 (karmic) Firefox/3.6.17"
217.231.135.38 - - [17/Mar/2012:22:19:47 +0100] "GET /modernisierung.php?cs_gp_go=description HTTP/1.1" 200 10617 "-" "Mozilla/5.0 (X11; U; Linux i686; de; rv:1.9.2.17) Gecko/20110422 Ubuntu/9.10 (karmic) Firefox/3.6.17"
217.231.135.38 - - [17/Mar/2012:22:20:12 +0100] "GET /foerdermittel.php HTTP/1.1" 200 12766 "http://www.mink-gmbh.de/modernisierung.php?cs_gp_go=description" "Mozilla/5.0 (X11; U; Linux i686; de; rv:1.9.2.17) Gecko/20110422 Ubuntu/9.10 (karmic) Firefox/3.6.17"
217.231.135.38 - - [17/Mar/2012:22:21:25 +0100] "GET /faq.php HTTP/1.1" 200 185755 "http://www.mink-gmbh.de/foerdermittel.php" "Mozilla/5.0 (X11; U; Linux i686; de; rv:1.9.2.17) Gecko/20110422 Ubuntu/9.10 (karmic) Firefox/3.6.17"
125.39.78.171 - - [17/Mar/2012:23:13:53 +0100] "GET /robots.txt HTTP/1.1" 200 177 "-" "Mozilla/5.0 (compatible; Baiduspider/2.0; +http://www.baidu.com/search/spider.html)"
77.20.158.103 - - [17/Mar/2012:23:35:35 +0100] "GET /preisanfrage.php HTTP/1.1" 200 5722 "-" "findlinks/2.0.2 (+http://wortschatz.uni-leipzig.de/findlinks/)"
77.20.158.103 - - [17/Mar/2012:23:35:35 +0100] "GET /preisanfrage.php HTTP/1.1" 200 10549 "-" "findlinks/2.0.2 (+http://wortschatz.uni-leipzig.de/findlinks/)"
65.36.241.79 - - [17/Mar/2012:23:46:43 +0100] "HEAD / HTTP/1.1" 200 - "-" "InternetSeer.com"
123.125.71.20 - - [18/Mar/2012:01:33:49 +0100] "GET / HTTP/1.1" 200 14869 "-" "Mozilla/5.0 (compatible; Baiduspider/2.0; +http://www.baidu.com/search/spider.html)"
220.181.108.90 - - [18/Mar/2012:01:34:30 +0100] "GET / HTTP/1.1" 200 8215 "-" "Mozilla/5.0 (compatible; Baiduspider/2.0; +http://www.baidu.com/search/spider.html)"
176.9.66.16 - - [18/Mar/2012:01:36:00 +0100] "GET /kwk.php HTTP/1.1" 200 10815 "-" "Mozilla/5.0 (Windows NT 5.1) AppleWebKit/535.1 (KHTML, like Gecko) Chrome/13.0.782.107 Safari/535.1"
66.249.72.195 - - [18/Mar/2012:01:37:42 +0100] "GET /robots.txt HTTP/1.1" 200 177 "-" "Mozilla/5.0 (compatible; Googlebot/2.1; +http://www.google.com/bot.html)"
66.249.72.195 - - [18/Mar/2012:01:37:42 +0100] "GET /news.php HTTP/1.1" 200 22411 "-" "Mozilla/5.0 (compatible; Googlebot/2.1; +http://www.google.com/bot.html)"
66.249.72.195 - - [18/Mar/2012:02:02:41 +0100] "GET /news.php?cs_go=archiv&cs_id=2853&cs_search= HTTP/1.1" 200 9926 "-" "Mozilla/5.0 (compatible; Googlebot/2.1; +http://www.google.com/bot.html)"
66.249.66.149 - - [18/Mar/2012:02:06:39 +0100] "GET /news.php?cs_go=archiv&cs_id=2907&cs_search= HTTP/1.1" 200 9950 "-" "Mozilla/5.0 (compatible; Googlebot/2.1; +http://www.google.com/bot.html)"
66.249.72.195 - - [18/Mar/2012:02:26:23 +0100] "GET /news.php?cs_go=archiv&cs_id=2914&cs_search= HTTP/1.1" 200 10492 "-" "Mozilla/5.0 (compatible; Googlebot/2.1; +http://www.google.com/bot.html)"
66.249.72.195 - - [18/Mar/2012:02:27:40 +0100] "GET /news.php?cs_go=archiv&cs_id=2775&cs_search= HTTP/1.1" 200 10260 "-" "Mozilla/5.0 (compatible; Googlebot/2.1; +http://www.google.com/bot.html)"
207.46.204.240 - - [18/Mar/2012:02:52:00 +0100] "GET /robots.txt HTTP/1.1" 200 177 "-" "Mozilla/5.0 (compatible; bingbot/2.0; +http://www.bing.com/bingbot.htm)"
207.46.204.240 - - [18/Mar/2012:02:52:01 +0100] "GET / HTTP/1.1" 200 14869 "-" "Mozilla/5.0 (compatible; bingbot/2.0; +http://www.bing.com/bingbot.htm)"
66.249.72.195 - - [18/Mar/2012:02:54:44 +0100] "GET /news.php?cs_go=archiv&cs_id=2778&cs_search= HTTP/1.1" 200 14073 "-" "Mozilla/5.0 (compatible; Googlebot/2.1; +http://www.google.com/bot.html)"
208.115.111.75 - - [18/Mar/2012:03:13:15 +0100] "GET /robots.txt HTTP/1.1" 200 177 "-" "Mozilla/5.0 (compatible; Ezooms/1.0; ezooms.bot@gmail.com)"
66.249.66.149 - - [18/Mar/2012:03:23:53 +0100] "GET /news.php?cs_go=archiv&cs_id=2777&cs_search= HTTP/1.1" 200 9424 "-" "Mozilla/5.0 (compatible; Googlebot/2.1; +http://www.google.com/bot.html)"
66.249.66.149 - - [18/Mar/2012:03:48:52 +0100] "GET /news.php?cs_go=archiv HTTP/1.1" 200 22411 "-" "Mozilla/5.0 (compatible; Googlebot/2.1; +http://www.google.com/bot.html)"
125.39.78.172 - - [18/Mar/2012:03:51:42 +0100] "GET /robots.txt HTTP/1.1" 200 177 "-" "Mozilla/5.0 (compatible; Baiduspider/2.0; +http://www.baidu.com/search/spider.html)"
176.9.66.16 - - [18/Mar/2012:04:15:41 +0100] "GET /preisanfrage.php HTTP/1.1" 200 10636 "-" "Mozilla/5.0 (Windows NT 5.1) AppleWebKit/535.1 (KHTML, like Gecko) Chrome/13.0.782.107 Safari/535.1"
66.249.66.149 - - [18/Mar/2012:04:15:47 +0100] "GET /news.php?cs_go=archiv&cs_id=2883&cs_search= HTTP/1.1" 200 13392 "-" "Mozilla/5.0 (compatible; Googlebot/2.1; +http://www.google.com/bot.html)"
66.249.66.149 - - [18/Mar/2012:04:18:26 +0100] "GET /news.php?cs_go=archiv&cs_id=2875&cs_search= HTTP/1.1" 200 10810 "-" "Mozilla/5.0 (compatible; Googlebot/2.1; +http://www.google.com/bot.html)"
66.249.72.195 - - [18/Mar/2012:04:20:44 +0100] "GET /news.php?cs_go=archiv&cs_id=2863&cs_search= HTTP/1.1" 200 12007 "-" "Mozilla/5.0 (compatible; Googlebot/2.1; +http://www.google.com/bot.html)"
66.249.72.195 - - [18/Mar/2012:04:22:51 +0100] "GET /news.php?cs_go=archiv&cs_id=2891&cs_search= HTTP/1.1" 200 14091 "-" "Mozilla/5.0 (compatible; Googlebot/2.1; +http://www.google.com/bot.html)"
66.249.72.195 - - [18/Mar/2012:04:23:52 +0100] "GET /news.php?cs_go=archiv&cs_id=2851&cs_search= HTTP/1.1" 200 14965 "-" "Mozilla/5.0 (compatible; Googlebot/2.1; +http://www.google.com/bot.html)"
66.249.66.149 - - [18/Mar/2012:04:24:51 +0100] "GET /news.php?cs_go=archiv&cs_id=2884&cs_search= HTTP/1.1" 200 10253 "-" "Mozilla/5.0 (compatible; Googlebot/2.1; +http://www.google.com/bot.html)"
66.249.66.149 - - [18/Mar/2012:04:27:42 +0100] "GET /news.php?cs_go=archiv&cs_id=2871&cs_search= HTTP/1.1" 200 13594 "-" "Mozilla/5.0 (compatible; Googlebot/2.1; +http://www.google.com/bot.html)"
66.249.66.149 - - [18/Mar/2012:04:28:56 +0100] "GET /news.php?cs_go=archiv&cs_id=2869&cs_search= HTTP/1.1" 200 13317 "-" "Mozilla/5.0 (compatible; Googlebot/2.1; +http://www.google.com/bot.html)"
66.249.66.149 - - [18/Mar/2012:04:30:30 +0100] "GET /news.php?cs_go=archiv&cs_id=2910&cs_search= HTTP/1.1" 200 10719 "-" "Mozilla/5.0 (compatible; Googlebot/2.1; +http://www.google.com/bot.html)"
66.249.66.149 - - [18/Mar/2012:04:31:38 +0100] "GET /news.php?cs_go=archiv&cs_id=2892&cs_search= HTTP/1.1" 200 13339 "-" "Mozilla/5.0 (compatible; Googlebot/2.1; +http://www.google.com/bot.html)"
66.249.66.149 - - [18/Mar/2012:04:32:38 +0100] "GET /news.php?cs_go=archiv&cs_id=1628&cs_search= HTTP/1.1" 200 13999 "-" "Mozilla/5.0 (compatible; Googlebot/2.1; +http://www.google.com/bot.html)"
66.249.66.149 - - [18/Mar/2012:04:33:42 +0100] "GET /news.php?cs_go=archiv&cs_id=2882&cs_search= HTTP/1.1" 200 10196 "-" "Mozilla/5.0 (compatible; Googlebot/2.1; +http://www.google.com/bot.html)"
65.36.241.79 - - [18/Mar/2012:04:33:44 +0100] "HEAD / HTTP/1.1" 200 - "-" "InternetSeer.com"
66.249.66.149 - - [18/Mar/2012:04:34:47 +0100] "GET /news.php?cs_go=archiv&cs_id=2855&cs_search= HTTP/1.1" 200 14035 "-" "Mozilla/5.0 (compatible; Googlebot/2.1; +http://www.google.com/bot.html)"
66.249.66.149 - - [18/Mar/2012:04:35:51 +0100] "GET /news.php?cs_go=archiv&cs_id=1629&cs_search= HTTP/1.1" 200 10866 "-" "Mozilla/5.0 (compatible; Googlebot/2.1; +http://www.google.com/bot.html)"
66.249.66.149 - - [18/Mar/2012:04:36:51 +0100] "GET /news.php?cs_go=archiv&cs_id=2854&cs_search= HTTP/1.1" 200 14404 "-" "Mozilla/5.0 (compatible; Googlebot/2.1; +http://www.google.com/bot.html)"
66.249.72.195 - - [18/Mar/2012:04:38:48 +0100] "GET /news.php?cs_go=archiv&cs_id=2872&cs_search= HTTP/1.1" 200 10202 "-" "Mozilla/5.0 (compatible; Googlebot/2.1; +http://www.google.com/bot.html)"
66.249.66.149 - - [18/Mar/2012:04:39:58 +0100] "GET /news.php?cs_go=archiv&cs_id=2877&cs_search= HTTP/1.1" 200 14424 "-" "Mozilla/5.0 (compatible; Googlebot/2.1; +http://www.google.com/bot.html)"
66.249.72.195 - - [18/Mar/2012:04:41:20 +0100] "GET /news.php?cs_go=archiv&cs_id=2881&cs_search= HTTP/1.1" 200 13147 "-" "Mozilla/5.0 (compatible; Googlebot/2.1; +http://www.google.com/bot.html)"
139.18.2.17 - - [18/Mar/2012:04:56:55 +0100] "GET /modernisierung.php HTTP/1.1" 200 9452 "-" "findlinks/2.1.5 (+http://wortschatz.uni-leipzig.de/findlinks/)"
139.18.2.17 - - [18/Mar/2012:04:56:55 +0100] "GET /modernisierung.php HTTP/1.1" 200 11424 "-" "findlinks/2.1.5 (+http://wortschatz.uni-leipzig.de/findlinks/)"
208.115.111.75 - - [18/Mar/2012:05:21:11 +0100] "GET /edl.php HTTP/1.1" 200 10732 "-" "Mozilla/5.0 (compatible; Ezooms/1.0; ezooms.bot@gmail.com)"
77.96.214.55 - - [18/Mar/2012:05:30:53 +0100] "GET /robots.txt HTTP/1.0" 200 177 "-" "Mozilla/5.0 (compatible; MJ12bot/v1.4.2; http://www.majestic12.co.uk/bot.php?+)"
77.96.214.55 - - [18/Mar/2012:05:30:54 +0100] "GET /agb.php HTTP/1.1" 200 19709 "-" "Mozilla/5.0 (compatible; MJ12bot/v1.4.2; http://www.majestic12.co.uk/bot.php?+)"
77.96.214.55 - - [18/Mar/2012:05:30:56 +0100] "GET /news.php?cs_go=archiv&cs_id=2678 HTTP/1.1" 200 9971 "-" "Mozilla/5.0 (compatible; MJ12bot/v1.4.2; http://www.majestic12.co.uk/bot.php?+)"
77.96.214.55 - - [18/Mar/2012:05:30:58 +0100] "GET /news.php?cs_go=archiv&cs_id=2679 HTTP/1.1" 200 10667 "-" "Mozilla/5.0 (compatible; MJ12bot/v1.4.2; http://www.majestic12.co.uk/bot.php?+)"
77.96.214.55 - - [18/Mar/2012:05:30:59 +0100] "GET /news.php?cs_go=archiv&cs_id=2680 HTTP/1.1" 200 13613 "-" "Mozilla/5.0 (compatible; MJ12bot/v1.4.2; http://www.majestic12.co.uk/bot.php?+)"
77.96.214.55 - - [18/Mar/2012:05:31:01 +0100] "GET /news.php?cs_go=archiv&cs_id=2681 HTTP/1.1" 200 10154 "-" "Mozilla/5.0 (compatible; MJ12bot/v1.4.2; http://www.majestic12.co.uk/bot.php?+)"
77.96.214.55 - - [18/Mar/2012:05:31:03 +0100] "GET /news.php?cs_go=archiv&cs_id=2682 HTTP/1.1" 200 10584 "-" "Mozilla/5.0 (compatible; MJ12bot/v1.4.2; http://www.majestic12.co.uk/bot.php?+)"
77.96.214.55 - - [18/Mar/2012:05:31:05 +0100] "GET /news.php?cs_go=archiv&cs_id=2683 HTTP/1.1" 200 13555 "-" "Mozilla/5.0 (compatible; MJ12bot/v1.4.2; http://www.majestic12.co.uk/bot.php?+)"
77.96.214.55 - - [18/Mar/2012:05:31:06 +0100] "GET /news.php?cs_go=archiv&cs_id=2684 HTTP/1.1" 200 10001 "-" "Mozilla/5.0 (compatible; MJ12bot/v1.4.2; http://www.majestic12.co.uk/bot.php?+)"
77.96.214.55 - - [18/Mar/2012:05:31:08 +0100] "GET /news.php?cs_go=archiv&cs_id=2685 HTTP/1.1" 200 9646 "-" "Mozilla/5.0 (compatible; MJ12bot/v1.4.2; http://www.majestic12.co.uk/bot.php?+)"
77.96.214.55 - - [18/Mar/2012:05:31:10 +0100] "GET /news.php?cs_go=archiv&cs_id=2686 HTTP/1.1" 200 10124 "-" "Mozilla/5.0 (compatible; MJ12bot/v1.4.2; http://www.majestic12.co.uk/bot.php?+)"
77.96.214.55 - - [18/Mar/2012:05:31:12 +0100] "GET /news.php?cs_go=archiv&cs_id=2687 HTTP/1.1" 200 10244 "-" "Mozilla/5.0 (compatible; MJ12bot/v1.4.2; http://www.majestic12.co.uk/bot.php?+)"
77.96.214.55 - - [18/Mar/2012:05:31:13 +0100] "GET /news.php?cs_go=archiv&cs_id=2688 HTTP/1.1" 200 13852 "-" "Mozilla/5.0 (compatible; MJ12bot/v1.4.2; http://www.majestic12.co.uk/bot.php?+)"
77.96.214.55 - - [18/Mar/2012:05:31:15 +0100] "GET /news.php?cs_go=archiv&cs_id=2689 HTTP/1.1" 200 10303 "-" "Mozilla/5.0 (compatible; MJ12bot/v1.4.2; http://www.majestic12.co.uk/bot.php?+)"
77.96.214.55 - - [18/Mar/2012:05:31:17 +0100] "GET /news.php?cs_go=archiv&cs_id=2690 HTTP/1.1" 200 10405 "-" "Mozilla/5.0 (compatible; MJ12bot/v1.4.2; http://www.majestic12.co.uk/bot.php?+)"
77.96.214.55 - - [18/Mar/2012:05:31:19 +0100] "GET /news.php?cs_go=archiv&cs_id=2691 HTTP/1.1" 200 13867 "-" "Mozilla/5.0 (compatible; MJ12bot/v1.4.2; http://www.majestic12.co.uk/bot.php?+)"
123.125.71.16 - - [18/Mar/2012:05:35:08 +0100] "GET / HTTP/1.1" 200 14869 "-" "Mozilla/5.0 (compatible; Baiduspider/2.0; +http://www.baidu.com/search/spider.html)"
220.181.108.88 - - [18/Mar/2012:05:35:51 +0100] "GET / HTTP/1.1" 200 8215 "-" "Mozilla/5.0 (compatible; Baiduspider/2.0; +http://www.baidu.com/search/spider.html)"
66.249.66.149 - - [18/Mar/2012:06:16:40 +0100] "GET /news.php?cs_go=archiv&cs_id=2907 HTTP/1.1" 200 9950 "-" "Mozilla/5.0 (compatible; Googlebot/2.1; +http://www.google.com/bot.html)"
66.249.66.149 - - [18/Mar/2012:06:27:05 +0100] "GET /news.php?cs_go=archiv&cs_id=2911 HTTP/1.1" 200 13781 "-" "Mozilla/5.0 (compatible; Googlebot/2.1; +http://www.google.com/bot.html)"
77.20.4.67 - - [18/Mar/2012:07:00:29 +0100] "GET /index.php HTTP/1.1" 200 8215 "-" "findlinks/2.0.2 (+http://wortschatz.uni-leipzig.de/findlinks/)"
77.20.4.67 - - [18/Mar/2012:07:00:30 +0100] "GET /index.php HTTP/1.1" 200 14782 "-" "findlinks/2.0.2 (+http://wortschatz.uni-leipzig.de/findlinks/)"
66.249.66.149 - - [18/Mar/2012:07:04:34 +0100] "GET /news.php?cs_go=archiv&cs_id=2897 HTTP/1.1" 200 10593 "-" "Mozilla/5.0 (compatible; Googlebot/2.1; +http://www.google.com/bot.html)"
125.39.78.176 - - [18/Mar/2012:08:29:30 +0100] "GET /robots.txt HTTP/1.1" 200 177 "-" "Mozilla/5.0 (compatible; Baiduspider/2.0; +http://www.baidu.com/search/spider.html)"
46.4.79.73 - - [18/Mar/2012:09:03:43 +0100] "GET /standard.php HTTP/1.1" 200 9150 "-" "Mozilla/5.0 (Windows NT 5.1) AppleWebKit/535.1 (KHTML, like Gecko) Chrome/13.0.782.107 Safari/535.1"
46.4.79.76 - - [18/Mar/2012:09:11:31 +0100] "GET /standard.php HTTP/1.1" 200 9150 "-" "Mozilla/5.0 (Windows NT 5.1) AppleWebKit/535.1 (KHTML, like Gecko) Chrome/13.0.782.107 Safari/535.1"
66.249.66.149 - - [18/Mar/2012:09:30:35 +0100] "GET /standard.php HTTP/1.1" 200 9150 "-" "Mozilla/5.0 (iPhone; U; CPU iPhone OS 4_1 like Mac OS X; en-us) AppleWebKit/532.9 (KHTML, like Gecko) Version/4.0.5 Mobile/8B117 Safari/6531.22.7 (compatible; Googlebot-Mobile/2.1; +http://www.google.com/bot.html)"
93.212.215.252 - - [18/Mar/2012:09:33:20 +0100] "GET /lexikon.php?cs_go=3&cs_id=100 HTTP/1.1" 200 8685 "http://www.google.de/url?sa=t&rct=j&q=cracken%20reformieren%20entschwefeln&source=web&cd=43&ved=0CCcQFjACOCg&url=http%3A%2F%2Fwww.mink-gmbh.de%2Flexikon.php%3Fcs_go%3D3%26cs_id%3D100&ei=rp1lT5KYMIbh4QTIwvnCAw&usg=AFQjCNFPTZiiLdKCdgypK8CX7WcntNWtCA" "Mozilla/5.0 (Windows NT 6.1; WOW64; rv:10.0.2) Gecko/20100101 Firefox/10.0.2"
93.212.215.252 - - [18/Mar/2012:09:33:21 +0100] "GET /favicon.ico HTTP/1.1" 200 3638 "-" "Mozilla/5.0 (Windows NT 6.1; WOW64; rv:10.0.2) Gecko/20100101 Firefox/10.0.2"
93.212.215.252 - - [18/Mar/2012:09:33:21 +0100] "GET /images/freecall.jpg HTTP/1.1" 200 39195 "http://www.mink-gmbh.de/lexikon.php?cs_go=3&cs_id=100" "Mozilla/5.0 (Windows NT 6.1; WOW64; rv:10.0.2) Gecko/20100101 Firefox/10.0.2"
93.212.215.252 - - [18/Mar/2012:09:33:21 +0100] "GET /images/mail.jpg HTTP/1.1" 200 11165 "http://www.mink-gmbh.de/lexikon.php?cs_go=3&cs_id=100" "Mozilla/5.0 (Windows NT 6.1; WOW64; rv:10.0.2) Gecko/20100101 Firefox/10.0.2"
93.212.215.252 - - [18/Mar/2012:09:33:21 +0100] "GET /modul.css HTTP/1.1" 200 35038 "http://www.mink-gmbh.de/lexikon.php?cs_go=3&cs_id=100" "Mozilla/5.0 (Windows NT 6.1; WOW64; rv:10.0.2) Gecko/20100101 Firefox/10.0.2"
93.212.215.252 - - [18/Mar/2012:09:33:21 +0100] "GET /style.css HTTP/1.1" 200 8418 "http://www.mink-gmbh.de/lexikon.php?cs_go=3&cs_id=100" "Mozilla/5.0 (Windows NT 6.1; WOW64; rv:10.0.2) Gecko/20100101 Firefox/10.0.2"
93.212.215.252 - - [18/Mar/2012:09:33:21 +0100] "GET /images/kwk.gif HTTP/1.1" 200 6403 "http://www.mink-gmbh.de/lexikon.php?cs_go=3&cs_id=100" "Mozilla/5.0 (Windows NT 6.1; WOW64; rv:10.0.2) Gecko/20100101 Firefox/10.0.2"
93.212.215.252 - - [18/Mar/2012:09:33:21 +0100] "GET /images/wunschpreis.jpg HTTP/1.1" 200 16767 "http://www.mink-gmbh.de/lexikon.php?cs_go=3&cs_id=100" "Mozilla/5.0 (Windows NT 6.1; WOW64; rv:10.0.2) Gecko/20100101 Firefox/10.0.2"
93.212.215.252 - - [18/Mar/2012:09:33:21 +0100] "GET /images/logos.jpg HTTP/1.1" 200 15002 "http://www.mink-gmbh.de/lexikon.php?cs_go=3&cs_id=100" "Mozilla/5.0 (Windows NT 6.1; WOW64; rv:10.0.2) Gecko/20100101 Firefox/10.0.2"
93.212.215.252 - - [18/Mar/2012:09:33:21 +0100] "GET /images/bg.jpg HTTP/1.1" 200 345 "http://www.mink-gmbh.de/style.css" "Mozilla/5.0 (Windows NT 6.1; WOW64; rv:10.0.2) Gecko/20100101 Firefox/10.0.2"
93.212.215.252 - - [18/Mar/2012:09:33:21 +0100] "GET /images/newsletter_bg.jpg HTTP/1.1" 200 33610 "http://www.mink-gmbh.de/lexikon.php?cs_go=3&cs_id=100" "Mozilla/5.0 (Windows NT 6.1; WOW64; rv:10.0.2) Gecko/20100101 Firefox/10.0.2"
93.212.215.252 - - [18/Mar/2012:09:33:21 +0100] "GET /images/close.png HTTP/1.1" 200 703 "http://www.mink-gmbh.de/lexikon.php?cs_go=3&cs_id=100" "Mozilla/5.0 (Windows NT 6.1; WOW64; rv:10.0.2) Gecko/20100101 Firefox/10.0.2"
93.212.215.252 - - [18/Mar/2012:09:33:21 +0100] "GET /images/header.jpg HTTP/1.1" 200 24413 "http://www.mink-gmbh.de/style.css" "Mozilla/5.0 (Windows NT 6.1; WOW64; rv:10.0.2) Gecko/20100101 Firefox/10.0.2"
93.212.215.252 - - [18/Mar/2012:09:33:21 +0100] "GET /images/wrapperbg.jpg HTTP/1.1" 200 27465 "http://www.mink-gmbh.de/style.css" "Mozilla/5.0 (Windows NT 6.1; WOW64; rv:10.0.2) Gecko/20100101 Firefox/10.0.2"
93.212.215.252 - - [18/Mar/2012:09:33:21 +0100] "GET /images/newsletter.png HTTP/1.1" 200 14619 "http://www.mink-gmbh.de/style.css" "Mozilla/5.0 (Windows NT 6.1; WOW64; rv:10.0.2) Gecko/20100101 Firefox/10.0.2"
93.212.215.252 - - [18/Mar/2012:09:33:21 +0100] "GET /images/navibg.png HTTP/1.1" 200 2803 "http://www.mink-gmbh.de/style.css" "Mozilla/5.0 (Windows NT 6.1; WOW64; rv:10.0.2) Gecko/20100101 Firefox/10.0.2"
93.212.215.252 - - [18/Mar/2012:09:33:21 +0100] "GET /images/footerbg.jpg HTTP/1.1" 200 2184 "http://www.mink-gmbh.de/style.css" "Mozilla/5.0 (Windows NT 6.1; WOW64; rv:10.0.2) Gecko/20100101 Firefox/10.0.2"
212.34.178.11 - - [18/Mar/2012:10:08:40 +0100] "HEAD / HTTP/1.0" 200 - "-" "gonzo thumb[P] +http://www.suchen.de/faq.html"
212.34.178.11 - - [18/Mar/2012:10:08:40 +0100] "HEAD / HTTP/1.0" 200 - "-" "gonzo thumb[P] +http://www.suchen.de/faq.html"
212.34.178.11 - - [18/Mar/2012:10:08:40 +0100] "HEAD / HTTP/1.0" 200 - "-" "gonzo thumb[P] +http://www.suchen.de/faq.html"
65.36.241.79 - - [18/Mar/2012:10:26:22 +0100] "HEAD / HTTP/1.1" 200 - "-" "InternetSeer.com"
208.115.111.75 - - [18/Mar/2012:10:32:06 +0100] "GET /robots.txt HTTP/1.1" 200 177 "-" "Mozilla/5.0 (compatible; Ezooms/1.0; ezooms.bot@gmail.com)"
66.249.72.195 - - [18/Mar/2012:10:44:55 +0100] "GET / HTTP/1.1" 200 14904 "-" "SAMSUNG-SGH-E250/1.0 Profile/MIDP-2.0 Configuration/CLDC-1.1 UP.Browser/6.2.3.3.c.1.101 (GUI) MMP/2.0 (compatible; Googlebot-Mobile/2.1; +http://www.google.com/bot.html)"
77.20.158.103 - - [18/Mar/2012:11:06:44 +0100] "GET /foerdermittel.php HTTP/1.1" 200 12853 "-" "findlinks/2.0.2 (+http://wortschatz.uni-leipzig.de/findlinks/)"
77.20.158.103 - - [18/Mar/2012:11:06:45 +0100] "GET /foerdermittel.php HTTP/1.1" 200 12766 "-" "findlinks/2.0.2 (+http://wortschatz.uni-leipzig.de/findlinks/)"
207.46.204.240 - - [18/Mar/2012:11:30:28 +0100] "GET /robots.txt HTTP/1.1" 200 177 "-" "Mozilla/5.0 (compatible; bingbot/2.0; +http://www.bing.com/bingbot.htm)"
207.46.204.240 - - [18/Mar/2012:11:30:32 +0100] "GET /kwk.php HTTP/1.1" 200 10815 "-" "Mozilla/5.0 (compatible; bingbot/2.0; +http://www.bing.com/bingbot.htm)"
123.125.71.22 - - [18/Mar/2012:11:34:41 +0100] "GET / HTTP/1.1" 200 12890 "-" "Mozilla/5.0 (compatible; Baiduspider/2.0; +http://www.baidu.com/search/spider.html)"
220.181.108.96 - - [18/Mar/2012:11:34:57 +0100] "GET / HTTP/1.1" 200 8250 "-" "Mozilla/5.0 (compatible; Baiduspider/2.0; +http://www.baidu.com/search/spider.html)"
85.13.129.157 - - [18/Mar/2012:12:31:43 +0100] "HEAD / HTTP/1.1" 200 - "-" "-"
208.115.111.75 - - [18/Mar/2012:12:54:51 +0100] "GET /robots.txt HTTP/1.1" 200 177 "-" "Mozilla/5.0 (compatible; Ezooms/1.0; ezooms.bot@gmail.com)"
38.111.147.84 - - [18/Mar/2012:13:02:58 +0100] "GET /robots.txt HTTP/1.0" 200 177 "-" "TurnitinBot/2.1 (http://www.turnitin.com/robot/crawlerinfo.html)"
38.111.147.84 - - [18/Mar/2012:13:03:03 +0100] "GET /news.php?cs_go=archiv&cs_id=2871 HTTP/1.0" 200 13594 "-" "TurnitinBot/2.1 (http://www.turnitin.com/robot/crawlerinfo.html)"
38.111.147.84 - - [18/Mar/2012:13:03:33 +0100] "GET /news.php?cs_go=archiv&cs_id=2870 HTTP/1.0" 200 10211 "-" "TurnitinBot/2.1 (http://www.turnitin.com/robot/crawlerinfo.html)"
38.111.147.84 - - [18/Mar/2012:13:04:05 +0100] "GET /news.php?cs_go=archiv&cs_id=2869 HTTP/1.0" 200 13317 "-" "TurnitinBot/2.1 (http://www.turnitin.com/robot/crawlerinfo.html)"
38.111.147.84 - - [18/Mar/2012:13:04:34 +0100] "GET /news.php?cs_go=archiv&cs_id=2846 HTTP/1.0" 200 10769 "-" "TurnitinBot/2.1 (http://www.turnitin.com/robot/crawlerinfo.html)"
38.111.147.84 - - [18/Mar/2012:13:05:04 +0100] "GET /news.php?cs_go=archiv HTTP/1.0" 200 22405 "-" "TurnitinBot/2.1 (http://www.turnitin.com/robot/crawlerinfo.html)"
38.111.147.84 - - [18/Mar/2012:13:05:35 +0100] "GET /kwk.php?cs_go=4 HTTP/1.0" 200 10186 "-" "TurnitinBot/2.1 (http://www.turnitin.com/robot/crawlerinfo.html)"
38.111.147.84 - - [18/Mar/2012:13:06:05 +0100] "GET /kwk.php?cs_go=3 HTTP/1.0" 200 10216 "-" "TurnitinBot/2.1 (http://www.turnitin.com/robot/crawlerinfo.html)"
38.111.147.84 - - [18/Mar/2012:13:06:34 +0100] "GET /kwk.php?cs_go=2 HTTP/1.0" 200 11786 "-" "TurnitinBot/2.1 (http://www.turnitin.com/robot/crawlerinfo.html)"
38.111.147.84 - - [18/Mar/2012:13:07:05 +0100] "GET /kwk.php?cs_go=1 HTTP/1.0" 200 10815 "-" "TurnitinBot/2.1 (http://www.turnitin.com/robot/crawlerinfo.html)"
125.39.78.175 - - [18/Mar/2012:13:07:18 +0100] "GET /robots.txt HTTP/1.1" 200 177 "-" "Mozilla/5.0 (compatible; Baiduspider/2.0; +http://www.baidu.com/search/spider.html)"
38.111.147.84 - - [18/Mar/2012:13:07:35 +0100] "GET /news.php?cs_go=archiv&cs_startpos=50 HTTP/1.0" 200 23089 "-" "TurnitinBot/2.1 (http://www.turnitin.com/robot/crawlerinfo.html)"
38.111.147.84 - - [18/Mar/2012:13:08:05 +0100] "GET /news.php?cs_go=archiv&cs_startpos=40 HTTP/1.0" 200 22783 "-" "TurnitinBot/2.1 (http://www.turnitin.com/robot/crawlerinfo.html)"
38.111.147.84 - - [18/Mar/2012:13:08:37 +0100] "GET /news.php?cs_go=archiv&cs_startpos=30 HTTP/1.0" 200 22700 "-" "TurnitinBot/2.1 (http://www.turnitin.com/robot/crawlerinfo.html)"
38.111.147.84 - - [18/Mar/2012:13:09:04 +0100] "GET /news.php?cs_go=archiv&cs_startpos=20 HTTP/1.0" 200 22678 "-" "TurnitinBot/2.1 (http://www.turnitin.com/robot/crawlerinfo.html)"
38.111.147.84 - - [18/Mar/2012:13:09:35 +0100] "GET /news.php?cs_go=archiv&cs_startpos=1170 HTTP/1.0" 200 22743 "-" "TurnitinBot/2.1 (http://www.turnitin.com/robot/crawlerinfo.html)"
38.111.147.84 - - [18/Mar/2012:13:10:04 +0100] "GET /news.php?cs_go=archiv&cs_startpos=10 HTTP/1.0" 200 22588 "-" "TurnitinBot/2.1 (http://www.turnitin.com/robot/crawlerinfo.html)"
38.111.147.84 - - [18/Mar/2012:13:10:35 +0100] "GET /news.php?cs_go=archiv&cs_startpos=0 HTTP/1.0" 200 22405 "-" "TurnitinBot/2.1 (http://www.turnitin.com/robot/crawlerinfo.html)"
38.111.147.84 - - [18/Mar/2012:13:11:05 +0100] "GET /news.php?cs_go=archiv&cs_id=2871&cs_search= HTTP/1.0" 200 13594 "-" "TurnitinBot/2.1 (http://www.turnitin.com/robot/crawlerinfo.html)"
38.111.147.84 - - [18/Mar/2012:13:11:35 +0100] "GET / HTTP/1.0" 200 14899 "-" "TurnitinBot/2.1 (http://www.turnitin.com/robot/crawlerinfo.html)"
38.111.147.84 - - [18/Mar/2012:13:12:05 +0100] "GET /wunschpreis.php HTTP/1.0" 200 12007 "-" "TurnitinBot/2.1 (http://www.turnitin.com/robot/crawlerinfo.html)"
38.111.147.84 - - [18/Mar/2012:13:12:34 +0100] "GET /standard.php HTTP/1.0" 200 9150 "-" "TurnitinBot/2.1 (http://www.turnitin.com/robot/crawlerinfo.html)"
38.111.147.84 - - [18/Mar/2012:13:13:07 +0100] "GET /rueckrufservice.php HTTP/1.0" 200 10702 "-" "TurnitinBot/2.1 (http://www.turnitin.com/robot/crawlerinfo.html)"
38.111.147.84 - - [18/Mar/2012:13:13:36 +0100] "GET /preisanfrage.php HTTP/1.0" 200 10636 "-" "TurnitinBot/2.1 (http://www.turnitin.com/robot/crawlerinfo.html)"
38.111.147.84 - - [18/Mar/2012:13:14:06 +0100] "GET /optiplus.php HTTP/1.0" 200 11011 "-" "TurnitinBot/2.1 (http://www.turnitin.com/robot/crawlerinfo.html)"
38.111.147.84 - - [18/Mar/2012:13:14:36 +0100] "GET /news.php?cs_go=archiv&cs_id=2837 HTTP/1.0" 200 13627 "-" "TurnitinBot/2.1 (http://www.turnitin.com/robot/crawlerinfo.html)"
38.111.147.84 - - [18/Mar/2012:13:15:06 +0100] "GET /news.php HTTP/1.0" 200 22405 "-" "TurnitinBot/2.1 (http://www.turnitin.com/robot/crawlerinfo.html)"
38.111.147.84 - - [18/Mar/2012:13:15:36 +0100] "GET /kwk.php HTTP/1.0" 200 10815 "-" "TurnitinBot/2.1 (http://www.turnitin.com/robot/crawlerinfo.html)"
78.46.97.118 - - [18/Mar/2012:14:32:52 +0100] "GET /index.php HTTP/1.1" 200 14899 "-" "Mozilla/5.0 (Windows NT 5.1) AppleWebKit/535.1 (KHTML, like Gecko) Chrome/13.0.782.107 Safari/535.1"
65.36.241.79 - - [18/Mar/2012:15:05:20 +0100] "HEAD / HTTP/1.1" 200 - "-" "InternetSeer.com"
213.186.127.12 - - [18/Mar/2012:15:12:29 +0100] "GET /robots.txt HTTP/1.1" 200 177 "-" "Mozilla/5.0 (compatible; AhrefsBot/2.0; +http://ahrefs.com/robot/)"
66.249.72.195 - - [18/Mar/2012:15:28:36 +0100] "GET /robots.txt HTTP/1.1" 200 177 "-" "Mozilla/5.0 (compatible; Googlebot/2.1; +http://www.google.com/bot.html)"
66.249.72.195 - - [18/Mar/2012:15:28:36 +0100] "GET /news.php?cs_go=archiv&cs_id=228&cs_search= HTTP/1.1" 200 7819 "-" "Mozilla/5.0 (compatible; Googlebot/2.1; +http://www.google.com/bot.html)"
123.125.71.18 - - [18/Mar/2012:15:37:10 +0100] "GET / HTTP/1.1" 200 14899 "-" "Mozilla/5.0 (compatible; Baiduspider/2.0; +http://www.baidu.com/search/spider.html)"
220.181.108.76 - - [18/Mar/2012:15:37:56 +0100] "GET / HTTP/1.1" 200 8245 "-" "Mozilla/5.0 (compatible; Baiduspider/2.0; +http://www.baidu.com/search/spider.html)"
208.115.111.75 - - [18/Mar/2012:15:39:57 +0100] "GET /news.php?cs_go=archiv&cs_id=2569 HTTP/1.1" 200 15118 "-" "Mozilla/5.0 (compatible; Ezooms/1.0; ezooms.bot@gmail.com)"
66.249.72.195 - - [18/Mar/2012:15:41:05 +0100] "GET /index.php HTTP/1.1" 200 14899 "-" "Mozilla/5.0 (compatible; Googlebot/2.1; +http://www.google.com/bot.html)"
208.115.113.91 - - [18/Mar/2012:15:49:41 +0100] "GET /robots.txt HTTP/1.1" 200 177 "-" "Mozilla/5.0 (compatible; Ezooms/1.0; ezooms.bot@gmail.com)"
208.115.113.91 - - [18/Mar/2012:16:08:42 +0100] "GET /news.php?cs_go=archiv&cs_id=2656&cs_search= HTTP/1.1" 200 9998 "-" "Mozilla/5.0 (compatible; Ezooms/1.0; ezooms.bot@gmail.com)"
66.249.66.149 - - [18/Mar/2012:16:15:41 +0100] "GET /news.php?cs_go=archiv&cs_id=2913 HTTP/1.1" 200 11458 "-" "Mozilla/5.0 (compatible; Googlebot/2.1; +http://www.google.com/bot.html)"
123.125.71.21 - - [18/Mar/2012:16:37:50 +0100] "GET / HTTP/1.1" 200 14899 "-" "Mozilla/5.0 (compatible; Baiduspider/2.0; +http://www.baidu.com/search/spider.html)"
220.181.108.76 - - [18/Mar/2012:16:38:37 +0100] "GET / HTTP/1.1" 200 8245 "-" "Mozilla/5.0 (compatible; Baiduspider/2.0; +http://www.baidu.com/search/spider.html)"
78.46.97.118 - - [18/Mar/2012:17:24:52 +0100] "GET /wunschpreis.php HTTP/1.1" 200 12007 "-" "Mozilla/5.0 (Windows NT 5.1) AppleWebKit/535.1 (KHTML, like Gecko) Chrome/13.0.782.107 Safari/535.1"
125.39.78.169 - - [18/Mar/2012:17:45:06 +0100] "GET /robots.txt HTTP/1.1" 200 177 "-" "Mozilla/5.0 (compatible; Baiduspider/2.0; +http://www.baidu.com/search/spider.html)"
85.180.198.188 - - [18/Mar/2012:17:52:25 +0100] "GET /style.css HTTP/1.1" 200 8418 "http://www.mink-gmbh.de/" "Mozilla/5.0 (compatible; MSIE 9.0; Windows NT 6.1; WOW64; Trident/5.0)"
85.180.198.188 - - [18/Mar/2012:17:52:25 +0100] "GET /modul.css HTTP/1.1" 200 35038 "http://www.mink-gmbh.de/" "Mozilla/5.0 (compatible; MSIE 9.0; Windows NT 6.1; WOW64; Trident/5.0)"
85.180.198.188 - - [18/Mar/2012:17:52:26 +0100] "GET /images/fallend.png HTTP/1.1" 200 713 "http://www.mink-gmbh.de/" "Mozilla/5.0 (compatible; MSIE 9.0; Windows NT 6.1; WOW64; Trident/5.0)"
