66.249.66.149 - - [19/Mar/2012:14:49:35 +0100] "GET /lexikon.php?cs_go=3&cs_id=112 HTTP/1.1" 200 9082 "-" "Mozilla/5.0 (compatible; Googlebot/2.1; +http://www.google.com/bot.html)"
65.52.109.26 - - [19/Mar/2012:14:49:46 +0100] "GET /robots.txt HTTP/1.1" 200 177 "-" "Mozilla/5.0 (compatible; bingbot/2.0; +http://www.bing.com/bingbot.htm)"
65.52.109.26 - - [19/Mar/2012:14:49:47 +0100] "GET /news.php HTTP/1.1" 200 22423 "-" "Mozilla/5.0 (compatible; bingbot/2.0; +http://www.bing.com/bingbot.htm)"
66.249.72.195 - - [19/Mar/2012:14:50:26 +0100] "GET /lexikon.php?cs_go=3&cs_id=110 HTTP/1.1" 200 8653 "-" "Mozilla/5.0 (compatible; Googlebot/2.1; +http://www.google.com/bot.html)"
66.249.66.149 - - [19/Mar/2012:14:51:16 +0100] "GET /lexikon.php?cs_go=3&cs_id=127 HTTP/1.1" 200 10015 "-" "Mozilla/5.0 (compatible; Googlebot/2.1; +http://www.google.com/bot.html)"
66.249.72.195 - - [19/Mar/2012:14:52:04 +0100] "GET /lexikon.php?cs_go=3&cs_id=109 HTTP/1.1" 200 9525 "-" "Mozilla/5.0 (compatible; Googlebot/2.1; +http://www.google.com/bot.html)"
217.85.73.20 - - [19/Mar/2012:14:52:29 +0100] "GET / HTTP/1.1" 200 14789 "-" "Mozilla/5.0 (Windows NT 6.0; rv:11.0) Gecko/20100101 Firefox/11.0"
66.249.66.149 - - [19/Mar/2012:14:52:51 +0100] "GET /lexikon.php?cs_go=3&cs_id=113 HTTP/1.1" 200 8107 "-" "Mozilla/5.0 (compatible; Googlebot/2.1; +http://www.google.com/bot.html)"
217.85.73.20 - - [19/Mar/2012:14:53:26 +0100] "GET /news.php?cs_go=archiv&cs_id=2918 HTTP/1.1" 200 13380 "http://www.mink-gmbh.de/" "Mozilla/5.0 (Windows NT 6.0; rv:11.0) Gecko/20100101 Firefox/11.0"
66.249.66.149 - - [19/Mar/2012:14:53:38 +0100] "GET /lexikon.php?cs_go=3&cs_id=118 HTTP/1.1" 200 8435 "-" "Mozilla/5.0 (compatible; Googlebot/2.1; +http://www.google.com/bot.html)"
217.85.73.20 - - [19/Mar/2012:14:54:10 +0100] "GET /newsletter.php HTTP/1.1" 200 8752 "http://www.mink-gmbh.de/news.php?cs_go=archiv&cs_id=2918" "Mozilla/5.0 (Windows NT 6.0; rv:11.0) Gecko/20100101 Firefox/11.0"
66.249.72.195 - - [19/Mar/2012:14:54:33 +0100] "GET /lexikon.php?cs_go=3&cs_id=161 HTTP/1.1" 200 7954 "-" "Mozilla/5.0 (compatible; Googlebot/2.1; +http://www.google.com/bot.html)"
176.9.19.103 - - [19/Mar/2012:14:55:59 +0100] "GET /robots.txt HTTP/1.1" 200 177 "-" "Pixray-Seeker/1.1 (Pixray-Seeker; http://www.pixray.com/pixraybot; crawler@pixray.com)"
176.9.19.103 - - [19/Mar/2012:14:55:59 +0100] "GET /news.php?cs_go=archiv&cs_id=2626&cs_search= HTTP/1.1" 200 10100 "-" "Pixray-Seeker/1.1 (Pixray-Seeker; http://www.pixray.com/pixraybot; crawler@pixray.com)"
66.249.66.149 - - [19/Mar/2012:14:56:53 +0100] "GET /lexikon.php?cs_go=3&cs_id=221 HTTP/1.1" 200 7952 "-" "Mozilla/5.0 (compatible; Googlebot/2.1; +http://www.google.com/bot.html)"
66.249.66.149 - - [19/Mar/2012:14:57:48 +0100] "GET /lexikon.php?cs_go=3&cs_id=130 HTTP/1.1" 200 8182 "-" "Mozilla/5.0 (compatible; Googlebot/2.1; +http://www.google.com/bot.html)"
66.249.66.149 - - [19/Mar/2012:14:58:39 +0100] "GET /lexikon.php?cs_go=3&cs_id=230 HTTP/1.1" 200 8499 "-" "Mozilla/5.0 (compatible; Googlebot/2.1; +http://www.google.com/bot.html)"
176.9.19.103 - - [19/Mar/2012:14:58:46 +0100] "GET /news.php?cs_go=archiv&cs_startpos=241 HTTP/1.1" 200 22777 "-" "Pixray-Seeker/1.1 (Pixray-Seeker; http://www.pixray.com/pixraybot; crawler@pixray.com)"
66.249.72.195 - - [19/Mar/2012:14:59:29 +0100] "GET /lexikon.php?cs_go=3&cs_id=210 HTTP/1.1" 200 9487 "-" "Mozilla/5.0 (compatible; Googlebot/2.1; +http://www.google.com/bot.html)"
176.9.19.103 - - [19/Mar/2012:14:59:37 +0100] "GET /news.php?cs_go=archiv&cs_id=2621&cs_search= HTTP/1.1" 200 10682 "-" "Pixray-Seeker/1.1 (Pixray-Seeker; http://www.pixray.com/pixraybot; crawler@pixray.com)"
176.9.19.103 - - [19/Mar/2012:14:59:54 +0100] "GET /news.php?cs_go=archiv&cs_id=2628&cs_search= HTTP/1.1" 200 13470 "-" "Pixray-Seeker/1.1 (Pixray-Seeker; http://www.pixray.com/pixraybot; crawler@pixray.com)"
66.249.66.149 - - [19/Mar/2012:15:00:20 +0100] "GET /lexikon.php?cs_go=3&cs_id=213 HTTP/1.1" 200 8431 "-" "Mozilla/5.0 (compatible; Googlebot/2.1; +http://www.google.com/bot.html)"
176.9.21.194 - - [19/Mar/2012:15:00:34 +0100] "GET /robots.txt HTTP/1.0" 200 177 "-" "Mozilla/5.0 (compatible; SEOkicks-Robot +http://www.seokicks.de/robot.html)"
176.9.21.194 - - [19/Mar/2012:15:00:38 +0100] "GET / HTTP/1.0" 200 14876 "-" "Mozilla/5.0 (compatible; SEOkicks-Robot +http://www.seokicks.de/robot.html)"
176.9.21.194 - - [19/Mar/2012:15:00:46 +0100] "GET /favicon.ico HTTP/1.0" 200 3638 "http://www.mink-gmbh.de/" "Mozilla/5.0 (compatible; SEOkicks-Robot +http://www.seokicks.de/robot.html)"
176.9.21.194 - - [19/Mar/2012:15:00:50 +0100] "GET /style.css HTTP/1.0" 200 8418 "http://www.mink-gmbh.de/" "Mozilla/5.0 (compatible; SEOkicks-Robot +http://www.seokicks.de/robot.html)"
176.9.21.194 - - [19/Mar/2012:15:00:55 +0100] "GET /modul.css HTTP/1.0" 200 35038 "http://www.mink-gmbh.de/" "Mozilla/5.0 (compatible; SEOkicks-Robot +http://www.seokicks.de/robot.html)"
176.9.21.194 - - [19/Mar/2012:15:00:59 +0100] "GET /newsletter.php HTTP/1.0" 200 8752 "http://www.mink-gmbh.de/" "Mozilla/5.0 (compatible; SEOkicks-Robot +http://www.seokicks.de/robot.html)"
176.9.21.194 - - [19/Mar/2012:15:01:04 +0100] "GET /index.php HTTP/1.0" 200 14789 "http://www.mink-gmbh.de/" "Mozilla/5.0 (compatible; SEOkicks-Robot +http://www.seokicks.de/robot.html)"
66.249.72.195 - - [19/Mar/2012:15:01:09 +0100] "GET /lexikon.php?cs_go=3&cs_id=212 HTTP/1.1" 200 8493 "-" "Mozilla/5.0 (compatible; Googlebot/2.1; +http://www.google.com/bot.html)"
176.9.21.194 - - [19/Mar/2012:15:01:15 +0100] "GET /standard.php HTTP/1.0" 200 9063 "http://www.mink-gmbh.de/" "Mozilla/5.0 (compatible; SEOkicks-Robot +http://www.seokicks.de/robot.html)"
176.9.19.103 - - [19/Mar/2012:15:01:18 +0100] "GET /news.php?cs_go=archiv&cs_id=2622&cs_search= HTTP/1.1" 200 13195 "-" "Pixray-Seeker/1.1 (Pixray-Seeker; http://www.pixray.com/pixraybot; crawler@pixray.com)"
176.9.21.194 - - [19/Mar/2012:15:01:19 +0100] "GET /wunschpreis.php HTTP/1.0" 200 11920 "http://www.mink-gmbh.de/" "Mozilla/5.0 (compatible; SEOkicks-Robot +http://www.seokicks.de/robot.html)"
176.9.21.194 - - [19/Mar/2012:15:01:24 +0100] "GET /preisanfrage.php HTTP/1.0" 200 10549 "http://www.mink-gmbh.de/" "Mozilla/5.0 (compatible; SEOkicks-Robot +http://www.seokicks.de/robot.html)"
176.9.21.194 - - [19/Mar/2012:15:01:29 +0100] "GET /news.php HTTP/1.0" 200 22336 "http://www.mink-gmbh.de/" "Mozilla/5.0 (compatible; SEOkicks-Robot +http://www.seokicks.de/robot.html)"
176.9.21.194 - - [19/Mar/2012:15:01:37 +0100] "GET /kontakt.php HTTP/1.0" 200 9040 "http://www.mink-gmbh.de/" "Mozilla/5.0 (compatible; SEOkicks-Robot +http://www.seokicks.de/robot.html)"
176.9.21.194 - - [19/Mar/2012:15:01:41 +0100] "GET /impressum.php HTTP/1.0" 200 8413 "http://www.mink-gmbh.de/" "Mozilla/5.0 (compatible; SEOkicks-Robot +http://www.seokicks.de/robot.html)"
176.9.21.194 - - [19/Mar/2012:15:01:45 +0100] "GET /news.php?cs_go=archiv&cs_id=2918 HTTP/1.0" 200 13380 "http://www.mink-gmbh.de/" "Mozilla/5.0 (compatible; SEOkicks-Robot +http://www.seokicks.de/robot.html)"
176.9.21.194 - - [19/Mar/2012:15:01:49 +0100] "GET /news.php?cs_go=archiv&cs_id=2915 HTTP/1.0" 200 11107 "http://www.mink-gmbh.de/" "Mozilla/5.0 (compatible; SEOkicks-Robot +http://www.seokicks.de/robot.html)"
176.9.21.194 - - [19/Mar/2012:15:01:54 +0100] "GET /news.php?cs_go=archiv&cs_id=2917 HTTP/1.0" 200 9853 "http://www.mink-gmbh.de/" "Mozilla/5.0 (compatible; SEOkicks-Robot +http://www.seokicks.de/robot.html)"
66.249.72.195 - - [19/Mar/2012:15:01:57 +0100] "GET /lexikon.php?cs_go=3&cs_id=133 HTTP/1.1" 200 8663 "-" "Mozilla/5.0 (compatible; Googlebot/2.1; +http://www.google.com/bot.html)"
176.9.21.194 - - [19/Mar/2012:15:02:02 +0100] "GET /news.php?cs_go=archiv&cs_id=2913 HTTP/1.0" 200 11371 "http://www.mink-gmbh.de/" "Mozilla/5.0 (compatible; SEOkicks-Robot +http://www.seokicks.de/robot.html)"
176.9.21.194 - - [19/Mar/2012:15:02:07 +0100] "GET /news.php?cs_go=archiv HTTP/1.0" 200 22336 "http://www.mink-gmbh.de/" "Mozilla/5.0 (compatible; SEOkicks-Robot +http://www.seokicks.de/robot.html)"
176.9.21.194 - - [19/Mar/2012:15:02:12 +0100] "GET /rueckrufservice.php HTTP/1.0" 200 10615 "http://www.mink-gmbh.de/" "Mozilla/5.0 (compatible; SEOkicks-Robot +http://www.seokicks.de/robot.html)"
176.9.21.194 - - [19/Mar/2012:15:02:19 +0100] "GET /kwk.php HTTP/1.0" 200 10728 "http://www.mink-gmbh.de/" "Mozilla/5.0 (compatible; SEOkicks-Robot +http://www.seokicks.de/robot.html)"
176.9.21.194 - - [19/Mar/2012:15:02:25 +0100] "GET /optiplus.php HTTP/1.0" 200 10924 "http://www.mink-gmbh.de/" "Mozilla/5.0 (compatible; SEOkicks-Robot +http://www.seokicks.de/robot.html)"
176.9.21.194 - - [19/Mar/2012:15:02:29 +0100] "GET /agb.php HTTP/1.0" 200 19622 "http://www.mink-gmbh.de/" "Mozilla/5.0 (compatible; SEOkicks-Robot +http://www.seokicks.de/robot.html)"
176.9.21.194 - - [19/Mar/2012:15:02:33 +0100] "GET /faq.php HTTP/1.0" 200 185755 "http://www.mink-gmbh.de/newsletter.php" "Mozilla/5.0 (compatible; SEOkicks-Robot +http://www.seokicks.de/robot.html)"
66.249.66.149 - - [19/Mar/2012:15:02:43 +0100] "GET /lexikon.php?cs_go=3&cs_id=182 HTTP/1.1" 200 8341 "-" "Mozilla/5.0 (compatible; Googlebot/2.1; +http://www.google.com/bot.html)"
176.9.21.194 - - [19/Mar/2012:15:02:46 +0100] "GET /lexikon.php HTTP/1.0" 200 10340 "http://www.mink-gmbh.de/newsletter.php" "Mozilla/5.0 (compatible; SEOkicks-Robot +http://www.seokicks.de/robot.html)"
176.9.21.194 - - [19/Mar/2012:15:02:50 +0100] "GET /energiesparcheck.php HTTP/1.0" 200 13403 "http://www.mink-gmbh.de/newsletter.php" "Mozilla/5.0 (compatible; SEOkicks-Robot +http://www.seokicks.de/robot.html)"
176.9.21.194 - - [19/Mar/2012:15:02:54 +0100] "GET /foerdermittel.php HTTP/1.0" 200 12766 "http://www.mink-gmbh.de/newsletter.php" "Mozilla/5.0 (compatible; SEOkicks-Robot +http://www.seokicks.de/robot.html)"
176.9.21.194 - - [19/Mar/2012:15:03:01 +0100] "GET /modernisierung.php HTTP/1.0" 200 11424 "http://www.mink-gmbh.de/newsletter.php" "Mozilla/5.0 (compatible; SEOkicks-Robot +http://www.seokicks.de/robot.html)"
176.9.21.194 - - [19/Mar/2012:15:03:07 +0100] "GET /edl.php HTTP/1.0" 200 10645 "http://www.mink-gmbh.de/newsletter.php" "Mozilla/5.0 (compatible; SEOkicks-Robot +http://www.seokicks.de/robot.html)"
176.9.21.194 - - [19/Mar/2012:15:03:10 +0100] "GET /.php HTTP/1.0" 404 - "http://www.mink-gmbh.de/standard.php" "Mozilla/5.0 (compatible; SEOkicks-Robot +http://www.seokicks.de/robot.html)"
176.9.21.194 - - [19/Mar/2012:15:03:14 +0100] "GET /diesel.php HTTP/1.0" 200 10484 "http://www.mink-gmbh.de/standard.php" "Mozilla/5.0 (compatible; SEOkicks-Robot +http://www.seokicks.de/robot.html)"
176.9.21.194 - - [19/Mar/2012:15:03:18 +0100] "GET /additive.php HTTP/1.0" 200 15699 "http://www.mink-gmbh.de/standard.php" "Mozilla/5.0 (compatible; SEOkicks-Robot +http://www.seokicks.de/robot.html)"
176.9.21.194 - - [19/Mar/2012:15:03:22 +0100] "GET /news.php?cs_go=archiv&cs_id=2918&cs_search= HTTP/1.0" 200 13380 "http://www.mink-gmbh.de/news.php" "Mozilla/5.0 (compatible; SEOkicks-Robot +http://www.seokicks.de/robot.html)"
176.9.21.194 - - [19/Mar/2012:15:03:26 +0100] "GET /news.php?cs_go=archiv&cs_id=2915&cs_search= HTTP/1.0" 200 11107 "http://www.mink-gmbh.de/news.php" "Mozilla/5.0 (compatible; SEOkicks-Robot +http://www.seokicks.de/robot.html)"
176.9.21.194 - - [19/Mar/2012:15:03:30 +0100] "GET /news.php?cs_go=archiv&cs_id=2917&cs_search= HTTP/1.0" 200 9853 "http://www.mink-gmbh.de/news.php" "Mozilla/5.0 (compatible; SEOkicks-Robot +http://www.seokicks.de/robot.html)"
66.249.72.195 - - [19/Mar/2012:15:03:30 +0100] "GET /lexikon.php?cs_go=3&cs_id=129 HTTP/1.1" 200 8615 "-" "Mozilla/5.0 (compatible; Googlebot/2.1; +http://www.google.com/bot.html)"
176.9.21.194 - - [19/Mar/2012:15:03:33 +0100] "GET /news.php?cs_go=archiv&cs_id=2913&cs_search= HTTP/1.0" 200 11371 "http://www.mink-gmbh.de/news.php" "Mozilla/5.0 (compatible; SEOkicks-Robot +http://www.seokicks.de/robot.html)"
176.9.21.194 - - [19/Mar/2012:15:03:37 +0100] "GET /news.php?cs_go=archiv&cs_id=2914&cs_search= HTTP/1.0" 200 10405 "http://www.mink-gmbh.de/news.php" "Mozilla/5.0 (compatible; SEOkicks-Robot +http://www.seokicks.de/robot.html)"
176.9.21.194 - - [19/Mar/2012:15:03:40 +0100] "GET /news.php?cs_go=archiv&cs_id=2916&cs_search= HTTP/1.0" 200 13268 "http://www.mink-gmbh.de/news.php" "Mozilla/5.0 (compatible; SEOkicks-Robot +http://www.seokicks.de/robot.html)"
176.9.21.194 - - [19/Mar/2012:15:03:45 +0100] "GET /news.php?cs_go=archiv&cs_id=2912&cs_search= HTTP/1.0" 200 9614 "http://www.mink-gmbh.de/news.php" "Mozilla/5.0 (compatible; SEOkicks-Robot +http://www.seokicks.de/robot.html)"
176.9.21.194 - - [19/Mar/2012:15:03:48 +0100] "GET /news.php?cs_go=archiv&cs_id=2910&cs_search= HTTP/1.0" 200 10632 "http://www.mink-gmbh.de/news.php" "Mozilla/5.0 (compatible; SEOkicks-Robot +http://www.seokicks.de/robot.html)"
176.9.21.194 - - [19/Mar/2012:15:03:51 +0100] "GET /news.php?cs_go=archiv&cs_id=2911&cs_search= HTTP/1.0" 200 13694 "http://www.mink-gmbh.de/news.php" "Mozilla/5.0 (compatible; SEOkicks-Robot +http://www.seokicks.de/robot.html)"
176.9.21.194 - - [19/Mar/2012:15:03:55 +0100] "GET /news.php?cs_go=archiv&cs_id=2907&cs_search= HTTP/1.0" 200 9863 "http://www.mink-gmbh.de/news.php" "Mozilla/5.0 (compatible; SEOkicks-Robot +http://www.seokicks.de/robot.html)"
176.9.21.194 - - [19/Mar/2012:15:03:59 +0100] "GET /news.php?cs_go=archiv&cs_startpos=0 HTTP/1.0" 200 22336 "http://www.mink-gmbh.de/news.php" "Mozilla/5.0 (compatible; SEOkicks-Robot +http://www.seokicks.de/robot.html)"
176.9.21.194 - - [19/Mar/2012:15:04:04 +0100] "GET /news.php?cs_go=archiv&cs_startpos=10 HTTP/1.0" 200 22535 "http://www.mink-gmbh.de/news.php" "Mozilla/5.0 (compatible; SEOkicks-Robot +http://www.seokicks.de/robot.html)"
176.9.21.194 - - [19/Mar/2012:15:04:08 +0100] "GET /news.php?cs_go=archiv&cs_startpos=20 HTTP/1.0" 200 22649 "http://www.mink-gmbh.de/news.php" "Mozilla/5.0 (compatible; SEOkicks-Robot +http://www.seokicks.de/robot.html)"
176.9.21.194 - - [19/Mar/2012:15:04:12 +0100] "GET /news.php?cs_go=archiv&cs_startpos=30 HTTP/1.0" 200 22582 "http://www.mink-gmbh.de/news.php" "Mozilla/5.0 (compatible; SEOkicks-Robot +http://www.seokicks.de/robot.html)"
66.249.72.195 - - [19/Mar/2012:15:04:17 +0100] "GET /lexikon.php?cs_go=3&cs_id=174 HTTP/1.1" 200 8662 "-" "Mozilla/5.0 (compatible; Googlebot/2.1; +http://www.google.com/bot.html)"
176.9.21.194 - - [19/Mar/2012:15:04:16 +0100] "GET /news.php?cs_go=archiv&cs_startpos=40 HTTP/1.0" 200 22641 "http://www.mink-gmbh.de/news.php" "Mozilla/5.0 (compatible; SEOkicks-Robot +http://www.seokicks.de/robot.html)"
176.9.21.194 - - [19/Mar/2012:15:04:24 +0100] "GET /news.php?cs_go=archiv&cs_startpos=50 HTTP/1.0" 200 22990 "http://www.mink-gmbh.de/news.php" "Mozilla/5.0 (compatible; SEOkicks-Robot +http://www.seokicks.de/robot.html)"
176.9.21.194 - - [19/Mar/2012:15:04:28 +0100] "GET /news.php?cs_go=archiv&cs_startpos=1210 HTTP/1.0" 200 20827 "http://www.mink-gmbh.de/news.php" "Mozilla/5.0 (compatible; SEOkicks-Robot +http://www.seokicks.de/robot.html)"
176.9.21.194 - - [19/Mar/2012:15:04:32 +0100] "GET /kwk.php?cs_go=1 HTTP/1.0" 200 10728 "http://www.mink-gmbh.de/kwk.php" "Mozilla/5.0 (compatible; SEOkicks-Robot +http://www.seokicks.de/robot.html)"
176.9.21.194 - - [19/Mar/2012:15:04:35 +0100] "GET /kwk.php?cs_go=2 HTTP/1.0" 200 11699 "http://www.mink-gmbh.de/kwk.php" "Mozilla/5.0 (compatible; SEOkicks-Robot +http://www.seokicks.de/robot.html)"
176.9.21.194 - - [19/Mar/2012:15:04:39 +0100] "GET /kwk.php?cs_go=3 HTTP/1.0" 200 10129 "http://www.mink-gmbh.de/kwk.php" "Mozilla/5.0 (compatible; SEOkicks-Robot +http://www.seokicks.de/robot.html)"
176.9.21.194 - - [19/Mar/2012:15:04:42 +0100] "GET /kwk.php?cs_go=4 HTTP/1.0" 200 10099 "http://www.mink-gmbh.de/kwk.php" "Mozilla/5.0 (compatible; SEOkicks-Robot +http://www.seokicks.de/robot.html)"
176.9.21.194 - - [19/Mar/2012:15:04:46 +0100] "GET /www.solartechnikberater.de HTTP/1.0" 404 - "http://www.mink-gmbh.de/faq.php" "Mozilla/5.0 (compatible; SEOkicks-Robot +http://www.seokicks.de/robot.html)"
176.9.21.194 - - [19/Mar/2012:15:04:48 +0100] "GET /lexikon.php?cs_go=2&cs_char=a HTTP/1.0" 200 9647 "http://www.mink-gmbh.de/lexikon.php" "Mozilla/5.0 (compatible; SEOkicks-Robot +http://www.seokicks.de/robot.html)"
176.9.21.194 - - [19/Mar/2012:15:04:52 +0100] "GET /lexikon.php?cs_go=2&cs_char=b HTTP/1.0" 200 9574 "http://www.mink-gmbh.de/lexikon.php" "Mozilla/5.0 (compatible; SEOkicks-Robot +http://www.seokicks.de/robot.html)"
176.9.21.194 - - [19/Mar/2012:15:04:59 +0100] "GET /lexikon.php?cs_go=2&cs_char=c HTTP/1.0" 200 8680 "http://www.mink-gmbh.de/lexikon.php" "Mozilla/5.0 (compatible; SEOkicks-Robot +http://www.seokicks.de/robot.html)"
176.9.21.194 - - [19/Mar/2012:15:05:06 +0100] "GET /lexikon.php?cs_go=2&cs_char=d HTTP/1.0" 200 9265 "http://www.mink-gmbh.de/lexikon.php" "Mozilla/5.0 (compatible; SEOkicks-Robot +http://www.seokicks.de/robot.html)"
176.9.21.194 - - [19/Mar/2012:15:05:10 +0100] "GET /lexikon.php?cs_go=2&cs_char=e HTTP/1.0" 200 8923 "http://www.mink-gmbh.de/lexikon.php" "Mozilla/5.0 (compatible; SEOkicks-Robot +http://www.seokicks.de/robot.html)"
176.9.21.194 - - [19/Mar/2012:15:05:13 +0100] "GET /lexikon.php?cs_go=2&cs_char=f HTTP/1.0" 200 9439 "http://www.mink-gmbh.de/lexikon.php" "Mozilla/5.0 (compatible; SEOkicks-Robot +http://www.seokicks.de/robot.html)"
176.9.21.194 - - [19/Mar/2012:15:05:19 +0100] "GET /lexikon.php?cs_go=2&cs_char=g HTTP/1.0" 200 8970 "http://www.mink-gmbh.de/lexikon.php" "Mozilla/5.0 (compatible; SEOkicks-Robot +http://www.seokicks.de/robot.html)"
176.9.21.194 - - [19/Mar/2012:15:05:24 +0100] "GET /lexikon.php?cs_go=2&cs_char=h HTTP/1.0" 200 8531 "http://www.mink-gmbh.de/lexikon.php" "Mozilla/5.0 (compatible; SEOkicks-Robot +http://www.seokicks.de/robot.html)"
176.9.21.194 - - [19/Mar/2012:15:05:27 +0100] "GET /lexikon.php?cs_go=2&cs_char=i HTTP/1.0" 200 8246 "http://www.mink-gmbh.de/lexikon.php" "Mozilla/5.0 (compatible; SEOkicks-Robot +http://www.seokicks.de/robot.html)"
176.9.21.194 - - [19/Mar/2012:15:05:31 +0100] "GET /lexikon.php?cs_go=2&cs_char=j HTTP/1.0" 200 8426 "http://www.mink-gmbh.de/lexikon.php" "Mozilla/5.0 (compatible; SEOkicks-Robot +http://www.seokicks.de/robot.html)"
66.249.66.149 - - [19/Mar/2012:15:05:32 +0100] "GET /lexikon.php?cs_go=3&cs_id=135 HTTP/1.1" 200 9128 "-" "Mozilla/5.0 (compatible; Googlebot/2.1; +http://www.google.com/bot.html)"
176.9.21.194 - - [19/Mar/2012:15:05:34 +0100] "GET /lexikon.php?cs_go=2&cs_char=k HTTP/1.0" 200 9723 "http://www.mink-gmbh.de/lexikon.php" "Mozilla/5.0 (compatible; SEOkicks-Robot +http://www.seokicks.de/robot.html)"
176.9.21.194 - - [19/Mar/2012:15:05:37 +0100] "GET /lexikon.php?cs_go=2&cs_char=l HTTP/1.0" 200 8617 "http://www.mink-gmbh.de/lexikon.php" "Mozilla/5.0 (compatible; SEOkicks-Robot +http://www.seokicks.de/robot.html)"
176.9.21.194 - - [19/Mar/2012:15:05:41 +0100] "GET /lexikon.php?cs_go=2&cs_char=m HTTP/1.0" 200 8917 "http://www.mink-gmbh.de/lexikon.php" "Mozilla/5.0 (compatible; SEOkicks-Robot +http://www.seokicks.de/robot.html)"
176.9.21.194 - - [19/Mar/2012:15:05:44 +0100] "GET /lexikon.php?cs_go=2&cs_char=n HTTP/1.0" 200 8422 "http://www.mink-gmbh.de/lexikon.php" "Mozilla/5.0 (compatible; SEOkicks-Robot +http://www.seokicks.de/robot.html)"
176.9.21.194 - - [19/Mar/2012:15:05:47 +0100] "GET /lexikon.php?cs_go=2&cs_char=o HTTP/1.0" 200 9105 "http://www.mink-gmbh.de/lexikon.php" "Mozilla/5.0 (compatible; SEOkicks-Robot +http://www.seokicks.de/robot.html)"
176.9.21.194 - - [19/Mar/2012:15:05:50 +0100] "GET /lexikon.php?cs_go=2&cs_char=p HTTP/1.0" 200 9010 "http://www.mink-gmbh.de/lexikon.php" "Mozilla/5.0 (compatible; SEOkicks-Robot +http://www.seokicks.de/robot.html)"
176.9.21.194 - - [19/Mar/2012:15:05:53 +0100] "GET /lexikon.php?cs_go=2&cs_char=q HTTP/1.0" 200 8006 "http://www.mink-gmbh.de/lexikon.php" "Mozilla/5.0 (compatible; SEOkicks-Robot +http://www.seokicks.de/robot.html)"
176.9.21.194 - - [19/Mar/2012:15:05:56 +0100] "GET /lexikon.php?cs_go=2&cs_char=r HTTP/1.0" 200 9576 "http://www.mink-gmbh.de/lexikon.php" "Mozilla/5.0 (compatible; SEOkicks-Robot +http://www.seokicks.de/robot.html)"
176.9.21.194 - - [19/Mar/2012:15:05:59 +0100] "GET /lexikon.php?cs_go=2&cs_char=s HTTP/1.0" 200 9912 "http://www.mink-gmbh.de/lexikon.php" "Mozilla/5.0 (compatible; SEOkicks-Robot +http://www.seokicks.de/robot.html)"
176.9.21.194 - - [19/Mar/2012:15:06:02 +0100] "GET /lexikon.php?cs_go=2&cs_char=t HTTP/1.0" 200 8609 "http://www.mink-gmbh.de/lexikon.php" "Mozilla/5.0 (compatible; SEOkicks-Robot +http://www.seokicks.de/robot.html)"
176.9.21.194 - - [19/Mar/2012:15:06:06 +0100] "GET /lexikon.php?cs_go=2&cs_char=u HTTP/1.0" 200 8588 "http://www.mink-gmbh.de/lexikon.php" "Mozilla/5.0 (compatible; SEOkicks-Robot +http://www.seokicks.de/robot.html)"
176.9.21.194 - - [19/Mar/2012:15:06:09 +0100] "GET /lexikon.php?cs_go=2&cs_char=v HTTP/1.0" 200 8961 "http://www.mink-gmbh.de/lexikon.php" "Mozilla/5.0 (compatible; SEOkicks-Robot +http://www.seokicks.de/robot.html)"
176.9.21.194 - - [19/Mar/2012:15:06:12 +0100] "GET /lexikon.php?cs_go=2&cs_char=w HTTP/1.0" 200 8431 "http://www.mink-gmbh.de/lexikon.php" "Mozilla/5.0 (compatible; SEOkicks-Robot +http://www.seokicks.de/robot.html)"
176.9.21.194 - - [19/Mar/2012:15:06:15 +0100] "GET /lexikon.php?cs_go=2&cs_char=x HTTP/1.0" 200 8426 "http://www.mink-gmbh.de/lexikon.php" "Mozilla/5.0 (compatible; SEOkicks-Robot +http://www.seokicks.de/robot.html)"
176.9.21.194 - - [19/Mar/2012:15:06:18 +0100] "GET /lexikon.php?cs_go=2&cs_char=y HTTP/1.0" 200 8426 "http://www.mink-gmbh.de/lexikon.php" "Mozilla/5.0 (compatible; SEOkicks-Robot +http://www.seokicks.de/robot.html)"
176.9.21.194 - - [19/Mar/2012:15:06:21 +0100] "GET /lexikon.php?cs_go=2&cs_char=z HTTP/1.0" 200 8105 "http://www.mink-gmbh.de/lexikon.php" "Mozilla/5.0 (compatible; SEOkicks-Robot +http://www.seokicks.de/robot.html)"
176.9.21.194 - - [19/Mar/2012:15:06:24 +0100] "GET /modernisierung.php?cs_gp_go=plus HTTP/1.0" 200 11424 "http://www.mink-gmbh.de/modernisierung.php" "Mozilla/5.0 (compatible; SEOkicks-Robot +http://www.seokicks.de/robot.html)"
176.9.21.194 - - [19/Mar/2012:15:06:27 +0100] "GET /modernisierung.php?cs_gp_go=description HTTP/1.0" 200 10617 "http://www.mink-gmbh.de/modernisierung.php" "Mozilla/5.0 (compatible; SEOkicks-Robot +http://www.seokicks.de/robot.html)"
176.9.21.194 - - [19/Mar/2012:15:06:30 +0100] "GET /modernisierung.php?cs_gp_go=coupon HTTP/1.0" 200 10042 "http://www.mink-gmbh.de/modernisierung.php" "Mozilla/5.0 (compatible; SEOkicks-Robot +http://www.seokicks.de/robot.html)"
176.9.21.194 - - [19/Mar/2012:15:06:33 +0100] "GET /news.php?cs_go=archiv&cs_id=2909&cs_search= HTTP/1.0" 200 14433 "http://www.mink-gmbh.de/news.php?cs_go=archiv&cs_startpos=10" "Mozilla/5.0 (compatible; SEOkicks-Robot +http://www.seokicks.de/robot.html)"
176.9.21.194 - - [19/Mar/2012:15:06:36 +0100] "GET /news.php?cs_go=archiv&cs_id=2908&cs_search= HTTP/1.0" 200 9721 "http://www.mink-gmbh.de/news.php?cs_go=archiv&cs_startpos=10" "Mozilla/5.0 (compatible; SEOkicks-Robot +http://www.seokicks.de/robot.html)"
176.9.21.194 - - [19/Mar/2012:15:06:39 +0100] "GET /news.php?cs_go=archiv&cs_id=2906&cs_search= HTTP/1.0" 200 13505 "http://www.mink-gmbh.de/news.php?cs_go=archiv&cs_startpos=10" "Mozilla/5.0 (compatible; SEOkicks-Robot +http://www.seokicks.de/robot.html)"
176.9.21.194 - - [19/Mar/2012:15:06:42 +0100] "GET /news.php?cs_go=archiv&cs_id=2897&cs_search= HTTP/1.0" 200 10506 "http://www.mink-gmbh.de/news.php?cs_go=archiv&cs_startpos=10" "Mozilla/5.0 (compatible; SEOkicks-Robot +http://www.seokicks.de/robot.html)"
176.9.21.194 - - [19/Mar/2012:15:06:45 +0100] "GET /news.php?cs_go=archiv&cs_id=2896&cs_search= HTTP/1.0" 200 9758 "http://www.mink-gmbh.de/news.php?cs_go=archiv&cs_startpos=10" "Mozilla/5.0 (compatible; SEOkicks-Robot +http://www.seokicks.de/robot.html)"
176.9.21.194 - - [19/Mar/2012:15:06:48 +0100] "GET /news.php?cs_go=archiv&cs_id=2895&cs_search= HTTP/1.0" 200 13482 "http://www.mink-gmbh.de/news.php?cs_go=archiv&cs_startpos=10" "Mozilla/5.0 (compatible; SEOkicks-Robot +http://www.seokicks.de/robot.html)"
176.9.21.194 - - [19/Mar/2012:15:06:51 +0100] "GET /news.php?cs_go=archiv&cs_id=2894&cs_search= HTTP/1.0" 200 12452 "http://www.mink-gmbh.de/news.php?cs_go=archiv&cs_startpos=10" "Mozilla/5.0 (compatible; SEOkicks-Robot +http://www.seokicks.de/robot.html)"
176.9.21.194 - - [19/Mar/2012:15:06:54 +0100] "GET /news.php?cs_go=archiv&cs_id=2893&cs_search= HTTP/1.0" 200 9856 "http://www.mink-gmbh.de/news.php?cs_go=archiv&cs_startpos=10" "Mozilla/5.0 (compatible; SEOkicks-Robot +http://www.seokicks.de/robot.html)"
66.249.72.195 - - [19/Mar/2012:15:06:57 +0100] "GET /lexikon.php?cs_go=3&cs_id=171 HTTP/1.1" 200 7941 "-" "Mozilla/5.0 (compatible; Googlebot/2.1; +http://www.google.com/bot.html)"
176.9.21.194 - - [19/Mar/2012:15:06:57 +0100] "GET /news.php?cs_go=archiv&cs_id=2892&cs_search= HTTP/1.0" 200 13252 "http://www.mink-gmbh.de/news.php?cs_go=archiv&cs_startpos=10" "Mozilla/5.0 (compatible; SEOkicks-Robot +http://www.seokicks.de/robot.html)"
176.9.21.194 - - [19/Mar/2012:15:07:00 +0100] "GET /news.php?cs_go=archiv&cs_id=2891&cs_search= HTTP/1.0" 200 14004 "http://www.mink-gmbh.de/news.php?cs_go=archiv&cs_startpos=10" "Mozilla/5.0 (compatible; SEOkicks-Robot +http://www.seokicks.de/robot.html)"
176.9.21.194 - - [19/Mar/2012:15:07:03 +0100] "GET /news.php?cs_go=archiv&cs_startpos=60 HTTP/1.0" 200 22949 "http://www.mink-gmbh.de/news.php?cs_go=archiv&cs_startpos=10" "Mozilla/5.0 (compatible; SEOkicks-Robot +http://www.seokicks.de/robot.html)"
176.9.21.194 - - [19/Mar/2012:15:07:07 +0100] "GET /news.php?cs_go=archiv&cs_id=2890&cs_search= HTTP/1.0" 200 10022 "http://www.mink-gmbh.de/news.php?cs_go=archiv&cs_startpos=20" "Mozilla/5.0 (compatible; SEOkicks-Robot +http://www.seokicks.de/robot.html)"
176.9.21.194 - - [19/Mar/2012:15:07:11 +0100] "GET /news.php?cs_go=archiv&cs_id=2888&cs_search= HTTP/1.0" 200 10836 "http://www.mink-gmbh.de/news.php?cs_go=archiv&cs_startpos=20" "Mozilla/5.0 (compatible; SEOkicks-Robot +http://www.seokicks.de/robot.html)"
176.9.21.194 - - [19/Mar/2012:15:07:17 +0100] "GET /news.php?cs_go=archiv&cs_id=2887&cs_search= HTTP/1.0" 200 13349 "http://www.mink-gmbh.de/news.php?cs_go=archiv&cs_startpos=20" "Mozilla/5.0 (compatible; SEOkicks-Robot +http://www.seokicks.de/robot.html)"
176.9.21.194 - - [19/Mar/2012:15:07:23 +0100] "GET /news.php?cs_go=archiv&cs_id=2879&cs_search= HTTP/1.0" 200 13370 "http://www.mink-gmbh.de/news.php?cs_go=archiv&cs_startpos=20" "Mozilla/5.0 (compatible; SEOkicks-Robot +http://www.seokicks.de/robot.html)"
176.9.21.194 - - [19/Mar/2012:15:07:27 +0100] "GET /news.php?cs_go=archiv&cs_id=2889&cs_search= HTTP/1.0" 200 13513 "http://www.mink-gmbh.de/news.php?cs_go=archiv&cs_startpos=20" "Mozilla/5.0 (compatible; SEOkicks-Robot +http://www.seokicks.de/robot.html)"
176.9.21.194 - - [19/Mar/2012:15:07:34 +0100] "GET /news.php?cs_go=archiv&cs_id=2854&cs_search= HTTP/1.0" 200 14317 "http://www.mink-gmbh.de/news.php?cs_go=archiv&cs_startpos=20" "Mozilla/5.0 (compatible; SEOkicks-Robot +http://www.seokicks.de/robot.html)"
176.9.21.194 - - [19/Mar/2012:15:07:40 +0100] "GET /news.php?cs_go=archiv&cs_id=2886&cs_search= HTTP/1.0" 200 10190 "http://www.mink-gmbh.de/news.php?cs_go=archiv&cs_startpos=20" "Mozilla/5.0 (compatible; SEOkicks-Robot +http://www.seokicks.de/robot.html)"
176.9.21.194 - - [19/Mar/2012:15:07:43 +0100] "GET /news.php?cs_go=archiv&cs_id=2885&cs_search= HTTP/1.0" 200 13427 "http://www.mink-gmbh.de/news.php?cs_go=archiv&cs_startpos=20" "Mozilla/5.0 (compatible; SEOkicks-Robot +http://www.seokicks.de/robot.html)"
176.9.21.194 - - [19/Mar/2012:15:07:50 +0100] "GET /news.php?cs_go=archiv&cs_id=2852&cs_search= HTTP/1.0" 200 15792 "http://www.mink-gmbh.de/news.php?cs_go=archiv&cs_startpos=20" "Mozilla/5.0 (compatible; SEOkicks-Robot +http://www.seokicks.de/robot.html)"
66.249.66.149 - - [19/Mar/2012:15:07:52 +0100] "GET /lexikon.php?cs_go=3&cs_id=126 HTTP/1.1" 200 8293 "-" "Mozilla/5.0 (compatible; Googlebot/2.1; +http://www.google.com/bot.html)"
176.9.21.194 - - [19/Mar/2012:15:07:54 +0100] "GET /news.php?cs_go=archiv&cs_id=2884&cs_search= HTTP/1.0" 200 10166 "http://www.mink-gmbh.de/news.php?cs_go=archiv&cs_startpos=20" "Mozilla/5.0 (compatible; SEOkicks-Robot +http://www.seokicks.de/robot.html)"
176.9.21.194 - - [19/Mar/2012:15:07:57 +0100] "GET /news.php?cs_go=archiv&cs_startpos=70 HTTP/1.0" 200 23006 "http://www.mink-gmbh.de/news.php?cs_go=archiv&cs_startpos=20" "Mozilla/5.0 (compatible; SEOkicks-Robot +http://www.seokicks.de/robot.html)"
176.9.21.194 - - [19/Mar/2012:15:08:01 +0100] "GET /news.php?cs_go=archiv&cs_id=2883&cs_search= HTTP/1.0" 200 13305 "http://www.mink-gmbh.de/news.php?cs_go=archiv&cs_startpos=30" "Mozilla/5.0 (compatible; SEOkicks-Robot +http://www.seokicks.de/robot.html)"
176.9.21.194 - - [19/Mar/2012:15:08:05 +0100] "GET /news.php?cs_go=archiv&cs_id=2851&cs_search= HTTP/1.0" 200 14878 "http://www.mink-gmbh.de/news.php?cs_go=archiv&cs_startpos=30" "Mozilla/5.0 (compatible; SEOkicks-Robot +http://www.seokicks.de/robot.html)"
176.9.21.194 - - [19/Mar/2012:15:08:09 +0100] "GET /news.php?cs_go=archiv&cs_id=2882&cs_search= HTTP/1.0" 200 10109 "http://www.mink-gmbh.de/news.php?cs_go=archiv&cs_startpos=30" "Mozilla/5.0 (compatible; SEOkicks-Robot +http://www.seokicks.de/robot.html)"
176.9.21.194 - - [19/Mar/2012:15:08:13 +0100] "GET /news.php?cs_go=archiv&cs_id=2881&cs_search= HTTP/1.0" 200 13060 "http://www.mink-gmbh.de/news.php?cs_go=archiv&cs_startpos=30" "Mozilla/5.0 (compatible; SEOkicks-Robot +http://www.seokicks.de/robot.html)"
66.249.66.149 - - [19/Mar/2012:15:08:17 +0100] "GET /news.php?cs_go=archiv&cs_id=2917&cs_search= HTTP/1.1" 200 9940 "-" "Mozilla/5.0 (compatible; Googlebot/2.1; +http://www.google.com/bot.html)"
66.249.66.149 - - [19/Mar/2012:15:08:18 +0100] "GET /news.php?cs_go=archiv&cs_id=2918&cs_search= HTTP/1.1" 200 13467 "-" "Mozilla/5.0 (compatible; Googlebot/2.1; +http://www.google.com/bot.html)"
66.249.72.195 - - [19/Mar/2012:15:08:19 +0100] "GET /news.php?cs_go=archiv&cs_id=2915&cs_search= HTTP/1.1" 200 11194 "-" "Mozilla/5.0 (compatible; Googlebot/2.1; +http://www.google.com/bot.html)"
77.188.14.160 - - [19/Mar/2012:15:08:28 +0100] "GET /style.css HTTP/1.1" 200 8418 "http://www.mink-gmbh.de/" "Mozilla/5.0 (Windows NT 6.1; WOW64; rv:10.0.2) Gecko/20100101 Firefox/10.0.2"
77.188.14.160 - - [19/Mar/2012:15:08:28 +0100] "GET /modul.css HTTP/1.1" 200 35038 "http://www.mink-gmbh.de/" "Mozilla/5.0 (Windows NT 6.1; WOW64; rv:10.0.2) Gecko/20100101 Firefox/10.0.2"
77.188.14.160 - - [19/Mar/2012:15:08:28 +0100] "GET /favicon.ico HTTP/1.1" 200 3638 "-" "Mozilla/5.0 (Windows NT 6.1; WOW64; rv:10.0.2) Gecko/20100101 Firefox/10.0.2"
77.188.14.160 - - [19/Mar/2012:15:08:29 +0100] "GET /images/bg.jpg HTTP/1.1" 200 345 "http://www.mink-gmbh.de/style.css" "Mozilla/5.0 (Windows NT 6.1; WOW64; rv:10.0.2) Gecko/20100101 Firefox/10.0.2"
77.188.14.160 - - [19/Mar/2012:15:08:29 +0100] "GET /images/close.png HTTP/1.1" 200 703 "http://www.mink-gmbh.de/" "Mozilla/5.0 (Windows NT 6.1; WOW64; rv:10.0.2) Gecko/20100101 Firefox/10.0.2"
77.188.14.160 - - [19/Mar/2012:15:08:29 +0100] "GET /images/newsletter_bg.jpg HTTP/1.1" 200 33610 "http://www.mink-gmbh.de/" "Mozilla/5.0 (Windows NT 6.1; WOW64; rv:10.0.2) Gecko/20100101 Firefox/10.0.2"
77.188.14.160 - - [19/Mar/2012:15:08:29 +0100] "GET /images/newsletter.png HTTP/1.1" 200 14619 "http://www.mink-gmbh.de/style.css" "Mozilla/5.0 (Windows NT 6.1; WOW64; rv:10.0.2) Gecko/20100101 Firefox/10.0.2"
77.188.14.160 - - [19/Mar/2012:15:08:29 +0100] "GET /images/wrapperbg.jpg HTTP/1.1" 200 27465 "http://www.mink-gmbh.de/style.css" "Mozilla/5.0 (Windows NT 6.1; WOW64; rv:10.0.2) Gecko/20100101 Firefox/10.0.2"
77.188.14.160 - - [19/Mar/2012:15:08:29 +0100] "GET /images/header.jpg HTTP/1.1" 200 24413 "http://www.mink-gmbh.de/style.css" "Mozilla/5.0 (Windows NT 6.1; WOW64; rv:10.0.2) Gecko/20100101 Firefox/10.0.2"
77.188.14.160 - - [19/Mar/2012:15:08:29 +0100] "GET /images/navibg.png HTTP/1.1" 200 2803 "http://www.mink-gmbh.de/style.css" "Mozilla/5.0 (Windows NT 6.1; WOW64; rv:10.0.2) Gecko/20100101 Firefox/10.0.2"
77.188.14.160 - - [19/Mar/2012:15:08:29 +0100] "GET /images/gleichbleibend.png HTTP/1.1" 200 534 "http://www.mink-gmbh.de/modul.css" "Mozilla/5.0 (Windows NT 6.1; WOW64; rv:10.0.2) Gecko/20100101 Firefox/10.0.2"
77.188.14.160 - - [19/Mar/2012:15:08:29 +0100] "GET /images/steigend.png HTTP/1.1" 200 688 "http://www.mink-gmbh.de/modul.css" "Mozilla/5.0 (Windows NT 6.1; WOW64; rv:10.0.2) Gecko/20100101 Firefox/10.0.2"
77.188.14.160 - - [19/Mar/2012:15:08:29 +0100] "GET /images/fallend.png HTTP/1.1" 200 713 "http://www.mink-gmbh.de/modul.css" "Mozilla/5.0 (Windows NT 6.1; WOW64; rv:10.0.2) Gecko/20100101 Firefox/10.0.2"
77.188.14.160 - - [19/Mar/2012:15:08:29 +0100] "GET /images/mobil.jpg HTTP/1.1" 200 25293 "http://www.mink-gmbh.de/style.css" "Mozilla/5.0 (Windows NT 6.1; WOW64; rv:10.0.2) Gecko/20100101 Firefox/10.0.2"
77.188.14.160 - - [19/Mar/2012:15:08:29 +0100] "GET /images/newsletter.jpg HTTP/1.1" 200 13130 "http://www.mink-gmbh.de/style.css" "Mozilla/5.0 (Windows NT 6.1; WOW64; rv:10.0.2) Gecko/20100101 Firefox/10.0.2"
77.188.14.160 - - [19/Mar/2012:15:08:28 +0100] "GET / HTTP/1.1" 200 14876 "http://handball.bfc-preussen.de/teams/index.php" "Mozilla/5.0 (Windows NT 6.1; WOW64; rv:10.0.2) Gecko/20100101 Firefox/10.0.2"
77.188.14.160 - - [19/Mar/2012:15:08:29 +0100] "GET /images/freecall.jpg HTTP/1.1" 200 39195 "http://www.mink-gmbh.de/" "Mozilla/5.0 (Windows NT 6.1; WOW64; rv:10.0.2) Gecko/20100101 Firefox/10.0.2"
77.188.14.160 - - [19/Mar/2012:15:08:29 +0100] "GET /images/mail.jpg HTTP/1.1" 200 11165 "http://www.mink-gmbh.de/" "Mozilla/5.0 (Windows NT 6.1; WOW64; rv:10.0.2) Gecko/20100101 Firefox/10.0.2"
77.188.14.160 - - [19/Mar/2012:15:08:29 +0100] "GET /images/kwk.gif HTTP/1.1" 200 6403 "http://www.mink-gmbh.de/" "Mozilla/5.0 (Windows NT 6.1; WOW64; rv:10.0.2) Gecko/20100101 Firefox/10.0.2"
77.188.14.160 - - [19/Mar/2012:15:08:29 +0100] "GET /images/wunschpreis.jpg HTTP/1.1" 200 16767 "http://www.mink-gmbh.de/" "Mozilla/5.0 (Windows NT 6.1; WOW64; rv:10.0.2) Gecko/20100101 Firefox/10.0.2"
77.188.14.160 - - [19/Mar/2012:15:08:29 +0100] "GET /images/logos.jpg HTTP/1.1" 200 15002 "http://www.mink-gmbh.de/" "Mozilla/5.0 (Windows NT 6.1; WOW64; rv:10.0.2) Gecko/20100101 Firefox/10.0.2"
77.188.14.160 - - [19/Mar/2012:15:08:29 +0100] "GET /images/tkw.jpg HTTP/1.1" 200 64031 "http://www.mink-gmbh.de/" "Mozilla/5.0 (Windows NT 6.1; WOW64; rv:10.0.2) Gecko/20100101 Firefox/10.0.2"
77.188.14.160 - - [19/Mar/2012:15:08:29 +0100] "GET /images/footerbg.jpg HTTP/1.1" 200 2184 "http://www.mink-gmbh.de/style.css" "Mozilla/5.0 (Windows NT 6.1; WOW64; rv:10.0.2) Gecko/20100101 Firefox/10.0.2"
176.9.21.194 - - [19/Mar/2012:15:08:34 +0100] "GET /news.php?cs_go=archiv&cs_id=2849&cs_search= HTTP/1.0" 200 13606 "http://www.mink-gmbh.de/news.php?cs_go=archiv&cs_startpos=30" "Mozilla/5.0 (compatible; SEOkicks-Robot +http://www.seokicks.de/robot.html)"
176.9.21.194 - - [19/Mar/2012:15:08:37 +0100] "GET /news.php?cs_go=archiv&cs_id=2880&cs_search= HTTP/1.0" 200 10027 "http://www.mink-gmbh.de/news.php?cs_go=archiv&cs_startpos=30" "Mozilla/5.0 (compatible; SEOkicks-Robot +http://www.seokicks.de/robot.html)"
176.9.21.194 - - [19/Mar/2012:15:08:41 +0100] "GET /news.php?cs_go=archiv&cs_id=2878&cs_search= HTTP/1.0" 200 13396 "http://www.mink-gmbh.de/news.php?cs_go=archiv&cs_startpos=30" "Mozilla/5.0 (compatible; SEOkicks-Robot +http://www.seokicks.de/robot.html)"
176.9.21.194 - - [19/Mar/2012:15:08:44 +0100] "GET /news.php?cs_go=archiv&cs_id=2877&cs_search= HTTP/1.0" 200 14337 "http://www.mink-gmbh.de/news.php?cs_go=archiv&cs_startpos=30" "Mozilla/5.0 (compatible; SEOkicks-Robot +http://www.seokicks.de/robot.html)"
176.9.21.194 - - [19/Mar/2012:15:08:50 +0100] "GET /news.php?cs_go=archiv&cs_id=2848&cs_search= HTTP/1.0" 200 19135 "http://www.mink-gmbh.de/news.php?cs_go=archiv&cs_startpos=30" "Mozilla/5.0 (compatible; SEOkicks-Robot +http://www.seokicks.de/robot.html)"
176.9.21.194 - - [19/Mar/2012:15:08:55 +0100] "GET /news.php?cs_go=archiv&cs_id=2876&cs_search= HTTP/1.0" 200 10025 "http://www.mink-gmbh.de/news.php?cs_go=archiv&cs_startpos=30" "Mozilla/5.0 (compatible; SEOkicks-Robot +http://www.seokicks.de/robot.html)"
176.9.21.194 - - [19/Mar/2012:15:08:58 +0100] "GET /news.php?cs_go=archiv&cs_startpos=80 HTTP/1.0" 200 22891 "http://www.mink-gmbh.de/news.php?cs_go=archiv&cs_startpos=30" "Mozilla/5.0 (compatible; SEOkicks-Robot +http://www.seokicks.de/robot.html)"
176.9.21.194 - - [19/Mar/2012:15:08:59 +0100] "GET /news.php?cs_go=archiv&cs_id=2849&cs_search= HTTP/1.0" 200 6862 "http://www.mink-gmbh.de/news.php?cs_go=archiv&cs_startpos=30" "Mozilla/5.0 (compatible; SEOkicks-Robot +http://www.seokicks.de/robot.html)"
176.9.21.194 - - [19/Mar/2012:15:09:04 +0100] "GET /news.php?cs_go=archiv&cs_id=2873&cs_search= HTTP/1.0" 200 15389 "http://www.mink-gmbh.de/news.php?cs_go=archiv&cs_startpos=40" "Mozilla/5.0 (compatible; SEOkicks-Robot +http://www.seokicks.de/robot.html)"
176.9.21.194 - - [19/Mar/2012:15:09:08 +0100] "GET /news.php?cs_go=archiv&cs_id=2875&cs_search= HTTP/1.0" 200 10723 "http://www.mink-gmbh.de/news.php?cs_go=archiv&cs_startpos=40" "Mozilla/5.0 (compatible; SEOkicks-Robot +http://www.seokicks.de/robot.html)"
176.9.21.194 - - [19/Mar/2012:15:09:11 +0100] "GET /news.php?cs_go=archiv&cs_id=2874&cs_search= HTTP/1.0" 200 13787 "http://www.mink-gmbh.de/news.php?cs_go=archiv&cs_startpos=40" "Mozilla/5.0 (compatible; SEOkicks-Robot +http://www.seokicks.de/robot.html)"
176.9.21.194 - - [19/Mar/2012:15:09:15 +0100] "GET /news.php?cs_go=archiv&cs_id=2847&cs_search= HTTP/1.0" 200 10969 "http://www.mink-gmbh.de/news.php?cs_go=archiv&cs_startpos=40" "Mozilla/5.0 (compatible; SEOkicks-Robot +http://www.seokicks.de/robot.html)"
176.9.21.194 - - [19/Mar/2012:15:09:18 +0100] "GET /news.php?cs_go=archiv&cs_id=2872&cs_search= HTTP/1.0" 200 10115 "http://www.mink-gmbh.de/news.php?cs_go=archiv&cs_startpos=40" "Mozilla/5.0 (compatible; SEOkicks-Robot +http://www.seokicks.de/robot.html)"
176.9.21.194 - - [19/Mar/2012:15:09:21 +0100] "GET /news.php?cs_go=archiv&cs_id=2871&cs_search= HTTP/1.0" 200 13507 "http://www.mink-gmbh.de/news.php?cs_go=archiv&cs_startpos=40" "Mozilla/5.0 (compatible; SEOkicks-Robot +http://www.seokicks.de/robot.html)"
176.9.21.194 - - [19/Mar/2012:15:09:24 +0100] "GET /news.php?cs_go=archiv&cs_id=2846&cs_search= HTTP/1.0" 200 10682 "http://www.mink-gmbh.de/news.php?cs_go=archiv&cs_startpos=40" "Mozilla/5.0 (compatible; SEOkicks-Robot +http://www.seokicks.de/robot.html)"
176.9.21.194 - - [19/Mar/2012:15:09:27 +0100] "GET /news.php?cs_go=archiv&cs_id=2870&cs_search= HTTP/1.0" 200 10124 "http://www.mink-gmbh.de/news.php?cs_go=archiv&cs_startpos=40" "Mozilla/5.0 (compatible; SEOkicks-Robot +http://www.seokicks.de/robot.html)"
176.9.21.194 - - [19/Mar/2012:15:09:30 +0100] "GET /news.php?cs_go=archiv&cs_id=2869&cs_search= HTTP/1.0" 200 13230 "http://www.mink-gmbh.de/news.php?cs_go=archiv&cs_startpos=40" "Mozilla/5.0 (compatible; SEOkicks-Robot +http://www.seokicks.de/robot.html)"
176.9.21.194 - - [19/Mar/2012:15:09:33 +0100] "GET /news.php?cs_go=archiv&cs_id=2845&cs_search= HTTP/1.0" 200 10887 "http://www.mink-gmbh.de/news.php?cs_go=archiv&cs_startpos=40" "Mozilla/5.0 (compatible; SEOkicks-Robot +http://www.seokicks.de/robot.html)"
176.9.21.194 - - [19/Mar/2012:15:09:37 +0100] "GET /news.php?cs_go=archiv&cs_startpos=90 HTTP/1.0" 200 22783 "http://www.mink-gmbh.de/news.php?cs_go=archiv&cs_startpos=40" "Mozilla/5.0 (compatible; SEOkicks-Robot +http://www.seokicks.de/robot.html)"
176.9.21.194 - - [19/Mar/2012:15:09:41 +0100] "GET /news.php?cs_go=archiv&cs_id=2868&cs_search= HTTP/1.0" 200 10079 "http://www.mink-gmbh.de/news.php?cs_go=archiv&cs_startpos=50" "Mozilla/5.0 (compatible; SEOkicks-Robot +http://www.seokicks.de/robot.html)"
66.249.66.149 - - [19/Mar/2012:15:09:43 +0100] "GET /lexikon.php?cs_go=3&cs_id=196 HTTP/1.1" 200 8227 "-" "Mozilla/5.0 (compatible; Googlebot/2.1; +http://www.google.com/bot.html)"
176.9.21.194 - - [19/Mar/2012:15:09:44 +0100] "GET /news.php?cs_go=archiv&cs_id=2867&cs_search= HTTP/1.0" 200 13289 "http://www.mink-gmbh.de/news.php?cs_go=archiv&cs_startpos=50" "Mozilla/5.0 (compatible; SEOkicks-Robot +http://www.seokicks.de/robot.html)"
176.9.21.194 - - [19/Mar/2012:15:09:46 +0100] "GET /news.php?cs_go=archiv&cs_id=2844&cs_search= HTTP/1.0" 200 10625 "http://www.mink-gmbh.de/news.php?cs_go=archiv&cs_startpos=50" "Mozilla/5.0 (compatible; SEOkicks-Robot +http://www.seokicks.de/robot.html)"
176.9.21.194 - - [19/Mar/2012:15:09:49 +0100] "GET /news.php?cs_go=archiv&cs_id=2866&cs_search= HTTP/1.0" 200 9959 "http://www.mink-gmbh.de/news.php?cs_go=archiv&cs_startpos=50" "Mozilla/5.0 (compatible; SEOkicks-Robot +http://www.seokicks.de/robot.html)"
176.9.21.194 - - [19/Mar/2012:15:09:52 +0100] "GET /news.php?cs_go=archiv&cs_id=2865&cs_search= HTTP/1.0" 200 13480 "http://www.mink-gmbh.de/news.php?cs_go=archiv&cs_startpos=50" "Mozilla/5.0 (compatible; SEOkicks-Robot +http://www.seokicks.de/robot.html)"
176.9.21.194 - - [19/Mar/2012:15:09:55 +0100] "GET /news.php?cs_go=archiv&cs_id=2843&cs_search= HTTP/1.0" 200 12584 "http://www.mink-gmbh.de/news.php?cs_go=archiv&cs_startpos=50" "Mozilla/5.0 (compatible; SEOkicks-Robot +http://www.seokicks.de/robot.html)"
176.9.21.194 - - [19/Mar/2012:15:09:58 +0100] "GET /news.php?cs_go=archiv&cs_id=2864&cs_search= HTTP/1.0" 200 10060 "http://www.mink-gmbh.de/news.php?cs_go=archiv&cs_startpos=50" "Mozilla/5.0 (compatible; SEOkicks-Robot +http://www.seokicks.de/robot.html)"
176.9.21.194 - - [19/Mar/2012:15:10:00 +0100] "GET /news.php?cs_go=archiv&cs_id=2863&cs_search= HTTP/1.0" 200 11920 "http://www.mink-gmbh.de/news.php?cs_go=archiv&cs_startpos=50" "Mozilla/5.0 (compatible; SEOkicks-Robot +http://www.seokicks.de/robot.html)"
176.9.21.194 - - [19/Mar/2012:15:10:03 +0100] "GET /news.php?cs_go=archiv&cs_id=2862&cs_search= HTTP/1.0" 200 13795 "http://www.mink-gmbh.de/news.php?cs_go=archiv&cs_startpos=50" "Mozilla/5.0 (compatible; SEOkicks-Robot +http://www.seokicks.de/robot.html)"
176.9.21.194 - - [19/Mar/2012:15:10:10 +0100] "GET /news.php?cs_go=archiv&cs_id=2861&cs_search= HTTP/1.0" 200 13778 "http://www.mink-gmbh.de/news.php?cs_go=archiv&cs_startpos=50" "Mozilla/5.0 (compatible; SEOkicks-Robot +http://www.seokicks.de/robot.html)"
176.9.21.194 - - [19/Mar/2012:15:10:14 +0100] "GET /news.php?cs_go=archiv&cs_startpos=100 HTTP/1.0" 200 22955 "http://www.mink-gmbh.de/news.php?cs_go=archiv&cs_startpos=50" "Mozilla/5.0 (compatible; SEOkicks-Robot +http://www.seokicks.de/robot.html)"
176.9.21.194 - - [19/Mar/2012:15:10:19 +0100] "GET /news.php?cs_go=archiv&cs_id=1635&cs_search= HTTP/1.0" 200 10081 "http://www.mink-gmbh.de/news.php?cs_go=archiv&cs_startpos=1210" "Mozilla/5.0 (compatible; SEOkicks-Robot +http://www.seokicks.de/robot.html)"
176.9.21.194 - - [19/Mar/2012:15:10:22 +0100] "GET /news.php?cs_go=archiv&cs_id=1634&cs_search= HTTP/1.0" 200 13911 "http://www.mink-gmbh.de/news.php?cs_go=archiv&cs_startpos=1210" "Mozilla/5.0 (compatible; SEOkicks-Robot +http://www.seokicks.de/robot.html)"
83.133.125.202 - - [19/Mar/2012:15:10:26 +0100] "GET / HTTP/1.1" 200 1533 "http://www.sumaja.de/?such_wert=gmbh" "Mozilla/5.0 (Windows; U; Windows NT 6.1; de; rv:1.9.2.8) Gecko/20100722 Firefox/3.6.8 GTB7.1"
176.9.21.194 - - [19/Mar/2012:15:10:30 +0100] "GET /news.php?cs_go=archiv&cs_id=1633&cs_search= HTTP/1.0" 200 13877 "http://www.mink-gmbh.de/news.php?cs_go=archiv&cs_startpos=1210" "Mozilla/5.0 (compatible; SEOkicks-Robot +http://www.seokicks.de/robot.html)"
176.9.21.194 - - [19/Mar/2012:15:10:35 +0100] "GET /news.php?cs_go=archiv&cs_id=1632&cs_search= HTTP/1.0" 200 12859 "http://www.mink-gmbh.de/news.php?cs_go=archiv&cs_startpos=1210" "Mozilla/5.0 (compatible; SEOkicks-Robot +http://www.seokicks.de/robot.html)"
176.9.21.194 - - [19/Mar/2012:15:10:38 +0100] "GET /news.php?cs_go=archiv&cs_id=1631&cs_search= HTTP/1.0" 200 13821 "http://www.mink-gmbh.de/news.php?cs_go=archiv&cs_startpos=1210" "Mozilla/5.0 (compatible; SEOkicks-Robot +http://www.seokicks.de/robot.html)"
176.9.21.194 - - [19/Mar/2012:15:10:41 +0100] "GET /news.php?cs_go=archiv&cs_id=1630&cs_search= HTTP/1.0" 200 11872 "http://www.mink-gmbh.de/news.php?cs_go=archiv&cs_startpos=1210" "Mozilla/5.0 (compatible; SEOkicks-Robot +http://www.seokicks.de/robot.html)"
66.249.72.195 - - [19/Mar/2012:15:10:44 +0100] "GET /lexikon.php?cs_go=3&cs_id=231 HTTP/1.1" 200 8310 "-" "Mozilla/5.0 (compatible; Googlebot/2.1; +http://www.google.com/bot.html)"
176.9.21.194 - - [19/Mar/2012:15:10:45 +0100] "GET /news.php?cs_go=archiv&cs_id=1629&cs_search= HTTP/1.0" 200 10779 "http://www.mink-gmbh.de/news.php?cs_go=archiv&cs_startpos=1210" "Mozilla/5.0 (compatible; SEOkicks-Robot +http://www.seokicks.de/robot.html)"
176.9.21.194 - - [19/Mar/2012:15:10:48 +0100] "GET /news.php?cs_go=archiv&cs_id=1628&cs_search= HTTP/1.0" 200 13912 "http://www.mink-gmbh.de/news.php?cs_go=archiv&cs_startpos=1210" "Mozilla/5.0 (compatible; SEOkicks-Robot +http://www.seokicks.de/robot.html)"
176.9.21.194 - - [19/Mar/2012:15:10:51 +0100] "GET /news.php?cs_go=archiv&cs_id=1627&cs_search= HTTP/1.0" 200 12777 "http://www.mink-gmbh.de/news.php?cs_go=archiv&cs_startpos=1210" "Mozilla/5.0 (compatible; SEOkicks-Robot +http://www.seokicks.de/robot.html)"
176.9.21.194 - - [19/Mar/2012:15:10:55 +0100] "GET /news.php?cs_go=archiv&cs_startpos=1200 HTTP/1.0" 200 22460 "http://www.mink-gmbh.de/news.php?cs_go=archiv&cs_startpos=1210" "Mozilla/5.0 (compatible; SEOkicks-Robot +http://www.seokicks.de/robot.html)"
176.9.21.194 - - [19/Mar/2012:15:10:58 +0100] "GET /news.php?cs_go=archiv&cs_startpos=1160 HTTP/1.0" 200 22647 "http://www.mink-gmbh.de/news.php?cs_go=archiv&cs_startpos=1210" "Mozilla/5.0 (compatible; SEOkicks-Robot +http://www.seokicks.de/robot.html)"
176.9.21.194 - - [19/Mar/2012:15:11:02 +0100] "GET /news.php?cs_go=archiv&cs_startpos=1170 HTTP/1.0" 200 22579 "http://www.mink-gmbh.de/news.php?cs_go=archiv&cs_startpos=1210" "Mozilla/5.0 (compatible; SEOkicks-Robot +http://www.seokicks.de/robot.html)"
176.9.21.194 - - [19/Mar/2012:15:11:09 +0100] "GET /news.php?cs_go=archiv&cs_startpos=1180 HTTP/1.0" 200 22751 "http://www.mink-gmbh.de/news.php?cs_go=archiv&cs_startpos=1210" "Mozilla/5.0 (compatible; SEOkicks-Robot +http://www.seokicks.de/robot.html)"
176.9.21.194 - - [19/Mar/2012:15:11:13 +0100] "GET /news.php?cs_go=archiv&cs_startpos=1190 HTTP/1.0" 200 22655 "http://www.mink-gmbh.de/news.php?cs_go=archiv&cs_startpos=1210" "Mozilla/5.0 (compatible; SEOkicks-Robot +http://www.seokicks.de/robot.html)"
176.9.21.194 - - [19/Mar/2012:15:11:16 +0100] "GET /ansprechpartner.php HTTP/1.0" 404 - "http://www.mink-gmbh.de/kwk.php?cs_go=3" "Mozilla/5.0 (compatible; SEOkicks-Robot +http://www.seokicks.de/robot.html)"
176.9.21.194 - - [19/Mar/2012:15:11:19 +0100] "GET /lexikon.php?cs_go=3&cs_id=1 HTTP/1.0" 200 8391 "http://www.mink-gmbh.de/lexikon.php?cs_go=2&cs_char=a" "Mozilla/5.0 (compatible; SEOkicks-Robot +http://www.seokicks.de/robot.html)"
176.9.21.194 - - [19/Mar/2012:15:11:22 +0100] "GET /lexikon.php?cs_go=3&cs_id=2 HTTP/1.0" 200 8268 "http://www.mink-gmbh.de/lexikon.php?cs_go=2&cs_char=a" "Mozilla/5.0 (compatible; SEOkicks-Robot +http://www.seokicks.de/robot.html)"
176.9.21.194 - - [19/Mar/2012:15:11:25 +0100] "GET /lexikon.php?cs_go=3&cs_id=3 HTTP/1.0" 200 8329 "http://www.mink-gmbh.de/lexikon.php?cs_go=2&cs_char=a" "Mozilla/5.0 (compatible; SEOkicks-Robot +http://www.seokicks.de/robot.html)"
176.9.21.194 - - [19/Mar/2012:15:11:28 +0100] "GET /lexikon.php?cs_go=3&cs_id=4 HTTP/1.0" 200 8033 "http://www.mink-gmbh.de/lexikon.php?cs_go=2&cs_char=a" "Mozilla/5.0 (compatible; SEOkicks-Robot +http://www.seokicks.de/robot.html)"
176.9.21.194 - - [19/Mar/2012:15:11:31 +0100] "GET /lexikon.php?cs_go=3&cs_id=5 HTTP/1.0" 200 8032 "http://www.mink-gmbh.de/lexikon.php?cs_go=2&cs_char=a" "Mozilla/5.0 (compatible; SEOkicks-Robot +http://www.seokicks.de/robot.html)"
176.9.21.194 - - [19/Mar/2012:15:11:34 +0100] "GET /lexikon.php?cs_go=3&cs_id=6 HTTP/1.0" 200 8009 "http://www.mink-gmbh.de/lexikon.php?cs_go=2&cs_char=a" "Mozilla/5.0 (compatible; SEOkicks-Robot +http://www.seokicks.de/robot.html)"
176.9.21.194 - - [19/Mar/2012:15:11:37 +0100] "GET /lexikon.php?cs_go=3&cs_id=7 HTTP/1.0" 200 8342 "http://www.mink-gmbh.de/lexikon.php?cs_go=2&cs_char=a" "Mozilla/5.0 (compatible; SEOkicks-Robot +http://www.seokicks.de/robot.html)"
176.9.21.194 - - [19/Mar/2012:15:11:40 +0100] "GET /lexikon.php?cs_go=3&cs_id=8 HTTP/1.0" 200 9085 "http://www.mink-gmbh.de/lexikon.php?cs_go=2&cs_char=a" "Mozilla/5.0 (compatible; SEOkicks-Robot +http://www.seokicks.de/robot.html)"
176.9.21.194 - - [19/Mar/2012:15:11:46 +0100] "GET /lexikon.php?cs_go=3&cs_id=10 HTTP/1.0" 200 8422 "http://www.mink-gmbh.de/lexikon.php?cs_go=2&cs_char=a" "Mozilla/5.0 (compatible; SEOkicks-Robot +http://www.seokicks.de/robot.html)"
66.249.66.149 - - [19/Mar/2012:15:11:48 +0100] "GET /lexikon.php?cs_go=3&cs_id=125 HTTP/1.1" 200 8919 "-" "Mozilla/5.0 (compatible; Googlebot/2.1; +http://www.google.com/bot.html)"
176.9.21.194 - - [19/Mar/2012:15:11:50 +0100] "GET /lexikon.php?cs_go=3&cs_id=11 HTTP/1.0" 200 8019 "http://www.mink-gmbh.de/lexikon.php?cs_go=2&cs_char=a" "Mozilla/5.0 (compatible; SEOkicks-Robot +http://www.seokicks.de/robot.html)"
176.9.21.194 - - [19/Mar/2012:15:11:53 +0100] "GET /lexikon.php?cs_go=3&cs_id=12 HTTP/1.0" 200 8417 "http://www.mink-gmbh.de/lexikon.php?cs_go=2&cs_char=a" "Mozilla/5.0 (compatible; SEOkicks-Robot +http://www.seokicks.de/robot.html)"
176.9.21.194 - - [19/Mar/2012:15:11:57 +0100] "GET /lexikon.php?cs_go=3&cs_id=13 HTTP/1.0" 200 7911 "http://www.mink-gmbh.de/lexikon.php?cs_go=2&cs_char=a" "Mozilla/5.0 (compatible; SEOkicks-Robot +http://www.seokicks.de/robot.html)"
