83.133.125.202 - - [16/Mar/2012:11:08:14 +0100] "GET / HTTP/1.1" 200 1533 "http://www.sumaja.de/?such_wert=gmbh" "Mozilla/4.0 (compatible; MSIE 7.0; Windows NT 6.0; GTB6; SLCC1; .NET CLR 2.0.50727; Media Center PC 5.0; eSobiSubscriber 2.0.4.16; .NET CLR 3.5.30729; .NET CLR 3.0.30729; .NET4.0C)"
139.18.2.209 - - [16/Mar/2012:11:15:39 +0100] "GET /wunschpreis.php HTTP/1.1" 200 5106 "-" "findlinks/2.0.1 (+http://wortschatz.uni-leipzig.de/findlinks/)"
139.18.2.209 - - [16/Mar/2012:11:15:39 +0100] "GET /wunschpreis.php HTTP/1.1" 200 11920 "-" "findlinks/2.0.1 (+http://wortschatz.uni-leipzig.de/findlinks/)"
66.249.66.149 - - [16/Mar/2012:11:16:23 +0100] "GET /news.php?cs_go=archiv&cs_startpos=1210 HTTP/1.1" 200 12739 "-" "Mozilla/5.0 (compatible; Googlebot/2.1; +http://www.google.com/bot.html)"
66.249.66.149 - - [16/Mar/2012:11:25:12 +0100] "GET /news.php?cs_go=archiv&cs_id=2895&cs_search= HTTP/1.1" 200 13569 "-" "Mozilla/5.0 (compatible; Googlebot/2.1; +http://www.google.com/bot.html)"
66.249.72.195 - - [16/Mar/2012:11:35:25 +0100] "GET /news.php?cs_go=archiv&cs_id=2894&cs_search= HTTP/1.1" 200 12539 "-" "Mozilla/5.0 (compatible; Googlebot/2.1; +http://www.google.com/bot.html)"
66.249.72.195 - - [16/Mar/2012:11:45:27 +0100] "GET /news.php?cs_go=archiv&cs_id=2909&cs_search= HTTP/1.1" 200 14276 "-" "Mozilla/5.0 (compatible; Googlebot/2.1; +http://www.google.com/bot.html)"
66.249.66.149 - - [16/Mar/2012:11:53:22 +0100] "GET /news.php?cs_go=archiv&cs_id=2911&cs_search= HTTP/1.1" 200 13781 "-" "Mozilla/5.0 (compatible; Googlebot/2.1; +http://www.google.com/bot.html)"
66.249.72.195 - - [16/Mar/2012:12:06:27 +0100] "GET /news.php?cs_go=archiv&cs_id=2908&cs_search= HTTP/1.1" 200 9808 "-" "Mozilla/5.0 (compatible; Googlebot/2.1; +http://www.google.com/bot.html)"
66.249.72.195 - - [16/Mar/2012:12:14:42 +0100] "GET /news.php?cs_go=archiv&cs_id=2893&cs_search= HTTP/1.1" 200 9943 "-" "Mozilla/5.0 (compatible; Googlebot/2.1; +http://www.google.com/bot.html)"
95.108.151.244 - - [16/Mar/2012:12:21:52 +0100] "GET /robots.txt HTTP/1.1" 200 177 "-" "Mozilla/5.0 (compatible; YandexBot/3.0; +http://yandex.com/bots)"
95.108.151.244 - - [16/Mar/2012:12:21:53 +0100] "GET / HTTP/1.1" 200 14849 "-" "Mozilla/5.0 (compatible; YandexBot/3.0; +http://yandex.com/bots)"
95.108.151.244 - - [16/Mar/2012:12:21:54 +0100] "GET / HTTP/1.1" 200 14849 "-" "Mozilla/5.0 (compatible; YandexBot/3.0; +http://yandex.com/bots)"
66.249.72.195 - - [16/Mar/2012:12:22:09 +0100] "GET /news.php?cs_go=archiv&cs_id=2907&cs_search= HTTP/1.1" 200 9950 "-" "Mozilla/5.0 (compatible; Googlebot/2.1; +http://www.google.com/bot.html)"
66.249.72.195 - - [16/Mar/2012:12:33:56 +0100] "GET /news.php?cs_go=archiv&cs_id=2897&cs_search= HTTP/1.1" 200 10593 "-" "Mozilla/5.0 (compatible; Googlebot/2.1; +http://www.google.com/bot.html)"
208.115.111.75 - - [16/Mar/2012:12:42:38 +0100] "GET /news.php?cs_go=archiv&cs_id=2719 HTTP/1.1" 200 10298 "-" "Mozilla/5.0 (compatible; Ezooms/1.0; ezooms.bot@gmail.com)"
66.249.72.195 - - [16/Mar/2012:12:42:40 +0100] "GET /news.php?cs_go=archiv&cs_id=2906&cs_search= HTTP/1.1" 200 13592 "-" "Mozilla/5.0 (compatible; Googlebot/2.1; +http://www.google.com/bot.html)"
66.249.66.149 - - [16/Mar/2012:12:49:32 +0100] "GET /news.php?cs_go=archiv&cs_id=2896&cs_search= HTTP/1.1" 200 9845 "-" "Mozilla/5.0 (compatible; Googlebot/2.1; +http://www.google.com/bot.html)"
66.249.66.149 - - [16/Mar/2012:12:57:09 +0100] "GET /modernisierung.php?cs_gp_go=plus HTTP/1.1" 200 11511 "-" "Mozilla/5.0 (compatible; Googlebot/2.1; +http://www.google.com/bot.html)"
66.249.72.195 - - [16/Mar/2012:13:08:52 +0100] "GET /modernisierung.php?cs_gp_go=coupon HTTP/1.1" 200 10129 "-" "Mozilla/5.0 (compatible; Googlebot/2.1; +http://www.google.com/bot.html)"
217.85.68.172 - - [16/Mar/2012:13:10:35 +0100] "GET /style.css HTTP/1.1" 200 8418 "http://www.mink-gmbh.de/" "Mozilla/5.0 (Windows NT 5.1; rv:5.0) Gecko/20100101 Firefox/5.0"
217.85.68.172 - - [16/Mar/2012:13:10:35 +0100] "GET /favicon.ico HTTP/1.1" 200 3638 "-" "Mozilla/5.0 (Windows NT 5.1; rv:5.0) Gecko/20100101 Firefox/5.0"
217.85.68.172 - - [16/Mar/2012:13:10:35 +0100] "GET / HTTP/1.1" 200 14849 "-" "Mozilla/5.0 (Windows NT 5.1; rv:5.0) Gecko/20100101 Firefox/5.0"
217.85.68.172 - - [16/Mar/2012:13:10:35 +0100] "GET /images/freecall.jpg HTTP/1.1" 200 39195 "http://www.mink-gmbh.de/" "Mozilla/5.0 (Windows NT 5.1; rv:5.0) Gecko/20100101 Firefox/5.0"
217.85.68.172 - - [16/Mar/2012:13:10:35 +0100] "GET /images/mail.jpg HTTP/1.1" 200 11165 "http://www.mink-gmbh.de/" "Mozilla/5.0 (Windows NT 5.1; rv:5.0) Gecko/20100101 Firefox/5.0"
217.85.68.172 - - [16/Mar/2012:13:10:35 +0100] "GET /modul.css HTTP/1.1" 200 35038 "http://www.mink-gmbh.de/" "Mozilla/5.0 (Windows NT 5.1; rv:5.0) Gecko/20100101 Firefox/5.0"
217.85.68.172 - - [16/Mar/2012:13:10:36 +0100] "GET /images/kwk.gif HTTP/1.1" 200 6403 "http://www.mink-gmbh.de/" "Mozilla/5.0 (Windows NT 5.1; rv:5.0) Gecko/20100101 Firefox/5.0"
217.85.68.172 - - [16/Mar/2012:13:10:35 +0100] "GET /images/tkw.jpg HTTP/1.1" 200 64031 "http://www.mink-gmbh.de/" "Mozilla/5.0 (Windows NT 5.1; rv:5.0) Gecko/20100101 Firefox/5.0"
217.85.68.172 - - [16/Mar/2012:13:10:36 +0100] "GET /images/wunschpreis.jpg HTTP/1.1" 200 16767 "http://www.mink-gmbh.de/" "Mozilla/5.0 (Windows NT 5.1; rv:5.0) Gecko/20100101 Firefox/5.0"
217.85.68.172 - - [16/Mar/2012:13:10:36 +0100] "GET /images/logos.jpg HTTP/1.1" 200 15002 "http://www.mink-gmbh.de/" "Mozilla/5.0 (Windows NT 5.1; rv:5.0) Gecko/20100101 Firefox/5.0"
217.85.68.172 - - [16/Mar/2012:13:10:36 +0100] "GET /images/bg.jpg HTTP/1.1" 200 345 "http://www.mink-gmbh.de/style.css" "Mozilla/5.0 (Windows NT 5.1; rv:5.0) Gecko/20100101 Firefox/5.0"
217.85.68.172 - - [16/Mar/2012:13:10:36 +0100] "GET /images/close.png HTTP/1.1" 200 703 "http://www.mink-gmbh.de/" "Mozilla/5.0 (Windows NT 5.1; rv:5.0) Gecko/20100101 Firefox/5.0"
217.85.68.172 - - [16/Mar/2012:13:10:36 +0100] "GET /images/newsletter_bg.jpg HTTP/1.1" 200 33610 "http://www.mink-gmbh.de/" "Mozilla/5.0 (Windows NT 5.1; rv:5.0) Gecko/20100101 Firefox/5.0"
217.85.68.172 - - [16/Mar/2012:13:10:36 +0100] "GET /images/newsletter.png HTTP/1.1" 200 14619 "http://www.mink-gmbh.de/style.css" "Mozilla/5.0 (Windows NT 5.1; rv:5.0) Gecko/20100101 Firefox/5.0"
217.85.68.172 - - [16/Mar/2012:13:10:36 +0100] "GET /images/wrapperbg.jpg HTTP/1.1" 200 27465 "http://www.mink-gmbh.de/style.css" "Mozilla/5.0 (Windows NT 5.1; rv:5.0) Gecko/20100101 Firefox/5.0"
217.85.68.172 - - [16/Mar/2012:13:10:36 +0100] "GET /images/header.jpg HTTP/1.1" 200 24413 "http://www.mink-gmbh.de/style.css" "Mozilla/5.0 (Windows NT 5.1; rv:5.0) Gecko/20100101 Firefox/5.0"
217.85.68.172 - - [16/Mar/2012:13:10:36 +0100] "GET /images/navibg.png HTTP/1.1" 200 2803 "http://www.mink-gmbh.de/style.css" "Mozilla/5.0 (Windows NT 5.1; rv:5.0) Gecko/20100101 Firefox/5.0"
217.85.68.172 - - [16/Mar/2012:13:10:36 +0100] "GET /images/fallend.png HTTP/1.1" 200 713 "http://www.mink-gmbh.de/modul.css" "Mozilla/5.0 (Windows NT 5.1; rv:5.0) Gecko/20100101 Firefox/5.0"
217.85.68.172 - - [16/Mar/2012:13:10:36 +0100] "GET /images/steigend.png HTTP/1.1" 200 688 "http://www.mink-gmbh.de/modul.css" "Mozilla/5.0 (Windows NT 5.1; rv:5.0) Gecko/20100101 Firefox/5.0"
217.85.68.172 - - [16/Mar/2012:13:10:36 +0100] "GET /images/mobil.jpg HTTP/1.1" 200 25293 "http://www.mink-gmbh.de/style.css" "Mozilla/5.0 (Windows NT 5.1; rv:5.0) Gecko/20100101 Firefox/5.0"
217.85.68.172 - - [16/Mar/2012:13:10:36 +0100] "GET /images/newsletter.jpg HTTP/1.1" 200 13130 "http://www.mink-gmbh.de/style.css" "Mozilla/5.0 (Windows NT 5.1; rv:5.0) Gecko/20100101 Firefox/5.0"
217.85.68.172 - - [16/Mar/2012:13:10:36 +0100] "GET /images/footerbg.jpg HTTP/1.1" 200 2184 "http://www.mink-gmbh.de/style.css" "Mozilla/5.0 (Windows NT 5.1; rv:5.0) Gecko/20100101 Firefox/5.0"
217.85.68.172 - - [16/Mar/2012:13:10:39 +0100] "GET /wunschpreis.php HTTP/1.1" 200 11920 "http://www.mink-gmbh.de/" "Mozilla/5.0 (Windows NT 5.1; rv:5.0) Gecko/20100101 Firefox/5.0"
217.85.68.172 - - [16/Mar/2012:13:10:43 +0100] "GET /preisanfrage.php HTTP/1.1" 200 10549 "http://www.mink-gmbh.de/wunschpreis.php" "Mozilla/5.0 (Windows NT 5.1; rv:5.0) Gecko/20100101 Firefox/5.0"
217.85.68.172 - - [16/Mar/2012:13:10:45 +0100] "GET /wunschpreis.php HTTP/1.1" 200 11920 "http://www.mink-gmbh.de/preisanfrage.php" "Mozilla/5.0 (Windows NT 5.1; rv:5.0) Gecko/20100101 Firefox/5.0"
66.249.72.195 - - [16/Mar/2012:13:16:40 +0100] "GET /modernisierung.php?cs_gp_go=description HTTP/1.1" 200 10704 "-" "Mozilla/5.0 (compatible; Googlebot/2.1; +http://www.google.com/bot.html)"
217.85.68.172 - - [16/Mar/2012:13:21:07 +0100] "GET /wunschpreis.php HTTP/1.1" 200 11920 "http://www.mink-gmbh.de/preisanfrage.php" "Mozilla/5.0 (Windows NT 5.1; rv:5.0) Gecko/20100101 Firefox/5.0"
217.85.68.172 - - [16/Mar/2012:13:21:07 +0100] "GET /style.css HTTP/1.1" 304 - "http://www.mink-gmbh.de/wunschpreis.php" "Mozilla/5.0 (Windows NT 5.1; rv:5.0) Gecko/20100101 Firefox/5.0"
217.85.68.172 - - [16/Mar/2012:13:21:07 +0100] "GET /modul.css HTTP/1.1" 304 - "http://www.mink-gmbh.de/wunschpreis.php" "Mozilla/5.0 (Windows NT 5.1; rv:5.0) Gecko/20100101 Firefox/5.0"
217.85.68.172 - - [16/Mar/2012:13:21:08 +0100] "GET /images/freecall.jpg HTTP/1.1" 304 - "http://www.mink-gmbh.de/wunschpreis.php" "Mozilla/5.0 (Windows NT 5.1; rv:5.0) Gecko/20100101 Firefox/5.0"
217.85.68.172 - - [16/Mar/2012:13:21:08 +0100] "GET /images/mail.jpg HTTP/1.1" 304 - "http://www.mink-gmbh.de/wunschpreis.php" "Mozilla/5.0 (Windows NT 5.1; rv:5.0) Gecko/20100101 Firefox/5.0"
217.85.68.172 - - [16/Mar/2012:13:21:08 +0100] "GET /images/kwk.gif HTTP/1.1" 304 - "http://www.mink-gmbh.de/wunschpreis.php" "Mozilla/5.0 (Windows NT 5.1; rv:5.0) Gecko/20100101 Firefox/5.0"
217.85.68.172 - - [16/Mar/2012:13:21:08 +0100] "GET /images/logos.jpg HTTP/1.1" 304 - "http://www.mink-gmbh.de/wunschpreis.php" "Mozilla/5.0 (Windows NT 5.1; rv:5.0) Gecko/20100101 Firefox/5.0"
217.85.68.172 - - [16/Mar/2012:13:21:08 +0100] "GET /images/bg.jpg HTTP/1.1" 304 - "http://www.mink-gmbh.de/style.css" "Mozilla/5.0 (Windows NT 5.1; rv:5.0) Gecko/20100101 Firefox/5.0"
217.85.68.172 - - [16/Mar/2012:13:21:08 +0100] "GET /images/close.png HTTP/1.1" 304 - "http://www.mink-gmbh.de/wunschpreis.php" "Mozilla/5.0 (Windows NT 5.1; rv:5.0) Gecko/20100101 Firefox/5.0"
217.85.68.172 - - [16/Mar/2012:13:21:08 +0100] "GET /images/wunschpreis.jpg HTTP/1.1" 304 - "http://www.mink-gmbh.de/wunschpreis.php" "Mozilla/5.0 (Windows NT 5.1; rv:5.0) Gecko/20100101 Firefox/5.0"
217.85.68.172 - - [16/Mar/2012:13:21:08 +0100] "GET /images/newsletter_bg.jpg HTTP/1.1" 304 - "http://www.mink-gmbh.de/wunschpreis.php" "Mozilla/5.0 (Windows NT 5.1; rv:5.0) Gecko/20100101 Firefox/5.0"
217.85.68.172 - - [16/Mar/2012:13:21:08 +0100] "GET /images/newsletter.png HTTP/1.1" 304 - "http://www.mink-gmbh.de/style.css" "Mozilla/5.0 (Windows NT 5.1; rv:5.0) Gecko/20100101 Firefox/5.0"
217.85.68.172 - - [16/Mar/2012:13:21:08 +0100] "GET /images/wrapperbg.jpg HTTP/1.1" 304 - "http://www.mink-gmbh.de/style.css" "Mozilla/5.0 (Windows NT 5.1; rv:5.0) Gecko/20100101 Firefox/5.0"
217.85.68.172 - - [16/Mar/2012:13:21:08 +0100] "GET /images/header.jpg HTTP/1.1" 304 - "http://www.mink-gmbh.de/style.css" "Mozilla/5.0 (Windows NT 5.1; rv:5.0) Gecko/20100101 Firefox/5.0"
217.85.68.172 - - [16/Mar/2012:13:21:08 +0100] "GET /images/navibg.png HTTP/1.1" 304 - "http://www.mink-gmbh.de/style.css" "Mozilla/5.0 (Windows NT 5.1; rv:5.0) Gecko/20100101 Firefox/5.0"
217.85.68.172 - - [16/Mar/2012:13:21:08 +0100] "GET /images/footerbg.jpg HTTP/1.1" 304 - "http://www.mink-gmbh.de/style.css" "Mozilla/5.0 (Windows NT 5.1; rv:5.0) Gecko/20100101 Firefox/5.0"
66.249.66.149 - - [16/Mar/2012:13:24:13 +0100] "GET /lexikon.php?cs_go=2&cs_char=h HTTP/1.1" 200 8618 "-" "Mozilla/5.0 (compatible; Googlebot/2.1; +http://www.google.com/bot.html)"
66.249.66.149 - - [16/Mar/2012:13:31:48 +0100] "GET /lexikon.php?cs_go=2&cs_char=w HTTP/1.1" 200 8518 "-" "Mozilla/5.0 (compatible; Googlebot/2.1; +http://www.google.com/bot.html)"
66.249.66.149 - - [16/Mar/2012:13:43:00 +0100] "GET /lexikon.php?cs_go=2&cs_char=v HTTP/1.1" 200 9048 "-" "Mozilla/5.0 (compatible; Googlebot/2.1; +http://www.google.com/bot.html)"
66.249.66.149 - - [16/Mar/2012:13:52:08 +0100] "GET /lexikon.php?cs_go=2&cs_char=y HTTP/1.1" 200 8513 "-" "Mozilla/5.0 (compatible; Googlebot/2.1; +http://www.google.com/bot.html)"
65.36.241.79 - - [16/Mar/2012:14:00:01 +0100] "HEAD / HTTP/1.1" 200 - "-" "InternetSeer.com"
66.249.66.149 - - [16/Mar/2012:14:03:48 +0100] "GET /lexikon.php?cs_go=2&cs_char=e HTTP/1.1" 200 9010 "-" "Mozilla/5.0 (compatible; Googlebot/2.1; +http://www.google.com/bot.html)"
66.249.72.195 - - [16/Mar/2012:14:11:47 +0100] "GET /lexikon.php?cs_go=2&cs_char=l HTTP/1.1" 200 8704 "-" "Mozilla/5.0 (compatible; Googlebot/2.1; +http://www.google.com/bot.html)"
207.46.199.169 - - [16/Mar/2012:14:15:40 +0100] "GET /robots.txt HTTP/1.1" 200 177 "-" "msnbot-media/1.1 (+http://search.msn.com/msnbot.htm)"
207.46.199.169 - - [16/Mar/2012:14:15:40 +0100] "GET /images/logos.jpg HTTP/1.1" 200 15002 "-" "msnbot-media/1.1 (+http://search.msn.com/msnbot.htm)"
207.46.199.169 - - [16/Mar/2012:14:15:40 +0100] "GET / HTTP/1.1" 200 14884 "-" "msnbot-media/1.1 (+http://search.msn.com/msnbot.htm)"
66.249.66.149 - - [16/Mar/2012:14:19:15 +0100] "GET /lexikon.php?cs_go=2&cs_char=q HTTP/1.1" 200 8093 "-" "Mozilla/5.0 (compatible; Googlebot/2.1; +http://www.google.com/bot.html)"
66.249.66.149 - - [16/Mar/2012:14:32:56 +0100] "GET /lexikon.php?cs_go=2&cs_char=u HTTP/1.1" 200 8675 "-" "Mozilla/5.0 (compatible; Googlebot/2.1; +http://www.google.com/bot.html)"
66.249.66.149 - - [16/Mar/2012:14:42:27 +0100] "GET /lexikon.php?cs_go=2&cs_char=d HTTP/1.1" 200 9352 "-" "Mozilla/5.0 (compatible; Googlebot/2.1; +http://www.google.com/bot.html)"
66.249.66.149 - - [16/Mar/2012:14:47:51 +0100] "GET /img/lay13.gif HTTP/1.1" 404 - "-" "Googlebot-Image/1.0"
125.39.78.176 - - [16/Mar/2012:14:49:18 +0100] "GET /robots.txt HTTP/1.1" 200 177 "-" "Mozilla/5.0 (compatible; Baiduspider/2.0; +http://www.baidu.com/search/spider.html)"
66.249.72.195 - - [16/Mar/2012:14:51:27 +0100] "GET /lexikon.php?cs_go=2&cs_char=x HTTP/1.1" 200 8513 "-" "Mozilla/5.0 (compatible; Googlebot/2.1; +http://www.google.com/bot.html)"
66.249.72.195 - - [16/Mar/2012:15:01:33 +0100] "GET /lexikon.php?cs_go=2&cs_char=i HTTP/1.1" 200 8333 "-" "Mozilla/5.0 (compatible; Googlebot/2.1; +http://www.google.com/bot.html)"
66.249.66.149 - - [16/Mar/2012:15:11:33 +0100] "GET /lexikon.php?cs_go=2&cs_char=k HTTP/1.1" 200 9810 "-" "Mozilla/5.0 (compatible; Googlebot/2.1; +http://www.google.com/bot.html)"
66.249.72.195 - - [16/Mar/2012:15:21:08 +0100] "GET /lexikon.php?cs_go=2&cs_char=f HTTP/1.1" 200 9526 "-" "Mozilla/5.0 (compatible; Googlebot/2.1; +http://www.google.com/bot.html)"
66.249.72.195 - - [16/Mar/2012:15:29:41 +0100] "GET /lexikon.php?cs_go=2&cs_char=g HTTP/1.1" 200 9057 "-" "Mozilla/5.0 (compatible; Googlebot/2.1; +http://www.google.com/bot.html)"
123.125.71.17 - - [16/Mar/2012:15:32:06 +0100] "GET / HTTP/1.1" 200 14884 "-" "Mozilla/5.0 (compatible; Baiduspider/2.0; +http://www.baidu.com/search/spider.html)"
220.181.108.93 - - [16/Mar/2012:15:32:46 +0100] "GET / HTTP/1.1" 200 14884 "-" "Mozilla/5.0 (compatible; Baiduspider/2.0; +http://www.baidu.com/search/spider.html)"
208.115.111.75 - - [16/Mar/2012:15:33:25 +0100] "GET /robots.txt HTTP/1.1" 200 177 "-" "Mozilla/5.0 (compatible; Ezooms/1.0; ezooms.bot@gmail.com)"
66.249.66.149 - - [16/Mar/2012:15:38:39 +0100] "GET /lexikon.php?cs_go=2&cs_char=p HTTP/1.1" 200 9097 "-" "Mozilla/5.0 (compatible; Googlebot/2.1; +http://www.google.com/bot.html)"
217.85.68.172 - - [16/Mar/2012:15:44:37 +0100] "GET /style.css HTTP/1.1" 304 - "http://www.mink-gmbh.de/" "Mozilla/5.0 (Windows NT 6.0; rv:10.0.2) Gecko/20100101 Firefox/10.0.2"
217.85.68.172 - - [16/Mar/2012:15:44:37 +0100] "GET /modul.css HTTP/1.1" 304 - "http://www.mink-gmbh.de/" "Mozilla/5.0 (Windows NT 6.0; rv:10.0.2) Gecko/20100101 Firefox/10.0.2"
217.85.68.172 - - [16/Mar/2012:15:44:36 +0100] "GET / HTTP/1.1" 200 14884 "-" "Mozilla/5.0 (Windows NT 6.0; rv:10.0.2) Gecko/20100101 Firefox/10.0.2"
217.85.68.172 - - [16/Mar/2012:15:44:38 +0100] "GET /images/freecall.jpg HTTP/1.1" 304 - "http://www.mink-gmbh.de/" "Mozilla/5.0 (Windows NT 6.0; rv:10.0.2) Gecko/20100101 Firefox/10.0.2"
217.85.68.172 - - [16/Mar/2012:15:44:38 +0100] "GET /images/mail.jpg HTTP/1.1" 304 - "http://www.mink-gmbh.de/" "Mozilla/5.0 (Windows NT 6.0; rv:10.0.2) Gecko/20100101 Firefox/10.0.2"
217.85.68.172 - - [16/Mar/2012:15:44:38 +0100] "GET /images/close.png HTTP/1.1" 304 - "http://www.mink-gmbh.de/" "Mozilla/5.0 (Windows NT 6.0; rv:10.0.2) Gecko/20100101 Firefox/10.0.2"
217.85.68.172 - - [16/Mar/2012:15:44:38 +0100] "GET /images/newsletter_bg.jpg HTTP/1.1" 304 - "http://www.mink-gmbh.de/" "Mozilla/5.0 (Windows NT 6.0; rv:10.0.2) Gecko/20100101 Firefox/10.0.2"
217.85.68.172 - - [16/Mar/2012:15:44:39 +0100] "GET /images/newsletter.png HTTP/1.1" 304 - "http://www.mink-gmbh.de/style.css" "Mozilla/5.0 (Windows NT 6.0; rv:10.0.2) Gecko/20100101 Firefox/10.0.2"
217.85.68.172 - - [16/Mar/2012:15:44:39 +0100] "GET /images/newsletter.jpg HTTP/1.1" 304 - "http://www.mink-gmbh.de/style.css" "Mozilla/5.0 (Windows NT 6.0; rv:10.0.2) Gecko/20100101 Firefox/10.0.2"
217.85.68.172 - - [16/Mar/2012:15:45:01 +0100] "GET /wunschpreis.php HTTP/1.1" 200 11920 "http://www.mink-gmbh.de/" "Mozilla/5.0 (Windows NT 6.0; rv:10.0.2) Gecko/20100101 Firefox/10.0.2"
66.249.72.195 - - [16/Mar/2012:15:46:49 +0100] "GET /lexikon.php?cs_go=2&cs_char=z HTTP/1.1" 200 8192 "-" "Mozilla/5.0 (compatible; Googlebot/2.1; +http://www.google.com/bot.html)"
208.115.113.91 - - [16/Mar/2012:15:50:02 +0100] "GET /robots.txt HTTP/1.1" 200 177 "-" "Mozilla/5.0 (compatible; Ezooms/1.0; ezooms.bot@gmail.com)"
66.249.66.149 - - [16/Mar/2012:15:54:43 +0100] "GET /lexikon.php?cs_go=2&cs_char=t HTTP/1.1" 200 8696 "-" "Mozilla/5.0 (compatible; Googlebot/2.1; +http://www.google.com/bot.html)"
66.249.66.149 - - [16/Mar/2012:16:02:32 +0100] "GET /lexikon.php?cs_go=2&cs_char=o HTTP/1.1" 200 9192 "-" "Mozilla/5.0 (compatible; Googlebot/2.1; +http://www.google.com/bot.html)"
66.249.72.195 - - [16/Mar/2012:16:06:04 +0100] "GET /index.php HTTP/1.1" 200 14884 "-" "Mozilla/5.0 (compatible; Googlebot/2.1; +http://www.google.com/bot.html)"
66.249.72.195 - - [16/Mar/2012:16:09:32 +0100] "GET /lexikon.php?cs_go=2&cs_char=n HTTP/1.1" 200 8509 "-" "Mozilla/5.0 (compatible; Googlebot/2.1; +http://www.google.com/bot.html)"
66.249.66.149 - - [16/Mar/2012:16:18:09 +0100] "GET /lexikon.php?cs_go=2&cs_char=b HTTP/1.1" 200 9661 "-" "Mozilla/5.0 (compatible; Googlebot/2.1; +http://www.google.com/bot.html)"
66.249.66.149 - - [16/Mar/2012:16:19:29 +0100] "GET /news.php?cs_go=archiv&cs_id=2770&cs_search= HTTP/1.1" 200 9429 "-" "Mozilla/5.0 (compatible; Googlebot/2.1; +http://www.google.com/bot.html)"
66.249.72.195 - - [16/Mar/2012:16:22:08 +0100] "GET /news.php?cs_go=archiv&cs_id=2571&cs_search= HTTP/1.1" 200 14665 "-" "Mozilla/5.0 (compatible; Googlebot/2.1; +http://www.google.com/bot.html)"
66.249.66.149 - - [16/Mar/2012:16:25:57 +0100] "GET /lexikon.php?cs_go=2&cs_char=s HTTP/1.1" 200 9999 "-" "Mozilla/5.0 (compatible; Googlebot/2.1; +http://www.google.com/bot.html)"
66.249.72.195 - - [16/Mar/2012:16:32:36 +0100] "GET /lexikon.php?cs_go=2&cs_char=m HTTP/1.1" 200 9004 "-" "Mozilla/5.0 (compatible; Googlebot/2.1; +http://www.google.com/bot.html)"
66.249.66.149 - - [16/Mar/2012:16:32:43 +0100] "GET /news.php?cs_go=archiv&cs_id=2577 HTTP/1.1" 200 9551 "-" "Mozilla/5.0 (compatible; Googlebot/2.1; +http://www.google.com/bot.html)"
66.249.72.195 - - [16/Mar/2012:16:40:16 +0100] "GET /lexikon.php?cs_go=2&cs_char=a HTTP/1.1" 200 9734 "-" "Mozilla/5.0 (compatible; Googlebot/2.1; +http://www.google.com/bot.html)"
66.249.66.149 - - [16/Mar/2012:16:40:40 +0100] "GET /news.php?cs_go=archiv&cs_id=2578 HTTP/1.1" 200 14378 "-" "Mozilla/5.0 (compatible; Googlebot/2.1; +http://www.google.com/bot.html)"
66.249.66.149 - - [16/Mar/2012:16:46:31 +0100] "GET /lexikon.php?cs_go=2&cs_char=j HTTP/1.1" 200 8513 "-" "Mozilla/5.0 (compatible; Googlebot/2.1; +http://www.google.com/bot.html)"
66.249.72.195 - - [16/Mar/2012:16:47:16 +0100] "GET /news.php?cs_go=archiv&cs_id=2579 HTTP/1.1" 200 13253 "-" "Mozilla/5.0 (compatible; Googlebot/2.1; +http://www.google.com/bot.html)"
66.249.72.195 - - [16/Mar/2012:16:52:18 +0100] "GET /lexikon.php?cs_go=2&cs_char=r HTTP/1.1" 200 9663 "-" "Mozilla/5.0 (compatible; Googlebot/2.1; +http://www.google.com/bot.html)"
66.249.66.149 - - [16/Mar/2012:16:52:34 +0100] "GET /news.php?cs_go=archiv&cs_id=2570&cs_search= HTTP/1.1" 200 9366 "-" "Mozilla/5.0 (compatible; Googlebot/2.1; +http://www.google.com/bot.html)"
66.249.66.149 - - [16/Mar/2012:16:57:21 +0100] "GET /lexikon.php?cs_go=2&cs_char=c HTTP/1.1" 200 8767 "-" "Mozilla/5.0 (compatible; Googlebot/2.1; +http://www.google.com/bot.html)"
66.249.66.149 - - [16/Mar/2012:17:05:07 +0100] "GET /news.php?cs_go=archiv&cs_startpos=70 HTTP/1.1" 200 22917 "-" "Mozilla/5.0 (compatible; Googlebot/2.1; +http://www.google.com/bot.html)"
66.249.66.149 - - [16/Mar/2012:17:05:48 +0100] "GET /news.php?cs_go=archiv&cs_id=2773 HTTP/1.1" 200 15211 "-" "Mozilla/5.0 (compatible; Googlebot/2.1; +http://www.google.com/bot.html)"
66.249.72.195 - - [16/Mar/2012:17:11:32 +0100] "GET /news.php?cs_go=archiv&cs_startpos=60 HTTP/1.1" 200 23102 "-" "Mozilla/5.0 (compatible; Googlebot/2.1; +http://www.google.com/bot.html)"
208.115.113.91 - - [16/Mar/2012:17:15:52 +0100] "GET /news.php?cs_go=archiv&cs_id=2716 HTTP/1.1" 200 13396 "-" "Mozilla/5.0 (compatible; Ezooms/1.0; ezooms.bot@gmail.com)"
208.115.113.91 - - [16/Mar/2012:17:15:59 +0100] "GET /news.php?cs_go=archiv&cs_id=2738&cs_search= HTTP/1.1" 200 11500 "-" "Mozilla/5.0 (compatible; Ezooms/1.0; ezooms.bot@gmail.com)"
66.249.72.195 - - [16/Mar/2012:17:16:54 +0100] "GET /news.php?cs_go=archiv&cs_startpos=80 HTTP/1.1" 200 23009 "-" "Mozilla/5.0 (compatible; Googlebot/2.1; +http://www.google.com/bot.html)"
66.249.66.149 - - [16/Mar/2012:17:19:01 +0100] "GET /news.php?cs_go=archiv&cs_id=2916 HTTP/1.1" 200 13355 "-" "Mozilla/5.0 (compatible; Googlebot/2.1; +http://www.google.com/bot.html)"
66.249.66.149 - - [16/Mar/2012:17:24:19 +0100] "GET /news.php?cs_go=archiv&cs_id=2850&cs_search= HTTP/1.1" 200 13526 "-" "Mozilla/5.0 (compatible; Googlebot/2.1; +http://www.google.com/bot.html)"
66.249.66.149 - - [16/Mar/2012:17:24:28 +0100] "GET /news.php?cs_go=archiv&cs_startpos=90 HTTP/1.1" 200 23058 "-" "Mozilla/5.0 (compatible; Googlebot/2.1; +http://www.google.com/bot.html)"
217.85.68.172 - - [16/Mar/2012:17:25:47 +0100] "GET /index.php HTTP/1.1" 200 14797 "http://www.mink-gmbh.de/wunschpreis.php" "Mozilla/5.0 (Windows NT 6.0; rv:10.0.2) Gecko/20100101 Firefox/10.0.2"
66.249.72.195 - - [16/Mar/2012:17:31:12 +0100] "GET /news.php?cs_go=archiv&cs_startpos=100 HTTP/1.1" 200 22869 "-" "Mozilla/5.0 (compatible; Googlebot/2.1; +http://www.google.com/bot.html)"
66.249.66.149 - - [16/Mar/2012:17:37:28 +0100] "GET /news.php?cs_go=archiv&cs_startpos=1170 HTTP/1.1" 200 22751 "-" "Mozilla/5.0 (compatible; Googlebot/2.1; +http://www.google.com/bot.html)"
66.249.72.195 - - [16/Mar/2012:17:42:14 +0100] "GET /news.php?cs_go=archiv&cs_startpos=1160 HTTP/1.1" 200 22702 "-" "Mozilla/5.0 (compatible; Googlebot/2.1; +http://www.google.com/bot.html)"
66.249.66.149 - - [16/Mar/2012:17:46:50 +0100] "GET /news.php?cs_go=archiv&cs_startpos=1180 HTTP/1.1" 200 22891 "-" "Mozilla/5.0 (compatible; Googlebot/2.1; +http://www.google.com/bot.html)"
82.115.174.10 - - [16/Mar/2012:17:51:01 +0100] "GET / HTTP/1.0" 200 14884 "-" "Mozilla/4.0 (compatible; MSIE 7.0; Windows NT 5.1; .NET CLR 2.0.50727; .NET CLR 1.1.4322)"
82.115.174.10 - - [16/Mar/2012:17:51:02 +0100] "GET /news.php?cs_go=http%3A%2F%2Fwww.joaquincarbonell.com%2Fhtml%2Fescribe%2Fargentina05%2Fqogu%2Fali%2F&cs_id=2912 HTTP/1.0" 200 22401 "-" "Mozilla/4.0 (compatible; MSIE 7.0; Windows NT 5.1; .NET CLR 2.0.50727; .NET CLR 1.1.4322)"
82.115.174.10 - - [16/Mar/2012:17:51:03 +0100] "GET /news.php?cs_go=archiv&cs_id=http%3A%2F%2Fwww.joaquincarbonell.com%2Fhtml%2Fescribe%2Fargentina05%2Fqogu%2Fali%2F HTTP/1.0" 200 22401 "-" "Mozilla/4.0 (compatible; MSIE 7.0; Windows NT 5.1; .NET CLR 2.0.50727; .NET CLR 1.1.4322)"
82.115.174.10 - - [16/Mar/2012:17:51:03 +0100] "GET /news.php HTTP/1.0" 200 22401 "-" "Mozilla/4.0 (compatible; MSIE 7.0; Windows NT 5.1; .NET CLR 2.0.50727; .NET CLR 1.1.4322)"
82.115.174.10 - - [16/Mar/2012:17:51:04 +0100] "GET /news.php?cs_go=archiv&cs_startpos=http%3A%2F%2Fanfir.com%2Ffuente%2Fusuario%2Fadariru%2Feguko%2F HTTP/1.0" 200 22401 "-" "Mozilla/4.0 (compatible; MSIE 7.0; Windows NT 5.1; .NET CLR 2.0.50727; .NET CLR 1.1.4322)"
82.115.174.10 - - [16/Mar/2012:17:51:05 +0100] "GET /preisanfrage.php HTTP/1.0" 200 10636 "-" "Mozilla/4.0 (compatible; MSIE 7.0; Windows NT 5.1; .NET CLR 2.0.50727; .NET CLR 1.1.4322)"
82.115.174.10 - - [16/Mar/2012:17:51:05 +0100] "GET /rueckrufservice.php HTTP/1.0" 200 10702 "-" "Mozilla/4.0 (compatible; MSIE 7.0; Windows NT 5.1; .NET CLR 2.0.50727; .NET CLR 1.1.4322)"
82.115.174.10 - - [16/Mar/2012:17:51:05 +0100] "GET /news.php?cs_go=archiv&cs_id=2912 HTTP/1.0" 200 22401 "-" "Mozilla/4.0 (compatible; MSIE 7.0; Windows NT 5.1; .NET CLR 2.0.50727; .NET CLR 1.1.4322)"
82.115.174.10 - - [16/Mar/2012:17:51:06 +0100] "GET /impressum.php HTTP/1.0" 200 8500 "-" "Mozilla/4.0 (compatible; MSIE 7.0; Windows NT 5.1; .NET CLR 2.0.50727; .NET CLR 1.1.4322)"
82.115.174.10 - - [16/Mar/2012:17:51:06 +0100] "GET /news.php?cs_go=archiv&cs_id=2910 HTTP/1.0" 200 22401 "-" "Mozilla/4.0 (compatible; MSIE 7.0; Windows NT 5.1; .NET CLR 2.0.50727; .NET CLR 1.1.4322)"
82.115.174.10 - - [16/Mar/2012:17:51:07 +0100] "GET /news.php?cs_go=archiv&cs_id=2911 HTTP/1.0" 200 22401 "-" "Mozilla/4.0 (compatible; MSIE 7.0; Windows NT 5.1; .NET CLR 2.0.50727; .NET CLR 1.1.4322)"
82.115.174.10 - - [16/Mar/2012:17:51:07 +0100] "GET /agb.php HTTP/1.0" 200 19709 "-" "Mozilla/4.0 (compatible; MSIE 7.0; Windows NT 5.1; .NET CLR 2.0.50727; .NET CLR 1.1.4322)"
82.115.174.10 - - [16/Mar/2012:17:51:08 +0100] "GET /news.php?cs_go=archiv&cs_id=2910&cs_search= HTTP/1.0" 200 22401 "-" "Mozilla/4.0 (compatible; MSIE 7.0; Windows NT 5.1; .NET CLR 2.0.50727; .NET CLR 1.1.4322)"
82.115.174.10 - - [16/Mar/2012:17:51:08 +0100] "GET /news.php?cs_go=archiv&cs_id=2912&cs_search= HTTP/1.0" 200 22401 "-" "Mozilla/4.0 (compatible; MSIE 7.0; Windows NT 5.1; .NET CLR 2.0.50727; .NET CLR 1.1.4322)"
66.249.72.195 - - [16/Mar/2012:17:53:15 +0100] "GET /news.php?cs_go=archiv&cs_id=2912 HTTP/1.1" 200 9701 "-" "Mozilla/5.0 (compatible; Googlebot/2.1; +http://www.google.com/bot.html)"
66.249.66.149 - - [16/Mar/2012:17:54:18 +0100] "GET /news.php?cs_go=archiv&cs_startpos=1190 HTTP/1.1" 200 22747 "-" "Mozilla/5.0 (compatible; Googlebot/2.1; +http://www.google.com/bot.html)"
66.249.72.195 - - [16/Mar/2012:18:00:56 +0100] "GET /news.php?cs_go=archiv&cs_startpos=1200 HTTP/1.1" 200 22540 "-" "Mozilla/5.0 (compatible; Googlebot/2.1; +http://www.google.com/bot.html)"
66.249.66.149 - - [16/Mar/2012:18:07:02 +0100] "GET /news.php?cs_go=archiv&cs_id=2867&cs_search= HTTP/1.1" 200 13376 "-" "Mozilla/5.0 (compatible; Googlebot/2.1; +http://www.google.com/bot.html)"
66.249.72.195 - - [16/Mar/2012:18:12:39 +0100] "GET /news.php?cs_go=archiv&cs_id=1627&cs_search= HTTP/1.1" 200 12864 "-" "Mozilla/5.0 (compatible; Googlebot/2.1; +http://www.google.com/bot.html)"
65.52.110.192 - - [16/Mar/2012:18:13:03 +0100] "GET /robots.txt HTTP/1.1" 200 177 "-" "Mozilla/5.0 (compatible; bingbot/2.0; +http://www.bing.com/bingbot.htm)"
157.55.17.193 - - [16/Mar/2012:18:14:29 +0100] "GET /index.php HTTP/1.1" 200 14884 "-" "Mozilla/5.0 (compatible; bingbot/2.0; +http://www.bing.com/bingbot.htm)"
66.249.72.195 - - [16/Mar/2012:18:15:55 +0100] "GET /news.php?cs_go=archiv&cs_id=2842&cs_search= HTTP/1.1" 200 9965 "-" "Mozilla/5.0 (compatible; Googlebot/2.1; +http://www.google.com/bot.html)"
66.249.66.149 - - [16/Mar/2012:18:19:33 +0100] "GET /news.php?cs_go=archiv&cs_id=2912&cs_search= HTTP/1.1" 200 9701 "-" "Mozilla/5.0 (compatible; Googlebot/2.1; +http://www.google.com/bot.html)"
66.249.72.195 - - [16/Mar/2012:18:24:43 +0100] "GET /news.php?cs_go=archiv&cs_id=2860&cs_search= HTTP/1.1" 200 12562 "-" "Mozilla/5.0 (compatible; Googlebot/2.1; +http://www.google.com/bot.html)"
65.52.110.192 - - [16/Mar/2012:18:24:59 +0100] "GET /index.php HTTP/1.1" 200 14884 "-" "Mozilla/5.0 (compatible; bingbot/2.0; +http://www.bing.com/bingbot.htm)"
66.249.66.149 - - [16/Mar/2012:18:31:02 +0100] "GET /news.php?cs_go=archiv&cs_id=2865&cs_search= HTTP/1.1" 200 13567 "-" "Mozilla/5.0 (compatible; Googlebot/2.1; +http://www.google.com/bot.html)"
66.249.72.195 - - [16/Mar/2012:18:36:02 +0100] "GET /news.php?cs_go=archiv&cs_id=2886&cs_search= HTTP/1.1" 200 10277 "-" "Mozilla/5.0 (compatible; Googlebot/2.1; +http://www.google.com/bot.html)"
65.36.241.79 - - [16/Mar/2012:18:39:17 +0100] "HEAD / HTTP/1.1" 200 - "-" "InternetSeer.com"
66.249.66.149 - - [16/Mar/2012:18:40:40 +0100] "GET /news.php?cs_go=archiv&cs_id=2846&cs_search= HTTP/1.1" 200 10769 "-" "Mozilla/5.0 (compatible; Googlebot/2.1; +http://www.google.com/bot.html)"
66.249.72.195 - - [16/Mar/2012:18:47:10 +0100] "GET /news.php?cs_go=archiv&cs_id=2885&cs_search= HTTP/1.1" 200 13514 "-" "Mozilla/5.0 (compatible; Googlebot/2.1; +http://www.google.com/bot.html)"
66.249.67.201 - - [16/Mar/2012:18:52:18 +0100] "GET /news.php?cs_go=archiv&cs_id=2852&cs_search= HTTP/1.1" 200 15879 "-" "Mozilla/5.0 (compatible; Googlebot/2.1; +http://www.google.com/bot.html)"
66.249.72.195 - - [16/Mar/2012:18:56:52 +0100] "GET /news.php?cs_go=archiv&cs_id=2887&cs_search= HTTP/1.1" 200 13436 "-" "Mozilla/5.0 (compatible; Googlebot/2.1; +http://www.google.com/bot.html)"
66.249.66.149 - - [16/Mar/2012:19:00:58 +0100] "GET /news.php?cs_go=archiv&cs_id=2856&cs_search= HTTP/1.1" 200 9868 "-" "Mozilla/5.0 (compatible; Googlebot/2.1; +http://www.google.com/bot.html)"
66.249.66.149 - - [16/Mar/2012:19:05:43 +0100] "GET /news.php?cs_go=archiv&cs_id=2848&cs_search= HTTP/1.1" 200 19222 "-" "Mozilla/5.0 (compatible; Googlebot/2.1; +http://www.google.com/bot.html)"
66.249.66.149 - - [16/Mar/2012:19:09:39 +0100] "GET /news.php?cs_go=archiv&cs_id=2864&cs_search= HTTP/1.1" 200 10147 "-" "Mozilla/5.0 (compatible; Googlebot/2.1; +http://www.google.com/bot.html)"
66.249.66.149 - - [16/Mar/2012:19:13:19 +0100] "GET /news.php?cs_go=archiv&cs_id=2843&cs_search= HTTP/1.1" 200 12671 "-" "Mozilla/5.0 (compatible; Googlebot/2.1; +http://www.google.com/bot.html)"
66.249.66.149 - - [16/Mar/2012:19:19:01 +0100] "GET /news.php?cs_go=archiv&cs_id=2862&cs_search= HTTP/1.1" 200 13882 "-" "Mozilla/5.0 (compatible; Googlebot/2.1; +http://www.google.com/bot.html)"
66.249.66.149 - - [16/Mar/2012:19:23:00 +0100] "GET /robots.txt HTTP/1.1" 200 177 "-" "Mozilla/5.0 (compatible; Googlebot/2.1; +http://www.google.com/bot.html)"
66.249.72.195 - - [16/Mar/2012:19:23:00 +0100] "GET /news.php?cs_go=archiv&cs_id=2858&cs_search= HTTP/1.1" 200 14125 "-" "Mozilla/5.0 (compatible; Googlebot/2.1; +http://www.google.com/bot.html)"
66.249.66.149 - - [16/Mar/2012:19:26:45 +0100] "GET /news.php?cs_go=archiv&cs_id=2890&cs_search= HTTP/1.1" 200 10109 "-" "Mozilla/5.0 (compatible; Googlebot/2.1; +http://www.google.com/bot.html)"
125.39.78.174 - - [16/Mar/2012:19:27:06 +0100] "GET /robots.txt HTTP/1.1" 200 177 "-" "Mozilla/5.0 (compatible; Baiduspider/2.0; +http://www.baidu.com/search/spider.html)"
66.249.66.149 - - [16/Mar/2012:19:32:27 +0100] "GET /news.php?cs_go=archiv&cs_id=2889&cs_search= HTTP/1.1" 200 13600 "-" "Mozilla/5.0 (compatible; Googlebot/2.1; +http://www.google.com/bot.html)"
76.72.167.164 - - [16/Mar/2012:19:34:01 +0100] "GET /robots.txt HTTP/1.0" 200 177 "-" "Mozilla/5.0 (compatible; MJ12bot/v1.4.2; http://www.majestic12.co.uk/bot.php?+)"
76.72.167.164 - - [16/Mar/2012:19:34:03 +0100] "GET / HTTP/1.0" 200 14884 "-" "Mozilla/5.0 (compatible; MJ12bot/v1.4.2; http://www.majestic12.co.uk/bot.php?+)"
66.249.66.149 - - [16/Mar/2012:19:36:16 +0100] "GET /news.php?cs_go=archiv&cs_id=2876&cs_search= HTTP/1.1" 200 10112 "-" "Mozilla/5.0 (compatible; Googlebot/2.1; +http://www.google.com/bot.html)"
66.249.66.149 - - [16/Mar/2012:19:40:57 +0100] "GET /news.php?cs_go=archiv&cs_id=2874&cs_search= HTTP/1.1" 200 13874 "-" "Mozilla/5.0 (compatible; Googlebot/2.1; +http://www.google.com/bot.html)"
66.249.66.149 - - [16/Mar/2012:19:44:54 +0100] "GET /news.php?cs_go=archiv&cs_id=2878&cs_search= HTTP/1.1" 200 13483 "-" "Mozilla/5.0 (compatible; Googlebot/2.1; +http://www.google.com/bot.html)"
66.249.66.149 - - [16/Mar/2012:19:48:46 +0100] "GET /news.php?cs_go=archiv&cs_id=2861&cs_search= HTTP/1.1" 200 13865 "-" "Mozilla/5.0 (compatible; Googlebot/2.1; +http://www.google.com/bot.html)"
66.249.66.149 - - [16/Mar/2012:19:52:15 +0100] "GET /news.php?cs_go=archiv&cs_id=2888&cs_search= HTTP/1.1" 200 10923 "-" "Mozilla/5.0 (compatible; Googlebot/2.1; +http://www.google.com/bot.html)"
66.249.66.149 - - [16/Mar/2012:19:57:10 +0100] "GET /news.php?cs_go=archiv&cs_id=2857&cs_search= HTTP/1.1" 200 11502 "-" "Mozilla/5.0 (compatible; Googlebot/2.1; +http://www.google.com/bot.html)"
66.249.66.149 - - [16/Mar/2012:20:01:12 +0100] "GET /news.php?cs_go=archiv&cs_id=2847&cs_search= HTTP/1.1" 200 11056 "-" "Mozilla/5.0 (compatible; Googlebot/2.1; +http://www.google.com/bot.html)"
66.249.66.149 - - [16/Mar/2012:20:04:52 +0100] "GET /news.php?cs_go=archiv&cs_id=2845&cs_search= HTTP/1.1" 200 10974 "-" "Mozilla/5.0 (compatible; Googlebot/2.1; +http://www.google.com/bot.html)"
66.249.66.149 - - [16/Mar/2012:20:09:35 +0100] "GET /news.php?cs_go=archiv&cs_id=2844&cs_search= HTTP/1.1" 200 10712 "-" "Mozilla/5.0 (compatible; Googlebot/2.1; +http://www.google.com/bot.html)"
66.249.66.149 - - [16/Mar/2012:20:13:50 +0100] "GET /news.php?cs_go=archiv&cs_id=2849&cs_search= HTTP/1.1" 200 13693 "-" "Mozilla/5.0 (compatible; Googlebot/2.1; +http://www.google.com/bot.html)"
66.249.66.149 - - [16/Mar/2012:20:17:39 +0100] "GET /news.php?cs_go=archiv&cs_id=2873&cs_search= HTTP/1.1" 200 15476 "-" "Mozilla/5.0 (compatible; Googlebot/2.1; +http://www.google.com/bot.html)"
66.249.66.149 - - [16/Mar/2012:20:21:01 +0100] "GET /news.php?cs_go=archiv&cs_id=2879&cs_search= HTTP/1.1" 200 13457 "-" "Mozilla/5.0 (compatible; Googlebot/2.1; +http://www.google.com/bot.html)"
66.249.66.149 - - [16/Mar/2012:20:24:05 +0100] "GET /news.php?cs_go=archiv&cs_id=2866&cs_search= HTTP/1.1" 200 10046 "-" "Mozilla/5.0 (compatible; Googlebot/2.1; +http://www.google.com/bot.html)"
66.249.66.149 - - [16/Mar/2012:20:31:00 +0100] "GET /news.php?cs_go=archiv&cs_id=2868&cs_search= HTTP/1.1" 200 10166 "-" "Mozilla/5.0 (compatible; Googlebot/2.1; +http://www.google.com/bot.html)"
66.249.66.149 - - [16/Mar/2012:20:35:05 +0100] "GET /news.php?cs_go=archiv&cs_id=2880&cs_search= HTTP/1.1" 200 10114 "-" "Mozilla/5.0 (compatible; Googlebot/2.1; +http://www.google.com/bot.html)"
66.249.66.149 - - [16/Mar/2012:20:38:53 +0100] "GET /news.php?cs_go=archiv&cs_id=2870&cs_search= HTTP/1.1" 200 10211 "-" "Mozilla/5.0 (compatible; Googlebot/2.1; +http://www.google.com/bot.html)"
66.249.72.195 - - [16/Mar/2012:20:41:53 +0100] "GET /news.php?cs_go=archiv&cs_id=2859&cs_search= HTTP/1.1" 200 9886 "-" "Mozilla/5.0 (compatible; Googlebot/2.1; +http://www.google.com/bot.html)"
93.219.14.160 - - [16/Mar/2012:20:52:13 +0100] "GET /style.css HTTP/1.1" 200 8418 "http://www.mink-gmbh.de/" "Mozilla/5.0 (Windows NT 6.1; rv:10.0.2) Gecko/20100101 Firefox/10.0.2"
93.219.14.160 - - [16/Mar/2012:20:52:13 +0100] "GET /modul.css HTTP/1.1" 200 35038 "http://www.mink-gmbh.de/" "Mozilla/5.0 (Windows NT 6.1; rv:10.0.2) Gecko/20100101 Firefox/10.0.2"
93.219.14.160 - - [16/Mar/2012:20:52:13 +0100] "GET / HTTP/1.1" 200 14884 "-" "Mozilla/5.0 (Windows NT 6.1; rv:10.0.2) Gecko/20100101 Firefox/10.0.2"
93.219.14.160 - - [16/Mar/2012:20:52:13 +0100] "GET /images/newsletter_bg.jpg HTTP/1.1" 200 33610 "http://www.mink-gmbh.de/" "Mozilla/5.0 (Windows NT 6.1; rv:10.0.2) Gecko/20100101 Firefox/10.0.2"
93.219.14.160 - - [16/Mar/2012:20:52:13 +0100] "GET /images/close.png HTTP/1.1" 200 703 "http://www.mink-gmbh.de/" "Mozilla/5.0 (Windows NT 6.1; rv:10.0.2) Gecko/20100101 Firefox/10.0.2"
93.219.14.160 - - [16/Mar/2012:20:52:13 +0100] "GET /images/newsletter.png HTTP/1.1" 304 - "http://www.mink-gmbh.de/style.css" "Mozilla/5.0 (Windows NT 6.1; rv:10.0.2) Gecko/20100101 Firefox/10.0.2"
93.219.14.160 - - [16/Mar/2012:20:52:13 +0100] "GET /images/mobil.jpg HTTP/1.1" 304 - "http://www.mink-gmbh.de/style.css" "Mozilla/5.0 (Windows NT 6.1; rv:10.0.2) Gecko/20100101 Firefox/10.0.2"
93.219.14.160 - - [16/Mar/2012:20:52:13 +0100] "GET /images/newsletter.jpg HTTP/1.1" 200 13130 "http://www.mink-gmbh.de/style.css" "Mozilla/5.0 (Windows NT 6.1; rv:10.0.2) Gecko/20100101 Firefox/10.0.2"
93.219.14.160 - - [16/Mar/2012:20:52:14 +0100] "GET /images/mail.jpg HTTP/1.1" 200 11165 "http://www.mink-gmbh.de/" "Mozilla/5.0 (Windows NT 6.1; rv:10.0.2) Gecko/20100101 Firefox/10.0.2"
93.219.14.160 - - [16/Mar/2012:20:52:14 +0100] "GET /images/freecall.jpg HTTP/1.1" 304 - "http://www.mink-gmbh.de/" "Mozilla/5.0 (Windows NT 6.1; rv:10.0.2) Gecko/20100101 Firefox/10.0.2"
93.219.14.160 - - [16/Mar/2012:20:59:45 +0100] "GET /favicon.ico HTTP/1.1" 304 - "-" "Mozilla/5.0 (Windows NT 6.1; rv:10.0.2) Gecko/20100101 Firefox/10.0.2"
66.249.72.195 - - [16/Mar/2012:21:58:19 +0100] "GET /news.php?cs_go=archiv&cs_id=2845&cs_search= HTTP/1.1" 200 10974 "-" "Mozilla/5.0 (iPhone; U; CPU iPhone OS 4_1 like Mac OS X; en-us) AppleWebKit/532.9 (KHTML, like Gecko) Version/4.0.5 Mobile/8B117 Safari/6531.22.7 (compatible; Googlebot-Mobile/2.1; +http://www.google.com/bot.html)"
208.115.113.91 - - [16/Mar/2012:22:28:05 +0100] "GET /robots.txt HTTP/1.1" 200 177 "-" "Mozilla/5.0 (compatible; Ezooms/1.0; ezooms.bot@gmail.com)"
65.36.241.79 - - [16/Mar/2012:23:16:45 +0100] "HEAD / HTTP/1.1" 200 - "-" "InternetSeer.com"
208.115.113.91 - - [16/Mar/2012:23:30:53 +0100] "GET /robots.txt HTTP/1.1" 200 177 "-" "Mozilla/5.0 (compatible; Ezooms/1.0; ezooms.bot@gmail.com)"
123.125.71.12 - - [16/Mar/2012:23:31:41 +0100] "GET / HTTP/1.1" 200 9784 "-" "Mozilla/5.0 (compatible; Baiduspider/2.0; +http://www.baidu.com/search/spider.html)"
220.181.108.89 - - [16/Mar/2012:23:32:17 +0100] "GET / HTTP/1.1" 200 8230 "-" "Mozilla/5.0 (compatible; Baiduspider/2.0; +http://www.baidu.com/search/spider.html)"
125.39.78.167 - - [17/Mar/2012:00:04:54 +0100] "GET /robots.txt HTTP/1.1" 200 177 "-" "Mozilla/5.0 (compatible; Baiduspider/2.0; +http://www.baidu.com/search/spider.html)"
46.4.125.109 - - [17/Mar/2012:00:08:28 +0100] "GET /robots.txt HTTP/1.1" 200 177 "-" "Pixray-Seeker/1.1 (Pixray-Seeker; http://www.pixray.com/pixraybot; crawler@pixray.com)"
46.4.125.109 - - [17/Mar/2012:00:08:28 +0100] "GET /news.php?cs_go=archiv&cs_startpos=1210 HTTP/1.1" 200 14057 "-" "Pixray-Seeker/1.1 (Pixray-Seeker; http://www.pixray.com/pixraybot; crawler@pixray.com)"
46.4.125.109 - - [17/Mar/2012:00:08:44 +0100] "GET /news.php?cs_go=archiv&cs_id=2617&cs_search= HTTP/1.1" 200 10291 "-" "Pixray-Seeker/1.1 (Pixray-Seeker; http://www.pixray.com/pixraybot; crawler@pixray.com)"
65.52.109.26 - - [17/Mar/2012:00:09:01 +0100] "GET /edl.php HTTP/1.1" 200 10732 "-" "Mozilla/5.0 (compatible; bingbot/2.0; +http://www.bing.com/bingbot.htm)"
46.4.125.109 - - [17/Mar/2012:00:09:18 +0100] "GET /images/mail.jpg HTTP/1.1" 200 11165 "-" "Pixray-Seeker/1.1 (Pixray-Seeker; http://www.pixray.com/pixraybot; crawler@pixray.com)"
46.4.125.109 - - [17/Mar/2012:00:13:24 +0100] "GET /news.php?cs_go=archiv&cs_id=2614&cs_search= HTTP/1.1" 200 13551 "-" "Pixray-Seeker/1.1 (Pixray-Seeker; http://www.pixray.com/pixraybot; crawler@pixray.com)"
208.115.113.91 - - [17/Mar/2012:00:32:54 +0100] "GET /news.php?cs_go=archiv&cs_id=2654&cs_search= HTTP/1.1" 200 13357 "-" "Mozilla/5.0 (compatible; Ezooms/1.0; ezooms.bot@gmail.com)"
208.115.111.75 - - [17/Mar/2012:00:42:20 +0100] "GET /robots.txt HTTP/1.1" 200 177 "-" "Mozilla/5.0 (compatible; Ezooms/1.0; ezooms.bot@gmail.com)"
76.72.167.164 - - [17/Mar/2012:00:53:59 +0100] "GET /robots.txt HTTP/1.0" 200 177 "-" "Mozilla/5.0 (compatible; MJ12bot/v1.4.2; http://www.majestic12.co.uk/bot.php?+)"
76.72.167.164 - - [17/Mar/2012:00:54:01 +0100] "GET / HTTP/1.0" 200 14884 "-" "Mozilla/5.0 (compatible; MJ12bot/v1.4.2; http://www.majestic12.co.uk/bot.php?+)"
123.125.71.104 - - [17/Mar/2012:02:43:17 +0100] "GET / HTTP/1.1" 200 14884 "-" "Mozilla/5.0 (compatible; Baiduspider/2.0; +http://www.baidu.com/search/spider.html)"
123.125.71.92 - - [17/Mar/2012:02:43:26 +0100] "GET /news.php?cs_go=archiv&cs_id=2912 HTTP/1.1" 200 9701 "-" "Mozilla/5.0 (compatible; Baiduspider/2.0; +http://www.baidu.com/search/spider.html)"
123.125.71.109 - - [17/Mar/2012:02:43:26 +0100] "GET /news.php?cs_go=archiv&cs_id=2911 HTTP/1.1" 200 13781 "-" "Mozilla/5.0 (compatible; Baiduspider/2.0; +http://www.baidu.com/search/spider.html)"
123.125.71.28 - - [17/Mar/2012:02:43:30 +0100] "GET /news.php HTTP/1.1" 200 22401 "-" "Mozilla/5.0 (compatible; Baiduspider/2.0; +http://www.baidu.com/search/spider.html)"
123.125.71.30 - - [17/Mar/2012:02:43:33 +0100] "GET /news.php?cs_go=archiv&cs_id=2910 HTTP/1.1" 200 10719 "-" "Mozilla/5.0 (compatible; Baiduspider/2.0; +http://www.baidu.com/search/spider.html)"
123.125.71.73 - - [17/Mar/2012:02:43:35 +0100] "GET /news.php?cs_go=archiv&cs_id=2916 HTTP/1.1" 200 13355 "-" "Mozilla/5.0 (compatible; Baiduspider/2.0; +http://www.baidu.com/search/spider.html)"
208.115.111.75 - - [17/Mar/2012:03:02:30 +0100] "GET /news.php?cs_go=archiv&cs_id=1627&cs_search= HTTP/1.1" 200 12864 "-" "Mozilla/5.0 (compatible; Ezooms/1.0; ezooms.bot@gmail.com)"
66.249.66.149 - - [17/Mar/2012:03:21:36 +0100] "GET /news.php HTTP/1.1" 200 22401 "-" "Mozilla/5.0 (compatible; Googlebot/2.1; +http://www.google.com/bot.html)"
88.198.65.99 - - [17/Mar/2012:03:22:12 +0100] "GET /robots.txt HTTP/1.1" 200 177 "-" "Pixray-Seeker/1.1 (Pixray-Seeker; http://www.pixray.com/pixraybot; crawler@pixray.com)"
88.198.65.99 - - [17/Mar/2012:03:22:12 +0100] "GET /news.php?cs_go=archiv&cs_startpos=251 HTTP/1.1" 200 22829 "-" "Pixray-Seeker/1.1 (Pixray-Seeker; http://www.pixray.com/pixraybot; crawler@pixray.com)"
88.198.65.99 - - [17/Mar/2012:03:31:50 +0100] "GET /news.php?cs_go=archiv&cs_startpos=310 HTTP/1.1" 200 23103 "-" "Pixray-Seeker/1.1 (Pixray-Seeker; http://www.pixray.com/pixraybot; crawler@pixray.com)"
123.125.71.29 - - [17/Mar/2012:03:32:20 +0100] "GET / HTTP/1.1" 200 12870 "-" "Mozilla/5.0 (compatible; Baiduspider/2.0; +http://www.baidu.com/search/spider.html)"
220.181.108.77 - - [17/Mar/2012:03:32:55 +0100] "GET / HTTP/1.1" 200 8230 "-" "Mozilla/5.0 (compatible; Baiduspider/2.0; +http://www.baidu.com/search/spider.html)"
88.198.65.99 - - [17/Mar/2012:03:33:15 +0100] "GET /newsletter.php HTTP/1.1" 200 8752 "-" "Pixray-Seeker/1.1 (Pixray-Seeker; http://www.pixray.com/pixraybot; crawler@pixray.com)"
65.36.241.79 - - [17/Mar/2012:03:51:46 +0100] "HEAD / HTTP/1.1" 200 - "-" "InternetSeer.com"
130.83.167.153 - - [17/Mar/2012:04:00:32 +0100] "GET /robots.txt HTTP/1.1" 200 177 "-" "findlinks/2.1.5 (+http://wortschatz.uni-leipzig.de/findlinks/)"
76.72.167.164 - - [17/Mar/2012:04:30:39 +0100] "GET /robots.txt HTTP/1.0" 200 177 "-" "Mozilla/5.0 (compatible; MJ12bot/v1.4.2; http://www.majestic12.co.uk/bot.php?+)"
76.72.167.164 - - [17/Mar/2012:04:30:42 +0100] "GET /agb.php HTTP/1.0" 200 19709 "-" "Mozilla/5.0 (compatible; MJ12bot/v1.4.2; http://www.majestic12.co.uk/bot.php?+)"
76.72.167.164 - - [17/Mar/2012:04:30:44 +0100] "GET /news.php?cs_go=archiv&cs_id=2678 HTTP/1.0" 200 9971 "-" "Mozilla/5.0 (compatible; MJ12bot/v1.4.2; http://www.majestic12.co.uk/bot.php?+)"
76.72.167.164 - - [17/Mar/2012:04:30:45 +0100] "GET /news.php?cs_go=archiv&cs_id=2679 HTTP/1.0" 200 10667 "-" "Mozilla/5.0 (compatible; MJ12bot/v1.4.2; http://www.majestic12.co.uk/bot.php?+)"
76.72.167.164 - - [17/Mar/2012:04:30:49 +0100] "GET /news.php?cs_go=archiv&cs_id=2680 HTTP/1.0" 200 13613 "-" "Mozilla/5.0 (compatible; MJ12bot/v1.4.2; http://www.majestic12.co.uk/bot.php?+)"
76.72.167.164 - - [17/Mar/2012:04:30:55 +0100] "GET /news.php?cs_go=archiv&cs_id=2681 HTTP/1.0" 200 10154 "-" "Mozilla/5.0 (compatible; MJ12bot/v1.4.2; http://www.majestic12.co.uk/bot.php?+)"
76.72.167.164 - - [17/Mar/2012:04:30:58 +0100] "GET /news.php?cs_go=archiv&cs_id=2682 HTTP/1.0" 200 10584 "-" "Mozilla/5.0 (compatible; MJ12bot/v1.4.2; http://www.majestic12.co.uk/bot.php?+)"
76.72.167.164 - - [17/Mar/2012:04:31:00 +0100] "GET /news.php?cs_go=archiv&cs_id=2683 HTTP/1.0" 200 13555 "-" "Mozilla/5.0 (compatible; MJ12bot/v1.4.2; http://www.majestic12.co.uk/bot.php?+)"
76.72.167.164 - - [17/Mar/2012:04:31:02 +0100] "GET /news.php?cs_go=archiv&cs_id=2684 HTTP/1.0" 200 10001 "-" "Mozilla/5.0 (compatible; MJ12bot/v1.4.2; http://www.majestic12.co.uk/bot.php?+)"
76.72.167.164 - - [17/Mar/2012:04:31:05 +0100] "GET /news.php?cs_go=archiv&cs_id=2685 HTTP/1.0" 200 9646 "-" "Mozilla/5.0 (compatible; MJ12bot/v1.4.2; http://www.majestic12.co.uk/bot.php?+)"
76.72.167.164 - - [17/Mar/2012:04:31:10 +0100] "GET /news.php?cs_go=archiv&cs_id=2686 HTTP/1.0" 200 10124 "-" "Mozilla/5.0 (compatible; MJ12bot/v1.4.2; http://www.majestic12.co.uk/bot.php?+)"
76.72.167.164 - - [17/Mar/2012:04:31:13 +0100] "GET /news.php?cs_go=archiv&cs_id=2687 HTTP/1.0" 200 10244 "-" "Mozilla/5.0 (compatible; MJ12bot/v1.4.2; http://www.majestic12.co.uk/bot.php?+)"
76.72.167.164 - - [17/Mar/2012:04:31:17 +0100] "GET /news.php?cs_go=archiv&cs_id=2688 HTTP/1.0" 200 13852 "-" "Mozilla/5.0 (compatible; MJ12bot/v1.4.2; http://www.majestic12.co.uk/bot.php?+)"
76.72.167.164 - - [17/Mar/2012:04:31:19 +0100] "GET /news.php?cs_go=archiv&cs_id=2689 HTTP/1.0" 200 10303 "-" "Mozilla/5.0 (compatible; MJ12bot/v1.4.2; http://www.majestic12.co.uk/bot.php?+)"
76.72.167.164 - - [17/Mar/2012:04:31:21 +0100] "GET /news.php?cs_go=archiv&cs_id=2690 HTTP/1.0" 200 10405 "-" "Mozilla/5.0 (compatible; MJ12bot/v1.4.2; http://www.majestic12.co.uk/bot.php?+)"
76.72.167.164 - - [17/Mar/2012:04:31:24 +0100] "GET /news.php?cs_go=archiv&cs_id=2691 HTTP/1.0" 200 13867 "-" "Mozilla/5.0 (compatible; MJ12bot/v1.4.2; http://www.majestic12.co.uk/bot.php?+)"
125.39.78.175 - - [17/Mar/2012:04:42:42 +0100] "GET /robots.txt HTTP/1.1" 200 177 "-" "Mozilla/5.0 (compatible; Baiduspider/2.0; +http://www.baidu.com/search/spider.html)"
207.46.204.240 - - [17/Mar/2012:06:08:59 +0100] "GET / HTTP/1.1" 200 14884 "-" "Mozilla/5.0 (compatible; bingbot/2.0; +http://www.bing.com/bingbot.htm)"
208.115.113.91 - - [17/Mar/2012:06:26:58 +0100] "GET /robots.txt HTTP/1.1" 200 177 "-" "Mozilla/5.0 (compatible; Ezooms/1.0; ezooms.bot@gmail.com)"
95.108.128.242 - - [17/Mar/2012:06:35:46 +0100] "GET /robots.txt HTTP/1.1" 200 177 "-" "Mozilla/5.0 (compatible; YandexBot/3.0; +http://yandex.com/bots)"
46.4.79.75 - - [17/Mar/2012:06:39:20 +0100] "GET /foerdermittel.php HTTP/1.1" 200 12853 "-" "Mozilla/5.0 (Windows NT 5.1) AppleWebKit/535.1 (KHTML, like Gecko) Chrome/13.0.782.107 Safari/535.1"
176.9.66.13 - - [17/Mar/2012:06:52:48 +0100] "GET /foerdermittel.php HTTP/1.1" 200 12853 "-" "Mozilla/5.0 (Windows NT 5.1) AppleWebKit/535.1 (KHTML, like Gecko) Chrome/13.0.782.107 Safari/535.1"
66.249.66.149 - - [17/Mar/2012:07:13:24 +0100] "GET /news.php?cs_go=archiv&cs_id=2880 HTTP/1.1" 200 10114 "-" "Mozilla/5.0 (compatible; Googlebot/2.1; +http://www.google.com/bot.html)"
123.125.71.36 - - [17/Mar/2012:07:34:36 +0100] "GET / HTTP/1.1" 200 12870 "-" "Mozilla/5.0 (compatible; Baiduspider/2.0; +http://www.baidu.com/search/spider.html)"
220.181.108.89 - - [17/Mar/2012:07:35:15 +0100] "GET / HTTP/1.1" 200 8230 "-" "Mozilla/5.0 (compatible; Baiduspider/2.0; +http://www.baidu.com/search/spider.html)"
208.115.113.91 - - [17/Mar/2012:07:35:49 +0100] "GET /news.php?cs_go=archiv&cs_id=2717&cs_search= HTTP/1.1" 200 10198 "-" "Mozilla/5.0 (compatible; Ezooms/1.0; ezooms.bot@gmail.com)"
89.247.47.212 - - [17/Mar/2012:08:14:49 +0100] "GET /style.css HTTP/1.1" 304 - "http://www.mink-gmbh.de/index.php" "Mozilla/5.0 (Windows NT 6.1; rv:10.0.2) Gecko/20100101 Firefox/10.0.2"
89.247.47.212 - - [17/Mar/2012:08:14:49 +0100] "GET /modul.css HTTP/1.1" 304 - "http://www.mink-gmbh.de/index.php" "Mozilla/5.0 (Windows NT 6.1; rv:10.0.2) Gecko/20100101 Firefox/10.0.2"
89.247.47.212 - - [17/Mar/2012:08:14:49 +0100] "GET /index.php HTTP/1.1" 200 14884 "-" "Mozilla/5.0 (Windows NT 6.1; rv:10.0.2) Gecko/20100101 Firefox/10.0.2"
89.247.47.212 - - [17/Mar/2012:08:14:50 +0100] "GET /images/mail.jpg HTTP/1.1" 304 - "http://www.mink-gmbh.de/index.php" "Mozilla/5.0 (Windows NT 6.1; rv:10.0.2) Gecko/20100101 Firefox/10.0.2"
89.247.47.212 - - [17/Mar/2012:08:14:50 +0100] "GET /images/close.png HTTP/1.1" 304 - "http://www.mink-gmbh.de/index.php" "Mozilla/5.0 (Windows NT 6.1; rv:10.0.2) Gecko/20100101 Firefox/10.0.2"
89.247.47.212 - - [17/Mar/2012:08:14:50 +0100] "GET /images/newsletter_bg.jpg HTTP/1.1" 304 - "http://www.mink-gmbh.de/index.php" "Mozilla/5.0 (Windows NT 6.1; rv:10.0.2) Gecko/20100101 Firefox/10.0.2"
89.247.47.212 - - [17/Mar/2012:08:14:50 +0100] "GET /images/newsletter.png HTTP/1.1" 304 - "http://www.mink-gmbh.de/style.css" "Mozilla/5.0 (Windows NT 6.1; rv:10.0.2) Gecko/20100101 Firefox/10.0.2"
89.247.47.212 - - [17/Mar/2012:08:14:50 +0100] "GET /images/newsletter.jpg HTTP/1.1" 304 - "http://www.mink-gmbh.de/style.css" "Mozilla/5.0 (Windows NT 6.1; rv:10.0.2) Gecko/20100101 Firefox/10.0.2"
66.249.66.149 - - [17/Mar/2012:08:16:55 +0100] "GET /news.php?cs_go=archiv&cs_id=2849 HTTP/1.1" 200 13693 "-" "Mozilla/5.0 (compatible; Googlebot/2.1; +http://www.google.com/bot.html)"
66.249.72.195 - - [17/Mar/2012:08:51:42 +0100] "GET /news.php HTTP/1.1" 200 22401 "-" "Mozilla/5.0 (iPhone; U; CPU iPhone OS 4_1 like Mac OS X; en-us) AppleWebKit/532.9 (KHTML, like Gecko) Version/4.0.5 Mobile/8B117 Safari/6531.22.7 (compatible; Googlebot-Mobile/2.1; +http://www.google.com/bot.html)"
