176.9.66.13 - - [04/Mar/2012:19:23:33 +0100] "GET /wunschpreis.php HTTP/1.1" 200 9061 "-" "Mozilla/5.0 (Windows NT 5.1) AppleWebKit/535.1 (KHTML, like Gecko) Chrome/13.0.782.107 Safari/535.1"
79.214.54.196 - - [04/Mar/2012:19:47:31 +0100] "GET / HTTP/1.1" 200 12045 "-" "Mozilla/5.0 (Windows NT 6.1; rv:9.0.1) Gecko/20100101 Firefox/9.0.1"
79.214.54.196 - - [04/Mar/2012:19:47:32 +0100] "GET /js_contentserver24_greybox/gb_styles.css HTTP/1.1" 304 - "http://www.mink-gmbh.de/" "Mozilla/5.0 (Windows NT 6.1; rv:9.0.1) Gecko/20100101 Firefox/9.0.1"
79.214.54.196 - - [04/Mar/2012:19:47:32 +0100] "GET /js_contentserver24_greybox/AJS.js HTTP/1.1" 304 - "http://www.mink-gmbh.de/" "Mozilla/5.0 (Windows NT 6.1; rv:9.0.1) Gecko/20100101 Firefox/9.0.1"
79.214.54.196 - - [04/Mar/2012:19:47:33 +0100] "GET /js_contentserver24_greybox/gb_scripts.js HTTP/1.1" 304 - "http://www.mink-gmbh.de/" "Mozilla/5.0 (Windows NT 6.1; rv:9.0.1) Gecko/20100101 Firefox/9.0.1"
79.214.54.196 - - [04/Mar/2012:19:47:33 +0100] "GET /js_contentserver24_greybox/AJS_fx.js HTTP/1.1" 304 - "http://www.mink-gmbh.de/" "Mozilla/5.0 (Windows NT 6.1; rv:9.0.1) Gecko/20100101 Firefox/9.0.1"
79.214.54.196 - - [04/Mar/2012:19:47:33 +0100] "GET /js_contentserver24_greybox/w_close.gif HTTP/1.1" 304 - "http://www.mink-gmbh.de/" "Mozilla/5.0 (Windows NT 6.1; rv:9.0.1) Gecko/20100101 Firefox/9.0.1"
79.214.54.196 - - [04/Mar/2012:19:47:33 +0100] "GET /js_contentserver24_greybox/header_bg.gif HTTP/1.1" 304 - "http://www.mink-gmbh.de/" "Mozilla/5.0 (Windows NT 6.1; rv:9.0.1) Gecko/20100101 Firefox/9.0.1"
79.214.54.196 - - [04/Mar/2012:19:47:33 +0100] "GET /js_contentserver24_greybox/g_close.gif HTTP/1.1" 304 - "http://www.mink-gmbh.de/" "Mozilla/5.0 (Windows NT 6.1; rv:9.0.1) Gecko/20100101 Firefox/9.0.1"
79.214.54.196 - - [04/Mar/2012:19:47:33 +0100] "GET /js_contentserver24_greybox/indicator.gif HTTP/1.1" 304 - "http://www.mink-gmbh.de/" "Mozilla/5.0 (Windows NT 6.1; rv:9.0.1) Gecko/20100101 Firefox/9.0.1"
79.214.54.196 - - [04/Mar/2012:19:47:33 +0100] "GET /js_contentserver24_greybox/loader_frame.html?s=0 HTTP/1.1" 304 - "http://www.mink-gmbh.de/" "Mozilla/5.0 (Windows NT 6.1; rv:9.0.1) Gecko/20100101 Firefox/9.0.1"
207.46.199.37 - - [04/Mar/2012:19:53:47 +0100] "GET /standard.php HTTP/1.1" 200 6198 "-" "Mozilla/5.0 (compatible; bingbot/2.0; +http://www.bing.com/bingbot.htm)"
123.125.71.50 - - [04/Mar/2012:20:02:40 +0100] "GET /robots.txt HTTP/1.1" 200 177 "-" "Mozilla/5.0 (compatible; Baiduspider/2.0; +http://www.baidu.com/search/spider.html)"
65.36.241.79 - - [04/Mar/2012:20:34:37 +0100] "HEAD / HTTP/1.1" 200 - "-" "InternetSeer.com"
123.125.71.14 - - [04/Mar/2012:20:37:22 +0100] "GET / HTTP/1.1" 200 5913 "-" "Mozilla/5.0 (compatible; Baiduspider/2.0; +http://www.baidu.com/search/spider.html)"
220.181.108.75 - - [04/Mar/2012:20:37:39 +0100] "GET / HTTP/1.1" 200 5913 "-" "Mozilla/5.0 (compatible; Baiduspider/2.0; +http://www.baidu.com/search/spider.html)"
66.249.66.19 - - [04/Mar/2012:21:18:24 +0100] "GET /news.php?cs_go=archiv&cs_startpos=50 HTTP/1.1" 200 19823 "-" "Mozilla/5.0 (iPhone; U; CPU iPhone OS 4_1 like Mac OS X; en-us) AppleWebKit/532.9 (KHTML, like Gecko) Version/4.0.5 Mobile/8B117 Safari/6531.22.7 (compatible; Googlebot-Mobile/2.1; +http://www.google.com/bot.html)"
46.4.79.74 - - [04/Mar/2012:22:20:23 +0100] "GET /impressum.php HTTP/1.1" 200 5549 "-" "Mozilla/5.0 (Windows NT 5.1) AppleWebKit/535.1 (KHTML, like Gecko) Chrome/13.0.782.107 Safari/535.1"
208.115.113.91 - - [04/Mar/2012:22:22:45 +0100] "GET /robots.txt HTTP/1.1" 200 177 "-" "Mozilla/5.0 (compatible; Ezooms/1.0; ezooms.bot@gmail.com)"
78.46.102.248 - - [04/Mar/2012:22:32:48 +0100] "GET /impressum.php HTTP/1.1" 200 5549 "-" "Mozilla/5.0 (Windows NT 5.1) AppleWebKit/535.1 (KHTML, like Gecko) Chrome/13.0.782.107 Safari/535.1"
81.209.177.145 - - [04/Mar/2012:22:56:30 +0100] "GET /robots.txt HTTP/1.1" 200 177 "-" "netEstate NE Crawler (+http://www.sengine.info/)"
81.209.177.145 - - [04/Mar/2012:22:56:30 +0100] "GET / HTTP/1.1" 200 12045 "-" "netEstate NE Crawler (+http://www.sengine.info/)"
78.46.97.118 - - [04/Mar/2012:23:23:48 +0100] "GET /kontakt.php HTTP/1.1" 200 6181 "-" "Mozilla/5.0 (Windows NT 5.1) AppleWebKit/535.1 (KHTML, like Gecko) Chrome/13.0.782.107 Safari/535.1"
65.36.241.79 - - [05/Mar/2012:00:56:38 +0100] "HEAD / HTTP/1.1" 200 - "-" "InternetSeer.com"
207.46.199.37 - - [05/Mar/2012:01:05:38 +0100] "GET / HTTP/1.1" 200 12044 "-" "Mozilla/5.0 (compatible; bingbot/2.0; +http://www.bing.com/bingbot.htm)"
85.13.129.157 - - [05/Mar/2012:01:06:11 +0100] "HEAD / HTTP/1.1" 200 - "-" "-"
220.181.108.81 - - [05/Mar/2012:01:34:55 +0100] "GET / HTTP/1.1" 200 10158 "-" "Mozilla/5.0 (compatible; Baiduspider/2.0; +http://www.baidu.com/search/spider.html)"
123.125.71.25 - - [05/Mar/2012:01:36:06 +0100] "GET / HTTP/1.1" 200 5913 "-" "Mozilla/5.0 (compatible; Baiduspider/2.0; +http://www.baidu.com/search/spider.html)"
66.249.72.143 - - [05/Mar/2012:02:18:57 +0100] "GET / HTTP/1.1" 200 12044 "-" "Mozilla/5.0 (compatible; Googlebot/2.1; +http://www.google.com/bot.html)"
66.249.66.19 - - [05/Mar/2012:02:30:19 +0100] "GET /news.php HTTP/1.1" 200 19139 "-" "Mozilla/5.0 (compatible; Googlebot/2.1; +http://www.google.com/bot.html)"
95.108.128.242 - - [05/Mar/2012:04:11:39 +0100] "GET /robots.txt HTTP/1.1" 200 177 "-" "Mozilla/5.0 (compatible; YandexBot/3.0; +http://yandex.com/bots)"
65.36.241.79 - - [05/Mar/2012:05:25:01 +0100] "HEAD / HTTP/1.1" 200 - "-" "InternetSeer.com"
178.33.227.56 - - [05/Mar/2012:06:54:23 +0100] "GET / HTTP/1.1" 200 12044 "-" "Mozilla/4.0 (compatible; MSIE 6.0; Windows NT 5.2; .NET CLR 1.0.3705;)"
66.249.66.19 - - [05/Mar/2012:07:13:40 +0100] "GET /robots.txt HTTP/1.1" 200 177 "-" "Mozilla/5.0 (compatible; Googlebot/2.1; +http://www.google.com/bot.html)"
66.249.66.19 - - [05/Mar/2012:07:13:40 +0100] "GET /news.php HTTP/1.1" 200 19139 "-" "Mozilla/5.0 (iPhone; U; CPU iPhone OS 4_1 like Mac OS X; en-us) AppleWebKit/532.9 (KHTML, like Gecko) Version/4.0.5 Mobile/8B117 Safari/6531.22.7 (compatible; Googlebot-Mobile/2.1; +http://www.google.com/bot.html)"
66.249.72.143 - - [05/Mar/2012:07:15:14 +0100] "GET /news.php?cs_go=archiv&cs_id=2872 HTTP/1.1" 200 7170 "-" "Mozilla/5.0 (compatible; Googlebot/2.1; +http://www.google.com/bot.html)"
207.46.204.234 - - [05/Mar/2012:07:37:19 +0100] "GET /robots.txt HTTP/1.1" 200 177 "-" "Mozilla/5.0 (compatible; bingbot/2.0; +http://www.bing.com/bingbot.htm)"
207.46.204.234 - - [05/Mar/2012:07:37:32 +0100] "GET / HTTP/1.1" 200 12060 "-" "Mozilla/5.0 (compatible; bingbot/2.0; +http://www.bing.com/bingbot.htm)"
208.115.113.91 - - [05/Mar/2012:07:44:15 +0100] "GET /robots.txt HTTP/1.1" 200 177 "-" "Mozilla/5.0 (compatible; Ezooms/1.0; ezooms.bot@gmail.com)"
217.7.206.103 - - [05/Mar/2012:07:56:00 +0100] "GET / HTTP/1.1" 200 12060 "http://www.gelbeseiten.de/yp/122/subscriberlist_search.yp?sessionDataString=H4sIAAAAAAAAAFWOTU%2FCYBCEf02PJfvxfjVzMiSIByPRRI%2FmLV2kBgHbBoVfL0LAuKedzczsw6LicjPXUoLVpbNAZW3myqSNkMaqNtKyTl4aiwIRaCGTfsjd0Fs72FHcPr3-paVT7LcLU2kMxCStDnm2GvskfcEendW9Wr9t-p1faX5L8T0tDlxnrL3XyJhhmDF034vJS8s5B3dBps2DlsSRU7jpI44ot9Ohrw7WWklaeo2LOOSKskAQfGzfIKNiXcdbayXV4fcM-pBK3HklITwEKIGzAiPfHo0vqYKvTYUcYxnxcvJUsj4jPC7nBniObuogjiO6h1-pAPXFL%2FhrAQAA&at=yp&kindOfSearch=tradesearch&subject=Heiz%F6le&location=Berlin&radial_check=on&distance=10000&execute=Suchen&sort=relevanz&sort=relevanz&suggest_choose=on¬iceName=Name+des+Merkzettels&saveNotice=%3CSPAN%3E%3CSPAN%3ESpeichern%3C%2FSPAN%3E%3C%2FSPAN%3E¬iceTargetUrl=http%3A%2F%2Fwww.gelbeseiten.de%2Fyp%2F11%2Fmeinegelbeseiten%2FajaxSpeicherMerkzettel.yp%3FsessionDataString%3DH4sIAAAAAAAAAFWOTU%2FCYBCEf02PJfvxfjVzMiSIByPRRI%2FmLV2kBgHbBoVfL0LAuKedzczsw6LicjPXUoLVpbNAZW3myqSNkMaqNtKyTl4aiwIRaCGTfsjd0Fs72FHcPr3-paVT7LcLU2kMxCStDnm2GvskfcEendW9Wr9t-p1faX5L8T0tDlxnrL3XyJhhmDF034vJS8s5B3dBps2DlsSRU7jpI44ot9Ohrw7WWklaeo2LOOSKskAQfGzfIKNiXcdbayXV4fcM-pBK3HklITwEKIGzAiPfHo0vqYKvTYUcYxnxcvJUsj4jPC7nBniObuogjiO6h1-pAPXFL%2FhrAQAA&x=36&y=8&rz=122" "Mozilla/4.0 (compatible; MSIE 8.0; Windows NT 5.1; Trident/4.0; .NET CLR 1.1.4322; .NET CLR 2.0.50727; .NET CLR 3.0.4506.2152; .NET CLR 3.5.30729; tb-webde/1.7.0)"
207.46.13.117 - - [05/Mar/2012:08:11:07 +0100] "GET /impressum.php HTTP/1.1" 200 5549 "-" "Mozilla/5.0 (compatible; bingbot/2.0; +http://www.bing.com/bingbot.htm)"
46.165.197.141 - - [05/Mar/2012:08:24:28 +0100] "GET /robots.txt HTTP/1.0" 200 177 "-" "Mozilla/5.0 (compatible; MJ12bot/v1.4.2; http://www.majestic12.co.uk/bot.php?+)"
46.165.197.141 - - [05/Mar/2012:08:24:29 +0100] "GET /Heizoel-Berlin.htm HTTP/1.0" 404 - "-" "Mozilla/5.0 (compatible; MJ12bot/v1.4.2; http://www.majestic12.co.uk/bot.php?+)"
46.165.197.141 - - [05/Mar/2012:08:24:31 +0100] "GET /seiten/datenschutz.php HTTP/1.0" 404 - "-" "Mozilla/5.0 (compatible; MJ12bot/v1.4.2; http://www.majestic12.co.uk/bot.php?+)"
46.165.197.141 - - [05/Mar/2012:08:24:33 +0100] "GET /seiten/kontakt.php HTTP/1.0" 404 - "-" "Mozilla/5.0 (compatible; MJ12bot/v1.4.2; http://www.majestic12.co.uk/bot.php?+)"
46.165.197.141 - - [05/Mar/2012:08:24:34 +0100] "GET /seiten/produkte_hzoel.php HTTP/1.0" 404 - "-" "Mozilla/5.0 (compatible; MJ12bot/v1.4.2; http://www.majestic12.co.uk/bot.php?+)"
95.108.128.242 - - [05/Mar/2012:08:41:31 +0100] "GET /news.php HTTP/1.1" 200 19164 "-" "Mozilla/5.0 (compatible; YandexBot/3.0; +http://yandex.com/bots)"
208.115.113.91 - - [05/Mar/2012:09:01:31 +0100] "GET /news.php?cs_go=archiv&cs_id=2743&cs_search= HTTP/1.1" 200 9169 "-" "Mozilla/5.0 (compatible; Ezooms/1.0; ezooms.bot@gmail.com)"
95.108.128.242 - - [05/Mar/2012:09:38:26 +0100] "GET /optiplus.php HTTP/1.1" 200 8059 "-" "Mozilla/5.0 (compatible; YandexBot/3.0; +http://yandex.com/bots)"
123.125.71.108 - - [05/Mar/2012:10:15:48 +0100] "GET /modul.css HTTP/1.1" 200 35038 "-" "Mozilla/5.0 (compatible; Baiduspider/2.0; +http://www.baidu.com/search/spider.html)"
89.247.93.43 - - [05/Mar/2012:10:19:13 +0100] "GET /style.css HTTP/1.1" 200 7564 "http://www.mink-gmbh.de/index.php" "Mozilla/5.0 (Windows NT 6.1; rv:10.0.2) Gecko/20100101 Firefox/10.0.2"
89.247.93.43 - - [05/Mar/2012:10:19:13 +0100] "GET /modul.css HTTP/1.1" 200 35038 "http://www.mink-gmbh.de/index.php" "Mozilla/5.0 (Windows NT 6.1; rv:10.0.2) Gecko/20100101 Firefox/10.0.2"
89.247.93.43 - - [05/Mar/2012:10:19:13 +0100] "GET /favicon.ico HTTP/1.1" 200 3638 "-" "Mozilla/5.0 (Windows NT 6.1; rv:10.0.2) Gecko/20100101 Firefox/10.0.2"
89.247.93.43 - - [05/Mar/2012:10:19:13 +0100] "GET /js_contentserver24_greybox/gb_styles.css HTTP/1.1" 200 2302 "http://www.mink-gmbh.de/index.php" "Mozilla/5.0 (Windows NT 6.1; rv:10.0.2) Gecko/20100101 Firefox/10.0.2"
89.247.93.43 - - [05/Mar/2012:10:19:13 +0100] "GET /js_contentserver24_greybox/AJS.js HTTP/1.1" 200 10396 "http://www.mink-gmbh.de/index.php" "Mozilla/5.0 (Windows NT 6.1; rv:10.0.2) Gecko/20100101 Firefox/10.0.2"
89.247.93.43 - - [05/Mar/2012:10:19:13 +0100] "GET /js_contentserver24_greybox/AJS_fx.js HTTP/1.1" 200 3192 "http://www.mink-gmbh.de/index.php" "Mozilla/5.0 (Windows NT 6.1; rv:10.0.2) Gecko/20100101 Firefox/10.0.2"
89.247.93.43 - - [05/Mar/2012:10:19:13 +0100] "GET /js_contentserver24_greybox/gb_scripts.js HTTP/1.1" 200 11913 "http://www.mink-gmbh.de/index.php" "Mozilla/5.0 (Windows NT 6.1; rv:10.0.2) Gecko/20100101 Firefox/10.0.2"
89.247.93.43 - - [05/Mar/2012:10:19:13 +0100] "GET /images/tkw.jpg HTTP/1.1" 200 64031 "http://www.mink-gmbh.de/index.php" "Mozilla/5.0 (Windows NT 6.1; rv:10.0.2) Gecko/20100101 Firefox/10.0.2"
89.247.93.43 - - [05/Mar/2012:10:19:13 +0100] "GET /js_contentserver24_greybox/w_close.gif HTTP/1.1" 200 74 "http://www.mink-gmbh.de/index.php" "Mozilla/5.0 (Windows NT 6.1; rv:10.0.2) Gecko/20100101 Firefox/10.0.2"
89.247.93.43 - - [05/Mar/2012:10:19:13 +0100] "GET /images/bg.jpg HTTP/1.1" 200 345 "http://www.mink-gmbh.de/style.css" "Mozilla/5.0 (Windows NT 6.1; rv:10.0.2) Gecko/20100101 Firefox/10.0.2"
89.247.93.43 - - [05/Mar/2012:10:19:13 +0100] "GET /images/wrapperbg.jpg HTTP/1.1" 200 27465 "http://www.mink-gmbh.de/style.css" "Mozilla/5.0 (Windows NT 6.1; rv:10.0.2) Gecko/20100101 Firefox/10.0.2"
89.247.93.43 - - [05/Mar/2012:10:19:13 +0100] "GET /images/header.jpg HTTP/1.1" 200 24413 "http://www.mink-gmbh.de/style.css" "Mozilla/5.0 (Windows NT 6.1; rv:10.0.2) Gecko/20100101 Firefox/10.0.2"
89.247.93.43 - - [05/Mar/2012:10:19:13 +0100] "GET /images/navibg.png HTTP/1.1" 200 2803 "http://www.mink-gmbh.de/style.css" "Mozilla/5.0 (Windows NT 6.1; rv:10.0.2) Gecko/20100101 Firefox/10.0.2"
89.247.93.43 - - [05/Mar/2012:10:19:13 +0100] "GET /images/fallend.png HTTP/1.1" 200 713 "http://www.mink-gmbh.de/modul.css" "Mozilla/5.0 (Windows NT 6.1; rv:10.0.2) Gecko/20100101 Firefox/10.0.2"
89.247.93.43 - - [05/Mar/2012:10:19:13 +0100] "GET /images/steigend.png HTTP/1.1" 200 688 "http://www.mink-gmbh.de/modul.css" "Mozilla/5.0 (Windows NT 6.1; rv:10.0.2) Gecko/20100101 Firefox/10.0.2"
89.247.93.43 - - [05/Mar/2012:10:19:13 +0100] "GET /images/mobil.jpg HTTP/1.1" 200 25293 "http://www.mink-gmbh.de/style.css" "Mozilla/5.0 (Windows NT 6.1; rv:10.0.2) Gecko/20100101 Firefox/10.0.2"
89.247.93.43 - - [05/Mar/2012:10:19:12 +0100] "GET /index.php HTTP/1.1" 200 11997 "-" "Mozilla/5.0 (Windows NT 6.1; rv:10.0.2) Gecko/20100101 Firefox/10.0.2"
89.247.93.43 - - [05/Mar/2012:10:19:14 +0100] "GET /images/freecall.jpg HTTP/1.1" 200 13955 "http://www.mink-gmbh.de/index.php" "Mozilla/5.0 (Windows NT 6.1; rv:10.0.2) Gecko/20100101 Firefox/10.0.2"
89.247.93.43 - - [05/Mar/2012:10:19:14 +0100] "GET /images/kwk.gif HTTP/1.1" 200 6403 "http://www.mink-gmbh.de/index.php" "Mozilla/5.0 (Windows NT 6.1; rv:10.0.2) Gecko/20100101 Firefox/10.0.2"
89.247.93.43 - - [05/Mar/2012:10:19:14 +0100] "GET /images/logos.jpg HTTP/1.1" 200 15002 "http://www.mink-gmbh.de/index.php" "Mozilla/5.0 (Windows NT 6.1; rv:10.0.2) Gecko/20100101 Firefox/10.0.2"
89.247.93.43 - - [05/Mar/2012:10:19:14 +0100] "GET /images/wunschpreis.jpg HTTP/1.1" 200 16767 "http://www.mink-gmbh.de/index.php" "Mozilla/5.0 (Windows NT 6.1; rv:10.0.2) Gecko/20100101 Firefox/10.0.2"
89.247.93.43 - - [05/Mar/2012:10:19:14 +0100] "GET /images/footerbg.jpg HTTP/1.1" 200 2184 "http://www.mink-gmbh.de/style.css" "Mozilla/5.0 (Windows NT 6.1; rv:10.0.2) Gecko/20100101 Firefox/10.0.2"
89.247.93.43 - - [05/Mar/2012:10:19:14 +0100] "GET /js_contentserver24_greybox/header_bg.gif HTTP/1.1" 200 1188 "http://www.mink-gmbh.de/index.php" "Mozilla/5.0 (Windows NT 6.1; rv:10.0.2) Gecko/20100101 Firefox/10.0.2"
89.247.93.43 - - [05/Mar/2012:10:19:14 +0100] "GET /js_contentserver24_greybox/g_close.gif HTTP/1.1" 200 541 "http://www.mink-gmbh.de/index.php" "Mozilla/5.0 (Windows NT 6.1; rv:10.0.2) Gecko/20100101 Firefox/10.0.2"
89.247.93.43 - - [05/Mar/2012:10:19:14 +0100] "GET /js_contentserver24_greybox/indicator.gif HTTP/1.1" 200 8238 "http://www.mink-gmbh.de/index.php" "Mozilla/5.0 (Windows NT 6.1; rv:10.0.2) Gecko/20100101 Firefox/10.0.2"
89.247.93.43 - - [05/Mar/2012:10:19:14 +0100] "GET /js_contentserver24_greybox/loader_frame.html?s=0 HTTP/1.1" 200 2084 "http://www.mink-gmbh.de/index.php" "Mozilla/5.0 (Windows NT 6.1; rv:10.0.2) Gecko/20100101 Firefox/10.0.2"
65.36.241.79 - - [05/Mar/2012:11:16:38 +0100] "HEAD / HTTP/1.1" 200 - "-" "InternetSeer.com"
220.181.108.94 - - [05/Mar/2012:11:34:50 +0100] "GET / HTTP/1.1" 200 12019 "-" "Mozilla/5.0 (compatible; Baiduspider/2.0; +http://www.baidu.com/search/spider.html)"
123.125.71.17 - - [05/Mar/2012:11:37:26 +0100] "GET / HTTP/1.1" 200 10214 "-" "Mozilla/5.0 (compatible; Baiduspider/2.0; +http://www.baidu.com/search/spider.html)"
46.4.92.140 - - [05/Mar/2012:12:15:40 +0100] "GET /robots.txt HTTP/1.1" 200 177 "-" "Pixray-Seeker/1.1 (Pixray-Seeker; http://www.pixray.com/pixraybot; crawler@pixray.com)"
46.4.92.140 - - [05/Mar/2012:12:15:41 +0100] "GET /modernisierung.php?cs_gp_go=description HTTP/1.1" 200 7672 "-" "Pixray-Seeker/1.1 (Pixray-Seeker; http://www.pixray.com/pixraybot; crawler@pixray.com)"
46.4.92.140 - - [05/Mar/2012:12:16:22 +0100] "GET /news.php?cs_go=archiv&cs_id=1691&cs_search= HTTP/1.1" 200 10882 "-" "Pixray-Seeker/1.1 (Pixray-Seeker; http://www.pixray.com/pixraybot; crawler@pixray.com)"
46.4.92.140 - - [05/Mar/2012:12:19:03 +0100] "GET /modernisierung.php?cs_gp_go=plus HTTP/1.1" 200 8479 "-" "Pixray-Seeker/1.1 (Pixray-Seeker; http://www.pixray.com/pixraybot; crawler@pixray.com)"
46.4.92.140 - - [05/Mar/2012:12:22:02 +0100] "GET /news.php?cs_go=archiv&cs_startpos=1101 HTTP/1.1" 200 19839 "-" "Pixray-Seeker/1.1 (Pixray-Seeker; http://www.pixray.com/pixraybot; crawler@pixray.com)"
208.115.113.91 - - [05/Mar/2012:12:25:56 +0100] "GET /robots.txt HTTP/1.1" 200 177 "-" "Mozilla/5.0 (compatible; Ezooms/1.0; ezooms.bot@gmail.com)"
61.247.221.46 - - [05/Mar/2012:12:34:15 +0100] "GET /robots.txt HTTP/1.1" 200 177 "-" "Mozilla/5.0 (iPhone; CPU iPhone OS 5_0_1 like Mac OS X) (compatible; Yeti-Mobile/0.1; +http://help.naver.com/robots/)"
61.247.221.46 - - [05/Mar/2012:12:34:15 +0100] "GET / HTTP/1.1" 200 12019 "-" "Mozilla/5.0 (iPhone; CPU iPhone OS 5_0_1 like Mac OS X) (compatible; Yeti-Mobile/0.1; +http://help.naver.com/robots/)"
91.61.76.113 - - [05/Mar/2012:13:11:23 +0100] "GET / HTTP/1.1" 200 12019 "-" "Mozilla/5.0 (Windows; U; Windows NT 5.1; de; rv:1.9.0.10) Gecko/2009042316 Firefox/3.0.10"
91.61.76.113 - - [05/Mar/2012:13:11:27 +0100] "GET /index.php HTTP/1.1" 200 12019 "-" "Mozilla/5.0 (Windows; U; Windows NT 5.1; de; rv:1.9.0.10) Gecko/2009042316 Firefox/3.0.10"
91.61.76.113 - - [05/Mar/2012:13:11:31 +0100] "GET /index.php HTTP/1.1" 200 12019 "-" "Java/1.6.0_22"
91.61.76.113 - - [05/Mar/2012:13:11:34 +0100] "GET /standard.php HTTP/1.1" 200 6198 "-" "Mozilla/5.0 (Windows; U; Windows NT 5.1; de; rv:1.9.0.10) Gecko/2009042316 Firefox/3.0.10"
91.61.76.113 - - [05/Mar/2012:13:11:37 +0100] "GET /standard.php HTTP/1.1" 200 6198 "-" "Java/1.6.0_22"
91.61.76.113 - - [05/Mar/2012:13:11:40 +0100] "GET /preisanfrage.php HTTP/1.1" 200 7690 "-" "Mozilla/5.0 (Windows; U; Windows NT 5.1; de; rv:1.9.0.10) Gecko/2009042316 Firefox/3.0.10"
91.61.76.113 - - [05/Mar/2012:13:11:43 +0100] "GET /preisanfrage.php HTTP/1.1" 200 7690 "-" "Java/1.6.0_22"
91.61.76.113 - - [05/Mar/2012:13:11:45 +0100] "GET /kontakt.php HTTP/1.1" 200 6181 "-" "Mozilla/5.0 (Windows; U; Windows NT 5.1; de; rv:1.9.0.10) Gecko/2009042316 Firefox/3.0.10"
91.61.76.113 - - [05/Mar/2012:13:11:48 +0100] "GET /kontakt.php HTTP/1.1" 200 6181 "-" "Java/1.6.0_22"
91.61.76.113 - - [05/Mar/2012:13:11:51 +0100] "GET / HTTP/1.1" 200 12019 "-" "Java/1.6.0_22"
89.247.53.156 - - [05/Mar/2012:13:32:45 +0100] "GET /style.css HTTP/1.1" 200 7564 "http://www.mink-gmbh.de/index.php" "Mozilla/5.0 (Windows NT 6.1; rv:10.0.2) Gecko/20100101 Firefox/10.0.2"
89.247.53.156 - - [05/Mar/2012:13:32:45 +0100] "GET /modul.css HTTP/1.1" 200 35038 "http://www.mink-gmbh.de/index.php" "Mozilla/5.0 (Windows NT 6.1; rv:10.0.2) Gecko/20100101 Firefox/10.0.2"
89.247.53.156 - - [05/Mar/2012:13:32:45 +0100] "GET /favicon.ico HTTP/1.1" 200 3638 "-" "Mozilla/5.0 (Windows NT 6.1; rv:10.0.2) Gecko/20100101 Firefox/10.0.2"
89.247.53.156 - - [05/Mar/2012:13:32:45 +0100] "GET /js_contentserver24_greybox/gb_styles.css HTTP/1.1" 200 2302 "http://www.mink-gmbh.de/index.php" "Mozilla/5.0 (Windows NT 6.1; rv:10.0.2) Gecko/20100101 Firefox/10.0.2"
89.247.53.156 - - [05/Mar/2012:13:32:45 +0100] "GET /js_contentserver24_greybox/AJS.js HTTP/1.1" 200 10396 "http://www.mink-gmbh.de/index.php" "Mozilla/5.0 (Windows NT 6.1; rv:10.0.2) Gecko/20100101 Firefox/10.0.2"
89.247.53.156 - - [05/Mar/2012:13:32:45 +0100] "GET /js_contentserver24_greybox/AJS_fx.js HTTP/1.1" 200 3192 "http://www.mink-gmbh.de/index.php" "Mozilla/5.0 (Windows NT 6.1; rv:10.0.2) Gecko/20100101 Firefox/10.0.2"
89.247.53.156 - - [05/Mar/2012:13:32:45 +0100] "GET /js_contentserver24_greybox/gb_scripts.js HTTP/1.1" 200 11913 "http://www.mink-gmbh.de/index.php" "Mozilla/5.0 (Windows NT 6.1; rv:10.0.2) Gecko/20100101 Firefox/10.0.2"
89.247.53.156 - - [05/Mar/2012:13:32:45 +0100] "GET /js_contentserver24_greybox/w_close.gif HTTP/1.1" 200 74 "http://www.mink-gmbh.de/index.php" "Mozilla/5.0 (Windows NT 6.1; rv:10.0.2) Gecko/20100101 Firefox/10.0.2"
89.247.53.156 - - [05/Mar/2012:13:32:45 +0100] "GET /images/bg.jpg HTTP/1.1" 200 345 "http://www.mink-gmbh.de/style.css" "Mozilla/5.0 (Windows NT 6.1; rv:10.0.2) Gecko/20100101 Firefox/10.0.2"
89.247.53.156 - - [05/Mar/2012:13:32:45 +0100] "GET /images/header.jpg HTTP/1.1" 200 24413 "http://www.mink-gmbh.de/style.css" "Mozilla/5.0 (Windows NT 6.1; rv:10.0.2) Gecko/20100101 Firefox/10.0.2"
89.247.53.156 - - [05/Mar/2012:13:32:45 +0100] "GET /images/navibg.png HTTP/1.1" 200 2803 "http://www.mink-gmbh.de/style.css" "Mozilla/5.0 (Windows NT 6.1; rv:10.0.2) Gecko/20100101 Firefox/10.0.2"
89.247.53.156 - - [05/Mar/2012:13:32:45 +0100] "GET /images/steigend.png HTTP/1.1" 200 688 "http://www.mink-gmbh.de/modul.css" "Mozilla/5.0 (Windows NT 6.1; rv:10.0.2) Gecko/20100101 Firefox/10.0.2"
89.247.53.156 - - [05/Mar/2012:13:32:45 +0100] "GET /images/wrapperbg.jpg HTTP/1.1" 200 27465 "http://www.mink-gmbh.de/style.css" "Mozilla/5.0 (Windows NT 6.1; rv:10.0.2) Gecko/20100101 Firefox/10.0.2"
89.247.53.156 - - [05/Mar/2012:13:32:45 +0100] "GET /images/fallend.png HTTP/1.1" 200 713 "http://www.mink-gmbh.de/modul.css" "Mozilla/5.0 (Windows NT 6.1; rv:10.0.2) Gecko/20100101 Firefox/10.0.2"
89.247.53.156 - - [05/Mar/2012:13:32:45 +0100] "GET /images/tkw.jpg HTTP/1.1" 200 64031 "http://www.mink-gmbh.de/index.php" "Mozilla/5.0 (Windows NT 6.1; rv:10.0.2) Gecko/20100101 Firefox/10.0.2"
89.247.53.156 - - [05/Mar/2012:13:32:45 +0100] "GET /index.php HTTP/1.1" 200 12019 "-" "Mozilla/5.0 (Windows NT 6.1; rv:10.0.2) Gecko/20100101 Firefox/10.0.2"
89.247.53.156 - - [05/Mar/2012:13:32:45 +0100] "GET /images/freecall.jpg HTTP/1.1" 200 13955 "http://www.mink-gmbh.de/index.php" "Mozilla/5.0 (Windows NT 6.1; rv:10.0.2) Gecko/20100101 Firefox/10.0.2"
89.247.53.156 - - [05/Mar/2012:13:32:45 +0100] "GET /images/kwk.gif HTTP/1.1" 200 6403 "http://www.mink-gmbh.de/index.php" "Mozilla/5.0 (Windows NT 6.1; rv:10.0.2) Gecko/20100101 Firefox/10.0.2"
89.247.53.156 - - [05/Mar/2012:13:32:45 +0100] "GET /images/wunschpreis.jpg HTTP/1.1" 200 16767 "http://www.mink-gmbh.de/index.php" "Mozilla/5.0 (Windows NT 6.1; rv:10.0.2) Gecko/20100101 Firefox/10.0.2"
89.247.53.156 - - [05/Mar/2012:13:32:45 +0100] "GET /images/logos.jpg HTTP/1.1" 200 15002 "http://www.mink-gmbh.de/index.php" "Mozilla/5.0 (Windows NT 6.1; rv:10.0.2) Gecko/20100101 Firefox/10.0.2"
89.247.53.156 - - [05/Mar/2012:13:32:45 +0100] "GET /images/mobil.jpg HTTP/1.1" 200 25293 "http://www.mink-gmbh.de/style.css" "Mozilla/5.0 (Windows NT 6.1; rv:10.0.2) Gecko/20100101 Firefox/10.0.2"
89.247.53.156 - - [05/Mar/2012:13:32:45 +0100] "GET /images/footerbg.jpg HTTP/1.1" 200 2184 "http://www.mink-gmbh.de/style.css" "Mozilla/5.0 (Windows NT 6.1; rv:10.0.2) Gecko/20100101 Firefox/10.0.2"
89.247.53.156 - - [05/Mar/2012:13:32:46 +0100] "GET /js_contentserver24_greybox/header_bg.gif HTTP/1.1" 200 1188 "http://www.mink-gmbh.de/index.php" "Mozilla/5.0 (Windows NT 6.1; rv:10.0.2) Gecko/20100101 Firefox/10.0.2"
89.247.53.156 - - [05/Mar/2012:13:32:46 +0100] "GET /js_contentserver24_greybox/g_close.gif HTTP/1.1" 200 541 "http://www.mink-gmbh.de/index.php" "Mozilla/5.0 (Windows NT 6.1; rv:10.0.2) Gecko/20100101 Firefox/10.0.2"
89.247.53.156 - - [05/Mar/2012:13:32:46 +0100] "GET /js_contentserver24_greybox/indicator.gif HTTP/1.1" 200 8238 "http://www.mink-gmbh.de/index.php" "Mozilla/5.0 (Windows NT 6.1; rv:10.0.2) Gecko/20100101 Firefox/10.0.2"
89.247.53.156 - - [05/Mar/2012:13:32:46 +0100] "GET /js_contentserver24_greybox/loader_frame.html?s=0 HTTP/1.1" 200 2084 "http://www.mink-gmbh.de/index.php" "Mozilla/5.0 (Windows NT 6.1; rv:10.0.2) Gecko/20100101 Firefox/10.0.2"
208.115.113.91 - - [05/Mar/2012:13:44:32 +0100] "GET /news.php?cs_go=archiv&cs_id=2705&cs_search= HTTP/1.1" 200 11256 "-" "Mozilla/5.0 (compatible; Ezooms/1.0; ezooms.bot@gmail.com)"
66.249.72.143 - - [05/Mar/2012:13:49:12 +0100] "GET /news.php?cs_go=archiv&cs_id=1&cs_search= HTTP/1.1" 200 4787 "-" "Mozilla/5.0 (compatible; Googlebot/2.1; +http://www.google.com/bot.html)"
66.249.66.19 - - [05/Mar/2012:14:06:40 +0100] "GET /news.php?cs_go=archiv&cs_id=2037&cs_search= HTTP/1.1" 200 8935 "-" "Mozilla/5.0 (compatible; Googlebot/2.1; +http://www.google.com/bot.html)"
78.54.147.176 - - [05/Mar/2012:14:37:09 +0100] "GET / HTTP/1.1" 200 3642 "http://www.gelbeseiten.de/yp/122//subscriberlist_search.yp?sessionDataString=H4sIAAAAAAAAAEWPTQvCMAyGf82OhXXt0pacRJh6EwWvI2wZHcwpbVXcr7eIH8cnefKGV9YOpOLaCAmshQYiQR1IQbXV1jhy%2FTAI0IZ1aQGrClVRNTFRSJHHxBk2x%2FbP6J5XBM%2FjUjQwIfV8S7HzE8096iwvjzEjz295%2Flzf8qQd2E8c2nS5nDP7MUW0KeSAyBQ6j73Mz1e%2F5G2Ju8AT32lecF%2FiQUhcf7eF-pomFWeNJG3CYK-pKgTF0ao8BW-pAJiUArD-pwAAAA-e-e&kindOfSearch=tradesearch&subject=heiz%F6l&location=berlin&x=0&y=0&distance=-1&execute=Suchen&suggest_choose=on" "Mozilla/5.0 (Windows NT 5.1; rv:10.0.2) Gecko/20100101 Firefox/10.0.2"
76.72.167.164 - - [05/Mar/2012:14:54:55 +0100] "GET /robots.txt HTTP/1.0" 200 177 "-" "Mozilla/5.0 (compatible; MJ12bot/v1.4.2; http://www.majestic12.co.uk/bot.php?+)"
76.72.167.164 - - [05/Mar/2012:14:54:56 +0100] "GET / HTTP/1.0" 200 12035 "-" "Mozilla/5.0 (compatible; MJ12bot/v1.4.2; http://www.majestic12.co.uk/bot.php?+)"
79.214.58.180 - - [05/Mar/2012:15:23:10 +0100] "GET / HTTP/1.1" 200 12035 "-" "Mozilla/5.0 (Windows NT 6.1; rv:9.0.1) Gecko/20100101 Firefox/9.0.1"
79.214.58.180 - - [05/Mar/2012:15:23:12 +0100] "GET /js_contentserver24_greybox/gb_styles.css HTTP/1.1" 304 - "http://www.mink-gmbh.de/" "Mozilla/5.0 (Windows NT 6.1; rv:9.0.1) Gecko/20100101 Firefox/9.0.1"
79.214.58.180 - - [05/Mar/2012:15:23:12 +0100] "GET /js_contentserver24_greybox/AJS.js HTTP/1.1" 304 - "http://www.mink-gmbh.de/" "Mozilla/5.0 (Windows NT 6.1; rv:9.0.1) Gecko/20100101 Firefox/9.0.1"
79.214.58.180 - - [05/Mar/2012:15:23:12 +0100] "GET /js_contentserver24_greybox/AJS_fx.js HTTP/1.1" 304 - "http://www.mink-gmbh.de/" "Mozilla/5.0 (Windows NT 6.1; rv:9.0.1) Gecko/20100101 Firefox/9.0.1"
79.214.58.180 - - [05/Mar/2012:15:23:12 +0100] "GET /js_contentserver24_greybox/gb_scripts.js HTTP/1.1" 304 - "http://www.mink-gmbh.de/" "Mozilla/5.0 (Windows NT 6.1; rv:9.0.1) Gecko/20100101 Firefox/9.0.1"
79.214.58.180 - - [05/Mar/2012:15:23:12 +0100] "GET /js_contentserver24_greybox/w_close.gif HTTP/1.1" 304 - "http://www.mink-gmbh.de/" "Mozilla/5.0 (Windows NT 6.1; rv:9.0.1) Gecko/20100101 Firefox/9.0.1"
79.214.58.180 - - [05/Mar/2012:15:23:13 +0100] "GET /js_contentserver24_greybox/loader_frame.html?s=0 HTTP/1.1" 304 - "http://www.mink-gmbh.de/" "Mozilla/5.0 (Windows NT 6.1; rv:9.0.1) Gecko/20100101 Firefox/9.0.1"
79.214.58.180 - - [05/Mar/2012:15:23:13 +0100] "GET /js_contentserver24_greybox/header_bg.gif HTTP/1.1" 304 - "http://www.mink-gmbh.de/" "Mozilla/5.0 (Windows NT 6.1; rv:9.0.1) Gecko/20100101 Firefox/9.0.1"
79.214.58.180 - - [05/Mar/2012:15:23:13 +0100] "GET /js_contentserver24_greybox/indicator.gif HTTP/1.1" 304 - "http://www.mink-gmbh.de/js_contentserver24_greybox/loader_frame.html?s=0" "Mozilla/5.0 (Windows NT 6.1; rv:9.0.1) Gecko/20100101 Firefox/9.0.1"
79.214.58.180 - - [05/Mar/2012:15:23:13 +0100] "GET /js_contentserver24_greybox/g_close.gif HTTP/1.1" 304 - "http://www.mink-gmbh.de/" "Mozilla/5.0 (Windows NT 6.1; rv:9.0.1) Gecko/20100101 Firefox/9.0.1"
208.115.113.91 - - [05/Mar/2012:15:53:51 +0100] "GET /robots.txt HTTP/1.1" 200 177 "-" "Mozilla/5.0 (compatible; Ezooms/1.0; ezooms.bot@gmail.com)"
65.36.241.79 - - [05/Mar/2012:15:59:25 +0100] "HEAD / HTTP/1.1" 200 - "-" "InternetSeer.com"
66.249.72.143 - - [05/Mar/2012:16:04:54 +0100] "GET /Heizoel-Berlin.htm HTTP/1.1" 404 - "-" "Mozilla/5.0 (compatible; Googlebot/2.1; +http://www.google.com/bot.html)"
46.4.92.140 - - [05/Mar/2012:16:09:32 +0100] "GET /robots.txt HTTP/1.1" 200 177 "-" "Pixray-Seeker/1.1 (Pixray-Seeker; http://www.pixray.com/pixraybot; crawler@pixray.com)"
46.4.92.140 - - [05/Mar/2012:16:09:33 +0100] "GET /modernisierung.php?cs_gp_go=coupon HTTP/1.1" 200 7097 "-" "Pixray-Seeker/1.1 (Pixray-Seeker; http://www.pixray.com/pixraybot; crawler@pixray.com)"
61.247.221.47 - - [05/Mar/2012:16:12:40 +0100] "GET / HTTP/1.1" 200 12035 "-" "Mozilla/5.0 (iPhone; CPU iPhone OS 5_0_1 like Mac OS X) (compatible; Yeti-Mobile/0.1; +http://help.naver.com/robots/)"
66.249.66.19 - - [05/Mar/2012:16:28:13 +0100] "GET /news.php?cs_go=archiv HTTP/1.1" 200 19199 "-" "Mozilla/5.0 (compatible; Googlebot/2.1; +http://www.google.com/bot.html)"
66.249.72.143 - - [05/Mar/2012:16:55:54 +0100] "GET /news.php?cs_go=archiv&cs_id=11&cs_search= HTTP/1.1" 200 4787 "-" "Mozilla/5.0 (compatible; Googlebot/2.1; +http://www.google.com/bot.html)"
66.249.66.19 - - [05/Mar/2012:16:58:50 +0100] "GET /news.php?cs_go=archiv&cs_id=132&cs_search= HTTP/1.1" 200 4787 "-" "Mozilla/5.0 (compatible; Googlebot/2.1; +http://www.google.com/bot.html)"
173.236.21.106 - - [05/Mar/2012:17:04:42 +0100] "GET /robots.txt HTTP/1.0" 200 177 "-" "Mozilla/5.0 (compatible; MJ12bot/v1.4.2; http://www.majestic12.co.uk/bot.php?+)"
173.236.21.106 - - [05/Mar/2012:17:04:43 +0100] "GET / HTTP/1.0" 200 12035 "-" "Mozilla/5.0 (compatible; MJ12bot/v1.4.2; http://www.majestic12.co.uk/bot.php?+)"
61.247.221.46 - - [05/Mar/2012:17:06:04 +0100] "GET / HTTP/1.1" 200 12035 "-" "Mozilla/5.0 (iPhone; CPU iPhone OS 5_0_1 like Mac OS X) (compatible; Yeti-Mobile/0.1; +http://help.naver.com/robots/)"
66.249.66.19 - - [05/Mar/2012:17:09:44 +0100] "GET /news.php?cs_go=archiv&cs_id=2877&cs_search= HTTP/1.1" 200 11392 "-" "Mozilla/5.0 (compatible; Googlebot/2.1; +http://www.google.com/bot.html)"
66.249.72.143 - - [05/Mar/2012:17:09:45 +0100] "GET /news.php?cs_go=archiv&cs_id=2878&cs_search= HTTP/1.1" 200 10451 "-" "Mozilla/5.0 (compatible; Googlebot/2.1; +http://www.google.com/bot.html)"
208.115.113.91 - - [05/Mar/2012:17:10:56 +0100] "GET /news.php?cs_go=archiv&cs_id=2650&cs_search= HTTP/1.1" 200 7355 "-" "Mozilla/5.0 (compatible; Ezooms/1.0; ezooms.bot@gmail.com)"
76.72.167.164 - - [05/Mar/2012:17:12:53 +0100] "GET /robots.txt HTTP/1.0" 200 177 "-" "Mozilla/5.0 (compatible; MJ12bot/v1.4.2; http://www.majestic12.co.uk/bot.php?+)"
76.72.167.164 - - [05/Mar/2012:17:12:57 +0100] "GET /agb.php HTTP/1.0" 200 16763 "-" "Mozilla/5.0 (compatible; MJ12bot/v1.4.2; http://www.majestic12.co.uk/bot.php?+)"
76.72.167.164 - - [05/Mar/2012:17:13:01 +0100] "GET /news.php?cs_go=archiv&cs_id=2678 HTTP/1.0" 200 6939 "-" "Mozilla/5.0 (compatible; MJ12bot/v1.4.2; http://www.majestic12.co.uk/bot.php?+)"
76.72.167.164 - - [05/Mar/2012:17:13:06 +0100] "GET /news.php?cs_go=archiv&cs_id=2679 HTTP/1.0" 200 7635 "-" "Mozilla/5.0 (compatible; MJ12bot/v1.4.2; http://www.majestic12.co.uk/bot.php?+)"
76.72.167.164 - - [05/Mar/2012:17:13:08 +0100] "GET /news.php?cs_go=archiv&cs_id=2680 HTTP/1.0" 200 10581 "-" "Mozilla/5.0 (compatible; MJ12bot/v1.4.2; http://www.majestic12.co.uk/bot.php?+)"
76.72.167.164 - - [05/Mar/2012:17:13:10 +0100] "GET /news.php?cs_go=archiv&cs_id=2681 HTTP/1.0" 200 7122 "-" "Mozilla/5.0 (compatible; MJ12bot/v1.4.2; http://www.majestic12.co.uk/bot.php?+)"
76.72.167.164 - - [05/Mar/2012:17:13:12 +0100] "GET /news.php?cs_go=archiv&cs_id=2682 HTTP/1.0" 200 7552 "-" "Mozilla/5.0 (compatible; MJ12bot/v1.4.2; http://www.majestic12.co.uk/bot.php?+)"
76.72.167.164 - - [05/Mar/2012:17:13:15 +0100] "GET /news.php?cs_go=archiv&cs_id=2683 HTTP/1.0" 200 10523 "-" "Mozilla/5.0 (compatible; MJ12bot/v1.4.2; http://www.majestic12.co.uk/bot.php?+)"
76.72.167.164 - - [05/Mar/2012:17:13:17 +0100] "GET /news.php?cs_go=archiv&cs_id=2684 HTTP/1.0" 200 6969 "-" "Mozilla/5.0 (compatible; MJ12bot/v1.4.2; http://www.majestic12.co.uk/bot.php?+)"
76.72.167.164 - - [05/Mar/2012:17:13:19 +0100] "GET /news.php?cs_go=archiv&cs_id=2685 HTTP/1.0" 200 6614 "-" "Mozilla/5.0 (compatible; MJ12bot/v1.4.2; http://www.majestic12.co.uk/bot.php?+)"
76.72.167.164 - - [05/Mar/2012:17:13:21 +0100] "GET /news.php?cs_go=archiv&cs_id=2686 HTTP/1.0" 200 7092 "-" "Mozilla/5.0 (compatible; MJ12bot/v1.4.2; http://www.majestic12.co.uk/bot.php?+)"
76.72.167.164 - - [05/Mar/2012:17:13:23 +0100] "GET /news.php?cs_go=archiv&cs_id=2687 HTTP/1.0" 200 7212 "-" "Mozilla/5.0 (compatible; MJ12bot/v1.4.2; http://www.majestic12.co.uk/bot.php?+)"
76.72.167.164 - - [05/Mar/2012:17:13:25 +0100] "GET /news.php?cs_go=archiv&cs_id=2688 HTTP/1.0" 200 10820 "-" "Mozilla/5.0 (compatible; MJ12bot/v1.4.2; http://www.majestic12.co.uk/bot.php?+)"
76.72.167.164 - - [05/Mar/2012:17:13:27 +0100] "GET /news.php?cs_go=archiv&cs_id=2689 HTTP/1.0" 200 7271 "-" "Mozilla/5.0 (compatible; MJ12bot/v1.4.2; http://www.majestic12.co.uk/bot.php?+)"
76.72.167.164 - - [05/Mar/2012:17:13:29 +0100] "GET /news.php?cs_go=archiv&cs_id=2690 HTTP/1.0" 200 7373 "-" "Mozilla/5.0 (compatible; MJ12bot/v1.4.2; http://www.majestic12.co.uk/bot.php?+)"
76.72.167.164 - - [05/Mar/2012:17:13:31 +0100] "GET /news.php?cs_go=archiv&cs_id=2691 HTTP/1.0" 200 10835 "-" "Mozilla/5.0 (compatible; MJ12bot/v1.4.2; http://www.majestic12.co.uk/bot.php?+)"
66.249.66.19 - - [05/Mar/2012:17:14:55 +0100] "GET /news.php?cs_go=archiv&cs_id=161&cs_search= HTTP/1.1" 200 4787 "-" "Mozilla/5.0 (compatible; Googlebot/2.1; +http://www.google.com/bot.html)"
66.249.66.19 - - [05/Mar/2012:17:16:23 +0100] "GET /news.php?cs_go=archiv&cs_id=2848&cs_search= HTTP/1.1" 200 16190 "-" "Mozilla/5.0 (compatible; Googlebot/2.1; +http://www.google.com/bot.html)"
66.249.66.19 - - [05/Mar/2012:17:17:51 +0100] "GET /news.php?cs_go=archiv&cs_id=129&cs_search= HTTP/1.1" 200 4787 "-" "Mozilla/5.0 (compatible; Googlebot/2.1; +http://www.google.com/bot.html)"
66.249.72.143 - - [05/Mar/2012:17:19:19 +0100] "GET /news.php?cs_go=archiv&cs_id=2&cs_search= HTTP/1.1" 200 4787 "-" "Mozilla/5.0 (compatible; Googlebot/2.1; +http://www.google.com/bot.html)"
61.247.221.47 - - [05/Mar/2012:17:21:04 +0100] "GET / HTTP/1.1" 200 12035 "-" "Mozilla/5.0 (iPhone; CPU iPhone OS 5_0_1 like Mac OS X) (compatible; Yeti-Mobile/0.1; +http://help.naver.com/robots/)"
66.249.72.143 - - [05/Mar/2012:17:21:15 +0100] "GET /news.php?cs_go=archiv&cs_id=2876&cs_search= HTTP/1.1" 200 7080 "-" "Mozilla/5.0 (compatible; Googlebot/2.1; +http://www.google.com/bot.html)"
66.249.66.19 - - [05/Mar/2012:17:22:15 +0100] "GET /news.php?cs_go=archiv&cs_id=3&cs_search= HTTP/1.1" 200 4787 "-" "Mozilla/5.0 (compatible; Googlebot/2.1; +http://www.google.com/bot.html)"
66.249.66.19 - - [05/Mar/2012:17:25:11 +0100] "GET /news.php?cs_go=archiv&cs_id=159&cs_search= HTTP/1.1" 200 4787 "-" "Mozilla/5.0 (compatible; Googlebot/2.1; +http://www.google.com/bot.html)"
66.249.66.19 - - [05/Mar/2012:17:26:39 +0100] "GET /news.php?cs_go=archiv&cs_id=582&cs_search= HTTP/1.1" 200 4787 "-" "Mozilla/5.0 (compatible; Googlebot/2.1; +http://www.google.com/bot.html)"
66.249.66.19 - - [05/Mar/2012:17:31:03 +0100] "GET /news.php?cs_go=archiv&cs_id=158&cs_search= HTTP/1.1" 200 4787 "-" "Mozilla/5.0 (compatible; Googlebot/2.1; +http://www.google.com/bot.html)"
66.249.72.143 - - [05/Mar/2012:17:33:59 +0100] "GET /news.php?cs_go=archiv&cs_id=5&cs_search= HTTP/1.1" 200 4787 "-" "Mozilla/5.0 (compatible; Googlebot/2.1; +http://www.google.com/bot.html)"
66.249.66.19 - - [05/Mar/2012:17:35:27 +0100] "GET /Heizoel.htm HTTP/1.1" 404 - "-" "Mozilla/5.0 (compatible; Googlebot/2.1; +http://www.google.com/bot.html)"
66.249.66.19 - - [05/Mar/2012:17:41:19 +0100] "GET /news.php?cs_go=archiv&cs_id=389&cs_search= HTTP/1.1" 200 4787 "-" "Mozilla/5.0 (compatible; Googlebot/2.1; +http://www.google.com/bot.html)"
66.249.66.19 - - [05/Mar/2012:17:42:47 +0100] "GET /news.php?cs_go=archiv&cs_id=366&cs_search= HTTP/1.1" 200 4787 "-" "Mozilla/5.0 (compatible; Googlebot/2.1; +http://www.google.com/bot.html)"
66.249.72.143 - - [05/Mar/2012:17:44:15 +0100] "GET /news.php?cs_go=archiv&cs_id=165&cs_search= HTTP/1.1" 200 4787 "-" "Mozilla/5.0 (compatible; Googlebot/2.1; +http://www.google.com/bot.html)"
66.249.66.19 - - [05/Mar/2012:17:47:11 +0100] "GET /news.php?cs_go=archiv&cs_id=166&cs_search= HTTP/1.1" 200 4787 "-" "Mozilla/5.0 (compatible; Googlebot/2.1; +http://www.google.com/bot.html)"
89.247.59.123 - - [05/Mar/2012:17:50:30 +0100] "GET /style.css HTTP/1.1" 200 7564 "http://www.mink-gmbh.de/index.php" "Mozilla/5.0 (Windows NT 6.1; rv:10.0.2) Gecko/20100101 Firefox/10.0.2"
89.247.59.123 - - [05/Mar/2012:17:50:30 +0100] "GET /modul.css HTTP/1.1" 200 35038 "http://www.mink-gmbh.de/index.php" "Mozilla/5.0 (Windows NT 6.1; rv:10.0.2) Gecko/20100101 Firefox/10.0.2"
89.247.59.123 - - [05/Mar/2012:17:50:30 +0100] "GET /favicon.ico HTTP/1.1" 200 3638 "-" "Mozilla/5.0 (Windows NT 6.1; rv:10.0.2) Gecko/20100101 Firefox/10.0.2"
89.247.59.123 - - [05/Mar/2012:17:50:31 +0100] "GET /js_contentserver24_greybox/gb_styles.css HTTP/1.1" 200 2302 "http://www.mink-gmbh.de/index.php" "Mozilla/5.0 (Windows NT 6.1; rv:10.0.2) Gecko/20100101 Firefox/10.0.2"
89.247.59.123 - - [05/Mar/2012:17:50:31 +0100] "GET /js_contentserver24_greybox/AJS.js HTTP/1.1" 200 10396 "http://www.mink-gmbh.de/index.php" "Mozilla/5.0 (Windows NT 6.1; rv:10.0.2) Gecko/20100101 Firefox/10.0.2"
89.247.59.123 - - [05/Mar/2012:17:50:31 +0100] "GET /js_contentserver24_greybox/AJS_fx.js HTTP/1.1" 200 3192 "http://www.mink-gmbh.de/index.php" "Mozilla/5.0 (Windows NT 6.1; rv:10.0.2) Gecko/20100101 Firefox/10.0.2"
89.247.59.123 - - [05/Mar/2012:17:50:31 +0100] "GET /js_contentserver24_greybox/gb_scripts.js HTTP/1.1" 200 11913 "http://www.mink-gmbh.de/index.php" "Mozilla/5.0 (Windows NT 6.1; rv:10.0.2) Gecko/20100101 Firefox/10.0.2"
89.247.59.123 - - [05/Mar/2012:17:50:31 +0100] "GET /images/tkw.jpg HTTP/1.1" 200 64031 "http://www.mink-gmbh.de/index.php" "Mozilla/5.0 (Windows NT 6.1; rv:10.0.2) Gecko/20100101 Firefox/10.0.2"
89.247.59.123 - - [05/Mar/2012:17:50:30 +0100] "GET /index.php HTTP/1.1" 200 12035 "-" "Mozilla/5.0 (Windows NT 6.1; rv:10.0.2) Gecko/20100101 Firefox/10.0.2"
89.247.59.123 - - [05/Mar/2012:17:50:31 +0100] "GET /images/freecall.jpg HTTP/1.1" 200 13955 "http://www.mink-gmbh.de/index.php" "Mozilla/5.0 (Windows NT 6.1; rv:10.0.2) Gecko/20100101 Firefox/10.0.2"
89.247.59.123 - - [05/Mar/2012:17:50:31 +0100] "GET /images/kwk.gif HTTP/1.1" 200 6403 "http://www.mink-gmbh.de/index.php" "Mozilla/5.0 (Windows NT 6.1; rv:10.0.2) Gecko/20100101 Firefox/10.0.2"
89.247.59.123 - - [05/Mar/2012:17:50:31 +0100] "GET /images/wunschpreis.jpg HTTP/1.1" 200 16767 "http://www.mink-gmbh.de/index.php" "Mozilla/5.0 (Windows NT 6.1; rv:10.0.2) Gecko/20100101 Firefox/10.0.2"
89.247.59.123 - - [05/Mar/2012:17:50:31 +0100] "GET /images/logos.jpg HTTP/1.1" 200 15002 "http://www.mink-gmbh.de/index.php" "Mozilla/5.0 (Windows NT 6.1; rv:10.0.2) Gecko/20100101 Firefox/10.0.2"
89.247.59.123 - - [05/Mar/2012:17:50:32 +0100] "GET /js_contentserver24_greybox/w_close.gif HTTP/1.1" 200 74 "http://www.mink-gmbh.de/index.php" "Mozilla/5.0 (Windows NT 6.1; rv:10.0.2) Gecko/20100101 Firefox/10.0.2"
89.247.59.123 - - [05/Mar/2012:17:50:32 +0100] "GET /images/bg.jpg HTTP/1.1" 200 345 "http://www.mink-gmbh.de/style.css" "Mozilla/5.0 (Windows NT 6.1; rv:10.0.2) Gecko/20100101 Firefox/10.0.2"
89.247.59.123 - - [05/Mar/2012:17:50:32 +0100] "GET /images/wrapperbg.jpg HTTP/1.1" 200 27465 "http://www.mink-gmbh.de/style.css" "Mozilla/5.0 (Windows NT 6.1; rv:10.0.2) Gecko/20100101 Firefox/10.0.2"
89.247.59.123 - - [05/Mar/2012:17:50:32 +0100] "GET /images/header.jpg HTTP/1.1" 200 24413 "http://www.mink-gmbh.de/style.css" "Mozilla/5.0 (Windows NT 6.1; rv:10.0.2) Gecko/20100101 Firefox/10.0.2"
89.247.59.123 - - [05/Mar/2012:17:50:32 +0100] "GET /images/navibg.png HTTP/1.1" 200 2803 "http://www.mink-gmbh.de/style.css" "Mozilla/5.0 (Windows NT 6.1; rv:10.0.2) Gecko/20100101 Firefox/10.0.2"
89.247.59.123 - - [05/Mar/2012:17:50:32 +0100] "GET /images/steigend.png HTTP/1.1" 200 688 "http://www.mink-gmbh.de/modul.css" "Mozilla/5.0 (Windows NT 6.1; rv:10.0.2) Gecko/20100101 Firefox/10.0.2"
89.247.59.123 - - [05/Mar/2012:17:50:32 +0100] "GET /images/fallend.png HTTP/1.1" 200 713 "http://www.mink-gmbh.de/modul.css" "Mozilla/5.0 (Windows NT 6.1; rv:10.0.2) Gecko/20100101 Firefox/10.0.2"
89.247.59.123 - - [05/Mar/2012:17:50:32 +0100] "GET /images/mobil.jpg HTTP/1.1" 200 25293 "http://www.mink-gmbh.de/style.css" "Mozilla/5.0 (Windows NT 6.1; rv:10.0.2) Gecko/20100101 Firefox/10.0.2"
89.247.59.123 - - [05/Mar/2012:17:50:32 +0100] "GET /images/footerbg.jpg HTTP/1.1" 200 2184 "http://www.mink-gmbh.de/style.css" "Mozilla/5.0 (Windows NT 6.1; rv:10.0.2) Gecko/20100101 Firefox/10.0.2"
89.247.59.123 - - [05/Mar/2012:17:50:32 +0100] "GET /js_contentserver24_greybox/header_bg.gif HTTP/1.1" 200 1188 "http://www.mink-gmbh.de/index.php" "Mozilla/5.0 (Windows NT 6.1; rv:10.0.2) Gecko/20100101 Firefox/10.0.2"
89.247.59.123 - - [05/Mar/2012:17:50:32 +0100] "GET /js_contentserver24_greybox/g_close.gif HTTP/1.1" 200 541 "http://www.mink-gmbh.de/index.php" "Mozilla/5.0 (Windows NT 6.1; rv:10.0.2) Gecko/20100101 Firefox/10.0.2"
89.247.59.123 - - [05/Mar/2012:17:50:32 +0100] "GET /js_contentserver24_greybox/indicator.gif HTTP/1.1" 200 8238 "http://www.mink-gmbh.de/index.php" "Mozilla/5.0 (Windows NT 6.1; rv:10.0.2) Gecko/20100101 Firefox/10.0.2"
89.247.59.123 - - [05/Mar/2012:17:50:33 +0100] "GET /js_contentserver24_greybox/loader_frame.html?s=0 HTTP/1.1" 200 2084 "http://www.mink-gmbh.de/index.php" "Mozilla/5.0 (Windows NT 6.1; rv:10.0.2) Gecko/20100101 Firefox/10.0.2"
66.249.72.143 - - [05/Mar/2012:17:53:03 +0100] "GET /news.php?cs_go=archiv&cs_id=170&cs_search= HTTP/1.1" 200 4787 "-" "Mozilla/5.0 (compatible; Googlebot/2.1; +http://www.google.com/bot.html)"
66.249.72.143 - - [05/Mar/2012:17:55:59 +0100] "GET /news.php?cs_go=archiv&cs_id=194&cs_search= HTTP/1.1" 200 4787 "-" "Mozilla/5.0 (compatible; Googlebot/2.1; +http://www.google.com/bot.html)"
66.249.66.19 - - [05/Mar/2012:17:57:26 +0100] "GET /news.php?cs_go=archiv&cs_id=211&cs_search= HTTP/1.1" 200 4787 "-" "Mozilla/5.0 (compatible; Googlebot/2.1; +http://www.google.com/bot.html)"
66.249.72.143 - - [05/Mar/2012:17:58:55 +0100] "GET /news.php?cs_go=archiv&cs_id=259&cs_search= HTTP/1.1" 200 4787 "-" "Mozilla/5.0 (compatible; Googlebot/2.1; +http://www.google.com/bot.html)"
66.249.72.143 - - [05/Mar/2012:18:01:50 +0100] "GET /news.php?cs_go=archiv&cs_id=269&cs_search= HTTP/1.1" 200 4787 "-" "Mozilla/5.0 (compatible; Googlebot/2.1; +http://www.google.com/bot.html)"
66.249.72.143 - - [05/Mar/2012:18:04:46 +0100] "GET /news.php?cs_go=archiv&cs_id=310&cs_search= HTTP/1.1" 200 4787 "-" "Mozilla/5.0 (compatible; Googlebot/2.1; +http://www.google.com/bot.html)"
66.249.66.19 - - [05/Mar/2012:18:06:14 +0100] "GET /news.php?cs_go=archiv&cs_id=325&cs_search= HTTP/1.1" 200 4787 "-" "Mozilla/5.0 (compatible; Googlebot/2.1; +http://www.google.com/bot.html)"
66.249.66.19 - - [05/Mar/2012:18:09:10 +0100] "GET /news.php?cs_go=archiv&cs_id=326&cs_search= HTTP/1.1" 200 4787 "-" "Mozilla/5.0 (compatible; Googlebot/2.1; +http://www.google.com/bot.html)"
66.249.66.19 - - [05/Mar/2012:18:10:39 +0100] "GET /news.php?cs_go=archiv&cs_id=328&cs_search= HTTP/1.1" 200 4787 "-" "Mozilla/5.0 (compatible; Googlebot/2.1; +http://www.google.com/bot.html)"
66.249.72.143 - - [05/Mar/2012:18:15:02 +0100] "GET /img/intro.swf HTTP/1.1" 404 - "-" "Mozilla/5.0 (compatible; Googlebot/2.1; +http://www.google.com/bot.html)"
66.249.66.19 - - [05/Mar/2012:18:19:27 +0100] "GET /news.php?cs_go=archiv&cs_id=336&cs_search= HTTP/1.1" 200 4787 "-" "Mozilla/5.0 (compatible; Googlebot/2.1; +http://www.google.com/bot.html)"
66.249.66.19 - - [05/Mar/2012:18:22:22 +0100] "GET /news.php?cs_go=archiv&cs_id=337&cs_search= HTTP/1.1" 200 4787 "-" "Mozilla/5.0 (compatible; Googlebot/2.1; +http://www.google.com/bot.html)"
66.249.66.19 - - [05/Mar/2012:18:23:50 +0100] "GET /news.php?cs_go=archiv&cs_id=344&cs_search= HTTP/1.1" 200 4787 "-" "Mozilla/5.0 (compatible; Googlebot/2.1; +http://www.google.com/bot.html)"
66.249.66.19 - - [05/Mar/2012:18:25:18 +0100] "GET /news.php?cs_go=archiv&cs_id=345&cs_search= HTTP/1.1" 200 4787 "-" "Mozilla/5.0 (compatible; Googlebot/2.1; +http://www.google.com/bot.html)"
66.249.72.143 - - [05/Mar/2012:18:28:14 +0100] "GET /news.php?cs_go=archiv&cs_id=352&cs_search= HTTP/1.1" 200 4787 "-" "Mozilla/5.0 (compatible; Googlebot/2.1; +http://www.google.com/bot.html)"
66.249.66.19 - - [05/Mar/2012:18:29:42 +0100] "GET /news.php?cs_go=archiv&cs_id=354&cs_search= HTTP/1.1" 200 4787 "-" "Mozilla/5.0 (compatible; Googlebot/2.1; +http://www.google.com/bot.html)"
66.249.66.19 - - [05/Mar/2012:18:37:02 +0100] "GET /news.php?cs_go=archiv&cs_id=357&cs_search= HTTP/1.1" 200 4787 "-" "Mozilla/5.0 (compatible; Googlebot/2.1; +http://www.google.com/bot.html)"
66.249.66.19 - - [05/Mar/2012:18:39:58 +0100] "GET /news.php?cs_go=archiv&cs_id=365&cs_search= HTTP/1.1" 200 4787 "-" "Mozilla/5.0 (compatible; Googlebot/2.1; +http://www.google.com/bot.html)"
66.249.66.19 - - [05/Mar/2012:18:41:26 +0100] "GET /news.php?cs_go=archiv&cs_id=369&cs_search= HTTP/1.1" 200 4787 "-" "Mozilla/5.0 (compatible; Googlebot/2.1; +http://www.google.com/bot.html)"
66.249.66.19 - - [05/Mar/2012:18:48:45 +0100] "GET /news.php?cs_go=archiv&cs_id=370&cs_search= HTTP/1.1" 200 4787 "-" "Mozilla/5.0 (compatible; Googlebot/2.1; +http://www.google.com/bot.html)"
66.249.66.19 - - [05/Mar/2012:18:50:13 +0100] "GET /news.php?cs_go=archiv&cs_id=373&cs_search= HTTP/1.1" 200 4787 "-" "Mozilla/5.0 (compatible; Googlebot/2.1; +http://www.google.com/bot.html)"
66.249.66.19 - - [05/Mar/2012:18:53:09 +0100] "GET /news.php?cs_go=archiv&cs_id=385&cs_search= HTTP/1.1" 200 4787 "-" "Mozilla/5.0 (compatible; Googlebot/2.1; +http://www.google.com/bot.html)"
66.249.66.19 - - [05/Mar/2012:18:54:37 +0100] "GET /news.php?cs_go=archiv&cs_id=2538&cs_search= HTTP/1.1" 200 9159 "-" "Mozilla/5.0 (compatible; Googlebot/2.1; +http://www.google.com/bot.html)"
66.249.72.143 - - [05/Mar/2012:18:56:05 +0100] "GET /news.php?cs_go=archiv&cs_id=386&cs_search= HTTP/1.1" 200 4787 "-" "Mozilla/5.0 (compatible; Googlebot/2.1; +http://www.google.com/bot.html)"
66.249.72.143 - - [05/Mar/2012:19:00:29 +0100] "GET /news.php?cs_go=archiv&cs_id=387&cs_search= HTTP/1.1" 200 4787 "-" "Mozilla/5.0 (compatible; Googlebot/2.1; +http://www.google.com/bot.html)"
66.249.66.19 - - [05/Mar/2012:19:01:57 +0100] "GET /news.php?cs_go=archiv&cs_id=394&cs_search= HTTP/1.1" 200 4787 "-" "Mozilla/5.0 (compatible; Googlebot/2.1; +http://www.google.com/bot.html)"
66.249.66.19 - - [05/Mar/2012:19:04:53 +0100] "GET /news.php?cs_go=archiv&cs_id=408&cs_search= HTTP/1.1" 200 4787 "-" "Mozilla/5.0 (compatible; Googlebot/2.1; +http://www.google.com/bot.html)"
66.249.66.19 - - [05/Mar/2012:19:06:21 +0100] "GET /news.php?cs_go=archiv&cs_id=409&cs_search= HTTP/1.1" 200 4787 "-" "Mozilla/5.0 (compatible; Googlebot/2.1; +http://www.google.com/bot.html)"
66.249.72.143 - - [05/Mar/2012:19:15:09 +0100] "GET /news.php?cs_go=archiv&cs_id=430&cs_search= HTTP/1.1" 200 4787 "-" "Mozilla/5.0 (compatible; Googlebot/2.1; +http://www.google.com/bot.html)"
66.249.66.19 - - [05/Mar/2012:19:18:05 +0100] "GET /news.php?cs_go=archiv&cs_id=437&cs_search= HTTP/1.1" 200 4787 "-" "Mozilla/5.0 (compatible; Googlebot/2.1; +http://www.google.com/bot.html)"
66.249.66.19 - - [05/Mar/2012:19:19:33 +0100] "GET /news.php?cs_go=archiv&cs_id=442&cs_search= HTTP/1.1" 200 4787 "-" "Mozilla/5.0 (compatible; Googlebot/2.1; +http://www.google.com/bot.html)"
66.249.72.143 - - [05/Mar/2012:19:23:57 +0100] "GET /news.php?cs_go=archiv&cs_id=443&cs_search= HTTP/1.1" 200 4787 "-" "Mozilla/5.0 (compatible; Googlebot/2.1; +http://www.google.com/bot.html)"
66.249.72.143 - - [05/Mar/2012:19:25:25 +0100] "GET /news.php?cs_go=archiv&cs_id=445&cs_search= HTTP/1.1" 200 4787 "-" "Mozilla/5.0 (compatible; Googlebot/2.1; +http://www.google.com/bot.html)"
66.249.66.19 - - [05/Mar/2012:19:26:53 +0100] "GET /news.php?cs_go=archiv&cs_id=446&cs_search= HTTP/1.1" 200 4787 "-" "Mozilla/5.0 (compatible; Googlebot/2.1; +http://www.google.com/bot.html)"
66.249.72.143 - - [05/Mar/2012:19:28:21 +0100] "GET /news.php?cs_go=archiv&cs_id=454&cs_search= HTTP/1.1" 200 4787 "-" "Mozilla/5.0 (compatible; Googlebot/2.1; +http://www.google.com/bot.html)"
66.249.66.19 - - [05/Mar/2012:19:29:49 +0100] "GET /news.php?cs_go=archiv&cs_id=2539&cs_search= HTTP/1.1" 200 7137 "-" "Mozilla/5.0 (compatible; Googlebot/2.1; +http://www.google.com/bot.html)"
66.249.72.143 - - [05/Mar/2012:19:31:17 +0100] "GET /news.php?cs_go=archiv&cs_id=470&cs_search= HTTP/1.1" 200 4787 "-" "Mozilla/5.0 (compatible; Googlebot/2.1; +http://www.google.com/bot.html)"
46.4.92.140 - - [05/Mar/2012:19:32:31 +0100] "GET /robots.txt HTTP/1.1" 200 177 "-" "Pixray-Seeker/1.1 (Pixray-Seeker; http://www.pixray.com/pixraybot; crawler@pixray.com)"
46.4.92.140 - - [05/Mar/2012:19:32:31 +0100] "GET /news.php?cs_go=archiv&cs_id=1692&cs_search= HTTP/1.1" 200 6819 "-" "Pixray-Seeker/1.1 (Pixray-Seeker; http://www.pixray.com/pixraybot; crawler@pixray.com)"
46.4.92.140 - - [05/Mar/2012:19:34:53 +0100] "GET /news.php?cs_go=archiv&cs_id=1693&cs_search= HTTP/1.1" 200 7766 "-" "Pixray-Seeker/1.1 (Pixray-Seeker; http://www.pixray.com/pixraybot; crawler@pixray.com)"
66.249.72.143 - - [05/Mar/2012:19:37:09 +0100] "GET /news.php?cs_go=archiv&cs_id=476&cs_search= HTTP/1.1" 200 4787 "-" "Mozilla/5.0 (compatible; Googlebot/2.1; +http://www.google.com/bot.html)"
66.249.66.19 - - [05/Mar/2012:19:38:37 +0100] "GET /news.php?cs_go=archiv&cs_id=481&cs_search= HTTP/1.1" 200 4787 "-" "Mozilla/5.0 (compatible; Googlebot/2.1; +http://www.google.com/bot.html)"
66.249.66.19 - - [05/Mar/2012:19:48:52 +0100] "GET /news.php?cs_go=archiv&cs_id=482&cs_search= HTTP/1.1" 200 4787 "-" "Mozilla/5.0 (compatible; Googlebot/2.1; +http://www.google.com/bot.html)"
123.125.71.36 - - [05/Mar/2012:19:48:56 +0100] "GET / HTTP/1.1" 200 5904 "-" "Mozilla/5.0 (compatible; Baiduspider/2.0; +http://www.baidu.com/search/spider.html)"
220.181.108.90 - - [05/Mar/2012:19:49:49 +0100] "GET / HTTP/1.1" 200 5904 "-" "Mozilla/5.0 (compatible; Baiduspider/2.0; +http://www.baidu.com/search/spider.html)"
