220.181.108.86 - - [10/Mar/2012:11:33:38 +0100] "GET / HTTP/1.1" 200 12318 "-" "Mozilla/5.0 (compatible; Baiduspider/2.0; +http://www.baidu.com/search/spider.html)"
208.115.111.75 - - [10/Mar/2012:11:35:34 +0100] "GET /lexikon.php?cs_go=2&cs_char=h HTTP/1.1" 200 5655 "-" "Mozilla/5.0 (compatible; Ezooms/1.0; ezooms.bot@gmail.com)"
66.249.72.195 - - [10/Mar/2012:11:42:27 +0100] "GET /news.php?cs_go=archiv&cs_id=9&cs_search= HTTP/1.1" 200 4856 "-" "Mozilla/5.0 (compatible; Googlebot/2.1; +http://www.google.com/bot.html)"
139.18.2.17 - - [10/Mar/2012:12:01:10 +0100] "GET /lexikon.php?cs_go=3&cs_id=123 HTTP/1.1" 200 5024 "-" "findlinks/2.1.5 (+http://wortschatz.uni-leipzig.de/findlinks/)"
66.249.72.195 - - [10/Mar/2012:12:07:41 +0100] "GET /news.php?cs_go=archiv&cs_id=522&cs_search= HTTP/1.1" 200 4856 "-" "Mozilla/5.0 (compatible; Googlebot/2.1; +http://www.google.com/bot.html)"
66.249.72.195 - - [10/Mar/2012:12:42:38 +0100] "GET /news.php?cs_go=archiv&cs_startpos=1761 HTTP/1.1" 200 5093 "-" "Mozilla/5.0 (compatible; Googlebot/2.1; +http://www.google.com/bot.html)"
208.115.113.91 - - [10/Mar/2012:12:43:39 +0100] "GET /news.php?cs_go=archiv&cs_id=2735&cs_search= HTTP/1.1" 200 6768 "-" "Mozilla/5.0 (compatible; Ezooms/1.0; ezooms.bot@gmail.com)"
139.18.2.17 - - [10/Mar/2012:12:50:26 +0100] "GET /lexikon.php?cs_go=3&cs_id=39 HTTP/1.1" 200 5329 "-" "findlinks/2.1.5 (+http://wortschatz.uni-leipzig.de/findlinks/)"
139.18.2.17 - - [10/Mar/2012:13:44:02 +0100] "GET / HTTP/1.1" 200 2223 "-" "findlinks/2.1.5 (+http://wortschatz.uni-leipzig.de/findlinks/)"
139.18.2.17 - - [10/Mar/2012:13:44:02 +0100] "GET / HTTP/1.1" 200 11668 "-" "findlinks/2.1.5 (+http://wortschatz.uni-leipzig.de/findlinks/)"
89.247.120.214 - - [10/Mar/2012:14:09:16 +0100] "GET /style.css HTTP/1.1" 200 7471 "http://www.mink-gmbh.de/index.php" "Mozilla/5.0 (Windows NT 6.1; rv:10.0.2) Gecko/20100101 Firefox/10.0.2"
89.247.120.214 - - [10/Mar/2012:14:09:16 +0100] "GET /modul.css HTTP/1.1" 200 35038 "http://www.mink-gmbh.de/index.php" "Mozilla/5.0 (Windows NT 6.1; rv:10.0.2) Gecko/20100101 Firefox/10.0.2"
89.247.120.214 - - [10/Mar/2012:14:09:16 +0100] "GET /favicon.ico HTTP/1.1" 200 3638 "-" "Mozilla/5.0 (Windows NT 6.1; rv:10.0.2) Gecko/20100101 Firefox/10.0.2"
89.247.120.214 - - [10/Mar/2012:14:09:17 +0100] "GET /js_contentserver24_greybox/gb_styles.css HTTP/1.1" 200 2302 "http://www.mink-gmbh.de/index.php" "Mozilla/5.0 (Windows NT 6.1; rv:10.0.2) Gecko/20100101 Firefox/10.0.2"
89.247.120.214 - - [10/Mar/2012:14:09:17 +0100] "GET /js_contentserver24_greybox/AJS.js HTTP/1.1" 200 10396 "http://www.mink-gmbh.de/index.php" "Mozilla/5.0 (Windows NT 6.1; rv:10.0.2) Gecko/20100101 Firefox/10.0.2"
89.247.120.214 - - [10/Mar/2012:14:09:17 +0100] "GET /js_contentserver24_greybox/AJS_fx.js HTTP/1.1" 200 3192 "http://www.mink-gmbh.de/index.php" "Mozilla/5.0 (Windows NT 6.1; rv:10.0.2) Gecko/20100101 Firefox/10.0.2"
89.247.120.214 - - [10/Mar/2012:14:09:17 +0100] "GET /js_contentserver24_greybox/gb_scripts.js HTTP/1.1" 200 11913 "http://www.mink-gmbh.de/index.php" "Mozilla/5.0 (Windows NT 6.1; rv:10.0.2) Gecko/20100101 Firefox/10.0.2"
89.247.120.214 - - [10/Mar/2012:14:09:17 +0100] "GET /images/tkw.jpg HTTP/1.1" 200 64031 "http://www.mink-gmbh.de/index.php" "Mozilla/5.0 (Windows NT 6.1; rv:10.0.2) Gecko/20100101 Firefox/10.0.2"
89.247.120.214 - - [10/Mar/2012:14:09:16 +0100] "GET /index.php HTTP/1.1" 200 12318 "-" "Mozilla/5.0 (Windows NT 6.1; rv:10.0.2) Gecko/20100101 Firefox/10.0.2"
89.247.120.214 - - [10/Mar/2012:14:09:17 +0100] "GET /images/freecall.jpg HTTP/1.1" 200 39195 "http://www.mink-gmbh.de/index.php" "Mozilla/5.0 (Windows NT 6.1; rv:10.0.2) Gecko/20100101 Firefox/10.0.2"
89.247.120.214 - - [10/Mar/2012:14:09:17 +0100] "GET /images/kwk.gif HTTP/1.1" 200 6403 "http://www.mink-gmbh.de/index.php" "Mozilla/5.0 (Windows NT 6.1; rv:10.0.2) Gecko/20100101 Firefox/10.0.2"
89.247.120.214 - - [10/Mar/2012:14:09:17 +0100] "GET /images/wunschpreis.jpg HTTP/1.1" 200 16767 "http://www.mink-gmbh.de/index.php" "Mozilla/5.0 (Windows NT 6.1; rv:10.0.2) Gecko/20100101 Firefox/10.0.2"
89.247.120.214 - - [10/Mar/2012:14:09:17 +0100] "GET /images/logos.jpg HTTP/1.1" 200 15002 "http://www.mink-gmbh.de/index.php" "Mozilla/5.0 (Windows NT 6.1; rv:10.0.2) Gecko/20100101 Firefox/10.0.2"
89.247.120.214 - - [10/Mar/2012:14:09:18 +0100] "GET /js_contentserver24_greybox/w_close.gif HTTP/1.1" 200 74 "http://www.mink-gmbh.de/index.php" "Mozilla/5.0 (Windows NT 6.1; rv:10.0.2) Gecko/20100101 Firefox/10.0.2"
89.247.120.214 - - [10/Mar/2012:14:09:18 +0100] "GET /images/bg.jpg HTTP/1.1" 200 345 "http://www.mink-gmbh.de/style.css" "Mozilla/5.0 (Windows NT 6.1; rv:10.0.2) Gecko/20100101 Firefox/10.0.2"
89.247.120.214 - - [10/Mar/2012:14:09:18 +0100] "GET /images/wrapperbg.jpg HTTP/1.1" 200 27465 "http://www.mink-gmbh.de/style.css" "Mozilla/5.0 (Windows NT 6.1; rv:10.0.2) Gecko/20100101 Firefox/10.0.2"
89.247.120.214 - - [10/Mar/2012:14:09:18 +0100] "GET /images/header.jpg HTTP/1.1" 200 24413 "http://www.mink-gmbh.de/style.css" "Mozilla/5.0 (Windows NT 6.1; rv:10.0.2) Gecko/20100101 Firefox/10.0.2"
89.247.120.214 - - [10/Mar/2012:14:09:18 +0100] "GET /images/navibg.png HTTP/1.1" 200 2803 "http://www.mink-gmbh.de/style.css" "Mozilla/5.0 (Windows NT 6.1; rv:10.0.2) Gecko/20100101 Firefox/10.0.2"
89.247.120.214 - - [10/Mar/2012:14:09:18 +0100] "GET /images/fallend.png HTTP/1.1" 200 713 "http://www.mink-gmbh.de/modul.css" "Mozilla/5.0 (Windows NT 6.1; rv:10.0.2) Gecko/20100101 Firefox/10.0.2"
89.247.120.214 - - [10/Mar/2012:14:09:18 +0100] "GET /images/steigend.png HTTP/1.1" 200 688 "http://www.mink-gmbh.de/modul.css" "Mozilla/5.0 (Windows NT 6.1; rv:10.0.2) Gecko/20100101 Firefox/10.0.2"
89.247.120.214 - - [10/Mar/2012:14:09:18 +0100] "GET /images/mobil.jpg HTTP/1.1" 200 25293 "http://www.mink-gmbh.de/style.css" "Mozilla/5.0 (Windows NT 6.1; rv:10.0.2) Gecko/20100101 Firefox/10.0.2"
89.247.120.214 - - [10/Mar/2012:14:09:18 +0100] "GET /images/footerbg.jpg HTTP/1.1" 200 2184 "http://www.mink-gmbh.de/style.css" "Mozilla/5.0 (Windows NT 6.1; rv:10.0.2) Gecko/20100101 Firefox/10.0.2"
89.247.120.214 - - [10/Mar/2012:14:09:18 +0100] "GET /js_contentserver24_greybox/header_bg.gif HTTP/1.1" 200 1188 "http://www.mink-gmbh.de/index.php" "Mozilla/5.0 (Windows NT 6.1; rv:10.0.2) Gecko/20100101 Firefox/10.0.2"
89.247.120.214 - - [10/Mar/2012:14:09:18 +0100] "GET /js_contentserver24_greybox/g_close.gif HTTP/1.1" 200 541 "http://www.mink-gmbh.de/index.php" "Mozilla/5.0 (Windows NT 6.1; rv:10.0.2) Gecko/20100101 Firefox/10.0.2"
89.247.120.214 - - [10/Mar/2012:14:09:18 +0100] "GET /js_contentserver24_greybox/indicator.gif HTTP/1.1" 200 8238 "http://www.mink-gmbh.de/index.php" "Mozilla/5.0 (Windows NT 6.1; rv:10.0.2) Gecko/20100101 Firefox/10.0.2"
89.247.120.214 - - [10/Mar/2012:14:09:19 +0100] "GET /js_contentserver24_greybox/loader_frame.html?s=0 HTTP/1.1" 200 2084 "http://www.mink-gmbh.de/index.php" "Mozilla/5.0 (Windows NT 6.1; rv:10.0.2) Gecko/20100101 Firefox/10.0.2"
66.249.72.195 - - [10/Mar/2012:14:58:18 +0100] "GET /news.php?cs_go=archiv&cs_id=2871&cs_search= HTTP/1.1" 200 10631 "-" "Mozilla/5.0 (iPhone; U; CPU iPhone OS 4_1 like Mac OS X; en-us) AppleWebKit/532.9 (KHTML, like Gecko) Version/4.0.5 Mobile/8B117 Safari/6531.22.7 (compatible; Googlebot-Mobile/2.1; +http://www.google.com/bot.html)"
65.36.241.79 - - [10/Mar/2012:15:08:47 +0100] "HEAD / HTTP/1.1" 200 - "-" "InternetSeer.com"
176.9.66.13 - - [10/Mar/2012:15:09:31 +0100] "GET /standard.php HTTP/1.1" 200 6267 "-" "Mozilla/5.0 (Windows NT 5.1) AppleWebKit/535.1 (KHTML, like Gecko) Chrome/13.0.782.107 Safari/535.1"
208.115.111.75 - - [10/Mar/2012:15:14:37 +0100] "GET /robots.txt HTTP/1.1" 200 177 "-" "Mozilla/5.0 (compatible; Ezooms/1.0; ezooms.bot@gmail.com)"
123.125.71.16 - - [10/Mar/2012:15:35:24 +0100] "GET / HTTP/1.1" 200 12318 "-" "Mozilla/5.0 (compatible; Baiduspider/2.0; +http://www.baidu.com/search/spider.html)"
220.181.108.77 - - [10/Mar/2012:15:36:09 +0100] "GET / HTTP/1.1" 200 10444 "-" "Mozilla/5.0 (compatible; Baiduspider/2.0; +http://www.baidu.com/search/spider.html)"
95.108.128.242 - - [10/Mar/2012:16:24:15 +0100] "GET / HTTP/1.1" 200 12318 "-" "Mozilla/5.0 (compatible; YandexBot/3.0; +http://yandex.com/bots)"
66.249.72.195 - - [10/Mar/2012:16:30:28 +0100] "GET /news.php?cs_go=archiv&cs_id=2832&cs_search= HTTP/1.1" 200 6982 "-" "Mozilla/5.0 (compatible; Googlebot/2.1; +http://www.google.com/bot.html)"
123.125.71.23 - - [10/Mar/2012:16:35:52 +0100] "GET / HTTP/1.1" 200 10444 "-" "Mozilla/5.0 (compatible; Baiduspider/2.0; +http://www.baidu.com/search/spider.html)"
220.181.108.80 - - [10/Mar/2012:16:36:38 +0100] "GET / HTTP/1.1" 200 10444 "-" "Mozilla/5.0 (compatible; Baiduspider/2.0; +http://www.baidu.com/search/spider.html)"
76.72.167.164 - - [10/Mar/2012:16:46:37 +0100] "GET /robots.txt HTTP/1.0" 200 177 "-" "Mozilla/5.0 (compatible; MJ12bot/v1.4.2; http://www.majestic12.co.uk/bot.php?+)"
66.249.72.195 - - [10/Mar/2012:16:46:39 +0100] "GET /news.php?cs_go=archiv&cs_id=2764&cs_search= HTTP/1.1" 200 11190 "-" "Mozilla/5.0 (compatible; Googlebot/2.1; +http://www.google.com/bot.html)"
76.72.167.164 - - [10/Mar/2012:16:46:39 +0100] "GET / HTTP/1.0" 200 12318 "-" "Mozilla/5.0 (compatible; MJ12bot/v1.4.2; http://www.majestic12.co.uk/bot.php?+)"
89.16.157.99 - - [10/Mar/2012:17:12:39 +0100] "GET / HTTP/1.1" 200 2223 "http://www.gelbeseiten.de/yp/122/search.yp?sessionDataString=H4sIAAAAAAAAAEWHvQqCMQwAn8YxkCZp04%2Fs-po2ioKPU%2FqCbtF18e7s5HHfnUtbma2QgDgFESSCG5iFs7qlSsueWQAsjsQQjZ9v3Y3Kg45ipz1Hfs645XR%2F%2Ftzh7KnXU1PPLJjjb0c5ol1U3tPuSLpqgV0Elsh8j6bhOhgAAAA-e-e&at=yp&kindOfSearch=tradesearch&subject=berlin+gmbh&location=berlin&x=34&y=15&distance=-1&execute=Suchen&suggest_choose=on&rz=122" "Mozilla/5.0 (Windows NT 6.1; WOW64; rv:10.0.2) Gecko/20100101 Firefox/10.0.2"
217.225.126.78 - - [10/Mar/2012:18:35:25 +0100] "GET / HTTP/1.1" 200 12318 "-" "Mozilla/5.0 (Windows NT 6.1; rv:9.0.1) Gecko/20100101 Firefox/9.0.1"
217.225.126.78 - - [10/Mar/2012:18:35:26 +0100] "GET /style.css HTTP/1.1" 304 - "http://www.mink-gmbh.de/" "Mozilla/5.0 (Windows NT 6.1; rv:9.0.1) Gecko/20100101 Firefox/9.0.1"
217.225.126.78 - - [10/Mar/2012:18:35:26 +0100] "GET /modul.css HTTP/1.1" 304 - "http://www.mink-gmbh.de/" "Mozilla/5.0 (Windows NT 6.1; rv:9.0.1) Gecko/20100101 Firefox/9.0.1"
217.225.126.78 - - [10/Mar/2012:18:35:26 +0100] "GET /js_contentserver24_greybox/gb_styles.css HTTP/1.1" 304 - "http://www.mink-gmbh.de/" "Mozilla/5.0 (Windows NT 6.1; rv:9.0.1) Gecko/20100101 Firefox/9.0.1"
217.225.126.78 - - [10/Mar/2012:18:35:26 +0100] "GET /js_contentserver24_greybox/AJS_fx.js HTTP/1.1" 304 - "http://www.mink-gmbh.de/" "Mozilla/5.0 (Windows NT 6.1; rv:9.0.1) Gecko/20100101 Firefox/9.0.1"
217.225.126.78 - - [10/Mar/2012:18:35:26 +0100] "GET /js_contentserver24_greybox/AJS.js HTTP/1.1" 304 - "http://www.mink-gmbh.de/" "Mozilla/5.0 (Windows NT 6.1; rv:9.0.1) Gecko/20100101 Firefox/9.0.1"
217.225.126.78 - - [10/Mar/2012:18:35:26 +0100] "GET /js_contentserver24_greybox/gb_scripts.js HTTP/1.1" 304 - "http://www.mink-gmbh.de/" "Mozilla/5.0 (Windows NT 6.1; rv:9.0.1) Gecko/20100101 Firefox/9.0.1"
217.225.126.78 - - [10/Mar/2012:18:35:26 +0100] "GET /images/freecall.jpg HTTP/1.1" 304 - "http://www.mink-gmbh.de/" "Mozilla/5.0 (Windows NT 6.1; rv:9.0.1) Gecko/20100101 Firefox/9.0.1"
217.225.126.78 - - [10/Mar/2012:18:35:27 +0100] "GET /js_contentserver24_greybox/w_close.gif HTTP/1.1" 304 - "http://www.mink-gmbh.de/" "Mozilla/5.0 (Windows NT 6.1; rv:9.0.1) Gecko/20100101 Firefox/9.0.1"
217.225.126.78 - - [10/Mar/2012:18:35:27 +0100] "GET /images/mobil.jpg HTTP/1.1" 304 - "http://www.mink-gmbh.de/style.css" "Mozilla/5.0 (Windows NT 6.1; rv:9.0.1) Gecko/20100101 Firefox/9.0.1"
217.225.126.78 - - [10/Mar/2012:18:35:27 +0100] "GET /js_contentserver24_greybox/header_bg.gif HTTP/1.1" 304 - "http://www.mink-gmbh.de/" "Mozilla/5.0 (Windows NT 6.1; rv:9.0.1) Gecko/20100101 Firefox/9.0.1"
217.225.126.78 - - [10/Mar/2012:18:35:27 +0100] "GET /js_contentserver24_greybox/loader_frame.html?s=0 HTTP/1.1" 304 - "http://www.mink-gmbh.de/" "Mozilla/5.0 (Windows NT 6.1; rv:9.0.1) Gecko/20100101 Firefox/9.0.1"
217.225.126.78 - - [10/Mar/2012:18:35:27 +0100] "GET /js_contentserver24_greybox/indicator.gif HTTP/1.1" 304 - "http://www.mink-gmbh.de/js_contentserver24_greybox/loader_frame.html?s=0" "Mozilla/5.0 (Windows NT 6.1; rv:9.0.1) Gecko/20100101 Firefox/9.0.1"
217.225.126.78 - - [10/Mar/2012:18:35:28 +0100] "GET /js_contentserver24_greybox/g_close.gif HTTP/1.1" 304 - "http://www.mink-gmbh.de/" "Mozilla/5.0 (Windows NT 6.1; rv:9.0.1) Gecko/20100101 Firefox/9.0.1"
217.225.126.78 - - [10/Mar/2012:18:35:46 +0100] "GET /news.php?cs_go=archiv&cs_id=2887 HTTP/1.1" 200 10473 "http://www.mink-gmbh.de/" "Mozilla/5.0 (Windows NT 6.1; rv:9.0.1) Gecko/20100101 Firefox/9.0.1"
217.225.126.78 - - [10/Mar/2012:18:36:04 +0100] "GET /preisanfrage.php HTTP/1.1" 200 7759 "http://www.mink-gmbh.de/news.php?cs_go=archiv&cs_id=2887" "Mozilla/5.0 (Windows NT 6.1; rv:9.0.1) Gecko/20100101 Firefox/9.0.1"
208.115.111.75 - - [10/Mar/2012:19:27:30 +0100] "GET /robots.txt HTTP/1.1" 200 177 "-" "Mozilla/5.0 (compatible; Ezooms/1.0; ezooms.bot@gmail.com)"
65.36.241.79 - - [10/Mar/2012:20:11:42 +0100] "HEAD / HTTP/1.1" 200 - "-" "InternetSeer.com"
46.4.79.76 - - [10/Mar/2012:20:49:01 +0100] "GET /index.php HTTP/1.1" 200 12318 "-" "Mozilla/5.0 (Windows NT 5.1) AppleWebKit/535.1 (KHTML, like Gecko) Chrome/13.0.782.107 Safari/535.1"
78.46.97.118 - - [10/Mar/2012:21:01:51 +0100] "GET /index.php HTTP/1.1" 200 12318 "-" "Mozilla/5.0 (Windows NT 5.1) AppleWebKit/535.1 (KHTML, like Gecko) Chrome/13.0.782.107 Safari/535.1"
195.50.168.2 - - [10/Mar/2012:21:02:02 +0100] "GET /robots.txt HTTP/1.0" 200 177 "-" "htdig"
195.50.168.2 - - [10/Mar/2012:21:03:28 +0100] "GET / HTTP/1.0" 200 12318 "http://www.vip-repro.de/EDV/referenzen.php" "htdig"
195.50.168.2 - - [10/Mar/2012:21:03:37 +0100] "GET / HTTP/1.0" 200 12318 "http://www.vip-plot.de/EDV/referenzen.php" "htdig"
195.50.168.2 - - [10/Mar/2012:21:04:59 +0100] "GET /index.php HTTP/1.0" 200 11668 "http://www.mink-gmbh.de/" "htdig"
195.50.168.2 - - [10/Mar/2012:21:05:02 +0100] "GET /standard.php HTTP/1.0" 200 6267 "http://www.mink-gmbh.de/" "htdig"
195.50.168.2 - - [10/Mar/2012:21:05:05 +0100] "GET /wunschpreis.php HTTP/1.0" 200 9130 "http://www.mink-gmbh.de/" "htdig"
195.50.168.2 - - [10/Mar/2012:21:05:17 +0100] "GET /preisanfrage.php HTTP/1.0" 200 7759 "http://www.mink-gmbh.de/" "htdig"
195.50.168.2 - - [10/Mar/2012:21:05:20 +0100] "GET /news.php HTTP/1.0" 200 19275 "http://www.mink-gmbh.de/" "htdig"
195.50.168.2 - - [10/Mar/2012:21:05:26 +0100] "GET /kontakt.php HTTP/1.0" 200 6250 "http://www.mink-gmbh.de/" "htdig"
195.50.168.2 - - [10/Mar/2012:21:05:30 +0100] "GET /impressum.php HTTP/1.0" 200 5623 "http://www.mink-gmbh.de/" "htdig"
195.50.168.2 - - [10/Mar/2012:21:05:40 +0100] "GET /index.php HTTP/1.0" 200 11668 "http://www.mink-gmbh.de/" "htdig"
195.50.168.2 - - [10/Mar/2012:21:05:41 +0100] "GET /news.php?cs_go=archiv&cs_id=2887 HTTP/1.0" 200 10473 "http://www.mink-gmbh.de/" "htdig"
195.50.168.2 - - [10/Mar/2012:21:05:49 +0100] "GET /standard.php HTTP/1.0" 200 6267 "http://www.mink-gmbh.de/" "htdig"
195.50.168.2 - - [10/Mar/2012:21:05:52 +0100] "GET /wunschpreis.php HTTP/1.0" 200 9130 "http://www.mink-gmbh.de/" "htdig"
195.50.168.2 - - [10/Mar/2012:21:05:54 +0100] "GET /news.php?cs_go=archiv&cs_id=2879 HTTP/1.0" 200 10494 "http://www.mink-gmbh.de/" "htdig"
195.50.168.2 - - [10/Mar/2012:21:05:54 +0100] "GET /preisanfrage.php HTTP/1.0" 200 7759 "http://www.mink-gmbh.de/" "htdig"
195.50.168.2 - - [10/Mar/2012:21:05:56 +0100] "GET /news.php?cs_go=archiv&cs_id=2889 HTTP/1.0" 200 10637 "http://www.mink-gmbh.de/" "htdig"
195.50.168.2 - - [10/Mar/2012:21:05:58 +0100] "GET /news.php HTTP/1.0" 200 19275 "http://www.mink-gmbh.de/" "htdig"
195.50.168.2 - - [10/Mar/2012:21:06:00 +0100] "GET /news.php?cs_go=archiv&cs_id=2854 HTTP/1.0" 200 11441 "http://www.mink-gmbh.de/" "htdig"
195.50.168.2 - - [10/Mar/2012:21:06:01 +0100] "GET /kontakt.php HTTP/1.0" 200 6250 "http://www.mink-gmbh.de/" "htdig"
195.50.168.2 - - [10/Mar/2012:21:06:04 +0100] "GET /impressum.php HTTP/1.0" 200 5623 "http://www.mink-gmbh.de/" "htdig"
195.50.168.2 - - [10/Mar/2012:21:06:04 +0100] "GET /news.php?cs_go=archiv HTTP/1.0" 200 19275 "http://www.mink-gmbh.de/" "htdig"
195.50.168.2 - - [10/Mar/2012:21:06:06 +0100] "GET /news.php?cs_go=archiv&cs_id=2887 HTTP/1.0" 200 10473 "http://www.mink-gmbh.de/" "htdig"
195.50.168.2 - - [10/Mar/2012:21:06:07 +0100] "GET /rueckrufservice.php HTTP/1.0" 200 7739 "http://www.mink-gmbh.de/" "htdig"
195.50.168.2 - - [10/Mar/2012:21:06:09 +0100] "GET /news.php?cs_go=archiv&cs_id=2879 HTTP/1.0" 200 10494 "http://www.mink-gmbh.de/" "htdig"
195.50.168.2 - - [10/Mar/2012:21:06:10 +0100] "GET /kwk.php HTTP/1.0" 200 7852 "http://www.mink-gmbh.de/" "htdig"
195.50.168.2 - - [10/Mar/2012:21:06:12 +0100] "GET /news.php?cs_go=archiv&cs_id=2889 HTTP/1.0" 200 10637 "http://www.mink-gmbh.de/" "htdig"
195.50.168.2 - - [10/Mar/2012:21:06:13 +0100] "GET /optiplus.php HTTP/1.0" 200 8128 "http://www.mink-gmbh.de/" "htdig"
195.50.168.2 - - [10/Mar/2012:21:06:30 +0100] "GET /agb.php HTTP/1.0" 200 16832 "http://www.mink-gmbh.de/" "htdig"
195.50.168.2 - - [10/Mar/2012:21:06:31 +0100] "GET /news.php?cs_go=archiv&cs_id=2854 HTTP/1.0" 200 11441 "http://www.mink-gmbh.de/" "htdig"
195.50.168.2 - - [10/Mar/2012:21:06:33 +0100] "GET /news.php?cs_go=archiv HTTP/1.0" 200 19275 "http://www.mink-gmbh.de/" "htdig"
195.50.168.2 - - [10/Mar/2012:21:06:37 +0100] "GET /rueckrufservice.php HTTP/1.0" 200 7739 "http://www.mink-gmbh.de/" "htdig"
195.50.168.2 - - [10/Mar/2012:21:06:43 +0100] "GET /kwk.php HTTP/1.0" 200 7852 "http://www.mink-gmbh.de/" "htdig"
195.50.168.2 - - [10/Mar/2012:21:06:45 +0100] "GET /optiplus.php HTTP/1.0" 200 8128 "http://www.mink-gmbh.de/" "htdig"
195.50.168.2 - - [10/Mar/2012:21:06:49 +0100] "GET /agb.php HTTP/1.0" 200 16832 "http://www.mink-gmbh.de/" "htdig"
93.198.47.117 - - [10/Mar/2012:21:53:47 +0100] "GET /lexikon.php HTTP/1.1" 200 7464 "-" "findlinks/2.0.2 (+http://wortschatz.uni-leipzig.de/findlinks/)"
93.198.47.117 - - [10/Mar/2012:21:55:41 +0100] "GET /lexikon.php?cs_go=3&cs_id=49 HTTP/1.1" 200 6136 "-" "findlinks/2.0.2 (+http://wortschatz.uni-leipzig.de/findlinks/)"
95.108.128.242 - - [10/Mar/2012:22:05:21 +0100] "GET /index.php HTTP/1.1" 200 12318 "-" "Mozilla/5.0 (compatible; YandexBot/3.0; +http://yandex.com/bots)"
76.72.167.164 - - [10/Mar/2012:22:44:24 +0100] "GET /robots.txt HTTP/1.0" 200 177 "-" "Mozilla/5.0 (compatible; MJ12bot/v1.4.2; http://www.majestic12.co.uk/bot.php?+)"
76.72.167.164 - - [10/Mar/2012:22:44:26 +0100] "GET /agb.php HTTP/1.0" 200 16832 "-" "Mozilla/5.0 (compatible; MJ12bot/v1.4.2; http://www.majestic12.co.uk/bot.php?+)"
76.72.167.164 - - [10/Mar/2012:22:44:27 +0100] "GET /news.php?cs_go=archiv&cs_id=2678 HTTP/1.0" 200 7008 "-" "Mozilla/5.0 (compatible; MJ12bot/v1.4.2; http://www.majestic12.co.uk/bot.php?+)"
76.72.167.164 - - [10/Mar/2012:22:44:30 +0100] "GET /news.php?cs_go=archiv&cs_id=2679 HTTP/1.0" 200 7704 "-" "Mozilla/5.0 (compatible; MJ12bot/v1.4.2; http://www.majestic12.co.uk/bot.php?+)"
76.72.167.164 - - [10/Mar/2012:22:44:31 +0100] "GET /news.php?cs_go=archiv&cs_id=2680 HTTP/1.0" 200 10650 "-" "Mozilla/5.0 (compatible; MJ12bot/v1.4.2; http://www.majestic12.co.uk/bot.php?+)"
76.72.167.164 - - [10/Mar/2012:22:44:33 +0100] "GET /news.php?cs_go=archiv&cs_id=2681 HTTP/1.0" 200 7191 "-" "Mozilla/5.0 (compatible; MJ12bot/v1.4.2; http://www.majestic12.co.uk/bot.php?+)"
76.72.167.164 - - [10/Mar/2012:22:44:36 +0100] "GET /news.php?cs_go=archiv&cs_id=2682 HTTP/1.0" 200 7621 "-" "Mozilla/5.0 (compatible; MJ12bot/v1.4.2; http://www.majestic12.co.uk/bot.php?+)"
76.72.167.164 - - [10/Mar/2012:22:44:39 +0100] "GET /news.php?cs_go=archiv&cs_id=2683 HTTP/1.0" 200 10592 "-" "Mozilla/5.0 (compatible; MJ12bot/v1.4.2; http://www.majestic12.co.uk/bot.php?+)"
76.72.167.164 - - [10/Mar/2012:22:44:41 +0100] "GET /news.php?cs_go=archiv&cs_id=2684 HTTP/1.0" 200 7038 "-" "Mozilla/5.0 (compatible; MJ12bot/v1.4.2; http://www.majestic12.co.uk/bot.php?+)"
76.72.167.164 - - [10/Mar/2012:22:44:43 +0100] "GET /news.php?cs_go=archiv&cs_id=2685 HTTP/1.0" 200 6683 "-" "Mozilla/5.0 (compatible; MJ12bot/v1.4.2; http://www.majestic12.co.uk/bot.php?+)"
76.72.167.164 - - [10/Mar/2012:22:44:45 +0100] "GET /news.php?cs_go=archiv&cs_id=2686 HTTP/1.0" 200 7161 "-" "Mozilla/5.0 (compatible; MJ12bot/v1.4.2; http://www.majestic12.co.uk/bot.php?+)"
76.72.167.164 - - [10/Mar/2012:22:44:46 +0100] "GET /news.php?cs_go=archiv&cs_id=2687 HTTP/1.0" 200 7281 "-" "Mozilla/5.0 (compatible; MJ12bot/v1.4.2; http://www.majestic12.co.uk/bot.php?+)"
76.72.167.164 - - [10/Mar/2012:22:44:48 +0100] "GET /news.php?cs_go=archiv&cs_id=2688 HTTP/1.0" 200 10889 "-" "Mozilla/5.0 (compatible; MJ12bot/v1.4.2; http://www.majestic12.co.uk/bot.php?+)"
76.72.167.164 - - [10/Mar/2012:22:44:50 +0100] "GET /news.php?cs_go=archiv&cs_id=2689 HTTP/1.0" 200 7340 "-" "Mozilla/5.0 (compatible; MJ12bot/v1.4.2; http://www.majestic12.co.uk/bot.php?+)"
76.72.167.164 - - [10/Mar/2012:22:44:51 +0100] "GET /news.php?cs_go=archiv&cs_id=2690 HTTP/1.0" 200 7442 "-" "Mozilla/5.0 (compatible; MJ12bot/v1.4.2; http://www.majestic12.co.uk/bot.php?+)"
76.72.167.164 - - [10/Mar/2012:22:44:53 +0100] "GET /news.php?cs_go=archiv&cs_id=2691 HTTP/1.0" 200 10904 "-" "Mozilla/5.0 (compatible; MJ12bot/v1.4.2; http://www.majestic12.co.uk/bot.php?+)"
123.125.71.13 - - [10/Mar/2012:23:33:55 +0100] "GET / HTTP/1.1" 200 6118 "-" "Mozilla/5.0 (compatible; Baiduspider/2.0; +http://www.baidu.com/search/spider.html)"
220.181.108.77 - - [10/Mar/2012:23:34:34 +0100] "GET / HTTP/1.1" 200 6118 "-" "Mozilla/5.0 (compatible; Baiduspider/2.0; +http://www.baidu.com/search/spider.html)"
208.115.111.75 - - [10/Mar/2012:23:48:49 +0100] "GET /robots.txt HTTP/1.1" 200 177 "-" "Mozilla/5.0 (compatible; Ezooms/1.0; ezooms.bot@gmail.com)"
46.4.79.75 - - [11/Mar/2012:00:00:20 +0100] "GET /wunschpreis.php HTTP/1.1" 200 9130 "-" "Mozilla/5.0 (Windows NT 5.1) AppleWebKit/535.1 (KHTML, like Gecko) Chrome/13.0.782.107 Safari/535.1"
176.9.66.13 - - [11/Mar/2012:00:12:46 +0100] "GET /wunschpreis.php HTTP/1.1" 200 9130 "-" "Mozilla/5.0 (Windows NT 5.1) AppleWebKit/535.1 (KHTML, like Gecko) Chrome/13.0.782.107 Safari/535.1"
95.223.17.101 - - [11/Mar/2012:00:22:12 +0100] "GET / HTTP/1.0" 200 12318 "http://handball.bfc-preussen.de/impressum/kontakt.php?id=webmaster" "htdig/20"
95.223.17.101 - - [11/Mar/2012:00:22:16 +0100] "GET /robots.txt HTTP/1.0" 200 177 "-" "htdig/20"
77.21.147.173 - - [11/Mar/2012:00:23:21 +0100] "GET /faq.php HTTP/1.1" 200 170744 "-" "findlinks/2.0.2 (+http://wortschatz.uni-leipzig.de/findlinks/)"
65.36.241.79 - - [11/Mar/2012:00:25:00 +0100] "HEAD / HTTP/1.1" 200 - "-" "InternetSeer.com"
46.4.79.76 - - [11/Mar/2012:01:28:35 +0100] "GET /faq.php HTTP/1.1" 200 182879 "-" "Mozilla/5.0 (Windows NT 5.1) AppleWebKit/535.1 (KHTML, like Gecko) Chrome/13.0.782.107 Safari/535.1"
65.52.110.34 - - [11/Mar/2012:02:04:59 +0100] "GET /robots.txt HTTP/1.1" 200 177 "-" "Mozilla/5.0 (compatible; bingbot/2.0; +http://www.bing.com/bingbot.htm)"
65.52.110.34 - - [11/Mar/2012:02:05:20 +0100] "GET / HTTP/1.1" 200 12318 "-" "Mozilla/5.0 (compatible; bingbot/2.0; +http://www.bing.com/bingbot.htm)"
46.4.79.73 - - [11/Mar/2012:02:38:20 +0100] "GET /impressum.php HTTP/1.1" 200 5623 "-" "Mozilla/5.0 (Windows NT 5.1) AppleWebKit/535.1 (KHTML, like Gecko) Chrome/13.0.782.107 Safari/535.1"
65.52.110.34 - - [11/Mar/2012:02:46:50 +0100] "GET / HTTP/1.1" 200 12318 "-" "Mozilla/5.0 (compatible; bingbot/2.0; +http://www.bing.com/bingbot.htm)"
66.249.72.195 - - [11/Mar/2012:02:48:34 +0100] "GET /news.php HTTP/1.1" 200 19275 "-" "Mozilla/5.0 (compatible; Googlebot/2.1; +http://www.google.com/bot.html)"
66.249.72.195 - - [11/Mar/2012:03:08:00 +0100] "GET /news.php?cs_go=archiv&cs_id=2887&cs_search= HTTP/1.1" 200 10473 "-" "Mozilla/5.0 (compatible; Googlebot/2.1; +http://www.google.com/bot.html)"
208.115.111.75 - - [11/Mar/2012:03:20:38 +0100] "GET /robots.txt HTTP/1.1" 200 177 "-" "Mozilla/5.0 (compatible; Ezooms/1.0; ezooms.bot@gmail.com)"
123.125.71.25 - - [11/Mar/2012:03:34:15 +0100] "GET / HTTP/1.1" 200 10444 "-" "Mozilla/5.0 (compatible; Baiduspider/2.0; +http://www.baidu.com/search/spider.html)"
220.181.108.89 - - [11/Mar/2012:03:34:51 +0100] "GET / HTTP/1.1" 200 6118 "-" "Mozilla/5.0 (compatible; Baiduspider/2.0; +http://www.baidu.com/search/spider.html)"
66.249.72.195 - - [11/Mar/2012:03:37:31 +0100] "GET /index.php HTTP/1.1" 200 12318 "-" "Mozilla/5.0 (compatible; Googlebot/2.1; +http://www.google.com/bot.html)"
208.115.111.75 - - [11/Mar/2012:03:39:55 +0100] "GET / HTTP/1.1" 200 12318 "-" "Mozilla/5.0 (compatible; Ezooms/1.0; ezooms.bot@gmail.com)"
176.9.66.16 - - [11/Mar/2012:03:47:41 +0100] "GET /kontakt.php HTTP/1.1" 200 6250 "-" "Mozilla/5.0 (Windows NT 5.1) AppleWebKit/535.1 (KHTML, like Gecko) Chrome/13.0.782.107 Safari/535.1"
139.18.2.209 - - [11/Mar/2012:04:48:29 +0100] "GET /optiplus.php HTTP/1.1" 200 8128 "-" "findlinks/2.0.1 (+http://wortschatz.uni-leipzig.de/findlinks/)"
176.9.0.12 - - [11/Mar/2012:04:53:43 +0100] "GET /robots.txt HTTP/1.1" 200 177 "-" "Pixray-Seeker/1.1 (Pixray-Seeker; http://www.pixray.com/pixraybot; crawler@pixray.com)"
176.9.0.12 - - [11/Mar/2012:04:53:43 +0100] "GET /news.php?cs_go=archiv&cs_id=1855&cs_search= HTTP/1.1" 200 6621 "-" "Pixray-Seeker/1.1 (Pixray-Seeker; http://www.pixray.com/pixraybot; crawler@pixray.com)"
176.9.0.12 - - [11/Mar/2012:04:53:49 +0100] "GET /news.php?cs_go=archiv&cs_startpos=281 HTTP/1.1" 200 20090 "-" "Pixray-Seeker/1.1 (Pixray-Seeker; http://www.pixray.com/pixraybot; crawler@pixray.com)"
65.36.241.79 - - [11/Mar/2012:04:59:21 +0100] "HEAD / HTTP/1.1" 200 - "-" "InternetSeer.com"
139.18.2.17 - - [11/Mar/2012:06:42:37 +0100] "GET /kwk.php HTTP/1.1" 200 7852 "-" "findlinks/2.1.5 (+http://wortschatz.uni-leipzig.de/findlinks/)"
66.249.72.195 - - [11/Mar/2012:06:51:17 +0100] "GET /robots.txt HTTP/1.1" 200 177 "-" "Mozilla/5.0 (compatible; Googlebot/2.1; +http://www.google.com/bot.html)"
66.249.72.195 - - [11/Mar/2012:06:51:18 +0100] "GET /news.php?cs_go=archiv HTTP/1.1" 200 19275 "-" "Mozilla/5.0 (compatible; Googlebot/2.1; +http://www.google.com/bot.html)"
130.83.167.153 - - [11/Mar/2012:06:59:36 +0100] "GET /wunschpreis.php HTTP/1.1" 200 9130 "-" "findlinks/2.1.5 (+http://wortschatz.uni-leipzig.de/findlinks/)"
66.249.72.195 - - [11/Mar/2012:07:07:37 +0100] "GET /news.php?cs_go=archiv&cs_id=2880 HTTP/1.1" 200 7151 "-" "Mozilla/5.0 (compatible; Googlebot/2.1; +http://www.google.com/bot.html)"
109.93.189.2 - - [11/Mar/2012:07:16:20 +0100] "GET / HTTP/1.1" 200 12351 "-" "Mozilla/5.0 (X11; U; Linux i686; en-US; rv:1.9.0.1) Gecko/2008071615 Fedora/3.0.1-1.fc9 Firefox/3.0.1"
109.93.189.2 - - [11/Mar/2012:07:16:25 +0100] "GET /kontakt.php HTTP/1.1" 200 6250 "-" "Mozilla/5.0 (X11; U; Linux i686; en-US; rv:1.9.0.1) Gecko/2008071615 Fedora/3.0.1-1.fc9 Firefox/3.0.1"
109.93.189.2 - - [11/Mar/2012:07:16:28 +0100] "GET /impressum.php HTTP/1.1" 200 5623 "-" "Mozilla/5.0 (X11; U; Linux i686; en-US; rv:1.9.0.1) Gecko/2008071615 Fedora/3.0.1-1.fc9 Firefox/3.0.1"
176.9.66.13 - - [11/Mar/2012:07:20:54 +0100] "GET /kwk.php?cs_go=1 HTTP/1.1" 200 7852 "-" "Mozilla/5.0 (Windows NT 5.1) AppleWebKit/535.1 (KHTML, like Gecko) Chrome/13.0.782.107 Safari/535.1"
66.249.72.195 - - [11/Mar/2012:07:21:54 +0100] "GET /news.php?cs_go=archiv&cs_id=2875 HTTP/1.1" 200 7847 "-" "Mozilla/5.0 (compatible; Googlebot/2.1; +http://www.google.com/bot.html)"
123.125.71.22 - - [11/Mar/2012:07:40:11 +0100] "GET / HTTP/1.1" 200 6151 "-" "Mozilla/5.0 (compatible; Baiduspider/2.0; +http://www.baidu.com/search/spider.html)"
220.181.108.77 - - [11/Mar/2012:07:41:02 +0100] "GET / HTTP/1.1" 200 6151 "-" "Mozilla/5.0 (compatible; Baiduspider/2.0; +http://www.baidu.com/search/spider.html)"
220.181.108.179 - - [11/Mar/2012:07:46:56 +0100] "GET /images/logos.jpg HTTP/1.1" 200 15002 "-" "Baiduspider-image+(+http://www.baidu.com/search/spider.htm)"
66.249.72.195 - - [11/Mar/2012:07:55:03 +0100] "GET /kontakt.php HTTP/1.1" 200 6250 "-" "Mozilla/5.0 (iPhone; U; CPU iPhone OS 4_1 like Mac OS X; en-us) AppleWebKit/532.9 (KHTML, like Gecko) Version/4.0.5 Mobile/8B117 Safari/6531.22.7 (compatible; Googlebot-Mobile/2.1; +http://www.google.com/bot.html)"
78.46.102.249 - - [11/Mar/2012:08:14:04 +0100] "GET /kwk.php?cs_go=2 HTTP/1.1" 200 4773 "-" "Mozilla/5.0 (Windows NT 5.1) AppleWebKit/535.1 (KHTML, like Gecko) Chrome/13.0.782.107 Safari/535.1"
88.198.69.242 - - [11/Mar/2012:08:23:17 +0100] "GET /kwk.php?cs_go=2 HTTP/1.1" 200 8823 "-" "Mozilla/5.0 (Windows NT 5.1) AppleWebKit/535.1 (KHTML, like Gecko) Chrome/13.0.782.107 Safari/535.1"
46.4.79.75 - - [11/Mar/2012:09:30:13 +0100] "GET /energiesparcheck.php HTTP/1.1" 200 10527 "-" "Mozilla/5.0 (Windows NT 5.1) AppleWebKit/535.1 (KHTML, like Gecko) Chrome/13.0.782.107 Safari/535.1"
46.4.79.75 - - [11/Mar/2012:09:30:14 +0100] "GET /kwk.php?cs_go=3 HTTP/1.1" 200 7253 "-" "Mozilla/5.0 (Windows NT 5.1) AppleWebKit/535.1 (KHTML, like Gecko) Chrome/13.0.782.107 Safari/535.1"
93.198.47.117 - - [11/Mar/2012:09:41:38 +0100] "GET /rueckrufservice.php HTTP/1.1" 200 7739 "-" "findlinks/2.0.2 (+http://wortschatz.uni-leipzig.de/findlinks/)"
95.108.128.242 - - [11/Mar/2012:09:44:03 +0100] "GET /robots.txt HTTP/1.1" 200 177 "-" "Mozilla/5.0 (compatible; YandexBot/3.0; +http://yandex.com/bots)"
123.125.71.13 - - [11/Mar/2012:10:39:18 +0100] "GET / HTTP/1.1" 200 12351 "-" "Mozilla/5.0 (compatible; Baiduspider/2.0; +http://www.baidu.com/search/spider.html)"
220.181.108.97 - - [11/Mar/2012:10:39:56 +0100] "GET / HTTP/1.1" 200 10477 "-" "Mozilla/5.0 (compatible; Baiduspider/2.0; +http://www.baidu.com/search/spider.html)"
65.36.241.79 - - [11/Mar/2012:11:03:05 +0100] "HEAD / HTTP/1.1" 200 - "-" "InternetSeer.com"
123.125.71.34 - - [11/Mar/2012:11:34:12 +0100] "GET / HTTP/1.1" 200 10477 "-" "Mozilla/5.0 (compatible; Baiduspider/2.0; +http://www.baidu.com/search/spider.html)"
220.181.108.96 - - [11/Mar/2012:11:34:49 +0100] "GET / HTTP/1.1" 200 6151 "-" "Mozilla/5.0 (compatible; Baiduspider/2.0; +http://www.baidu.com/search/spider.html)"
208.115.113.91 - - [11/Mar/2012:12:11:17 +0100] "GET /robots.txt HTTP/1.1" 200 177 "-" "Mozilla/5.0 (compatible; Ezooms/1.0; ezooms.bot@gmail.com)"
89.247.29.48 - - [11/Mar/2012:12:30:23 +0100] "GET /style.css HTTP/1.1" 304 - "http://www.mink-gmbh.de/index.php" "Mozilla/5.0 (Windows NT 6.1; rv:10.0.2) Gecko/20100101 Firefox/10.0.2"
89.247.29.48 - - [11/Mar/2012:12:30:23 +0100] "GET /modul.css HTTP/1.1" 304 - "http://www.mink-gmbh.de/index.php" "Mozilla/5.0 (Windows NT 6.1; rv:10.0.2) Gecko/20100101 Firefox/10.0.2"
89.247.29.48 - - [11/Mar/2012:12:30:23 +0100] "GET /js_contentserver24_greybox/gb_styles.css HTTP/1.1" 304 - "http://www.mink-gmbh.de/index.php" "Mozilla/5.0 (Windows NT 6.1; rv:10.0.2) Gecko/20100101 Firefox/10.0.2"
89.247.29.48 - - [11/Mar/2012:12:30:23 +0100] "GET /js_contentserver24_greybox/AJS.js HTTP/1.1" 304 - "http://www.mink-gmbh.de/index.php" "Mozilla/5.0 (Windows NT 6.1; rv:10.0.2) Gecko/20100101 Firefox/10.0.2"
89.247.29.48 - - [11/Mar/2012:12:30:23 +0100] "GET /js_contentserver24_greybox/AJS_fx.js HTTP/1.1" 304 - "http://www.mink-gmbh.de/index.php" "Mozilla/5.0 (Windows NT 6.1; rv:10.0.2) Gecko/20100101 Firefox/10.0.2"
89.247.29.48 - - [11/Mar/2012:12:30:23 +0100] "GET /js_contentserver24_greybox/gb_scripts.js HTTP/1.1" 304 - "http://www.mink-gmbh.de/index.php" "Mozilla/5.0 (Windows NT 6.1; rv:10.0.2) Gecko/20100101 Firefox/10.0.2"
89.247.29.48 - - [11/Mar/2012:12:30:23 +0100] "GET /js_contentserver24_greybox/w_close.gif HTTP/1.1" 304 - "http://www.mink-gmbh.de/index.php" "Mozilla/5.0 (Windows NT 6.1; rv:10.0.2) Gecko/20100101 Firefox/10.0.2"
89.247.29.48 - - [11/Mar/2012:12:30:23 +0100] "GET /index.php HTTP/1.1" 200 12351 "-" "Mozilla/5.0 (Windows NT 6.1; rv:10.0.2) Gecko/20100101 Firefox/10.0.2"
89.247.29.48 - - [11/Mar/2012:12:30:24 +0100] "GET /images/freecall.jpg HTTP/1.1" 304 - "http://www.mink-gmbh.de/index.php" "Mozilla/5.0 (Windows NT 6.1; rv:10.0.2) Gecko/20100101 Firefox/10.0.2"
89.247.29.48 - - [11/Mar/2012:12:30:24 +0100] "GET /js_contentserver24_greybox/header_bg.gif HTTP/1.1" 304 - "http://www.mink-gmbh.de/index.php" "Mozilla/5.0 (Windows NT 6.1; rv:10.0.2) Gecko/20100101 Firefox/10.0.2"
89.247.29.48 - - [11/Mar/2012:12:30:24 +0100] "GET /js_contentserver24_greybox/g_close.gif HTTP/1.1" 304 - "http://www.mink-gmbh.de/index.php" "Mozilla/5.0 (Windows NT 6.1; rv:10.0.2) Gecko/20100101 Firefox/10.0.2"
89.247.29.48 - - [11/Mar/2012:12:30:24 +0100] "GET /js_contentserver24_greybox/indicator.gif HTTP/1.1" 304 - "http://www.mink-gmbh.de/index.php" "Mozilla/5.0 (Windows NT 6.1; rv:10.0.2) Gecko/20100101 Firefox/10.0.2"
89.247.29.48 - - [11/Mar/2012:12:30:24 +0100] "GET /js_contentserver24_greybox/loader_frame.html?s=0 HTTP/1.1" 304 - "http://www.mink-gmbh.de/index.php" "Mozilla/5.0 (Windows NT 6.1; rv:10.0.2) Gecko/20100101 Firefox/10.0.2"
94.222.207.152 - - [11/Mar/2012:12:32:41 +0100] "GET /style.css HTTP/1.1" 200 7471 "http://www.mink-gmbh.de/index.php" "Mozilla/5.0 (Windows NT 6.1; WOW64; rv:10.0.2) Gecko/20100101 Firefox/10.0.2"
94.222.207.152 - - [11/Mar/2012:12:32:41 +0100] "GET /modul.css HTTP/1.1" 200 35038 "http://www.mink-gmbh.de/index.php" "Mozilla/5.0 (Windows NT 6.1; WOW64; rv:10.0.2) Gecko/20100101 Firefox/10.0.2"
94.222.207.152 - - [11/Mar/2012:12:32:41 +0100] "GET /favicon.ico HTTP/1.1" 200 3638 "-" "Mozilla/5.0 (Windows NT 6.1; WOW64; rv:10.0.2) Gecko/20100101 Firefox/10.0.2"
94.222.207.152 - - [11/Mar/2012:12:32:41 +0100] "GET /js_contentserver24_greybox/gb_styles.css HTTP/1.1" 200 2302 "http://www.mink-gmbh.de/index.php" "Mozilla/5.0 (Windows NT 6.1; WOW64; rv:10.0.2) Gecko/20100101 Firefox/10.0.2"
94.222.207.152 - - [11/Mar/2012:12:32:41 +0100] "GET /js_contentserver24_greybox/AJS_fx.js HTTP/1.1" 200 3192 "http://www.mink-gmbh.de/index.php" "Mozilla/5.0 (Windows NT 6.1; WOW64; rv:10.0.2) Gecko/20100101 Firefox/10.0.2"
94.222.207.152 - - [11/Mar/2012:12:32:41 +0100] "GET /js_contentserver24_greybox/gb_scripts.js HTTP/1.1" 200 11913 "http://www.mink-gmbh.de/index.php" "Mozilla/5.0 (Windows NT 6.1; WOW64; rv:10.0.2) Gecko/20100101 Firefox/10.0.2"
94.222.207.152 - - [11/Mar/2012:12:32:41 +0100] "GET /js_contentserver24_greybox/AJS.js HTTP/1.1" 200 10396 "http://www.mink-gmbh.de/index.php" "Mozilla/5.0 (Windows NT 6.1; WOW64; rv:10.0.2) Gecko/20100101 Firefox/10.0.2"
94.222.207.152 - - [11/Mar/2012:12:32:41 +0100] "GET /images/bg.jpg HTTP/1.1" 200 345 "http://www.mink-gmbh.de/style.css" "Mozilla/5.0 (Windows NT 6.1; WOW64; rv:10.0.2) Gecko/20100101 Firefox/10.0.2"
94.222.207.152 - - [11/Mar/2012:12:32:41 +0100] "GET /js_contentserver24_greybox/w_close.gif HTTP/1.1" 200 74 "http://www.mink-gmbh.de/index.php" "Mozilla/5.0 (Windows NT 6.1; WOW64; rv:10.0.2) Gecko/20100101 Firefox/10.0.2"
94.222.207.152 - - [11/Mar/2012:12:32:41 +0100] "GET /images/wrapperbg.jpg HTTP/1.1" 200 27465 "http://www.mink-gmbh.de/style.css" "Mozilla/5.0 (Windows NT 6.1; WOW64; rv:10.0.2) Gecko/20100101 Firefox/10.0.2"
94.222.207.152 - - [11/Mar/2012:12:32:41 +0100] "GET /images/header.jpg HTTP/1.1" 200 24413 "http://www.mink-gmbh.de/style.css" "Mozilla/5.0 (Windows NT 6.1; WOW64; rv:10.0.2) Gecko/20100101 Firefox/10.0.2"
94.222.207.152 - - [11/Mar/2012:12:32:41 +0100] "GET /images/navibg.png HTTP/1.1" 200 2803 "http://www.mink-gmbh.de/style.css" "Mozilla/5.0 (Windows NT 6.1; WOW64; rv:10.0.2) Gecko/20100101 Firefox/10.0.2"
94.222.207.152 - - [11/Mar/2012:12:32:41 +0100] "GET /images/fallend.png HTTP/1.1" 200 713 "http://www.mink-gmbh.de/modul.css" "Mozilla/5.0 (Windows NT 6.1; WOW64; rv:10.0.2) Gecko/20100101 Firefox/10.0.2"
94.222.207.152 - - [11/Mar/2012:12:32:41 +0100] "GET /images/steigend.png HTTP/1.1" 200 688 "http://www.mink-gmbh.de/modul.css" "Mozilla/5.0 (Windows NT 6.1; WOW64; rv:10.0.2) Gecko/20100101 Firefox/10.0.2"
94.222.207.152 - - [11/Mar/2012:12:32:41 +0100] "GET /images/tkw.jpg HTTP/1.1" 200 64031 "http://www.mink-gmbh.de/index.php" "Mozilla/5.0 (Windows NT 6.1; WOW64; rv:10.0.2) Gecko/20100101 Firefox/10.0.2"
94.222.207.152 - - [11/Mar/2012:12:32:41 +0100] "GET /images/mobil.jpg HTTP/1.1" 200 25293 "http://www.mink-gmbh.de/style.css" "Mozilla/5.0 (Windows NT 6.1; WOW64; rv:10.0.2) Gecko/20100101 Firefox/10.0.2"
94.222.207.152 - - [11/Mar/2012:12:32:40 +0100] "GET /index.php HTTP/1.1" 200 12351 "-" "Mozilla/5.0 (Windows NT 6.1; WOW64; rv:10.0.2) Gecko/20100101 Firefox/10.0.2"
94.222.207.152 - - [11/Mar/2012:12:32:41 +0100] "GET /js_contentserver24_greybox/loader_frame.html?s=0 HTTP/1.1" 200 2084 "http://www.mink-gmbh.de/index.php" "Mozilla/5.0 (Windows NT 6.1; WOW64; rv:10.0.2) Gecko/20100101 Firefox/10.0.2"
94.222.207.152 - - [11/Mar/2012:12:32:41 +0100] "GET /js_contentserver24_greybox/header_bg.gif HTTP/1.1" 200 1188 "http://www.mink-gmbh.de/index.php" "Mozilla/5.0 (Windows NT 6.1; WOW64; rv:10.0.2) Gecko/20100101 Firefox/10.0.2"
94.222.207.152 - - [11/Mar/2012:12:32:41 +0100] "GET /js_contentserver24_greybox/indicator.gif HTTP/1.1" 200 8238 "http://www.mink-gmbh.de/js_contentserver24_greybox/loader_frame.html?s=0" "Mozilla/5.0 (Windows NT 6.1; WOW64; rv:10.0.2) Gecko/20100101 Firefox/10.0.2"
94.222.207.152 - - [11/Mar/2012:12:32:41 +0100] "GET /images/freecall.jpg HTTP/1.1" 200 39195 "http://www.mink-gmbh.de/index.php" "Mozilla/5.0 (Windows NT 6.1; WOW64; rv:10.0.2) Gecko/20100101 Firefox/10.0.2"
94.222.207.152 - - [11/Mar/2012:12:32:41 +0100] "GET /images/kwk.gif HTTP/1.1" 200 6403 "http://www.mink-gmbh.de/index.php" "Mozilla/5.0 (Windows NT 6.1; WOW64; rv:10.0.2) Gecko/20100101 Firefox/10.0.2"
94.222.207.152 - - [11/Mar/2012:12:32:41 +0100] "GET /images/logos.jpg HTTP/1.1" 200 15002 "http://www.mink-gmbh.de/index.php" "Mozilla/5.0 (Windows NT 6.1; WOW64; rv:10.0.2) Gecko/20100101 Firefox/10.0.2"
94.222.207.152 - - [11/Mar/2012:12:32:41 +0100] "GET /images/wunschpreis.jpg HTTP/1.1" 200 16767 "http://www.mink-gmbh.de/index.php" "Mozilla/5.0 (Windows NT 6.1; WOW64; rv:10.0.2) Gecko/20100101 Firefox/10.0.2"
94.222.207.152 - - [11/Mar/2012:12:32:42 +0100] "GET /images/footerbg.jpg HTTP/1.1" 200 2184 "http://www.mink-gmbh.de/style.css" "Mozilla/5.0 (Windows NT 6.1; WOW64; rv:10.0.2) Gecko/20100101 Firefox/10.0.2"
94.222.207.152 - - [11/Mar/2012:12:32:42 +0100] "GET /js_contentserver24_greybox/g_close.gif HTTP/1.1" 200 541 "http://www.mink-gmbh.de/index.php" "Mozilla/5.0 (Windows NT 6.1; WOW64; rv:10.0.2) Gecko/20100101 Firefox/10.0.2"
94.222.207.152 - - [11/Mar/2012:12:32:55 +0100] "GET /preisanfrage.php HTTP/1.1" 200 7759 "http://www.mink-gmbh.de/index.php" "Mozilla/5.0 (Windows NT 6.1; WOW64; rv:10.0.2) Gecko/20100101 Firefox/10.0.2"
94.222.207.152 - - [11/Mar/2012:12:32:59 +0100] "GET /standard.php HTTP/1.1" 200 6267 "http://www.mink-gmbh.de/preisanfrage.php" "Mozilla/5.0 (Windows NT 6.1; WOW64; rv:10.0.2) Gecko/20100101 Firefox/10.0.2"
94.222.207.152 - - [11/Mar/2012:12:33:00 +0100] "GET /wunschpreis.php HTTP/1.1" 200 9130 "http://www.mink-gmbh.de/standard.php" "Mozilla/5.0 (Windows NT 6.1; WOW64; rv:10.0.2) Gecko/20100101 Firefox/10.0.2"
94.222.207.152 - - [11/Mar/2012:12:33:02 +0100] "GET /index.php HTTP/1.1" 200 11701 "http://www.mink-gmbh.de/wunschpreis.php" "Mozilla/5.0 (Windows NT 6.1; WOW64; rv:10.0.2) Gecko/20100101 Firefox/10.0.2"
180.76.5.90 - - [11/Mar/2012:13:11:08 +0100] "GET / HTTP/1.1" 200 12354 "-" "Mozilla/5.0 (compatible; Baiduspider/2.0; +http://www.baidu.com/search/spider.html)"
208.115.113.91 - - [11/Mar/2012:13:24:53 +0100] "GET /news.php?cs_go=archiv&cs_id=2570 HTTP/1.1" 200 6403 "-" "Mozilla/5.0 (compatible; Ezooms/1.0; ezooms.bot@gmail.com)"
212.34.178.11 - - [11/Mar/2012:14:25:39 +0100] "HEAD / HTTP/1.0" 200 - "-" "gonzo thumb[P] +http://www.suchen.de/faq.html"
212.34.178.11 - - [11/Mar/2012:14:25:39 +0100] "HEAD / HTTP/1.0" 200 - "-" "gonzo thumb[P] +http://www.suchen.de/faq.html"
212.34.178.11 - - [11/Mar/2012:14:25:39 +0100] "HEAD / HTTP/1.0" 200 - "-" "gonzo thumb[P] +http://www.suchen.de/faq.html"
65.36.241.79 - - [11/Mar/2012:14:41:45 +0100] "HEAD / HTTP/1.1" 200 - "-" "InternetSeer.com"
95.108.128.242 - - [11/Mar/2012:14:49:28 +0100] "GET /news.php HTTP/1.1" 200 19330 "-" "Mozilla/5.0 (compatible; YandexBot/3.0; +http://yandex.com/bots)"
208.115.113.91 - - [11/Mar/2012:16:20:03 +0100] "GET /robots.txt HTTP/1.1" 200 177 "-" "Mozilla/5.0 (compatible; Ezooms/1.0; ezooms.bot@gmail.com)"
123.125.71.14 - - [11/Mar/2012:16:37:46 +0100] "GET / HTTP/1.1" 200 10480 "-" "Mozilla/5.0 (compatible; Baiduspider/2.0; +http://www.baidu.com/search/spider.html)"
220.181.108.93 - - [11/Mar/2012:16:38:17 +0100] "GET / HTTP/1.1" 200 10480 "-" "Mozilla/5.0 (compatible; Baiduspider/2.0; +http://www.baidu.com/search/spider.html)"
76.72.167.162 - - [11/Mar/2012:17:14:34 +0100] "GET /robots.txt HTTP/1.0" 200 177 "-" "Mozilla/5.0 (compatible; MJ12bot/v1.4.2; http://www.majestic12.co.uk/bot.php?+)"
76.72.167.162 - - [11/Mar/2012:17:14:36 +0100] "GET / HTTP/1.0" 200 12354 "-" "Mozilla/5.0 (compatible; MJ12bot/v1.4.2; http://www.majestic12.co.uk/bot.php?+)"
208.115.113.91 - - [11/Mar/2012:17:33:03 +0100] "GET /lexikon.php?cs_go=2&cs_char=y HTTP/1.1" 200 5550 "-" "Mozilla/5.0 (compatible; Ezooms/1.0; ezooms.bot@gmail.com)"
208.115.113.91 - - [11/Mar/2012:17:33:07 +0100] "GET /news.php?cs_go=archiv&cs_id=2695&cs_search= HTTP/1.1" 200 10477 "-" "Mozilla/5.0 (compatible; Ezooms/1.0; ezooms.bot@gmail.com)"
208.115.113.91 - - [11/Mar/2012:17:33:10 +0100] "GET /news.php?cs_go=archiv&cs_startpos=90 HTTP/1.1" 200 20038 "-" "Mozilla/5.0 (compatible; Ezooms/1.0; ezooms.bot@gmail.com)"
95.108.128.242 - - [11/Mar/2012:17:42:05 +0100] "GET /optiplus.php HTTP/1.1" 200 8128 "-" "Mozilla/5.0 (compatible; YandexBot/3.0; +http://yandex.com/bots)"
66.249.72.195 - - [11/Mar/2012:18:08:27 +0100] "GET /news.php?cs_go=archiv&cs_id=2560 HTTP/1.1" 200 7086 "-" "Mozilla/5.0 (compatible; Googlebot/2.1; +http://www.google.com/bot.html)"
66.249.72.195 - - [11/Mar/2012:18:27:33 +0100] "GET /news.php?cs_go=archiv&cs_id=2835&cs_search= HTTP/1.1" 200 7081 "-" "Mozilla/5.0 (compatible; Googlebot/2.1; +http://www.google.com/bot.html)"
217.225.108.124 - - [11/Mar/2012:18:29:24 +0100] "GET /style.css HTTP/1.1" 304 - "http://www.mink-gmbh.de/" "Mozilla/5.0 (Windows NT 6.1; rv:9.0.1) Gecko/20100101 Firefox/9.0.1"
217.225.108.124 - - [11/Mar/2012:18:29:24 +0100] "GET /modul.css HTTP/1.1" 304 - "http://www.mink-gmbh.de/" "Mozilla/5.0 (Windows NT 6.1; rv:9.0.1) Gecko/20100101 Firefox/9.0.1"
217.225.108.124 - - [11/Mar/2012:18:29:24 +0100] "GET /js_contentserver24_greybox/gb_styles.css HTTP/1.1" 304 - "http://www.mink-gmbh.de/" "Mozilla/5.0 (Windows NT 6.1; rv:9.0.1) Gecko/20100101 Firefox/9.0.1"
217.225.108.124 - - [11/Mar/2012:18:29:24 +0100] "GET /js_contentserver24_greybox/AJS.js HTTP/1.1" 304 - "http://www.mink-gmbh.de/" "Mozilla/5.0 (Windows NT 6.1; rv:9.0.1) Gecko/20100101 Firefox/9.0.1"
217.225.108.124 - - [11/Mar/2012:18:29:24 +0100] "GET /js_contentserver24_greybox/AJS_fx.js HTTP/1.1" 304 - "http://www.mink-gmbh.de/" "Mozilla/5.0 (Windows NT 6.1; rv:9.0.1) Gecko/20100101 Firefox/9.0.1"
217.225.108.124 - - [11/Mar/2012:18:29:24 +0100] "GET /js_contentserver24_greybox/gb_scripts.js HTTP/1.1" 304 - "http://www.mink-gmbh.de/" "Mozilla/5.0 (Windows NT 6.1; rv:9.0.1) Gecko/20100101 Firefox/9.0.1"
217.225.108.124 - - [11/Mar/2012:18:29:24 +0100] "GET /js_contentserver24_greybox/w_close.gif HTTP/1.1" 304 - "http://www.mink-gmbh.de/" "Mozilla/5.0 (Windows NT 6.1; rv:9.0.1) Gecko/20100101 Firefox/9.0.1"
217.225.108.124 - - [11/Mar/2012:18:29:24 +0100] "GET / HTTP/1.1" 200 12354 "-" "Mozilla/5.0 (Windows NT 6.1; rv:9.0.1) Gecko/20100101 Firefox/9.0.1"
217.225.108.124 - - [11/Mar/2012:18:29:25 +0100] "GET /images/freecall.jpg HTTP/1.1" 304 - "http://www.mink-gmbh.de/" "Mozilla/5.0 (Windows NT 6.1; rv:9.0.1) Gecko/20100101 Firefox/9.0.1"
217.225.108.124 - - [11/Mar/2012:18:29:25 +0100] "GET /js_contentserver24_greybox/loader_frame.html?s=0 HTTP/1.1" 304 - "http://www.mink-gmbh.de/" "Mozilla/5.0 (Windows NT 6.1; rv:9.0.1) Gecko/20100101 Firefox/9.0.1"
217.225.108.124 - - [11/Mar/2012:18:29:25 +0100] "GET /js_contentserver24_greybox/header_bg.gif HTTP/1.1" 304 - "http://www.mink-gmbh.de/" "Mozilla/5.0 (Windows NT 6.1; rv:9.0.1) Gecko/20100101 Firefox/9.0.1"
217.225.108.124 - - [11/Mar/2012:18:29:25 +0100] "GET /js_contentserver24_greybox/indicator.gif HTTP/1.1" 304 - "http://www.mink-gmbh.de/js_contentserver24_greybox/loader_frame.html?s=0" "Mozilla/5.0 (Windows NT 6.1; rv:9.0.1) Gecko/20100101 Firefox/9.0.1"
217.225.108.124 - - [11/Mar/2012:18:29:26 +0100] "GET /js_contentserver24_greybox/g_close.gif HTTP/1.1" 304 - "http://www.mink-gmbh.de/" "Mozilla/5.0 (Windows NT 6.1; rv:9.0.1) Gecko/20100101 Firefox/9.0.1"
85.13.129.157 - - [11/Mar/2012:18:38:44 +0100] "HEAD / HTTP/1.1" 200 - "-" "-"
66.249.72.195 - - [11/Mar/2012:19:03:14 +0100] "GET /news.php?cs_go=archiv&cs_id=2559 HTTP/1.1" 200 6525 "-" "Mozilla/5.0 (compatible; Googlebot/2.1; +http://www.google.com/bot.html)"
66.249.72.195 - - [11/Mar/2012:19:15:08 +0100] "GET /news.php?cs_go=archiv&cs_id=2833&cs_search= HTTP/1.1" 200 9085 "-" "Mozilla/5.0 (compatible; Googlebot/2.1; +http://www.google.com/bot.html)"
65.36.241.79 - - [11/Mar/2012:19:18:32 +0100] "HEAD / HTTP/1.1" 200 - "-" "InternetSeer.com"
220.181.108.86 - - [11/Mar/2012:19:37:55 +0100] "GET / HTTP/1.1" 200 6154 "-" "Mozilla/5.0 (compatible; Baiduspider/2.0; +http://www.baidu.com/search/spider.html)"
123.125.71.18 - - [11/Mar/2012:19:38:18 +0100] "GET / HTTP/1.1" 200 7391 "-" "Mozilla/5.0 (compatible; Baiduspider/2.0; +http://www.baidu.com/search/spider.html)"
66.249.72.195 - - [11/Mar/2012:19:53:51 +0100] "GET /modernisierung.php HTTP/1.1" 200 8548 "-" "Mozilla/5.0 (iPhone; U; CPU iPhone OS 4_1 like Mac OS X; en-us) AppleWebKit/532.9 (KHTML, like Gecko) Version/4.0.5 Mobile/8B117 Safari/6531.22.7 (compatible; Googlebot-Mobile/2.1; +http://www.google.com/bot.html)"
208.115.113.91 - - [11/Mar/2012:20:14:59 +0100] "GET /robots.txt HTTP/1.1" 200 177 "-" "Mozilla/5.0 (compatible; Ezooms/1.0; ezooms.bot@gmail.com)"
123.125.71.36 - - [11/Mar/2012:20:34:54 +0100] "GET / HTTP/1.1" 200 12354 "-" "Mozilla/5.0 (compatible; Baiduspider/2.0; +http://www.baidu.com/search/spider.html)"
220.181.108.81 - - [11/Mar/2012:20:35:19 +0100] "GET / HTTP/1.1" 200 6154 "-" "Mozilla/5.0 (compatible; Baiduspider/2.0; +http://www.baidu.com/search/spider.html)"
139.18.2.17 - - [11/Mar/2012:21:25:33 +0100] "GET /robots.txt HTTP/1.1" 200 177 "-" "findlinks/2.1.5 (+http://wortschatz.uni-leipzig.de/findlinks/)"
208.115.113.91 - - [11/Mar/2012:21:29:00 +0100] "GET /lexikon.php?cs_go=2&cs_char=w HTTP/1.1" 200 5555 "-" "Mozilla/5.0 (compatible; Ezooms/1.0; ezooms.bot@gmail.com)"
208.115.111.75 - - [11/Mar/2012:22:39:33 +0100] "GET /robots.txt HTTP/1.1" 200 177 "-" "Mozilla/5.0 (compatible; Ezooms/1.0; ezooms.bot@gmail.com)"
208.115.111.75 - - [11/Mar/2012:23:11:30 +0100] "GET /robots.txt HTTP/1.1" 200 177 "-" "Mozilla/5.0 (compatible; Ezooms/1.0; ezooms.bot@gmail.com)"
65.36.241.79 - - [11/Mar/2012:23:50:26 +0100] "HEAD / HTTP/1.1" 200 - "-" "InternetSeer.com"
193.71.162.34 - - [11/Mar/2012:23:52:54 +0100] "GET /robots.txt HTTP/1.0" 200 177 "-" "Mozilla/5.0 (compatible; MJ12bot/v1.4.2; http://www.majestic12.co.uk/bot.php?+)"
193.71.162.34 - - [11/Mar/2012:23:52:55 +0100] "GET /agb.php HTTP/1.1" 200 16832 "-" "Mozilla/5.0 (compatible; MJ12bot/v1.4.2; http://www.majestic12.co.uk/bot.php?+)"
193.71.162.34 - - [11/Mar/2012:23:52:57 +0100] "GET /news.php?cs_go=archiv&cs_id=2678 HTTP/1.1" 200 7008 "-" "Mozilla/5.0 (compatible; MJ12bot/v1.4.2; http://www.majestic12.co.uk/bot.php?+)"
193.71.162.34 - - [11/Mar/2012:23:52:58 +0100] "GET /news.php?cs_go=archiv&cs_id=2679 HTTP/1.1" 200 7704 "-" "Mozilla/5.0 (compatible; MJ12bot/v1.4.2; http://www.majestic12.co.uk/bot.php?+)"
193.71.162.34 - - [11/Mar/2012:23:53:00 +0100] "GET /news.php?cs_go=archiv&cs_id=2680 HTTP/1.1" 200 10650 "-" "Mozilla/5.0 (compatible; MJ12bot/v1.4.2; http://www.majestic12.co.uk/bot.php?+)"
193.71.162.34 - - [11/Mar/2012:23:53:04 +0100] "GET /news.php?cs_go=archiv&cs_id=2681 HTTP/1.1" 200 7191 "-" "Mozilla/5.0 (compatible; MJ12bot/v1.4.2; http://www.majestic12.co.uk/bot.php?+)"
193.71.162.34 - - [11/Mar/2012:23:53:06 +0100] "GET /news.php?cs_go=archiv&cs_id=2682 HTTP/1.1" 200 7621 "-" "Mozilla/5.0 (compatible; MJ12bot/v1.4.2; http://www.majestic12.co.uk/bot.php?+)"
193.71.162.34 - - [11/Mar/2012:23:53:08 +0100] "GET /news.php?cs_go=archiv&cs_id=2683 HTTP/1.1" 200 10592 "-" "Mozilla/5.0 (compatible; MJ12bot/v1.4.2; http://www.majestic12.co.uk/bot.php?+)"
193.71.162.34 - - [11/Mar/2012:23:53:09 +0100] "GET /news.php?cs_go=archiv&cs_id=2684 HTTP/1.1" 200 7038 "-" "Mozilla/5.0 (compatible; MJ12bot/v1.4.2; http://www.majestic12.co.uk/bot.php?+)"
193.71.162.34 - - [11/Mar/2012:23:53:11 +0100] "GET /news.php?cs_go=archiv&cs_id=2685 HTTP/1.1" 200 6683 "-" "Mozilla/5.0 (compatible; MJ12bot/v1.4.2; http://www.majestic12.co.uk/bot.php?+)"
193.71.162.34 - - [11/Mar/2012:23:53:13 +0100] "GET /news.php?cs_go=archiv&cs_id=2686 HTTP/1.1" 200 7161 "-" "Mozilla/5.0 (compatible; MJ12bot/v1.4.2; http://www.majestic12.co.uk/bot.php?+)"
193.71.162.34 - - [11/Mar/2012:23:53:14 +0100] "GET /news.php?cs_go=archiv&cs_id=2687 HTTP/1.1" 200 7281 "-" "Mozilla/5.0 (compatible; MJ12bot/v1.4.2; http://www.majestic12.co.uk/bot.php?+)"
193.71.162.34 - - [11/Mar/2012:23:53:17 +0100] "GET /news.php?cs_go=archiv&cs_id=2688 HTTP/1.1" 200 10889 "-" "Mozilla/5.0 (compatible; MJ12bot/v1.4.2; http://www.majestic12.co.uk/bot.php?+)"
193.71.162.34 - - [11/Mar/2012:23:53:18 +0100] "GET /news.php?cs_go=archiv&cs_id=2689 HTTP/1.1" 200 7340 "-" "Mozilla/5.0 (compatible; MJ12bot/v1.4.2; http://www.majestic12.co.uk/bot.php?+)"
193.71.162.34 - - [11/Mar/2012:23:53:20 +0100] "GET /news.php?cs_go=archiv&cs_id=2690 HTTP/1.1" 200 7442 "-" "Mozilla/5.0 (compatible; MJ12bot/v1.4.2; http://www.majestic12.co.uk/bot.php?+)"
