208.115.113.91 - - [07/Mar/2012:16:54:54 +0100] "GET /robots.txt HTTP/1.1" 200 177 "-" "Mozilla/5.0 (compatible; Ezooms/1.0; ezooms.bot@gmail.com)"
65.36.241.79 - - [07/Mar/2012:16:56:45 +0100] "HEAD / HTTP/1.1" 200 - "-" "InternetSeer.com"
217.85.70.246 - - [07/Mar/2012:17:07:38 +0100] "GET /style.css HTTP/1.1" 304 - "http://www.mink-gmbh.de/" "Mozilla/5.0 (Windows NT 6.0; rv:10.0.2) Gecko/20100101 Firefox/10.0.2"
217.85.70.246 - - [07/Mar/2012:17:07:37 +0100] "GET / HTTP/1.1" 200 11712 "-" "Mozilla/5.0 (Windows NT 6.0; rv:10.0.2) Gecko/20100101 Firefox/10.0.2"
217.85.70.246 - - [07/Mar/2012:17:07:38 +0100] "GET /images/freecall.jpg HTTP/1.1" 304 - "http://www.mink-gmbh.de/" "Mozilla/5.0 (Windows NT 6.0; rv:10.0.2) Gecko/20100101 Firefox/10.0.2"
217.85.70.246 - - [07/Mar/2012:17:07:59 +0100] "GET /impressum.php HTTP/1.1" 200 5623 "http://www.mink-gmbh.de/" "Mozilla/5.0 (Windows NT 6.0; rv:10.0.2) Gecko/20100101 Firefox/10.0.2"
217.85.70.246 - - [07/Mar/2012:17:08:12 +0100] "GET /standard.php HTTP/1.1" 200 6267 "http://www.mink-gmbh.de/impressum.php" "Mozilla/5.0 (Windows NT 6.0; rv:10.0.2) Gecko/20100101 Firefox/10.0.2"
217.85.70.246 - - [07/Mar/2012:17:08:29 +0100] "GET /news.php HTTP/1.1" 200 19239 "http://www.mink-gmbh.de/standard.php" "Mozilla/5.0 (Windows NT 6.0; rv:10.0.2) Gecko/20100101 Firefox/10.0.2"
217.85.70.246 - - [07/Mar/2012:17:09:44 +0100] "GET /index.php HTTP/1.1" 200 11712 "http://www.mink-gmbh.de/standard.php" "Mozilla/5.0 (Windows NT 6.0; rv:10.0.2) Gecko/20100101 Firefox/10.0.2"
66.249.72.143 - - [07/Mar/2012:17:10:46 +0100] "GET /news.php?cs_go=archiv&cs_id=9&cs_search= HTTP/1.1" 200 4856 "-" "Mozilla/5.0 (compatible; Googlebot/2.1; +http://www.google.com/bot.html)"
64.246.165.140 - - [07/Mar/2012:17:46:41 +0100] "GET /robots.txt HTTP/1.0" 200 177 "-" "Mozilla/5.0 (Windows; U; Windows NT 5.1; en; rv:1.9.0.13) Gecko/2009073022 Firefox/3.5.2 (.NET CLR 3.5.30729) SurveyBot/2.3 (DomainTools)"
64.246.165.140 - - [07/Mar/2012:17:46:41 +0100] "GET / HTTP/1.1" 200 12362 "http://whois.domaintools.com/mink-gmbh.de" "Mozilla/5.0 (Windows; U; Windows NT 5.1; en; rv:1.9.0.13) Gecko/2009073022 Firefox/3.5.2 (.NET CLR 3.5.30729) SurveyBot/2.3 (DomainTools)"
178.239.58.143 - - [07/Mar/2012:17:54:42 +0100] "GET / HTTP/1.1" 200 12362 "-" "Mozilla/4.0 (compatible; MSIE 6.0; Windows NT 5.1; SV1)"
208.115.113.91 - - [07/Mar/2012:18:09:28 +0100] "GET /news.php?cs_go=archiv&cs_id=2652&cs_search= HTTP/1.1" 200 11498 "-" "Mozilla/5.0 (compatible; Ezooms/1.0; ezooms.bot@gmail.com)"
208.115.113.91 - - [07/Mar/2012:18:09:32 +0100] "GET /news.php?cs_go=archiv&cs_startpos=60 HTTP/1.1" 200 19900 "-" "Mozilla/5.0 (compatible; Ezooms/1.0; ezooms.bot@gmail.com)"
130.83.167.153 - - [07/Mar/2012:18:29:40 +0100] "GET /agb.php HTTP/1.1" 200 16832 "-" "findlinks/2.1.5 (+http://wortschatz.uni-leipzig.de/findlinks/)"
95.108.128.242 - - [07/Mar/2012:18:40:49 +0100] "GET /robots.txt HTTP/1.1" 200 177 "-" "Mozilla/5.0 (compatible; YandexBot/3.0; +http://yandex.com/bots)"
69.119.182.61 - - [07/Mar/2012:19:25:15 +0100] "GET /robots.txt HTTP/1.0" 200 177 "-" "Mozilla/5.0 (compatible; MJ12bot/v1.4.2; http://www.majestic12.co.uk/bot.php?+)"
69.119.182.61 - - [07/Mar/2012:19:25:18 +0100] "GET /agb.php HTTP/1.0" 200 16832 "-" "Mozilla/5.0 (compatible; MJ12bot/v1.4.2; http://www.majestic12.co.uk/bot.php?+)"
69.119.182.61 - - [07/Mar/2012:19:25:20 +0100] "GET /news.php?cs_go=archiv&cs_id=2678 HTTP/1.0" 200 7008 "-" "Mozilla/5.0 (compatible; MJ12bot/v1.4.2; http://www.majestic12.co.uk/bot.php?+)"
69.119.182.61 - - [07/Mar/2012:19:25:23 +0100] "GET /news.php?cs_go=archiv&cs_id=2679 HTTP/1.0" 200 7704 "-" "Mozilla/5.0 (compatible; MJ12bot/v1.4.2; http://www.majestic12.co.uk/bot.php?+)"
69.119.182.61 - - [07/Mar/2012:19:25:24 +0100] "GET /news.php?cs_go=archiv&cs_id=2680 HTTP/1.0" 200 10650 "-" "Mozilla/5.0 (compatible; MJ12bot/v1.4.2; http://www.majestic12.co.uk/bot.php?+)"
69.119.182.61 - - [07/Mar/2012:19:25:27 +0100] "GET /news.php?cs_go=archiv&cs_id=2681 HTTP/1.0" 200 7191 "-" "Mozilla/5.0 (compatible; MJ12bot/v1.4.2; http://www.majestic12.co.uk/bot.php?+)"
69.119.182.61 - - [07/Mar/2012:19:25:28 +0100] "GET /news.php?cs_go=archiv&cs_id=2682 HTTP/1.0" 200 7621 "-" "Mozilla/5.0 (compatible; MJ12bot/v1.4.2; http://www.majestic12.co.uk/bot.php?+)"
69.119.182.61 - - [07/Mar/2012:19:25:30 +0100] "GET /news.php?cs_go=archiv&cs_id=2683 HTTP/1.0" 200 10592 "-" "Mozilla/5.0 (compatible; MJ12bot/v1.4.2; http://www.majestic12.co.uk/bot.php?+)"
69.119.182.61 - - [07/Mar/2012:19:25:33 +0100] "GET /news.php?cs_go=archiv&cs_id=2684 HTTP/1.0" 200 7038 "-" "Mozilla/5.0 (compatible; MJ12bot/v1.4.2; http://www.majestic12.co.uk/bot.php?+)"
69.119.182.61 - - [07/Mar/2012:19:25:35 +0100] "GET /news.php?cs_go=archiv&cs_id=2685 HTTP/1.0" 200 6683 "-" "Mozilla/5.0 (compatible; MJ12bot/v1.4.2; http://www.majestic12.co.uk/bot.php?+)"
69.119.182.61 - - [07/Mar/2012:19:25:37 +0100] "GET /news.php?cs_go=archiv&cs_id=2686 HTTP/1.0" 200 7161 "-" "Mozilla/5.0 (compatible; MJ12bot/v1.4.2; http://www.majestic12.co.uk/bot.php?+)"
69.119.182.61 - - [07/Mar/2012:19:25:39 +0100] "GET /news.php?cs_go=archiv&cs_id=2687 HTTP/1.0" 200 7281 "-" "Mozilla/5.0 (compatible; MJ12bot/v1.4.2; http://www.majestic12.co.uk/bot.php?+)"
69.119.182.61 - - [07/Mar/2012:19:25:40 +0100] "GET /news.php?cs_go=archiv&cs_id=2688 HTTP/1.0" 200 10889 "-" "Mozilla/5.0 (compatible; MJ12bot/v1.4.2; http://www.majestic12.co.uk/bot.php?+)"
69.119.182.61 - - [07/Mar/2012:19:25:44 +0100] "GET /news.php?cs_go=archiv&cs_id=2689 HTTP/1.0" 200 7340 "-" "Mozilla/5.0 (compatible; MJ12bot/v1.4.2; http://www.majestic12.co.uk/bot.php?+)"
69.119.182.61 - - [07/Mar/2012:19:25:46 +0100] "GET /news.php?cs_go=archiv&cs_id=2690 HTTP/1.0" 200 7442 "-" "Mozilla/5.0 (compatible; MJ12bot/v1.4.2; http://www.majestic12.co.uk/bot.php?+)"
69.119.182.61 - - [07/Mar/2012:19:25:49 +0100] "GET /news.php?cs_go=archiv&cs_id=2691 HTTP/1.0" 200 10904 "-" "Mozilla/5.0 (compatible; MJ12bot/v1.4.2; http://www.majestic12.co.uk/bot.php?+)"
123.125.71.19 - - [07/Mar/2012:19:40:41 +0100] "GET / HTTP/1.1" 200 6162 "-" "Mozilla/5.0 (compatible; Baiduspider/2.0; +http://www.baidu.com/search/spider.html)"
220.181.108.84 - - [07/Mar/2012:19:41:42 +0100] "GET / HTTP/1.1" 200 6162 "-" "Mozilla/5.0 (compatible; Baiduspider/2.0; +http://www.baidu.com/search/spider.html)"
66.249.72.143 - - [07/Mar/2012:20:25:43 +0100] "GET /news.php?cs_go=archiv HTTP/1.1" 200 19239 "-" "Mozilla/5.0 (compatible; Googlebot/2.1; +http://www.google.com/bot.html)"
123.125.71.18 - - [07/Mar/2012:20:40:50 +0100] "GET / HTTP/1.1" 200 6162 "-" "Mozilla/5.0 (compatible; Baiduspider/2.0; +http://www.baidu.com/search/spider.html)"
220.181.108.89 - - [07/Mar/2012:20:41:49 +0100] "GET / HTTP/1.1" 200 6162 "-" "Mozilla/5.0 (compatible; Baiduspider/2.0; +http://www.baidu.com/search/spider.html)"
66.249.72.143 - - [07/Mar/2012:20:55:55 +0100] "GET /news.php?cs_go=archiv&cs_id=228&cs_search= HTTP/1.1" 200 4856 "-" "Mozilla/5.0 (compatible; Googlebot/2.1; +http://www.google.com/bot.html)"
66.249.72.143 - - [07/Mar/2012:21:01:07 +0100] "GET /news.php?cs_go=archiv&cs_id=2748&cs_search= HTTP/1.1" 200 8719 "-" "Mozilla/5.0 (compatible; Googlebot/2.1; +http://www.google.com/bot.html)"
66.249.72.143 - - [07/Mar/2012:21:03:43 +0100] "GET /news.php?cs_go=archiv&cs_id=2824&cs_search= HTTP/1.1" 200 6961 "-" "Mozilla/5.0 (compatible; Googlebot/2.1; +http://www.google.com/bot.html)"
77.21.147.115 - - [07/Mar/2012:21:41:31 +0100] "GET /lexikon.php?cs_go=3&cs_id=229 HTTP/1.1" 200 4968 "-" "findlinks/2.0.2 (+http://wortschatz.uni-leipzig.de/findlinks/)"
65.36.241.79 - - [07/Mar/2012:21:47:49 +0100] "HEAD / HTTP/1.1" 200 - "-" "InternetSeer.com"
66.249.72.143 - - [07/Mar/2012:22:07:00 +0100] "GET /news.php?cs_go=archiv&cs_id=2747&cs_search= HTTP/1.1" 200 6921 "-" "Mozilla/5.0 (compatible; Googlebot/2.1; +http://www.google.com/bot.html)"
66.249.72.143 - - [07/Mar/2012:22:16:41 +0100] "GET /news.php?cs_go=archiv&cs_id=2749&cs_search= HTTP/1.1" 200 9535 "-" "Mozilla/5.0 (compatible; Googlebot/2.1; +http://www.google.com/bot.html)"
66.249.72.143 - - [07/Mar/2012:22:19:35 +0100] "GET /news.php?cs_go=archiv&cs_id=2883&cs_search= HTTP/1.1" 200 10429 "-" "Mozilla/5.0 (compatible; Googlebot/2.1; +http://www.google.com/bot.html)"
66.249.72.143 - - [07/Mar/2012:22:29:06 +0100] "GET /news.php?cs_go=archiv&cs_id=2851&cs_search= HTTP/1.1" 200 12002 "-" "Mozilla/5.0 (compatible; Googlebot/2.1; +http://www.google.com/bot.html)"
66.249.72.143 - - [07/Mar/2012:22:37:50 +0100] "GET /news.php?cs_go=archiv&cs_id=2825&cs_search= HTTP/1.1" 200 10516 "-" "Mozilla/5.0 (compatible; Googlebot/2.1; +http://www.google.com/bot.html)"
62.181.145.141 - - [07/Mar/2012:22:54:40 +0100] "GET /images/freecall.jpg HTTP/1.1" 200 39195 "-" "Mozilla/4.0 (compatible;)"
67.195.115.35 - - [07/Mar/2012:23:31:40 +0100] "GET /robots.txt HTTP/1.0" 200 177 "-" "Mozilla/5.0 (compatible; Yahoo! Slurp; http://help.yahoo.com/help/us/ysearch/slurp)"
67.195.115.35 - - [07/Mar/2012:23:31:41 +0100] "GET / HTTP/1.0" 200 12362 "-" "Mozilla/5.0 (compatible; Yahoo! Slurp; http://help.yahoo.com/help/us/ysearch/slurp)"
67.195.115.35 - - [07/Mar/2012:23:31:44 +0100] "GET /style.css HTTP/1.0" 200 7471 "http://www.mink-gmbh.de/" "Mozilla/5.0 (compatible; Yahoo! Slurp; http://help.yahoo.com/help/us/ysearch/slurp)"
67.195.115.35 - - [07/Mar/2012:23:31:46 +0100] "GET /modul.css HTTP/1.0" 200 35038 "http://www.mink-gmbh.de/" "Mozilla/5.0 (compatible; Yahoo! Slurp; http://help.yahoo.com/help/us/ysearch/slurp)"
67.195.115.35 - - [07/Mar/2012:23:31:50 +0100] "GET /js_contentserver24_greybox/gb_styles.css HTTP/1.0" 200 2302 "http://www.mink-gmbh.de/" "Mozilla/5.0 (compatible; Yahoo! Slurp; http://help.yahoo.com/help/us/ysearch/slurp)"
62.181.145.141 - - [08/Mar/2012:00:34:17 +0100] "GET /images/wunschpreis.jpg HTTP/1.1" 304 - "-" "Mozilla/4.0 (compatible;)"
62.181.145.141 - - [08/Mar/2012:00:34:26 +0100] "GET /images/navibg.png HTTP/1.1" 304 - "-" "Mozilla/4.0 (compatible;)"
62.181.145.141 - - [08/Mar/2012:00:34:31 +0100] "GET /images/fallend.png HTTP/1.1" 304 - "-" "Mozilla/4.0 (compatible;)"
62.181.145.141 - - [08/Mar/2012:00:34:40 +0100] "GET /images/logos.jpg HTTP/1.1" 304 - "-" "Mozilla/4.0 (compatible;)"
62.181.145.141 - - [08/Mar/2012:00:35:03 +0100] "GET /images/kwk.gif HTTP/1.1" 304 - "-" "Mozilla/4.0 (compatible;)"
62.181.145.141 - - [08/Mar/2012:00:35:05 +0100] "GET /images/tkw.jpg HTTP/1.1" 304 - "-" "Mozilla/4.0 (compatible;)"
62.181.145.141 - - [08/Mar/2012:00:35:36 +0100] "GET /modul.css HTTP/1.1" 200 35038 "-" "Mozilla/4.0 (compatible;)"
62.181.145.141 - - [08/Mar/2012:00:35:37 +0100] "GET /images/footerbg.jpg HTTP/1.1" 304 - "-" "Mozilla/4.0 (compatible;)"
62.181.145.141 - - [08/Mar/2012:00:35:46 +0100] "GET /images/wrapperbg.jpg HTTP/1.1" 304 - "-" "Mozilla/4.0 (compatible;)"
62.181.145.141 - - [08/Mar/2012:00:36:02 +0100] "GET /images/header.jpg HTTP/1.1" 304 - "-" "Mozilla/4.0 (compatible;)"
62.181.145.141 - - [08/Mar/2012:00:36:47 +0100] "GET /style.css HTTP/1.1" 200 7471 "-" "Mozilla/4.0 (compatible;)"
62.181.145.141 - - [08/Mar/2012:00:36:48 +0100] "GET /images/bg.jpg HTTP/1.1" 304 - "-" "Mozilla/4.0 (compatible;)"
62.181.145.141 - - [08/Mar/2012:00:44:17 +0100] "GET /favicon.ico HTTP/1.1" 304 - "-" "Mozilla/4.0 (compatible;)"
212.34.178.11 - - [08/Mar/2012:01:17:08 +0100] "HEAD / HTTP/1.0" 200 - "-" "gonzo thumb[P] +http://www.suchen.de/faq.html"
212.34.178.11 - - [08/Mar/2012:01:17:09 +0100] "HEAD / HTTP/1.0" 200 - "-" "gonzo thumb[P] +http://www.suchen.de/faq.html"
212.34.178.11 - - [08/Mar/2012:01:17:09 +0100] "HEAD / HTTP/1.0" 200 - "-" "gonzo thumb[P] +http://www.suchen.de/faq.html"
207.46.192.50 - - [08/Mar/2012:01:33:59 +0100] "GET /robots.txt HTTP/1.1" 200 177 "-" "Mozilla/5.0 (compatible; bingbot/2.0; +http://www.bing.com/bingbot.htm)"
174.143.202.253 - - [08/Mar/2012:02:54:22 +0100] "GET //lib/timthumb.php HTTP/1.1" 404 - "-" "Mozilla/5.0"
174.143.202.253 - - [08/Mar/2012:02:54:23 +0100] "GET //wp-content/themes/Yen/timthumb.php HTTP/1.1" 404 - "-" "Mozilla/5.0"
174.143.202.253 - - [08/Mar/2012:02:54:23 +0100] "GET //wp-content/themes/SimplePress/timthumb.php HTTP/1.1" 404 - "-" "Mozilla/5.0"
174.143.202.253 - - [08/Mar/2012:02:54:24 +0100] "GET //wp-content/themes/Yen/timthumb.php HTTP/1.1" 404 - "-" "Mozilla/5.0"
174.143.202.253 - - [08/Mar/2012:02:54:24 +0100] "GET //wp-content/themes/DeepFocus-fa/timthumb.php HTTP/1.1" 404 - "-" "Mozilla/5.0"
174.143.202.253 - - [08/Mar/2012:02:54:24 +0100] "GET //wp-content/themes/DeepFocus/timthumb.php HTTP/1.1" 404 - "-" "Mozilla/5.0"
174.143.202.253 - - [08/Mar/2012:02:54:25 +0100] "GET //wp-content/themes/TheSource/timthumb.php HTTP/1.1" 404 - "-" "Mozilla/5.0"
174.143.202.253 - - [08/Mar/2012:02:54:25 +0100] "GET //wp-content/themes/ribbons/functions/timthumb.php HTTP/1.1" 404 - "-" "Mozilla/5.0"
174.143.202.253 - - [08/Mar/2012:02:54:25 +0100] "GET //wp-content/themes/TheStyle/timthumb.php HTTP/1.1" 404 - "-" "Mozilla/5.0"
174.143.202.253 - - [08/Mar/2012:02:54:26 +0100] "GET //wp-content/plugins/uBillboard/timthumb.php HTTP/1.1" 404 - "-" "Mozilla/5.0"
174.143.202.253 - - [08/Mar/2012:02:54:26 +0100] "GET //wp-content/themes/eNews/timthumb.php HTTP/1.1" 404 - "-" "Mozilla/5.0"
174.143.202.253 - - [08/Mar/2012:02:54:26 +0100] "GET //wp-content/themes/DailyNotes/timthumb.php HTTP/1.1" 404 - "-" "Mozilla/5.0"
174.143.202.253 - - [08/Mar/2012:02:54:27 +0100] "GET //components/com_virtuemart/themes/pbv_multi/scripts/timthumb.php HTTP/1.1" 404 - "-" "Mozilla/5.0"
65.36.241.79 - - [08/Mar/2012:03:27:57 +0100] "HEAD / HTTP/1.1" 200 - "-" "InternetSeer.com"
130.83.167.153 - - [08/Mar/2012:04:18:25 +0100] "GET /edl.php HTTP/1.1" 200 7769 "-" "findlinks/2.1.5 (+http://wortschatz.uni-leipzig.de/findlinks/)"
66.249.72.143 - - [08/Mar/2012:06:33:49 +0100] "GET /impressum.php HTTP/1.1" 200 5623 "-" "Mozilla/5.0 (iPhone; U; CPU iPhone OS 4_1 like Mac OS X; en-us) AppleWebKit/532.9 (KHTML, like Gecko) Version/4.0.5 Mobile/8B117 Safari/6531.22.7 (compatible; Googlebot-Mobile/2.1; +http://www.google.com/bot.html)"
92.231.107.201 - - [08/Mar/2012:07:36:50 +0100] "GET /style.css HTTP/1.1" 200 7471 "http://www.mink-gmbh.de/" "Mozilla/5.0 (compatible; MSIE 9.0; Windows NT 6.1; Win64; x64; Trident/5.0)"
92.231.107.201 - - [08/Mar/2012:07:36:50 +0100] "GET /modul.css HTTP/1.1" 200 35038 "http://www.mink-gmbh.de/" "Mozilla/5.0 (compatible; MSIE 9.0; Windows NT 6.1; Win64; x64; Trident/5.0)"
92.231.107.201 - - [08/Mar/2012:07:36:50 +0100] "GET /js_contentserver24_greybox/gb_styles.css HTTP/1.1" 200 2302 "http://www.mink-gmbh.de/" "Mozilla/5.0 (compatible; MSIE 9.0; Windows NT 6.1; Win64; x64; Trident/5.0)"
92.231.107.201 - - [08/Mar/2012:07:36:50 +0100] "GET /js_contentserver24_greybox/AJS_fx.js HTTP/1.1" 200 3192 "http://www.mink-gmbh.de/" "Mozilla/5.0 (compatible; MSIE 9.0; Windows NT 6.1; Win64; x64; Trident/5.0)"
92.231.107.201 - - [08/Mar/2012:07:36:50 +0100] "GET /js_contentserver24_greybox/gb_scripts.js HTTP/1.1" 200 11913 "http://www.mink-gmbh.de/" "Mozilla/5.0 (compatible; MSIE 9.0; Windows NT 6.1; Win64; x64; Trident/5.0)"
92.231.107.201 - - [08/Mar/2012:07:36:50 +0100] "GET /js_contentserver24_greybox/AJS.js HTTP/1.1" 200 10396 "http://www.mink-gmbh.de/" "Mozilla/5.0 (compatible; MSIE 9.0; Windows NT 6.1; Win64; x64; Trident/5.0)"
92.231.107.201 - - [08/Mar/2012:07:36:50 +0100] "GET /images/tkw.jpg HTTP/1.1" 200 64031 "http://www.mink-gmbh.de/" "Mozilla/5.0 (compatible; MSIE 9.0; Windows NT 6.1; Win64; x64; Trident/5.0)"
92.231.107.201 - - [08/Mar/2012:07:36:50 +0100] "GET /images/bg.jpg HTTP/1.1" 200 345 "http://www.mink-gmbh.de/" "Mozilla/5.0 (compatible; MSIE 9.0; Windows NT 6.1; Win64; x64; Trident/5.0)"
92.231.107.201 - - [08/Mar/2012:07:36:50 +0100] "GET /js_contentserver24_greybox/w_close.gif HTTP/1.1" 200 74 "http://www.mink-gmbh.de/" "Mozilla/5.0 (compatible; MSIE 9.0; Windows NT 6.1; Win64; x64; Trident/5.0)"
92.231.107.201 - - [08/Mar/2012:07:36:50 +0100] "GET /images/wrapperbg.jpg HTTP/1.1" 200 27465 "http://www.mink-gmbh.de/" "Mozilla/5.0 (compatible; MSIE 9.0; Windows NT 6.1; Win64; x64; Trident/5.0)"
92.231.107.201 - - [08/Mar/2012:07:36:50 +0100] "GET /images/navibg.png HTTP/1.1" 200 2803 "http://www.mink-gmbh.de/" "Mozilla/5.0 (compatible; MSIE 9.0; Windows NT 6.1; Win64; x64; Trident/5.0)"
92.231.107.201 - - [08/Mar/2012:07:36:49 +0100] "GET / HTTP/1.1" 200 12362 "-" "Mozilla/5.0 (compatible; MSIE 9.0; Windows NT 6.1; Win64; x64; Trident/5.0)"
92.231.107.201 - - [08/Mar/2012:07:36:50 +0100] "GET /images/mobil.jpg HTTP/1.1" 200 25293 "http://www.mink-gmbh.de/" "Mozilla/5.0 (compatible; MSIE 9.0; Windows NT 6.1; Win64; x64; Trident/5.0)"
92.231.107.201 - - [08/Mar/2012:07:36:50 +0100] "GET /images/fallend.png HTTP/1.1" 200 713 "http://www.mink-gmbh.de/" "Mozilla/5.0 (compatible; MSIE 9.0; Windows NT 6.1; Win64; x64; Trident/5.0)"
92.231.107.201 - - [08/Mar/2012:07:36:50 +0100] "GET /images/header.jpg HTTP/1.1" 200 24413 "http://www.mink-gmbh.de/" "Mozilla/5.0 (compatible; MSIE 9.0; Windows NT 6.1; Win64; x64; Trident/5.0)"
92.231.107.201 - - [08/Mar/2012:07:36:50 +0100] "GET /images/steigend.png HTTP/1.1" 200 688 "http://www.mink-gmbh.de/" "Mozilla/5.0 (compatible; MSIE 9.0; Windows NT 6.1; Win64; x64; Trident/5.0)"
92.231.107.201 - - [08/Mar/2012:07:36:50 +0100] "GET /js_contentserver24_greybox/header_bg.gif HTTP/1.1" 200 1188 "http://www.mink-gmbh.de/" "Mozilla/5.0 (compatible; MSIE 9.0; Windows NT 6.1; Win64; x64; Trident/5.0)"
92.231.107.201 - - [08/Mar/2012:07:36:50 +0100] "GET /images/kwk.gif HTTP/1.1" 200 6403 "http://www.mink-gmbh.de/" "Mozilla/5.0 (compatible; MSIE 9.0; Windows NT 6.1; Win64; x64; Trident/5.0)"
92.231.107.201 - - [08/Mar/2012:07:36:50 +0100] "GET /images/logos.jpg HTTP/1.1" 200 15002 "http://www.mink-gmbh.de/" "Mozilla/5.0 (compatible; MSIE 9.0; Windows NT 6.1; Win64; x64; Trident/5.0)"
92.231.107.201 - - [08/Mar/2012:07:36:50 +0100] "GET /images/wunschpreis.jpg HTTP/1.1" 200 16767 "http://www.mink-gmbh.de/" "Mozilla/5.0 (compatible; MSIE 9.0; Windows NT 6.1; Win64; x64; Trident/5.0)"
92.231.107.201 - - [08/Mar/2012:07:36:50 +0100] "GET /images/freecall.jpg HTTP/1.1" 200 39195 "http://www.mink-gmbh.de/" "Mozilla/5.0 (compatible; MSIE 9.0; Windows NT 6.1; Win64; x64; Trident/5.0)"
92.231.107.201 - - [08/Mar/2012:07:36:50 +0100] "GET /images/footerbg.jpg HTTP/1.1" 200 2184 "http://www.mink-gmbh.de/" "Mozilla/5.0 (compatible; MSIE 9.0; Windows NT 6.1; Win64; x64; Trident/5.0)"
92.231.107.201 - - [08/Mar/2012:07:36:51 +0100] "GET /js_contentserver24_greybox/loader_frame.html?s=0 HTTP/1.1" 200 2084 "http://www.mink-gmbh.de/" "Mozilla/5.0 (compatible; MSIE 9.0; Windows NT 6.1; Win64; x64; Trident/5.0)"
92.231.107.201 - - [08/Mar/2012:07:36:51 +0100] "GET /js_contentserver24_greybox/indicator.gif HTTP/1.1" 200 8238 "http://www.mink-gmbh.de/js_contentserver24_greybox/loader_frame.html?s=0" "Mozilla/5.0 (compatible; MSIE 9.0; Windows NT 6.1; Win64; x64; Trident/5.0)"
92.231.107.201 - - [08/Mar/2012:07:36:51 +0100] "GET /js_contentserver24_greybox/g_close.gif HTTP/1.1" 200 541 "http://www.mink-gmbh.de/" "Mozilla/5.0 (compatible; MSIE 9.0; Windows NT 6.1; Win64; x64; Trident/5.0)"
92.231.107.201 - - [08/Mar/2012:07:36:51 +0100] "GET /favicon.ico HTTP/1.1" 200 3638 "-" "Mozilla/5.0 (compatible; MSIE 9.0; Windows NT 6.1; Win64; x64; Trident/5.0)"
65.36.241.79 - - [08/Mar/2012:08:10:31 +0100] "HEAD / HTTP/1.1" 200 - "-" "InternetSeer.com"
95.108.128.242 - - [08/Mar/2012:08:21:26 +0100] "GET /index.php HTTP/1.1" 200 12369 "-" "Mozilla/5.0 (compatible; YandexBot/3.0; +http://yandex.com/bots)"
66.249.72.143 - - [08/Mar/2012:08:29:41 +0100] "GET /news.php?cs_go=archiv&cs_id=161&cs_search= HTTP/1.1" 200 4856 "-" "Mozilla/5.0 (compatible; Googlebot/2.1; +http://www.google.com/bot.html)"
89.247.21.21 - - [08/Mar/2012:08:33:36 +0100] "GET /style.css HTTP/1.1" 200 7471 "http://www.mink-gmbh.de/index.php" "Mozilla/5.0 (Windows NT 6.1; rv:10.0.2) Gecko/20100101 Firefox/10.0.2"
89.247.21.21 - - [08/Mar/2012:08:33:37 +0100] "GET /modul.css HTTP/1.1" 200 35038 "http://www.mink-gmbh.de/index.php" "Mozilla/5.0 (Windows NT 6.1; rv:10.0.2) Gecko/20100101 Firefox/10.0.2"
89.247.21.21 - - [08/Mar/2012:08:33:37 +0100] "GET /favicon.ico HTTP/1.1" 200 3638 "-" "Mozilla/5.0 (Windows NT 6.1; rv:10.0.2) Gecko/20100101 Firefox/10.0.2"
89.247.21.21 - - [08/Mar/2012:08:33:38 +0100] "GET /js_contentserver24_greybox/gb_styles.css HTTP/1.1" 200 2302 "http://www.mink-gmbh.de/index.php" "Mozilla/5.0 (Windows NT 6.1; rv:10.0.2) Gecko/20100101 Firefox/10.0.2"
89.247.21.21 - - [08/Mar/2012:08:33:38 +0100] "GET /js_contentserver24_greybox/AJS.js HTTP/1.1" 200 10396 "http://www.mink-gmbh.de/index.php" "Mozilla/5.0 (Windows NT 6.1; rv:10.0.2) Gecko/20100101 Firefox/10.0.2"
89.247.21.21 - - [08/Mar/2012:08:33:38 +0100] "GET /js_contentserver24_greybox/AJS_fx.js HTTP/1.1" 200 3192 "http://www.mink-gmbh.de/index.php" "Mozilla/5.0 (Windows NT 6.1; rv:10.0.2) Gecko/20100101 Firefox/10.0.2"
89.247.21.21 - - [08/Mar/2012:08:33:38 +0100] "GET /js_contentserver24_greybox/gb_scripts.js HTTP/1.1" 200 11913 "http://www.mink-gmbh.de/index.php" "Mozilla/5.0 (Windows NT 6.1; rv:10.0.2) Gecko/20100101 Firefox/10.0.2"
89.247.21.21 - - [08/Mar/2012:08:33:38 +0100] "GET /js_contentserver24_greybox/w_close.gif HTTP/1.1" 200 74 "http://www.mink-gmbh.de/index.php" "Mozilla/5.0 (Windows NT 6.1; rv:10.0.2) Gecko/20100101 Firefox/10.0.2"
89.247.21.21 - - [08/Mar/2012:08:33:38 +0100] "GET /images/bg.jpg HTTP/1.1" 200 345 "http://www.mink-gmbh.de/style.css" "Mozilla/5.0 (Windows NT 6.1; rv:10.0.2) Gecko/20100101 Firefox/10.0.2"
89.247.21.21 - - [08/Mar/2012:08:33:38 +0100] "GET /images/wrapperbg.jpg HTTP/1.1" 200 27465 "http://www.mink-gmbh.de/style.css" "Mozilla/5.0 (Windows NT 6.1; rv:10.0.2) Gecko/20100101 Firefox/10.0.2"
89.247.21.21 - - [08/Mar/2012:08:33:38 +0100] "GET /images/header.jpg HTTP/1.1" 200 24413 "http://www.mink-gmbh.de/style.css" "Mozilla/5.0 (Windows NT 6.1; rv:10.0.2) Gecko/20100101 Firefox/10.0.2"
89.247.21.21 - - [08/Mar/2012:08:33:38 +0100] "GET /images/navibg.png HTTP/1.1" 200 2803 "http://www.mink-gmbh.de/style.css" "Mozilla/5.0 (Windows NT 6.1; rv:10.0.2) Gecko/20100101 Firefox/10.0.2"
89.247.21.21 - - [08/Mar/2012:08:33:38 +0100] "GET /images/fallend.png HTTP/1.1" 200 713 "http://www.mink-gmbh.de/modul.css" "Mozilla/5.0 (Windows NT 6.1; rv:10.0.2) Gecko/20100101 Firefox/10.0.2"
89.247.21.21 - - [08/Mar/2012:08:33:38 +0100] "GET /images/steigend.png HTTP/1.1" 200 688 "http://www.mink-gmbh.de/modul.css" "Mozilla/5.0 (Windows NT 6.1; rv:10.0.2) Gecko/20100101 Firefox/10.0.2"
89.247.21.21 - - [08/Mar/2012:08:33:38 +0100] "GET /images/tkw.jpg HTTP/1.1" 200 64031 "http://www.mink-gmbh.de/index.php" "Mozilla/5.0 (Windows NT 6.1; rv:10.0.2) Gecko/20100101 Firefox/10.0.2"
89.247.21.21 - - [08/Mar/2012:08:33:36 +0100] "GET /index.php HTTP/1.1" 200 12369 "-" "Mozilla/5.0 (Windows NT 6.1; rv:10.0.2) Gecko/20100101 Firefox/10.0.2"
89.247.21.21 - - [08/Mar/2012:08:33:38 +0100] "GET /images/freecall.jpg HTTP/1.1" 200 39195 "http://www.mink-gmbh.de/index.php" "Mozilla/5.0 (Windows NT 6.1; rv:10.0.2) Gecko/20100101 Firefox/10.0.2"
89.247.21.21 - - [08/Mar/2012:08:33:38 +0100] "GET /images/kwk.gif HTTP/1.1" 200 6403 "http://www.mink-gmbh.de/index.php" "Mozilla/5.0 (Windows NT 6.1; rv:10.0.2) Gecko/20100101 Firefox/10.0.2"
89.247.21.21 - - [08/Mar/2012:08:33:38 +0100] "GET /images/wunschpreis.jpg HTTP/1.1" 200 16767 "http://www.mink-gmbh.de/index.php" "Mozilla/5.0 (Windows NT 6.1; rv:10.0.2) Gecko/20100101 Firefox/10.0.2"
89.247.21.21 - - [08/Mar/2012:08:33:38 +0100] "GET /images/logos.jpg HTTP/1.1" 200 15002 "http://www.mink-gmbh.de/index.php" "Mozilla/5.0 (Windows NT 6.1; rv:10.0.2) Gecko/20100101 Firefox/10.0.2"
89.247.21.21 - - [08/Mar/2012:08:33:39 +0100] "GET /images/mobil.jpg HTTP/1.1" 200 25293 "http://www.mink-gmbh.de/style.css" "Mozilla/5.0 (Windows NT 6.1; rv:10.0.2) Gecko/20100101 Firefox/10.0.2"
89.247.21.21 - - [08/Mar/2012:08:33:39 +0100] "GET /images/footerbg.jpg HTTP/1.1" 200 2184 "http://www.mink-gmbh.de/style.css" "Mozilla/5.0 (Windows NT 6.1; rv:10.0.2) Gecko/20100101 Firefox/10.0.2"
89.247.21.21 - - [08/Mar/2012:08:33:39 +0100] "GET /js_contentserver24_greybox/header_bg.gif HTTP/1.1" 200 1188 "http://www.mink-gmbh.de/index.php" "Mozilla/5.0 (Windows NT 6.1; rv:10.0.2) Gecko/20100101 Firefox/10.0.2"
89.247.21.21 - - [08/Mar/2012:08:33:39 +0100] "GET /js_contentserver24_greybox/g_close.gif HTTP/1.1" 200 541 "http://www.mink-gmbh.de/index.php" "Mozilla/5.0 (Windows NT 6.1; rv:10.0.2) Gecko/20100101 Firefox/10.0.2"
89.247.21.21 - - [08/Mar/2012:08:33:39 +0100] "GET /js_contentserver24_greybox/indicator.gif HTTP/1.1" 200 8238 "http://www.mink-gmbh.de/index.php" "Mozilla/5.0 (Windows NT 6.1; rv:10.0.2) Gecko/20100101 Firefox/10.0.2"
89.247.21.21 - - [08/Mar/2012:08:33:39 +0100] "GET /js_contentserver24_greybox/loader_frame.html?s=0 HTTP/1.1" 200 2084 "http://www.mink-gmbh.de/index.php" "Mozilla/5.0 (Windows NT 6.1; rv:10.0.2) Gecko/20100101 Firefox/10.0.2"
66.249.72.143 - - [08/Mar/2012:08:38:14 +0100] "GET /kwk.php HTTP/1.1" 200 7852 "-" "Mozilla/5.0 (compatible; Googlebot/2.1; +http://www.google.com/bot.html)"
66.249.72.143 - - [08/Mar/2012:08:43:22 +0100] "GET /index.php HTTP/1.1" 200 12369 "-" "Mozilla/5.0 (compatible; Googlebot/2.1; +http://www.google.com/bot.html)"
208.115.113.91 - - [08/Mar/2012:08:48:03 +0100] "GET /robots.txt HTTP/1.1" 200 177 "-" "Mozilla/5.0 (compatible; Ezooms/1.0; ezooms.bot@gmail.com)"
207.46.192.50 - - [08/Mar/2012:08:50:48 +0100] "GET / HTTP/1.1" 200 12369 "-" "Mozilla/5.0 (compatible; bingbot/2.0; +http://www.bing.com/bingbot.htm)"
66.249.72.143 - - [08/Mar/2012:09:00:30 +0100] "GET /news.php?cs_go=archiv&cs_startpos=1151 HTTP/1.1" 200 19875 "-" "Mozilla/5.0 (compatible; Googlebot/2.1; +http://www.google.com/bot.html)"
66.249.72.143 - - [08/Mar/2012:09:09:33 +0100] "GET /news.php?cs_go=archiv&cs_id=2884 HTTP/1.1" 200 7290 "-" "Mozilla/5.0 (compatible; Googlebot/2.1; +http://www.google.com/bot.html)"
89.247.21.21 - - [08/Mar/2012:09:26:12 +0100] "GET /style.css HTTP/1.1" 200 7471 "http://www.mink-gmbh.de/index.php" "Mozilla/5.0 (Windows NT 6.1; rv:10.0.2) Gecko/20100101 Firefox/10.0.2"
89.247.21.21 - - [08/Mar/2012:09:26:12 +0100] "GET /modul.css HTTP/1.1" 200 35038 "http://www.mink-gmbh.de/index.php" "Mozilla/5.0 (Windows NT 6.1; rv:10.0.2) Gecko/20100101 Firefox/10.0.2"
89.247.21.21 - - [08/Mar/2012:09:26:12 +0100] "GET /favicon.ico HTTP/1.1" 200 3638 "-" "Mozilla/5.0 (Windows NT 6.1; rv:10.0.2) Gecko/20100101 Firefox/10.0.2"
89.247.21.21 - - [08/Mar/2012:09:26:13 +0100] "GET /js_contentserver24_greybox/gb_styles.css HTTP/1.1" 200 2302 "http://www.mink-gmbh.de/index.php" "Mozilla/5.0 (Windows NT 6.1; rv:10.0.2) Gecko/20100101 Firefox/10.0.2"
89.247.21.21 - - [08/Mar/2012:09:26:13 +0100] "GET /js_contentserver24_greybox/AJS.js HTTP/1.1" 200 10396 "http://www.mink-gmbh.de/index.php" "Mozilla/5.0 (Windows NT 6.1; rv:10.0.2) Gecko/20100101 Firefox/10.0.2"
89.247.21.21 - - [08/Mar/2012:09:26:13 +0100] "GET /js_contentserver24_greybox/AJS_fx.js HTTP/1.1" 200 3192 "http://www.mink-gmbh.de/index.php" "Mozilla/5.0 (Windows NT 6.1; rv:10.0.2) Gecko/20100101 Firefox/10.0.2"
89.247.21.21 - - [08/Mar/2012:09:26:13 +0100] "GET /js_contentserver24_greybox/gb_scripts.js HTTP/1.1" 200 11913 "http://www.mink-gmbh.de/index.php" "Mozilla/5.0 (Windows NT 6.1; rv:10.0.2) Gecko/20100101 Firefox/10.0.2"
89.247.21.21 - - [08/Mar/2012:09:26:13 +0100] "GET /js_contentserver24_greybox/w_close.gif HTTP/1.1" 200 74 "http://www.mink-gmbh.de/index.php" "Mozilla/5.0 (Windows NT 6.1; rv:10.0.2) Gecko/20100101 Firefox/10.0.2"
89.247.21.21 - - [08/Mar/2012:09:26:13 +0100] "GET /images/bg.jpg HTTP/1.1" 200 345 "http://www.mink-gmbh.de/style.css" "Mozilla/5.0 (Windows NT 6.1; rv:10.0.2) Gecko/20100101 Firefox/10.0.2"
89.247.21.21 - - [08/Mar/2012:09:26:13 +0100] "GET /images/wrapperbg.jpg HTTP/1.1" 200 27465 "http://www.mink-gmbh.de/style.css" "Mozilla/5.0 (Windows NT 6.1; rv:10.0.2) Gecko/20100101 Firefox/10.0.2"
89.247.21.21 - - [08/Mar/2012:09:26:13 +0100] "GET /images/header.jpg HTTP/1.1" 200 24413 "http://www.mink-gmbh.de/style.css" "Mozilla/5.0 (Windows NT 6.1; rv:10.0.2) Gecko/20100101 Firefox/10.0.2"
89.247.21.21 - - [08/Mar/2012:09:26:13 +0100] "GET /images/navibg.png HTTP/1.1" 200 2803 "http://www.mink-gmbh.de/style.css" "Mozilla/5.0 (Windows NT 6.1; rv:10.0.2) Gecko/20100101 Firefox/10.0.2"
89.247.21.21 - - [08/Mar/2012:09:26:13 +0100] "GET /images/tkw.jpg HTTP/1.1" 200 64031 "http://www.mink-gmbh.de/index.php" "Mozilla/5.0 (Windows NT 6.1; rv:10.0.2) Gecko/20100101 Firefox/10.0.2"
89.247.21.21 - - [08/Mar/2012:09:26:13 +0100] "GET /images/fallend.png HTTP/1.1" 200 713 "http://www.mink-gmbh.de/modul.css" "Mozilla/5.0 (Windows NT 6.1; rv:10.0.2) Gecko/20100101 Firefox/10.0.2"
89.247.21.21 - - [08/Mar/2012:09:26:13 +0100] "GET /images/steigend.png HTTP/1.1" 200 688 "http://www.mink-gmbh.de/modul.css" "Mozilla/5.0 (Windows NT 6.1; rv:10.0.2) Gecko/20100101 Firefox/10.0.2"
89.247.21.21 - - [08/Mar/2012:09:26:13 +0100] "GET /images/mobil.jpg HTTP/1.1" 200 25293 "http://www.mink-gmbh.de/style.css" "Mozilla/5.0 (Windows NT 6.1; rv:10.0.2) Gecko/20100101 Firefox/10.0.2"
89.247.21.21 - - [08/Mar/2012:09:26:12 +0100] "GET /index.php HTTP/1.1" 200 12369 "-" "Mozilla/5.0 (Windows NT 6.1; rv:10.0.2) Gecko/20100101 Firefox/10.0.2"
89.247.21.21 - - [08/Mar/2012:09:26:13 +0100] "GET /images/freecall.jpg HTTP/1.1" 200 39195 "http://www.mink-gmbh.de/index.php" "Mozilla/5.0 (Windows NT 6.1; rv:10.0.2) Gecko/20100101 Firefox/10.0.2"
89.247.21.21 - - [08/Mar/2012:09:26:13 +0100] "GET /images/kwk.gif HTTP/1.1" 200 6403 "http://www.mink-gmbh.de/index.php" "Mozilla/5.0 (Windows NT 6.1; rv:10.0.2) Gecko/20100101 Firefox/10.0.2"
89.247.21.21 - - [08/Mar/2012:09:26:13 +0100] "GET /images/wunschpreis.jpg HTTP/1.1" 200 16767 "http://www.mink-gmbh.de/index.php" "Mozilla/5.0 (Windows NT 6.1; rv:10.0.2) Gecko/20100101 Firefox/10.0.2"
89.247.21.21 - - [08/Mar/2012:09:26:13 +0100] "GET /images/logos.jpg HTTP/1.1" 200 15002 "http://www.mink-gmbh.de/index.php" "Mozilla/5.0 (Windows NT 6.1; rv:10.0.2) Gecko/20100101 Firefox/10.0.2"
89.247.21.21 - - [08/Mar/2012:09:26:13 +0100] "GET /images/footerbg.jpg HTTP/1.1" 200 2184 "http://www.mink-gmbh.de/style.css" "Mozilla/5.0 (Windows NT 6.1; rv:10.0.2) Gecko/20100101 Firefox/10.0.2"
89.247.21.21 - - [08/Mar/2012:09:26:13 +0100] "GET /js_contentserver24_greybox/header_bg.gif HTTP/1.1" 200 1188 "http://www.mink-gmbh.de/index.php" "Mozilla/5.0 (Windows NT 6.1; rv:10.0.2) Gecko/20100101 Firefox/10.0.2"
89.247.21.21 - - [08/Mar/2012:09:26:13 +0100] "GET /js_contentserver24_greybox/g_close.gif HTTP/1.1" 200 541 "http://www.mink-gmbh.de/index.php" "Mozilla/5.0 (Windows NT 6.1; rv:10.0.2) Gecko/20100101 Firefox/10.0.2"
89.247.21.21 - - [08/Mar/2012:09:26:13 +0100] "GET /js_contentserver24_greybox/indicator.gif HTTP/1.1" 200 8238 "http://www.mink-gmbh.de/index.php" "Mozilla/5.0 (Windows NT 6.1; rv:10.0.2) Gecko/20100101 Firefox/10.0.2"
89.247.21.21 - - [08/Mar/2012:09:26:14 +0100] "GET /js_contentserver24_greybox/loader_frame.html?s=0 HTTP/1.1" 200 2084 "http://www.mink-gmbh.de/index.php" "Mozilla/5.0 (Windows NT 6.1; rv:10.0.2) Gecko/20100101 Firefox/10.0.2"
66.249.72.143 - - [08/Mar/2012:09:56:59 +0100] "GET /news.php?cs_go=archiv&cs_startpos=50 HTTP/1.1" 200 20011 "-" "Mozilla/5.0 (compatible; Googlebot/2.1; +http://www.google.com/bot.html)"
66.249.72.143 - - [08/Mar/2012:09:57:45 +0100] "GET / HTTP/1.1" 200 12369 "-" "SAMSUNG-SGH-E250/1.0 Profile/MIDP-2.0 Configuration/CLDC-1.1 UP.Browser/6.2.3.3.c.1.101 (GUI) MMP/2.0 (compatible; Googlebot-Mobile/2.1; +http://www.google.com/bot.html)"
208.115.113.91 - - [08/Mar/2012:10:01:43 +0100] "GET /news.php?cs_go=archiv&cs_id=2700&cs_search= HTTP/1.1" 200 10648 "-" "Mozilla/5.0 (compatible; Ezooms/1.0; ezooms.bot@gmail.com)"
208.115.113.91 - - [08/Mar/2012:10:01:46 +0100] "GET /news.php?cs_go=archiv&cs_startpos=120 HTTP/1.1" 200 20009 "-" "Mozilla/5.0 (compatible; Ezooms/1.0; ezooms.bot@gmail.com)"
66.249.72.143 - - [08/Mar/2012:10:02:07 +0100] "GET /news.php?cs_go=archiv&cs_id=2826&cs_search= HTTP/1.1" 200 6930 "-" "Mozilla/5.0 (compatible; Googlebot/2.1; +http://www.google.com/bot.html)"
66.249.72.143 - - [08/Mar/2012:10:05:33 +0100] "GET /news.php?cs_go=archiv&cs_id=2568&cs_search= HTTP/1.1" 200 6381 "-" "Mozilla/5.0 (compatible; Googlebot/2.1; +http://www.google.com/bot.html)"
66.249.72.143 - - [08/Mar/2012:10:07:16 +0100] "GET /news.php?cs_go=archiv&cs_id=2828&cs_search= HTTP/1.1" 200 10756 "-" "Mozilla/5.0 (compatible; Googlebot/2.1; +http://www.google.com/bot.html)"
66.249.72.143 - - [08/Mar/2012:10:14:07 +0100] "GET /news.php?cs_go=archiv&cs_startpos=11 HTTP/1.1" 200 19521 "-" "Mozilla/5.0 (compatible; Googlebot/2.1; +http://www.google.com/bot.html)"
66.249.72.143 - - [08/Mar/2012:10:17:32 +0100] "GET /news.php?cs_go=archiv&cs_id=2827&cs_search= HTTP/1.1" 200 8108 "-" "Mozilla/5.0 (compatible; Googlebot/2.1; +http://www.google.com/bot.html)"
213.155.80.73 - - [08/Mar/2012:10:26:54 +0100] "GET /style.css HTTP/1.1" 200 7471 "http://www.mink-gmbh.de/" "Mozilla/5.0 (X11; U; Linux x86_64; C) AppleWebKit/533.3 (KHTML, like Gecko) Qt/4.7.1 Safari/533.3"
213.155.80.73 - - [08/Mar/2012:10:26:54 +0100] "GET /modul.css HTTP/1.1" 200 35038 "http://www.mink-gmbh.de/" "Mozilla/5.0 (X11; U; Linux x86_64; C) AppleWebKit/533.3 (KHTML, like Gecko) Qt/4.7.1 Safari/533.3"
213.155.80.73 - - [08/Mar/2012:10:26:55 +0100] "GET /js_contentserver24_greybox/gb_styles.css HTTP/1.1" 200 2302 "http://www.mink-gmbh.de/" "Mozilla/5.0 (X11; U; Linux x86_64; C) AppleWebKit/533.3 (KHTML, like Gecko) Qt/4.7.1 Safari/533.3"
213.155.80.73 - - [08/Mar/2012:10:26:55 +0100] "GET /js_contentserver24_greybox/AJS_fx.js HTTP/1.1" 200 3192 "http://www.mink-gmbh.de/" "Mozilla/5.0 (X11; U; Linux x86_64; C) AppleWebKit/533.3 (KHTML, like Gecko) Qt/4.7.1 Safari/533.3"
213.155.80.73 - - [08/Mar/2012:10:26:55 +0100] "GET /images/bg.jpg HTTP/1.1" 200 345 "http://www.mink-gmbh.de/" "Mozilla/5.0 (X11; U; Linux x86_64; C) AppleWebKit/533.3 (KHTML, like Gecko) Qt/4.7.1 Safari/533.3"
213.155.80.73 - - [08/Mar/2012:10:26:55 +0100] "GET /js_contentserver24_greybox/AJS.js HTTP/1.1" 200 10396 "http://www.mink-gmbh.de/" "Mozilla/5.0 (X11; U; Linux x86_64; C) AppleWebKit/533.3 (KHTML, like Gecko) Qt/4.7.1 Safari/533.3"
213.155.80.73 - - [08/Mar/2012:10:26:55 +0100] "GET /js_contentserver24_greybox/gb_scripts.js HTTP/1.1" 200 11913 "http://www.mink-gmbh.de/" "Mozilla/5.0 (X11; U; Linux x86_64; C) AppleWebKit/533.3 (KHTML, like Gecko) Qt/4.7.1 Safari/533.3"
213.155.80.73 - - [08/Mar/2012:10:26:55 +0100] "GET /images/fallend.png HTTP/1.1" 200 713 "http://www.mink-gmbh.de/" "Mozilla/5.0 (X11; U; Linux x86_64; C) AppleWebKit/533.3 (KHTML, like Gecko) Qt/4.7.1 Safari/533.3"
213.155.80.73 - - [08/Mar/2012:10:26:55 +0100] "GET /images/navibg.png HTTP/1.1" 200 2803 "http://www.mink-gmbh.de/" "Mozilla/5.0 (X11; U; Linux x86_64; C) AppleWebKit/533.3 (KHTML, like Gecko) Qt/4.7.1 Safari/533.3"
213.155.80.73 - - [08/Mar/2012:10:26:55 +0100] "GET /js_contentserver24_greybox/w_close.gif HTTP/1.1" 200 74 "http://www.mink-gmbh.de/" "Mozilla/5.0 (X11; U; Linux x86_64; C) AppleWebKit/533.3 (KHTML, like Gecko) Qt/4.7.1 Safari/533.3"
213.155.80.73 - - [08/Mar/2012:10:26:55 +0100] "GET /images/header.jpg HTTP/1.1" 200 24413 "http://www.mink-gmbh.de/" "Mozilla/5.0 (X11; U; Linux x86_64; C) AppleWebKit/533.3 (KHTML, like Gecko) Qt/4.7.1 Safari/533.3"
213.155.80.73 - - [08/Mar/2012:10:26:55 +0100] "GET /images/wrapperbg.jpg HTTP/1.1" 200 27465 "http://www.mink-gmbh.de/" "Mozilla/5.0 (X11; U; Linux x86_64; C) AppleWebKit/533.3 (KHTML, like Gecko) Qt/4.7.1 Safari/533.3"
213.155.80.73 - - [08/Mar/2012:10:26:55 +0100] "GET /images/steigend.png HTTP/1.1" 200 688 "http://www.mink-gmbh.de/" "Mozilla/5.0 (X11; U; Linux x86_64; C) AppleWebKit/533.3 (KHTML, like Gecko) Qt/4.7.1 Safari/533.3"
213.155.80.73 - - [08/Mar/2012:10:26:55 +0100] "GET /images/mobil.jpg HTTP/1.1" 200 25293 "http://www.mink-gmbh.de/" "Mozilla/5.0 (X11; U; Linux x86_64; C) AppleWebKit/533.3 (KHTML, like Gecko) Qt/4.7.1 Safari/533.3"
213.155.80.73 - - [08/Mar/2012:10:26:55 +0100] "GET /images/tkw.jpg HTTP/1.1" 200 64031 "http://www.mink-gmbh.de/" "Mozilla/5.0 (X11; U; Linux x86_64; C) AppleWebKit/533.3 (KHTML, like Gecko) Qt/4.7.1 Safari/533.3"
213.155.80.73 - - [08/Mar/2012:10:26:54 +0100] "GET / HTTP/1.1" 200 12357 "-" "Mozilla/5.0 (X11; U; Linux x86_64; C) AppleWebKit/533.3 (KHTML, like Gecko) Qt/4.7.1 Safari/533.3"
213.155.80.73 - - [08/Mar/2012:10:26:55 +0100] "GET /js_contentserver24_greybox/loader_frame.html?s=0 HTTP/1.1" 200 2084 "http://www.mink-gmbh.de/" "Mozilla/5.0 (X11; U; Linux x86_64; C) AppleWebKit/533.3 (KHTML, like Gecko) Qt/4.7.1 Safari/533.3"
213.155.80.73 - - [08/Mar/2012:10:26:55 +0100] "GET /js_contentserver24_greybox/header_bg.gif HTTP/1.1" 200 1188 "http://www.mink-gmbh.de/" "Mozilla/5.0 (X11; U; Linux x86_64; C) AppleWebKit/533.3 (KHTML, like Gecko) Qt/4.7.1 Safari/533.3"
213.155.80.73 - - [08/Mar/2012:10:26:55 +0100] "GET /images/kwk.gif HTTP/1.1" 200 6403 "http://www.mink-gmbh.de/" "Mozilla/5.0 (X11; U; Linux x86_64; C) AppleWebKit/533.3 (KHTML, like Gecko) Qt/4.7.1 Safari/533.3"
213.155.80.73 - - [08/Mar/2012:10:26:55 +0100] "GET /images/logos.jpg HTTP/1.1" 200 15002 "http://www.mink-gmbh.de/" "Mozilla/5.0 (X11; U; Linux x86_64; C) AppleWebKit/533.3 (KHTML, like Gecko) Qt/4.7.1 Safari/533.3"
213.155.80.73 - - [08/Mar/2012:10:26:55 +0100] "GET /images/footerbg.jpg HTTP/1.1" 200 2184 "http://www.mink-gmbh.de/" "Mozilla/5.0 (X11; U; Linux x86_64; C) AppleWebKit/533.3 (KHTML, like Gecko) Qt/4.7.1 Safari/533.3"
213.155.80.73 - - [08/Mar/2012:10:26:55 +0100] "GET /js_contentserver24_greybox/indicator.gif HTTP/1.1" 200 8238 "http://www.mink-gmbh.de/js_contentserver24_greybox/loader_frame.html?s=0" "Mozilla/5.0 (X11; U; Linux x86_64; C) AppleWebKit/533.3 (KHTML, like Gecko) Qt/4.7.1 Safari/533.3"
213.155.80.73 - - [08/Mar/2012:10:26:55 +0100] "GET /images/wunschpreis.jpg HTTP/1.1" 200 16767 "http://www.mink-gmbh.de/" "Mozilla/5.0 (X11; U; Linux x86_64; C) AppleWebKit/533.3 (KHTML, like Gecko) Qt/4.7.1 Safari/533.3"
213.155.80.73 - - [08/Mar/2012:10:26:55 +0100] "GET /images/freecall.jpg HTTP/1.1" 200 39195 "http://www.mink-gmbh.de/" "Mozilla/5.0 (X11; U; Linux x86_64; C) AppleWebKit/533.3 (KHTML, like Gecko) Qt/4.7.1 Safari/533.3"
213.155.80.73 - - [08/Mar/2012:10:26:55 +0100] "GET /js_contentserver24_greybox/g_close.gif HTTP/1.1" 200 541 "http://www.mink-gmbh.de/" "Mozilla/5.0 (X11; U; Linux x86_64; C) AppleWebKit/533.3 (KHTML, like Gecko) Qt/4.7.1 Safari/533.3"
66.249.72.143 - - [08/Mar/2012:10:34:37 +0100] "GET /news.php?cs_go=archiv&cs_id=2847&cs_search= HTTP/1.1" 200 8093 "-" "Mozilla/5.0 (compatible; Googlebot/2.1; +http://www.google.com/bot.html)"
123.125.71.24 - - [08/Mar/2012:10:34:39 +0100] "GET / HTTP/1.1" 200 6157 "-" "Mozilla/5.0 (compatible; Baiduspider/2.0; +http://www.baidu.com/search/spider.html)"
220.181.108.83 - - [08/Mar/2012:10:35:15 +0100] "GET / HTTP/1.1" 200 6157 "-" "Mozilla/5.0 (compatible; Baiduspider/2.0; +http://www.baidu.com/search/spider.html)"
66.249.72.143 - - [08/Mar/2012:10:37:59 +0100] "GET /news.php?cs_go=archiv&cs_startpos=60 HTTP/1.1" 200 19874 "-" "Mozilla/5.0 (compatible; Googlebot/2.1; +http://www.google.com/bot.html)"
66.249.72.143 - - [08/Mar/2012:10:51:41 +0100] "GET /robots.txt HTTP/1.1" 200 177 "-" "Mozilla/5.0 (compatible; Googlebot/2.1; +http://www.google.com/bot.html)"
66.249.72.143 - - [08/Mar/2012:10:51:41 +0100] "GET /news.php?cs_go=archiv&cs_startpos=21 HTTP/1.1" 200 19787 "-" "Mozilla/5.0 (compatible; Googlebot/2.1; +http://www.google.com/bot.html)"
66.249.72.143 - - [08/Mar/2012:10:55:07 +0100] "GET /news.php?cs_go=archiv&cs_startpos=41 HTTP/1.1" 200 19999 "-" "Mozilla/5.0 (compatible; Googlebot/2.1; +http://www.google.com/bot.html)"
95.108.128.242 - - [08/Mar/2012:10:56:19 +0100] "GET /agb.php HTTP/1.1" 200 16832 "-" "Mozilla/5.0 (compatible; YandexBot/3.0; +http://yandex.com/bots)"
123.125.71.20 - - [08/Mar/2012:11:32:10 +0100] "GET / HTTP/1.1" 200 6157 "-" "Mozilla/5.0 (compatible; Baiduspider/2.0; +http://www.baidu.com/search/spider.html)"
220.181.108.90 - - [08/Mar/2012:11:32:49 +0100] "GET / HTTP/1.1" 200 12357 "-" "Mozilla/5.0 (compatible; Baiduspider/2.0; +http://www.baidu.com/search/spider.html)"
66.249.72.143 - - [08/Mar/2012:11:36:11 +0100] "GET /news.php?cs_go=archiv&cs_startpos=61 HTTP/1.1" 200 19905 "-" "Mozilla/5.0 (compatible; Googlebot/2.1; +http://www.google.com/bot.html)"
66.249.72.143 - - [08/Mar/2012:11:49:53 +0100] "GET /news.php?cs_go=archiv&cs_startpos=31 HTTP/1.1" 200 19904 "-" "Mozilla/5.0 (compatible; Googlebot/2.1; +http://www.google.com/bot.html)"
66.249.72.143 - - [08/Mar/2012:11:58:26 +0100] "GET /news.php?cs_go=archiv&cs_id=522&cs_search= HTTP/1.1" 200 4856 "-" "Mozilla/5.0 (compatible; Googlebot/2.1; +http://www.google.com/bot.html)"
66.249.72.143 - - [08/Mar/2012:12:00:10 +0100] "GET /optiplus.php HTTP/1.1" 200 8128 "-" "Mozilla/5.0 (compatible; Googlebot/2.1; +http://www.google.com/bot.html)"
66.249.72.143 - - [08/Mar/2012:12:01:52 +0100] "GET /images/RAL_Guetezeichen_Energiehandel.pdf HTTP/1.1" 304 - "-" "Mozilla/5.0 (compatible; Googlebot/2.1; +http://www.google.com/bot.html)"
217.249.155.231 - - [08/Mar/2012:12:25:12 +0100] "GET /lexikon.php?cs_go=3&cs_id=138 HTTP/1.1" 200 5878 "-" "findlinks/2.0.2 (+http://wortschatz.uni-leipzig.de/findlinks/)"
66.249.72.143 - - [08/Mar/2012:12:53:14 +0100] "GET /news.php HTTP/1.1" 200 19332 "-" "Mozilla/5.0 (compatible; Googlebot/2.1; +http://www.google.com/bot.html)"
213.155.80.73 - - [08/Mar/2012:13:01:35 +0100] "GET /style.css HTTP/1.1" 200 7471 "http://www.mink-gmbh.de/" "Mozilla/5.0 (X11; U; Linux x86_64; C) AppleWebKit/533.3 (KHTML, like Gecko) Qt/4.7.1 Safari/533.3"
213.155.80.73 - - [08/Mar/2012:13:01:35 +0100] "GET /modul.css HTTP/1.1" 200 35038 "http://www.mink-gmbh.de/" "Mozilla/5.0 (X11; U; Linux x86_64; C) AppleWebKit/533.3 (KHTML, like Gecko) Qt/4.7.1 Safari/533.3"
213.155.80.73 - - [08/Mar/2012:13:01:35 +0100] "GET /js_contentserver24_greybox/AJS.js HTTP/1.1" 200 10396 "http://www.mink-gmbh.de/" "Mozilla/5.0 (X11; U; Linux x86_64; C) AppleWebKit/533.3 (KHTML, like Gecko) Qt/4.7.1 Safari/533.3"
213.155.80.73 - - [08/Mar/2012:13:01:35 +0100] "GET /js_contentserver24_greybox/AJS_fx.js HTTP/1.1" 200 3192 "http://www.mink-gmbh.de/" "Mozilla/5.0 (X11; U; Linux x86_64; C) AppleWebKit/533.3 (KHTML, like Gecko) Qt/4.7.1 Safari/533.3"
213.155.80.73 - - [08/Mar/2012:13:01:35 +0100] "GET /images/bg.jpg HTTP/1.1" 200 345 "http://www.mink-gmbh.de/" "Mozilla/5.0 (X11; U; Linux x86_64; C) AppleWebKit/533.3 (KHTML, like Gecko) Qt/4.7.1 Safari/533.3"
213.155.80.73 - - [08/Mar/2012:13:01:35 +0100] "GET /js_contentserver24_greybox/gb_styles.css HTTP/1.1" 200 2302 "http://www.mink-gmbh.de/" "Mozilla/5.0 (X11; U; Linux x86_64; C) AppleWebKit/533.3 (KHTML, like Gecko) Qt/4.7.1 Safari/533.3"
213.155.80.73 - - [08/Mar/2012:13:01:35 +0100] "GET /js_contentserver24_greybox/gb_scripts.js HTTP/1.1" 200 11913 "http://www.mink-gmbh.de/" "Mozilla/5.0 (X11; U; Linux x86_64; C) AppleWebKit/533.3 (KHTML, like Gecko) Qt/4.7.1 Safari/533.3"
213.155.80.73 - - [08/Mar/2012:13:01:35 +0100] "GET /images/steigend.png HTTP/1.1" 200 688 "http://www.mink-gmbh.de/" "Mozilla/5.0 (X11; U; Linux x86_64; C) AppleWebKit/533.3 (KHTML, like Gecko) Qt/4.7.1 Safari/533.3"
213.155.80.73 - - [08/Mar/2012:13:01:35 +0100] "GET /js_contentserver24_greybox/w_close.gif HTTP/1.1" 200 74 "http://www.mink-gmbh.de/" "Mozilla/5.0 (X11; U; Linux x86_64; C) AppleWebKit/533.3 (KHTML, like Gecko) Qt/4.7.1 Safari/533.3"
213.155.80.73 - - [08/Mar/2012:13:01:35 +0100] "GET /images/navibg.png HTTP/1.1" 200 2803 "http://www.mink-gmbh.de/" "Mozilla/5.0 (X11; U; Linux x86_64; C) AppleWebKit/533.3 (KHTML, like Gecko) Qt/4.7.1 Safari/533.3"
213.155.80.73 - - [08/Mar/2012:13:01:35 +0100] "GET /images/header.jpg HTTP/1.1" 200 24413 "http://www.mink-gmbh.de/" "Mozilla/5.0 (X11; U; Linux x86_64; C) AppleWebKit/533.3 (KHTML, like Gecko) Qt/4.7.1 Safari/533.3"
213.155.80.73 - - [08/Mar/2012:13:01:35 +0100] "GET /images/wrapperbg.jpg HTTP/1.1" 200 27465 "http://www.mink-gmbh.de/" "Mozilla/5.0 (X11; U; Linux x86_64; C) AppleWebKit/533.3 (KHTML, like Gecko) Qt/4.7.1 Safari/533.3"
213.155.80.73 - - [08/Mar/2012:13:01:35 +0100] "GET /images/fallend.png HTTP/1.1" 200 713 "http://www.mink-gmbh.de/" "Mozilla/5.0 (X11; U; Linux x86_64; C) AppleWebKit/533.3 (KHTML, like Gecko) Qt/4.7.1 Safari/533.3"
213.155.80.73 - - [08/Mar/2012:13:01:35 +0100] "GET /images/mobil.jpg HTTP/1.1" 200 25293 "http://www.mink-gmbh.de/" "Mozilla/5.0 (X11; U; Linux x86_64; C) AppleWebKit/533.3 (KHTML, like Gecko) Qt/4.7.1 Safari/533.3"
213.155.80.73 - - [08/Mar/2012:13:01:35 +0100] "GET /images/tkw.jpg HTTP/1.1" 200 64031 "http://www.mink-gmbh.de/" "Mozilla/5.0 (X11; U; Linux x86_64; C) AppleWebKit/533.3 (KHTML, like Gecko) Qt/4.7.1 Safari/533.3"
213.155.80.73 - - [08/Mar/2012:13:01:35 +0100] "GET / HTTP/1.1" 200 12357 "-" "Mozilla/5.0 (X11; U; Linux x86_64; C) AppleWebKit/533.3 (KHTML, like Gecko) Qt/4.7.1 Safari/533.3"
213.155.80.73 - - [08/Mar/2012:13:01:36 +0100] "GET /js_contentserver24_greybox/header_bg.gif HTTP/1.1" 200 1188 "http://www.mink-gmbh.de/" "Mozilla/5.0 (X11; U; Linux x86_64; C) AppleWebKit/533.3 (KHTML, like Gecko) Qt/4.7.1 Safari/533.3"
213.155.80.73 - - [08/Mar/2012:13:01:36 +0100] "GET /js_contentserver24_greybox/loader_frame.html?s=0 HTTP/1.1" 200 2084 "http://www.mink-gmbh.de/" "Mozilla/5.0 (X11; U; Linux x86_64; C) AppleWebKit/533.3 (KHTML, like Gecko) Qt/4.7.1 Safari/533.3"
213.155.80.73 - - [08/Mar/2012:13:01:36 +0100] "GET /images/kwk.gif HTTP/1.1" 200 6403 "http://www.mink-gmbh.de/" "Mozilla/5.0 (X11; U; Linux x86_64; C) AppleWebKit/533.3 (KHTML, like Gecko) Qt/4.7.1 Safari/533.3"
213.155.80.73 - - [08/Mar/2012:13:01:36 +0100] "GET /images/wunschpreis.jpg HTTP/1.1" 200 16767 "http://www.mink-gmbh.de/" "Mozilla/5.0 (X11; U; Linux x86_64; C) AppleWebKit/533.3 (KHTML, like Gecko) Qt/4.7.1 Safari/533.3"
213.155.80.73 - - [08/Mar/2012:13:01:36 +0100] "GET /images/logos.jpg HTTP/1.1" 200 15002 "http://www.mink-gmbh.de/" "Mozilla/5.0 (X11; U; Linux x86_64; C) AppleWebKit/533.3 (KHTML, like Gecko) Qt/4.7.1 Safari/533.3"
213.155.80.73 - - [08/Mar/2012:13:01:36 +0100] "GET /images/freecall.jpg HTTP/1.1" 200 39195 "http://www.mink-gmbh.de/" "Mozilla/5.0 (X11; U; Linux x86_64; C) AppleWebKit/533.3 (KHTML, like Gecko) Qt/4.7.1 Safari/533.3"
213.155.80.73 - - [08/Mar/2012:13:01:36 +0100] "GET /images/footerbg.jpg HTTP/1.1" 200 2184 "http://www.mink-gmbh.de/" "Mozilla/5.0 (X11; U; Linux x86_64; C) AppleWebKit/533.3 (KHTML, like Gecko) Qt/4.7.1 Safari/533.3"
213.155.80.73 - - [08/Mar/2012:13:01:36 +0100] "GET /js_contentserver24_greybox/indicator.gif HTTP/1.1" 200 8238 "http://www.mink-gmbh.de/js_contentserver24_greybox/loader_frame.html?s=0" "Mozilla/5.0 (X11; U; Linux x86_64; C) AppleWebKit/533.3 (KHTML, like Gecko) Qt/4.7.1 Safari/533.3"
213.155.80.73 - - [08/Mar/2012:13:01:36 +0100] "GET /js_contentserver24_greybox/g_close.gif HTTP/1.1" 200 541 "http://www.mink-gmbh.de/" "Mozilla/5.0 (X11; U; Linux x86_64; C) AppleWebKit/533.3 (KHTML, like Gecko) Qt/4.7.1 Safari/533.3"
66.249.72.143 - - [08/Mar/2012:13:13:47 +0100] "GET /agb.php HTTP/1.1" 200 16832 "-" "Mozilla/5.0 (compatible; Googlebot/2.1; +http://www.google.com/bot.html)"
66.249.72.143 - - [08/Mar/2012:13:18:23 +0100] "GET /news.php?cs_go=archiv&cs_id=2852&cs_search= HTTP/1.1" 200 12916 "-" "Mozilla/5.0 (compatible; Googlebot/2.1; +http://www.google.com/bot.html)"
208.115.113.91 - - [08/Mar/2012:13:29:10 +0100] "GET /robots.txt HTTP/1.1" 200 177 "-" "Mozilla/5.0 (compatible; Ezooms/1.0; ezooms.bot@gmail.com)"
65.36.241.79 - - [08/Mar/2012:13:30:12 +0100] "HEAD / HTTP/1.1" 200 - "-" "InternetSeer.com"
66.249.72.143 - - [08/Mar/2012:13:42:54 +0100] "GET /wunschpreis.php HTTP/1.1" 200 9130 "-" "Mozilla/5.0 (compatible; Googlebot/2.1; +http://www.google.com/bot.html)"
66.249.72.143 - - [08/Mar/2012:14:17:09 +0100] "GET /preisanfrage.php HTTP/1.1" 200 7759 "-" "Mozilla/5.0 (compatible; Googlebot/2.1; +http://www.google.com/bot.html)"
66.249.72.143 - - [08/Mar/2012:14:22:17 +0100] "GET /kontakt.php HTTP/1.1" 200 6250 "-" "Mozilla/5.0 (compatible; Googlebot/2.1; +http://www.google.com/bot.html)"
66.249.72.143 - - [08/Mar/2012:14:27:24 +0100] "GET /rueckrufservice.php HTTP/1.1" 200 7739 "-" "Mozilla/5.0 (compatible; Googlebot/2.1; +http://www.google.com/bot.html)"
66.249.72.143 - - [08/Mar/2012:14:32:30 +0100] "GET / HTTP/1.1" 200 12371 "-" "Mozilla/5.0 (compatible; Googlebot/2.1; +http://www.google.com/bot.html)"
46.137.94.102 - - [08/Mar/2012:14:33:52 +0100] "GET / HTTP/1.1" 200 12371 "-" "curl/7.19.7 (x86_64-redhat-linux-gnu) libcurl/7.19.7 NSS/3.12.9.0 zlib/1.2.3 libidn/1.18 libssh2/1.2.2"
77.21.147.173 - - [08/Mar/2012:14:37:48 +0100] "GET /preisanfrage.php HTTP/1.1" 200 7759 "-" "findlinks/2.0.2 (+http://wortschatz.uni-leipzig.de/findlinks/)"
208.115.113.91 - - [08/Mar/2012:14:46:47 +0100] "GET /kontakt.php HTTP/1.1" 200 6250 "-" "Mozilla/5.0 (compatible; Ezooms/1.0; ezooms.bot@gmail.com)"
208.115.113.91 - - [08/Mar/2012:14:46:50 +0100] "GET /news.php?cs_go=archiv&cs_id=2737&cs_search= HTTP/1.1" 200 7052 "-" "Mozilla/5.0 (compatible; Ezooms/1.0; ezooms.bot@gmail.com)"
66.249.72.143 - - [08/Mar/2012:14:51:13 +0100] "GET /impressum.php HTTP/1.1" 200 5623 "-" "Mozilla/5.0 (compatible; Googlebot/2.1; +http://www.google.com/bot.html)"
66.249.72.143 - - [08/Mar/2012:15:06:47 +0100] "GET /news.php?cs_go=archiv&cs_id=2885 HTTP/1.1" 200 10551 "-" "Mozilla/5.0 (compatible; Googlebot/2.1; +http://www.google.com/bot.html)"
66.249.72.143 - - [08/Mar/2012:15:28:40 +0100] "GET /news.php?cs_go=archiv&cs_id=2875 HTTP/1.1" 200 7847 "-" "Mozilla/5.0 (compatible; Googlebot/2.1; +http://www.google.com/bot.html)"
