46.4.79.75 - - [02/Mar/2012:18:10:37 +0100] "GET /index.php HTTP/1.1" 200 12302 "-" "Mozilla/5.0 (Windows NT 5.1) AppleWebKit/535.1 (KHTML, like Gecko) Chrome/13.0.782.107 Safari/535.1"
46.4.79.75 - - [02/Mar/2012:18:10:38 +0100] "GET /news.php?cs_go=archiv&cs_id=2804&cs_search= HTTP/1.1" 200 10980 "-" "Mozilla/5.0 (Windows NT 5.1) AppleWebKit/535.1 (KHTML, like Gecko) Chrome/13.0.782.107 Safari/535.1"
46.4.79.75 - - [02/Mar/2012:18:10:38 +0100] "GET /news.php?cs_go=archiv&cs_startpos=30 HTTP/1.1" 200 19891 "-" "Mozilla/5.0 (Windows NT 5.1) AppleWebKit/535.1 (KHTML, like Gecko) Chrome/13.0.782.107 Safari/535.1"
66.249.66.19 - - [02/Mar/2012:18:14:17 +0100] "GET /news.php?cs_go=archiv&cs_id=481&cs_search= HTTP/1.1" 200 4787 "-" "Mozilla/5.0 (compatible; Googlebot/2.1; +http://www.google.com/bot.html)"
89.247.2.82 - - [02/Mar/2012:18:15:41 +0100] "GET /style.css HTTP/1.1" 200 7564 "http://www.mink-gmbh.de/index.php" "Mozilla/5.0 (Windows NT 6.1; rv:10.0.2) Gecko/20100101 Firefox/10.0.2"
89.247.2.82 - - [02/Mar/2012:18:15:41 +0100] "GET /modul.css HTTP/1.1" 200 35038 "http://www.mink-gmbh.de/index.php" "Mozilla/5.0 (Windows NT 6.1; rv:10.0.2) Gecko/20100101 Firefox/10.0.2"
89.247.2.82 - - [02/Mar/2012:18:15:41 +0100] "GET /favicon.ico HTTP/1.1" 200 3638 "-" "Mozilla/5.0 (Windows NT 6.1; rv:10.0.2) Gecko/20100101 Firefox/10.0.2"
89.247.2.82 - - [02/Mar/2012:18:15:41 +0100] "GET /js_contentserver24_greybox/gb_styles.css HTTP/1.1" 200 2302 "http://www.mink-gmbh.de/index.php" "Mozilla/5.0 (Windows NT 6.1; rv:10.0.2) Gecko/20100101 Firefox/10.0.2"
89.247.2.82 - - [02/Mar/2012:18:15:41 +0100] "GET /js_contentserver24_greybox/AJS.js HTTP/1.1" 200 10396 "http://www.mink-gmbh.de/index.php" "Mozilla/5.0 (Windows NT 6.1; rv:10.0.2) Gecko/20100101 Firefox/10.0.2"
89.247.2.82 - - [02/Mar/2012:18:15:41 +0100] "GET /js_contentserver24_greybox/AJS_fx.js HTTP/1.1" 200 3192 "http://www.mink-gmbh.de/index.php" "Mozilla/5.0 (Windows NT 6.1; rv:10.0.2) Gecko/20100101 Firefox/10.0.2"
89.247.2.82 - - [02/Mar/2012:18:15:41 +0100] "GET /js_contentserver24_greybox/gb_scripts.js HTTP/1.1" 200 11913 "http://www.mink-gmbh.de/index.php" "Mozilla/5.0 (Windows NT 6.1; rv:10.0.2) Gecko/20100101 Firefox/10.0.2"
89.247.2.82 - - [02/Mar/2012:18:15:41 +0100] "GET /images/tkw.jpg HTTP/1.1" 200 64031 "http://www.mink-gmbh.de/index.php" "Mozilla/5.0 (Windows NT 6.1; rv:10.0.2) Gecko/20100101 Firefox/10.0.2"
89.247.2.82 - - [02/Mar/2012:18:15:42 +0100] "GET /js_contentserver24_greybox/w_close.gif HTTP/1.1" 200 74 "http://www.mink-gmbh.de/index.php" "Mozilla/5.0 (Windows NT 6.1; rv:10.0.2) Gecko/20100101 Firefox/10.0.2"
89.247.2.82 - - [02/Mar/2012:18:15:42 +0100] "GET /images/bg.jpg HTTP/1.1" 200 345 "http://www.mink-gmbh.de/style.css" "Mozilla/5.0 (Windows NT 6.1; rv:10.0.2) Gecko/20100101 Firefox/10.0.2"
89.247.2.82 - - [02/Mar/2012:18:15:42 +0100] "GET /images/wrapperbg.jpg HTTP/1.1" 200 27465 "http://www.mink-gmbh.de/style.css" "Mozilla/5.0 (Windows NT 6.1; rv:10.0.2) Gecko/20100101 Firefox/10.0.2"
89.247.2.82 - - [02/Mar/2012:18:15:42 +0100] "GET /images/header.jpg HTTP/1.1" 200 24413 "http://www.mink-gmbh.de/style.css" "Mozilla/5.0 (Windows NT 6.1; rv:10.0.2) Gecko/20100101 Firefox/10.0.2"
89.247.2.82 - - [02/Mar/2012:18:15:42 +0100] "GET /images/navibg.png HTTP/1.1" 200 2803 "http://www.mink-gmbh.de/style.css" "Mozilla/5.0 (Windows NT 6.1; rv:10.0.2) Gecko/20100101 Firefox/10.0.2"
89.247.2.82 - - [02/Mar/2012:18:15:41 +0100] "GET /index.php HTTP/1.1" 200 12302 "-" "Mozilla/5.0 (Windows NT 6.1; rv:10.0.2) Gecko/20100101 Firefox/10.0.2"
89.247.2.82 - - [02/Mar/2012:18:15:42 +0100] "GET /images/steigend.png HTTP/1.1" 200 688 "http://www.mink-gmbh.de/modul.css" "Mozilla/5.0 (Windows NT 6.1; rv:10.0.2) Gecko/20100101 Firefox/10.0.2"
89.247.2.82 - - [02/Mar/2012:18:15:42 +0100] "GET /images/fallend.png HTTP/1.1" 200 713 "http://www.mink-gmbh.de/modul.css" "Mozilla/5.0 (Windows NT 6.1; rv:10.0.2) Gecko/20100101 Firefox/10.0.2"
89.247.2.82 - - [02/Mar/2012:18:15:42 +0100] "GET /images/mobil.jpg HTTP/1.1" 200 25293 "http://www.mink-gmbh.de/style.css" "Mozilla/5.0 (Windows NT 6.1; rv:10.0.2) Gecko/20100101 Firefox/10.0.2"
89.247.2.82 - - [02/Mar/2012:18:15:42 +0100] "GET /images/freecall.jpg HTTP/1.1" 200 13955 "http://www.mink-gmbh.de/index.php" "Mozilla/5.0 (Windows NT 6.1; rv:10.0.2) Gecko/20100101 Firefox/10.0.2"
89.247.2.82 - - [02/Mar/2012:18:15:42 +0100] "GET /images/kwk.gif HTTP/1.1" 200 6403 "http://www.mink-gmbh.de/index.php" "Mozilla/5.0 (Windows NT 6.1; rv:10.0.2) Gecko/20100101 Firefox/10.0.2"
89.247.2.82 - - [02/Mar/2012:18:15:42 +0100] "GET /images/wunschpreis.jpg HTTP/1.1" 200 16767 "http://www.mink-gmbh.de/index.php" "Mozilla/5.0 (Windows NT 6.1; rv:10.0.2) Gecko/20100101 Firefox/10.0.2"
89.247.2.82 - - [02/Mar/2012:18:15:42 +0100] "GET /images/logos.jpg HTTP/1.1" 200 15002 "http://www.mink-gmbh.de/index.php" "Mozilla/5.0 (Windows NT 6.1; rv:10.0.2) Gecko/20100101 Firefox/10.0.2"
89.247.2.82 - - [02/Mar/2012:18:15:42 +0100] "GET /images/footerbg.jpg HTTP/1.1" 200 2184 "http://www.mink-gmbh.de/style.css" "Mozilla/5.0 (Windows NT 6.1; rv:10.0.2) Gecko/20100101 Firefox/10.0.2"
89.247.2.82 - - [02/Mar/2012:18:15:42 +0100] "GET /js_contentserver24_greybox/header_bg.gif HTTP/1.1" 200 1188 "http://www.mink-gmbh.de/index.php" "Mozilla/5.0 (Windows NT 6.1; rv:10.0.2) Gecko/20100101 Firefox/10.0.2"
89.247.2.82 - - [02/Mar/2012:18:15:42 +0100] "GET /js_contentserver24_greybox/g_close.gif HTTP/1.1" 200 541 "http://www.mink-gmbh.de/index.php" "Mozilla/5.0 (Windows NT 6.1; rv:10.0.2) Gecko/20100101 Firefox/10.0.2"
89.247.2.82 - - [02/Mar/2012:18:15:42 +0100] "GET /js_contentserver24_greybox/indicator.gif HTTP/1.1" 200 8238 "http://www.mink-gmbh.de/index.php" "Mozilla/5.0 (Windows NT 6.1; rv:10.0.2) Gecko/20100101 Firefox/10.0.2"
89.247.2.82 - - [02/Mar/2012:18:15:43 +0100] "GET /js_contentserver24_greybox/loader_frame.html?s=0 HTTP/1.1" 200 2084 "http://www.mink-gmbh.de/index.php" "Mozilla/5.0 (Windows NT 6.1; rv:10.0.2) Gecko/20100101 Firefox/10.0.2"
66.249.66.19 - - [02/Mar/2012:18:19:18 +0100] "GET /news.php?cs_go=archiv&cs_id=482&cs_search= HTTP/1.1" 200 4787 "-" "Mozilla/5.0 (compatible; Googlebot/2.1; +http://www.google.com/bot.html)"
66.249.66.19 - - [02/Mar/2012:18:22:10 +0100] "GET /news.php?cs_go=archiv&cs_id=484&cs_search= HTTP/1.1" 200 4787 "-" "Mozilla/5.0 (compatible; Googlebot/2.1; +http://www.google.com/bot.html)"
66.249.66.19 - - [02/Mar/2012:18:23:40 +0100] "GET /news.php?cs_go=archiv&cs_id=487&cs_search= HTTP/1.1" 200 4787 "-" "Mozilla/5.0 (compatible; Googlebot/2.1; +http://www.google.com/bot.html)"
66.249.72.143 - - [02/Mar/2012:18:25:09 +0100] "GET /news.php?cs_go=archiv&cs_id=499&cs_search= HTTP/1.1" 200 4787 "-" "Mozilla/5.0 (compatible; Googlebot/2.1; +http://www.google.com/bot.html)"
66.249.66.19 - - [02/Mar/2012:18:26:40 +0100] "GET /news.php?cs_go=archiv&cs_id=526&cs_search= HTTP/1.1" 200 4787 "-" "Mozilla/5.0 (compatible; Googlebot/2.1; +http://www.google.com/bot.html)"
66.249.72.143 - - [02/Mar/2012:18:36:35 +0100] "GET /news.php?cs_go=archiv&cs_id=531&cs_search= HTTP/1.1" 200 4787 "-" "Mozilla/5.0 (compatible; Googlebot/2.1; +http://www.google.com/bot.html)"
66.249.72.143 - - [02/Mar/2012:18:38:24 +0100] "GET /news.php?cs_go=archiv&cs_id=544&cs_search= HTTP/1.1" 200 4787 "-" "Mozilla/5.0 (compatible; Googlebot/2.1; +http://www.google.com/bot.html)"
66.249.72.143 - - [02/Mar/2012:18:39:48 +0100] "GET /news.php?cs_go=archiv&cs_id=2874 HTTP/1.1" 200 10842 "-" "Mozilla/5.0 (compatible; Googlebot/2.1; +http://www.google.com/bot.html)"
66.249.72.143 - - [02/Mar/2012:18:40:17 +0100] "GET /news.php?cs_go=archiv&cs_id=580&cs_search= HTTP/1.1" 200 4787 "-" "Mozilla/5.0 (compatible; Googlebot/2.1; +http://www.google.com/bot.html)"
66.249.66.19 - - [02/Mar/2012:18:41:04 +0100] "GET /news.php?cs_go=archiv&cs_id=2847 HTTP/1.1" 200 8024 "-" "Mozilla/5.0 (compatible; Googlebot/2.1; +http://www.google.com/bot.html)"
123.125.71.23 - - [02/Mar/2012:18:42:57 +0100] "GET / HTTP/1.1" 200 10497 "-" "Mozilla/5.0 (compatible; Baiduspider/2.0; +http://www.baidu.com/search/spider.html)"
220.181.108.83 - - [02/Mar/2012:18:43:36 +0100] "GET / HTTP/1.1" 200 6170 "-" "Mozilla/5.0 (compatible; Baiduspider/2.0; +http://www.baidu.com/search/spider.html)"
66.249.72.143 - - [02/Mar/2012:18:45:12 +0100] "GET /news.php?cs_go=archiv&cs_id=573&cs_search= HTTP/1.1" 200 4787 "-" "Mozilla/5.0 (compatible; Googlebot/2.1; +http://www.google.com/bot.html)"
66.249.66.19 - - [02/Mar/2012:18:55:05 +0100] "GET /favicon.ico HTTP/1.1" 200 3638 "-" "Googlebot-Image/1.0"
46.4.79.75 - - [02/Mar/2012:18:58:55 +0100] "GET /news.php?cs_go=archiv&cs_id=2803&cs_search= HTTP/1.1" 200 11082 "-" "Mozilla/5.0 (Windows NT 5.1) AppleWebKit/535.1 (KHTML, like Gecko) Chrome/13.0.782.107 Safari/535.1"
66.249.66.19 - - [02/Mar/2012:19:00:47 +0100] "GET /index.php HTTP/1.1" 200 12302 "-" "Mozilla/5.0 (compatible; Googlebot/2.1; +http://www.google.com/bot.html)"
89.247.2.82 - - [02/Mar/2012:19:04:09 +0100] "GET /index.php HTTP/1.1" 200 11652 "-" "Mozilla/5.0 (Windows NT 6.1; rv:10.0.2) Gecko/20100101 Firefox/10.0.2"
46.4.79.76 - - [02/Mar/2012:19:09:22 +0100] "GET /news.php?cs_go=archiv&cs_id=2803&cs_search= HTTP/1.1" 200 11082 "-" "Mozilla/5.0 (Windows NT 5.1) AppleWebKit/535.1 (KHTML, like Gecko) Chrome/13.0.782.107 Safari/535.1"
66.249.66.19 - - [02/Mar/2012:19:23:33 +0100] "GET /news.php?cs_go=archiv&cs_id=161&cs_search= HTTP/1.1" 200 4787 "-" "Mozilla/5.0 (compatible; Googlebot/2.1; +http://www.google.com/bot.html)"
66.249.72.143 - - [02/Mar/2012:19:25:49 +0100] "GET /news.php?cs_go=archiv&cs_id=582&cs_search= HTTP/1.1" 200 4787 "-" "Mozilla/5.0 (compatible; Googlebot/2.1; +http://www.google.com/bot.html)"
66.249.72.143 - - [02/Mar/2012:19:28:06 +0100] "GET /news.php?cs_go=archiv&cs_id=389&cs_search= HTTP/1.1" 200 4787 "-" "Mozilla/5.0 (compatible; Googlebot/2.1; +http://www.google.com/bot.html)"
66.249.72.143 - - [02/Mar/2012:19:39:28 +0100] "GET /news.php?cs_go=archiv&cs_id=132&cs_search= HTTP/1.1" 200 4787 "-" "Mozilla/5.0 (compatible; Googlebot/2.1; +http://www.google.com/bot.html)"
66.249.66.19 - - [02/Mar/2012:19:48:34 +0100] "GET /news.php?cs_go=archiv&cs_id=366&cs_search= HTTP/1.1" 200 4787 "-" "Mozilla/5.0 (compatible; Googlebot/2.1; +http://www.google.com/bot.html)"
207.46.199.45 - - [02/Mar/2012:19:49:26 +0100] "GET /news.php HTTP/1.1" 200 19187 "-" "Mozilla/5.0 (compatible; bingbot/2.0; +http://www.bing.com/bingbot.htm)"
66.249.66.19 - - [02/Mar/2012:19:53:07 +0100] "GET /news.php?cs_go=archiv&cs_id=5&cs_search= HTTP/1.1" 200 4787 "-" "Mozilla/5.0 (compatible; Googlebot/2.1; +http://www.google.com/bot.html)"
93.219.57.27 - - [02/Mar/2012:19:58:45 +0100] "GET /js_contentserver24_greybox/gb_styles.css HTTP/1.1" 200 2302 "http://www.mink-gmbh.de/" "Mozilla/5.0 (Windows NT 6.1; rv:10.0.2) Gecko/20100101 Firefox/10.0.2"
93.219.57.27 - - [02/Mar/2012:19:58:45 +0100] "GET /js_contentserver24_greybox/AJS_fx.js HTTP/1.1" 200 3192 "http://www.mink-gmbh.de/" "Mozilla/5.0 (Windows NT 6.1; rv:10.0.2) Gecko/20100101 Firefox/10.0.2"
93.219.57.27 - - [02/Mar/2012:19:58:45 +0100] "GET /js_contentserver24_greybox/AJS.js HTTP/1.1" 200 10396 "http://www.mink-gmbh.de/" "Mozilla/5.0 (Windows NT 6.1; rv:10.0.2) Gecko/20100101 Firefox/10.0.2"
93.219.57.27 - - [02/Mar/2012:19:58:45 +0100] "GET /js_contentserver24_greybox/gb_scripts.js HTTP/1.1" 200 11913 "http://www.mink-gmbh.de/" "Mozilla/5.0 (Windows NT 6.1; rv:10.0.2) Gecko/20100101 Firefox/10.0.2"
93.219.57.27 - - [02/Mar/2012:19:58:45 +0100] "GET /js_contentserver24_greybox/w_close.gif HTTP/1.1" 200 74 "http://www.mink-gmbh.de/" "Mozilla/5.0 (Windows NT 6.1; rv:10.0.2) Gecko/20100101 Firefox/10.0.2"
93.219.57.27 - - [02/Mar/2012:19:58:45 +0100] "GET / HTTP/1.1" 200 12302 "-" "Mozilla/5.0 (Windows NT 6.1; rv:10.0.2) Gecko/20100101 Firefox/10.0.2"
93.219.57.27 - - [02/Mar/2012:19:58:45 +0100] "GET /js_contentserver24_greybox/loader_frame.html?s=0 HTTP/1.1" 200 2084 "http://www.mink-gmbh.de/" "Mozilla/5.0 (Windows NT 6.1; rv:10.0.2) Gecko/20100101 Firefox/10.0.2"
93.219.57.27 - - [02/Mar/2012:19:58:46 +0100] "GET /js_contentserver24_greybox/header_bg.gif HTTP/1.1" 200 1188 "http://www.mink-gmbh.de/" "Mozilla/5.0 (Windows NT 6.1; rv:10.0.2) Gecko/20100101 Firefox/10.0.2"
93.219.57.27 - - [02/Mar/2012:19:58:46 +0100] "GET /js_contentserver24_greybox/indicator.gif HTTP/1.1" 200 8238 "http://www.mink-gmbh.de/js_contentserver24_greybox/loader_frame.html?s=0" "Mozilla/5.0 (Windows NT 6.1; rv:10.0.2) Gecko/20100101 Firefox/10.0.2"
93.219.57.27 - - [02/Mar/2012:19:58:46 +0100] "GET /js_contentserver24_greybox/g_close.gif HTTP/1.1" 200 541 "http://www.mink-gmbh.de/" "Mozilla/5.0 (Windows NT 6.1; rv:10.0.2) Gecko/20100101 Firefox/10.0.2"
66.249.66.19 - - [02/Mar/2012:19:59:56 +0100] "GET /news.php?cs_go=archiv&cs_id=3&cs_search= HTTP/1.1" 200 4787 "-" "Mozilla/5.0 (compatible; Googlebot/2.1; +http://www.google.com/bot.html)"
93.219.57.27 - - [02/Mar/2012:19:59:57 +0100] "GET /news.php?cs_go=archiv&cs_id=2874 HTTP/1.1" 200 10842 "http://www.mink-gmbh.de/" "Mozilla/5.0 (Windows NT 6.1; rv:10.0.2) Gecko/20100101 Firefox/10.0.2"
93.219.57.27 - - [02/Mar/2012:20:00:47 +0100] "GET /index.php HTTP/1.1" 200 11652 "http://www.mink-gmbh.de/news.php?cs_go=archiv&cs_id=2874" "Mozilla/5.0 (Windows NT 6.1; rv:10.0.2) Gecko/20100101 Firefox/10.0.2"
66.249.72.143 - - [02/Mar/2012:20:13:35 +0100] "GET /news.php?cs_go=archiv&cs_id=129&cs_search= HTTP/1.1" 200 4787 "-" "Mozilla/5.0 (compatible; Googlebot/2.1; +http://www.google.com/bot.html)"
157.55.18.25 - - [02/Mar/2012:20:40:40 +0100] "GET / HTTP/1.1" 200 12302 "-" "Mozilla/5.0 (compatible; bingbot/2.0; +http://www.bing.com/bingbot.htm)"
85.13.129.157 - - [02/Mar/2012:20:43:25 +0100] "HEAD / HTTP/1.1" 200 - "-" "-"
66.249.72.143 - - [02/Mar/2012:20:45:26 +0100] "GET /news.php?cs_go=archiv&cs_id=11&cs_search= HTTP/1.1" 200 4787 "-" "Mozilla/5.0 (compatible; Googlebot/2.1; +http://www.google.com/bot.html)"
46.4.79.73 - - [02/Mar/2012:21:11:05 +0100] "GET /news.php?cs_go=archiv&cs_id=2801&cs_search= HTTP/1.1" 200 7021 "-" "Mozilla/5.0 (Windows NT 5.1) AppleWebKit/535.1 (KHTML, like Gecko) Chrome/13.0.782.107 Safari/535.1"
46.4.79.73 - - [02/Mar/2012:21:11:05 +0100] "GET /wunschpreis.php HTTP/1.1" 200 9061 "-" "Mozilla/5.0 (Windows NT 5.1) AppleWebKit/535.1 (KHTML, like Gecko) Chrome/13.0.782.107 Safari/535.1"
66.249.66.19 - - [02/Mar/2012:21:21:50 +0100] "GET /news.php?cs_go=archiv&cs_id=1&cs_search= HTTP/1.1" 200 4787 "-" "Mozilla/5.0 (compatible; Googlebot/2.1; +http://www.google.com/bot.html)"
78.46.102.248 - - [02/Mar/2012:21:24:38 +0100] "GET /news.php?cs_go=archiv&cs_id=2801&cs_search= HTTP/1.1" 200 7021 "-" "Mozilla/5.0 (Windows NT 5.1) AppleWebKit/535.1 (KHTML, like Gecko) Chrome/13.0.782.107 Safari/535.1"
78.46.102.248 - - [02/Mar/2012:21:24:38 +0100] "GET /wunschpreis.php HTTP/1.1" 200 9061 "-" "Mozilla/5.0 (Windows NT 5.1) AppleWebKit/535.1 (KHTML, like Gecko) Chrome/13.0.782.107 Safari/535.1"
66.249.66.19 - - [02/Mar/2012:22:23:15 +0100] "GET /news.php?cs_go=archiv&cs_id=2&cs_search= HTTP/1.1" 200 4787 "-" "Mozilla/5.0 (compatible; Googlebot/2.1; +http://www.google.com/bot.html)"
46.4.79.73 - - [02/Mar/2012:22:28:19 +0100] "GET /faq.php HTTP/1.1" 200 182810 "-" "Mozilla/5.0 (Windows NT 5.1) AppleWebKit/535.1 (KHTML, like Gecko) Chrome/13.0.782.107 Safari/535.1"
46.4.79.74 - - [02/Mar/2012:22:39:24 +0100] "GET /faq.php HTTP/1.1" 200 182810 "-" "Mozilla/5.0 (Windows NT 5.1) AppleWebKit/535.1 (KHTML, like Gecko) Chrome/13.0.782.107 Safari/535.1"
66.249.66.19 - - [02/Mar/2012:22:46:00 +0100] "GET /news.php?cs_go=archiv HTTP/1.1" 200 19187 "-" "Mozilla/5.0 (compatible; Googlebot/2.1; +http://www.google.com/bot.html)"
65.36.241.79 - - [02/Mar/2012:23:25:09 +0100] "HEAD / HTTP/1.1" 200 - "-" "InternetSeer.com"
78.46.102.249 - - [02/Mar/2012:23:45:38 +0100] "GET /impressum.php HTTP/1.1" 200 5549 "-" "Mozilla/5.0 (Windows NT 5.1) AppleWebKit/535.1 (KHTML, like Gecko) Chrome/13.0.782.107 Safari/535.1"
78.46.97.118 - - [03/Mar/2012:00:52:09 +0100] "GET /kontakt.php HTTP/1.1" 200 6181 "-" "Mozilla/5.0 (Windows NT 5.1) AppleWebKit/535.1 (KHTML, like Gecko) Chrome/13.0.782.107 Safari/535.1"
46.4.79.74 - - [03/Mar/2012:01:03:05 +0100] "GET /kontakt.php HTTP/1.1" 200 6181 "-" "Mozilla/5.0 (Windows NT 5.1) AppleWebKit/535.1 (KHTML, like Gecko) Chrome/13.0.782.107 Safari/535.1"
123.125.71.16 - - [03/Mar/2012:02:33:02 +0100] "GET / HTTP/1.1" 200 10497 "-" "Mozilla/5.0 (compatible; Baiduspider/2.0; +http://www.baidu.com/search/spider.html)"
220.181.108.85 - - [03/Mar/2012:02:33:37 +0100] "GET / HTTP/1.1" 200 6170 "-" "Mozilla/5.0 (compatible; Baiduspider/2.0; +http://www.baidu.com/search/spider.html)"
207.46.13.114 - - [03/Mar/2012:02:57:08 +0100] "GET / HTTP/1.1" 200 12302 "-" "Mozilla/5.0 (compatible; bingbot/2.0; +http://www.bing.com/bingbot.htm)"
66.249.72.143 - - [03/Mar/2012:03:13:31 +0100] "GET /robots.txt HTTP/1.1" 200 177 "-" "Mozilla/5.0 (compatible; Googlebot/2.1; +http://www.google.com/bot.html)"
66.249.66.19 - - [03/Mar/2012:03:13:32 +0100] "GET /lexikon.php?cs_go=3&cs_id=40 HTTP/1.1" 200 9070 "-" "Mozilla/5.0 (compatible; Googlebot/2.1; +http://www.google.com/bot.html)"
123.125.71.32 - - [03/Mar/2012:03:30:42 +0100] "GET / HTTP/1.1" 200 10497 "-" "Mozilla/5.0 (compatible; Baiduspider/2.0; +http://www.baidu.com/search/spider.html)"
220.181.108.92 - - [03/Mar/2012:03:31:18 +0100] "GET / HTTP/1.1" 200 7407 "-" "Mozilla/5.0 (compatible; Baiduspider/2.0; +http://www.baidu.com/search/spider.html)"
65.36.241.79 - - [03/Mar/2012:03:59:48 +0100] "HEAD / HTTP/1.1" 200 - "-" "InternetSeer.com"
130.83.167.153 - - [03/Mar/2012:04:07:58 +0100] "GET /robots.txt HTTP/1.1" 200 177 "-" "findlinks/2.0.4 (+http://wortschatz.uni-leipzig.de/findlinks/)"
46.4.79.75 - - [03/Mar/2012:04:35:18 +0100] "GET /news.php?cs_go=archiv&cs_startpos=20 HTTP/1.1" 200 19657 "-" "Mozilla/5.0 (Windows NT 5.1) AppleWebKit/535.1 (KHTML, like Gecko) Chrome/13.0.782.107 Safari/535.1"
83.149.126.98 - - [03/Mar/2012:04:39:09 +0100] "GET /robots.txt HTTP/1.0" 200 177 "-" "Mozilla/5.0 (compatible; MJ12bot/v1.4.2; http://www.majestic12.co.uk/bot.php?+)"
83.149.126.98 - - [03/Mar/2012:04:39:11 +0100] "GET / HTTP/1.0" 200 12302 "-" "Mozilla/5.0 (compatible; MJ12bot/v1.4.2; http://www.majestic12.co.uk/bot.php?+)"
66.249.66.19 - - [03/Mar/2012:05:18:55 +0100] "GET /news.php?cs_go=archiv&cs_startpos=10 HTTP/1.1" 200 19664 "-" "Mozilla/5.0 (compatible; Googlebot/2.1; +http://www.google.com/bot.html)"
66.249.72.143 - - [03/Mar/2012:06:08:24 +0100] "GET /news.php?cs_go=archiv&cs_id=259&cs_search= HTTP/1.1" 200 4787 "-" "Mozilla/5.0 (compatible; Googlebot/2.1; +http://www.google.com/bot.html)"
66.249.66.19 - - [03/Mar/2012:06:17:28 +0100] "GET /news.php HTTP/1.1" 200 19187 "-" "Mozilla/5.0 (compatible; Googlebot/2.1; +http://www.google.com/bot.html)"
66.249.66.19 - - [03/Mar/2012:06:33:47 +0100] "GET /news.php?cs_go=archiv&cs_startpos=1151 HTTP/1.1" 200 19683 "-" "Mozilla/5.0 (compatible; Googlebot/2.1; +http://www.google.com/bot.html)"
176.9.66.13 - - [03/Mar/2012:06:51:22 +0100] "GET /energiesparcheck.php HTTP/1.1" 200 10458 "-" "Mozilla/5.0 (Windows NT 5.1) AppleWebKit/535.1 (KHTML, like Gecko) Chrome/13.0.782.107 Safari/535.1"
66.249.66.19 - - [03/Mar/2012:07:17:16 +0100] "GET /news.php?cs_go=archiv&cs_startpos=1770 HTTP/1.1" 200 5024 "-" "Mozilla/5.0 (compatible; Googlebot/2.1; +http://www.google.com/bot.html)"
66.249.72.143 - - [03/Mar/2012:07:22:42 +0100] "GET /news.php?cs_go=archiv&cs_startpos=1780 HTTP/1.1" 200 5024 "-" "Mozilla/5.0 (compatible; Googlebot/2.1; +http://www.google.com/bot.html)"
66.249.72.143 - - [03/Mar/2012:07:28:09 +0100] "GET /news.php?cs_go=archiv&cs_id=344&cs_search= HTTP/1.1" 200 4787 "-" "Mozilla/5.0 (compatible; Googlebot/2.1; +http://www.google.com/bot.html)"
66.249.72.143 - - [03/Mar/2012:07:39:02 +0100] "GET /news.php?cs_go=archiv&cs_startpos=1800 HTTP/1.1" 200 5024 "-" "Mozilla/5.0 (compatible; Googlebot/2.1; +http://www.google.com/bot.html)"
66.249.72.143 - - [03/Mar/2012:07:49:55 +0100] "GET /news.php?cs_go=archiv&cs_id=354&cs_search= HTTP/1.1" 200 4787 "-" "Mozilla/5.0 (compatible; Googlebot/2.1; +http://www.google.com/bot.html)"
220.181.108.168 - - [03/Mar/2012:07:51:22 +0100] "GET /images/freecall.jpg HTTP/1.1" 200 13955 "-" "Baiduspider-image+(+http://www.baidu.com/search/spider.htm)"
66.249.72.143 - - [03/Mar/2012:08:18:56 +0100] "GET /news.php?cs_go=archiv&cs_startpos=1860 HTTP/1.1" 200 5024 "-" "Mozilla/5.0 (compatible; Googlebot/2.1; +http://www.google.com/bot.html)"
66.249.72.143 - - [03/Mar/2012:08:29:49 +0100] "GET /news.php?cs_go=archiv&cs_id=310&cs_search= HTTP/1.1" 200 4787 "-" "Mozilla/5.0 (compatible; Googlebot/2.1; +http://www.google.com/bot.html)"
66.249.66.19 - - [03/Mar/2012:08:31:38 +0100] "GET /news.php?cs_go=archiv&cs_id=369&cs_search= HTTP/1.1" 200 4787 "-" "Mozilla/5.0 (compatible; Googlebot/2.1; +http://www.google.com/bot.html)"
66.249.66.19 - - [03/Mar/2012:08:38:53 +0100] "GET /news.php?cs_go=archiv&cs_startpos=1810 HTTP/1.1" 200 5024 "-" "Mozilla/5.0 (compatible; Googlebot/2.1; +http://www.google.com/bot.html)"
65.36.241.79 - - [03/Mar/2012:08:59:05 +0100] "HEAD / HTTP/1.1" 200 - "-" "InternetSeer.com"
66.249.66.19 - - [03/Mar/2012:09:06:05 +0100] "GET /news.php?cs_go=archiv&cs_id=336&cs_search= HTTP/1.1" 200 4787 "-" "Mozilla/5.0 (compatible; Googlebot/2.1; +http://www.google.com/bot.html)"
66.249.72.143 - - [03/Mar/2012:09:46:30 +0100] "GET /news.php HTTP/1.1" 200 19144 "-" "Mozilla/5.0 (iPhone; U; CPU iPhone OS 4_1 like Mac OS X; en-us) AppleWebKit/532.9 (KHTML, like Gecko) Version/4.0.5 Mobile/8B117 Safari/6531.22.7 (compatible; Googlebot-Mobile/2.1; +http://www.google.com/bot.html)"
66.249.72.143 - - [03/Mar/2012:10:11:23 +0100] "GET /news.php?cs_go=archiv&cs_startpos=1 HTTP/1.1" 200 19386 "-" "Mozilla/5.0 (compatible; Googlebot/2.1; +http://www.google.com/bot.html)"
66.249.66.19 - - [03/Mar/2012:10:16:48 +0100] "GET /news.php?cs_go=archiv&cs_id=269&cs_search= HTTP/1.1" 200 4787 "-" "Mozilla/5.0 (compatible; Googlebot/2.1; +http://www.google.com/bot.html)"
66.249.66.19 - - [03/Mar/2012:10:31:15 +0100] "GET /news.php?cs_go=archiv&cs_id=326&cs_search= HTTP/1.1" 200 4787 "-" "Mozilla/5.0 (compatible; Googlebot/2.1; +http://www.google.com/bot.html)"
66.249.72.143 - - [03/Mar/2012:10:33:03 +0100] "GET /news.php?cs_go=archiv&cs_id=595&cs_search= HTTP/1.1" 200 4787 "-" "Mozilla/5.0 (compatible; Googlebot/2.1; +http://www.google.com/bot.html)"
123.125.71.20 - - [03/Mar/2012:10:35:41 +0100] "GET / HTTP/1.1" 200 10394 "-" "Mozilla/5.0 (compatible; Baiduspider/2.0; +http://www.baidu.com/search/spider.html)"
220.181.108.78 - - [03/Mar/2012:10:36:20 +0100] "GET / HTTP/1.1" 200 6148 "-" "Mozilla/5.0 (compatible; Baiduspider/2.0; +http://www.baidu.com/search/spider.html)"
66.249.72.143 - - [03/Mar/2012:10:36:39 +0100] "GET /news.php?cs_go=archiv&cs_id=357&cs_search= HTTP/1.1" 200 4787 "-" "Mozilla/5.0 (compatible; Googlebot/2.1; +http://www.google.com/bot.html)"
66.249.66.19 - - [03/Mar/2012:10:47:29 +0100] "GET /news.php?cs_go=archiv&cs_id=385&cs_search= HTTP/1.1" 200 4787 "-" "Mozilla/5.0 (compatible; Googlebot/2.1; +http://www.google.com/bot.html)"
66.249.66.19 - - [03/Mar/2012:10:49:18 +0100] "GET /news.php?cs_go=archiv&cs_id=345&cs_search= HTTP/1.1" 200 4787 "-" "Mozilla/5.0 (compatible; Googlebot/2.1; +http://www.google.com/bot.html)"
66.249.66.19 - - [03/Mar/2012:10:51:06 +0100] "GET /news.php?cs_go=archiv&cs_id=7&cs_search= HTTP/1.1" 200 4787 "-" "Mozilla/5.0 (compatible; Googlebot/2.1; +http://www.google.com/bot.html)"
66.249.72.143 - - [03/Mar/2012:10:56:31 +0100] "GET /news.php?cs_go=archiv&cs_id=365&cs_search= HTTP/1.1" 200 4787 "-" "Mozilla/5.0 (compatible; Googlebot/2.1; +http://www.google.com/bot.html)"
66.249.66.19 - - [03/Mar/2012:11:00:08 +0100] "GET /news.php?cs_go=archiv&cs_id=547&cs_search= HTTP/1.1" 200 4787 "-" "Mozilla/5.0 (compatible; Googlebot/2.1; +http://www.google.com/bot.html)"
66.249.66.19 - - [03/Mar/2012:11:01:53 +0100] "GET /news.php?cs_go=archiv&cs_id=443&cs_search= HTTP/1.1" 200 4787 "-" "Mozilla/5.0 (compatible; Googlebot/2.1; +http://www.google.com/bot.html)"
66.249.72.143 - - [03/Mar/2012:11:03:42 +0100] "GET /news.php?cs_go=archiv&cs_id=470&cs_search= HTTP/1.1" 200 4787 "-" "Mozilla/5.0 (compatible; Googlebot/2.1; +http://www.google.com/bot.html)"
66.249.66.19 - - [03/Mar/2012:11:05:30 +0100] "GET /news.php?cs_go=archiv&cs_id=446&cs_search= HTTP/1.1" 200 4787 "-" "Mozilla/5.0 (compatible; Googlebot/2.1; +http://www.google.com/bot.html)"
66.249.72.143 - - [03/Mar/2012:11:10:55 +0100] "GET /news.php?cs_go=archiv&cs_id=430&cs_search= HTTP/1.1" 200 4787 "-" "Mozilla/5.0 (compatible; Googlebot/2.1; +http://www.google.com/bot.html)"
66.249.66.19 - - [03/Mar/2012:11:12:43 +0100] "GET /news.php?cs_go=archiv&cs_id=409&cs_search= HTTP/1.1" 200 4787 "-" "Mozilla/5.0 (compatible; Googlebot/2.1; +http://www.google.com/bot.html)"
66.249.66.19 - - [03/Mar/2012:11:14:32 +0100] "GET /news.php?cs_go=archiv&cs_id=9&cs_search= HTTP/1.1" 200 4787 "-" "Mozilla/5.0 (compatible; Googlebot/2.1; +http://www.google.com/bot.html)"
66.249.72.143 - - [03/Mar/2012:11:16:20 +0100] "GET /news.php?cs_go=archiv&cs_id=373&cs_search= HTTP/1.1" 200 4787 "-" "Mozilla/5.0 (compatible; Googlebot/2.1; +http://www.google.com/bot.html)"
66.249.72.143 - - [03/Mar/2012:11:18:09 +0100] "GET /news.php?cs_go=archiv&cs_id=408&cs_search= HTTP/1.1" 200 4787 "-" "Mozilla/5.0 (compatible; Googlebot/2.1; +http://www.google.com/bot.html)"
66.249.66.19 - - [03/Mar/2012:11:19:57 +0100] "GET /news.php?cs_go=archiv&cs_id=386&cs_search= HTTP/1.1" 200 4787 "-" "Mozilla/5.0 (compatible; Googlebot/2.1; +http://www.google.com/bot.html)"
66.249.66.19 - - [03/Mar/2012:11:25:22 +0100] "GET /news.php?cs_go=archiv&cs_id=437&cs_search= HTTP/1.1" 200 4787 "-" "Mozilla/5.0 (compatible; Googlebot/2.1; +http://www.google.com/bot.html)"
66.249.72.143 - - [03/Mar/2012:11:27:10 +0100] "GET /news.php?cs_go=archiv&cs_id=442&cs_search= HTTP/1.1" 200 4787 "-" "Mozilla/5.0 (compatible; Googlebot/2.1; +http://www.google.com/bot.html)"
66.249.66.19 - - [03/Mar/2012:11:28:59 +0100] "GET /news.php?cs_go=archiv&cs_id=158&cs_search= HTTP/1.1" 200 4787 "-" "Mozilla/5.0 (compatible; Googlebot/2.1; +http://www.google.com/bot.html)"
66.249.66.19 - - [03/Mar/2012:11:30:47 +0100] "GET /news.php?cs_go=archiv&cs_id=159&cs_search= HTTP/1.1" 200 4787 "-" "Mozilla/5.0 (compatible; Googlebot/2.1; +http://www.google.com/bot.html)"
66.249.66.19 - - [03/Mar/2012:11:32:36 +0100] "GET /news.php?cs_go=archiv&cs_id=165&cs_search= HTTP/1.1" 200 4787 "-" "Mozilla/5.0 (compatible; Googlebot/2.1; +http://www.google.com/bot.html)"
123.125.71.35 - - [03/Mar/2012:11:32:54 +0100] "GET / HTTP/1.1" 200 10475 "-" "Mozilla/5.0 (compatible; Baiduspider/2.0; +http://www.baidu.com/search/spider.html)"
220.181.108.95 - - [03/Mar/2012:11:33:18 +0100] "GET / HTTP/1.1" 200 7385 "-" "Mozilla/5.0 (compatible; Baiduspider/2.0; +http://www.baidu.com/search/spider.html)"
66.249.72.143 - - [03/Mar/2012:11:34:24 +0100] "GET /news.php?cs_go=archiv&cs_id=166&cs_search= HTTP/1.1" 200 4787 "-" "Mozilla/5.0 (compatible; Googlebot/2.1; +http://www.google.com/bot.html)"
66.249.66.19 - - [03/Mar/2012:11:38:01 +0100] "GET /news.php?cs_go=archiv&cs_id=170&cs_search= HTTP/1.1" 200 4787 "-" "Mozilla/5.0 (compatible; Googlebot/2.1; +http://www.google.com/bot.html)"
66.249.66.19 - - [03/Mar/2012:11:41:37 +0100] "GET /news.php?cs_go=archiv&cs_id=194&cs_search= HTTP/1.1" 200 4787 "-" "Mozilla/5.0 (compatible; Googlebot/2.1; +http://www.google.com/bot.html)"
66.249.66.19 - - [03/Mar/2012:11:43:26 +0100] "GET /news.php?cs_go=archiv&cs_id=211&cs_search= HTTP/1.1" 200 4787 "-" "Mozilla/5.0 (compatible; Googlebot/2.1; +http://www.google.com/bot.html)"
66.249.72.143 - - [03/Mar/2012:11:45:14 +0100] "GET /news.php?cs_go=archiv&cs_id=216&cs_search= HTTP/1.1" 200 4700 "-" "Mozilla/5.0 (compatible; Googlebot/2.1; +http://www.google.com/bot.html)"
66.249.72.143 - - [03/Mar/2012:11:47:03 +0100] "GET /news.php?cs_go=archiv&cs_id=228&cs_search= HTTP/1.1" 200 4700 "-" "Mozilla/5.0 (compatible; Googlebot/2.1; +http://www.google.com/bot.html)"
66.249.66.19 - - [03/Mar/2012:11:50:38 +0100] "GET /news.php?cs_go=archiv&cs_id=234&cs_search= HTTP/1.1" 200 4700 "-" "Mozilla/5.0 (compatible; Googlebot/2.1; +http://www.google.com/bot.html)"
66.249.72.143 - - [03/Mar/2012:11:53:38 +0100] "GET /news.php?cs_go=archiv&cs_id=249&cs_search= HTTP/1.1" 200 4700 "-" "Mozilla/5.0 (compatible; Googlebot/2.1; +http://www.google.com/bot.html)"
66.249.66.19 - - [03/Mar/2012:11:56:38 +0100] "GET /news.php?cs_go=archiv&cs_id=228&cs_search= HTTP/1.1" 200 4700 "-" "Mozilla/5.0 (compatible; Googlebot/2.1; +http://www.google.com/bot.html)"
66.249.72.143 - - [03/Mar/2012:11:59:38 +0100] "GET /news.php?cs_go=archiv&cs_id=262&cs_search= HTTP/1.1" 200 4700 "-" "Mozilla/5.0 (compatible; Googlebot/2.1; +http://www.google.com/bot.html)"
66.249.66.19 - - [03/Mar/2012:12:02:38 +0100] "GET /news.php?cs_go=archiv&cs_id=275&cs_search= HTTP/1.1" 200 4700 "-" "Mozilla/5.0 (compatible; Googlebot/2.1; +http://www.google.com/bot.html)"
66.249.66.19 - - [03/Mar/2012:12:05:38 +0100] "GET /news.php?cs_go=archiv&cs_id=234&cs_search= HTTP/1.1" 200 4700 "-" "Mozilla/5.0 (compatible; Googlebot/2.1; +http://www.google.com/bot.html)"
89.247.6.158 - - [03/Mar/2012:12:10:31 +0100] "GET /modul.css HTTP/1.1" 200 35038 "http://www.mink-gmbh.de/index.php" "Mozilla/5.0 (Windows NT 6.1; rv:10.0.2) Gecko/20100101 Firefox/10.0.2"
89.247.6.158 - - [03/Mar/2012:12:10:31 +0100] "GET /style.css HTTP/1.1" 200 7564 "http://www.mink-gmbh.de/index.php" "Mozilla/5.0 (Windows NT 6.1; rv:10.0.2) Gecko/20100101 Firefox/10.0.2"
89.247.6.158 - - [03/Mar/2012:12:10:31 +0100] "GET /favicon.ico HTTP/1.1" 200 3638 "-" "Mozilla/5.0 (Windows NT 6.1; rv:10.0.2) Gecko/20100101 Firefox/10.0.2"
66.249.72.143 - - [03/Mar/2012:12:08:38 +0100] "GET /news.php?cs_go=archiv&cs_id=287&cs_search= HTTP/1.1" 200 4700 "-" "Mozilla/5.0 (compatible; Googlebot/2.1; +http://www.google.com/bot.html)"
66.249.66.19 - - [03/Mar/2012:12:11:38 +0100] "GET /news.php?cs_go=archiv&cs_id=249&cs_search= HTTP/1.1" 200 4700 "-" "Mozilla/5.0 (compatible; Googlebot/2.1; +http://www.google.com/bot.html)"
89.247.6.158 - - [03/Mar/2012:12:14:57 +0100] "GET /images/bg.jpg HTTP/1.1" 200 345 "http://www.mink-gmbh.de/style.css" "Mozilla/5.0 (Windows NT 6.1; rv:10.0.2) Gecko/20100101 Firefox/10.0.2"
89.247.6.158 - - [03/Mar/2012:12:10:31 +0100] "GET /index.php HTTP/1.1" 200 1676 "-" "Mozilla/5.0 (Windows NT 6.1; rv:10.0.2) Gecko/20100101 Firefox/10.0.2"
66.249.72.143 - - [03/Mar/2012:12:14:38 +0100] "GET /news.php?cs_go=archiv&cs_id=228&cs_search= HTTP/1.1" 200 4700 "-" "Mozilla/5.0 (compatible; Googlebot/2.1; +http://www.google.com/bot.html)"
89.247.6.158 - - [03/Mar/2012:12:18:14 +0100] "GET /images/header.jpg HTTP/1.1" 200 24413 "http://www.mink-gmbh.de/style.css" "Mozilla/5.0 (Windows NT 6.1; rv:10.0.2) Gecko/20100101 Firefox/10.0.2"
89.247.6.158 - - [03/Mar/2012:12:18:14 +0100] "GET /images/navibg.png HTTP/1.1" 200 2803 "http://www.mink-gmbh.de/style.css" "Mozilla/5.0 (Windows NT 6.1; rv:10.0.2) Gecko/20100101 Firefox/10.0.2"
89.247.6.158 - - [03/Mar/2012:12:18:14 +0100] "GET /images/wrapperbg.jpg HTTP/1.1" 200 27465 "http://www.mink-gmbh.de/style.css" "Mozilla/5.0 (Windows NT 6.1; rv:10.0.2) Gecko/20100101 Firefox/10.0.2"
66.249.66.19 - - [03/Mar/2012:12:17:38 +0100] "GET /news.php?cs_go=archiv&cs_id=262&cs_search= HTTP/1.1" 200 4700 "-" "Mozilla/5.0 (compatible; Googlebot/2.1; +http://www.google.com/bot.html)"
66.249.72.143 - - [03/Mar/2012:12:20:54 +0100] "GET /news.php?cs_go=archiv&cs_id=275&cs_search= HTTP/1.1" 200 4700 "-" "Mozilla/5.0 (compatible; Googlebot/2.1; +http://www.google.com/bot.html)"
89.247.6.158 - - [03/Mar/2012:12:24:24 +0100] "GET /images/tkw.jpg HTTP/1.1" 200 64031 "http://www.mink-gmbh.de/index.php" "Mozilla/5.0 (Windows NT 6.1; rv:10.0.2) Gecko/20100101 Firefox/10.0.2"
89.247.6.158 - - [03/Mar/2012:12:11:48 +0100] "GET /index.php HTTP/1.1" 200 5167 "-" "Mozilla/5.0 (Windows NT 6.1; rv:10.0.2) Gecko/20100101 Firefox/10.0.2"
89.247.6.158 - - [03/Mar/2012:12:24:27 +0100] "GET /images/freecall.jpg HTTP/1.1" 200 13955 "http://www.mink-gmbh.de/index.php" "Mozilla/5.0 (Windows NT 6.1; rv:10.0.2) Gecko/20100101 Firefox/10.0.2"
89.247.6.158 - - [03/Mar/2012:12:24:27 +0100] "GET /images/logos.jpg HTTP/1.1" 200 15002 "http://www.mink-gmbh.de/index.php" "Mozilla/5.0 (Windows NT 6.1; rv:10.0.2) Gecko/20100101 Firefox/10.0.2"
89.247.6.158 - - [03/Mar/2012:12:24:27 +0100] "GET /images/kwk.gif HTTP/1.1" 200 6403 "http://www.mink-gmbh.de/index.php" "Mozilla/5.0 (Windows NT 6.1; rv:10.0.2) Gecko/20100101 Firefox/10.0.2"
89.247.6.158 - - [03/Mar/2012:12:24:27 +0100] "GET /images/wunschpreis.jpg HTTP/1.1" 200 16767 "http://www.mink-gmbh.de/index.php" "Mozilla/5.0 (Windows NT 6.1; rv:10.0.2) Gecko/20100101 Firefox/10.0.2"
89.247.6.158 - - [03/Mar/2012:12:24:27 +0100] "GET /images/mobil.jpg HTTP/1.1" 200 25293 "http://www.mink-gmbh.de/style.css" "Mozilla/5.0 (Windows NT 6.1; rv:10.0.2) Gecko/20100101 Firefox/10.0.2"
89.247.6.158 - - [03/Mar/2012:12:24:27 +0100] "GET /images/footerbg.jpg HTTP/1.1" 200 2184 "http://www.mink-gmbh.de/style.css" "Mozilla/5.0 (Windows NT 6.1; rv:10.0.2) Gecko/20100101 Firefox/10.0.2"
66.249.66.19 - - [03/Mar/2012:12:23:54 +0100] "GET /news.php?cs_go=archiv&cs_id=234&cs_search= HTTP/1.1" 200 4700 "-" "Mozilla/5.0 (compatible; Googlebot/2.1; +http://www.google.com/bot.html)"
66.249.66.19 - - [03/Mar/2012:12:26:54 +0100] "GET /news.php?cs_go=archiv&cs_id=287&cs_search= HTTP/1.1" 200 4700 "-" "Mozilla/5.0 (compatible; Googlebot/2.1; +http://www.google.com/bot.html)"
66.249.66.19 - - [03/Mar/2012:12:29:54 +0100] "GET /news.php?cs_go=archiv&cs_id=249&cs_search= HTTP/1.1" 200 4700 "-" "Mozilla/5.0 (compatible; Googlebot/2.1; +http://www.google.com/bot.html)"
80.187.97.33 - - [03/Mar/2012:12:22:42 +0100] "GET / HTTP/1.1" 200 5167 "http://handball.bfc-preussen.de/teams/teams.php?team=2maenner&page=team" "Mozilla/5.0 (iPhone; CPU iPhone OS 5_0_1 like Mac OS X) AppleWebKit/534.46 (KHTML, like Gecko) Version/5.1 Mobile/9A405 Safari/7534.48.3"
66.249.66.19 - - [03/Mar/2012:12:32:54 +0100] "GET /news.php?cs_go=archiv&cs_id=262&cs_search= HTTP/1.1" 200 4700 "-" "Mozilla/5.0 (compatible; Googlebot/2.1; +http://www.google.com/bot.html)"
66.249.72.143 - - [03/Mar/2012:12:35:54 +0100] "GET /news.php?cs_go=archiv&cs_id=275&cs_search= HTTP/1.1" 200 4700 "-" "Mozilla/5.0 (compatible; Googlebot/2.1; +http://www.google.com/bot.html)"
66.249.72.143 - - [03/Mar/2012:12:38:54 +0100] "GET /news.php?cs_go=archiv&cs_id=287&cs_search= HTTP/1.1" 200 4700 "-" "Mozilla/5.0 (compatible; Googlebot/2.1; +http://www.google.com/bot.html)"
66.249.66.19 - - [03/Mar/2012:12:41:54 +0100] "GET /news.php?cs_go=archiv&cs_id=308&cs_search= HTTP/1.1" 200 4700 "-" "Mozilla/5.0 (compatible; Googlebot/2.1; +http://www.google.com/bot.html)"
66.249.66.19 - - [03/Mar/2012:12:45:09 +0100] "GET /news.php?cs_go=archiv&cs_id=314&cs_search= HTTP/1.1" 200 4700 "-" "Mozilla/5.0 (compatible; Googlebot/2.1; +http://www.google.com/bot.html)"
66.249.66.19 - - [03/Mar/2012:12:48:09 +0100] "GET /news.php?cs_go=archiv&cs_id=320&cs_search= HTTP/1.1" 200 4700 "-" "Mozilla/5.0 (compatible; Googlebot/2.1; +http://www.google.com/bot.html)"
66.249.72.143 - - [03/Mar/2012:12:51:09 +0100] "GET /news.php?cs_go=archiv&cs_id=447&cs_search= HTTP/1.1" 200 4700 "-" "Mozilla/5.0 (compatible; Googlebot/2.1; +http://www.google.com/bot.html)"
66.249.66.19 - - [03/Mar/2012:12:54:09 +0100] "GET /news.php?cs_go=archiv&cs_id=308&cs_search= HTTP/1.1" 200 4700 "-" "Mozilla/5.0 (compatible; Googlebot/2.1; +http://www.google.com/bot.html)"
66.249.72.143 - - [03/Mar/2012:12:57:09 +0100] "GET /news.php?cs_go=archiv&cs_id=314&cs_search= HTTP/1.1" 200 4700 "-" "Mozilla/5.0 (compatible; Googlebot/2.1; +http://www.google.com/bot.html)"
66.249.66.19 - - [03/Mar/2012:13:00:09 +0100] "GET /news.php?cs_go=archiv&cs_id=320&cs_search= HTTP/1.1" 200 4700 "-" "Mozilla/5.0 (compatible; Googlebot/2.1; +http://www.google.com/bot.html)"
66.249.66.19 - - [03/Mar/2012:13:03:09 +0100] "GET /news.php?cs_go=archiv&cs_id=308&cs_search= HTTP/1.1" 200 4700 "-" "Mozilla/5.0 (compatible; Googlebot/2.1; +http://www.google.com/bot.html)"
66.249.72.143 - - [03/Mar/2012:13:06:09 +0100] "GET /news.php?cs_go=archiv&cs_id=447&cs_search= HTTP/1.1" 200 4700 "-" "Mozilla/5.0 (compatible; Googlebot/2.1; +http://www.google.com/bot.html)"
66.249.66.19 - - [03/Mar/2012:13:09:09 +0100] "GET /news.php?cs_go=archiv&cs_id=314&cs_search= HTTP/1.1" 200 4700 "-" "Mozilla/5.0 (compatible; Googlebot/2.1; +http://www.google.com/bot.html)"
66.249.66.19 - - [03/Mar/2012:13:12:23 +0100] "GET /news.php?cs_go=archiv&cs_id=320&cs_search= HTTP/1.1" 200 4700 "-" "Mozilla/5.0 (compatible; Googlebot/2.1; +http://www.google.com/bot.html)"
66.249.66.19 - - [03/Mar/2012:13:18:23 +0100] "GET /news.php?cs_go=archiv&cs_id=447&cs_search= HTTP/1.1" 200 4700 "-" "Mozilla/5.0 (compatible; Googlebot/2.1; +http://www.google.com/bot.html)"
66.249.72.143 - - [03/Mar/2012:13:15:23 +0100] "GET / HTTP/1.1" 200 1676 "-" "Mozilla/5.0 (compatible; Googlebot/2.1; +http://www.google.com/bot.html)"
66.249.66.19 - - [03/Mar/2012:13:21:23 +0100] "GET /news.php?cs_go=archiv&cs_id=459&cs_search= HTTP/1.1" 200 4700 "-" "Mozilla/5.0 (compatible; Googlebot/2.1; +http://www.google.com/bot.html)"
66.249.66.19 - - [03/Mar/2012:13:24:23 +0100] "GET /news.php?cs_go=archiv&cs_id=467&cs_search= HTTP/1.1" 200 4700 "-" "Mozilla/5.0 (compatible; Googlebot/2.1; +http://www.google.com/bot.html)"
66.249.66.19 - - [03/Mar/2012:13:30:23 +0100] "GET /news.php?cs_go=archiv&cs_id=473&cs_search= HTTP/1.1" 200 4700 "-" "Mozilla/5.0 (compatible; Googlebot/2.1; +http://www.google.com/bot.html)"
66.249.72.143 - - [03/Mar/2012:13:27:23 +0100] "GET / HTTP/1.1" 200 1676 "-" "Mozilla/5.0 (compatible; Googlebot/2.1; +http://www.google.com/bot.html)"
66.249.66.19 - - [03/Mar/2012:13:33:23 +0100] "GET /news.php?cs_go=archiv&cs_id=459&cs_search= HTTP/1.1" 200 4700 "-" "Mozilla/5.0 (compatible; Googlebot/2.1; +http://www.google.com/bot.html)"
66.249.66.19 - - [03/Mar/2012:13:39:23 +0100] "GET /img/head_lkw2a.jpg HTTP/1.1" 404 - "-" "Googlebot-Image/1.0"
66.249.72.143 - - [03/Mar/2012:13:36:24 +0100] "GET /news.php?cs_go=archiv&cs_id=467&cs_search= HTTP/1.1" 200 4700 "-" "Mozilla/5.0 (compatible; Googlebot/2.1; +http://www.google.com/bot.html)"
66.249.66.19 - - [03/Mar/2012:13:39:35 +0100] "GET /news.php?cs_go=archiv&cs_id=473&cs_search= HTTP/1.1" 200 4700 "-" "Mozilla/5.0 (compatible; Googlebot/2.1; +http://www.google.com/bot.html)"
65.36.241.79 - - [03/Mar/2012:13:43:14 +0100] "HEAD / HTTP/1.1" 200 - "-" "InternetSeer.com"
66.249.66.19 - - [03/Mar/2012:13:45:35 +0100] "GET /news.php?cs_go=archiv&cs_id=459&cs_search= HTTP/1.1" 200 4700 "-" "Mozilla/5.0 (compatible; Googlebot/2.1; +http://www.google.com/bot.html)"
66.249.66.19 - - [03/Mar/2012:13:42:35 +0100] "GET / HTTP/1.1" 200 1676 "-" "Mozilla/5.0 (compatible; Googlebot/2.1; +http://www.google.com/bot.html)"
66.249.66.19 - - [03/Mar/2012:13:48:35 +0100] "GET /news.php?cs_go=archiv&cs_id=467&cs_search= HTTP/1.1" 200 4700 "-" "Mozilla/5.0 (compatible; Googlebot/2.1; +http://www.google.com/bot.html)"
66.249.66.19 - - [03/Mar/2012:13:51:35 +0100] "GET /news.php?cs_go=archiv&cs_id=473&cs_search= HTTP/1.1" 200 4700 "-" "Mozilla/5.0 (compatible; Googlebot/2.1; +http://www.google.com/bot.html)"
66.249.72.143 - - [03/Mar/2012:14:21:08 +0100] "GET /news.php?cs_go=archiv&cs_id=492&cs_search= HTTP/1.1" 200 4700 "-" "Mozilla/5.0 (compatible; Googlebot/2.1; +http://www.google.com/bot.html)"
95.34.238.136 - - [03/Mar/2012:14:24:41 +0100] "GET /robots.txt HTTP/1.0" 200 177 "-" "Mozilla/5.0 (compatible; MJ12bot/v1.4.2; http://www.majestic12.co.uk/bot.php?+)"
66.249.66.19 - - [03/Mar/2012:14:27:50 +0100] "GET /news.php?cs_go=archiv&cs_id=492&cs_search= HTTP/1.1" 200 4700 "-" "Mozilla/5.0 (compatible; Googlebot/2.1; +http://www.google.com/bot.html)"
66.249.72.143 - - [03/Mar/2012:14:34:05 +0100] "GET /news.php?cs_go=archiv&cs_id=492&cs_search= HTTP/1.1" 200 4700 "-" "Mozilla/5.0 (compatible; Googlebot/2.1; +http://www.google.com/bot.html)"
95.34.238.136 - - [03/Mar/2012:14:24:43 +0100] "GET / HTTP/1.0" 200 5167 "-" "Mozilla/5.0 (compatible; MJ12bot/v1.4.2; http://www.majestic12.co.uk/bot.php?+)"
176.9.66.16 - - [03/Mar/2012:14:38:59 +0100] "GET /rueckrufservice.php HTTP/1.1" 200 4713 "-" "Mozilla/5.0 (Windows NT 5.1) AppleWebKit/535.1 (KHTML, like Gecko) Chrome/13.0.782.107 Safari/535.1"
66.249.66.19 - - [03/Mar/2012:14:42:24 +0100] "GET /news.php?cs_go=archiv&cs_id=494&cs_search= HTTP/1.1" 200 4700 "-" "Mozilla/5.0 (compatible; Googlebot/2.1; +http://www.google.com/bot.html)"
66.249.66.19 - - [03/Mar/2012:14:45:24 +0100] "GET /news.php?cs_go=archiv&cs_id=497&cs_search= HTTP/1.1" 200 4700 "-" "Mozilla/5.0 (compatible; Googlebot/2.1; +http://www.google.com/bot.html)"
66.249.66.19 - - [03/Mar/2012:14:51:24 +0100] "GET /news.php?cs_go=archiv&cs_id=494&cs_search= HTTP/1.1" 200 4700 "-" "Mozilla/5.0 (compatible; Googlebot/2.1; +http://www.google.com/bot.html)"
66.249.72.143 - - [03/Mar/2012:14:54:25 +0100] "GET /news.php?cs_go=archiv&cs_id=497&cs_search= HTTP/1.1" 200 4700 "-" "Mozilla/5.0 (compatible; Googlebot/2.1; +http://www.google.com/bot.html)"
66.249.66.19 - - [03/Mar/2012:15:00:25 +0100] "GET /news.php?cs_go=archiv&cs_id=518&cs_search= HTTP/1.1" 200 4700 "-" "Mozilla/5.0 (compatible; Googlebot/2.1; +http://www.google.com/bot.html)"
66.249.66.19 - - [03/Mar/2012:15:03:54 +0100] "GET /news.php?cs_go=archiv&cs_id=494&cs_search= HTTP/1.1" 200 4700 "-" "Mozilla/5.0 (compatible; Googlebot/2.1; +http://www.google.com/bot.html)"
66.112.55.170 - - [03/Mar/2012:15:08:54 +0100] "GET /robots.txt HTTP/1.0" 200 177 "-" "Mozilla/5.0 (compatible; MJ12bot/v1.4.2; http://www.majestic12.co.uk/bot.php?+)"
66.112.55.170 - - [03/Mar/2012:15:08:56 +0100] "GET /agb.php HTTP/1.0" 200 16763 "-" "Mozilla/5.0 (compatible; MJ12bot/v1.4.2; http://www.majestic12.co.uk/bot.php?+)"
66.249.72.143 - - [03/Mar/2012:15:06:55 +0100] "GET /news.php?cs_go=archiv&cs_id=497&cs_search= HTTP/1.1" 200 4700 "-" "Mozilla/5.0 (compatible; Googlebot/2.1; +http://www.google.com/bot.html)"
66.112.55.170 - - [03/Mar/2012:15:08:58 +0100] "GET /news.php?cs_go=archiv&cs_id=2678 HTTP/1.0" 200 4700 "-" "Mozilla/5.0 (compatible; MJ12bot/v1.4.2; http://www.majestic12.co.uk/bot.php?+)"
66.112.55.170 - - [03/Mar/2012:15:09:40 +0100] "GET /news.php?cs_go=archiv&cs_id=2679 HTTP/1.0" 200 4700 "-" "Mozilla/5.0 (compatible; MJ12bot/v1.4.2; http://www.majestic12.co.uk/bot.php?+)"
66.112.55.170 - - [03/Mar/2012:15:10:22 +0100] "GET /news.php?cs_go=archiv&cs_id=2680 HTTP/1.0" 200 4700 "-" "Mozilla/5.0 (compatible; MJ12bot/v1.4.2; http://www.majestic12.co.uk/bot.php?+)"
66.112.55.170 - - [03/Mar/2012:15:11:04 +0100] "GET /news.php?cs_go=archiv&cs_id=2681 HTTP/1.0" 200 4700 "-" "Mozilla/5.0 (compatible; MJ12bot/v1.4.2; http://www.majestic12.co.uk/bot.php?+)"
66.112.55.170 - - [03/Mar/2012:15:11:47 +0100] "GET /news.php?cs_go=archiv&cs_id=2682 HTTP/1.0" 200 4700 "-" "Mozilla/5.0 (compatible; MJ12bot/v1.4.2; http://www.majestic12.co.uk/bot.php?+)"
66.112.55.170 - - [03/Mar/2012:15:12:34 +0100] "GET /news.php?cs_go=archiv&cs_id=2683 HTTP/1.0" 200 4700 "-" "Mozilla/5.0 (compatible; MJ12bot/v1.4.2; http://www.majestic12.co.uk/bot.php?+)"
66.249.72.143 - - [03/Mar/2012:15:12:55 +0100] "GET /news.php?cs_go=archiv&cs_id=518&cs_search= HTTP/1.1" 200 4700 "-" "Mozilla/5.0 (compatible; Googlebot/2.1; +http://www.google.com/bot.html)"
66.112.55.170 - - [03/Mar/2012:15:13:16 +0100] "GET /news.php?cs_go=archiv&cs_id=2684 HTTP/1.0" 200 4700 "-" "Mozilla/5.0 (compatible; MJ12bot/v1.4.2; http://www.majestic12.co.uk/bot.php?+)"
66.112.55.170 - - [03/Mar/2012:15:13:58 +0100] "GET /news.php?cs_go=archiv&cs_id=2685 HTTP/1.0" 200 4700 "-" "Mozilla/5.0 (compatible; MJ12bot/v1.4.2; http://www.majestic12.co.uk/bot.php?+)"
66.112.55.170 - - [03/Mar/2012:15:14:41 +0100] "GET /news.php?cs_go=archiv&cs_id=2686 HTTP/1.0" 200 4700 "-" "Mozilla/5.0 (compatible; MJ12bot/v1.4.2; http://www.majestic12.co.uk/bot.php?+)"
66.112.55.170 - - [03/Mar/2012:15:15:23 +0100] "GET /news.php?cs_go=archiv&cs_id=2687 HTTP/1.0" 200 4700 "-" "Mozilla/5.0 (compatible; MJ12bot/v1.4.2; http://www.majestic12.co.uk/bot.php?+)"
66.112.55.170 - - [03/Mar/2012:15:16:05 +0100] "GET /news.php?cs_go=archiv&cs_id=2688 HTTP/1.0" 200 4700 "-" "Mozilla/5.0 (compatible; MJ12bot/v1.4.2; http://www.majestic12.co.uk/bot.php?+)"
66.249.72.143 - - [03/Mar/2012:15:16:17 +0100] "GET /news.php?cs_go=archiv&cs_id=570&cs_search= HTTP/1.1" 200 4700 "-" "Mozilla/5.0 (compatible; Googlebot/2.1; +http://www.google.com/bot.html)"
66.112.55.170 - - [03/Mar/2012:15:16:47 +0100] "GET /news.php?cs_go=archiv&cs_id=2689 HTTP/1.0" 200 4700 "-" "Mozilla/5.0 (compatible; MJ12bot/v1.4.2; http://www.majestic12.co.uk/bot.php?+)"
95.108.151.244 - - [03/Mar/2012:15:20:28 +0100] "GET /robots.txt HTTP/1.1" 200 177 "-" "Mozilla/5.0 (compatible; YandexBot/3.0; +http://yandex.com/bots)"
66.112.55.170 - - [03/Mar/2012:15:17:36 +0100] "GET /news.php?cs_go=archiv&cs_id=2690 HTTP/1.0" 200 4700 "-" "Mozilla/5.0 (compatible; MJ12bot/v1.4.2; http://www.majestic12.co.uk/bot.php?+)"
66.112.55.170 - - [03/Mar/2012:15:18:19 +0100] "GET /news.php?cs_go=archiv&cs_id=2691 HTTP/1.0" 200 4700 "-" "Mozilla/5.0 (compatible; MJ12bot/v1.4.2; http://www.majestic12.co.uk/bot.php?+)"
66.249.66.19 - - [03/Mar/2012:15:19:17 +0100] "GET /news.php?cs_go=archiv&cs_id=518&cs_search= HTTP/1.1" 200 4700 "-" "Mozilla/5.0 (compatible; Googlebot/2.1; +http://www.google.com/bot.html)"
95.108.151.244 - - [03/Mar/2012:15:20:29 +0100] "GET / HTTP/1.1" 200 1252 "-" "Mozilla/5.0 (compatible; YandexBot/3.0; +http://yandex.com/bots)"
95.108.151.244 - - [03/Mar/2012:15:20:35 +0100] "GET / HTTP/1.1" 200 1252 "-" "Mozilla/5.0 (compatible; YandexBot/3.0; +http://yandex.com/bots)"
66.249.72.143 - - [03/Mar/2012:15:22:45 +0100] "GET /news.php?cs_go=archiv&cs_id=570&cs_search= HTTP/1.1" 200 4700 "-" "Mozilla/5.0 (compatible; Googlebot/2.1; +http://www.google.com/bot.html)"
66.249.66.19 - - [03/Mar/2012:15:28:45 +0100] "GET /news.php?cs_go=archiv&cs_id=546&cs_search= HTTP/1.1" 200 4700 "-" "Mozilla/5.0 (compatible; Googlebot/2.1; +http://www.google.com/bot.html)"
66.249.66.19 - - [03/Mar/2012:15:31:46 +0100] "GET /news.php?cs_go=archiv&cs_id=570&cs_search= HTTP/1.1" 200 4700 "-" "Mozilla/5.0 (compatible; Googlebot/2.1; +http://www.google.com/bot.html)"
66.249.72.143 - - [03/Mar/2012:15:37:47 +0100] "GET /news.php?cs_go=archiv&cs_id=546&cs_search= HTTP/1.1" 200 4700 "-" "Mozilla/5.0 (compatible; Googlebot/2.1; +http://www.google.com/bot.html)"
66.249.66.19 - - [03/Mar/2012:15:40:47 +0100] "GET /news.php?cs_go=archiv&cs_id=576&cs_search= HTTP/1.1" 200 4700 "-" "Mozilla/5.0 (compatible; Googlebot/2.1; +http://www.google.com/bot.html)"
66.249.66.19 - - [03/Mar/2012:15:46:47 +0100] "GET /news.php?cs_go=archiv&cs_id=546&cs_search= HTTP/1.1" 200 4700 "-" "Mozilla/5.0 (compatible; Googlebot/2.1; +http://www.google.com/bot.html)"
66.249.66.19 - - [03/Mar/2012:15:49:48 +0100] "GET /news.php?cs_go=archiv&cs_id=576&cs_search= HTTP/1.1" 200 4700 "-" "Mozilla/5.0 (compatible; Googlebot/2.1; +http://www.google.com/bot.html)"
66.249.72.143 - - [03/Mar/2012:15:56:01 +0100] "GET /news.php?cs_go=archiv&cs_id=576&cs_search= HTTP/1.1" 200 4700 "-" "Mozilla/5.0 (compatible; Googlebot/2.1; +http://www.google.com/bot.html)"
66.249.72.143 - - [03/Mar/2012:16:12:33 +0100] "GET /news.php?cs_go=archiv&cs_id=586&cs_search= HTTP/1.1" 200 4787 "-" "Mozilla/5.0 (compatible; Googlebot/2.1; +http://www.google.com/bot.html)"
66.249.72.143 - - [03/Mar/2012:16:13:10 +0100] "GET /news.php?cs_go=archiv&cs_id=2838 HTTP/1.1" 200 6884 "-" "Mozilla/5.0 (compatible; Googlebot/2.1; +http://www.google.com/bot.html)"
89.247.7.13 - - [03/Mar/2012:16:20:16 +0100] "GET /style.css HTTP/1.1" 200 7564 "http://www.mink-gmbh.de/index.php" "Mozilla/5.0 (Windows NT 6.1; rv:10.0.2) Gecko/20100101 Firefox/10.0.2"
89.247.7.13 - - [03/Mar/2012:16:20:16 +0100] "GET /modul.css HTTP/1.1" 200 35038 "http://www.mink-gmbh.de/index.php" "Mozilla/5.0 (Windows NT 6.1; rv:10.0.2) Gecko/20100101 Firefox/10.0.2"
89.247.7.13 - - [03/Mar/2012:16:20:16 +0100] "GET /favicon.ico HTTP/1.1" 200 3638 "-" "Mozilla/5.0 (Windows NT 6.1; rv:10.0.2) Gecko/20100101 Firefox/10.0.2"
89.247.7.13 - - [03/Mar/2012:16:20:17 +0100] "GET /js_contentserver24_greybox/gb_styles.css HTTP/1.1" 200 2302 "http://www.mink-gmbh.de/index.php" "Mozilla/5.0 (Windows NT 6.1; rv:10.0.2) Gecko/20100101 Firefox/10.0.2"
89.247.7.13 - - [03/Mar/2012:16:20:17 +0100] "GET /js_contentserver24_greybox/AJS_fx.js HTTP/1.1" 200 3192 "http://www.mink-gmbh.de/index.php" "Mozilla/5.0 (Windows NT 6.1; rv:10.0.2) Gecko/20100101 Firefox/10.0.2"
89.247.7.13 - - [03/Mar/2012:16:20:17 +0100] "GET /js_contentserver24_greybox/AJS.js HTTP/1.1" 200 10396 "http://www.mink-gmbh.de/index.php" "Mozilla/5.0 (Windows NT 6.1; rv:10.0.2) Gecko/20100101 Firefox/10.0.2"
89.247.7.13 - - [03/Mar/2012:16:20:17 +0100] "GET /js_contentserver24_greybox/gb_scripts.js HTTP/1.1" 200 11913 "http://www.mink-gmbh.de/index.php" "Mozilla/5.0 (Windows NT 6.1; rv:10.0.2) Gecko/20100101 Firefox/10.0.2"
89.247.7.13 - - [03/Mar/2012:16:20:17 +0100] "GET /js_contentserver24_greybox/w_close.gif HTTP/1.1" 200 74 "http://www.mink-gmbh.de/index.php" "Mozilla/5.0 (Windows NT 6.1; rv:10.0.2) Gecko/20100101 Firefox/10.0.2"
89.247.7.13 - - [03/Mar/2012:16:20:17 +0100] "GET /images/header.jpg HTTP/1.1" 200 24413 "http://www.mink-gmbh.de/style.css" "Mozilla/5.0 (Windows NT 6.1; rv:10.0.2) Gecko/20100101 Firefox/10.0.2"
89.247.7.13 - - [03/Mar/2012:16:20:17 +0100] "GET /images/navibg.png HTTP/1.1" 200 2803 "http://www.mink-gmbh.de/style.css" "Mozilla/5.0 (Windows NT 6.1; rv:10.0.2) Gecko/20100101 Firefox/10.0.2"
