88.198.0.164 - - [06/Mar/2012:20:12:17 +0100] "GET /news.php?cs_go=archiv&cs_search=&cs_id=2351 HTTP/1.1" 200 11172 "http://www.mink-gmbh.de/news.php?cs_go=archiv&cs_search=&cs_id=2350" "Opera/9.00 (Windows NT 5.1; U; de)"
88.198.0.164 - - [06/Mar/2012:20:12:17 +0100] "GET /news.php?cs_go=archiv&cs_search=&cs_id=2352 HTTP/1.1" 200 6751 "http://www.mink-gmbh.de/news.php?cs_go=archiv&cs_search=&cs_id=2351" "Opera/9.00 (Windows NT 5.1; U; de)"
88.198.0.164 - - [06/Mar/2012:20:12:18 +0100] "GET /news.php?cs_go=archiv&cs_search=&cs_id=2402 HTTP/1.1" 200 6392 "http://www.mink-gmbh.de/news.php?cs_go=archiv&cs_search=&cs_id=2352" "Opera/9.00 (Windows NT 5.1; U; de)"
88.198.0.164 - - [06/Mar/2012:20:12:18 +0100] "GET /news.php?cs_go=archiv&cs_search=&cs_id=1959 HTTP/1.1" 200 6487 "http://www.mink-gmbh.de/news.php?cs_go=archiv&cs_search=&cs_id=2402" "Opera/9.00 (Windows NT 5.1; U; de)"
88.198.0.164 - - [06/Mar/2012:20:12:18 +0100] "GET /news.php?cs_go=archiv&cs_search=&cs_id=2172 HTTP/1.1" 200 10873 "http://www.mink-gmbh.de/news.php?cs_go=archiv&cs_search=&cs_id=1959" "Opera/9.00 (Windows NT 5.1; U; de)"
88.198.0.164 - - [06/Mar/2012:20:12:19 +0100] "GET /news.php?cs_go=archiv&cs_search=&cs_id=2865 HTTP/1.1" 200 10604 "http://www.mink-gmbh.de/news.php?cs_go=archiv&cs_search=&cs_id=2172" "Opera/9.00 (Windows NT 5.1; U; de)"
88.198.0.164 - - [06/Mar/2012:20:12:19 +0100] "GET /news.php?cs_go=archiv&cs_search=&cs_id=2788 HTTP/1.1" 200 6871 "http://www.mink-gmbh.de/news.php?cs_go=archiv&cs_search=&cs_id=2865" "Opera/9.00 (Windows NT 5.1; U; de)"
88.198.0.164 - - [06/Mar/2012:20:12:20 +0100] "GET /news.php?cs_go=archiv&cs_search=&cs_id=2189 HTTP/1.1" 200 6943 "http://www.mink-gmbh.de/news.php?cs_go=archiv&cs_search=&cs_id=2788" "Opera/9.00 (Windows NT 5.1; U; de)"
88.198.0.164 - - [06/Mar/2012:20:12:20 +0100] "GET /news.php?cs_go=archiv&cs_search=&cs_id=1912 HTTP/1.1" 200 6725 "http://www.mink-gmbh.de/news.php?cs_go=archiv&cs_search=&cs_id=2189" "Opera/9.00 (Windows NT 5.1; U; de)"
88.198.0.164 - - [06/Mar/2012:20:12:20 +0100] "GET /news.php?cs_go=archiv&cs_search=&cs_id=2456 HTTP/1.1" 200 10846 "http://www.mink-gmbh.de/news.php?cs_go=archiv&cs_search=&cs_id=1912" "Opera/9.00 (Windows NT 5.1; U; de)"
88.198.0.164 - - [06/Mar/2012:20:12:21 +0100] "GET /news.php?cs_go=archiv&cs_search=&cs_id=1992 HTTP/1.1" 200 6489 "http://www.mink-gmbh.de/news.php?cs_go=archiv&cs_search=&cs_id=2456" "Opera/9.00 (Windows NT 5.1; U; de)"
88.198.0.164 - - [06/Mar/2012:20:12:21 +0100] "GET /news.php?cs_go=archiv&cs_search=&cs_id=1844 HTTP/1.1" 200 10925 "http://www.mink-gmbh.de/news.php?cs_go=archiv&cs_search=&cs_id=1992" "Opera/9.00 (Windows NT 5.1; U; de)"
88.198.0.164 - - [06/Mar/2012:20:12:22 +0100] "GET /news.php?cs_go=archiv&cs_search=&cs_id=2470 HTTP/1.1" 200 6314 "http://www.mink-gmbh.de/news.php?cs_go=archiv&cs_search=&cs_id=1844" "Opera/9.00 (Windows NT 5.1; U; de)"
88.198.0.164 - - [06/Mar/2012:20:12:22 +0100] "GET /news.php?cs_go=archiv&cs_search=&cs_id=2033 HTTP/1.1" 200 12295 "http://www.mink-gmbh.de/news.php?cs_go=archiv&cs_search=&cs_id=2470" "Opera/9.00 (Windows NT 5.1; U; de)"
88.198.0.164 - - [06/Mar/2012:20:12:22 +0100] "GET /news.php?cs_go=archiv&cs_search=&cs_id=2341 HTTP/1.1" 200 6252 "http://www.mink-gmbh.de/news.php?cs_go=archiv&cs_search=&cs_id=2033" "Opera/9.00 (Windows NT 5.1; U; de)"
88.198.0.164 - - [06/Mar/2012:20:12:23 +0100] "GET /news.php?cs_go=archiv&cs_search=&cs_id=2379 HTTP/1.1" 200 6463 "http://www.mink-gmbh.de/news.php?cs_go=archiv&cs_search=&cs_id=2341" "Opera/9.00 (Windows NT 5.1; U; de)"
88.198.0.164 - - [06/Mar/2012:20:12:23 +0100] "GET /news.php?cs_go=archiv&cs_search=&cs_id=1887 HTTP/1.1" 200 6652 "http://www.mink-gmbh.de/news.php?cs_go=archiv&cs_search=&cs_id=2379" "Opera/9.00 (Windows NT 5.1; U; de)"
88.198.0.164 - - [06/Mar/2012:20:12:24 +0100] "GET /news.php?cs_go=archiv&cs_search=&cs_id=2477 HTTP/1.1" 200 8020 "http://www.mink-gmbh.de/news.php?cs_go=archiv&cs_search=&cs_id=1887" "Opera/9.00 (Windows NT 5.1; U; de)"
88.198.0.164 - - [06/Mar/2012:20:12:24 +0100] "GET /www.deutschland-macht-plus.de HTTP/1.1" 404 - "http://www.mink-gmbh.de/news.php?cs_go=archiv&cs_search=&cs_id=2477" "Opera/9.00 (Windows NT 5.1; U; de)"
88.198.0.164 - - [06/Mar/2012:20:12:24 +0100] "GET /news.php?cs_go=archiv&cs_search=&cs_id=1724 HTTP/1.1" 200 11330 "http://www.mink-gmbh.de/news.php?cs_go=archiv&cs_search=&cs_id=2477" "Opera/9.00 (Windows NT 5.1; U; de)"
88.198.0.164 - - [06/Mar/2012:20:12:25 +0100] "GET /news.php?cs_go=archiv&cs_search=&cs_id=2642 HTTP/1.1" 200 10416 "http://www.mink-gmbh.de/news.php?cs_go=archiv&cs_search=&cs_id=1724" "Opera/9.00 (Windows NT 5.1; U; de)"
88.198.0.164 - - [06/Mar/2012:20:12:25 +0100] "GET /news.php?cs_go=archiv&cs_search=&cs_id=2555 HTTP/1.1" 200 6208 "http://www.mink-gmbh.de/news.php?cs_go=archiv&cs_search=&cs_id=2642" "Opera/9.00 (Windows NT 5.1; U; de)"
88.198.0.164 - - [06/Mar/2012:20:12:25 +0100] "GET /news.php?cs_go=archiv&cs_search=&cs_id=2830 HTTP/1.1" 200 9882 "http://www.mink-gmbh.de/news.php?cs_go=archiv&cs_search=&cs_id=2555" "Opera/9.00 (Windows NT 5.1; U; de)"
88.198.0.164 - - [06/Mar/2012:20:12:26 +0100] "GET /news.php?cs_go=archiv&cs_startpos=460 HTTP/1.1" 200 20095 "http://www.mink-gmbh.de/news.php?cs_go=archiv&cs_search=&cs_id=2830" "Opera/9.00 (Windows NT 5.1; U; de)"
88.198.0.164 - - [06/Mar/2012:20:12:27 +0100] "GET /news.php?cs_go=archiv&cs_search=&cs_id=2363 HTTP/1.1" 200 6536 "http://www.mink-gmbh.de/news.php?cs_go=archiv&cs_startpos=460" "Opera/9.00 (Windows NT 5.1; U; de)"
88.198.0.164 - - [06/Mar/2012:20:12:27 +0100] "GET /news.php?cs_go=archiv&cs_search=&cs_id=2360 HTTP/1.1" 200 11079 "http://www.mink-gmbh.de/news.php?cs_go=archiv&cs_search=&cs_id=2363" "Opera/9.00 (Windows NT 5.1; U; de)"
88.198.0.164 - - [06/Mar/2012:20:12:27 +0100] "GET /news.php?cs_go=archiv&cs_search=&cs_id=2364 HTTP/1.1" 200 9307 "http://www.mink-gmbh.de/news.php?cs_go=archiv&cs_search=&cs_id=2360" "Opera/9.00 (Windows NT 5.1; U; de)"
88.198.0.164 - - [06/Mar/2012:20:12:28 +0100] "GET /news.php?cs_go=archiv&cs_search=&cs_id=1823 HTTP/1.1" 200 7130 "http://www.mink-gmbh.de/news.php?cs_go=archiv&cs_search=&cs_id=2364" "Opera/9.00 (Windows NT 5.1; U; de)"
88.198.0.164 - - [06/Mar/2012:20:12:28 +0100] "GET /news.php?cs_go=archiv&cs_search=&cs_id=2586 HTTP/1.1" 200 10024 "http://www.mink-gmbh.de/news.php?cs_go=archiv&cs_search=&cs_id=1823" "Opera/9.00 (Windows NT 5.1; U; de)"
88.198.0.164 - - [06/Mar/2012:20:12:29 +0100] "GET /news.php?cs_go=archiv&cs_search=&cs_id=2843 HTTP/1.1" 200 9708 "http://www.mink-gmbh.de/news.php?cs_go=archiv&cs_search=&cs_id=2586" "Opera/9.00 (Windows NT 5.1; U; de)"
88.198.0.164 - - [06/Mar/2012:20:12:29 +0100] "GET /news.php?cs_go=archiv&cs_search=&cs_id=1836 HTTP/1.1" 200 11382 "http://www.mink-gmbh.de/news.php?cs_go=archiv&cs_search=&cs_id=2843" "Opera/9.00 (Windows NT 5.1; U; de)"
88.198.0.164 - - [06/Mar/2012:20:12:29 +0100] "GET /news.php?cs_go=archiv&cs_search=&cs_id=2495 HTTP/1.1" 200 11404 "http://www.mink-gmbh.de/news.php?cs_go=archiv&cs_search=&cs_id=1836" "Opera/9.00 (Windows NT 5.1; U; de)"
88.198.0.164 - - [06/Mar/2012:20:12:30 +0100] "GET /news.php?cs_go=archiv&cs_search=&cs_id=2126 HTTP/1.1" 200 11580 "http://www.mink-gmbh.de/news.php?cs_go=archiv&cs_search=&cs_id=2495" "Opera/9.00 (Windows NT 5.1; U; de)"
88.198.0.164 - - [06/Mar/2012:20:12:30 +0100] "GET /news.php?cs_go=archiv&cs_search=&cs_id=1973 HTTP/1.1" 200 10884 "http://www.mink-gmbh.de/news.php?cs_go=archiv&cs_search=&cs_id=2126" "Opera/9.00 (Windows NT 5.1; U; de)"
88.198.0.164 - - [06/Mar/2012:20:12:30 +0100] "GET /news.php?cs_go=archiv&cs_search=&cs_id=2659 HTTP/1.1" 200 7515 "http://www.mink-gmbh.de/news.php?cs_go=archiv&cs_search=&cs_id=1973" "Opera/9.00 (Windows NT 5.1; U; de)"
88.198.0.164 - - [06/Mar/2012:20:12:31 +0100] "GET /news.php?cs_go=archiv&cs_search=&cs_id=2127 HTTP/1.1" 200 8613 "http://www.mink-gmbh.de/news.php?cs_go=archiv&cs_search=&cs_id=2659" "Opera/9.00 (Windows NT 5.1; U; de)"
88.198.0.164 - - [06/Mar/2012:20:12:31 +0100] "GET /news.php?cs_go=archiv&cs_search=&cs_id=1883 HTTP/1.1" 200 6793 "http://www.mink-gmbh.de/news.php?cs_go=archiv&cs_search=&cs_id=2127" "Opera/9.00 (Windows NT 5.1; U; de)"
88.198.0.164 - - [06/Mar/2012:20:12:32 +0100] "GET /news.php?cs_go=archiv&cs_search=&cs_id=2034 HTTP/1.1" 200 7476 "http://www.mink-gmbh.de/news.php?cs_go=archiv&cs_search=&cs_id=1883" "Opera/9.00 (Windows NT 5.1; U; de)"
88.198.0.164 - - [06/Mar/2012:20:12:32 +0100] "GET /news.php?cs_go=archiv&cs_search=&cs_id=2291 HTTP/1.1" 200 10784 "http://www.mink-gmbh.de/news.php?cs_go=archiv&cs_search=&cs_id=2034" "Opera/9.00 (Windows NT 5.1; U; de)"
88.198.0.164 - - [06/Mar/2012:20:12:32 +0100] "GET /news.php?cs_go=archiv&cs_search=&cs_id=2374 HTTP/1.1" 200 11443 "http://www.mink-gmbh.de/news.php?cs_go=archiv&cs_search=&cs_id=2291" "Opera/9.00 (Windows NT 5.1; U; de)"
123.125.71.112 - - [06/Mar/2012:20:45:34 +0100] "GET / HTTP/1.1" 200 12370 "-" "Mozilla/5.0 (compatible; Baiduspider/2.0; +http://www.baidu.com/search/spider.html)"
65.36.241.79 - - [06/Mar/2012:21:08:15 +0100] "HEAD / HTTP/1.1" 200 - "-" "InternetSeer.com"
208.115.113.91 - - [06/Mar/2012:21:53:08 +0100] "GET /robots.txt HTTP/1.1" 200 177 "-" "Mozilla/5.0 (compatible; Ezooms/1.0; ezooms.bot@gmail.com)"
77.21.147.173 - - [06/Mar/2012:22:14:41 +0100] "GET /robots.txt HTTP/1.1" 200 177 "-" "findlinks/2.0.2 (+http://wortschatz.uni-leipzig.de/findlinks/)"
66.249.72.143 - - [06/Mar/2012:22:41:05 +0100] "GET /news.php?cs_go=archiv&cs_id=161&cs_search= HTTP/1.1" 200 4856 "-" "Mozilla/5.0 (compatible; Googlebot/2.1; +http://www.google.com/bot.html)"
208.115.113.91 - - [06/Mar/2012:23:07:26 +0100] "GET /news.php?cs_go=archiv&cs_startpos=110 HTTP/1.1" 200 19851 "-" "Mozilla/5.0 (compatible; Ezooms/1.0; ezooms.bot@gmail.com)"
123.125.71.16 - - [06/Mar/2012:23:32:20 +0100] "GET / HTTP/1.1" 200 10496 "-" "Mozilla/5.0 (compatible; Baiduspider/2.0; +http://www.baidu.com/search/spider.html)"
220.181.108.82 - - [06/Mar/2012:23:32:55 +0100] "GET / HTTP/1.1" 200 6170 "-" "Mozilla/5.0 (compatible; Baiduspider/2.0; +http://www.baidu.com/search/spider.html)"
76.102.239.184 - - [06/Mar/2012:23:50:36 +0100] "GET /images/additive_flame.jpg HTTP/1.1" 404 - "http://lonely-wun143.xanga.com/" "Mozilla/5.0 (Windows; U; Windows NT 6.1; en-US; rv:1.9.2.25) Gecko/20111212 Firefox/3.6.25 SearchToolbar/1.2"
176.9.7.28 - - [06/Mar/2012:23:59:41 +0100] "GET /robots.txt HTTP/1.1" 200 177 "-" "Pixray-Seeker/1.1 (Pixray-Seeker; http://www.pixray.com/pixraybot; crawler@pixray.com)"
176.9.7.28 - - [06/Mar/2012:23:59:41 +0100] "GET /news.php?cs_go=archiv&cs_startpos=1120 HTTP/1.1" 200 5646 "-" "Pixray-Seeker/1.1 (Pixray-Seeker; http://www.pixray.com/pixraybot; crawler@pixray.com)"
176.9.7.28 - - [07/Mar/2012:00:02:03 +0100] "GET /news.php?cs_go=archiv&cs_id=2430&cs_search= HTTP/1.1" 200 6699 "-" "Pixray-Seeker/1.1 (Pixray-Seeker; http://www.pixray.com/pixraybot; crawler@pixray.com)"
176.9.7.28 - - [07/Mar/2012:00:06:04 +0100] "GET /news.php?cs_go=archiv&cs_id=2480&cs_search= HTTP/1.1" 200 7094 "-" "Pixray-Seeker/1.1 (Pixray-Seeker; http://www.pixray.com/pixraybot; crawler@pixray.com)"
66.249.66.19 - - [07/Mar/2012:00:23:33 +0100] "GET /news.php?cs_go=archiv&cs_id=2847 HTTP/1.1" 200 8093 "-" "Mozilla/5.0 (compatible; Googlebot/2.1; +http://www.google.com/bot.html)"
207.46.13.144 - - [07/Mar/2012:00:38:09 +0100] "GET /seiten/produkte_hzoel.php HTTP/1.1" 404 - "-" "Mozilla/5.0 (compatible; bingbot/2.0; +http://www.bing.com/bingbot.htm)"
95.108.128.242 - - [07/Mar/2012:00:42:46 +0100] "GET / HTTP/1.1" 200 12370 "-" "Mozilla/5.0 (compatible; YandexBot/3.0; +http://yandex.com/bots)"
123.125.71.17 - - [07/Mar/2012:02:37:58 +0100] "GET / HTTP/1.1" 200 10496 "-" "Mozilla/5.0 (compatible; Baiduspider/2.0; +http://www.baidu.com/search/spider.html)"
220.181.108.86 - - [07/Mar/2012:02:38:37 +0100] "GET / HTTP/1.1" 200 6170 "-" "Mozilla/5.0 (compatible; Baiduspider/2.0; +http://www.baidu.com/search/spider.html)"
95.108.128.242 - - [07/Mar/2012:02:45:15 +0100] "GET /faq.php HTTP/1.1" 200 182879 "-" "Mozilla/5.0 (compatible; YandexBot/3.0; +http://yandex.com/bots)"
207.46.13.144 - - [07/Mar/2012:02:54:19 +0100] "GET /robots.txt HTTP/1.1" 200 177 "-" "Mozilla/5.0 (compatible; bingbot/2.0; +http://www.bing.com/bingbot.htm)"
65.36.241.79 - - [07/Mar/2012:03:00:45 +0100] "HEAD / HTTP/1.1" 200 - "-" "InternetSeer.com"
66.249.66.19 - - [07/Mar/2012:03:01:28 +0100] "GET /news.php?cs_go=archiv&cs_id=510&cs_search= HTTP/1.1" 200 4856 "-" "Mozilla/5.0 (compatible; Googlebot/2.1; +http://www.google.com/bot.html)"
207.46.13.144 - - [07/Mar/2012:03:09:55 +0100] "GET /seiten/produkte_hzoel.php HTTP/1.1" 404 - "-" "Mozilla/5.0 (compatible; bingbot/2.0; +http://www.bing.com/bingbot.htm)"
123.125.71.20 - - [07/Mar/2012:03:31:53 +0100] "GET / HTTP/1.1" 200 1519 "-" "Mozilla/5.0 (compatible; Baiduspider/2.0; +http://www.baidu.com/search/spider.html)"
220.181.108.86 - - [07/Mar/2012:03:32:19 +0100] "GET / HTTP/1.1" 200 1519 "-" "Mozilla/5.0 (compatible; Baiduspider/2.0; +http://www.baidu.com/search/spider.html)"
65.52.110.13 - - [07/Mar/2012:04:01:40 +0100] "GET / HTTP/1.1" 200 2223 "-" "Mozilla/5.0 (compatible; bingbot/2.0; +http://www.bing.com/bingbot.htm)"
65.52.110.13 - - [07/Mar/2012:04:10:31 +0100] "GET / HTTP/1.0" 200 12370 "-" "Mozilla/5.0 (compatible; bingbot/2.0; +http://www.bing.com/bingbot.htm)"
66.249.72.143 - - [07/Mar/2012:04:39:13 +0100] "GET /news.php HTTP/1.1" 200 19270 "-" "Mozilla/5.0 (iPhone; U; CPU iPhone OS 4_1 like Mac OS X; en-us) AppleWebKit/532.9 (KHTML, like Gecko) Version/4.0.5 Mobile/8B117 Safari/6531.22.7 (compatible; Googlebot-Mobile/2.1; +http://www.google.com/bot.html)"
66.249.66.19 - - [07/Mar/2012:06:20:13 +0100] "GET /news.php?cs_go=archiv&cs_id=2874 HTTP/1.1" 200 10911 "-" "Mozilla/5.0 (compatible; Googlebot/2.1; +http://www.google.com/bot.html)"
93.198.27.158 - - [07/Mar/2012:06:31:58 +0100] "GET /optiplus.php HTTP/1.1" 200 8128 "-" "findlinks/2.0.2 (+http://wortschatz.uni-leipzig.de/findlinks/)"
66.249.66.19 - - [07/Mar/2012:06:32:45 +0100] "GET /news.php?cs_go=archiv&cs_id=522&cs_search= HTTP/1.1" 200 4856 "-" "Mozilla/5.0 (compatible; Googlebot/2.1; +http://www.google.com/bot.html)"
123.125.71.14 - - [07/Mar/2012:06:34:50 +0100] "GET / HTTP/1.1" 200 10496 "-" "Mozilla/5.0 (compatible; Baiduspider/2.0; +http://www.baidu.com/search/spider.html)"
220.181.108.76 - - [07/Mar/2012:06:35:36 +0100] "GET / HTTP/1.1" 200 10496 "-" "Mozilla/5.0 (compatible; Baiduspider/2.0; +http://www.baidu.com/search/spider.html)"
65.36.241.79 - - [07/Mar/2012:07:39:01 +0100] "HEAD / HTTP/1.1" 200 - "-" "InternetSeer.com"
208.115.113.91 - - [07/Mar/2012:08:17:34 +0100] "GET /robots.txt HTTP/1.1" 200 177 "-" "Mozilla/5.0 (compatible; Ezooms/1.0; ezooms.bot@gmail.com)"
77.21.147.115 - - [07/Mar/2012:08:31:30 +0100] "GET /kwk.php HTTP/1.1" 200 7852 "-" "findlinks/2.0.2 (+http://wortschatz.uni-leipzig.de/findlinks/)"
180.76.5.62 - - [07/Mar/2012:08:34:06 +0100] "GET /robots.txt HTTP/1.1" 200 177 "-" "Baiduspider+(+http://www.baidu.com/search/spider.htm)"
77.21.147.173 - - [07/Mar/2012:08:49:49 +0100] "GET /wunschpreis.php HTTP/1.1" 200 9130 "-" "findlinks/2.0.2 (+http://wortschatz.uni-leipzig.de/findlinks/)"
66.249.72.143 - - [07/Mar/2012:09:22:26 +0100] "GET /modernisierung.php?cs_gp_go=coupon HTTP/1.1" 200 7166 "-" "Mozilla/5.0 (compatible; Googlebot/2.1; +http://www.google.com/bot.html)"
93.220.15.158 - - [07/Mar/2012:09:29:08 +0100] "GET / HTTP/1.1" 200 12366 "http://www.google.de/url?sa=t&rct=j&q=heiz%C3%B6l%20mink%20berlin&source=web&cd=1&ved=0CGMQFjAA&url=http%3A%2F%2Fwww.mink-gmbh.de%2F&ei=UhxXT43AG8zJswaCoaSyDA&usg=AFQjCNFHX4Iglls9oo-KYXTmDUV_5KOVIg" "Mozilla/5.0 (Windows NT 6.1; rv:10.0.2) Gecko/20100101 Firefox/10.0.2"
93.220.15.158 - - [07/Mar/2012:09:29:10 +0100] "GET /js_contentserver24_greybox/gb_styles.css HTTP/1.1" 200 2302 "http://www.mink-gmbh.de/" "Mozilla/5.0 (Windows NT 6.1; rv:10.0.2) Gecko/20100101 Firefox/10.0.2"
93.220.15.158 - - [07/Mar/2012:09:29:10 +0100] "GET /style.css HTTP/1.1" 200 7564 "http://www.mink-gmbh.de/" "Mozilla/5.0 (Windows NT 6.1; rv:10.0.2) Gecko/20100101 Firefox/10.0.2"
93.220.15.158 - - [07/Mar/2012:09:29:10 +0100] "GET /js_contentserver24_greybox/AJS_fx.js HTTP/1.1" 200 3192 "http://www.mink-gmbh.de/" "Mozilla/5.0 (Windows NT 6.1; rv:10.0.2) Gecko/20100101 Firefox/10.0.2"
93.220.15.158 - - [07/Mar/2012:09:29:10 +0100] "GET /js_contentserver24_greybox/gb_scripts.js HTTP/1.1" 200 11913 "http://www.mink-gmbh.de/" "Mozilla/5.0 (Windows NT 6.1; rv:10.0.2) Gecko/20100101 Firefox/10.0.2"
93.220.15.158 - - [07/Mar/2012:09:29:10 +0100] "GET /js_contentserver24_greybox/AJS.js HTTP/1.1" 200 10396 "http://www.mink-gmbh.de/" "Mozilla/5.0 (Windows NT 6.1; rv:10.0.2) Gecko/20100101 Firefox/10.0.2"
93.220.15.158 - - [07/Mar/2012:09:29:10 +0100] "GET /modul.css HTTP/1.1" 200 35038 "http://www.mink-gmbh.de/" "Mozilla/5.0 (Windows NT 6.1; rv:10.0.2) Gecko/20100101 Firefox/10.0.2"
93.220.15.158 - - [07/Mar/2012:09:29:10 +0100] "GET /images/tkw.jpg HTTP/1.1" 200 64031 "http://www.mink-gmbh.de/" "Mozilla/5.0 (Windows NT 6.1; rv:10.0.2) Gecko/20100101 Firefox/10.0.2"
93.220.15.158 - - [07/Mar/2012:09:29:10 +0100] "GET /images/logos.jpg HTTP/1.1" 200 15002 "http://www.mink-gmbh.de/" "Mozilla/5.0 (Windows NT 6.1; rv:10.0.2) Gecko/20100101 Firefox/10.0.2"
93.220.15.158 - - [07/Mar/2012:09:29:10 +0100] "GET /images/kwk.gif HTTP/1.1" 200 6403 "http://www.mink-gmbh.de/" "Mozilla/5.0 (Windows NT 6.1; rv:10.0.2) Gecko/20100101 Firefox/10.0.2"
93.220.15.158 - - [07/Mar/2012:09:29:10 +0100] "GET /images/wunschpreis.jpg HTTP/1.1" 200 16767 "http://www.mink-gmbh.de/" "Mozilla/5.0 (Windows NT 6.1; rv:10.0.2) Gecko/20100101 Firefox/10.0.2"
93.220.15.158 - - [07/Mar/2012:09:29:10 +0100] "GET /images/freecall.jpg HTTP/1.1" 200 39195 "http://www.mink-gmbh.de/" "Mozilla/5.0 (Windows NT 6.1; rv:10.0.2) Gecko/20100101 Firefox/10.0.2"
93.220.15.158 - - [07/Mar/2012:09:29:10 +0100] "GET /images/bg.jpg HTTP/1.1" 200 345 "http://www.mink-gmbh.de/style.css" "Mozilla/5.0 (Windows NT 6.1; rv:10.0.2) Gecko/20100101 Firefox/10.0.2"
93.220.15.158 - - [07/Mar/2012:09:29:10 +0100] "GET /js_contentserver24_greybox/w_close.gif HTTP/1.1" 200 74 "http://www.mink-gmbh.de/" "Mozilla/5.0 (Windows NT 6.1; rv:10.0.2) Gecko/20100101 Firefox/10.0.2"
93.220.15.158 - - [07/Mar/2012:09:29:11 +0100] "GET /images/steigend.png HTTP/1.1" 200 688 "http://www.mink-gmbh.de/modul.css" "Mozilla/5.0 (Windows NT 6.1; rv:10.0.2) Gecko/20100101 Firefox/10.0.2"
93.220.15.158 - - [07/Mar/2012:09:29:11 +0100] "GET /images/fallend.png HTTP/1.1" 200 713 "http://www.mink-gmbh.de/modul.css" "Mozilla/5.0 (Windows NT 6.1; rv:10.0.2) Gecko/20100101 Firefox/10.0.2"
93.220.15.158 - - [07/Mar/2012:09:29:11 +0100] "GET /images/header.jpg HTTP/1.1" 200 24413 "http://www.mink-gmbh.de/style.css" "Mozilla/5.0 (Windows NT 6.1; rv:10.0.2) Gecko/20100101 Firefox/10.0.2"
93.220.15.158 - - [07/Mar/2012:09:29:11 +0100] "GET /images/navibg.png HTTP/1.1" 200 2803 "http://www.mink-gmbh.de/style.css" "Mozilla/5.0 (Windows NT 6.1; rv:10.0.2) Gecko/20100101 Firefox/10.0.2"
93.220.15.158 - - [07/Mar/2012:09:29:11 +0100] "GET /images/wrapperbg.jpg HTTP/1.1" 200 27465 "http://www.mink-gmbh.de/style.css" "Mozilla/5.0 (Windows NT 6.1; rv:10.0.2) Gecko/20100101 Firefox/10.0.2"
93.220.15.158 - - [07/Mar/2012:09:29:11 +0100] "GET /images/mobil.jpg HTTP/1.1" 200 25293 "http://www.mink-gmbh.de/style.css" "Mozilla/5.0 (Windows NT 6.1; rv:10.0.2) Gecko/20100101 Firefox/10.0.2"
93.220.15.158 - - [07/Mar/2012:09:29:11 +0100] "GET /js_contentserver24_greybox/loader_frame.html?s=0 HTTP/1.1" 200 2084 "http://www.mink-gmbh.de/" "Mozilla/5.0 (Windows NT 6.1; rv:10.0.2) Gecko/20100101 Firefox/10.0.2"
93.220.15.158 - - [07/Mar/2012:09:29:11 +0100] "GET /images/footerbg.jpg HTTP/1.1" 200 2184 "http://www.mink-gmbh.de/style.css" "Mozilla/5.0 (Windows NT 6.1; rv:10.0.2) Gecko/20100101 Firefox/10.0.2"
93.220.15.158 - - [07/Mar/2012:09:29:11 +0100] "GET /js_contentserver24_greybox/header_bg.gif HTTP/1.1" 200 1188 "http://www.mink-gmbh.de/" "Mozilla/5.0 (Windows NT 6.1; rv:10.0.2) Gecko/20100101 Firefox/10.0.2"
93.220.15.158 - - [07/Mar/2012:09:29:11 +0100] "GET /js_contentserver24_greybox/indicator.gif HTTP/1.1" 200 8238 "http://www.mink-gmbh.de/js_contentserver24_greybox/loader_frame.html?s=0" "Mozilla/5.0 (Windows NT 6.1; rv:10.0.2) Gecko/20100101 Firefox/10.0.2"
93.220.15.158 - - [07/Mar/2012:09:29:12 +0100] "GET /js_contentserver24_greybox/g_close.gif HTTP/1.1" 200 541 "http://www.mink-gmbh.de/" "Mozilla/5.0 (Windows NT 6.1; rv:10.0.2) Gecko/20100101 Firefox/10.0.2"
93.220.15.158 - - [07/Mar/2012:09:29:12 +0100] "GET /favicon.ico HTTP/1.1" 200 3638 "-" "Mozilla/5.0 (Windows NT 6.1; rv:10.0.2) Gecko/20100101 Firefox/10.0.2"
93.220.15.158 - - [07/Mar/2012:09:29:25 +0100] "GET /preisanfrage.php HTTP/1.1" 200 7759 "http://www.mink-gmbh.de/" "Mozilla/5.0 (Windows NT 6.1; rv:10.0.2) Gecko/20100101 Firefox/10.0.2"
93.220.15.158 - - [07/Mar/2012:09:29:27 +0100] "GET /favicon.ico HTTP/1.1" 200 3638 "-" "Mozilla/4.0 (compatible; MSIE 8.0; Windows NT 6.0; Trident/4.0)"
93.220.15.158 - - [07/Mar/2012:09:29:27 +0100] "GET /favicon.ico HTTP/1.1" 200 3638 "-" "Mozilla/4.0 (compatible; MSIE 8.0; Windows NT 6.0; Trident/4.0)"
93.220.15.158 - - [07/Mar/2012:09:29:33 +0100] "GET /wunschpreis.php HTTP/1.1" 200 9130 "http://www.mink-gmbh.de/preisanfrage.php" "Mozilla/5.0 (Windows NT 6.1; rv:10.0.2) Gecko/20100101 Firefox/10.0.2"
93.220.15.158 - - [07/Mar/2012:09:29:37 +0100] "GET /wunschpreis.php HTTP/1.1" 200 9130 "http://www.mink-gmbh.de/wunschpreis.php" "Mozilla/5.0 (Windows NT 6.1; rv:10.0.2) Gecko/20100101 Firefox/10.0.2"
93.220.15.158 - - [07/Mar/2012:09:29:40 +0100] "GET /index.php HTTP/1.1" 200 11716 "http://www.mink-gmbh.de/wunschpreis.php" "Mozilla/5.0 (Windows NT 6.1; rv:10.0.2) Gecko/20100101 Firefox/10.0.2"
93.220.15.158 - - [07/Mar/2012:09:29:42 +0100] "GET /preisanfrage.php HTTP/1.1" 200 7759 "http://www.mink-gmbh.de/index.php" "Mozilla/5.0 (Windows NT 6.1; rv:10.0.2) Gecko/20100101 Firefox/10.0.2"
93.220.15.158 - - [07/Mar/2012:09:29:53 +0100] "GET /kontakt.php HTTP/1.1" 200 6250 "http://www.mink-gmbh.de/preisanfrage.php" "Mozilla/5.0 (Windows NT 6.1; rv:10.0.2) Gecko/20100101 Firefox/10.0.2"
208.115.113.91 - - [07/Mar/2012:09:33:49 +0100] "GET /news.php?cs_go=archiv&cs_id=2720&cs_search= HTTP/1.1" 200 10789 "-" "Mozilla/5.0 (compatible; Ezooms/1.0; ezooms.bot@gmail.com)"
66.249.72.143 - - [07/Mar/2012:09:45:30 +0100] "GET /news.php?cs_go=archiv&cs_id=1&cs_search= HTTP/1.1" 200 4856 "-" "Mozilla/5.0 (compatible; Googlebot/2.1; +http://www.google.com/bot.html)"
192.166.53.200 - - [07/Mar/2012:09:50:40 +0100] "GET /instpkw.htm HTTP/1.1" 404 - "-" "Mozilla/5.0 (Windows NT 5.1; rv:10.0) Gecko/20100101 Firefox/10.0"
192.166.53.200 - - [07/Mar/2012:09:50:41 +0100] "GET /favicon.ico HTTP/1.1" 200 3638 "-" "Mozilla/5.0 (Windows NT 5.1; rv:10.0) Gecko/20100101 Firefox/10.0"
95.108.128.242 - - [07/Mar/2012:10:09:53 +0100] "GET /seiten/datenschutz.php HTTP/1.1" 404 - "-" "Mozilla/5.0 (compatible; YandexBot/3.0; +http://yandex.com/bots)"
217.85.70.246 - - [07/Mar/2012:10:22:41 +0100] "GET /style.css HTTP/1.1" 200 7564 "http://www.mink-gmbh.de/" "Mozilla/5.0 (Windows NT 6.0; rv:10.0.2) Gecko/20100101 Firefox/10.0.2"
217.85.70.246 - - [07/Mar/2012:10:22:41 +0100] "GET /modul.css HTTP/1.1" 200 35038 "http://www.mink-gmbh.de/" "Mozilla/5.0 (Windows NT 6.0; rv:10.0.2) Gecko/20100101 Firefox/10.0.2"
217.85.70.246 - - [07/Mar/2012:10:22:41 +0100] "GET /favicon.ico HTTP/1.1" 200 3638 "-" "Mozilla/5.0 (Windows NT 6.0; rv:10.0.2) Gecko/20100101 Firefox/10.0.2"
217.85.70.246 - - [07/Mar/2012:10:22:43 +0100] "GET /js_contentserver24_greybox/gb_styles.css HTTP/1.1" 200 2302 "http://www.mink-gmbh.de/" "Mozilla/5.0 (Windows NT 6.0; rv:10.0.2) Gecko/20100101 Firefox/10.0.2"
217.85.70.246 - - [07/Mar/2012:10:22:43 +0100] "GET /js_contentserver24_greybox/AJS.js HTTP/1.1" 200 10396 "http://www.mink-gmbh.de/" "Mozilla/5.0 (Windows NT 6.0; rv:10.0.2) Gecko/20100101 Firefox/10.0.2"
217.85.70.246 - - [07/Mar/2012:10:22:43 +0100] "GET /js_contentserver24_greybox/AJS_fx.js HTTP/1.1" 200 3192 "http://www.mink-gmbh.de/" "Mozilla/5.0 (Windows NT 6.0; rv:10.0.2) Gecko/20100101 Firefox/10.0.2"
217.85.70.246 - - [07/Mar/2012:10:22:43 +0100] "GET /js_contentserver24_greybox/gb_scripts.js HTTP/1.1" 200 11913 "http://www.mink-gmbh.de/" "Mozilla/5.0 (Windows NT 6.0; rv:10.0.2) Gecko/20100101 Firefox/10.0.2"
217.85.70.246 - - [07/Mar/2012:10:22:43 +0100] "GET /images/bg.jpg HTTP/1.1" 200 345 "http://www.mink-gmbh.de/style.css" "Mozilla/5.0 (Windows NT 6.0; rv:10.0.2) Gecko/20100101 Firefox/10.0.2"
217.85.70.246 - - [07/Mar/2012:10:22:41 +0100] "GET / HTTP/1.1" 200 12366 "-" "Mozilla/5.0 (Windows NT 6.0; rv:10.0.2) Gecko/20100101 Firefox/10.0.2"
217.85.70.246 - - [07/Mar/2012:10:22:43 +0100] "GET /js_contentserver24_greybox/w_close.gif HTTP/1.1" 200 74 "http://www.mink-gmbh.de/" "Mozilla/5.0 (Windows NT 6.0; rv:10.0.2) Gecko/20100101 Firefox/10.0.2"
217.85.70.246 - - [07/Mar/2012:10:22:43 +0100] "GET /images/wrapperbg.jpg HTTP/1.1" 200 27465 "http://www.mink-gmbh.de/style.css" "Mozilla/5.0 (Windows NT 6.0; rv:10.0.2) Gecko/20100101 Firefox/10.0.2"
217.85.70.246 - - [07/Mar/2012:10:22:43 +0100] "GET /images/header.jpg HTTP/1.1" 200 24413 "http://www.mink-gmbh.de/style.css" "Mozilla/5.0 (Windows NT 6.0; rv:10.0.2) Gecko/20100101 Firefox/10.0.2"
217.85.70.246 - - [07/Mar/2012:10:22:43 +0100] "GET /images/navibg.png HTTP/1.1" 200 2803 "http://www.mink-gmbh.de/style.css" "Mozilla/5.0 (Windows NT 6.0; rv:10.0.2) Gecko/20100101 Firefox/10.0.2"
217.85.70.246 - - [07/Mar/2012:10:22:43 +0100] "GET /images/fallend.png HTTP/1.1" 200 713 "http://www.mink-gmbh.de/modul.css" "Mozilla/5.0 (Windows NT 6.0; rv:10.0.2) Gecko/20100101 Firefox/10.0.2"
217.85.70.246 - - [07/Mar/2012:10:22:43 +0100] "GET /images/steigend.png HTTP/1.1" 200 688 "http://www.mink-gmbh.de/modul.css" "Mozilla/5.0 (Windows NT 6.0; rv:10.0.2) Gecko/20100101 Firefox/10.0.2"
217.85.70.246 - - [07/Mar/2012:10:22:43 +0100] "GET /images/tkw.jpg HTTP/1.1" 200 64031 "http://www.mink-gmbh.de/" "Mozilla/5.0 (Windows NT 6.0; rv:10.0.2) Gecko/20100101 Firefox/10.0.2"
217.85.70.246 - - [07/Mar/2012:10:22:44 +0100] "GET /images/mobil.jpg HTTP/1.1" 200 25293 "http://www.mink-gmbh.de/style.css" "Mozilla/5.0 (Windows NT 6.0; rv:10.0.2) Gecko/20100101 Firefox/10.0.2"
217.85.70.246 - - [07/Mar/2012:10:22:44 +0100] "GET /images/kwk.gif HTTP/1.1" 200 6403 "http://www.mink-gmbh.de/" "Mozilla/5.0 (Windows NT 6.0; rv:10.0.2) Gecko/20100101 Firefox/10.0.2"
217.85.70.246 - - [07/Mar/2012:10:22:44 +0100] "GET /images/wunschpreis.jpg HTTP/1.1" 200 16767 "http://www.mink-gmbh.de/" "Mozilla/5.0 (Windows NT 6.0; rv:10.0.2) Gecko/20100101 Firefox/10.0.2"
217.85.70.246 - - [07/Mar/2012:10:22:44 +0100] "GET /images/logos.jpg HTTP/1.1" 200 15002 "http://www.mink-gmbh.de/" "Mozilla/5.0 (Windows NT 6.0; rv:10.0.2) Gecko/20100101 Firefox/10.0.2"
217.85.70.246 - - [07/Mar/2012:10:22:44 +0100] "GET /images/footerbg.jpg HTTP/1.1" 200 2184 "http://www.mink-gmbh.de/style.css" "Mozilla/5.0 (Windows NT 6.0; rv:10.0.2) Gecko/20100101 Firefox/10.0.2"
217.85.70.246 - - [07/Mar/2012:10:22:44 +0100] "GET /js_contentserver24_greybox/loader_frame.html?s=0 HTTP/1.1" 200 2084 "http://www.mink-gmbh.de/" "Mozilla/5.0 (Windows NT 6.0; rv:10.0.2) Gecko/20100101 Firefox/10.0.2"
217.85.70.246 - - [07/Mar/2012:10:22:44 +0100] "GET /js_contentserver24_greybox/header_bg.gif HTTP/1.1" 200 1188 "http://www.mink-gmbh.de/" "Mozilla/5.0 (Windows NT 6.0; rv:10.0.2) Gecko/20100101 Firefox/10.0.2"
217.85.70.246 - - [07/Mar/2012:10:22:44 +0100] "GET /images/freecall.jpg HTTP/1.1" 200 39195 "http://www.mink-gmbh.de/" "Mozilla/5.0 (Windows NT 6.0; rv:10.0.2) Gecko/20100101 Firefox/10.0.2"
217.85.70.246 - - [07/Mar/2012:10:22:44 +0100] "GET /js_contentserver24_greybox/indicator.gif HTTP/1.1" 200 8238 "http://www.mink-gmbh.de/js_contentserver24_greybox/loader_frame.html?s=0" "Mozilla/5.0 (Windows NT 6.0; rv:10.0.2) Gecko/20100101 Firefox/10.0.2"
217.85.70.246 - - [07/Mar/2012:10:22:46 +0100] "GET /js_contentserver24_greybox/g_close.gif HTTP/1.1" 200 541 "http://www.mink-gmbh.de/" "Mozilla/5.0 (Windows NT 6.0; rv:10.0.2) Gecko/20100101 Firefox/10.0.2"
123.125.71.25 - - [07/Mar/2012:10:36:24 +0100] "GET / HTTP/1.1" 200 10491 "-" "Mozilla/5.0 (compatible; Baiduspider/2.0; +http://www.baidu.com/search/spider.html)"
220.181.108.89 - - [07/Mar/2012:10:37:06 +0100] "GET / HTTP/1.1" 200 10492 "-" "Mozilla/5.0 (compatible; Baiduspider/2.0; +http://www.baidu.com/search/spider.html)"
66.249.66.19 - - [07/Mar/2012:10:38:11 +0100] "GET /robots.txt HTTP/1.1" 200 177 "-" "Mozilla/5.0 (compatible; Googlebot/2.1; +http://www.google.com/bot.html)"
66.249.72.143 - - [07/Mar/2012:10:38:11 +0100] "GET /news.php HTTP/1.1" 200 19255 "-" "Mozilla/5.0 (compatible; Googlebot/2.1; +http://www.google.com/bot.html)"
66.249.72.143 - - [07/Mar/2012:11:18:04 +0100] "GET /news.php?cs_go=archiv&cs_id=2882&cs_search= HTTP/1.1" 200 7233 "-" "Mozilla/5.0 (compatible; Googlebot/2.1; +http://www.google.com/bot.html)"
66.249.66.19 - - [07/Mar/2012:11:20:10 +0100] "GET /news.php?cs_go=archiv&cs_id=370&cs_search= HTTP/1.1" 200 4856 "-" "Mozilla/5.0 (compatible; Googlebot/2.1; +http://www.google.com/bot.html)"
66.249.72.143 - - [07/Mar/2012:11:30:40 +0100] "GET /news.php?cs_go=archiv&cs_id=2556&cs_search= HTTP/1.1" 200 11981 "-" "Mozilla/5.0 (compatible; Googlebot/2.1; +http://www.google.com/bot.html)"
123.125.71.34 - - [07/Mar/2012:11:31:02 +0100] "GET /robots.txt HTTP/1.1" 200 177 "-" "Mozilla/5.0 (compatible; Baiduspider/2.0; +http://www.baidu.com/search/spider.html)"
85.13.129.157 - - [07/Mar/2012:11:35:29 +0100] "HEAD / HTTP/1.1" 200 - "-" "-"
66.249.66.19 - - [07/Mar/2012:11:36:58 +0100] "GET /news.php?cs_go=archiv&cs_id=2731&cs_search= HTTP/1.1" 200 7069 "-" "Mozilla/5.0 (compatible; Googlebot/2.1; +http://www.google.com/bot.html)"
92.78.179.6 - - [07/Mar/2012:11:43:57 +0100] "GET /style.css HTTP/1.1" 200 7564 "http://www.mink-gmbh.de/index.php" "Mozilla/5.0 (Windows NT 6.1; WOW64; rv:10.0.2) Gecko/20100101 Firefox/10.0.2"
92.78.179.6 - - [07/Mar/2012:11:43:57 +0100] "GET /modul.css HTTP/1.1" 200 35038 "http://www.mink-gmbh.de/index.php" "Mozilla/5.0 (Windows NT 6.1; WOW64; rv:10.0.2) Gecko/20100101 Firefox/10.0.2"
92.78.179.6 - - [07/Mar/2012:11:43:57 +0100] "GET /favicon.ico HTTP/1.1" 200 3638 "-" "Mozilla/5.0 (Windows NT 6.1; WOW64; rv:10.0.2) Gecko/20100101 Firefox/10.0.2"
92.78.179.6 - - [07/Mar/2012:11:43:58 +0100] "GET /js_contentserver24_greybox/gb_styles.css HTTP/1.1" 200 2302 "http://www.mink-gmbh.de/index.php" "Mozilla/5.0 (Windows NT 6.1; WOW64; rv:10.0.2) Gecko/20100101 Firefox/10.0.2"
92.78.179.6 - - [07/Mar/2012:11:43:58 +0100] "GET /js_contentserver24_greybox/AJS.js HTTP/1.1" 200 10396 "http://www.mink-gmbh.de/index.php" "Mozilla/5.0 (Windows NT 6.1; WOW64; rv:10.0.2) Gecko/20100101 Firefox/10.0.2"
92.78.179.6 - - [07/Mar/2012:11:43:58 +0100] "GET /js_contentserver24_greybox/AJS_fx.js HTTP/1.1" 200 3192 "http://www.mink-gmbh.de/index.php" "Mozilla/5.0 (Windows NT 6.1; WOW64; rv:10.0.2) Gecko/20100101 Firefox/10.0.2"
92.78.179.6 - - [07/Mar/2012:11:43:58 +0100] "GET /js_contentserver24_greybox/gb_scripts.js HTTP/1.1" 200 11913 "http://www.mink-gmbh.de/index.php" "Mozilla/5.0 (Windows NT 6.1; WOW64; rv:10.0.2) Gecko/20100101 Firefox/10.0.2"
92.78.179.6 - - [07/Mar/2012:11:43:58 +0100] "GET /images/bg.jpg HTTP/1.1" 200 345 "http://www.mink-gmbh.de/style.css" "Mozilla/5.0 (Windows NT 6.1; WOW64; rv:10.0.2) Gecko/20100101 Firefox/10.0.2"
92.78.179.6 - - [07/Mar/2012:11:43:58 +0100] "GET /js_contentserver24_greybox/w_close.gif HTTP/1.1" 200 74 "http://www.mink-gmbh.de/index.php" "Mozilla/5.0 (Windows NT 6.1; WOW64; rv:10.0.2) Gecko/20100101 Firefox/10.0.2"
92.78.179.6 - - [07/Mar/2012:11:43:58 +0100] "GET /images/wrapperbg.jpg HTTP/1.1" 200 27465 "http://www.mink-gmbh.de/style.css" "Mozilla/5.0 (Windows NT 6.1; WOW64; rv:10.0.2) Gecko/20100101 Firefox/10.0.2"
92.78.179.6 - - [07/Mar/2012:11:43:58 +0100] "GET /images/header.jpg HTTP/1.1" 200 24413 "http://www.mink-gmbh.de/style.css" "Mozilla/5.0 (Windows NT 6.1; WOW64; rv:10.0.2) Gecko/20100101 Firefox/10.0.2"
92.78.179.6 - - [07/Mar/2012:11:43:58 +0100] "GET /images/navibg.png HTTP/1.1" 200 2803 "http://www.mink-gmbh.de/style.css" "Mozilla/5.0 (Windows NT 6.1; WOW64; rv:10.0.2) Gecko/20100101 Firefox/10.0.2"
92.78.179.6 - - [07/Mar/2012:11:43:58 +0100] "GET /images/fallend.png HTTP/1.1" 200 713 "http://www.mink-gmbh.de/modul.css" "Mozilla/5.0 (Windows NT 6.1; WOW64; rv:10.0.2) Gecko/20100101 Firefox/10.0.2"
92.78.179.6 - - [07/Mar/2012:11:43:58 +0100] "GET /images/steigend.png HTTP/1.1" 200 688 "http://www.mink-gmbh.de/modul.css" "Mozilla/5.0 (Windows NT 6.1; WOW64; rv:10.0.2) Gecko/20100101 Firefox/10.0.2"
92.78.179.6 - - [07/Mar/2012:11:43:57 +0100] "GET /index.php HTTP/1.1" 200 12346 "-" "Mozilla/5.0 (Windows NT 6.1; WOW64; rv:10.0.2) Gecko/20100101 Firefox/10.0.2"
92.78.179.6 - - [07/Mar/2012:11:43:58 +0100] "GET /images/tkw.jpg HTTP/1.1" 200 64031 "http://www.mink-gmbh.de/index.php" "Mozilla/5.0 (Windows NT 6.1; WOW64; rv:10.0.2) Gecko/20100101 Firefox/10.0.2"
92.78.179.6 - - [07/Mar/2012:11:43:58 +0100] "GET /images/mobil.jpg HTTP/1.1" 200 25293 "http://www.mink-gmbh.de/style.css" "Mozilla/5.0 (Windows NT 6.1; WOW64; rv:10.0.2) Gecko/20100101 Firefox/10.0.2"
92.78.179.6 - - [07/Mar/2012:11:43:58 +0100] "GET /images/freecall.jpg HTTP/1.1" 200 39195 "http://www.mink-gmbh.de/index.php" "Mozilla/5.0 (Windows NT 6.1; WOW64; rv:10.0.2) Gecko/20100101 Firefox/10.0.2"
92.78.179.6 - - [07/Mar/2012:11:43:58 +0100] "GET /images/kwk.gif HTTP/1.1" 200 6403 "http://www.mink-gmbh.de/index.php" "Mozilla/5.0 (Windows NT 6.1; WOW64; rv:10.0.2) Gecko/20100101 Firefox/10.0.2"
92.78.179.6 - - [07/Mar/2012:11:43:58 +0100] "GET /images/wunschpreis.jpg HTTP/1.1" 200 16767 "http://www.mink-gmbh.de/index.php" "Mozilla/5.0 (Windows NT 6.1; WOW64; rv:10.0.2) Gecko/20100101 Firefox/10.0.2"
92.78.179.6 - - [07/Mar/2012:11:43:58 +0100] "GET /images/logos.jpg HTTP/1.1" 200 15002 "http://www.mink-gmbh.de/index.php" "Mozilla/5.0 (Windows NT 6.1; WOW64; rv:10.0.2) Gecko/20100101 Firefox/10.0.2"
92.78.179.6 - - [07/Mar/2012:11:43:58 +0100] "GET /images/footerbg.jpg HTTP/1.1" 200 2184 "http://www.mink-gmbh.de/style.css" "Mozilla/5.0 (Windows NT 6.1; WOW64; rv:10.0.2) Gecko/20100101 Firefox/10.0.2"
92.78.179.6 - - [07/Mar/2012:11:43:58 +0100] "GET /js_contentserver24_greybox/loader_frame.html?s=0 HTTP/1.1" 200 2084 "http://www.mink-gmbh.de/index.php" "Mozilla/5.0 (Windows NT 6.1; WOW64; rv:10.0.2) Gecko/20100101 Firefox/10.0.2"
92.78.179.6 - - [07/Mar/2012:11:43:58 +0100] "GET /js_contentserver24_greybox/header_bg.gif HTTP/1.1" 200 1188 "http://www.mink-gmbh.de/index.php" "Mozilla/5.0 (Windows NT 6.1; WOW64; rv:10.0.2) Gecko/20100101 Firefox/10.0.2"
92.78.179.6 - - [07/Mar/2012:11:43:58 +0100] "GET /js_contentserver24_greybox/indicator.gif HTTP/1.1" 200 8238 "http://www.mink-gmbh.de/js_contentserver24_greybox/loader_frame.html?s=0" "Mozilla/5.0 (Windows NT 6.1; WOW64; rv:10.0.2) Gecko/20100101 Firefox/10.0.2"
92.78.179.6 - - [07/Mar/2012:11:43:59 +0100] "GET /js_contentserver24_greybox/g_close.gif HTTP/1.1" 200 541 "http://www.mink-gmbh.de/index.php" "Mozilla/5.0 (Windows NT 6.1; WOW64; rv:10.0.2) Gecko/20100101 Firefox/10.0.2"
92.78.179.6 - - [07/Mar/2012:11:44:54 +0100] "GET /preisanfrage.php HTTP/1.1" 200 7759 "http://www.mink-gmbh.de/index.php" "Mozilla/5.0 (Windows NT 6.1; WOW64; rv:10.0.2) Gecko/20100101 Firefox/10.0.2"
92.78.179.6 - - [07/Mar/2012:11:44:58 +0100] "GET /index.php HTTP/1.1" 200 11696 "-" "Mozilla/5.0 (Windows NT 6.1; WOW64; rv:10.0.2) Gecko/20100101 Firefox/10.0.2"
77.21.147.115 - - [07/Mar/2012:11:49:02 +0100] "GET /rueckrufservice.php HTTP/1.1" 200 7739 "-" "findlinks/2.0.2 (+http://wortschatz.uni-leipzig.de/findlinks/)"
65.36.241.79 - - [07/Mar/2012:12:17:45 +0100] "HEAD / HTTP/1.1" 200 - "-" "InternetSeer.com"
208.115.113.91 - - [07/Mar/2012:12:21:42 +0100] "GET /robots.txt HTTP/1.1" 200 177 "-" "Mozilla/5.0 (compatible; Ezooms/1.0; ezooms.bot@gmail.com)"
66.249.66.19 - - [07/Mar/2012:12:23:09 +0100] "GET /news.php?cs_go=archiv&cs_id=2732&cs_search= HTTP/1.1" 200 7363 "-" "Mozilla/5.0 (compatible; Googlebot/2.1; +http://www.google.com/bot.html)"
217.85.70.246 - - [07/Mar/2012:13:31:01 +0100] "GET /test.php HTTP/1.1" 200 12086 "-" "Mozilla/5.0 (Windows NT 6.0; rv:10.0.2) Gecko/20100101 Firefox/10.0.2"
217.85.70.246 - - [07/Mar/2012:13:31:02 +0100] "GET /images/freecall.jpg HTTP/1.1" 304 - "http://www.mink-gmbh.de/test.php" "Mozilla/5.0 (Windows NT 6.0; rv:10.0.2) Gecko/20100101 Firefox/10.0.2"
217.85.70.246 - - [07/Mar/2012:13:32:22 +0100] "GET /style.css HTTP/1.1" 200 7471 "http://www.mink-gmbh.de/test.php" "Mozilla/5.0 (Windows NT 6.0; rv:10.0.2) Gecko/20100101 Firefox/10.0.2"
217.85.70.246 - - [07/Mar/2012:13:32:22 +0100] "GET /modul.css HTTP/1.1" 304 - "http://www.mink-gmbh.de/test.php" "Mozilla/5.0 (Windows NT 6.0; rv:10.0.2) Gecko/20100101 Firefox/10.0.2"
217.85.70.246 - - [07/Mar/2012:13:32:22 +0100] "GET /test.php HTTP/1.1" 200 12086 "-" "Mozilla/5.0 (Windows NT 6.0; rv:10.0.2) Gecko/20100101 Firefox/10.0.2"
217.85.70.246 - - [07/Mar/2012:13:32:22 +0100] "GET /images/tkw.jpg HTTP/1.1" 304 - "http://www.mink-gmbh.de/test.php" "Mozilla/5.0 (Windows NT 6.0; rv:10.0.2) Gecko/20100101 Firefox/10.0.2"
217.85.70.246 - - [07/Mar/2012:13:32:22 +0100] "GET /images/bg.jpg HTTP/1.1" 304 - "http://www.mink-gmbh.de/style.css" "Mozilla/5.0 (Windows NT 6.0; rv:10.0.2) Gecko/20100101 Firefox/10.0.2"
217.85.70.246 - - [07/Mar/2012:13:32:23 +0100] "GET /images/minkmail.png HTTP/1.1" 200 9648 "http://www.mink-gmbh.de/style.css" "Mozilla/5.0 (Windows NT 6.0; rv:10.0.2) Gecko/20100101 Firefox/10.0.2"
217.85.70.246 - - [07/Mar/2012:13:32:23 +0100] "GET /images/wrapperbg.jpg HTTP/1.1" 304 - "http://www.mink-gmbh.de/style.css" "Mozilla/5.0 (Windows NT 6.0; rv:10.0.2) Gecko/20100101 Firefox/10.0.2"
217.85.70.246 - - [07/Mar/2012:13:32:23 +0100] "GET /images/header.jpg HTTP/1.1" 304 - "http://www.mink-gmbh.de/style.css" "Mozilla/5.0 (Windows NT 6.0; rv:10.0.2) Gecko/20100101 Firefox/10.0.2"
217.85.70.246 - - [07/Mar/2012:13:32:23 +0100] "GET /images/navibg.png HTTP/1.1" 304 - "http://www.mink-gmbh.de/style.css" "Mozilla/5.0 (Windows NT 6.0; rv:10.0.2) Gecko/20100101 Firefox/10.0.2"
217.85.70.246 - - [07/Mar/2012:13:32:23 +0100] "GET /images/fallend.png HTTP/1.1" 304 - "http://www.mink-gmbh.de/modul.css" "Mozilla/5.0 (Windows NT 6.0; rv:10.0.2) Gecko/20100101 Firefox/10.0.2"
217.85.70.246 - - [07/Mar/2012:13:32:23 +0100] "GET /images/steigend.png HTTP/1.1" 304 - "http://www.mink-gmbh.de/modul.css" "Mozilla/5.0 (Windows NT 6.0; rv:10.0.2) Gecko/20100101 Firefox/10.0.2"
217.85.70.246 - - [07/Mar/2012:13:32:23 +0100] "GET /images/mobil.jpg HTTP/1.1" 304 - "http://www.mink-gmbh.de/style.css" "Mozilla/5.0 (Windows NT 6.0; rv:10.0.2) Gecko/20100101 Firefox/10.0.2"
217.85.70.246 - - [07/Mar/2012:13:32:23 +0100] "GET /images/freecall.jpg HTTP/1.1" 304 - "http://www.mink-gmbh.de/test.php" "Mozilla/5.0 (Windows NT 6.0; rv:10.0.2) Gecko/20100101 Firefox/10.0.2"
217.85.70.246 - - [07/Mar/2012:13:32:23 +0100] "GET /images/kwk.gif HTTP/1.1" 304 - "http://www.mink-gmbh.de/test.php" "Mozilla/5.0 (Windows NT 6.0; rv:10.0.2) Gecko/20100101 Firefox/10.0.2"
217.85.70.246 - - [07/Mar/2012:13:32:23 +0100] "GET /images/wunschpreis.jpg HTTP/1.1" 304 - "http://www.mink-gmbh.de/test.php" "Mozilla/5.0 (Windows NT 6.0; rv:10.0.2) Gecko/20100101 Firefox/10.0.2"
217.85.70.246 - - [07/Mar/2012:13:32:23 +0100] "GET /images/logos.jpg HTTP/1.1" 304 - "http://www.mink-gmbh.de/test.php" "Mozilla/5.0 (Windows NT 6.0; rv:10.0.2) Gecko/20100101 Firefox/10.0.2"
217.85.70.246 - - [07/Mar/2012:13:32:23 +0100] "GET /images/footerbg.jpg HTTP/1.1" 304 - "http://www.mink-gmbh.de/style.css" "Mozilla/5.0 (Windows NT 6.0; rv:10.0.2) Gecko/20100101 Firefox/10.0.2"
217.85.70.246 - - [07/Mar/2012:13:32:39 +0100] "GET /style.css HTTP/1.1" 304 - "http://www.mink-gmbh.de/test.php" "Mozilla/5.0 (Windows NT 6.0; rv:10.0.2) Gecko/20100101 Firefox/10.0.2"
217.85.70.246 - - [07/Mar/2012:13:32:39 +0100] "GET /modul.css HTTP/1.1" 304 - "http://www.mink-gmbh.de/test.php" "Mozilla/5.0 (Windows NT 6.0; rv:10.0.2) Gecko/20100101 Firefox/10.0.2"
217.85.70.246 - - [07/Mar/2012:13:32:39 +0100] "GET /images/bg.jpg HTTP/1.1" 304 - "http://www.mink-gmbh.de/style.css" "Mozilla/5.0 (Windows NT 6.0; rv:10.0.2) Gecko/20100101 Firefox/10.0.2"
217.85.70.246 - - [07/Mar/2012:13:32:40 +0100] "GET /images/minkmail.png HTTP/1.1" 304 - "http://www.mink-gmbh.de/style.css" "Mozilla/5.0 (Windows NT 6.0; rv:10.0.2) Gecko/20100101 Firefox/10.0.2"
217.85.70.246 - - [07/Mar/2012:13:32:40 +0100] "GET /images/wrapperbg.jpg HTTP/1.1" 304 - "http://www.mink-gmbh.de/style.css" "Mozilla/5.0 (Windows NT 6.0; rv:10.0.2) Gecko/20100101 Firefox/10.0.2"
217.85.70.246 - - [07/Mar/2012:13:32:40 +0100] "GET /images/header.jpg HTTP/1.1" 304 - "http://www.mink-gmbh.de/style.css" "Mozilla/5.0 (Windows NT 6.0; rv:10.0.2) Gecko/20100101 Firefox/10.0.2"
217.85.70.246 - - [07/Mar/2012:13:32:40 +0100] "GET /images/navibg.png HTTP/1.1" 304 - "http://www.mink-gmbh.de/style.css" "Mozilla/5.0 (Windows NT 6.0; rv:10.0.2) Gecko/20100101 Firefox/10.0.2"
217.85.70.246 - - [07/Mar/2012:13:32:40 +0100] "GET /images/fallend.png HTTP/1.1" 304 - "http://www.mink-gmbh.de/modul.css" "Mozilla/5.0 (Windows NT 6.0; rv:10.0.2) Gecko/20100101 Firefox/10.0.2"
217.85.70.246 - - [07/Mar/2012:13:32:40 +0100] "GET /images/steigend.png HTTP/1.1" 304 - "http://www.mink-gmbh.de/modul.css" "Mozilla/5.0 (Windows NT 6.0; rv:10.0.2) Gecko/20100101 Firefox/10.0.2"
217.85.70.246 - - [07/Mar/2012:13:32:39 +0100] "GET /test.php HTTP/1.1" 200 12086 "-" "Mozilla/5.0 (Windows NT 6.0; rv:10.0.2) Gecko/20100101 Firefox/10.0.2"
217.85.70.246 - - [07/Mar/2012:13:32:40 +0100] "GET /images/tkw.jpg HTTP/1.1" 304 - "http://www.mink-gmbh.de/test.php" "Mozilla/5.0 (Windows NT 6.0; rv:10.0.2) Gecko/20100101 Firefox/10.0.2"
217.85.70.246 - - [07/Mar/2012:13:32:40 +0100] "GET /images/mobil.jpg HTTP/1.1" 304 - "http://www.mink-gmbh.de/style.css" "Mozilla/5.0 (Windows NT 6.0; rv:10.0.2) Gecko/20100101 Firefox/10.0.2"
217.85.70.246 - - [07/Mar/2012:13:32:40 +0100] "GET /images/freecall.jpg HTTP/1.1" 304 - "http://www.mink-gmbh.de/test.php" "Mozilla/5.0 (Windows NT 6.0; rv:10.0.2) Gecko/20100101 Firefox/10.0.2"
217.85.70.246 - - [07/Mar/2012:13:32:40 +0100] "GET /images/kwk.gif HTTP/1.1" 304 - "http://www.mink-gmbh.de/test.php" "Mozilla/5.0 (Windows NT 6.0; rv:10.0.2) Gecko/20100101 Firefox/10.0.2"
217.85.70.246 - - [07/Mar/2012:13:32:40 +0100] "GET /images/wunschpreis.jpg HTTP/1.1" 304 - "http://www.mink-gmbh.de/test.php" "Mozilla/5.0 (Windows NT 6.0; rv:10.0.2) Gecko/20100101 Firefox/10.0.2"
217.85.70.246 - - [07/Mar/2012:13:32:40 +0100] "GET /images/logos.jpg HTTP/1.1" 304 - "http://www.mink-gmbh.de/test.php" "Mozilla/5.0 (Windows NT 6.0; rv:10.0.2) Gecko/20100101 Firefox/10.0.2"
217.85.70.246 - - [07/Mar/2012:13:32:40 +0100] "GET /images/footerbg.jpg HTTP/1.1" 304 - "http://www.mink-gmbh.de/style.css" "Mozilla/5.0 (Windows NT 6.0; rv:10.0.2) Gecko/20100101 Firefox/10.0.2"
66.249.66.19 - - [07/Mar/2012:13:34:32 +0100] "GET /news.php?cs_go=archiv&cs_startpos=1 HTTP/1.1" 200 19454 "-" "Mozilla/5.0 (compatible; Googlebot/2.1; +http://www.google.com/bot.html)"
217.85.70.246 - - [07/Mar/2012:13:37:00 +0100] "GET /style.css HTTP/1.1" 200 7471 "http://www.mink-gmbh.de/test.php" "Mozilla/5.0 (Windows NT 6.0; rv:10.0.2) Gecko/20100101 Firefox/10.0.2"
217.85.70.246 - - [07/Mar/2012:13:37:00 +0100] "GET /modul.css HTTP/1.1" 304 - "http://www.mink-gmbh.de/test.php" "Mozilla/5.0 (Windows NT 6.0; rv:10.0.2) Gecko/20100101 Firefox/10.0.2"
217.85.70.246 - - [07/Mar/2012:13:37:00 +0100] "GET /images/tkw.jpg HTTP/1.1" 304 - "http://www.mink-gmbh.de/test.php" "Mozilla/5.0 (Windows NT 6.0; rv:10.0.2) Gecko/20100101 Firefox/10.0.2"
217.85.70.246 - - [07/Mar/2012:13:37:00 +0100] "GET /images/bg.jpg HTTP/1.1" 304 - "http://www.mink-gmbh.de/style.css" "Mozilla/5.0 (Windows NT 6.0; rv:10.0.2) Gecko/20100101 Firefox/10.0.2"
217.85.70.246 - - [07/Mar/2012:13:37:00 +0100] "GET /images/minkmail.png HTTP/1.1" 200 13775 "http://www.mink-gmbh.de/style.css" "Mozilla/5.0 (Windows NT 6.0; rv:10.0.2) Gecko/20100101 Firefox/10.0.2"
217.85.70.246 - - [07/Mar/2012:13:37:00 +0100] "GET /images/wrapperbg.jpg HTTP/1.1" 304 - "http://www.mink-gmbh.de/style.css" "Mozilla/5.0 (Windows NT 6.0; rv:10.0.2) Gecko/20100101 Firefox/10.0.2"
217.85.70.246 - - [07/Mar/2012:13:37:00 +0100] "GET /images/header.jpg HTTP/1.1" 304 - "http://www.mink-gmbh.de/style.css" "Mozilla/5.0 (Windows NT 6.0; rv:10.0.2) Gecko/20100101 Firefox/10.0.2"
217.85.70.246 - - [07/Mar/2012:13:37:00 +0100] "GET /images/navibg.png HTTP/1.1" 304 - "http://www.mink-gmbh.de/style.css" "Mozilla/5.0 (Windows NT 6.0; rv:10.0.2) Gecko/20100101 Firefox/10.0.2"
217.85.70.246 - - [07/Mar/2012:13:37:00 +0100] "GET /images/fallend.png HTTP/1.1" 304 - "http://www.mink-gmbh.de/modul.css" "Mozilla/5.0 (Windows NT 6.0; rv:10.0.2) Gecko/20100101 Firefox/10.0.2"
217.85.70.246 - - [07/Mar/2012:13:37:00 +0100] "GET /images/steigend.png HTTP/1.1" 304 - "http://www.mink-gmbh.de/modul.css" "Mozilla/5.0 (Windows NT 6.0; rv:10.0.2) Gecko/20100101 Firefox/10.0.2"
217.85.70.246 - - [07/Mar/2012:13:37:00 +0100] "GET /images/mobil.jpg HTTP/1.1" 304 - "http://www.mink-gmbh.de/style.css" "Mozilla/5.0 (Windows NT 6.0; rv:10.0.2) Gecko/20100101 Firefox/10.0.2"
217.85.70.246 - - [07/Mar/2012:13:36:59 +0100] "GET /test.php HTTP/1.1" 200 12102 "-" "Mozilla/5.0 (Windows NT 6.0; rv:10.0.2) Gecko/20100101 Firefox/10.0.2"
217.85.70.246 - - [07/Mar/2012:13:37:01 +0100] "GET /images/freecall.jpg HTTP/1.1" 304 - "http://www.mink-gmbh.de/test.php" "Mozilla/5.0 (Windows NT 6.0; rv:10.0.2) Gecko/20100101 Firefox/10.0.2"
217.85.70.246 - - [07/Mar/2012:13:37:01 +0100] "GET /images/kwk.gif HTTP/1.1" 304 - "http://www.mink-gmbh.de/test.php" "Mozilla/5.0 (Windows NT 6.0; rv:10.0.2) Gecko/20100101 Firefox/10.0.2"
217.85.70.246 - - [07/Mar/2012:13:37:01 +0100] "GET /images/wunschpreis.jpg HTTP/1.1" 304 - "http://www.mink-gmbh.de/test.php" "Mozilla/5.0 (Windows NT 6.0; rv:10.0.2) Gecko/20100101 Firefox/10.0.2"
217.85.70.246 - - [07/Mar/2012:13:37:01 +0100] "GET /images/logos.jpg HTTP/1.1" 304 - "http://www.mink-gmbh.de/test.php" "Mozilla/5.0 (Windows NT 6.0; rv:10.0.2) Gecko/20100101 Firefox/10.0.2"
217.85.70.246 - - [07/Mar/2012:13:37:01 +0100] "GET /images/footerbg.jpg HTTP/1.1" 304 - "http://www.mink-gmbh.de/style.css" "Mozilla/5.0 (Windows NT 6.0; rv:10.0.2) Gecko/20100101 Firefox/10.0.2"
208.115.113.91 - - [07/Mar/2012:13:37:15 +0100] "GET /news.php?cs_go=archiv&cs_id=2688&cs_search= HTTP/1.1" 200 10889 "-" "Mozilla/5.0 (compatible; Ezooms/1.0; ezooms.bot@gmail.com)"
217.85.70.246 - - [07/Mar/2012:13:37:39 +0100] "GET /style.css HTTP/1.1" 304 - "http://www.mink-gmbh.de/test.php" "Mozilla/5.0 (Windows NT 6.0; rv:10.0.2) Gecko/20100101 Firefox/10.0.2"
217.85.70.246 - - [07/Mar/2012:13:37:39 +0100] "GET /modul.css HTTP/1.1" 304 - "http://www.mink-gmbh.de/test.php" "Mozilla/5.0 (Windows NT 6.0; rv:10.0.2) Gecko/20100101 Firefox/10.0.2"
217.85.70.246 - - [07/Mar/2012:13:37:39 +0100] "GET /images/bg.jpg HTTP/1.1" 304 - "http://www.mink-gmbh.de/style.css" "Mozilla/5.0 (Windows NT 6.0; rv:10.0.2) Gecko/20100101 Firefox/10.0.2"
217.85.70.246 - - [07/Mar/2012:13:37:39 +0100] "GET /images/minkmail.png HTTP/1.1" 200 13598 "http://www.mink-gmbh.de/style.css" "Mozilla/5.0 (Windows NT 6.0; rv:10.0.2) Gecko/20100101 Firefox/10.0.2"
217.85.70.246 - - [07/Mar/2012:13:37:39 +0100] "GET /images/wrapperbg.jpg HTTP/1.1" 304 - "http://www.mink-gmbh.de/style.css" "Mozilla/5.0 (Windows NT 6.0; rv:10.0.2) Gecko/20100101 Firefox/10.0.2"
217.85.70.246 - - [07/Mar/2012:13:37:39 +0100] "GET /images/header.jpg HTTP/1.1" 304 - "http://www.mink-gmbh.de/style.css" "Mozilla/5.0 (Windows NT 6.0; rv:10.0.2) Gecko/20100101 Firefox/10.0.2"
217.85.70.246 - - [07/Mar/2012:13:37:39 +0100] "GET /images/navibg.png HTTP/1.1" 304 - "http://www.mink-gmbh.de/style.css" "Mozilla/5.0 (Windows NT 6.0; rv:10.0.2) Gecko/20100101 Firefox/10.0.2"
217.85.70.246 - - [07/Mar/2012:13:37:39 +0100] "GET /images/fallend.png HTTP/1.1" 304 - "http://www.mink-gmbh.de/modul.css" "Mozilla/5.0 (Windows NT 6.0; rv:10.0.2) Gecko/20100101 Firefox/10.0.2"
217.85.70.246 - - [07/Mar/2012:13:37:39 +0100] "GET /images/steigend.png HTTP/1.1" 304 - "http://www.mink-gmbh.de/modul.css" "Mozilla/5.0 (Windows NT 6.0; rv:10.0.2) Gecko/20100101 Firefox/10.0.2"
217.85.70.246 - - [07/Mar/2012:13:37:39 +0100] "GET /test.php HTTP/1.1" 200 12102 "-" "Mozilla/5.0 (Windows NT 6.0; rv:10.0.2) Gecko/20100101 Firefox/10.0.2"
217.85.70.246 - - [07/Mar/2012:13:37:39 +0100] "GET /images/tkw.jpg HTTP/1.1" 304 - "http://www.mink-gmbh.de/test.php" "Mozilla/5.0 (Windows NT 6.0; rv:10.0.2) Gecko/20100101 Firefox/10.0.2"
217.85.70.246 - - [07/Mar/2012:13:37:39 +0100] "GET /images/mobil.jpg HTTP/1.1" 304 - "http://www.mink-gmbh.de/style.css" "Mozilla/5.0 (Windows NT 6.0; rv:10.0.2) Gecko/20100101 Firefox/10.0.2"
217.85.70.246 - - [07/Mar/2012:13:37:40 +0100] "GET /images/freecall.jpg HTTP/1.1" 304 - "http://www.mink-gmbh.de/test.php" "Mozilla/5.0 (Windows NT 6.0; rv:10.0.2) Gecko/20100101 Firefox/10.0.2"
217.85.70.246 - - [07/Mar/2012:13:37:40 +0100] "GET /images/kwk.gif HTTP/1.1" 304 - "http://www.mink-gmbh.de/test.php" "Mozilla/5.0 (Windows NT 6.0; rv:10.0.2) Gecko/20100101 Firefox/10.0.2"
217.85.70.246 - - [07/Mar/2012:13:37:40 +0100] "GET /images/wunschpreis.jpg HTTP/1.1" 304 - "http://www.mink-gmbh.de/test.php" "Mozilla/5.0 (Windows NT 6.0; rv:10.0.2) Gecko/20100101 Firefox/10.0.2"
217.85.70.246 - - [07/Mar/2012:13:37:40 +0100] "GET /images/logos.jpg HTTP/1.1" 304 - "http://www.mink-gmbh.de/test.php" "Mozilla/5.0 (Windows NT 6.0; rv:10.0.2) Gecko/20100101 Firefox/10.0.2"
