62.153.167.75 - - [09/Mar/2012:18:00:03 +0100] "GET /js_contentserver24_greybox/indicator.gif HTTP/1.1" 200 8238 "http://www.mink-gmbh.de/js_contentserver24_greybox/loader_frame.html?s=0" "Mozilla/4.0 (compatible; MSIE 7.0; Windows NT 5.1; Trident/4.0; .NET CLR 1.1.4322; .NET CLR 2.0.50727; .NET CLR 3.0.4506.2152; .NET CLR 3.5.30729; InfoPath.1)"
62.153.167.75 - - [09/Mar/2012:18:00:05 +0100] "GET /js_contentserver24_greybox/g_close.gif HTTP/1.1" 200 541 "http://www.mink-gmbh.de/" "Mozilla/4.0 (compatible; MSIE 7.0; Windows NT 5.1; Trident/4.0; .NET CLR 1.1.4322; .NET CLR 2.0.50727; .NET CLR 3.0.4506.2152; .NET CLR 3.5.30729; InfoPath.1)"
62.153.167.75 - - [09/Mar/2012:18:00:29 +0100] "GET /impressum.php HTTP/1.1" 200 5623 "http://www.mink-gmbh.de/" "Mozilla/4.0 (compatible; MSIE 7.0; Windows NT 5.1; Trident/4.0; .NET CLR 1.1.4322; .NET CLR 2.0.50727; .NET CLR 3.0.4506.2152; .NET CLR 3.5.30729; InfoPath.1)"
66.249.72.143 - - [09/Mar/2012:18:14:10 +0100] "GET /news.php?cs_go=archiv&cs_id=2702 HTTP/1.1" 200 10330 "-" "Mozilla/5.0 (compatible; Googlebot/2.1; +http://www.google.com/bot.html)"
208.115.111.75 - - [09/Mar/2012:18:37:37 +0100] "GET /robots.txt HTTP/1.1" 200 177 "-" "Mozilla/5.0 (compatible; Ezooms/1.0; ezooms.bot@gmail.com)"
66.249.72.143 - - [09/Mar/2012:18:40:44 +0100] "GET /news.php?cs_go=archiv&cs_id=2700 HTTP/1.1" 200 10648 "-" "Mozilla/5.0 (compatible; Googlebot/2.1; +http://www.google.com/bot.html)"
65.36.241.79 - - [09/Mar/2012:19:17:49 +0100] "HEAD / HTTP/1.1" 200 - "-" "InternetSeer.com"
123.125.71.33 - - [09/Mar/2012:19:35:27 +0100] "GET / HTTP/1.1" 200 1519 "-" "Mozilla/5.0 (compatible; Baiduspider/2.0; +http://www.baidu.com/search/spider.html)"
220.181.108.92 - - [09/Mar/2012:19:36:00 +0100] "GET / HTTP/1.1" 200 6139 "-" "Mozilla/5.0 (compatible; Baiduspider/2.0; +http://www.baidu.com/search/spider.html)"
173.208.232.145 - - [09/Mar/2012:19:40:25 +0100] "GET /robots.txt HTTP/1.0" 200 177 "-" "Mozilla/5.0 (compatible; MJ12bot/v1.4.2; http://www.majestic12.co.uk/bot.php?+)"
173.208.232.145 - - [09/Mar/2012:19:40:27 +0100] "GET / HTTP/1.0" 200 12339 "-" "Mozilla/5.0 (compatible; MJ12bot/v1.4.2; http://www.majestic12.co.uk/bot.php?+)"
139.18.2.209 - - [09/Mar/2012:19:53:50 +0100] "GET /kwk.php HTTP/1.1" 200 7852 "-" "findlinks/2.0.1 (+http://wortschatz.uni-leipzig.de/findlinks/)"
95.108.128.242 - - [09/Mar/2012:20:05:40 +0100] "GET /index.php HTTP/1.1" 200 12339 "-" "Mozilla/5.0 (compatible; YandexBot/3.0; +http://yandex.com/bots)"
176.9.66.16 - - [09/Mar/2012:20:08:17 +0100] "GET /rueckrufservice.php HTTP/1.1" 200 7739 "-" "Mozilla/5.0 (Windows NT 5.1) AppleWebKit/535.1 (KHTML, like Gecko) Chrome/13.0.782.107 Safari/535.1"
46.4.79.74 - - [09/Mar/2012:20:16:52 +0100] "GET /rueckrufservice.php HTTP/1.1" 200 7739 "-" "Mozilla/5.0 (Windows NT 5.1) AppleWebKit/535.1 (KHTML, like Gecko) Chrome/13.0.782.107 Safari/535.1"
91.64.38.211 - - [09/Mar/2012:20:30:18 +0100] "GET /modul.css HTTP/1.1" 200 35038 "http://www.mink-gmbh.de/" "Mozilla/5.0 (Macintosh; Intel Mac OS X 10_6_8) AppleWebKit/534.52.7 (KHTML, like Gecko) Version/5.1.2 Safari/534.52.7"
91.64.38.211 - - [09/Mar/2012:20:30:18 +0100] "GET /style.css HTTP/1.1" 200 7471 "http://www.mink-gmbh.de/" "Mozilla/5.0 (Macintosh; Intel Mac OS X 10_6_8) AppleWebKit/534.52.7 (KHTML, like Gecko) Version/5.1.2 Safari/534.52.7"
91.64.38.211 - - [09/Mar/2012:20:30:19 +0100] "GET /js_contentserver24_greybox/gb_styles.css HTTP/1.1" 200 2302 "http://www.mink-gmbh.de/" "Mozilla/5.0 (Macintosh; Intel Mac OS X 10_6_8) AppleWebKit/534.52.7 (KHTML, like Gecko) Version/5.1.2 Safari/534.52.7"
91.64.38.211 - - [09/Mar/2012:20:30:19 +0100] "GET /js_contentserver24_greybox/AJS_fx.js HTTP/1.1" 200 3192 "http://www.mink-gmbh.de/" "Mozilla/5.0 (Macintosh; Intel Mac OS X 10_6_8) AppleWebKit/534.52.7 (KHTML, like Gecko) Version/5.1.2 Safari/534.52.7"
91.64.38.211 - - [09/Mar/2012:20:30:19 +0100] "GET /js_contentserver24_greybox/gb_scripts.js HTTP/1.1" 200 11913 "http://www.mink-gmbh.de/" "Mozilla/5.0 (Macintosh; Intel Mac OS X 10_6_8) AppleWebKit/534.52.7 (KHTML, like Gecko) Version/5.1.2 Safari/534.52.7"
91.64.38.211 - - [09/Mar/2012:20:30:19 +0100] "GET /js_contentserver24_greybox/AJS.js HTTP/1.1" 200 10396 "http://www.mink-gmbh.de/" "Mozilla/5.0 (Macintosh; Intel Mac OS X 10_6_8) AppleWebKit/534.52.7 (KHTML, like Gecko) Version/5.1.2 Safari/534.52.7"
91.64.38.211 - - [09/Mar/2012:20:30:18 +0100] "GET / HTTP/1.1" 200 12339 "http://www.aristo-verwaltung.de/links.htm" "Mozilla/5.0 (Macintosh; Intel Mac OS X 10_6_8) AppleWebKit/534.52.7 (KHTML, like Gecko) Version/5.1.2 Safari/534.52.7"
91.64.38.211 - - [09/Mar/2012:20:30:19 +0100] "GET /images/bg.jpg HTTP/1.1" 200 345 "http://www.mink-gmbh.de/" "Mozilla/5.0 (Macintosh; Intel Mac OS X 10_6_8) AppleWebKit/534.52.7 (KHTML, like Gecko) Version/5.1.2 Safari/534.52.7"
91.64.38.211 - - [09/Mar/2012:20:30:20 +0100] "GET /images/wrapperbg.jpg HTTP/1.1" 200 27465 "http://www.mink-gmbh.de/" "Mozilla/5.0 (Macintosh; Intel Mac OS X 10_6_8) AppleWebKit/534.52.7 (KHTML, like Gecko) Version/5.1.2 Safari/534.52.7"
91.64.38.211 - - [09/Mar/2012:20:30:20 +0100] "GET /images/steigend.png HTTP/1.1" 200 688 "http://www.mink-gmbh.de/" "Mozilla/5.0 (Macintosh; Intel Mac OS X 10_6_8) AppleWebKit/534.52.7 (KHTML, like Gecko) Version/5.1.2 Safari/534.52.7"
91.64.38.211 - - [09/Mar/2012:20:30:20 +0100] "GET /js_contentserver24_greybox/w_close.gif HTTP/1.1" 200 74 "http://www.mink-gmbh.de/" "Mozilla/5.0 (Macintosh; Intel Mac OS X 10_6_8) AppleWebKit/534.52.7 (KHTML, like Gecko) Version/5.1.2 Safari/534.52.7"
91.64.38.211 - - [09/Mar/2012:20:30:20 +0100] "GET /images/header.jpg HTTP/1.1" 200 24413 "http://www.mink-gmbh.de/" "Mozilla/5.0 (Macintosh; Intel Mac OS X 10_6_8) AppleWebKit/534.52.7 (KHTML, like Gecko) Version/5.1.2 Safari/534.52.7"
91.64.38.211 - - [09/Mar/2012:20:30:20 +0100] "GET /images/navibg.png HTTP/1.1" 200 2803 "http://www.mink-gmbh.de/" "Mozilla/5.0 (Macintosh; Intel Mac OS X 10_6_8) AppleWebKit/534.52.7 (KHTML, like Gecko) Version/5.1.2 Safari/534.52.7"
91.64.38.211 - - [09/Mar/2012:20:30:20 +0100] "GET /images/fallend.png HTTP/1.1" 200 713 "http://www.mink-gmbh.de/" "Mozilla/5.0 (Macintosh; Intel Mac OS X 10_6_8) AppleWebKit/534.52.7 (KHTML, like Gecko) Version/5.1.2 Safari/534.52.7"
91.64.38.211 - - [09/Mar/2012:20:30:20 +0100] "GET /images/mobil.jpg HTTP/1.1" 200 25293 "http://www.mink-gmbh.de/" "Mozilla/5.0 (Macintosh; Intel Mac OS X 10_6_8) AppleWebKit/534.52.7 (KHTML, like Gecko) Version/5.1.2 Safari/534.52.7"
91.64.38.211 - - [09/Mar/2012:20:30:20 +0100] "GET /images/tkw.jpg HTTP/1.1" 200 64031 "http://www.mink-gmbh.de/" "Mozilla/5.0 (Macintosh; Intel Mac OS X 10_6_8) AppleWebKit/534.52.7 (KHTML, like Gecko) Version/5.1.2 Safari/534.52.7"
91.64.38.211 - - [09/Mar/2012:20:30:20 +0100] "GET /images/freecall.jpg HTTP/1.1" 200 39195 "http://www.mink-gmbh.de/" "Mozilla/5.0 (Macintosh; Intel Mac OS X 10_6_8) AppleWebKit/534.52.7 (KHTML, like Gecko) Version/5.1.2 Safari/534.52.7"
91.64.38.211 - - [09/Mar/2012:20:30:20 +0100] "GET /images/kwk.gif HTTP/1.1" 200 6403 "http://www.mink-gmbh.de/" "Mozilla/5.0 (Macintosh; Intel Mac OS X 10_6_8) AppleWebKit/534.52.7 (KHTML, like Gecko) Version/5.1.2 Safari/534.52.7"
91.64.38.211 - - [09/Mar/2012:20:30:20 +0100] "GET /images/wunschpreis.jpg HTTP/1.1" 200 16767 "http://www.mink-gmbh.de/" "Mozilla/5.0 (Macintosh; Intel Mac OS X 10_6_8) AppleWebKit/534.52.7 (KHTML, like Gecko) Version/5.1.2 Safari/534.52.7"
91.64.38.211 - - [09/Mar/2012:20:30:20 +0100] "GET /js_contentserver24_greybox/loader_frame.html?s=0 HTTP/1.1" 200 2084 "http://www.mink-gmbh.de/" "Mozilla/5.0 (Macintosh; Intel Mac OS X 10_6_8) AppleWebKit/534.52.7 (KHTML, like Gecko) Version/5.1.2 Safari/534.52.7"
91.64.38.211 - - [09/Mar/2012:20:30:20 +0100] "GET /images/logos.jpg HTTP/1.1" 200 15002 "http://www.mink-gmbh.de/" "Mozilla/5.0 (Macintosh; Intel Mac OS X 10_6_8) AppleWebKit/534.52.7 (KHTML, like Gecko) Version/5.1.2 Safari/534.52.7"
91.64.38.211 - - [09/Mar/2012:20:30:20 +0100] "GET /images/footerbg.jpg HTTP/1.1" 200 2184 "http://www.mink-gmbh.de/" "Mozilla/5.0 (Macintosh; Intel Mac OS X 10_6_8) AppleWebKit/534.52.7 (KHTML, like Gecko) Version/5.1.2 Safari/534.52.7"
91.64.38.211 - - [09/Mar/2012:20:30:20 +0100] "GET /js_contentserver24_greybox/header_bg.gif HTTP/1.1" 200 1188 "http://www.mink-gmbh.de/" "Mozilla/5.0 (Macintosh; Intel Mac OS X 10_6_8) AppleWebKit/534.52.7 (KHTML, like Gecko) Version/5.1.2 Safari/534.52.7"
91.64.38.211 - - [09/Mar/2012:20:30:21 +0100] "GET /js_contentserver24_greybox/indicator.gif HTTP/1.1" 200 8238 "http://www.mink-gmbh.de/js_contentserver24_greybox/loader_frame.html?s=0" "Mozilla/5.0 (Macintosh; Intel Mac OS X 10_6_8) AppleWebKit/534.52.7 (KHTML, like Gecko) Version/5.1.2 Safari/534.52.7"
91.64.38.211 - - [09/Mar/2012:20:30:22 +0100] "GET /js_contentserver24_greybox/g_close.gif HTTP/1.1" 200 541 "http://www.mink-gmbh.de/" "Mozilla/5.0 (Macintosh; Intel Mac OS X 10_6_8) AppleWebKit/534.52.7 (KHTML, like Gecko) Version/5.1.2 Safari/534.52.7"
91.64.38.211 - - [09/Mar/2012:20:30:22 +0100] "GET /favicon.ico HTTP/1.1" 200 3638 "http://www.mink-gmbh.de/" "Mozilla/5.0 (Macintosh; Intel Mac OS X 10_6_8) AppleWebKit/534.52.7 (KHTML, like Gecko) Version/5.1.2 Safari/534.52.7"
220.181.108.87 - - [09/Mar/2012:20:35:50 +0100] "GET / HTTP/1.1" 200 6139 "-" "Mozilla/5.0 (compatible; Baiduspider/2.0; +http://www.baidu.com/search/spider.html)"
123.125.71.35 - - [09/Mar/2012:20:36:04 +0100] "GET / HTTP/1.1" 200 6139 "-" "Mozilla/5.0 (compatible; Baiduspider/2.0; +http://www.baidu.com/search/spider.html)"
208.115.111.75 - - [09/Mar/2012:20:47:45 +0100] "GET /news.php?cs_go=archiv&cs_id=2651&cs_search= HTTP/1.1" 200 9807 "-" "Mozilla/5.0 (compatible; Ezooms/1.0; ezooms.bot@gmail.com)"
208.115.111.75 - - [09/Mar/2012:20:47:49 +0100] "GET /lexikon.php?cs_go=2&cs_char=n HTTP/1.1" 200 5546 "-" "Mozilla/5.0 (compatible; Ezooms/1.0; ezooms.bot@gmail.com)"
88.198.69.242 - - [09/Mar/2012:21:13:16 +0100] "GET /edl.php HTTP/1.1" 200 7769 "-" "Mozilla/5.0 (Windows NT 5.1) AppleWebKit/535.1 (KHTML, like Gecko) Chrome/13.0.782.107 Safari/535.1"
66.249.72.143 - - [09/Mar/2012:21:27:42 +0100] "GET /news.php?cs_go=archiv&cs_startpos=1 HTTP/1.1" 200 19446 "-" "Mozilla/5.0 (compatible; Googlebot/2.1; +http://www.google.com/bot.html)"
46.4.148.156 - - [09/Mar/2012:21:42:31 +0100] "GET /robots.txt HTTP/1.0" 200 177 "-" "Mozilla/5.0 (compatible; MJ12bot/v1.4.2; http://www.majestic12.co.uk/bot.php?+)"
46.4.148.156 - - [09/Mar/2012:21:42:32 +0100] "GET /agb.php HTTP/1.0" 200 16832 "-" "Mozilla/5.0 (compatible; MJ12bot/v1.4.2; http://www.majestic12.co.uk/bot.php?+)"
46.4.148.156 - - [09/Mar/2012:21:42:34 +0100] "GET /news.php?cs_go=archiv&cs_id=2678 HTTP/1.0" 200 7008 "-" "Mozilla/5.0 (compatible; MJ12bot/v1.4.2; http://www.majestic12.co.uk/bot.php?+)"
46.4.148.156 - - [09/Mar/2012:21:42:35 +0100] "GET /news.php?cs_go=archiv&cs_id=2679 HTTP/1.0" 200 7704 "-" "Mozilla/5.0 (compatible; MJ12bot/v1.4.2; http://www.majestic12.co.uk/bot.php?+)"
46.4.148.156 - - [09/Mar/2012:21:42:37 +0100] "GET /news.php?cs_go=archiv&cs_id=2680 HTTP/1.0" 200 10650 "-" "Mozilla/5.0 (compatible; MJ12bot/v1.4.2; http://www.majestic12.co.uk/bot.php?+)"
46.4.148.156 - - [09/Mar/2012:21:42:38 +0100] "GET /news.php?cs_go=archiv&cs_id=2681 HTTP/1.0" 200 7191 "-" "Mozilla/5.0 (compatible; MJ12bot/v1.4.2; http://www.majestic12.co.uk/bot.php?+)"
46.4.148.156 - - [09/Mar/2012:21:42:40 +0100] "GET /news.php?cs_go=archiv&cs_id=2682 HTTP/1.0" 200 7621 "-" "Mozilla/5.0 (compatible; MJ12bot/v1.4.2; http://www.majestic12.co.uk/bot.php?+)"
46.4.148.156 - - [09/Mar/2012:21:42:41 +0100] "GET /news.php?cs_go=archiv&cs_id=2683 HTTP/1.0" 200 10592 "-" "Mozilla/5.0 (compatible; MJ12bot/v1.4.2; http://www.majestic12.co.uk/bot.php?+)"
46.4.148.156 - - [09/Mar/2012:21:42:43 +0100] "GET /news.php?cs_go=archiv&cs_id=2684 HTTP/1.0" 200 7038 "-" "Mozilla/5.0 (compatible; MJ12bot/v1.4.2; http://www.majestic12.co.uk/bot.php?+)"
46.4.148.156 - - [09/Mar/2012:21:42:44 +0100] "GET /news.php?cs_go=archiv&cs_id=2685 HTTP/1.0" 200 6683 "-" "Mozilla/5.0 (compatible; MJ12bot/v1.4.2; http://www.majestic12.co.uk/bot.php?+)"
46.4.148.156 - - [09/Mar/2012:21:42:46 +0100] "GET /news.php?cs_go=archiv&cs_id=2686 HTTP/1.0" 200 7161 "-" "Mozilla/5.0 (compatible; MJ12bot/v1.4.2; http://www.majestic12.co.uk/bot.php?+)"
46.4.148.156 - - [09/Mar/2012:21:42:46 +0100] "GET /robots.txt HTTP/1.0" 200 177 "-" "Mozilla/5.0 (compatible; MJ12bot/v1.4.2; http://www.majestic12.co.uk/bot.php?+)"
46.4.148.156 - - [09/Mar/2012:21:42:48 +0100] "GET /news.php?cs_go=archiv&cs_id=2687 HTTP/1.0" 200 7281 "-" "Mozilla/5.0 (compatible; MJ12bot/v1.4.2; http://www.majestic12.co.uk/bot.php?+)"
46.4.148.156 - - [09/Mar/2012:21:42:48 +0100] "GET /robots.txt HTTP/1.0" 200 177 "-" "Mozilla/5.0 (compatible; MJ12bot/v1.4.2; http://www.majestic12.co.uk/bot.php?+)"
46.4.148.156 - - [09/Mar/2012:21:42:50 +0100] "GET /news.php?cs_go=archiv&cs_id=2688 HTTP/1.0" 200 10889 "-" "Mozilla/5.0 (compatible; MJ12bot/v1.4.2; http://www.majestic12.co.uk/bot.php?+)"
46.4.148.156 - - [09/Mar/2012:21:42:51 +0100] "GET /news.php?cs_go=archiv&cs_id=2689 HTTP/1.0" 200 7340 "-" "Mozilla/5.0 (compatible; MJ12bot/v1.4.2; http://www.majestic12.co.uk/bot.php?+)"
46.4.148.156 - - [09/Mar/2012:21:42:53 +0100] "GET /news.php?cs_go=archiv&cs_id=2690 HTTP/1.0" 200 7442 "-" "Mozilla/5.0 (compatible; MJ12bot/v1.4.2; http://www.majestic12.co.uk/bot.php?+)"
46.4.148.156 - - [09/Mar/2012:21:42:54 +0100] "GET /news.php?cs_go=archiv&cs_id=2691 HTTP/1.0" 200 10904 "-" "Mozilla/5.0 (compatible; MJ12bot/v1.4.2; http://www.majestic12.co.uk/bot.php?+)"
66.249.72.143 - - [09/Mar/2012:21:48:52 +0100] "GET /news.php?cs_go=archiv&cs_id=2886&cs_search= HTTP/1.1" 200 7314 "-" "Mozilla/5.0 (compatible; Googlebot/2.1; +http://www.google.com/bot.html)"
66.249.72.143 - - [09/Mar/2012:21:56:30 +0100] "GET /news.php?cs_go=archiv&cs_id=2854&cs_search= HTTP/1.1" 200 11441 "-" "Mozilla/5.0 (compatible; Googlebot/2.1; +http://www.google.com/bot.html)"
65.36.241.79 - - [09/Mar/2012:23:53:53 +0100] "HEAD / HTTP/1.1" 200 - "-" "InternetSeer.com"
66.249.72.195 - - [09/Mar/2012:23:56:31 +0100] "GET /news.php?cs_go=archiv&cs_id=366&cs_search= HTTP/1.1" 200 4856 "-" "Mozilla/5.0 (compatible; Googlebot/2.1; +http://www.google.com/bot.html)"
220.181.108.88 - - [10/Mar/2012:00:33:22 +0100] "GET / HTTP/1.1" 200 6139 "-" "Mozilla/5.0 (compatible; Baiduspider/2.0; +http://www.baidu.com/search/spider.html)"
46.4.79.73 - - [10/Mar/2012:00:33:23 +0100] "GET /optiplus.php HTTP/1.1" 200 8128 "-" "Mozilla/5.0 (Windows NT 5.1) AppleWebKit/535.1 (KHTML, like Gecko) Chrome/13.0.782.107 Safari/535.1"
123.125.71.33 - - [10/Mar/2012:00:33:32 +0100] "GET / HTTP/1.1" 200 6139 "-" "Mozilla/5.0 (compatible; Baiduspider/2.0; +http://www.baidu.com/search/spider.html)"
123.125.71.30 - - [10/Mar/2012:00:36:44 +0100] "GET / HTTP/1.1" 200 12339 "-" "Mozilla/5.0 (compatible; Baiduspider/2.0; +http://www.baidu.com/search/spider.html)"
123.125.71.73 - - [10/Mar/2012:00:40:34 +0100] "GET /news.php?cs_go=archiv&cs_id=2886 HTTP/1.1" 200 7314 "-" "Mozilla/5.0 (compatible; Baiduspider/2.0; +http://www.baidu.com/search/spider.html)"
123.125.71.34 - - [10/Mar/2012:00:44:25 +0100] "GET /news.php?cs_go=archiv&cs_id=2889 HTTP/1.1" 200 10637 "-" "Mozilla/5.0 (compatible; Baiduspider/2.0; +http://www.baidu.com/search/spider.html)"
123.125.71.115 - - [10/Mar/2012:00:48:14 +0100] "GET /news.php?cs_go=archiv&cs_id=2885 HTTP/1.1" 200 10551 "-" "Mozilla/5.0 (compatible; Baiduspider/2.0; +http://www.baidu.com/search/spider.html)"
123.125.71.88 - - [10/Mar/2012:00:52:07 +0100] "GET /news.php?cs_go=archiv&cs_id=2854 HTTP/1.1" 200 11441 "-" "Mozilla/5.0 (compatible; Baiduspider/2.0; +http://www.baidu.com/search/spider.html)"
95.108.128.242 - - [10/Mar/2012:01:30:41 +0100] "GET /robots.txt HTTP/1.1" 200 177 "-" "Mozilla/5.0 (compatible; YandexBot/3.0; +http://yandex.com/bots)"
207.46.13.96 - - [10/Mar/2012:03:03:22 +0100] "GET /Heizoel.htm HTTP/1.1" 404 - "-" "Mozilla/5.0 (compatible; bingbot/2.0; +http://www.bing.com/bingbot.htm)"
46.4.121.154 - - [10/Mar/2012:03:27:15 +0100] "GET /robots.txt HTTP/1.1" 200 177 "-" "Pixray-Seeker/1.1 (Pixray-Seeker; http://www.pixray.com/pixraybot; crawler@pixray.com)"
46.4.121.154 - - [10/Mar/2012:03:27:15 +0100] "GET /news.php?cs_go=archiv&cs_id=2407&cs_search= HTTP/1.1" 200 11494 "-" "Pixray-Seeker/1.1 (Pixray-Seeker; http://www.pixray.com/pixraybot; crawler@pixray.com)"
46.4.121.154 - - [10/Mar/2012:03:28:37 +0100] "GET /news.php?cs_go=archiv&cs_startpos=621 HTTP/1.1" 200 20351 "-" "Pixray-Seeker/1.1 (Pixray-Seeker; http://www.pixray.com/pixraybot; crawler@pixray.com)"
46.4.121.154 - - [10/Mar/2012:03:29:00 +0100] "GET /news.php?cs_go=archiv&cs_startpos=291 HTTP/1.1" 200 20227 "-" "Pixray-Seeker/1.1 (Pixray-Seeker; http://www.pixray.com/pixraybot; crawler@pixray.com)"
46.4.121.154 - - [10/Mar/2012:03:29:13 +0100] "GET /news.php?cs_go=archiv&cs_id=2398&cs_search= HTTP/1.1" 200 6582 "-" "Pixray-Seeker/1.1 (Pixray-Seeker; http://www.pixray.com/pixraybot; crawler@pixray.com)"
176.9.66.16 - - [10/Mar/2012:03:45:59 +0100] "GET /news.php HTTP/1.1" 200 19308 "-" "Mozilla/5.0 (Windows NT 5.1) AppleWebKit/535.1 (KHTML, like Gecko) Chrome/13.0.782.107 Safari/535.1"
109.87.138.55 - - [10/Mar/2012:03:53:29 +0100] "GET /robots.txt HTTP/1.0" 200 177 "-" "Mozilla/5.0 (compatible; MJ12bot/v1.4.2; http://www.majestic12.co.uk/bot.php?+)"
109.87.138.55 - - [10/Mar/2012:03:53:45 +0100] "GET /news.php?cs_go=archiv&cs_id=2838 HTTP/1.1" 200 6953 "-" "Mozilla/5.0 (compatible; MJ12bot/v1.4.2; http://www.majestic12.co.uk/bot.php?+)"
109.87.138.55 - - [10/Mar/2012:03:53:51 +0100] "GET /news.php?cs_go=archiv&cs_id=2839 HTTP/1.1" 200 8562 "-" "Mozilla/5.0 (compatible; MJ12bot/v1.4.2; http://www.majestic12.co.uk/bot.php?+)"
109.87.138.55 - - [10/Mar/2012:03:54:16 +0100] "GET /news.php?cs_go=archiv&cs_id=2840 HTTP/1.1" 200 7840 "-" "Mozilla/5.0 (compatible; MJ12bot/v1.4.2; http://www.majestic12.co.uk/bot.php?+)"
109.87.138.55 - - [10/Mar/2012:03:54:43 +0100] "GET /news.php?cs_go=archiv&cs_id=2841 HTTP/1.1" 200 10511 "-" "Mozilla/5.0 (compatible; MJ12bot/v1.4.2; http://www.majestic12.co.uk/bot.php?+)"
109.87.138.55 - - [10/Mar/2012:03:54:59 +0100] "GET /news.php?cs_go=archiv&cs_id=2843 HTTP/1.1" 200 9708 "-" "Mozilla/5.0 (compatible; MJ12bot/v1.4.2; http://www.majestic12.co.uk/bot.php?+)"
109.87.138.55 - - [10/Mar/2012:03:55:13 +0100] "GET /news.php?cs_go=archiv&cs_id=2844 HTTP/1.1" 200 7749 "-" "Mozilla/5.0 (compatible; MJ12bot/v1.4.2; http://www.majestic12.co.uk/bot.php?+)"
109.87.138.55 - - [10/Mar/2012:03:55:24 +0100] "GET /news.php?cs_go=archiv&cs_id=2856 HTTP/1.1" 200 6905 "-" "Mozilla/5.0 (compatible; MJ12bot/v1.4.2; http://www.majestic12.co.uk/bot.php?+)"
109.87.138.55 - - [10/Mar/2012:03:55:37 +0100] "GET /news.php?cs_go=archiv&cs_id=2857 HTTP/1.1" 200 8539 "-" "Mozilla/5.0 (compatible; MJ12bot/v1.4.2; http://www.majestic12.co.uk/bot.php?+)"
109.87.138.55 - - [10/Mar/2012:03:56:01 +0100] "GET /news.php?cs_go=archiv&cs_id=2858 HTTP/1.1" 200 11162 "-" "Mozilla/5.0 (compatible; MJ12bot/v1.4.2; http://www.majestic12.co.uk/bot.php?+)"
109.87.138.55 - - [10/Mar/2012:03:56:44 +0100] "GET /news.php?cs_go=archiv&cs_id=2863 HTTP/1.1" 200 9044 "-" "Mozilla/5.0 (compatible; MJ12bot/v1.4.2; http://www.majestic12.co.uk/bot.php?+)"
109.87.138.55 - - [10/Mar/2012:03:56:59 +0100] "GET /news.php?cs_go=archiv&cs_id=2864 HTTP/1.1" 200 7184 "-" "Mozilla/5.0 (compatible; MJ12bot/v1.4.2; http://www.majestic12.co.uk/bot.php?+)"
109.87.138.55 - - [10/Mar/2012:03:57:53 +0100] "GET /news.php?cs_go=archiv&cs_id=2865 HTTP/1.1" 200 10604 "-" "Mozilla/5.0 (compatible; MJ12bot/v1.4.2; http://www.majestic12.co.uk/bot.php?+)"
109.87.138.55 - - [10/Mar/2012:03:58:16 +0100] "GET /news.php?cs_go=archiv&cs_id=2866 HTTP/1.1" 200 7083 "-" "Mozilla/5.0 (compatible; MJ12bot/v1.4.2; http://www.majestic12.co.uk/bot.php?+)"
66.249.72.195 - - [10/Mar/2012:04:01:18 +0100] "GET /robots.txt HTTP/1.1" 200 177 "-" "Mozilla/5.0 (compatible; Googlebot/2.1; +http://www.google.com/bot.html)"
66.249.72.195 - - [10/Mar/2012:04:01:18 +0100] "GET /news.php?cs_go=archiv HTTP/1.1" 200 19308 "-" "Mozilla/5.0 (compatible; Googlebot/2.1; +http://www.google.com/bot.html)"
95.108.128.242 - - [10/Mar/2012:04:10:23 +0100] "GET / HTTP/1.1" 200 12339 "-" "Mozilla/5.0 (compatible; YandexBot/3.0; +http://yandex.com/bots)"
66.249.72.195 - - [10/Mar/2012:04:15:54 +0100] "GET /news.php?cs_go=archiv&cs_id=1&cs_search= HTTP/1.1" 200 4856 "-" "Mozilla/5.0 (compatible; Googlebot/2.1; +http://www.google.com/bot.html)"
65.52.109.194 - - [10/Mar/2012:04:16:58 +0100] "GET / HTTP/1.1" 200 12339 "-" "Mozilla/5.0 (compatible; bingbot/2.0; +http://www.bing.com/bingbot.htm)"
66.249.72.195 - - [10/Mar/2012:04:18:56 +0100] "GET /news.php HTTP/1.1" 200 19308 "-" "Mozilla/5.0 (iPhone; U; CPU iPhone OS 4_1 like Mac OS X; en-us) AppleWebKit/532.9 (KHTML, like Gecko) Version/4.0.5 Mobile/8B117 Safari/6531.22.7 (compatible; Googlebot-Mobile/2.1; +http://www.google.com/bot.html)"
66.249.72.195 - - [10/Mar/2012:04:23:40 +0100] "GET /diesel.php HTTP/1.1" 200 7688 "-" "Mozilla/5.0 (compatible; Googlebot/2.1; +http://www.google.com/bot.html)"
65.36.241.79 - - [10/Mar/2012:04:30:12 +0100] "HEAD / HTTP/1.1" 200 - "-" "InternetSeer.com"
66.249.72.195 - - [10/Mar/2012:04:33:22 +0100] "GET /news.php?cs_go=archiv&cs_id=2762&cs_search= HTTP/1.1" 200 7495 "-" "Mozilla/5.0 (compatible; Googlebot/2.1; +http://www.google.com/bot.html)"
208.115.111.75 - - [10/Mar/2012:04:36:15 +0100] "GET /robots.txt HTTP/1.1" 200 177 "-" "Mozilla/5.0 (compatible; Ezooms/1.0; ezooms.bot@gmail.com)"
66.249.72.195 - - [10/Mar/2012:04:39:11 +0100] "GET /news.php?cs_go=archiv&cs_id=2829&cs_search= HTTP/1.1" 200 7021 "-" "Mozilla/5.0 (compatible; Googlebot/2.1; +http://www.google.com/bot.html)"
66.249.72.195 - - [10/Mar/2012:04:39:19 +0100] "GET /news.php?cs_go=archiv&cs_id=2889&cs_search= HTTP/1.1" 200 10637 "-" "Mozilla/5.0 (compatible; Googlebot/2.1; +http://www.google.com/bot.html)"
66.249.72.195 - - [10/Mar/2012:04:50:50 +0100] "GET /news.php?cs_go=archiv&cs_id=2830&cs_search= HTTP/1.1" 200 9882 "-" "Mozilla/5.0 (compatible; Googlebot/2.1; +http://www.google.com/bot.html)"
66.249.72.195 - - [10/Mar/2012:04:52:48 +0100] "GET /news.php?cs_go=archiv&cs_id=11&cs_search= HTTP/1.1" 200 4856 "-" "Mozilla/5.0 (compatible; Googlebot/2.1; +http://www.google.com/bot.html)"
46.4.79.73 - - [10/Mar/2012:05:01:09 +0100] "GET /agb.php HTTP/1.1" 200 16832 "-" "Mozilla/5.0 (Windows NT 5.1) AppleWebKit/535.1 (KHTML, like Gecko) Chrome/13.0.782.107 Safari/535.1"
78.46.97.118 - - [10/Mar/2012:05:13:06 +0100] "GET /agb.php HTTP/1.1" 200 16832 "-" "Mozilla/5.0 (Windows NT 5.1) AppleWebKit/535.1 (KHTML, like Gecko) Chrome/13.0.782.107 Safari/535.1"
66.249.72.195 - - [10/Mar/2012:05:16:05 +0100] "GET /news.php?cs_go=archiv&cs_startpos=640 HTTP/1.1" 200 20049 "-" "Mozilla/5.0 (compatible; Googlebot/2.1; +http://www.google.com/bot.html)"
66.249.72.195 - - [10/Mar/2012:05:25:48 +0100] "GET /news.php?cs_go=archiv&cs_id=365&cs_search= HTTP/1.1" 200 4856 "-" "Mozilla/5.0 (compatible; Googlebot/2.1; +http://www.google.com/bot.html)"
95.108.128.242 - - [10/Mar/2012:05:27:42 +0100] "GET /faq.php HTTP/1.1" 200 182879 "-" "Mozilla/5.0 (compatible; YandexBot/3.0; +http://yandex.com/bots)"
66.249.72.195 - - [10/Mar/2012:05:33:33 +0100] "GET /news.php?cs_go=archiv&cs_id=2763&cs_search= HTTP/1.1" 200 9996 "-" "Mozilla/5.0 (compatible; Googlebot/2.1; +http://www.google.com/bot.html)"
66.249.72.195 - - [10/Mar/2012:06:06:34 +0100] "GET /news.php HTTP/1.1" 200 19337 "-" "Mozilla/5.0 (compatible; Googlebot/2.1; +http://www.google.com/bot.html)"
46.4.121.154 - - [10/Mar/2012:06:11:39 +0100] "GET /robots.txt HTTP/1.1" 200 177 "-" "Pixray-Seeker/1.1 (Pixray-Seeker; http://www.pixray.com/pixraybot; crawler@pixray.com)"
46.4.121.154 - - [10/Mar/2012:06:11:39 +0100] "GET /news.php?cs_go=archiv&cs_id=2331&cs_search= HTTP/1.1" 200 11383 "-" "Pixray-Seeker/1.1 (Pixray-Seeker; http://www.pixray.com/pixraybot; crawler@pixray.com)"
46.4.121.154 - - [10/Mar/2012:06:12:41 +0100] "GET /news.php?cs_go=archiv&cs_id=2391&cs_search= HTTP/1.1" 200 11689 "-" "Pixray-Seeker/1.1 (Pixray-Seeker; http://www.pixray.com/pixraybot; crawler@pixray.com)"
46.4.121.154 - - [10/Mar/2012:06:12:48 +0100] "GET /news.php?cs_go=archiv&cs_startpos=961 HTTP/1.1" 200 20051 "-" "Pixray-Seeker/1.1 (Pixray-Seeker; http://www.pixray.com/pixraybot; crawler@pixray.com)"
46.4.121.154 - - [10/Mar/2012:06:13:06 +0100] "GET /news.php?cs_go=archiv&cs_id=2358&cs_search= HTTP/1.1" 200 8354 "-" "Pixray-Seeker/1.1 (Pixray-Seeker; http://www.pixray.com/pixraybot; crawler@pixray.com)"
66.249.72.195 - - [10/Mar/2012:06:18:13 +0100] "GET /news.php?cs_go=archiv&cs_id=2831&cs_search= HTTP/1.1" 200 11292 "-" "Mozilla/5.0 (compatible; Googlebot/2.1; +http://www.google.com/bot.html)"
66.249.72.195 - - [10/Mar/2012:06:27:56 +0100] "GET /news.php?cs_go=archiv&cs_id=2879&cs_search= HTTP/1.1" 200 10494 "-" "Mozilla/5.0 (compatible; Googlebot/2.1; +http://www.google.com/bot.html)"
123.125.71.23 - - [10/Mar/2012:06:34:50 +0100] "GET / HTTP/1.1" 200 10475 "-" "Mozilla/5.0 (compatible; Baiduspider/2.0; +http://www.baidu.com/search/spider.html)"
220.181.108.82 - - [10/Mar/2012:06:35:10 +0100] "GET / HTTP/1.1" 200 6149 "-" "Mozilla/5.0 (compatible; Baiduspider/2.0; +http://www.baidu.com/search/spider.html)"
208.115.111.75 - - [10/Mar/2012:06:48:25 +0100] "GET /lexikon.php?cs_go=2&cs_char=j HTTP/1.1" 200 5550 "-" "Mozilla/5.0 (compatible; Ezooms/1.0; ezooms.bot@gmail.com)"
208.115.111.75 - - [10/Mar/2012:06:48:37 +0100] "GET /kwk.php?cs_go=3 HTTP/1.1" 200 7253 "-" "Mozilla/5.0 (compatible; Ezooms/1.0; ezooms.bot@gmail.com)"
95.108.128.242 - - [10/Mar/2012:07:08:57 +0100] "GET /optiplus.php HTTP/1.1" 200 8128 "-" "Mozilla/5.0 (compatible; YandexBot/3.0; +http://yandex.com/bots)"
66.249.72.195 - - [10/Mar/2012:07:43:38 +0100] "GET /news.php?cs_go=archiv&cs_id=2622&cs_search= HTTP/1.1" 200 10319 "-" "Mozilla/5.0 (compatible; Googlebot/2.1; +http://www.google.com/bot.html)"
89.247.43.242 - - [10/Mar/2012:07:51:58 +0100] "GET /style.css HTTP/1.1" 200 7471 "http://www.mink-gmbh.de/index.php" "Mozilla/5.0 (Windows NT 6.1; rv:10.0.2) Gecko/20100101 Firefox/10.0.2"
89.247.43.242 - - [10/Mar/2012:07:51:58 +0100] "GET /modul.css HTTP/1.1" 200 35038 "http://www.mink-gmbh.de/index.php" "Mozilla/5.0 (Windows NT 6.1; rv:10.0.2) Gecko/20100101 Firefox/10.0.2"
89.247.43.242 - - [10/Mar/2012:07:51:59 +0100] "GET /favicon.ico HTTP/1.1" 200 3638 "-" "Mozilla/5.0 (Windows NT 6.1; rv:10.0.2) Gecko/20100101 Firefox/10.0.2"
89.247.43.242 - - [10/Mar/2012:07:51:59 +0100] "GET /js_contentserver24_greybox/gb_styles.css HTTP/1.1" 200 2302 "http://www.mink-gmbh.de/index.php" "Mozilla/5.0 (Windows NT 6.1; rv:10.0.2) Gecko/20100101 Firefox/10.0.2"
89.247.43.242 - - [10/Mar/2012:07:51:59 +0100] "GET /js_contentserver24_greybox/AJS.js HTTP/1.1" 200 10396 "http://www.mink-gmbh.de/index.php" "Mozilla/5.0 (Windows NT 6.1; rv:10.0.2) Gecko/20100101 Firefox/10.0.2"
89.247.43.242 - - [10/Mar/2012:07:51:59 +0100] "GET /js_contentserver24_greybox/AJS_fx.js HTTP/1.1" 200 3192 "http://www.mink-gmbh.de/index.php" "Mozilla/5.0 (Windows NT 6.1; rv:10.0.2) Gecko/20100101 Firefox/10.0.2"
89.247.43.242 - - [10/Mar/2012:07:51:59 +0100] "GET /js_contentserver24_greybox/gb_scripts.js HTTP/1.1" 200 11913 "http://www.mink-gmbh.de/index.php" "Mozilla/5.0 (Windows NT 6.1; rv:10.0.2) Gecko/20100101 Firefox/10.0.2"
89.247.43.242 - - [10/Mar/2012:07:51:59 +0100] "GET /images/tkw.jpg HTTP/1.1" 200 64031 "http://www.mink-gmbh.de/index.php" "Mozilla/5.0 (Windows NT 6.1; rv:10.0.2) Gecko/20100101 Firefox/10.0.2"
89.247.43.242 - - [10/Mar/2012:07:51:58 +0100] "GET /index.php HTTP/1.1" 200 12318 "-" "Mozilla/5.0 (Windows NT 6.1; rv:10.0.2) Gecko/20100101 Firefox/10.0.2"
89.247.43.242 - - [10/Mar/2012:07:51:59 +0100] "GET /images/kwk.gif HTTP/1.1" 200 6403 "http://www.mink-gmbh.de/index.php" "Mozilla/5.0 (Windows NT 6.1; rv:10.0.2) Gecko/20100101 Firefox/10.0.2"
89.247.43.242 - - [10/Mar/2012:07:51:59 +0100] "GET /images/wunschpreis.jpg HTTP/1.1" 200 16767 "http://www.mink-gmbh.de/index.php" "Mozilla/5.0 (Windows NT 6.1; rv:10.0.2) Gecko/20100101 Firefox/10.0.2"
89.247.43.242 - - [10/Mar/2012:07:51:59 +0100] "GET /images/freecall.jpg HTTP/1.1" 200 39195 "http://www.mink-gmbh.de/index.php" "Mozilla/5.0 (Windows NT 6.1; rv:10.0.2) Gecko/20100101 Firefox/10.0.2"
89.247.43.242 - - [10/Mar/2012:07:51:59 +0100] "GET /images/logos.jpg HTTP/1.1" 200 15002 "http://www.mink-gmbh.de/index.php" "Mozilla/5.0 (Windows NT 6.1; rv:10.0.2) Gecko/20100101 Firefox/10.0.2"
89.247.43.242 - - [10/Mar/2012:07:52:00 +0100] "GET /js_contentserver24_greybox/w_close.gif HTTP/1.1" 200 74 "http://www.mink-gmbh.de/index.php" "Mozilla/5.0 (Windows NT 6.1; rv:10.0.2) Gecko/20100101 Firefox/10.0.2"
89.247.43.242 - - [10/Mar/2012:07:52:00 +0100] "GET /images/bg.jpg HTTP/1.1" 200 345 "http://www.mink-gmbh.de/style.css" "Mozilla/5.0 (Windows NT 6.1; rv:10.0.2) Gecko/20100101 Firefox/10.0.2"
89.247.43.242 - - [10/Mar/2012:07:52:00 +0100] "GET /images/wrapperbg.jpg HTTP/1.1" 200 27465 "http://www.mink-gmbh.de/style.css" "Mozilla/5.0 (Windows NT 6.1; rv:10.0.2) Gecko/20100101 Firefox/10.0.2"
89.247.43.242 - - [10/Mar/2012:07:52:00 +0100] "GET /images/header.jpg HTTP/1.1" 200 24413 "http://www.mink-gmbh.de/style.css" "Mozilla/5.0 (Windows NT 6.1; rv:10.0.2) Gecko/20100101 Firefox/10.0.2"
89.247.43.242 - - [10/Mar/2012:07:52:00 +0100] "GET /images/navibg.png HTTP/1.1" 200 2803 "http://www.mink-gmbh.de/style.css" "Mozilla/5.0 (Windows NT 6.1; rv:10.0.2) Gecko/20100101 Firefox/10.0.2"
89.247.43.242 - - [10/Mar/2012:07:52:00 +0100] "GET /images/steigend.png HTTP/1.1" 200 688 "http://www.mink-gmbh.de/modul.css" "Mozilla/5.0 (Windows NT 6.1; rv:10.0.2) Gecko/20100101 Firefox/10.0.2"
89.247.43.242 - - [10/Mar/2012:07:52:00 +0100] "GET /images/fallend.png HTTP/1.1" 200 713 "http://www.mink-gmbh.de/modul.css" "Mozilla/5.0 (Windows NT 6.1; rv:10.0.2) Gecko/20100101 Firefox/10.0.2"
89.247.43.242 - - [10/Mar/2012:07:52:00 +0100] "GET /images/mobil.jpg HTTP/1.1" 200 25293 "http://www.mink-gmbh.de/style.css" "Mozilla/5.0 (Windows NT 6.1; rv:10.0.2) Gecko/20100101 Firefox/10.0.2"
89.247.43.242 - - [10/Mar/2012:07:52:00 +0100] "GET /images/footerbg.jpg HTTP/1.1" 200 2184 "http://www.mink-gmbh.de/style.css" "Mozilla/5.0 (Windows NT 6.1; rv:10.0.2) Gecko/20100101 Firefox/10.0.2"
89.247.43.242 - - [10/Mar/2012:07:52:00 +0100] "GET /js_contentserver24_greybox/header_bg.gif HTTP/1.1" 200 1188 "http://www.mink-gmbh.de/index.php" "Mozilla/5.0 (Windows NT 6.1; rv:10.0.2) Gecko/20100101 Firefox/10.0.2"
89.247.43.242 - - [10/Mar/2012:07:52:00 +0100] "GET /js_contentserver24_greybox/g_close.gif HTTP/1.1" 200 541 "http://www.mink-gmbh.de/index.php" "Mozilla/5.0 (Windows NT 6.1; rv:10.0.2) Gecko/20100101 Firefox/10.0.2"
89.247.43.242 - - [10/Mar/2012:07:52:00 +0100] "GET /js_contentserver24_greybox/indicator.gif HTTP/1.1" 200 8238 "http://www.mink-gmbh.de/index.php" "Mozilla/5.0 (Windows NT 6.1; rv:10.0.2) Gecko/20100101 Firefox/10.0.2"
89.247.43.242 - - [10/Mar/2012:07:52:01 +0100] "GET /js_contentserver24_greybox/loader_frame.html?s=0 HTTP/1.1" 200 2084 "http://www.mink-gmbh.de/index.php" "Mozilla/5.0 (Windows NT 6.1; rv:10.0.2) Gecko/20100101 Firefox/10.0.2"
89.247.43.242 - - [10/Mar/2012:07:58:58 +0100] "GET /style.css HTTP/1.1" 200 7471 "http://www.mink-gmbh.de/index.php" "Mozilla/5.0 (Windows NT 6.1; rv:10.0.2) Gecko/20100101 Firefox/10.0.2"
89.247.43.242 - - [10/Mar/2012:07:58:58 +0100] "GET /modul.css HTTP/1.1" 200 35038 "http://www.mink-gmbh.de/index.php" "Mozilla/5.0 (Windows NT 6.1; rv:10.0.2) Gecko/20100101 Firefox/10.0.2"
89.247.43.242 - - [10/Mar/2012:07:58:58 +0100] "GET /favicon.ico HTTP/1.1" 200 3638 "-" "Mozilla/5.0 (Windows NT 6.1; rv:10.0.2) Gecko/20100101 Firefox/10.0.2"
89.247.43.242 - - [10/Mar/2012:07:58:59 +0100] "GET /js_contentserver24_greybox/gb_styles.css HTTP/1.1" 200 2302 "http://www.mink-gmbh.de/index.php" "Mozilla/5.0 (Windows NT 6.1; rv:10.0.2) Gecko/20100101 Firefox/10.0.2"
89.247.43.242 - - [10/Mar/2012:07:58:59 +0100] "GET /js_contentserver24_greybox/AJS.js HTTP/1.1" 200 10396 "http://www.mink-gmbh.de/index.php" "Mozilla/5.0 (Windows NT 6.1; rv:10.0.2) Gecko/20100101 Firefox/10.0.2"
89.247.43.242 - - [10/Mar/2012:07:58:59 +0100] "GET /js_contentserver24_greybox/AJS_fx.js HTTP/1.1" 200 3192 "http://www.mink-gmbh.de/index.php" "Mozilla/5.0 (Windows NT 6.1; rv:10.0.2) Gecko/20100101 Firefox/10.0.2"
89.247.43.242 - - [10/Mar/2012:07:58:59 +0100] "GET /js_contentserver24_greybox/gb_scripts.js HTTP/1.1" 200 11913 "http://www.mink-gmbh.de/index.php" "Mozilla/5.0 (Windows NT 6.1; rv:10.0.2) Gecko/20100101 Firefox/10.0.2"
89.247.43.242 - - [10/Mar/2012:07:58:59 +0100] "GET /images/tkw.jpg HTTP/1.1" 200 64031 "http://www.mink-gmbh.de/index.php" "Mozilla/5.0 (Windows NT 6.1; rv:10.0.2) Gecko/20100101 Firefox/10.0.2"
89.247.43.242 - - [10/Mar/2012:07:58:59 +0100] "GET /js_contentserver24_greybox/w_close.gif HTTP/1.1" 200 74 "http://www.mink-gmbh.de/index.php" "Mozilla/5.0 (Windows NT 6.1; rv:10.0.2) Gecko/20100101 Firefox/10.0.2"
89.247.43.242 - - [10/Mar/2012:07:58:59 +0100] "GET /images/bg.jpg HTTP/1.1" 200 345 "http://www.mink-gmbh.de/style.css" "Mozilla/5.0 (Windows NT 6.1; rv:10.0.2) Gecko/20100101 Firefox/10.0.2"
89.247.43.242 - - [10/Mar/2012:07:58:59 +0100] "GET /images/wrapperbg.jpg HTTP/1.1" 200 27465 "http://www.mink-gmbh.de/style.css" "Mozilla/5.0 (Windows NT 6.1; rv:10.0.2) Gecko/20100101 Firefox/10.0.2"
89.247.43.242 - - [10/Mar/2012:07:58:59 +0100] "GET /images/header.jpg HTTP/1.1" 200 24413 "http://www.mink-gmbh.de/style.css" "Mozilla/5.0 (Windows NT 6.1; rv:10.0.2) Gecko/20100101 Firefox/10.0.2"
89.247.43.242 - - [10/Mar/2012:07:58:59 +0100] "GET /images/navibg.png HTTP/1.1" 200 2803 "http://www.mink-gmbh.de/style.css" "Mozilla/5.0 (Windows NT 6.1; rv:10.0.2) Gecko/20100101 Firefox/10.0.2"
89.247.43.242 - - [10/Mar/2012:07:58:59 +0100] "GET /images/steigend.png HTTP/1.1" 200 688 "http://www.mink-gmbh.de/modul.css" "Mozilla/5.0 (Windows NT 6.1; rv:10.0.2) Gecko/20100101 Firefox/10.0.2"
89.247.43.242 - - [10/Mar/2012:07:58:59 +0100] "GET /images/fallend.png HTTP/1.1" 200 713 "http://www.mink-gmbh.de/modul.css" "Mozilla/5.0 (Windows NT 6.1; rv:10.0.2) Gecko/20100101 Firefox/10.0.2"
89.247.43.242 - - [10/Mar/2012:07:58:58 +0100] "GET /index.php HTTP/1.1" 200 12318 "-" "Mozilla/5.0 (Windows NT 6.1; rv:10.0.2) Gecko/20100101 Firefox/10.0.2"
89.247.43.242 - - [10/Mar/2012:07:58:59 +0100] "GET /images/mobil.jpg HTTP/1.1" 200 25293 "http://www.mink-gmbh.de/style.css" "Mozilla/5.0 (Windows NT 6.1; rv:10.0.2) Gecko/20100101 Firefox/10.0.2"
89.247.43.242 - - [10/Mar/2012:07:58:59 +0100] "GET /images/kwk.gif HTTP/1.1" 200 6403 "http://www.mink-gmbh.de/index.php" "Mozilla/5.0 (Windows NT 6.1; rv:10.0.2) Gecko/20100101 Firefox/10.0.2"
89.247.43.242 - - [10/Mar/2012:07:58:59 +0100] "GET /images/wunschpreis.jpg HTTP/1.1" 200 16767 "http://www.mink-gmbh.de/index.php" "Mozilla/5.0 (Windows NT 6.1; rv:10.0.2) Gecko/20100101 Firefox/10.0.2"
89.247.43.242 - - [10/Mar/2012:07:58:59 +0100] "GET /images/logos.jpg HTTP/1.1" 200 15002 "http://www.mink-gmbh.de/index.php" "Mozilla/5.0 (Windows NT 6.1; rv:10.0.2) Gecko/20100101 Firefox/10.0.2"
89.247.43.242 - - [10/Mar/2012:07:58:59 +0100] "GET /images/footerbg.jpg HTTP/1.1" 200 2184 "http://www.mink-gmbh.de/style.css" "Mozilla/5.0 (Windows NT 6.1; rv:10.0.2) Gecko/20100101 Firefox/10.0.2"
89.247.43.242 - - [10/Mar/2012:07:58:59 +0100] "GET /images/freecall.jpg HTTP/1.1" 200 39195 "http://www.mink-gmbh.de/index.php" "Mozilla/5.0 (Windows NT 6.1; rv:10.0.2) Gecko/20100101 Firefox/10.0.2"
89.247.43.242 - - [10/Mar/2012:07:59:00 +0100] "GET /js_contentserver24_greybox/header_bg.gif HTTP/1.1" 200 1188 "http://www.mink-gmbh.de/index.php" "Mozilla/5.0 (Windows NT 6.1; rv:10.0.2) Gecko/20100101 Firefox/10.0.2"
89.247.43.242 - - [10/Mar/2012:07:59:00 +0100] "GET /js_contentserver24_greybox/g_close.gif HTTP/1.1" 200 541 "http://www.mink-gmbh.de/index.php" "Mozilla/5.0 (Windows NT 6.1; rv:10.0.2) Gecko/20100101 Firefox/10.0.2"
89.247.43.242 - - [10/Mar/2012:07:59:00 +0100] "GET /js_contentserver24_greybox/indicator.gif HTTP/1.1" 200 8238 "http://www.mink-gmbh.de/index.php" "Mozilla/5.0 (Windows NT 6.1; rv:10.0.2) Gecko/20100101 Firefox/10.0.2"
89.247.43.242 - - [10/Mar/2012:07:59:00 +0100] "GET /js_contentserver24_greybox/loader_frame.html?s=0 HTTP/1.1" 200 2084 "http://www.mink-gmbh.de/index.php" "Mozilla/5.0 (Windows NT 6.1; rv:10.0.2) Gecko/20100101 Firefox/10.0.2"
46.4.79.73 - - [10/Mar/2012:08:20:14 +0100] "GET /kwk.php HTTP/1.1" 200 7852 "-" "Mozilla/5.0 (Windows NT 5.1) AppleWebKit/535.1 (KHTML, like Gecko) Chrome/13.0.782.107 Safari/535.1"
66.249.72.195 - - [10/Mar/2012:08:43:49 +0100] "GET /news.php?cs_go=archiv&cs_id=159&cs_search= HTTP/1.1" 200 4856 "-" "Mozilla/5.0 (compatible; Googlebot/2.1; +http://www.google.com/bot.html)"
66.249.72.195 - - [10/Mar/2012:08:45:46 +0100] "GET /news.php?cs_go=archiv&cs_id=158&cs_search= HTTP/1.1" 200 4856 "-" "Mozilla/5.0 (compatible; Googlebot/2.1; +http://www.google.com/bot.html)"
66.249.72.195 - - [10/Mar/2012:08:51:35 +0100] "GET /news.php?cs_go=archiv&cs_id=165&cs_search= HTTP/1.1" 200 4856 "-" "Mozilla/5.0 (compatible; Googlebot/2.1; +http://www.google.com/bot.html)"
66.249.72.195 - - [10/Mar/2012:09:01:18 +0100] "GET /news.php?cs_go=archiv&cs_id=170&cs_search= HTTP/1.1" 200 4856 "-" "Mozilla/5.0 (compatible; Googlebot/2.1; +http://www.google.com/bot.html)"
66.249.72.195 - - [10/Mar/2012:09:09:04 +0100] "GET /news.php?cs_go=archiv&cs_id=211&cs_search= HTTP/1.1" 200 4856 "-" "Mozilla/5.0 (compatible; Googlebot/2.1; +http://www.google.com/bot.html)"
66.249.72.195 - - [10/Mar/2012:09:12:57 +0100] "GET /news.php?cs_go=archiv&cs_id=166&cs_search= HTTP/1.1" 200 4856 "-" "Mozilla/5.0 (compatible; Googlebot/2.1; +http://www.google.com/bot.html)"
65.36.241.79 - - [10/Mar/2012:09:14:31 +0100] "HEAD / HTTP/1.1" 200 - "-" "InternetSeer.com"
66.249.72.195 - - [10/Mar/2012:09:14:53 +0100] "GET /news.php?cs_go=archiv&cs_id=194&cs_search= HTTP/1.1" 200 4856 "-" "Mozilla/5.0 (compatible; Googlebot/2.1; +http://www.google.com/bot.html)"
66.249.72.195 - - [10/Mar/2012:09:16:50 +0100] "GET /news.php?cs_go=archiv&cs_id=2&cs_search= HTTP/1.1" 200 4856 "-" "Mozilla/5.0 (compatible; Googlebot/2.1; +http://www.google.com/bot.html)"
66.249.72.195 - - [10/Mar/2012:09:18:46 +0100] "GET /news.php?cs_go=archiv&cs_id=228&cs_search= HTTP/1.1" 200 4856 "-" "Mozilla/5.0 (compatible; Googlebot/2.1; +http://www.google.com/bot.html)"
66.249.72.195 - - [10/Mar/2012:09:20:43 +0100] "GET /news.php?cs_go=archiv&cs_id=259&cs_search= HTTP/1.1" 200 4856 "-" "Mozilla/5.0 (compatible; Googlebot/2.1; +http://www.google.com/bot.html)"
66.249.72.195 - - [10/Mar/2012:09:22:39 +0100] "GET /news.php?cs_go=archiv&cs_id=269&cs_search= HTTP/1.1" 200 4856 "-" "Mozilla/5.0 (compatible; Googlebot/2.1; +http://www.google.com/bot.html)"
66.249.72.195 - - [10/Mar/2012:09:24:36 +0100] "GET /news.php?cs_go=archiv&cs_id=310&cs_search= HTTP/1.1" 200 4856 "-" "Mozilla/5.0 (compatible; Googlebot/2.1; +http://www.google.com/bot.html)"
208.115.111.75 - - [10/Mar/2012:09:30:23 +0100] "GET /robots.txt HTTP/1.1" 200 177 "-" "Mozilla/5.0 (compatible; Ezooms/1.0; ezooms.bot@gmail.com)"
66.249.72.195 - - [10/Mar/2012:09:30:25 +0100] "GET /news.php?cs_go=archiv&cs_id=3&cs_search= HTTP/1.1" 200 4856 "-" "Mozilla/5.0 (compatible; Googlebot/2.1; +http://www.google.com/bot.html)"
66.249.72.195 - - [10/Mar/2012:09:32:22 +0100] "GET /news.php?cs_go=archiv&cs_id=328&cs_search= HTTP/1.1" 200 4856 "-" "Mozilla/5.0 (compatible; Googlebot/2.1; +http://www.google.com/bot.html)"
66.249.72.195 - - [10/Mar/2012:09:34:18 +0100] "GET /news.php?cs_go=archiv&cs_id=352&cs_search= HTTP/1.1" 200 4856 "-" "Mozilla/5.0 (compatible; Googlebot/2.1; +http://www.google.com/bot.html)"
66.249.72.195 - - [10/Mar/2012:09:36:15 +0100] "GET /news.php?cs_go=archiv&cs_id=326&cs_search= HTTP/1.1" 200 4856 "-" "Mozilla/5.0 (compatible; Googlebot/2.1; +http://www.google.com/bot.html)"
66.249.72.195 - - [10/Mar/2012:09:38:11 +0100] "GET /news.php?cs_go=archiv&cs_id=354&cs_search= HTTP/1.1" 200 4856 "-" "Mozilla/5.0 (compatible; Googlebot/2.1; +http://www.google.com/bot.html)"
66.249.72.195 - - [10/Mar/2012:09:40:08 +0100] "GET /news.php?cs_go=archiv&cs_id=336&cs_search= HTTP/1.1" 200 4856 "-" "Mozilla/5.0 (compatible; Googlebot/2.1; +http://www.google.com/bot.html)"
66.249.72.195 - - [10/Mar/2012:09:44:01 +0100] "GET /news.php?cs_go=archiv&cs_id=344&cs_search= HTTP/1.1" 200 4856 "-" "Mozilla/5.0 (compatible; Googlebot/2.1; +http://www.google.com/bot.html)"
66.249.72.195 - - [10/Mar/2012:09:45:57 +0100] "GET /news.php?cs_go=archiv&cs_id=345&cs_search= HTTP/1.1" 200 4856 "-" "Mozilla/5.0 (compatible; Googlebot/2.1; +http://www.google.com/bot.html)"
66.249.72.195 - - [10/Mar/2012:09:47:54 +0100] "GET /news.php?cs_go=archiv&cs_id=337&cs_search= HTTP/1.1" 200 4856 "-" "Mozilla/5.0 (compatible; Googlebot/2.1; +http://www.google.com/bot.html)"
66.249.72.195 - - [10/Mar/2012:09:49:50 +0100] "GET /news.php?cs_go=archiv&cs_id=325&cs_search= HTTP/1.1" 200 4856 "-" "Mozilla/5.0 (compatible; Googlebot/2.1; +http://www.google.com/bot.html)"
66.249.72.195 - - [10/Mar/2012:09:51:47 +0100] "GET /news.php?cs_go=archiv&cs_id=357&cs_search= HTTP/1.1" 200 4856 "-" "Mozilla/5.0 (compatible; Googlebot/2.1; +http://www.google.com/bot.html)"
66.249.72.195 - - [10/Mar/2012:09:55:40 +0100] "GET /news.php?cs_go=archiv&cs_id=373&cs_search= HTTP/1.1" 200 4856 "-" "Mozilla/5.0 (compatible; Googlebot/2.1; +http://www.google.com/bot.html)"
66.249.72.195 - - [10/Mar/2012:09:57:36 +0100] "GET /news.php?cs_go=archiv&cs_id=370&cs_search= HTTP/1.1" 200 4856 "-" "Mozilla/5.0 (compatible; Googlebot/2.1; +http://www.google.com/bot.html)"
66.249.72.195 - - [10/Mar/2012:09:59:33 +0100] "GET /news.php?cs_go=archiv&cs_id=369&cs_search= HTTP/1.1" 200 4856 "-" "Mozilla/5.0 (compatible; Googlebot/2.1; +http://www.google.com/bot.html)"
66.249.72.195 - - [10/Mar/2012:10:01:29 +0100] "GET /news.php?cs_go=archiv&cs_id=385&cs_search= HTTP/1.1" 200 4856 "-" "Mozilla/5.0 (compatible; Googlebot/2.1; +http://www.google.com/bot.html)"
66.249.72.195 - - [10/Mar/2012:10:03:25 +0100] "GET /news.php?cs_go=archiv&cs_id=386&cs_search= HTTP/1.1" 200 4856 "-" "Mozilla/5.0 (compatible; Googlebot/2.1; +http://www.google.com/bot.html)"
66.249.72.195 - - [10/Mar/2012:10:05:22 +0100] "GET /news.php?cs_go=archiv&cs_id=387&cs_search= HTTP/1.1" 200 4856 "-" "Mozilla/5.0 (compatible; Googlebot/2.1; +http://www.google.com/bot.html)"
66.249.72.195 - - [10/Mar/2012:10:07:18 +0100] "GET /news.php?cs_go=archiv&cs_id=445&cs_search= HTTP/1.1" 200 4856 "-" "Mozilla/5.0 (compatible; Googlebot/2.1; +http://www.google.com/bot.html)"
66.249.72.195 - - [10/Mar/2012:10:09:15 +0100] "GET /news.php?cs_go=archiv&cs_id=430&cs_search= HTTP/1.1" 200 4856 "-" "Mozilla/5.0 (compatible; Googlebot/2.1; +http://www.google.com/bot.html)"
66.249.72.195 - - [10/Mar/2012:10:11:12 +0100] "GET /news.php?cs_go=archiv&cs_id=409&cs_search= HTTP/1.1" 200 4856 "-" "Mozilla/5.0 (compatible; Googlebot/2.1; +http://www.google.com/bot.html)"
66.249.72.195 - - [10/Mar/2012:10:13:08 +0100] "GET /news.php?cs_go=archiv&cs_id=437&cs_search= HTTP/1.1" 200 4856 "-" "Mozilla/5.0 (compatible; Googlebot/2.1; +http://www.google.com/bot.html)"
66.249.72.195 - - [10/Mar/2012:10:15:05 +0100] "GET /news.php?cs_go=archiv&cs_id=442&cs_search= HTTP/1.1" 200 4856 "-" "Mozilla/5.0 (compatible; Googlebot/2.1; +http://www.google.com/bot.html)"
66.249.72.195 - - [10/Mar/2012:10:17:01 +0100] "GET /news.php?cs_go=archiv&cs_id=408&cs_search= HTTP/1.1" 200 4856 "-" "Mozilla/5.0 (compatible; Googlebot/2.1; +http://www.google.com/bot.html)"
66.249.72.195 - - [10/Mar/2012:10:18:57 +0100] "GET /news.php?cs_go=archiv&cs_id=443&cs_search= HTTP/1.1" 200 4856 "-" "Mozilla/5.0 (compatible; Googlebot/2.1; +http://www.google.com/bot.html)"
66.249.72.195 - - [10/Mar/2012:10:20:54 +0100] "GET /news.php?cs_go=archiv&cs_id=446&cs_search= HTTP/1.1" 200 4856 "-" "Mozilla/5.0 (compatible; Googlebot/2.1; +http://www.google.com/bot.html)"
66.249.72.195 - - [10/Mar/2012:10:22:50 +0100] "GET /news.php?cs_go=archiv&cs_id=454&cs_search= HTTP/1.1" 200 4856 "-" "Mozilla/5.0 (compatible; Googlebot/2.1; +http://www.google.com/bot.html)"
66.249.72.195 - - [10/Mar/2012:10:28:40 +0100] "GET /news.php?cs_go=archiv&cs_id=476&cs_search= HTTP/1.1" 200 4856 "-" "Mozilla/5.0 (compatible; Googlebot/2.1; +http://www.google.com/bot.html)"
66.249.72.195 - - [10/Mar/2012:10:34:30 +0100] "GET /news.php?cs_go=archiv&cs_id=470&cs_search= HTTP/1.1" 200 4856 "-" "Mozilla/5.0 (compatible; Googlebot/2.1; +http://www.google.com/bot.html)"
66.249.72.195 - - [10/Mar/2012:10:36:26 +0100] "GET /news.php?cs_go=archiv&cs_id=481&cs_search= HTTP/1.1" 200 4856 "-" "Mozilla/5.0 (compatible; Googlebot/2.1; +http://www.google.com/bot.html)"
66.249.72.195 - - [10/Mar/2012:10:38:22 +0100] "GET /news.php?cs_go=archiv&cs_id=499&cs_search= HTTP/1.1" 200 4856 "-" "Mozilla/5.0 (compatible; Googlebot/2.1; +http://www.google.com/bot.html)"
66.249.72.195 - - [10/Mar/2012:10:40:19 +0100] "GET /news.php?cs_go=archiv&cs_id=487&cs_search= HTTP/1.1" 200 4856 "-" "Mozilla/5.0 (compatible; Googlebot/2.1; +http://www.google.com/bot.html)"
123.125.71.30 - - [10/Mar/2012:10:40:34 +0100] "GET / HTTP/1.1" 200 10444 "-" "Mozilla/5.0 (compatible; Baiduspider/2.0; +http://www.baidu.com/search/spider.html)"
220.181.108.75 - - [10/Mar/2012:10:41:13 +0100] "GET / HTTP/1.1" 200 6118 "-" "Mozilla/5.0 (compatible; Baiduspider/2.0; +http://www.baidu.com/search/spider.html)"
66.249.72.195 - - [10/Mar/2012:10:42:15 +0100] "GET /news.php?cs_go=archiv&cs_id=484&cs_search= HTTP/1.1" 200 4856 "-" "Mozilla/5.0 (compatible; Googlebot/2.1; +http://www.google.com/bot.html)"
176.9.122.87 - - [10/Mar/2012:10:42:32 +0100] "GET / HTTP/1.1" 200 12318 "-" "Mozilla/5.0 (Macintosh; U; Intel Mac OS X 10_6_6; en-US) AppleWebKit/534.7 (KHTML, like Gecko) Flock/3.5.3.4628 Chrome/7.0.517.450 Safari/534.7"
176.9.122.87 - - [10/Mar/2012:10:42:56 +0100] "GET /kontakt.php HTTP/1.1" 200 6250 "-" "Mozilla/5.0 (compatible; MSIE 8.0; Windows NT 5.1; Trident/4.0; .NET CLR 1.1.4322; .NET CLR 2.0.50727)"
176.9.122.87 - - [10/Mar/2012:10:42:57 +0100] "GET /impressum.php HTTP/1.1" 200 5623 "-" "Mozilla/5.0 (compatible; MSIE 8.0; Windows NT 5.1; Trident/4.0; .NET CLR 1.1.4322; .NET CLR 2.0.50727)"
66.249.72.195 - - [10/Mar/2012:10:44:12 +0100] "GET /news.php?cs_go=archiv&cs_id=482&cs_search= HTTP/1.1" 200 4856 "-" "Mozilla/5.0 (compatible; Googlebot/2.1; +http://www.google.com/bot.html)"
66.249.72.195 - - [10/Mar/2012:10:46:08 +0100] "GET /news.php?cs_go=archiv&cs_id=5&cs_search= HTTP/1.1" 200 4856 "-" "Mozilla/5.0 (compatible; Googlebot/2.1; +http://www.google.com/bot.html)"
46.4.79.74 - - [10/Mar/2012:10:48:38 +0100] "GET /preisanfrage.php HTTP/1.1" 200 7759 "-" "Mozilla/5.0 (Windows NT 5.1) AppleWebKit/535.1 (KHTML, like Gecko) Chrome/13.0.782.107 Safari/535.1"
66.249.72.195 - - [10/Mar/2012:10:50:01 +0100] "GET /news.php?cs_go=archiv&cs_id=544&cs_search= HTTP/1.1" 200 4856 "-" "Mozilla/5.0 (compatible; Googlebot/2.1; +http://www.google.com/bot.html)"
66.249.72.195 - - [10/Mar/2012:10:51:58 +0100] "GET /news.php?cs_go=archiv&cs_id=526&cs_search= HTTP/1.1" 200 4856 "-" "Mozilla/5.0 (compatible; Googlebot/2.1; +http://www.google.com/bot.html)"
66.249.72.195 - - [10/Mar/2012:10:53:54 +0100] "GET /news.php?cs_go=archiv&cs_id=547&cs_search= HTTP/1.1" 200 4856 "-" "Mozilla/5.0 (compatible; Googlebot/2.1; +http://www.google.com/bot.html)"
66.249.72.195 - - [10/Mar/2012:10:55:51 +0100] "GET /news.php?cs_go=archiv&cs_id=573&cs_search= HTTP/1.1" 200 4856 "-" "Mozilla/5.0 (compatible; Googlebot/2.1; +http://www.google.com/bot.html)"
66.249.72.195 - - [10/Mar/2012:10:59:44 +0100] "GET /news.php?cs_go=archiv&cs_id=531&cs_search= HTTP/1.1" 200 4856 "-" "Mozilla/5.0 (compatible; Googlebot/2.1; +http://www.google.com/bot.html)"
176.9.66.13 - - [10/Mar/2012:11:00:03 +0100] "GET /preisanfrage.php HTTP/1.1" 200 7759 "-" "Mozilla/5.0 (Windows NT 5.1) AppleWebKit/535.1 (KHTML, like Gecko) Chrome/13.0.782.107 Safari/535.1"
139.18.2.17 - - [10/Mar/2012:11:04:40 +0100] "GET /lexikon.php?cs_go=3&cs_id=50 HTTP/1.1" 200 5701 "-" "findlinks/2.1.5 (+http://wortschatz.uni-leipzig.de/findlinks/)"
66.249.72.195 - - [10/Mar/2012:11:05:33 +0100] "GET /news.php?cs_go=archiv&cs_id=580&cs_search= HTTP/1.1" 200 4856 "-" "Mozilla/5.0 (compatible; Googlebot/2.1; +http://www.google.com/bot.html)"
66.249.72.195 - - [10/Mar/2012:11:07:30 +0100] "GET /news.php?cs_go=archiv&cs_id=582&cs_search= HTTP/1.1" 200 4856 "-" "Mozilla/5.0 (compatible; Googlebot/2.1; +http://www.google.com/bot.html)"
66.249.72.195 - - [10/Mar/2012:11:09:26 +0100] "GET /news.php?cs_go=archiv&cs_id=595&cs_search= HTTP/1.1" 200 4856 "-" "Mozilla/5.0 (compatible; Googlebot/2.1; +http://www.google.com/bot.html)"
66.249.72.195 - - [10/Mar/2012:11:11:23 +0100] "GET /news.php?cs_go=archiv&cs_id=586&cs_search= HTTP/1.1" 200 4856 "-" "Mozilla/5.0 (compatible; Googlebot/2.1; +http://www.google.com/bot.html)"
130.83.167.153 - - [10/Mar/2012:11:23:23 +0100] "GET /news.php HTTP/1.1" 200 19275 "-" "findlinks/2.1.5 (+http://wortschatz.uni-leipzig.de/findlinks/)"
66.249.72.195 - - [10/Mar/2012:11:28:51 +0100] "GET /news.php?cs_go=archiv&cs_id=7&cs_search= HTTP/1.1" 200 4856 "-" "Mozilla/5.0 (compatible; Googlebot/2.1; +http://www.google.com/bot.html)"
208.115.113.91 - - [10/Mar/2012:11:30:35 +0100] "GET /robots.txt HTTP/1.1" 200 177 "-" "Mozilla/5.0 (compatible; Ezooms/1.0; ezooms.bot@gmail.com)"
123.125.71.36 - - [10/Mar/2012:11:33:00 +0100] "GET / HTTP/1.1" 200 12318 "-" "Mozilla/5.0 (compatible; Baiduspider/2.0; +http://www.baidu.com/search/spider.html)"
