78.42.97.238 - - [04/Mar/2013:15:15:57 +0100] "GET /back.jpg HTTP/1.1" 404 1256 "http://www.dialyse-waldbronn.de/" "Mozilla/4.0 (compatible; MSIE 8.0; Windows NT 5.1; Trident/4.0; InfoPath.1; .NET CLR 2.0.50727; .NET CLR 3.0.04506.30; .NET CLR 3.0.4506.2152; .NET CLR 3.5.30729; AskTbAVR-IDW/5.15.18.37268)"
78.42.97.238 - - [04/Mar/2013:15:15:57 +0100] "GET /index.swf HTTP/1.1" 200 8893 "-" "contype"
78.42.97.238 - - [04/Mar/2013:15:15:58 +0100] "GET /index.swf HTTP/1.1" 200 8893 "http://www.dialyse-waldbronn.de/" "Mozilla/4.0 (compatible; MSIE 8.0; Windows NT 5.1; Trident/4.0; InfoPath.1; .NET CLR 2.0.50727; .NET CLR 3.0.04506.30; .NET CLR 3.0.4506.2152; .NET CLR 3.5.30729; AskTbAVR-IDW/5.15.18.37268)"
78.42.97.238 - - [04/Mar/2013:15:15:58 +0100] "GET /favicon.ico HTTP/1.1" 404 1256 "-" "Mozilla/4.0 (compatible; MSIE 8.0; Windows NT 5.1; Trident/4.0; InfoPath.1; .NET CLR 2.0.50727; .NET CLR 3.0.04506.30; .NET CLR 3.0.4506.2152; .NET CLR 3.5.30729; AskTbAVR-IDW/5.15.18.37268)"
213.164.92.66 - - [04/Mar/2013:15:16:01 +0100] "GET /06.html HTTP/1.1" 200 1988 "http://www.dialyse-waldbronn.de/00themen00.html" "Mozilla/5.0 (Windows NT 5.2; rv:7.0.1) Gecko/20100101 Firefox/7.0.1"
213.164.92.66 - - [04/Mar/2013:15:16:02 +0100] "GET /favicon.ico HTTP/1.1" 404 1256 "-" "Mozilla/5.0 (Windows NT 5.2; rv:7.0.1) Gecko/20100101 Firefox/7.0.1"
213.164.92.66 - - [04/Mar/2013:15:16:02 +0100] "GET /06.swf HTTP/1.1" 200 18307 "http://www.dialyse-waldbronn.de/06.html" "Mozilla/5.0 (Windows NT 5.2; rv:7.0.1) Gecko/20100101 Firefox/7.0.1"
78.42.97.238 - - [04/Mar/2013:15:16:04 +0100] "GET /00themen00.html HTTP/1.1" 200 2236 "http://www.dialyse-waldbronn.de/index.swf" "Mozilla/4.0 (compatible; MSIE 8.0; Windows NT 5.1; Trident/4.0; InfoPath.1; .NET CLR 2.0.50727; .NET CLR 3.0.04506.30; .NET CLR 3.0.4506.2152; .NET CLR 3.5.30729; AskTbAVR-IDW/5.15.18.37268)"
78.42.97.238 - - [04/Mar/2013:15:16:04 +0100] "GET /AC_RunActiveContent.js HTTP/1.1" 200 8029 "http://www.dialyse-waldbronn.de/index.swf" "Mozilla/4.0 (compatible; MSIE 8.0; Windows NT 5.1; Trident/4.0; InfoPath.1; .NET CLR 2.0.50727; .NET CLR 3.0.04506.30; .NET CLR 3.0.4506.2152; .NET CLR 3.5.30729; AskTbAVR-IDW/5.15.18.37268)"
78.42.97.238 - - [04/Mar/2013:15:16:04 +0100] "GET /00themen00.swf HTTP/1.1" 200 12608 "http://www.dialyse-waldbronn.de/00themen00.html" "Mozilla/4.0 (compatible; MSIE 8.0; Windows NT 5.1; Trident/4.0; InfoPath.1; .NET CLR 2.0.50727; .NET CLR 3.0.04506.30; .NET CLR 3.0.4506.2152; .NET CLR 3.5.30729; AskTbAVR-IDW/5.15.18.37268)"
78.42.97.238 - - [04/Mar/2013:15:16:04 +0100] "GET /favicon.ico HTTP/1.1" 404 1256 "-" "Mozilla/4.0 (compatible; MSIE 8.0; Windows NT 5.1; Trident/4.0; InfoPath.1; .NET CLR 2.0.50727; .NET CLR 3.0.04506.30; .NET CLR 3.0.4506.2152; .NET CLR 3.5.30729; AskTbAVR-IDW/5.15.18.37268)"
78.42.97.238 - - [04/Mar/2013:15:16:12 +0100] "GET /03.html HTTP/1.1" 200 2012 "http://www.dialyse-waldbronn.de/00themen00.swf" "Mozilla/4.0 (compatible; MSIE 8.0; Windows NT 5.1; Trident/4.0; InfoPath.1; .NET CLR 2.0.50727; .NET CLR 3.0.04506.30; .NET CLR 3.0.4506.2152; .NET CLR 3.5.30729; AskTbAVR-IDW/5.15.18.37268)"
78.42.97.238 - - [04/Mar/2013:15:16:12 +0100] "GET /03.swf HTTP/1.1" 200 79366 "http://www.dialyse-waldbronn.de/03.html" "Mozilla/4.0 (compatible; MSIE 8.0; Windows NT 5.1; Trident/4.0; InfoPath.1; .NET CLR 2.0.50727; .NET CLR 3.0.04506.30; .NET CLR 3.0.4506.2152; .NET CLR 3.5.30729; AskTbAVR-IDW/5.15.18.37268)"
213.164.92.66 - - [04/Mar/2013:15:16:17 +0100] "GET /favicon.ico HTTP/1.1" 404 1256 "-" "Mozilla/5.0 (Windows NT 5.2; rv:7.0.1) Gecko/20100101 Firefox/7.0.1"
213.164.92.66 - - [04/Mar/2013:15:16:20 +0100] "GET /favicon.ico HTTP/1.1" 404 1256 "-" "Mozilla/5.0 (Windows NT 5.2; rv:7.0.1) Gecko/20100101 Firefox/7.0.1"
213.164.92.66 - - [04/Mar/2013:15:16:34 +0100] "GET /favicon.ico HTTP/1.1" 404 1256 "-" "Mozilla/5.0 (Windows NT 5.2; rv:7.0.1) Gecko/20100101 Firefox/7.0.1"
78.42.97.238 - - [04/Mar/2013:15:16:36 +0100] "GET /03b.html HTTP/1.1" 200 2020 "http://www.dialyse-waldbronn.de/03.swf" "Mozilla/4.0 (compatible; MSIE 8.0; Windows NT 5.1; Trident/4.0; InfoPath.1; .NET CLR 2.0.50727; .NET CLR 3.0.04506.30; .NET CLR 3.0.4506.2152; .NET CLR 3.5.30729; AskTbAVR-IDW/5.15.18.37268)"
78.42.97.238 - - [04/Mar/2013:15:16:36 +0100] "GET /03b.swf HTTP/1.1" 200 198225 "http://www.dialyse-waldbronn.de/03b.html" "Mozilla/4.0 (compatible; MSIE 8.0; Windows NT 5.1; Trident/4.0; InfoPath.1; .NET CLR 2.0.50727; .NET CLR 3.0.04506.30; .NET CLR 3.0.4506.2152; .NET CLR 3.5.30729; AskTbAVR-IDW/5.15.18.37268)"
213.164.92.66 - - [04/Mar/2013:15:16:49 +0100] "GET /favicon.ico HTTP/1.1" 404 1256 "-" "Mozilla/5.0 (Windows NT 5.2; rv:7.0.1) Gecko/20100101 Firefox/7.0.1"
78.42.97.238 - - [04/Mar/2013:15:17:31 +0100] "GET /06.html HTTP/1.1" 200 1988 "http://www.dialyse-waldbronn.de/00themen00.swf" "Mozilla/4.0 (compatible; MSIE 8.0; Windows NT 5.1; Trident/4.0; InfoPath.1; .NET CLR 2.0.50727; .NET CLR 3.0.04506.30; .NET CLR 3.0.4506.2152; .NET CLR 3.5.30729; AskTbAVR-IDW/5.15.18.37268)"
78.42.97.238 - - [04/Mar/2013:15:17:31 +0100] "GET /06.swf HTTP/1.1" 200 18307 "http://www.dialyse-waldbronn.de/06.html" "Mozilla/4.0 (compatible; MSIE 8.0; Windows NT 5.1; Trident/4.0; InfoPath.1; .NET CLR 2.0.50727; .NET CLR 3.0.04506.30; .NET CLR 3.0.4506.2152; .NET CLR 3.5.30729; AskTbAVR-IDW/5.15.18.37268)"
195.242.218.133 - - [04/Mar/2013:16:49:23 +0100] "GET / HTTP/1.1" 200 4014 "http://pc.su/" "Mozilla/4.0 (compatible; MSIE 5.5; Windows NT 5.0; T312461)"
195.242.218.133 - - [04/Mar/2013:16:49:24 +0100] "GET / HTTP/1.1" 200 4014 "http://pc.su/" "Mozilla/4.0 (compatible; MSIE 5.5; Windows NT 5.0; T312461)"
195.242.218.133 - - [04/Mar/2013:16:49:25 +0100] "GET / HTTP/1.1" 200 4014 "http://pc.su/" "Mozilla/4.0 (compatible; MSIE 5.5; Windows NT 5.0; T312461)"
188.98.69.183 - - [04/Mar/2013:17:30:53 +0100] "GET / HTTP/1.1" 200 4014 "http://www.google.de/url?sa=t&rct=j&q=dialyse%20waldbronn&source=web&cd=1&ved=0CDQQFjAA&url=http%3A%2F%2Fwww.dialyse-waldbronn.de%2F&ei=s8s0UZqVGOSN4ASj_YF4&usg=AFQjCNHEX_ZQroPS8hwDzjOxqVHmV6iDWw&sig2=iM07wH3q8QvAqv1AbCk0IA&bvm=bv.43148975,d.bGE" "Mozilla/5.0 (Macintosh; Intel Mac OS X 10_6_8) AppleWebKit/534.57.2 (KHTML, like Gecko) Version/5.1.7 Safari/534.57.2"
188.98.69.183 - - [04/Mar/2013:17:30:53 +0100] "GET /back.jpg HTTP/1.1" 404 1256 "http://www.dialyse-waldbronn.de/" "Mozilla/5.0 (Macintosh; Intel Mac OS X 10_6_8) AppleWebKit/534.57.2 (KHTML, like Gecko) Version/5.1.7 Safari/534.57.2"
188.98.69.183 - - [04/Mar/2013:17:30:54 +0100] "GET /index.swf HTTP/1.1" 200 8893 "http://www.dialyse-waldbronn.de/" "Mozilla/5.0 (Macintosh; Intel Mac OS X 10_6_8) AppleWebKit/534.57.2 (KHTML, like Gecko) Version/5.1.7 Safari/534.57.2"
188.98.69.183 - - [04/Mar/2013:17:30:54 +0100] "GET /favicon.ico HTTP/1.1" 404 1256 "http://www.dialyse-waldbronn.de/" "Mozilla/5.0 (Macintosh; Intel Mac OS X 10_6_8) AppleWebKit/534.57.2 (KHTML, like Gecko) Version/5.1.7 Safari/534.57.2"
94.153.64.117 - - [04/Mar/2013:18:59:37 +0100] "GET / HTTP/1.1" 200 4014 "http://jamaero.ru/" "Opera/9.0 (Windows NT 5.1; U; en)"
94.153.64.117 - - [04/Mar/2013:18:59:37 +0100] "GET / HTTP/1.1" 200 4014 "http://jamaero.ru/" "Opera/9.0 (Windows NT 5.1; U; en)"
94.153.64.117 - - [04/Mar/2013:18:59:38 +0100] "GET / HTTP/1.1" 200 4014 "http://jamaero.ru/" "Opera/9.0 (Windows NT 5.1; U; en)"
66.249.78.134 - - [04/Mar/2013:19:10:37 +0100] "GET / HTTP/1.1" 200 4014 "-" "Mozilla/5.0 (iPhone; U; CPU iPhone OS 4_1 like Mac OS X; en-us) AppleWebKit/532.9 (KHTML, like Gecko) Version/4.0.5 Mobile/8B117 Safari/6531.22.7 (compatible; Googlebot-Mobile/2.1; +http://www.google.com/bot.html)"
176.9.117.179 - - [04/Mar/2013:19:59:58 +0100] "GET /robots.txt HTTP/1.1" 404 1256 "-" "Mozilla/5.0 (compatible; SearchmetricsBot; http://www.searchmetrics.com/en/searchmetrics-bot/)"
176.9.117.179 - - [04/Mar/2013:19:59:58 +0100] "GET / HTTP/1.1" 200 4014 "-" "Mozilla/5.0 (compatible; SearchmetricsBot; http://www.searchmetrics.com/en/searchmetrics-bot/)"
91.207.9.226 - - [04/Mar/2013:22:50:44 +0100] "GET / HTTP/1.1" 200 4014 "http://cleaning-uborka.ru/" "Mozilla/4.0 (compatible; MSIE 6.0; Windows NT 5.1; KKman2.0)"
91.207.9.226 - - [04/Mar/2013:22:50:44 +0100] "GET / HTTP/1.1" 200 4014 "http://t-android.ru/" "Mozilla/4.0 (compatible; MSIE 7.0b; Windows NT 6.0 ; .NET CLR 2.0.50215; SL Commerce Client v1.0; Tablet PC 2.0"
91.207.9.226 - - [04/Mar/2013:22:50:44 +0100] "GET / HTTP/1.1" 200 4014 "http://player-android.ru/" "Mozilla/4.0 (compatible; MSIE 6.0; Windows NT 5.0; Avant Browser [avantbrowser.com]; Hotbar 4.4.5.0)"
91.207.9.226 - - [04/Mar/2013:22:50:44 +0100] "GET / HTTP/1.1" 200 4014 "http://t-android.ru/" "Mozilla/4.0 (compatible; MSIE 7.0b; Windows NT 6.0 ; .NET CLR 2.0.50215; SL Commerce Client v1.0; Tablet PC 2.0"
91.207.9.226 - - [04/Mar/2013:22:50:44 +0100] "GET / HTTP/1.1" 200 4014 "http://cleaning-uborka.ru/" "Mozilla/4.0 (compatible; MSIE 6.0; Windows NT 5.1; KKman2.0)"
91.207.9.226 - - [04/Mar/2013:22:50:44 +0100] "GET / HTTP/1.1" 200 4014 "http://player-android.ru/" "Mozilla/4.0 (compatible; MSIE 6.0; Windows NT 5.0; Avant Browser [avantbrowser.com]; Hotbar 4.4.5.0)"
91.207.9.226 - - [04/Mar/2013:22:50:45 +0100] "GET / HTTP/1.1" 200 4014 "http://player-android.ru/" "Mozilla/4.0 (compatible; MSIE 6.0; Windows NT 5.0; Avant Browser [avantbrowser.com]; Hotbar 4.4.5.0)"
91.207.9.226 - - [04/Mar/2013:22:50:45 +0100] "GET / HTTP/1.1" 200 4014 "http://t-android.ru/" "Mozilla/4.0 (compatible; MSIE 7.0b; Windows NT 6.0 ; .NET CLR 2.0.50215; SL Commerce Client v1.0; Tablet PC 2.0"
91.207.9.226 - - [04/Mar/2013:22:50:45 +0100] "GET / HTTP/1.1" 200 4014 "http://cleaning-uborka.ru/" "Mozilla/4.0 (compatible; MSIE 6.0; Windows NT 5.1; KKman2.0)"
202.46.49.12 - - [05/Mar/2013:00:04:39 +0100] "GET / HTTP/1.1" 200 4014 "-" "Mozilla/4.0 (compatible; MSIE 7.0; Windows NT 6.0)"
119.63.193.196 - - [05/Mar/2013:00:05:34 +0100] "GET / HTTP/1.1" 200 4014 "-" "Mozilla/4.0 (compatible; MSIE 7.0; Windows NT 6.0)"
66.249.78.134 - - [05/Mar/2013:00:11:15 +0100] "GET /robots.txt HTTP/1.1" 404 1256 "-" "Mozilla/5.0 (compatible; Googlebot/2.1; +http://www.google.com/bot.html)"
66.249.78.134 - - [05/Mar/2013:00:11:15 +0100] "GET /05.swf HTTP/1.1" 200 44441 "-" "Mozilla/5.0 (compatible; Googlebot/2.1; +http://www.google.com/bot.html)"
178.137.92.96 - - [05/Mar/2013:01:40:29 +0100] "GET / HTTP/1.1" 200 4014 "http://viktoria-center.ru/" "Mozilla/4.0 (compatible; MSIE 6.0; Windows XP)"
178.137.92.96 - - [05/Mar/2013:01:40:29 +0100] "GET / HTTP/1.1" 200 4014 "http://viktoria-center.ru/" "Mozilla/4.0 (compatible; MSIE 6.0; Windows XP)"
178.137.92.96 - - [05/Mar/2013:01:40:30 +0100] "GET / HTTP/1.1" 200 4014 "http://viktoria-center.ru/" "Mozilla/4.0 (compatible; MSIE 6.0; Windows XP)"
66.249.78.134 - - [05/Mar/2013:02:15:19 +0100] "GET /03.html HTTP/1.1" 304 - "-" "Mozilla/5.0 (iPhone; U; CPU iPhone OS 4_1 like Mac OS X; en-us) AppleWebKit/532.9 (KHTML, like Gecko) Version/4.0.5 Mobile/8B117 Safari/6531.22.7 (compatible; Googlebot-Mobile/2.1; +http://www.google.com/bot.html)"
66.249.78.134 - - [05/Mar/2013:02:19:58 +0100] "GET /09a.swf HTTP/1.1" 200 19689 "-" "Mozilla/5.0 (compatible; Googlebot/2.1; +http://www.google.com/bot.html)"
66.249.78.134 - - [05/Mar/2013:02:21:27 +0100] "GET /06.html HTTP/1.1" 200 1988 "-" "SAMSUNG-SGH-E250/1.0 Profile/MIDP-2.0 Configuration/CLDC-1.1 UP.Browser/6.2.3.3.c.1.101 (GUI) MMP/2.0 (compatible; Googlebot-Mobile/2.1; +http://www.google.com/bot.html)"
193.106.136.51 - - [05/Mar/2013:03:03:58 +0100] "GET / HTTP/1.1" 200 4014 "http://www.a-tg.ru/" "Mozilla/4.0 (compatible; MSIE 6.0; Windows NT 5.1; SV1; Crazy Browser 2.0.0 Beta 1; .NET CLR 1.0.3705; .NET CLR 1.1.4322)"
193.106.136.51 - - [05/Mar/2013:03:03:58 +0100] "GET / HTTP/1.1" 200 4014 "http://www.a-tg.ru/" "Mozilla/4.0 (compatible; MSIE 6.0; Windows NT 5.1; SV1; Crazy Browser 2.0.0 Beta 1; .NET CLR 1.0.3705; .NET CLR 1.1.4322)"
91.207.4.186 - - [05/Mar/2013:03:14:35 +0100] "GET / HTTP/1.1" 200 4014 "http://videoerochat.ru/" "Mozilla/4.61 [en] (X11; U; ) - BrowseX (2.0.0 Windows)"
91.207.4.186 - - [05/Mar/2013:03:14:36 +0100] "GET / HTTP/1.1" 200 4014 "http://videoerochat.ru/" "Mozilla/4.61 [en] (X11; U; ) - BrowseX (2.0.0 Windows)"
91.207.4.186 - - [05/Mar/2013:03:14:36 +0100] "GET / HTTP/1.1" 200 4014 "http://videoerochat.ru/" "Mozilla/4.61 [en] (X11; U; ) - BrowseX (2.0.0 Windows)"
5.9.112.66 - - [05/Mar/2013:03:32:05 +0100] "GET /robots.txt HTTP/1.1" 404 1256 "-" "Mozilla/5.0 (compatible; SISTRIX Crawler; http://crawler.sistrix.net/)"
5.9.112.66 - - [05/Mar/2013:03:32:05 +0100] "GET / HTTP/1.1" 200 4014 "-" "Mozilla/5.0 (compatible; SISTRIX Crawler; http://crawler.sistrix.net/)"
204.236.235.245 - - [05/Mar/2013:04:19:59 +0100] "GET /robots.txt HTTP/1.0" 404 1256 "-" "ia_archiver (+http://www.alexa.com/site/help/webmasters; crawler@alexa.com)"
204.236.235.245 - - [05/Mar/2013:04:19:59 +0100] "GET / HTTP/1.0" 200 4014 "-" "ia_archiver (+http://www.alexa.com/site/help/webmasters; crawler@alexa.com)"
180.76.6.230 - - [05/Mar/2013:05:36:49 +0100] "GET / HTTP/1.1" 304 - "-" "Mozilla/5.0 (compatible; Baiduspider/2.0; +http://www.baidu.com/search/spider.html)"
202.46.55.192 - - [05/Mar/2013:06:06:14 +0100] "GET / HTTP/1.1" 200 4014 "-" "Mozilla/4.0 (compatible; MSIE 7.0; Windows NT 6.0)"
119.63.193.194 - - [05/Mar/2013:06:07:15 +0100] "GET / HTTP/1.1" 200 4014 "-" "Mozilla/4.0 (compatible; MSIE 7.0; Windows NT 6.0)"
91.207.4.186 - - [05/Mar/2013:06:49:29 +0100] "GET / HTTP/1.1" 200 4014 "http://saascenter.ru/" "Mozilla/4.0 (compatible; MSIE 6.0; Windows NT 5.0; Avant Browser [avantbrowser.com]; Hotbar 4.4.5.0)"
91.207.4.186 - - [05/Mar/2013:06:49:30 +0100] "GET / HTTP/1.1" 200 4014 "http://saascenter.ru/" "Mozilla/4.0 (compatible; MSIE 6.0; Windows NT 5.0; Avant Browser [avantbrowser.com]; Hotbar 4.4.5.0)"
91.207.4.186 - - [05/Mar/2013:06:49:30 +0100] "GET / HTTP/1.1" 200 4014 "http://saascenter.ru/" "Mozilla/4.0 (compatible; MSIE 6.0; Windows NT 5.0; Avant Browser [avantbrowser.com]; Hotbar 4.4.5.0)"
66.249.78.134 - - [05/Mar/2013:07:39:52 +0100] "GET /03b.html HTTP/1.1" 200 2020 "-" "Mozilla/5.0 (compatible; Googlebot/2.1; +http://www.google.com/bot.html)"
91.207.9.226 - - [05/Mar/2013:07:52:39 +0100] "GET / HTTP/1.1" 200 4014 "http://master-muznachas.ru/" "Mozilla/4.0 (compatible; MSIE 6.0; Windows NT 5.0; Avant Browser [avantbrowser.com]; Hotbar 4.4.5.0)"
91.207.9.226 - - [05/Mar/2013:07:52:39 +0100] "GET / HTTP/1.1" 200 4014 "http://master-muznachas.ru/" "Mozilla/4.0 (compatible; MSIE 6.0; Windows NT 5.0; Avant Browser [avantbrowser.com]; Hotbar 4.4.5.0)"
91.207.9.226 - - [05/Mar/2013:07:52:40 +0100] "GET / HTTP/1.1" 200 4014 "http://master-muznachas.ru/" "Mozilla/4.0 (compatible; MSIE 6.0; Windows NT 5.0; Avant Browser [avantbrowser.com]; Hotbar 4.4.5.0)"
91.207.4.186 - - [05/Mar/2013:08:15:24 +0100] "GET / HTTP/1.1" 200 4014 "http://co-travel.ru/" "Mozilla/4.0 (compatible; MSIE 6.0; Windows NT 5.0; Avant Browser [avantbrowser.com]; Hotbar 4.4.5.0)"
91.207.4.186 - - [05/Mar/2013:08:15:25 +0100] "GET / HTTP/1.1" 200 4014 "http://co-travel.ru/" "Mozilla/4.0 (compatible; MSIE 6.0; Windows NT 5.0; Avant Browser [avantbrowser.com]; Hotbar 4.4.5.0)"
91.207.4.186 - - [05/Mar/2013:08:15:25 +0100] "GET / HTTP/1.1" 200 4014 "http://co-travel.ru/" "Mozilla/4.0 (compatible; MSIE 6.0; Windows NT 5.0; Avant Browser [avantbrowser.com]; Hotbar 4.4.5.0)"
94.153.64.117 - - [05/Mar/2013:08:24:05 +0100] "GET / HTTP/1.1" 200 4014 "http://splavmed.ru/" "Mozilla/4.0 (compatible; MSIE 6.0; Windows NT 5.1; MRA 4.3 (build 01218); .NET CLR 1.1.4322)"
94.153.64.117 - - [05/Mar/2013:08:24:06 +0100] "GET / HTTP/1.1" 200 4014 "http://splavmed.ru/" "Mozilla/4.0 (compatible; MSIE 6.0; Windows NT 5.1; MRA 4.3 (build 01218); .NET CLR 1.1.4322)"
94.153.64.117 - - [05/Mar/2013:08:24:06 +0100] "GET / HTTP/1.1" 200 4014 "http://splavmed.ru/" "Mozilla/4.0 (compatible; MSIE 6.0; Windows NT 5.1; MRA 4.3 (build 01218); .NET CLR 1.1.4322)"
66.249.75.134 - - [05/Mar/2013:09:29:49 +0100] "GET / HTTP/1.1" 200 4014 "-" "Mozilla/5.0 (compatible; Googlebot/2.1; +http://www.google.com/bot.html)"
66.249.78.134 - - [05/Mar/2013:10:39:35 +0100] "GET /03.html HTTP/1.1" 304 - "-" "Mozilla/5.0 (compatible; Googlebot/2.1; +http://www.google.com/bot.html)"
87.139.183.142 - - [05/Mar/2013:10:54:51 +0100] "GET /01.html HTTP/1.1" 200 1988 "-" "Mozilla/5.0 (Windows NT 6.1; WOW64; rv:19.0) Gecko/20100101 Firefox/19.0"
87.139.183.142 - - [05/Mar/2013:10:54:51 +0100] "GET /AC_RunActiveContent.js HTTP/1.1" 200 8029 "http://www.dialyse-waldbronn.de/01.html" "Mozilla/5.0 (Windows NT 6.1; WOW64; rv:19.0) Gecko/20100101 Firefox/19.0"
87.139.183.142 - - [05/Mar/2013:10:54:52 +0100] "GET /01.swf HTTP/1.1" 200 36918 "http://www.dialyse-waldbronn.de/01.html" "Mozilla/5.0 (Windows NT 6.1; WOW64; rv:19.0) Gecko/20100101 Firefox/19.0"
87.139.183.142 - - [05/Mar/2013:10:54:52 +0100] "GET /favicon.ico HTTP/1.1" 404 1256 "-" "Mozilla/5.0 (Windows NT 6.1; WOW64; rv:19.0) Gecko/20100101 Firefox/19.0"
87.139.183.142 - - [05/Mar/2013:10:54:58 +0100] "GET /00themen00.html HTTP/1.1" 200 2236 "http://www.dialyse-waldbronn.de/01.html" "Mozilla/5.0 (Windows NT 6.1; WOW64; rv:19.0) Gecko/20100101 Firefox/19.0"
87.139.183.142 - - [05/Mar/2013:10:54:59 +0100] "GET /00themen00.swf HTTP/1.1" 200 12608 "http://www.dialyse-waldbronn.de/00themen00.html" "Mozilla/5.0 (Windows NT 6.1; WOW64; rv:19.0) Gecko/20100101 Firefox/19.0"
87.139.183.142 - - [05/Mar/2013:10:55:01 +0100] "GET /08.html HTTP/1.1" 200 2068 "http://www.dialyse-waldbronn.de/00themen00.html" "Mozilla/5.0 (Windows NT 6.1; WOW64; rv:19.0) Gecko/20100101 Firefox/19.0"
87.139.183.142 - - [05/Mar/2013:10:55:02 +0100] "GET /08.swf HTTP/1.1" 200 22102 "http://www.dialyse-waldbronn.de/08.html" "Mozilla/5.0 (Windows NT 6.1; WOW64; rv:19.0) Gecko/20100101 Firefox/19.0"
150.70.75.30 - - [05/Mar/2013:10:57:32 +0100] "GET /00themen00.html HTTP/1.0" 200 2236 "-" "Mozilla/4.0 (compatible; MSIE 6.0; Windows NT 5.1)"
150.70.64.211 - - [05/Mar/2013:10:57:44 +0100] "GET /AC_RunActiveContent.js HTTP/1.0" 200 8029 "-" "Mozilla/4.0 (compatible; MSIE 6.0; Windows NT 5.1)"
150.70.75.34 - - [05/Mar/2013:10:57:51 +0100] "GET /00themen00.swf HTTP/1.0" 200 12608 "-" "Mozilla/4.0 (compatible; MSIE 6.0; Windows NT 5.1)"
150.70.64.211 - - [05/Mar/2013:10:58:17 +0100] "GET /01.html HTTP/1.0" 200 1988 "-" "Mozilla/4.0 (compatible; MSIE 6.0; Windows NT 5.1)"
150.70.64.211 - - [05/Mar/2013:10:58:20 +0100] "GET /01.swf HTTP/1.0" 200 36918 "-" "Mozilla/4.0 (compatible; MSIE 6.0; Windows NT 5.1)"
188.98.69.183 - - [05/Mar/2013:11:18:08 +0100] "GET / HTTP/1.1" 200 4014 "-" "Mozilla/5.0 (Macintosh; Intel Mac OS X 10_6_8) AppleWebKit/534.57.2 (KHTML, like Gecko) Version/5.1.7 Safari/534.57.2"
188.98.69.183 - - [05/Mar/2013:11:18:08 +0100] "GET /back.jpg HTTP/1.1" 404 1256 "http://www.dialyse-waldbronn.de/" "Mozilla/5.0 (Macintosh; Intel Mac OS X 10_6_8) AppleWebKit/534.57.2 (KHTML, like Gecko) Version/5.1.7 Safari/534.57.2"
202.46.62.11 - - [05/Mar/2013:12:03:02 +0100] "GET / HTTP/1.1" 200 4014 "-" "Mozilla/4.0 (compatible; MSIE 7.0; Windows NT 6.0)"
119.63.193.130 - - [05/Mar/2013:12:03:55 +0100] "GET / HTTP/1.1" 200 4014 "-" "Mozilla/4.0 (compatible; MSIE 7.0; Windows NT 6.0)"
94.153.64.117 - - [05/Mar/2013:12:50:31 +0100] "GET / HTTP/1.1" 200 4014 "http://tiecenter.ru/" "Mozilla/4.0 (compatible; MSIE 6.0; Windows ME) Opera 7.11 [en]"
94.153.64.117 - - [05/Mar/2013:12:50:31 +0100] "GET / HTTP/1.1" 200 4014 "http://tiecenter.ru/" "Mozilla/4.0 (compatible; MSIE 6.0; Windows ME) Opera 7.11 [en]"
94.153.64.117 - - [05/Mar/2013:12:50:32 +0100] "GET / HTTP/1.1" 200 4014 "http://tiecenter.ru/" "Mozilla/4.0 (compatible; MSIE 6.0; Windows ME) Opera 7.11 [en]"
178.137.92.96 - - [05/Mar/2013:13:02:40 +0100] "GET / HTTP/1.1" 200 4014 "http://www.taoomart.com/" "Mozilla/4.0 (compatible; MSIE 6.0; Windows XP)"
178.137.92.96 - - [05/Mar/2013:13:02:40 +0100] "GET / HTTP/1.1" 200 4014 "http://www.a-tg.ru/" "Mozilla/4.0 (compatible; MSIE 6.0; Windows XP)"
178.137.92.96 - - [05/Mar/2013:13:02:41 +0100] "GET / HTTP/1.1" 200 4014 "http://www.taoomart.com/" "Mozilla/4.0 (compatible; MSIE 6.0; Windows XP)"
178.137.92.96 - - [05/Mar/2013:13:02:41 +0100] "GET / HTTP/1.1" 200 4014 "http://www.a-tg.ru/" "Mozilla/4.0 (compatible; MSIE 6.0; Windows XP)"
178.137.92.96 - - [05/Mar/2013:13:02:41 +0100] "GET / HTTP/1.1" 200 4014 "http://www.taoomart.com/" "Mozilla/4.0 (compatible; MSIE 6.0; Windows XP)"
178.137.92.96 - - [05/Mar/2013:13:02:41 +0100] "GET / HTTP/1.1" 200 4014 "http://www.a-tg.ru/" "Mozilla/4.0 (compatible; MSIE 6.0; Windows XP)"
193.106.136.51 - - [05/Mar/2013:13:31:45 +0100] "GET / HTTP/1.1" 200 4014 "http://wegens.ru/" "Mozilla/4.0 (compatible; MSIE 6.0; Windows NT 5.2; Win64; AMD64)"
193.106.136.51 - - [05/Mar/2013:13:31:46 +0100] "GET / HTTP/1.1" 200 4014 "http://wegens.ru/" "Mozilla/4.0 (compatible; MSIE 6.0; Windows NT 5.2; Win64; AMD64)"
92.249.127.111 - - [05/Mar/2013:14:38:42 +0100] "GET / HTTP/1.1" 200 4014 "http://arinarodionovna.com/" "Mozilla/5.0 (compatible; news bot /2.1)"
92.249.127.111 - - [05/Mar/2013:14:38:42 +0100] "GET / HTTP/1.1" 200 4014 "http://arinarodionovna.com/" "Mozilla/5.0 (compatible; news bot /2.1)"
92.249.127.111 - - [05/Mar/2013:14:38:43 +0100] "GET / HTTP/1.1" 200 4014 "http://arinarodionovna.com/" "Mozilla/5.0 (compatible; news bot /2.1)"
84.147.108.60 - - [05/Mar/2013:15:34:13 +0100] "GET / HTTP/1.1" 200 4014 "-" "Mozilla/5.0 (iPad; CPU OS 6_1_2 like Mac OS X) AppleWebKit/536.26 (KHTML, like Gecko) Version/6.0 Mobile/10B146 Safari/8536.25"
84.147.108.60 - - [05/Mar/2013:15:34:13 +0100] "GET /back.jpg HTTP/1.1" 404 1256 "http://www.dialyse-waldbronn.de/" "Mozilla/5.0 (iPad; CPU OS 6_1_2 like Mac OS X) AppleWebKit/536.26 (KHTML, like Gecko) Version/6.0 Mobile/10B146 Safari/8536.25"
84.147.108.60 - - [05/Mar/2013:15:34:37 +0100] "GET / HTTP/1.1" 200 4014 "-" "Mozilla/5.0 (iPad; CPU OS 6_1_2 like Mac OS X) AppleWebKit/536.26 (KHTML, like Gecko) Version/6.0 Mobile/10B146 Safari/8536.25"
188.98.69.183 - - [05/Mar/2013:16:24:13 +0100] "GET / HTTP/1.1" 200 4014 "-" "Mozilla/5.0 (Macintosh; Intel Mac OS X 10_6_8) AppleWebKit/534.57.2 (KHTML, like Gecko) Version/5.1.7 Safari/534.57.2"
188.98.69.183 - - [05/Mar/2013:16:24:13 +0100] "GET /back.jpg HTTP/1.1" 404 1256 "http://www.dialyse-waldbronn.de/" "Mozilla/5.0 (Macintosh; Intel Mac OS X 10_6_8) AppleWebKit/534.57.2 (KHTML, like Gecko) Version/5.1.7 Safari/534.57.2"
202.46.63.76 - - [05/Mar/2013:18:05:55 +0100] "GET / HTTP/1.1" 200 4014 "-" "Mozilla/4.0 (compatible; MSIE 7.0; Windows NT 6.0)"
119.63.193.132 - - [05/Mar/2013:18:06:56 +0100] "GET / HTTP/1.1" 200 4014 "-" "Mozilla/4.0 (compatible; MSIE 7.0; Windows NT 6.0)"
188.98.69.183 - - [05/Mar/2013:18:46:39 +0100] "GET / HTTP/1.1" 200 4014 "-" "Mozilla/5.0 (Macintosh; Intel Mac OS X 10_6_8) AppleWebKit/534.57.2 (KHTML, like Gecko) Version/5.1.7 Safari/534.57.2"
66.249.76.134 - - [05/Mar/2013:19:27:08 +0100] "GET /robots.txt HTTP/1.1" 404 1256 "-" "Mozilla/5.0 (compatible; Googlebot/2.1; +http://www.google.com/bot.html)"
66.249.76.134 - - [05/Mar/2013:19:27:08 +0100] "GET /index.swf HTTP/1.1" 200 8893 "-" "Mozilla/5.0 (compatible; Googlebot/2.1; +http://www.google.com/bot.html)"
66.249.76.134 - - [05/Mar/2013:19:31:44 +0100] "GET /00themen00.html HTTP/1.1" 304 - "-" "Mozilla/5.0 (iPhone; U; CPU iPhone OS 4_1 like Mac OS X; en-us) AppleWebKit/532.9 (KHTML, like Gecko) Version/4.0.5 Mobile/8B117 Safari/6531.22.7 (compatible; Googlebot-Mobile/2.1; +http://www.google.com/bot.html)"
202.46.59.72 - - [05/Mar/2013:20:09:31 +0100] "GET / HTTP/1.1" 200 4014 "-" "Mozilla/4.0 (compatible; MSIE 7.0; Windows NT 6.0)"
119.63.193.132 - - [05/Mar/2013:20:10:40 +0100] "GET / HTTP/1.1" 200 4014 "-" "Mozilla/4.0 (compatible; MSIE 7.0; Windows NT 6.0)"
188.98.69.183 - - [05/Mar/2013:23:32:16 +0100] "GET / HTTP/1.1" 200 4014 "-" "Mozilla/5.0 (Macintosh; Intel Mac OS X 10_6_8) AppleWebKit/534.57.2 (KHTML, like Gecko) Version/5.1.7 Safari/534.57.2"
188.98.69.183 - - [05/Mar/2013:23:32:16 +0100] "GET /back.jpg HTTP/1.1" 404 1256 "http://www.dialyse-waldbronn.de/" "Mozilla/5.0 (Macintosh; Intel Mac OS X 10_6_8) AppleWebKit/534.57.2 (KHTML, like Gecko) Version/5.1.7 Safari/534.57.2"
202.46.52.22 - - [06/Mar/2013:00:03:53 +0100] "GET / HTTP/1.1" 200 4014 "-" "Mozilla/4.0 (compatible; MSIE 7.0; Windows NT 6.0)"
119.63.193.194 - - [06/Mar/2013:00:04:50 +0100] "GET / HTTP/1.1" 200 4014 "-" "Mozilla/4.0 (compatible; MSIE 7.0; Windows NT 6.0)"
66.249.76.134 - - [06/Mar/2013:02:51:34 +0100] "GET /07.html HTTP/1.1" 200 2372 "-" "SAMSUNG-SGH-E250/1.0 Profile/MIDP-2.0 Configuration/CLDC-1.1 UP.Browser/6.2.3.3.c.1.101 (GUI) MMP/2.0 (compatible; Googlebot-Mobile/2.1; +http://www.google.com/bot.html)"
89.108.102.171 - - [06/Mar/2013:04:13:07 +0100] "GET / HTTP/1.1" 200 4014 "http://tovray.ru/" "Mozilla/4.0 (compatible; MSIE 7.0b; Windows NT 6.0)"
89.108.102.171 - - [06/Mar/2013:04:13:08 +0100] "GET / HTTP/1.1" 200 4014 "http://tovray.ru/" "Mozilla/4.0 (compatible; MSIE 7.0b; Windows NT 6.0)"
193.106.136.39 - - [06/Mar/2013:05:44:03 +0100] "GET / HTTP/1.1" 200 4014 "http://www.a-tg.ru/" "Mozilla/4.0 (compatible; MSIE 6.0; AOL 9.0; Windows NT 5.1)"
193.106.136.39 - - [06/Mar/2013:05:44:04 +0100] "GET / HTTP/1.1" 200 4014 "http://www.a-tg.ru/" "Mozilla/4.0 (compatible; MSIE 6.0; AOL 9.0; Windows NT 5.1)"
202.46.57.84 - - [06/Mar/2013:06:05:30 +0100] "GET / HTTP/1.1" 200 4014 "-" "Mozilla/4.0 (compatible; MSIE 7.0; Windows NT 6.0)"
119.63.193.196 - - [06/Mar/2013:06:06:31 +0100] "GET / HTTP/1.1" 200 4014 "-" "Mozilla/4.0 (compatible; MSIE 7.0; Windows NT 6.0)"
188.98.67.227 - - [06/Mar/2013:10:19:52 +0100] "GET / HTTP/1.1" 200 4014 "-" "Mozilla/5.0 (Macintosh; Intel Mac OS X 10_6_8) AppleWebKit/534.57.2 (KHTML, like Gecko) Version/5.1.7 Safari/534.57.2"
188.98.67.227 - - [06/Mar/2013:11:57:17 +0100] "GET / HTTP/1.1" 200 4014 "-" "Mozilla/5.0 (Macintosh; Intel Mac OS X 10_6_8) AppleWebKit/534.57.2 (KHTML, like Gecko) Version/5.1.7 Safari/534.57.2"
202.46.62.92 - - [06/Mar/2013:12:02:30 +0100] "GET / HTTP/1.1" 200 4014 "-" "Mozilla/4.0 (compatible; MSIE 7.0; Windows NT 6.0)"
119.63.193.131 - - [06/Mar/2013:12:03:24 +0100] "GET / HTTP/1.1" 200 4014 "-" "Mozilla/4.0 (compatible; MSIE 7.0; Windows NT 6.0)"
66.249.76.134 - - [06/Mar/2013:12:48:05 +0100] "GET /robots.txt HTTP/1.1" 404 1256 "-" "Mozilla/5.0 (compatible; Googlebot/2.1; +http://www.google.com/bot.html)"
66.249.76.134 - - [06/Mar/2013:12:48:06 +0100] "GET / HTTP/1.1" 200 4014 "-" "Mozilla/5.0 (compatible; Googlebot/2.1; +http://www.google.com/bot.html)"
141.8.147.12 - - [06/Mar/2013:13:41:30 +0100] "GET /robots.txt HTTP/1.1" 404 1256 "-" "Mozilla/5.0 (compatible; YandexBot/3.0; +http://yandex.com/bots)"
141.8.147.12 - - [06/Mar/2013:13:41:32 +0100] "GET / HTTP/1.1" 200 4014 "-" "Mozilla/5.0 (compatible; YandexBot/3.0; MirrorDetector; +http://yandex.com/bots)"
141.8.147.12 - - [06/Mar/2013:13:41:36 +0100] "GET / HTTP/1.1" 200 4014 "-" "Mozilla/5.0 (compatible; YandexBot/3.0; MirrorDetector; +http://yandex.com/bots)"
141.8.147.12 - - [06/Mar/2013:13:42:26 +0100] "GET /index.swf HTTP/1.1" 200 8893 "-" "Mozilla/5.0 (compatible; YandexBot/3.0; +http://yandex.com/bots)"
94.153.64.117 - - [06/Mar/2013:16:53:21 +0100] "GET / HTTP/1.1" 200 4014 "http://www.ocasino.info/" "Mozilla/4.0 (compatible; MSIE 6.0; Windows NT 5.1; Crazy Browser 1.0.5)"
94.153.64.117 - - [06/Mar/2013:16:53:21 +0100] "GET / HTTP/1.1" 200 4014 "http://www.ocasino.info/" "Mozilla/4.0 (compatible; MSIE 6.0; Windows NT 5.1; Crazy Browser 1.0.5)"
94.153.64.117 - - [06/Mar/2013:16:53:22 +0100] "GET / HTTP/1.1" 200 4014 "http://www.ocasino.info/" "Mozilla/4.0 (compatible; MSIE 6.0; Windows NT 5.1; Crazy Browser 1.0.5)"
202.46.50.71 - - [06/Mar/2013:18:06:14 +0100] "GET / HTTP/1.1" 200 4014 "-" "Mozilla/4.0 (compatible; MSIE 7.0; Windows NT 6.0)"
119.63.193.131 - - [06/Mar/2013:18:07:15 +0100] "GET / HTTP/1.1" 200 4014 "-" "Mozilla/4.0 (compatible; MSIE 7.0; Windows NT 6.0)"
66.249.76.134 - - [06/Mar/2013:18:25:47 +0100] "GET / HTTP/1.1" 200 4014 "-" "Mozilla/5.0 (iPhone; U; CPU iPhone OS 4_1 like Mac OS X; en-us) AppleWebKit/532.9 (KHTML, like Gecko) Version/4.0.5 Mobile/8B117 Safari/6531.22.7 (compatible; Googlebot-Mobile/2.1; +http://www.google.com/bot.html)"
178.137.92.96 - - [06/Mar/2013:18:51:32 +0100] "GET / HTTP/1.1" 200 4014 "http://zalezt.ru/" "Mozilla/4.0 (compatible; MSIE 6.0; Windows XP)"
178.137.92.96 - - [06/Mar/2013:18:51:33 +0100] "GET / HTTP/1.1" 200 4014 "http://zalezt.ru/" "Mozilla/4.0 (compatible; MSIE 6.0; Windows XP)"
178.137.92.96 - - [06/Mar/2013:18:51:34 +0100] "GET / HTTP/1.1" 200 4014 "http://zalezt.ru/" "Mozilla/4.0 (compatible; MSIE 6.0; Windows XP)"
84.148.10.154 - - [06/Mar/2013:18:56:52 +0100] "GET / HTTP/1.1" 200 4014 "http://www.google.de/url?sa=f&rct=j&url=http://www.dialyse-waldbronn.de/&q=bad+herrenalb+dialysezentrum&ei=Q4M3Uf6VIuqD4gT0wYGoBg&usg=AFQjCNFEhk2MN56E38avPxvuVBh1wOIijA" "Mozilla/5.0 (Windows NT 6.0) AppleWebKit/537.22 (KHTML, like Gecko) Chrome/25.0.1364.97 Safari/537.22"
84.148.10.154 - - [06/Mar/2013:18:56:53 +0100] "GET /back.jpg HTTP/1.1" 404 1256 "http://www.dialyse-waldbronn.de/" "Mozilla/5.0 (Windows NT 6.0) AppleWebKit/537.22 (KHTML, like Gecko) Chrome/25.0.1364.97 Safari/537.22"
84.148.10.154 - - [06/Mar/2013:18:56:53 +0100] "GET /favicon.ico HTTP/1.1" 404 1256 "-" "Mozilla/5.0 (Windows NT 6.0) AppleWebKit/537.22 (KHTML, like Gecko) Chrome/25.0.1364.97 Safari/537.22"
84.148.10.154 - - [06/Mar/2013:18:57:01 +0100] "GET /back.jpg HTTP/1.1" 404 1256 "http://www.dialyse-waldbronn.de/" "Mozilla/5.0 (Windows NT 6.0) AppleWebKit/537.22 (KHTML, like Gecko) Chrome/25.0.1364.97 Safari/537.22"
84.148.10.154 - - [06/Mar/2013:18:57:02 +0100] "GET /index.swf HTTP/1.1" 200 8893 "http://www.dialyse-waldbronn.de/" "Mozilla/5.0 (Windows NT 6.0) AppleWebKit/537.22 (KHTML, like Gecko) Chrome/25.0.1364.97 Safari/537.22"
84.148.10.154 - - [06/Mar/2013:18:57:02 +0100] "GET /favicon.ico HTTP/1.1" 404 1256 "-" "Mozilla/5.0 (Windows NT 6.0) AppleWebKit/537.22 (KHTML, like Gecko) Chrome/25.0.1364.97 Safari/537.22"
84.148.10.154 - - [06/Mar/2013:18:57:40 +0100] "GET /00themen00.html HTTP/1.1" 200 2236 "http://www.dialyse-waldbronn.de/" "Mozilla/5.0 (Windows NT 6.0) AppleWebKit/537.22 (KHTML, like Gecko) Chrome/25.0.1364.97 Safari/537.22"
84.148.10.154 - - [06/Mar/2013:18:57:41 +0100] "GET /AC_RunActiveContent.js HTTP/1.1" 200 8029 "http://www.dialyse-waldbronn.de/00themen00.html" "Mozilla/5.0 (Windows NT 6.0) AppleWebKit/537.22 (KHTML, like Gecko) Chrome/25.0.1364.97 Safari/537.22"
84.148.10.154 - - [06/Mar/2013:18:57:41 +0100] "GET /00themen00.swf HTTP/1.1" 200 12608 "http://www.dialyse-waldbronn.de/00themen00.html" "Mozilla/5.0 (Windows NT 6.0) AppleWebKit/537.22 (KHTML, like Gecko) Chrome/25.0.1364.97 Safari/537.22"
84.148.10.154 - - [06/Mar/2013:18:57:41 +0100] "GET /favicon.ico HTTP/1.1" 404 1256 "-" "Mozilla/5.0 (Windows NT 6.0) AppleWebKit/537.22 (KHTML, like Gecko) Chrome/25.0.1364.97 Safari/537.22"
84.148.10.154 - - [06/Mar/2013:18:57:46 +0100] "GET /04.html HTTP/1.1" 200 1988 "http://www.dialyse-waldbronn.de/00themen00.html" "Mozilla/5.0 (Windows NT 6.0) AppleWebKit/537.22 (KHTML, like Gecko) Chrome/25.0.1364.97 Safari/537.22"
84.148.10.154 - - [06/Mar/2013:18:57:46 +0100] "GET /04.swf HTTP/1.1" 200 20526 "http://www.dialyse-waldbronn.de/04.html" "Mozilla/5.0 (Windows NT 6.0) AppleWebKit/537.22 (KHTML, like Gecko) Chrome/25.0.1364.97 Safari/537.22"
84.148.10.154 - - [06/Mar/2013:18:57:46 +0100] "GET /favicon.ico HTTP/1.1" 404 1256 "-" "Mozilla/5.0 (Windows NT 6.0) AppleWebKit/537.22 (KHTML, like Gecko) Chrome/25.0.1364.97 Safari/537.22"
84.148.10.154 - - [06/Mar/2013:18:58:08 +0100] "GET /favicon.ico HTTP/1.1" 404 1256 "-" "Mozilla/5.0 (Windows NT 6.0) AppleWebKit/537.22 (KHTML, like Gecko) Chrome/25.0.1364.97 Safari/537.22"
84.148.10.154 - - [06/Mar/2013:18:58:09 +0100] "GET /favicon.ico HTTP/1.1" 404 1256 "-" "Mozilla/5.0 (Windows NT 6.0) AppleWebKit/537.22 (KHTML, like Gecko) Chrome/25.0.1364.97 Safari/537.22"
193.106.136.38 - - [06/Mar/2013:19:20:25 +0100] "GET / HTTP/1.1" 200 4014 "http://wegens.ru/" "Mozilla/4.0 (compatible; MSIE 5.5; Windows 98)"
193.106.136.38 - - [06/Mar/2013:19:20:26 +0100] "GET / HTTP/1.1" 200 4014 "http://wegens.ru/" "Mozilla/4.0 (compatible; MSIE 5.5; Windows 98)"
91.207.4.186 - - [06/Mar/2013:20:00:18 +0100] "GET / HTTP/1.1" 200 4014 "http://pro-recipe.ru/" "Mozilla/3.0 (x86 [en] Windows NT 5.1; Sun)"
91.207.4.186 - - [06/Mar/2013:20:00:19 +0100] "GET / HTTP/1.1" 200 4014 "http://pro-recipe.ru/" "Mozilla/3.0 (x86 [en] Windows NT 5.1; Sun)"
91.207.4.186 - - [06/Mar/2013:20:00:19 +0100] "GET / HTTP/1.1" 200 4014 "http://pro-recipe.ru/" "Mozilla/3.0 (x86 [en] Windows NT 5.1; Sun)"
66.249.76.134 - - [06/Mar/2013:20:47:53 +0100] "GET /index.swf HTTP/1.1" 200 8893 "-" "Mozilla/5.0 (iPhone; U; CPU iPhone OS 4_1 like Mac OS X; en-us) AppleWebKit/532.9 (KHTML, like Gecko) Version/4.0.5 Mobile/8B117 Safari/6531.22.7 (compatible; Googlebot-Mobile/2.1; +http://www.google.com/bot.html)"
202.46.50.13 - - [07/Mar/2013:00:04:16 +0100] "GET / HTTP/1.1" 200 4014 "-" "Mozilla/4.0 (compatible; MSIE 7.0; Windows NT 6.0)"
119.63.193.194 - - [07/Mar/2013:00:05:16 +0100] "GET / HTTP/1.1" 200 4014 "-" "Mozilla/4.0 (compatible; MSIE 7.0; Windows NT 6.0)"
202.46.49.12 - - [07/Mar/2013:02:10:10 +0100] "GET / HTTP/1.1" 200 4014 "-" "Mozilla/4.0 (compatible; MSIE 7.0; Windows NT 6.0)"
119.63.193.132 - - [07/Mar/2013:02:11:18 +0100] "GET / HTTP/1.1" 200 4014 "-" "Mozilla/4.0 (compatible; MSIE 7.0; Windows NT 6.0)"
66.249.76.134 - - [07/Mar/2013:02:41:49 +0100] "GET /robots.txt HTTP/1.1" 404 1256 "-" "Mozilla/5.0 (compatible; Googlebot/2.1; +http://www.google.com/bot.html)"
66.249.76.134 - - [07/Mar/2013:02:41:49 +0100] "GET /08.html HTTP/1.1" 200 2068 "-" "SAMSUNG-SGH-E250/1.0 Profile/MIDP-2.0 Configuration/CLDC-1.1 UP.Browser/6.2.3.3.c.1.101 (GUI) MMP/2.0 (compatible; Googlebot-Mobile/2.1; +http://www.google.com/bot.html)"
141.8.147.12 - - [07/Mar/2013:04:04:28 +0100] "GET /robots.txt HTTP/1.1" 404 1256 "-" "Mozilla/5.0 (compatible; YandexBot/3.0; +http://yandex.com/bots)"
202.46.58.31 - - [07/Mar/2013:06:06:16 +0100] "GET / HTTP/1.1" 200 4014 "-" "Mozilla/4.0 (compatible; MSIE 7.0; Windows NT 6.0)"
119.63.193.130 - - [07/Mar/2013:06:07:17 +0100] "GET / HTTP/1.1" 200 4014 "-" "Mozilla/4.0 (compatible; MSIE 7.0; Windows NT 6.0)"
94.153.64.117 - - [07/Mar/2013:06:46:18 +0100] "GET / HTTP/1.1" 200 4014 "http://vinixlinia.net/" "Mozilla/6.0 (compatible; MSIE 7.0a1; Windows NT 5.2; SV1)"
94.153.64.117 - - [07/Mar/2013:06:46:18 +0100] "GET / HTTP/1.1" 200 4014 "http://vinixlinia.net/" "Mozilla/6.0 (compatible; MSIE 7.0a1; Windows NT 5.2; SV1)"
94.153.64.117 - - [07/Mar/2013:06:46:19 +0100] "GET / HTTP/1.1" 200 4014 "http://vinixlinia.net/" "Mozilla/6.0 (compatible; MSIE 7.0a1; Windows NT 5.2; SV1)"
66.249.76.134 - - [07/Mar/2013:07:08:16 +0100] "GET /02.swf HTTP/1.1" 200 19509 "-" "Mozilla/5.0 (compatible; Googlebot/2.1; +http://www.google.com/bot.html)"
66.249.76.134 - - [07/Mar/2013:07:59:38 +0100] "GET /01.html HTTP/1.1" 304 - "-" "Mozilla/5.0 (compatible; Googlebot/2.1; +http://www.google.com/bot.html)"
157.55.33.29 - - [07/Mar/2013:08:57:06 +0100] "GET /robots.txt HTTP/1.1" 404 1256 "-" "Mozilla/5.0 (compatible; bingbot/2.0; +http://www.bing.com/bingbot.htm)"
157.55.33.29 - - [07/Mar/2013:09:00:13 +0100] "GET / HTTP/1.1" 200 4014 "-" "Mozilla/5.0 (compatible; bingbot/2.0; +http://www.bing.com/bingbot.htm)"
217.233.150.52 - - [07/Mar/2013:10:33:17 +0100] "GET / HTTP/1.1" 200 4014 "http://www.google.de/url?sa=t&rct=j&q=&esrc=s&source=web&cd=1&ved=0CDMQFjAA&url=http%3A%2F%2Fwww.dialyse-waldbronn.de%2F&ei=p144UcejOcXZsgaItICACQ&usg=AFQjCNHEX_ZQroPS8hwDzjOxqVHmV6iDWw&bvm=bv.43287494,d.Yms&cad=rja" "Mozilla/5.0 (Windows NT 6.1; WOW64; rv:19.0) Gecko/20100101 Firefox/19.0"
217.233.150.52 - - [07/Mar/2013:10:33:20 +0100] "GET /back.jpg HTTP/1.1" 404 1256 "http://www.dialyse-waldbronn.de/" "Mozilla/5.0 (Windows NT 6.1; WOW64; rv:19.0) Gecko/20100101 Firefox/19.0"
217.233.150.52 - - [07/Mar/2013:10:33:20 +0100] "GET /index.swf HTTP/1.1" 200 8893 "http://www.dialyse-waldbronn.de/" "Mozilla/5.0 (Windows NT 6.1; WOW64; rv:19.0) Gecko/20100101 Firefox/19.0"
217.233.150.52 - - [07/Mar/2013:10:33:20 +0100] "GET /favicon.ico HTTP/1.1" 404 1256 "-" "Mozilla/5.0 (Windows NT 6.1; WOW64; rv:19.0) Gecko/20100101 Firefox/19.0"
217.233.150.52 - - [07/Mar/2013:10:33:31 +0100] "GET /back.jpg HTTP/1.1" 404 1256 "http://www.dialyse-waldbronn.de/" "Mozilla/5.0 (Windows NT 6.1; WOW64; rv:19.0) Gecko/20100101 Firefox/19.0"
217.233.150.52 - - [07/Mar/2013:10:33:33 +0100] "GET /00themen00.html HTTP/1.1" 200 2236 "http://www.dialyse-waldbronn.de/" "Mozilla/5.0 (Windows NT 6.1; WOW64; rv:19.0) Gecko/20100101 Firefox/19.0"
217.233.150.52 - - [07/Mar/2013:10:33:33 +0100] "GET /AC_RunActiveContent.js HTTP/1.1" 200 8029 "http://www.dialyse-waldbronn.de/00themen00.html" "Mozilla/5.0 (Windows NT 6.1; WOW64; rv:19.0) Gecko/20100101 Firefox/19.0"
217.233.150.52 - - [07/Mar/2013:10:33:33 +0100] "GET /00themen00.swf HTTP/1.1" 200 12608 "http://www.dialyse-waldbronn.de/00themen00.html" "Mozilla/5.0 (Windows NT 6.1; WOW64; rv:19.0) Gecko/20100101 Firefox/19.0"
217.233.150.52 - - [07/Mar/2013:10:33:36 +0100] "GET /01.html HTTP/1.1" 200 1988 "http://www.dialyse-waldbronn.de/00themen00.html" "Mozilla/5.0 (Windows NT 6.1; WOW64; rv:19.0) Gecko/20100101 Firefox/19.0"
217.233.150.52 - - [07/Mar/2013:10:33:37 +0100] "GET /01.swf HTTP/1.1" 200 36918 "http://www.dialyse-waldbronn.de/01.html" "Mozilla/5.0 (Windows NT 6.1; WOW64; rv:19.0) Gecko/20100101 Firefox/19.0"
217.233.150.52 - - [07/Mar/2013:10:33:58 +0100] "GET /02.html HTTP/1.1" 200 1988 "http://www.dialyse-waldbronn.de/00themen00.html" "Mozilla/5.0 (Windows NT 6.1; WOW64; rv:19.0) Gecko/20100101 Firefox/19.0"
217.233.150.52 - - [07/Mar/2013:10:33:58 +0100] "GET /02.swf HTTP/1.1" 200 19509 "http://www.dialyse-waldbronn.de/02.html" "Mozilla/5.0 (Windows NT 6.1; WOW64; rv:19.0) Gecko/20100101 Firefox/19.0"
217.233.150.52 - - [07/Mar/2013:10:34:35 +0100] "GET /04.html HTTP/1.1" 200 1988 "http://www.dialyse-waldbronn.de/00themen00.html" "Mozilla/5.0 (Windows NT 6.1; WOW64; rv:19.0) Gecko/20100101 Firefox/19.0"
217.233.150.52 - - [07/Mar/2013:10:34:35 +0100] "GET /04.swf HTTP/1.1" 200 20526 "http://www.dialyse-waldbronn.de/04.html" "Mozilla/5.0 (Windows NT 6.1; WOW64; rv:19.0) Gecko/20100101 Firefox/19.0"
217.233.150.52 - - [07/Mar/2013:10:34:43 +0100] "GET /07.html HTTP/1.1" 200 2372 "http://www.dialyse-waldbronn.de/00themen00.html" "Mozilla/5.0 (Windows NT 6.1; WOW64; rv:19.0) Gecko/20100101 Firefox/19.0"
217.233.150.52 - - [07/Mar/2013:10:34:44 +0100] "GET /07.swf HTTP/1.1" 200 22237 "http://www.dialyse-waldbronn.de/07.html" "Mozilla/5.0 (Windows NT 6.1; WOW64; rv:19.0) Gecko/20100101 Firefox/19.0"
217.233.150.52 - - [07/Mar/2013:10:34:52 +0100] "GET /08.html HTTP/1.1" 200 2068 "http://www.dialyse-waldbronn.de/00themen00.html" "Mozilla/5.0 (Windows NT 6.1; WOW64; rv:19.0) Gecko/20100101 Firefox/19.0"
217.233.150.52 - - [07/Mar/2013:10:34:52 +0100] "GET /08.swf HTTP/1.1" 200 22102 "http://www.dialyse-waldbronn.de/08.html" "Mozilla/5.0 (Windows NT 6.1; WOW64; rv:19.0) Gecko/20100101 Firefox/19.0"
217.233.150.52 - - [07/Mar/2013:10:35:44 +0100] "GET /05.html HTTP/1.1" 200 1988 "http://www.dialyse-waldbronn.de/00themen00.html" "Mozilla/5.0 (Windows NT 6.1; WOW64; rv:19.0) Gecko/20100101 Firefox/19.0"
217.233.150.52 - - [07/Mar/2013:10:35:45 +0100] "GET /05.swf HTTP/1.1" 200 44441 "http://www.dialyse-waldbronn.de/05.html" "Mozilla/5.0 (Windows NT 6.1; WOW64; rv:19.0) Gecko/20100101 Firefox/19.0"
91.207.9.226 - - [07/Mar/2013:11:36:19 +0100] "GET / HTTP/1.1" 200 4014 "http://android-superstar.ru/" "Mozilla/4.0 (compatible; MSIE 6.0; Windows NT 5.0; Avant Browser [avantbrowser.com]; Hotbar 4.4.5.0)"
91.207.9.226 - - [07/Mar/2013:11:36:19 +0100] "GET / HTTP/1.1" 200 4014 "http://remont-fridge-tv.ru/" "Mozilla/4.0 (compatible; MSIE 6.0; Windows NT 5.0; Avant Browser [avantbrowser.com]; Hotbar 4.4.5.0)"
91.207.9.226 - - [07/Mar/2013:11:36:19 +0100] "GET / HTTP/1.1" 200 4014 "http://player-android.ru/" "Mozilla/4.0 (compatible; MSIE 6.0; Windows NT 5.0; Avant Browser [avantbrowser.com]; Hotbar 4.4.5.0)"
91.207.9.226 - - [07/Mar/2013:11:36:19 +0100] "GET / HTTP/1.1" 200 4014 "http://android-superstar.ru/" "Mozilla/4.0 (compatible; MSIE 6.0; Windows NT 5.0; Avant Browser [avantbrowser.com]; Hotbar 4.4.5.0)"
91.207.9.226 - - [07/Mar/2013:11:36:19 +0100] "GET / HTTP/1.1" 200 4014 "http://remont-fridge-tv.ru/" "Mozilla/4.0 (compatible; MSIE 6.0; Windows NT 5.0; Avant Browser [avantbrowser.com]; Hotbar 4.4.5.0)"
91.207.9.226 - - [07/Mar/2013:11:36:19 +0100] "GET / HTTP/1.1" 200 4014 "http://player-android.ru/" "Mozilla/4.0 (compatible; MSIE 6.0; Windows NT 5.0; Avant Browser [avantbrowser.com]; Hotbar 4.4.5.0)"
91.207.9.226 - - [07/Mar/2013:11:36:19 +0100] "GET / HTTP/1.1" 200 4014 "http://android-superstar.ru/" "Mozilla/4.0 (compatible; MSIE 6.0; Windows NT 5.0; Avant Browser [avantbrowser.com]; Hotbar 4.4.5.0)"
91.207.9.226 - - [07/Mar/2013:11:36:20 +0100] "GET / HTTP/1.1" 200 4014 "http://remont-fridge-tv.ru/" "Mozilla/4.0 (compatible; MSIE 6.0; Windows NT 5.0; Avant Browser [avantbrowser.com]; Hotbar 4.4.5.0)"
91.207.9.226 - - [07/Mar/2013:11:36:20 +0100] "GET / HTTP/1.1" 200 4014 "http://player-android.ru/" "Mozilla/4.0 (compatible; MSIE 6.0; Windows NT 5.0; Avant Browser [avantbrowser.com]; Hotbar 4.4.5.0)"
94.153.64.117 - - [07/Mar/2013:11:36:58 +0100] "GET / HTTP/1.1" 200 4014 "http://www.vbesedki.ru/" "Opera/9.0 (Windows NT 5.1; U; en)"
94.153.64.117 - - [07/Mar/2013:11:36:58 +0100] "GET / HTTP/1.1" 200 4014 "http://www.vbesedki.ru/" "Opera/9.0 (Windows NT 5.1; U; en)"
94.153.64.117 - - [07/Mar/2013:11:36:59 +0100] "GET / HTTP/1.1" 200 4014 "http://www.vbesedki.ru/" "Opera/9.0 (Windows NT 5.1; U; en)"
188.98.67.227 - - [07/Mar/2013:11:40:01 +0100] "GET / HTTP/1.1" 200 4014 "-" "Mozilla/5.0 (Macintosh; Intel Mac OS X 10_6_8) AppleWebKit/534.57.2 (KHTML, like Gecko) Version/5.1.7 Safari/534.57.2"
202.46.56.45 - - [07/Mar/2013:12:03:12 +0100] "GET / HTTP/1.1" 200 4014 "-" "Mozilla/4.0 (compatible; MSIE 7.0; Windows NT 6.0)"
119.63.193.131 - - [07/Mar/2013:12:04:08 +0100] "GET / HTTP/1.1" 200 4014 "-" "Mozilla/4.0 (compatible; MSIE 7.0; Windows NT 6.0)"
141.8.147.12 - - [07/Mar/2013:12:11:55 +0100] "GET / HTTP/1.1" 200 4014 "-" "Mozilla/5.0 (compatible; YandexBot/3.0; +http://yandex.com/bots)"
141.8.147.12 - - [07/Mar/2013:12:12:44 +0100] "GET /index.swf HTTP/1.1" 200 8893 "-" "Mozilla/5.0 (compatible; YandexBot/3.0; +http://yandex.com/bots)"
188.98.67.227 - - [07/Mar/2013:12:43:42 +0100] "GET / HTTP/1.1" 200 4014 "-" "Mozilla/5.0 (Macintosh; Intel Mac OS X 10_6_8) AppleWebKit/534.57.2 (KHTML, like Gecko) Version/5.1.7 Safari/534.57.2"
188.98.67.227 - - [07/Mar/2013:12:43:43 +0100] "GET /back.jpg HTTP/1.1" 404 1256 "http://www.dialyse-waldbronn.de/" "Mozilla/5.0 (Macintosh; Intel Mac OS X 10_6_8) AppleWebKit/534.57.2 (KHTML, like Gecko) Version/5.1.7 Safari/534.57.2"
66.249.76.134 - - [07/Mar/2013:13:04:39 +0100] "GET /09.html HTTP/1.1" 304 - "-" "Mozilla/5.0 (compatible; Googlebot/2.1; +http://www.google.com/bot.html)"
66.249.76.134 - - [07/Mar/2013:13:19:49 +0100] "GET /00themen00.html HTTP/1.1" 200 2236 "-" "Mozilla/5.0 (compatible; Googlebot/2.1; +http://www.google.com/bot.html)"
66.249.76.134 - - [07/Mar/2013:14:47:39 +0100] "GET /robots.txt HTTP/1.1" 404 1256 "-" "Mozilla/5.0 (compatible; Googlebot/2.1; +http://www.google.com/bot.html)"
66.249.76.134 - - [07/Mar/2013:14:47:39 +0100] "GET /07.html HTTP/1.1" 304 - "-" "Mozilla/5.0 (compatible; Googlebot/2.1; +http://www.google.com/bot.html)"
66.249.76.134 - - [07/Mar/2013:15:11:19 +0100] "GET /08.html HTTP/1.1" 304 - "-" "Mozilla/5.0 (compatible; Googlebot/2.1; +http://www.google.com/bot.html)"
66.249.76.134 - - [07/Mar/2013:15:18:52 +0100] "GET / HTTP/1.1" 304 - "-" "Mozilla/5.0 (compatible; Googlebot/2.1; +http://www.google.com/bot.html)"
66.249.76.134 - - [07/Mar/2013:15:31:32 +0100] "GET /03.html HTTP/1.1" 304 - "-" "Mozilla/5.0 (compatible; Googlebot/2.1; +http://www.google.com/bot.html)"
91.207.4.186 - - [07/Mar/2013:17:31:44 +0100] "GET / HTTP/1.1" 200 4014 "http://www.uasexphone.com/" "Mozilla/4.0 (compatible; MSIE 6.0; Windows NT 5.0; Avant Browser [avantbrowser.com]; Hotbar 4.4.5.0)"
91.207.4.186 - - [07/Mar/2013:17:31:44 +0100] "GET / HTTP/1.1" 200 4014 "http://www.uasexphone.com/" "Mozilla/4.0 (compatible; MSIE 6.0; Windows NT 5.0; Avant Browser [avantbrowser.com]; Hotbar 4.4.5.0)"
91.207.4.186 - - [07/Mar/2013:17:31:45 +0100] "GET / HTTP/1.1" 200 4014 "http://www.uasexphone.com/" "Mozilla/4.0 (compatible; MSIE 6.0; Windows NT 5.0; Avant Browser [avantbrowser.com]; Hotbar 4.4.5.0)"
178.137.92.96 - - [07/Mar/2013:17:39:21 +0100] "GET / HTTP/1.1" 200 4014 "http://www.a-tg.ru/" "Mozilla/4.0 (compatible; MSIE 6.0; Windows XP)"
178.137.92.96 - - [07/Mar/2013:17:39:21 +0100] "GET / HTTP/1.1" 200 4014 "http://devstvenitsi.net/" "Mozilla/4.0 (compatible; MSIE 6.0; Windows NT 5.1; SV1; InfoPath.1)"
178.137.92.96 - - [07/Mar/2013:17:39:22 +0100] "GET / HTTP/1.1" 200 4014 "http://devstvenitsi.net/" "Mozilla/4.0 (compatible; MSIE 6.0; Windows NT 5.1; SV1; InfoPath.1)"
178.137.92.96 - - [07/Mar/2013:17:39:22 +0100] "GET / HTTP/1.1" 200 4014 "http://devstvenitsi.net/" "Mozilla/4.0 (compatible; MSIE 6.0; Windows NT 5.1; SV1; InfoPath.1)"
178.137.92.96 - - [07/Mar/2013:17:39:24 +0100] "GET / HTTP/1.1" 200 4014 "http://www.a-tg.ru/" "Mozilla/4.0 (compatible; MSIE 6.0; Windows XP)"
178.137.92.96 - - [07/Mar/2013:17:39:25 +0100] "GET / HTTP/1.1" 200 4014 "http://www.a-tg.ru/" "Mozilla/4.0 (compatible; MSIE 6.0; Windows XP)"
202.46.54.42 - - [07/Mar/2013:18:06:38 +0100] "GET / HTTP/1.1" 200 4014 "-" "Mozilla/4.0 (compatible; MSIE 7.0; Windows NT 6.0)"
119.63.193.130 - - [07/Mar/2013:18:07:41 +0100] "GET / HTTP/1.1" 200 4014 "-" "Mozilla/4.0 (compatible; MSIE 7.0; Windows NT 6.0)"
188.98.67.227 - - [07/Mar/2013:18:26:52 +0100] "GET / HTTP/1.1" 200 4014 "-" "Mozilla/5.0 (Macintosh; Intel Mac OS X 10_6_8) AppleWebKit/534.57.2 (KHTML, like Gecko) Version/5.1.7 Safari/534.57.2"
188.98.67.227 - - [07/Mar/2013:18:26:52 +0100] "GET /back.jpg HTTP/1.1" 404 1256 "http://www.dialyse-waldbronn.de/" "Mozilla/5.0 (Macintosh; Intel Mac OS X 10_6_8) AppleWebKit/534.57.2 (KHTML, like Gecko) Version/5.1.7 Safari/534.57.2"
141.8.147.12 - - [07/Mar/2013:19:14:35 +0100] "GET /robots.txt HTTP/1.1" 404 1256 "-" "Mozilla/5.0 (compatible; YandexBot/3.0; +http://yandex.com/bots)"
141.8.147.12 - - [07/Mar/2013:19:14:37 +0100] "GET / HTTP/1.1" 200 4014 "-" "Mozilla/5.0 (compatible; YandexBot/3.0; MirrorDetector; +http://yandex.com/bots)"
141.8.147.12 - - [07/Mar/2013:19:14:40 +0100] "GET / HTTP/1.1" 200 4014 "-" "Mozilla/5.0 (compatible; YandexBot/3.0; MirrorDetector; +http://yandex.com/bots)"
141.8.147.12 - - [07/Mar/2013:19:15:00 +0100] "GET /index.swf HTTP/1.1" 200 8893 "-" "Mozilla/5.0 (compatible; YandexBot/3.0; +http://yandex.com/bots)"
83.133.125.202 - - [07/Mar/2013:19:26:33 +0100] "GET / HTTP/1.1" 200 4014 "http://www.sumaja.de/?such_wert=dialyse" "Mozilla/4.0 (compatible; MSIE 8.0; Windows NT 6.0; Trident/4.0; GTB0.0; SLCC1; .NET CLR 2.0.50727; Media Center PC 5.0; .NET CLR 3.5.30729; .NET CLR 3.0.30729; .NET4.0C)"
66.249.76.134 - - [07/Mar/2013:20:01:52 +0100] "GET /09a.html HTTP/1.1" 304 - "-" "Mozilla/5.0 (iPhone; U; CPU iPhone OS 4_1 like Mac OS X; en-us) AppleWebKit/532.9 (KHTML, like Gecko) Version/4.0.5 Mobile/8B117 Safari/6531.22.7 (compatible; Googlebot-Mobile/2.1; +http://www.google.com/bot.html)"
188.98.67.227 - - [07/Mar/2013:20:24:17 +0100] "GET / HTTP/1.1" 200 4014 "-" "Mozilla/5.0 (Macintosh; Intel Mac OS X 10_6_8) AppleWebKit/534.57.2 (KHTML, like Gecko) Version/5.1.7 Safari/534.57.2"
91.207.9.226 - - [07/Mar/2013:20:54:06 +0100] "GET / HTTP/1.1" 200 4014 "http://master-muznachas.ru/" "Mozilla/4.0 (compatible; MSIE 6.0; Windows NT 5.0; Avant Browser [avantbrowser.com]; Hotbar 4.4.5.0)"
91.207.9.226 - - [07/Mar/2013:20:54:06 +0100] "GET / HTTP/1.1" 200 4014 "http://master-muznachas.ru/" "Mozilla/4.0 (compatible; MSIE 6.0; Windows NT 5.0; Avant Browser [avantbrowser.com]; Hotbar 4.4.5.0)"
91.207.9.226 - - [07/Mar/2013:20:54:10 +0100] "GET / HTTP/1.1" 200 4014 "http://master-muznachas.ru/" "Mozilla/4.0 (compatible; MSIE 6.0; Windows NT 5.0; Avant Browser [avantbrowser.com]; Hotbar 4.4.5.0)"
188.98.67.227 - - [07/Mar/2013:21:29:44 +0100] "GET / HTTP/1.1" 200 4014 "-" "Mozilla/5.0 (Macintosh; Intel Mac OS X 10_6_8) AppleWebKit/534.57.2 (KHTML, like Gecko) Version/5.1.7 Safari/534.57.2"
188.98.67.227 - - [07/Mar/2013:21:29:44 +0100] "GET /back.jpg HTTP/1.1" 404 1256 "http://www.dialyse-waldbronn.de/" "Mozilla/5.0 (Macintosh; Intel Mac OS X 10_6_8) AppleWebKit/534.57.2 (KHTML, like Gecko) Version/5.1.7 Safari/534.57.2"
208.115.111.70 - - [07/Mar/2013:21:47:24 +0100] "GET /robots.txt HTTP/1.1" 404 1256 "-" "Mozilla/5.0 (compatible; Ezooms/1.0; ezooms.bot@gmail.com)"
66.249.76.134 - - [07/Mar/2013:22:31:24 +0100] "GET /09.html HTTP/1.1" 200 2140 "-" "SAMSUNG-SGH-E250/1.0 Profile/MIDP-2.0 Configuration/CLDC-1.1 UP.Browser/6.2.3.3.c.1.101 (GUI) MMP/2.0 (compatible; Googlebot-Mobile/2.1; +http://www.google.com/bot.html)"
81.30.151.218 - - [07/Mar/2013:22:41:39 +0100] "GET /robots.txt HTTP/1.1" 404 1256 "-" "Pixray-Seeker/2.0 (Pixray-Seeker; +http://www.pixray.com/pixraybot; +crawler@pixray.com)"
81.30.151.218 - - [07/Mar/2013:22:41:39 +0100] "GET / HTTP/1.1" 200 4014 "-" "Pixray-Seeker/2.0 (Pixray-Seeker; +http://www.pixray.com/pixraybot; +crawler@pixray.com)"
188.98.67.227 - - [07/Mar/2013:22:57:50 +0100] "GET / HTTP/1.1" 200 4014 "-" "Mozilla/5.0 (Macintosh; Intel Mac OS X 10_6_8) AppleWebKit/534.57.2 (KHTML, like Gecko) Version/5.1.7 Safari/534.57.2"
208.115.111.70 - - [07/Mar/2013:23:24:15 +0100] "GET / HTTP/1.1" 200 4014 "-" "Mozilla/5.0 (compatible; Ezooms/1.0; ezooms.bot@gmail.com)"
