66.249.75.125 - - [18/Mar/2013:23:30:56 +0100] "GET /03.html HTTP/1.1" 304 - "-" "Mozilla/5.0 (iPhone; U; CPU iPhone OS 4_1 like Mac OS X; en-us) AppleWebKit/532.9 (KHTML, like Gecko) Version/4.0.5 Mobile/8B117 Safari/6531.22.7 (compatible; Googlebot-Mobile/2.1; +http://www.google.com/bot.html)"
202.46.59.48 - - [19/Mar/2013:00:03:45 +0100] "GET / HTTP/1.1" 200 4014 "-" "Mozilla/4.0 (compatible; MSIE 7.0; Windows NT 6.0)"
119.63.193.194 - - [19/Mar/2013:00:04:37 +0100] "GET / HTTP/1.1" 200 4014 "-" "Mozilla/4.0 (compatible; MSIE 7.0; Windows NT 6.0)"
176.31.14.30 - - [19/Mar/2013:00:43:02 +0100] "GET / HTTP/1.1" 200 4014 "-" "Opera/9.80 (Macintosh; Intel Mac OS X 10.6.8; U; en) Presto/2.9.168 Version/11.52"
66.249.75.125 - - [19/Mar/2013:03:46:04 +0100] "GET /09.swf HTTP/1.1" 200 23193 "-" "SAMSUNG-SGH-E250/1.0 Profile/MIDP-2.0 Configuration/CLDC-1.1 UP.Browser/6.2.3.3.c.1.101 (GUI) MMP/2.0 (compatible; Googlebot-Mobile/2.1; +http://www.google.com/bot.html)"
141.8.147.12 - - [19/Mar/2013:04:14:32 +0100] "GET /robots.txt HTTP/1.1" 404 1256 "-" "Mozilla/5.0 (compatible; YandexBot/3.0; +http://yandex.com/bots)"
94.153.65.13 - - [19/Mar/2013:04:59:01 +0100] "GET / HTTP/1.1" 200 4014 "http://www.sim-bler.ru/" "Opera/9.0 (Windows NT 5.1; U; en)"
94.153.65.13 - - [19/Mar/2013:04:59:01 +0100] "GET / HTTP/1.1" 200 4014 "http://www.spbtalk.ru/" "Mozilla/4.0 (compatible; MSIE 6.0; Windows NT 5.1; MRA 4.3 (build 01218); .NET CLR 1.1.4322)"
94.153.65.13 - - [19/Mar/2013:04:59:01 +0100] "GET / HTTP/1.1" 200 4014 "http://magnetfox.com/" "Opera/9.0 (Windows NT 5.1; U; en)"
94.153.65.13 - - [19/Mar/2013:04:59:01 +0100] "GET / HTTP/1.1" 200 4014 "http://www.spbtalk.ru/" "Mozilla/4.0 (compatible; MSIE 6.0; Windows NT 5.1; MRA 4.3 (build 01218); .NET CLR 1.1.4322)"
94.153.65.13 - - [19/Mar/2013:04:59:01 +0100] "GET / HTTP/1.1" 200 4014 "http://magnetfox.com/" "Opera/9.0 (Windows NT 5.1; U; en)"
94.153.65.13 - - [19/Mar/2013:04:59:01 +0100] "GET / HTTP/1.1" 200 4014 "http://www.spbtalk.ru/" "Mozilla/4.0 (compatible; MSIE 6.0; Windows NT 5.1; MRA 4.3 (build 01218); .NET CLR 1.1.4322)"
94.153.65.13 - - [19/Mar/2013:04:59:01 +0100] "GET / HTTP/1.1" 200 4014 "http://magnetfox.com/" "Opera/9.0 (Windows NT 5.1; U; en)"
94.153.65.13 - - [19/Mar/2013:04:59:04 +0100] "GET / HTTP/1.1" 200 4014 "http://www.sim-bler.ru/" "Opera/9.0 (Windows NT 5.1; U; en)"
94.153.65.13 - - [19/Mar/2013:04:59:05 +0100] "GET / HTTP/1.1" 200 4014 "http://www.sim-bler.ru/" "Opera/9.0 (Windows NT 5.1; U; en)"
176.9.146.19 - - [19/Mar/2013:05:22:04 +0100] "GET /robots.txt HTTP/1.1" 404 1256 "-" "Mozilla/5.0 (compatible; SISTRIX Crawler; http://crawler.sistrix.net/)"
176.9.146.19 - - [19/Mar/2013:05:22:04 +0100] "GET / HTTP/1.1" 200 4014 "-" "Mozilla/5.0 (compatible; SISTRIX Crawler; http://crawler.sistrix.net/)"
89.108.102.171 - - [19/Mar/2013:05:27:13 +0100] "GET / HTTP/1.1" 200 4014 "http://tovray.ru/" "Mozilla/4.0 (compatible; MSIE 7.0b; Windows NT 6.0)"
89.108.102.171 - - [19/Mar/2013:05:27:17 +0100] "GET / HTTP/1.1" 200 4014 "http://tovray.ru/" "Mozilla/4.0 (compatible; MSIE 7.0b; Windows NT 6.0)"
202.46.56.56 - - [19/Mar/2013:06:03:48 +0100] "GET / HTTP/1.1" 200 4014 "-" "Mozilla/4.0 (compatible; MSIE 7.0; Windows NT 6.0)"
119.63.193.132 - - [19/Mar/2013:06:04:47 +0100] "GET / HTTP/1.1" 200 4014 "-" "Mozilla/4.0 (compatible; MSIE 7.0; Windows NT 6.0)"
66.249.75.125 - - [19/Mar/2013:06:14:06 +0100] "GET /01.swf HTTP/1.1" 200 36918 "-" "DoCoMo/2.0 N905i(c100;TB;W24H16) (compatible; Googlebot-Mobile/2.1; +http://www.google.com/bot.html)"
141.8.147.12 - - [19/Mar/2013:08:17:46 +0100] "GET / HTTP/1.1" 200 4014 "-" "Mozilla/5.0 (compatible; YandexBot/3.0; +http://yandex.com/bots)"
141.8.147.12 - - [19/Mar/2013:08:17:58 +0100] "GET /index.html HTTP/1.1" 200 4014 "-" "Mozilla/5.0 (compatible; YandexBot/3.0; +http://yandex.com/bots)"
141.8.147.12 - - [19/Mar/2013:08:18:00 +0100] "GET /index.swf HTTP/1.1" 200 8893 "-" "Mozilla/5.0 (compatible; YandexBot/3.0; +http://yandex.com/bots)"
66.249.75.125 - - [19/Mar/2013:09:25:13 +0100] "GET /robots.txt HTTP/1.1" 404 1256 "-" "Mozilla/5.0 (compatible; Googlebot/2.1; +http://www.google.com/bot.html)"
193.106.136.60 - - [19/Mar/2013:10:05:34 +0100] "GET / HTTP/1.1" 200 4014 "http://www.tostead.ru/" "Mozilla/1.22 (compatible; MSIE 2.0d; Windows NT)"
193.106.136.60 - - [19/Mar/2013:10:05:34 +0100] "GET / HTTP/1.1" 200 4014 "http://www.tostead.ru/" "Mozilla/1.22 (compatible; MSIE 2.0d; Windows NT)"
91.207.9.226 - - [19/Mar/2013:10:11:12 +0100] "GET / HTTP/1.1" 200 4014 "http://muznachas-service.ru/" "Mozilla/4.0 (compatible; MSIE 6.0; Update a; AOL 6.0; Windows 98)"
91.207.9.226 - - [19/Mar/2013:10:11:12 +0100] "GET / HTTP/1.1" 200 4014 "http://muznachas-service.ru/" "Mozilla/4.0 (compatible; MSIE 6.0; Update a; AOL 6.0; Windows 98)"
91.207.9.226 - - [19/Mar/2013:10:11:13 +0100] "GET / HTTP/1.1" 200 4014 "http://muznachas-service.ru/" "Mozilla/4.0 (compatible; MSIE 6.0; Update a; AOL 6.0; Windows 98)"
91.207.6.34 - - [19/Mar/2013:10:32:49 +0100] "GET / HTTP/1.1" 200 4014 "http://www.vse-prostitutki.org/" "Mozilla/4.0 (compatible; MSIE 6.0; Windows NT 5.1; ru) Opera 8.01"
91.207.6.34 - - [19/Mar/2013:10:32:50 +0100] "GET / HTTP/1.1" 200 4014 "http://www.vse-prostitutki.org/" "Mozilla/4.0 (compatible; MSIE 6.0; Windows NT 5.1; ru) Opera 8.01"
91.207.6.34 - - [19/Mar/2013:10:32:50 +0100] "GET / HTTP/1.1" 200 4014 "http://www.vse-prostitutki.org/" "Mozilla/4.0 (compatible; MSIE 6.0; Windows NT 5.1; ru) Opera 8.01"
195.242.218.133 - - [19/Mar/2013:10:38:12 +0100] "GET / HTTP/1.1" 200 4014 "http://emigrant.name/" "Mozilla/4.0 (compatible; MSIE 5.5; Windows 98)"
195.242.218.133 - - [19/Mar/2013:10:38:13 +0100] "GET / HTTP/1.1" 200 4014 "http://emigrant.name/" "Mozilla/4.0 (compatible; MSIE 5.5; Windows 98)"
195.242.218.133 - - [19/Mar/2013:10:38:14 +0100] "GET / HTTP/1.1" 200 4014 "http://emigrant.name/" "Mozilla/4.0 (compatible; MSIE 5.5; Windows 98)"
202.46.61.29 - - [19/Mar/2013:12:00:57 +0100] "GET / HTTP/1.1" 200 4014 "-" "Mozilla/4.0 (compatible; MSIE 7.0; Windows NT 6.0)"
119.63.193.194 - - [19/Mar/2013:12:01:50 +0100] "GET / HTTP/1.1" 200 4014 "-" "Mozilla/4.0 (compatible; MSIE 7.0; Windows NT 6.0)"
91.207.6.34 - - [19/Mar/2013:13:31:57 +0100] "GET / HTTP/1.1" 200 4014 "http://www.prostitutki-omska.org/" "Mozilla/4.0 (compatible; MSIE 6.0; Windows NT 5.1; ru) Opera 8.01"
91.207.6.34 - - [19/Mar/2013:13:31:57 +0100] "GET / HTTP/1.1" 200 4014 "http://www.prostitutki-omska.org/" "Mozilla/4.0 (compatible; MSIE 6.0; Windows NT 5.1; ru) Opera 8.01"
91.207.6.34 - - [19/Mar/2013:13:31:58 +0100] "GET / HTTP/1.1" 200 4014 "http://www.prostitutki-omska.org/" "Mozilla/4.0 (compatible; MSIE 6.0; Windows NT 5.1; ru) Opera 8.01"
157.56.93.224 - - [19/Mar/2013:14:35:33 +0100] "GET /robots.txt HTTP/1.1" 404 1256 "-" "Mozilla/5.0 (compatible; bingbot/2.0; +http://www.bing.com/bingbot.htm)"
157.56.93.224 - - [19/Mar/2013:14:36:59 +0100] "GET / HTTP/1.1" 200 4014 "-" "Mozilla/5.0 (compatible; bingbot/2.0; +http://www.bing.com/bingbot.htm)"
202.46.49.15 - - [19/Mar/2013:18:03:51 +0100] "GET / HTTP/1.1" 200 4014 "-" "Mozilla/4.0 (compatible; MSIE 7.0; Windows NT 6.0)"
119.63.193.131 - - [19/Mar/2013:18:04:47 +0100] "GET / HTTP/1.1" 200 4014 "-" "Mozilla/4.0 (compatible; MSIE 7.0; Windows NT 6.0)"
66.249.76.125 - - [19/Mar/2013:18:58:49 +0100] "GET /robots.txt HTTP/1.1" 404 1256 "-" "Mozilla/5.0 (compatible; Googlebot/2.1; +http://www.google.com/bot.html)"
66.249.76.125 - - [19/Mar/2013:18:58:50 +0100] "GET /index.swf HTTP/1.1" 200 8893 "-" "Mozilla/5.0 (iPhone; U; CPU iPhone OS 4_1 like Mac OS X; en-us) AppleWebKit/532.9 (KHTML, like Gecko) Version/4.0.5 Mobile/8B117 Safari/6531.22.7 (compatible; Googlebot-Mobile/2.1; +http://www.google.com/bot.html)"
157.56.93.224 - - [19/Mar/2013:19:51:12 +0100] "GET /robots.txt HTTP/1.1" 404 1256 "-" "Mozilla/5.0 (compatible; bingbot/2.0; +http://www.bing.com/bingbot.htm)"
157.56.93.224 - - [19/Mar/2013:19:53:02 +0100] "GET / HTTP/1.1" 200 4014 "-" "Mozilla/5.0 (compatible; bingbot/2.0; +http://www.bing.com/bingbot.htm)"
91.207.9.226 - - [19/Mar/2013:21:49:55 +0100] "GET / HTTP/1.1" 200 4014 "http://google-play-android.com/" "Mozilla/3.0 (x86 [en] Windows NT 5.1; Sun)"
91.207.9.226 - - [19/Mar/2013:21:49:55 +0100] "GET / HTTP/1.1" 200 4014 "http://google-play-android.com/" "Mozilla/3.0 (x86 [en] Windows NT 5.1; Sun)"
91.207.9.226 - - [19/Mar/2013:21:49:56 +0100] "GET / HTTP/1.1" 200 4014 "http://google-play-android.com/" "Mozilla/3.0 (x86 [en] Windows NT 5.1; Sun)"
46.119.122.97 - - [19/Mar/2013:23:17:53 +0100] "GET / HTTP/1.1" 200 4014 "http://spb.ceramic.ru/" "Mozilla/4.0 (compatible; MSIE 6.0; Windows NT 5.1; MRA 4.6 (build 01425))"
46.119.122.97 - - [19/Mar/2013:23:17:53 +0100] "GET / HTTP/1.1" 200 4014 "http://spb.ceramic.ru/" "Mozilla/4.0 (compatible; MSIE 6.0; Windows NT 5.1; MRA 4.6 (build 01425))"
46.119.122.97 - - [19/Mar/2013:23:17:53 +0100] "GET / HTTP/1.1" 200 4014 "http://spb.ceramic.ru/" "Mozilla/4.0 (compatible; MSIE 6.0; Windows NT 5.1; MRA 4.6 (build 01425))"
66.249.76.125 - - [19/Mar/2013:23:48:25 +0100] "GET /robots.txt HTTP/1.1" 404 1256 "-" "Mozilla/5.0 (compatible; Googlebot/2.1; +http://www.google.com/bot.html)"
66.249.76.125 - - [19/Mar/2013:23:48:25 +0100] "GET /09a.html HTTP/1.1" 200 2065 "-" "SAMSUNG-SGH-E250/1.0 Profile/MIDP-2.0 Configuration/CLDC-1.1 UP.Browser/6.2.3.3.c.1.101 (GUI) MMP/2.0 (compatible; Googlebot-Mobile/2.1; +http://www.google.com/bot.html)"
202.46.58.22 - - [20/Mar/2013:00:02:10 +0100] "GET / HTTP/1.1" 200 4014 "-" "Mozilla/4.0 (compatible; MSIE 7.0; Windows NT 6.0)"
119.63.193.194 - - [20/Mar/2013:00:03:06 +0100] "GET / HTTP/1.1" 200 4014 "-" "Mozilla/4.0 (compatible; MSIE 7.0; Windows NT 6.0)"
66.249.76.125 - - [20/Mar/2013:05:09:57 +0100] "GET /02.swf HTTP/1.1" 200 19509 "-" "DoCoMo/2.0 N905i(c100;TB;W24H16) (compatible; Googlebot-Mobile/2.1; +http://www.google.com/bot.html)"
202.46.56.56 - - [20/Mar/2013:06:03:15 +0100] "GET / HTTP/1.1" 200 4014 "-" "Mozilla/4.0 (compatible; MSIE 7.0; Windows NT 6.0)"
119.63.193.194 - - [20/Mar/2013:06:04:13 +0100] "GET / HTTP/1.1" 200 4014 "-" "Mozilla/4.0 (compatible; MSIE 7.0; Windows NT 6.0)"
217.233.198.204 - - [20/Mar/2013:07:20:29 +0100] "GET /04.html HTTP/1.1" 200 1988 "-" "Mozilla/5.0 (Windows NT 6.1; WOW64; rv:19.0) Gecko/20100101 Firefox/19.0"
217.233.198.204 - - [20/Mar/2013:07:20:29 +0100] "GET /AC_RunActiveContent.js HTTP/1.1" 200 8029 "http://www.dialyse-waldbronn.de/04.html" "Mozilla/5.0 (Windows NT 6.1; WOW64; rv:19.0) Gecko/20100101 Firefox/19.0"
217.233.198.204 - - [20/Mar/2013:07:20:31 +0100] "GET /favicon.ico HTTP/1.1" 404 1256 "-" "Mozilla/5.0 (Windows NT 6.1; WOW64; rv:19.0) Gecko/20100101 Firefox/19.0"
217.233.198.204 - - [20/Mar/2013:07:20:31 +0100] "GET /04.swf HTTP/1.1" 200 20526 "http://www.dialyse-waldbronn.de/04.html" "Mozilla/5.0 (Windows NT 6.1; WOW64; rv:19.0) Gecko/20100101 Firefox/19.0"
217.233.198.204 - - [20/Mar/2013:07:22:05 +0100] "GET /00themen00.html HTTP/1.1" 200 2236 "http://www.dialyse-waldbronn.de/04.html" "Mozilla/5.0 (Windows NT 6.1; WOW64; rv:19.0) Gecko/20100101 Firefox/19.0"
217.233.198.204 - - [20/Mar/2013:07:22:05 +0100] "GET /00themen00.swf HTTP/1.1" 200 12608 "http://www.dialyse-waldbronn.de/00themen00.html" "Mozilla/5.0 (Windows NT 6.1; WOW64; rv:19.0) Gecko/20100101 Firefox/19.0"
217.233.198.204 - - [20/Mar/2013:07:22:08 +0100] "GET /01.html HTTP/1.1" 200 1988 "http://www.dialyse-waldbronn.de/00themen00.html" "Mozilla/5.0 (Windows NT 6.1; WOW64; rv:19.0) Gecko/20100101 Firefox/19.0"
217.233.198.204 - - [20/Mar/2013:07:22:08 +0100] "GET /01.swf HTTP/1.1" 200 36918 "http://www.dialyse-waldbronn.de/01.html" "Mozilla/5.0 (Windows NT 6.1; WOW64; rv:19.0) Gecko/20100101 Firefox/19.0"
157.56.93.224 - - [20/Mar/2013:07:55:48 +0100] "GET /robots.txt HTTP/1.1" 404 1256 "-" "Mozilla/5.0 (compatible; bingbot/2.0; +http://www.bing.com/bingbot.htm)"
157.56.93.224 - - [20/Mar/2013:07:57:38 +0100] "GET / HTTP/1.1" 200 4014 "-" "Mozilla/5.0 (compatible; bingbot/2.0; +http://www.bing.com/bingbot.htm)"
202.46.49.16 - - [20/Mar/2013:08:09:24 +0100] "GET / HTTP/1.1" 200 4014 "-" "Mozilla/4.0 (compatible; MSIE 7.0; Windows NT 6.0)"
119.63.193.195 - - [20/Mar/2013:08:10:33 +0100] "GET / HTTP/1.1" 200 4014 "-" "Mozilla/4.0 (compatible; MSIE 7.0; Windows NT 6.0)"
109.120.157.179 - - [20/Mar/2013:08:42:51 +0100] "GET / HTTP/1.1" 200 4014 "http://planovik.ru/" "Mozilla/5.0 (compatible; Add Catalog/2.1;)"
109.120.157.179 - - [20/Mar/2013:08:42:51 +0100] "GET / HTTP/1.1" 200 4014 "http://planovik.ru/" "Mozilla/5.0 (compatible; Add Catalog/2.1;)"
91.207.9.226 - - [20/Mar/2013:10:06:49 +0100] "GET / HTTP/1.1" 200 4014 "http://remont-fridge-tv.ru/" "Mozilla/4.0 (compatible; MSIE 6.0; Windows NT 5.0; Avant Browser [avantbrowser.com]; Hotbar 4.4.5.0)"
91.207.9.226 - - [20/Mar/2013:10:06:50 +0100] "GET / HTTP/1.1" 200 4014 "http://remont-fridge-tv.ru/" "Mozilla/4.0 (compatible; MSIE 6.0; Windows NT 5.0; Avant Browser [avantbrowser.com]; Hotbar 4.4.5.0)"
91.207.9.226 - - [20/Mar/2013:10:06:50 +0100] "GET / HTTP/1.1" 200 4014 "http://remont-fridge-tv.ru/" "Mozilla/4.0 (compatible; MSIE 6.0; Windows NT 5.0; Avant Browser [avantbrowser.com]; Hotbar 4.4.5.0)"
202.46.61.22 - - [20/Mar/2013:12:01:47 +0100] "GET / HTTP/1.1" 200 4014 "-" "Mozilla/4.0 (compatible; MSIE 7.0; Windows NT 6.0)"
119.63.193.132 - - [20/Mar/2013:12:02:41 +0100] "GET / HTTP/1.1" 200 4014 "-" "Mozilla/4.0 (compatible; MSIE 7.0; Windows NT 6.0)"
91.207.4.186 - - [20/Mar/2013:13:44:41 +0100] "GET / HTTP/1.1" 200 4014 "http://regimena.ru/" "Mozilla/3.0 (x86 [en] Windows NT 5.1; Sun)"
91.207.4.186 - - [20/Mar/2013:13:44:42 +0100] "GET / HTTP/1.1" 200 4014 "http://regimena.ru/" "Mozilla/3.0 (x86 [en] Windows NT 5.1; Sun)"
91.207.4.186 - - [20/Mar/2013:13:44:42 +0100] "GET / HTTP/1.1" 200 4014 "http://regimena.ru/" "Mozilla/3.0 (x86 [en] Windows NT 5.1; Sun)"
193.106.136.60 - - [20/Mar/2013:13:52:24 +0100] "GET / HTTP/1.1" 200 4014 "http://sitetourism.com/" "Mozilla/3.0 (x86 [en] Windows NT 5.1; Sun)"
193.106.136.60 - - [20/Mar/2013:13:52:25 +0100] "GET / HTTP/1.1" 200 4014 "http://sitetourism.com/" "Mozilla/3.0 (x86 [en] Windows NT 5.1; Sun)"
66.249.76.125 - - [20/Mar/2013:16:49:31 +0100] "GET /robots.txt HTTP/1.1" 404 1256 "-" "Mozilla/5.0 (compatible; Googlebot/2.1; +http://www.google.com/bot.html)"
66.249.76.125 - - [20/Mar/2013:16:49:32 +0100] "GET / HTTP/1.1" 200 4014 "-" "Mozilla/5.0 (iPhone; U; CPU iPhone OS 4_1 like Mac OS X; en-us) AppleWebKit/532.9 (KHTML, like Gecko) Version/4.0.5 Mobile/8B117 Safari/6531.22.7 (compatible; Googlebot-Mobile/2.1; +http://www.google.com/bot.html)"
202.46.57.63 - - [20/Mar/2013:18:04:50 +0100] "GET / HTTP/1.1" 200 4014 "-" "Mozilla/4.0 (compatible; MSIE 7.0; Windows NT 6.0)"
119.63.193.195 - - [20/Mar/2013:18:05:52 +0100] "GET / HTTP/1.1" 200 4014 "-" "Mozilla/4.0 (compatible; MSIE 7.0; Windows NT 6.0)"
91.207.4.186 - - [20/Mar/2013:19:00:36 +0100] "GET / HTTP/1.1" 200 4014 "http://lineage2club.ru/" "Mozilla/4.0 (compatible; MSIE 7.0; Windows NT 5.1; SV1; .NET CLR 2.0.50727)"
91.207.4.186 - - [20/Mar/2013:19:00:40 +0100] "GET / HTTP/1.1" 200 4014 "http://lineage2club.ru/" "Mozilla/4.0 (compatible; MSIE 7.0; Windows NT 5.1; SV1; .NET CLR 2.0.50727)"
91.207.4.186 - - [20/Mar/2013:19:00:40 +0100] "GET / HTTP/1.1" 200 4014 "http://lineage2club.ru/" "Mozilla/4.0 (compatible; MSIE 7.0; Windows NT 5.1; SV1; .NET CLR 2.0.50727)"
91.207.4.186 - - [20/Mar/2013:19:01:02 +0100] "GET / HTTP/1.1" 200 4014 "http://glavprofit.ru/" "Mozilla/4.0 (compatible; MSIE 7.0; Windows NT 5.1; SV1; .NET CLR 2.0.50727)"
91.207.4.186 - - [20/Mar/2013:19:01:02 +0100] "GET / HTTP/1.1" 200 4014 "http://glavprofit.ru/" "Mozilla/4.0 (compatible; MSIE 7.0; Windows NT 5.1; SV1; .NET CLR 2.0.50727)"
91.207.4.186 - - [20/Mar/2013:19:01:03 +0100] "GET / HTTP/1.1" 200 4014 "http://glavprofit.ru/" "Mozilla/4.0 (compatible; MSIE 7.0; Windows NT 5.1; SV1; .NET CLR 2.0.50727)"
157.56.93.224 - - [20/Mar/2013:20:03:14 +0100] "GET /robots.txt HTTP/1.1" 404 1256 "-" "Mozilla/5.0 (compatible; bingbot/2.0; +http://www.bing.com/bingbot.htm)"
157.56.93.224 - - [20/Mar/2013:20:04:51 +0100] "GET / HTTP/1.1" 200 4014 "-" "Mozilla/5.0 (compatible; bingbot/2.0; +http://www.bing.com/bingbot.htm)"
92.249.127.111 - - [20/Mar/2013:22:17:56 +0100] "GET / HTTP/1.1" 200 4014 "http://gilina.ru/" "Mozilla/5.0 (compatible; news bot /2.1)"
92.249.127.111 - - [20/Mar/2013:22:17:56 +0100] "GET / HTTP/1.1" 200 4014 "http://gilina.ru/" "Mozilla/5.0 (compatible; news bot /2.1)"
92.249.127.111 - - [20/Mar/2013:22:17:57 +0100] "GET / HTTP/1.1" 200 4014 "http://gilina.ru/" "Mozilla/5.0 (compatible; news bot /2.1)"
46.119.122.97 - - [20/Mar/2013:23:59:52 +0100] "GET / HTTP/1.1" 200 4014 "http://www.informator.com.ua/" "Mozilla/4.0 (compatible; MSIE 6.0; Windows XP)"
46.119.122.97 - - [20/Mar/2013:23:59:55 +0100] "GET / HTTP/1.1" 200 4014 "http://www.informator.com.ua/" "Mozilla/4.0 (compatible; MSIE 6.0; Windows XP)"
46.119.122.97 - - [20/Mar/2013:23:59:56 +0100] "GET / HTTP/1.1" 200 4014 "http://www.informator.com.ua/" "Mozilla/4.0 (compatible; MSIE 6.0; Windows XP)"
202.46.54.120 - - [21/Mar/2013:00:03:07 +0100] "GET / HTTP/1.1" 200 4014 "-" "Mozilla/4.0 (compatible; MSIE 7.0; Windows NT 6.0)"
119.63.193.196 - - [21/Mar/2013:00:04:03 +0100] "GET / HTTP/1.1" 200 4014 "-" "Mozilla/4.0 (compatible; MSIE 7.0; Windows NT 6.0)"
91.207.6.34 - - [21/Mar/2013:00:57:18 +0100] "GET / HTTP/1.1" 200 4014 "http://www.prostitutki-odessa.org/" "Mozilla/4.0 (compatible; MSIE 6.0; Windows NT 5.1; SV1; InfoPath.1"
91.207.6.34 - - [21/Mar/2013:00:57:19 +0100] "GET / HTTP/1.1" 200 4014 "http://www.prostitutki-odessa.org/" "Mozilla/4.0 (compatible; MSIE 6.0; Windows NT 5.1; SV1; InfoPath.1"
91.207.6.34 - - [21/Mar/2013:00:57:19 +0100] "GET / HTTP/1.1" 200 4014 "http://www.prostitutki-odessa.org/" "Mozilla/4.0 (compatible; MSIE 6.0; Windows NT 5.1; SV1; InfoPath.1"
66.249.76.125 - - [21/Mar/2013:02:00:01 +0100] "GET /robots.txt HTTP/1.1" 404 1256 "-" "Mozilla/5.0 (compatible; Googlebot/2.1; +http://www.google.com/bot.html)"
66.249.76.125 - - [21/Mar/2013:02:00:01 +0100] "GET /04waldbronn.html HTTP/1.1" 200 2092 "-" "SAMSUNG-SGH-E250/1.0 Profile/MIDP-2.0 Configuration/CLDC-1.1 UP.Browser/6.2.3.3.c.1.101 (GUI) MMP/2.0 (compatible; Googlebot-Mobile/2.1; +http://www.google.com/bot.html)"
46.119.122.97 - - [21/Mar/2013:02:48:30 +0100] "GET / HTTP/1.1" 200 4014 "http://uslugi-buhgalter.ru/" "Mozilla/4.0 (compatible; MSIE 6.0; Windows NT 5.1; SV1; Media Center PC"
46.119.122.97 - - [21/Mar/2013:02:48:31 +0100] "GET / HTTP/1.1" 200 4014 "http://uslugi-buhgalter.ru/" "Mozilla/4.0 (compatible; MSIE 6.0; Windows NT 5.1; SV1; Media Center PC"
46.119.122.97 - - [21/Mar/2013:02:48:31 +0100] "GET / HTTP/1.1" 200 4014 "http://uslugi-buhgalter.ru/" "Mozilla/4.0 (compatible; MSIE 6.0; Windows NT 5.1; SV1; Media Center PC"
46.119.122.97 - - [21/Mar/2013:02:48:31 +0100] "GET / HTTP/1.1" 200 4014 "http://www.modx.cc/" "Mozilla/4.0 (compatible; MSIE 6.0; Windows NT 5.1; SV1; Media Center PC"
46.119.122.97 - - [21/Mar/2013:02:48:32 +0100] "GET / HTTP/1.1" 200 4014 "http://www.modx.cc/" "Mozilla/4.0 (compatible; MSIE 6.0; Windows NT 5.1; SV1; Media Center PC"
46.119.122.97 - - [21/Mar/2013:02:48:32 +0100] "GET / HTTP/1.1" 200 4014 "http://www.modx.cc/" "Mozilla/4.0 (compatible; MSIE 6.0; Windows NT 5.1; SV1; Media Center PC"
91.207.9.226 - - [21/Mar/2013:03:06:58 +0100] "GET / HTTP/1.1" 200 4014 "http://android-source.ru/" "Mozilla/4.0 (compatible; MSIE 6.0; Windows NT 5.1; KKman2.0)"
91.207.9.226 - - [21/Mar/2013:03:06:58 +0100] "GET / HTTP/1.1" 200 4014 "http://android-source.ru/" "Mozilla/4.0 (compatible; MSIE 6.0; Windows NT 5.1; KKman2.0)"
91.207.9.226 - - [21/Mar/2013:03:07:01 +0100] "GET / HTTP/1.1" 200 4014 "http://android-source.ru/" "Mozilla/4.0 (compatible; MSIE 6.0; Windows NT 5.1; KKman2.0)"
94.153.64.159 - - [21/Mar/2013:04:05:03 +0100] "GET / HTTP/1.1" 200 4014 "http://www.sim-bler.ru/" "Opera/9.0 (Windows NT 5.1; U; en)"
94.153.64.159 - - [21/Mar/2013:04:05:03 +0100] "GET / HTTP/1.1" 200 4014 "http://www.yamax.ru/" "Mozilla/4.0 (compatible; MSIE 6.0; Windows NT 5.1; SV1; .NET CLR 1.1.4322)"
94.153.64.159 - - [21/Mar/2013:04:05:04 +0100] "GET / HTTP/1.1" 200 4014 "http://cafemam.ru/" "Mozilla/4.0 (compatible; MSIE 6.0; Windows NT 5.1)"
94.153.64.159 - - [21/Mar/2013:04:05:04 +0100] "GET / HTTP/1.1" 200 4014 "http://www.yamax.ru/" "Mozilla/4.0 (compatible; MSIE 6.0; Windows NT 5.1; SV1; .NET CLR 1.1.4322)"
94.153.64.159 - - [21/Mar/2013:04:05:05 +0100] "GET / HTTP/1.1" 200 4014 "http://www.yamax.ru/" "Mozilla/4.0 (compatible; MSIE 6.0; Windows NT 5.1; SV1; .NET CLR 1.1.4322)"
94.153.64.159 - - [21/Mar/2013:04:05:05 +0100] "GET / HTTP/1.1" 200 4014 "http://cafemam.ru/" "Mozilla/4.0 (compatible; MSIE 6.0; Windows NT 5.1)"
94.153.64.159 - - [21/Mar/2013:04:05:06 +0100] "GET / HTTP/1.1" 200 4014 "http://cafemam.ru/" "Mozilla/4.0 (compatible; MSIE 6.0; Windows NT 5.1)"
66.249.76.125 - - [21/Mar/2013:04:30:07 +0100] "GET /04.swf HTTP/1.1" 200 20526 "-" "DoCoMo/2.0 N905i(c100;TB;W24H16) (compatible; Googlebot-Mobile/2.1; +http://www.google.com/bot.html)"
66.249.76.125 - - [21/Mar/2013:04:48:03 +0100] "GET / HTTP/1.1" 200 4014 "-" "Mozilla/5.0 (iPhone; U; CPU iPhone OS 4_1 like Mac OS X; en-us) AppleWebKit/532.9 (KHTML, like Gecko) Version/4.0.5 Mobile/8B117 Safari/6531.22.7 (compatible; Googlebot-Mobile/2.1; +http://www.google.com/bot.html)"
141.8.147.12 - - [21/Mar/2013:05:30:51 +0100] "GET /robots.txt HTTP/1.1" 404 1256 "-" "Mozilla/5.0 (compatible; YandexBot/3.0; +http://yandex.com/bots)"
202.46.59.49 - - [21/Mar/2013:06:04:36 +0100] "GET / HTTP/1.1" 200 4014 "-" "Mozilla/4.0 (compatible; MSIE 7.0; Windows NT 6.0)"
119.63.193.195 - - [21/Mar/2013:06:05:33 +0100] "GET / HTTP/1.1" 200 4014 "-" "Mozilla/4.0 (compatible; MSIE 7.0; Windows NT 6.0)"
141.8.147.12 - - [21/Mar/2013:06:21:52 +0100] "GET / HTTP/1.1" 200 4014 "-" "Mozilla/5.0 (compatible; YandexBot/3.0; +http://yandex.com/bots)"
141.8.147.12 - - [21/Mar/2013:06:22:38 +0100] "GET /index.swf HTTP/1.1" 200 8893 "-" "Mozilla/5.0 (compatible; YandexBot/3.0; +http://yandex.com/bots)"
157.56.93.224 - - [21/Mar/2013:08:23:35 +0100] "GET /robots.txt HTTP/1.1" 404 1256 "-" "Mozilla/5.0 (compatible; bingbot/2.0; +http://www.bing.com/bingbot.htm)"
157.56.93.224 - - [21/Mar/2013:08:25:02 +0100] "GET / HTTP/1.1" 200 4014 "-" "Mozilla/5.0 (compatible; bingbot/2.0; +http://www.bing.com/bingbot.htm)"
66.249.76.125 - - [21/Mar/2013:08:54:09 +0100] "GET /09a.html HTTP/1.1" 304 - "-" "Mozilla/5.0 (compatible; Googlebot/2.1; +http://www.google.com/bot.html)"
91.207.4.186 - - [21/Mar/2013:09:15:07 +0100] "GET / HTTP/1.1" 200 4014 "http://call-sex.ru/" "Mozilla/4.0 (compatible; MSIE 7.0b; Windows NT 6.0 ; .NET CLR 2.0.50215; SL Commerce Client v1.0; Tablet PC 2.0"
91.207.4.186 - - [21/Mar/2013:09:15:08 +0100] "GET / HTTP/1.1" 200 4014 "http://call-sex.ru/" "Mozilla/4.0 (compatible; MSIE 7.0b; Windows NT 6.0 ; .NET CLR 2.0.50215; SL Commerce Client v1.0; Tablet PC 2.0"
91.207.4.186 - - [21/Mar/2013:09:15:09 +0100] "GET / HTTP/1.1" 200 4014 "http://call-sex.ru/" "Mozilla/4.0 (compatible; MSIE 7.0b; Windows NT 6.0 ; .NET CLR 2.0.50215; SL Commerce Client v1.0; Tablet PC 2.0"
157.56.93.224 - - [21/Mar/2013:09:35:58 +0100] "GET /robots.txt HTTP/1.1" 404 1256 "-" "Mozilla/5.0 (compatible; bingbot/2.0; +http://www.bing.com/bingbot.htm)"
157.56.93.224 - - [21/Mar/2013:09:38:04 +0100] "GET / HTTP/1.1" 304 - "-" "Mozilla/5.0 (compatible; bingbot/2.0; +http://www.bing.com/bingbot.htm)"
202.46.62.29 - - [21/Mar/2013:12:01:53 +0100] "GET / HTTP/1.1" 200 4014 "-" "Mozilla/4.0 (compatible; MSIE 7.0; Windows NT 6.0)"
119.63.193.196 - - [21/Mar/2013:12:02:46 +0100] "GET / HTTP/1.1" 200 4014 "-" "Mozilla/4.0 (compatible; MSIE 7.0; Windows NT 6.0)"
66.249.76.125 - - [21/Mar/2013:13:05:52 +0100] "GET / HTTP/1.1" 200 4014 "-" "Mozilla/5.0 (compatible; Googlebot/2.1; +http://www.google.com/bot.html)"
91.207.6.34 - - [21/Mar/2013:14:17:22 +0100] "GET / HTTP/1.1" 200 4014 "http://www.prostitutki-izhevska.org/" "Mozilla/4.0 (compatible; MSIE 6.0; Windows NT 5.1; SV1)"
91.207.6.34 - - [21/Mar/2013:14:17:23 +0100] "GET / HTTP/1.1" 200 4014 "http://www.prostitutki-izhevska.org/" "Mozilla/4.0 (compatible; MSIE 6.0; Windows NT 5.1; SV1)"
91.207.6.34 - - [21/Mar/2013:14:17:23 +0100] "GET / HTTP/1.1" 200 4014 "http://www.prostitutki-izhevska.org/" "Mozilla/4.0 (compatible; MSIE 6.0; Windows NT 5.1; SV1)"
134.3.131.45 - - [21/Mar/2013:17:34:59 +0100] "GET / HTTP/1.1" 200 4014 "http://www.google.com/url?sa=t&rct=j&q=dialysezentrum%20waldbronn&source=web&cd=1&ved=0CDEQFjAA&url=http%3A%2F%2Fwww.dialyse-waldbronn.de%2F&ei=gDZLUYyNMYLRtAas2oCwCA&usg=AFQjCNHEX_ZQroPS8hwDzjOxqVHmV6iDWw" "Mozilla/5.0 (iPad; CPU OS 6_1_2 like Mac OS X) AppleWebKit/536.26 (KHTML, like Gecko) Version/6.0 Mobile/10B146 Safari/8536.25"
134.3.131.45 - - [21/Mar/2013:17:34:59 +0100] "GET /back.jpg HTTP/1.1" 404 1256 "http://www.dialyse-waldbronn.de/" "Mozilla/5.0 (iPad; CPU OS 6_1_2 like Mac OS X) AppleWebKit/536.26 (KHTML, like Gecko) Version/6.0 Mobile/10B146 Safari/8536.25"
202.46.56.54 - - [21/Mar/2013:18:04:56 +0100] "GET / HTTP/1.1" 200 4014 "-" "Mozilla/4.0 (compatible; MSIE 7.0; Windows NT 6.0)"
119.63.193.130 - - [21/Mar/2013:18:05:55 +0100] "GET / HTTP/1.1" 200 4014 "-" "Mozilla/4.0 (compatible; MSIE 7.0; Windows NT 6.0)"
193.106.136.60 - - [21/Mar/2013:18:17:31 +0100] "GET / HTTP/1.1" 200 4014 "http://www.odeialo.ru/" "Mozilla/4.0 (compatible; MSIE 6.0; Windows NT 5.0; Avant Browser [avantbrowser.com]; Hotbar 4.4.5.0)"
193.106.136.60 - - [21/Mar/2013:18:17:32 +0100] "GET / HTTP/1.1" 200 4014 "http://www.odeialo.ru/" "Mozilla/4.0 (compatible; MSIE 6.0; Windows NT 5.0; Avant Browser [avantbrowser.com]; Hotbar 4.4.5.0)"
66.249.73.7 - - [21/Mar/2013:20:10:42 +0100] "GET /robots.txt HTTP/1.1" 404 1256 "-" "Mozilla/5.0 (compatible; Googlebot/2.1; +http://www.google.com/bot.html)"
66.249.73.7 - - [21/Mar/2013:20:10:42 +0100] "GET /09a.html HTTP/1.1" 304 - "-" "Mozilla/5.0 (iPhone; U; CPU iPhone OS 4_1 like Mac OS X; en-us) AppleWebKit/532.9 (KHTML, like Gecko) Version/4.0.5 Mobile/8B117 Safari/6531.22.7 (compatible; Googlebot-Mobile/2.1; +http://www.google.com/bot.html)"
157.56.93.224 - - [21/Mar/2013:20:16:56 +0100] "GET /robots.txt HTTP/1.1" 404 1256 "-" "Mozilla/5.0 (compatible; bingbot/2.0; +http://www.bing.com/bingbot.htm)"
157.56.93.224 - - [21/Mar/2013:20:18:39 +0100] "GET / HTTP/1.1" 200 4014 "-" "Mozilla/5.0 (compatible; bingbot/2.0; +http://www.bing.com/bingbot.htm)"
176.9.117.179 - - [21/Mar/2013:21:11:30 +0100] "GET /robots.txt HTTP/1.1" 404 1256 "-" "Mozilla/5.0 (compatible; SearchmetricsBot; http://www.searchmetrics.com/en/searchmetrics-bot/)"
176.9.117.179 - - [21/Mar/2013:21:11:30 +0100] "GET / HTTP/1.1" 200 4014 "-" "Mozilla/5.0 (compatible; SearchmetricsBot; http://www.searchmetrics.com/en/searchmetrics-bot/)"
66.249.73.7 - - [21/Mar/2013:23:20:36 +0100] "GET /07.swf HTTP/1.1" 200 22237 "-" "SAMSUNG-SGH-E250/1.0 Profile/MIDP-2.0 Configuration/CLDC-1.1 UP.Browser/6.2.3.3.c.1.101 (GUI) MMP/2.0 (compatible; Googlebot-Mobile/2.1; +http://www.google.com/bot.html)"
131.253.24.70 - - [22/Mar/2013:00:03:47 +0100] "GET / HTTP/1.1" 200 4014 "-" "Mozilla/4.0 (compatible; MSIE 7.0; Windows NT 5.1; SV1; .NET CLR 1.1.4322; .NET CLR 2.0.50727)"
131.253.24.70 - - [22/Mar/2013:00:03:50 +0100] "GET /index.swf HTTP/1.1" 200 8893 "-" "contype"
131.253.24.70 - - [22/Mar/2013:00:03:52 +0100] "GET /index.swf HTTP/1.1" 206 8893 "http://www.dialyse-waldbronn.de/" "Mozilla/4.0 (compatible; MSIE 7.0; Windows NT 5.1; SV1; .NET CLR 1.1.4322; .NET CLR 2.0.50727)"
66.249.73.7 - - [22/Mar/2013:01:20:51 +0100] "GET /07.swf HTTP/1.1" 200 22237 "-" "SAMSUNG-SGH-E250/1.0 Profile/MIDP-2.0 Configuration/CLDC-1.1 UP.Browser/6.2.3.3.c.1.101 (GUI) MMP/2.0 (compatible; Googlebot-Mobile/2.1; +http://www.google.com/bot.html)"
66.249.73.7 - - [22/Mar/2013:02:26:37 +0100] "GET /05.swf HTTP/1.1" 200 44441 "-" "DoCoMo/2.0 N905i(c100;TB;W24H16) (compatible; Googlebot-Mobile/2.1; +http://www.google.com/bot.html)"
91.207.6.34 - - [22/Mar/2013:02:49:57 +0100] "GET / HTTP/1.1" 200 4014 "http://www.vse-prostitutki.org/" "Mozilla/4.0 (compatible; MSIE 6.0; Windows NT 5.1; ru) Opera 8.01"
91.207.6.34 - - [22/Mar/2013:02:49:57 +0100] "GET / HTTP/1.1" 200 4014 "http://www.vse-prostitutki.org/" "Mozilla/4.0 (compatible; MSIE 6.0; Windows NT 5.1; ru) Opera 8.01"
91.207.6.34 - - [22/Mar/2013:02:49:58 +0100] "GET / HTTP/1.1" 200 4014 "http://www.vse-prostitutki.org/" "Mozilla/4.0 (compatible; MSIE 6.0; Windows NT 5.1; ru) Opera 8.01"
122.150.230.32 - - [22/Mar/2013:02:52:55 +0100] "GET / HTTP/1.0" 200 4014 "-" "Mozilla/4.0 (compatible; MSIE 6.0; Windows NT 5.1)"
202.46.55.23 - - [22/Mar/2013:06:04:39 +0100] "GET / HTTP/1.1" 200 4014 "-" "Mozilla/4.0 (compatible; MSIE 7.0; Windows NT 6.0)"
119.63.193.194 - - [22/Mar/2013:06:05:37 +0100] "GET / HTTP/1.1" 200 4014 "-" "Mozilla/4.0 (compatible; MSIE 7.0; Windows NT 6.0)"
141.8.147.12 - - [22/Mar/2013:07:35:42 +0100] "GET /robots.txt HTTP/1.1" 404 1256 "-" "Mozilla/5.0 (compatible; YandexBot/3.0; +http://yandex.com/bots)"
157.56.93.224 - - [22/Mar/2013:08:12:42 +0100] "GET /robots.txt HTTP/1.1" 404 1256 "-" "Mozilla/5.0 (compatible; bingbot/2.0; +http://www.bing.com/bingbot.htm)"
157.56.93.224 - - [22/Mar/2013:08:14:20 +0100] "GET / HTTP/1.1" 200 4014 "-" "Mozilla/5.0 (compatible; bingbot/2.0; +http://www.bing.com/bingbot.htm)"
202.46.61.25 - - [22/Mar/2013:12:02:29 +0100] "GET / HTTP/1.1" 200 4014 "-" "Mozilla/4.0 (compatible; MSIE 7.0; Windows NT 6.0)"
119.63.193.195 - - [22/Mar/2013:12:03:22 +0100] "GET / HTTP/1.1" 200 4014 "-" "Mozilla/4.0 (compatible; MSIE 7.0; Windows NT 6.0)"
141.8.147.12 - - [22/Mar/2013:13:53:18 +0100] "GET /robots.txt HTTP/1.1" 404 1256 "-" "Mozilla/5.0 (compatible; YandexBot/3.0; +http://yandex.com/bots)"
91.207.6.34 - - [22/Mar/2013:14:59:01 +0100] "GET / HTTP/1.1" 200 4014 "http://www.prostitutki-omska.org/" "Mozilla/4.0 (compatible; MSIE 6.0; Windows NT 5.1; ru) Opera 8.01"
91.207.6.34 - - [22/Mar/2013:14:59:01 +0100] "GET / HTTP/1.1" 200 4014 "http://www.prostitutki-omska.org/" "Mozilla/4.0 (compatible; MSIE 6.0; Windows NT 5.1; ru) Opera 8.01"
91.207.6.34 - - [22/Mar/2013:14:59:01 +0100] "GET / HTTP/1.1" 200 4014 "http://www.prostitutki-omska.org/" "Mozilla/4.0 (compatible; MSIE 6.0; Windows NT 5.1; ru) Opera 8.01"
66.249.73.7 - - [22/Mar/2013:15:23:52 +0100] "GET /robots.txt HTTP/1.1" 404 1256 "-" "Mozilla/5.0 (compatible; Googlebot/2.1; +http://www.google.com/bot.html)"
66.249.73.7 - - [22/Mar/2013:15:23:53 +0100] "GET /index.html HTTP/1.1" 304 - "-" "Mozilla/5.0 (compatible; Googlebot/2.1; +http://www.google.com/bot.html)"
66.249.73.7 - - [22/Mar/2013:15:44:51 +0100] "GET / HTTP/1.1" 200 4014 "-" "Mozilla/5.0 (iPhone; U; CPU iPhone OS 4_1 like Mac OS X; en-us) AppleWebKit/532.9 (KHTML, like Gecko) Version/4.0.5 Mobile/8B117 Safari/6531.22.7 (compatible; Googlebot-Mobile/2.1; +http://www.google.com/bot.html)"
91.207.9.226 - - [22/Mar/2013:16:05:59 +0100] "GET / HTTP/1.1" 200 4014 "http://admforum.ru/" "Mozilla/4.61 [en] (X11; U; ) - BrowseX (2.0.0 Windows)"
91.207.9.226 - - [22/Mar/2013:16:06:01 +0100] "GET / HTTP/1.1" 200 4014 "http://admforum.ru/" "Mozilla/4.61 [en] (X11; U; ) - BrowseX (2.0.0 Windows)"
91.207.9.226 - - [22/Mar/2013:16:06:02 +0100] "GET / HTTP/1.1" 200 4014 "http://admforum.ru/" "Mozilla/4.61 [en] (X11; U; ) - BrowseX (2.0.0 Windows)"
66.249.73.7 - - [22/Mar/2013:16:10:04 +0100] "GET / HTTP/1.1" 200 4014 "-" "Mozilla/5.0 (compatible; Googlebot/2.1; +http://www.google.com/bot.html)"
66.249.73.7 - - [22/Mar/2013:17:01:12 +0100] "GET /00themen00.html HTTP/1.1" 304 - "-" "Mozilla/5.0 (iPhone; U; CPU iPhone OS 4_1 like Mac OS X; en-us) AppleWebKit/532.9 (KHTML, like Gecko) Version/4.0.5 Mobile/8B117 Safari/6531.22.7 (compatible; Googlebot-Mobile/2.1; +http://www.google.com/bot.html)"
182.118.25.208 - - [22/Mar/2013:17:34:49 +0100] "GET /robots.txt HTTP/1.1" 404 1256 "http://www.dialyse-waldbronn.de/robots.txt" "Mozilla/5.0 (Windows; U; Windows NT 5.1; zh-CN; rv:1.8.0.11) Firefox/1.5.0.11; 360Spider"
141.8.147.12 - - [22/Mar/2013:17:40:37 +0100] "GET / HTTP/1.1" 200 4014 "-" "Mozilla/5.0 (compatible; YandexBot/3.0; +http://yandex.com/bots)"
141.8.147.12 - - [22/Mar/2013:17:43:14 +0100] "GET /index.swf HTTP/1.1" 200 8893 "-" "Mozilla/5.0 (compatible; YandexBot/3.0; +http://yandex.com/bots)"
202.46.61.27 - - [22/Mar/2013:18:05:37 +0100] "GET / HTTP/1.1" 200 4014 "-" "Mozilla/4.0 (compatible; MSIE 7.0; Windows NT 6.0)"
119.63.193.130 - - [22/Mar/2013:18:06:38 +0100] "GET / HTTP/1.1" 200 4014 "-" "Mozilla/4.0 (compatible; MSIE 7.0; Windows NT 6.0)"
204.12.226.2 - - [22/Mar/2013:18:26:57 +0100] "GET /robots.txt HTTP/1.0" 404 1256 "-" "Mozilla/5.0 (compatible; MJ12bot/v1.4.3; http://www.majestic12.co.uk/bot.php?+)"
204.12.226.2 - - [22/Mar/2013:18:26:59 +0100] "GET / HTTP/1.0" 200 4014 "-" "Mozilla/5.0 (compatible; MJ12bot/v1.4.3; http://www.majestic12.co.uk/bot.php?+)"
91.207.9.226 - - [22/Mar/2013:18:51:22 +0100] "GET / HTTP/1.1" 200 4014 "http://android-superstar.ru/" "Mozilla/4.0 (compatible; MSIE 6.0; Windows NT 5.0; Avant Browser [avantbrowser.com]; Hotbar 4.4.5.0)"
91.207.9.226 - - [22/Mar/2013:18:51:22 +0100] "GET / HTTP/1.1" 200 4014 "http://android-superstar.ru/" "Mozilla/4.0 (compatible; MSIE 6.0; Windows NT 5.0; Avant Browser [avantbrowser.com]; Hotbar 4.4.5.0)"
91.207.9.226 - - [22/Mar/2013:18:51:23 +0100] "GET / HTTP/1.1" 200 4014 "http://android-superstar.ru/" "Mozilla/4.0 (compatible; MSIE 6.0; Windows NT 5.0; Avant Browser [avantbrowser.com]; Hotbar 4.4.5.0)"
46.118.117.249 - - [22/Mar/2013:21:28:34 +0100] "GET / HTTP/1.1" 200 4014 "http://mylandsgame.info/" "Mozilla/4.0 (compatible; MSIE 5.0; Windows 2000) Opera 6.0 [en]"
46.118.117.249 - - [22/Mar/2013:21:28:35 +0100] "GET / HTTP/1.1" 200 4014 "http://mylandsgame.info/" "Mozilla/4.0 (compatible; MSIE 5.0; Windows 2000) Opera 6.0 [en]"
46.118.117.249 - - [22/Mar/2013:21:28:35 +0100] "GET / HTTP/1.1" 200 4014 "http://mylandsgame.info/" "Mozilla/4.0 (compatible; MSIE 5.0; Windows 2000) Opera 6.0 [en]"
182.118.25.210 - - [22/Mar/2013:21:28:58 +0100] "GET /robots.txt HTTP/1.1" 404 1256 "http://www.dialyse-waldbronn.de/robots.txt" "Mozilla/5.0 (Windows; U; Windows NT 5.1; zh-CN; rv:1.8.0.11) Firefox/1.5.0.11; 360Spider"
141.8.147.12 - - [22/Mar/2013:21:36:41 +0100] "GET /index.html HTTP/1.1" 304 - "-" "Mozilla/5.0 (compatible; YandexBot/3.0; +http://yandex.com/bots)"
193.106.136.60 - - [22/Mar/2013:22:06:35 +0100] "GET / HTTP/1.1" 200 4014 "http://sitetourism.com/" "Mozilla/4.0 (compatible; MSIE 6.0; Windows NT 5.1; SV1; .NET CLR 1.0.3705; .NET CLR 1.1.4322; .NET CLR 2.0.40607)"
193.106.136.60 - - [22/Mar/2013:22:06:36 +0100] "GET / HTTP/1.1" 200 4014 "http://sitetourism.com/" "Mozilla/4.0 (compatible; MSIE 6.0; Windows NT 5.1; SV1; .NET CLR 1.0.3705; .NET CLR 1.1.4322; .NET CLR 2.0.40607)"
66.249.76.125 - - [22/Mar/2013:22:14:06 +0100] "GET /robots.txt HTTP/1.1" 404 1256 "-" "Mozilla/5.0 (compatible; Googlebot/2.1; +http://www.google.com/bot.html)"
66.249.76.125 - - [22/Mar/2013:22:14:06 +0100] "GET /00themen00.html HTTP/1.1" 304 - "-" "DoCoMo/2.0 N905i(c100;TB;W24H16) (compatible; Googlebot-Mobile/2.1; +http://www.google.com/bot.html)"
202.46.56.54 - - [23/Mar/2013:00:02:30 +0100] "GET / HTTP/1.1" 200 4014 "-" "Mozilla/4.0 (compatible; MSIE 7.0; Windows NT 6.0)"
119.63.193.195 - - [23/Mar/2013:00:03:23 +0100] "GET / HTTP/1.1" 200 4014 "-" "Mozilla/4.0 (compatible; MSIE 7.0; Windows NT 6.0)"
178.137.5.62 - - [23/Mar/2013:01:31:30 +0100] "GET / HTTP/1.1" 200 4014 "http://www.sim-bler.ru/" "Opera/9.0 (Windows NT 5.1; U; en)"
178.137.5.62 - - [23/Mar/2013:01:31:30 +0100] "GET / HTTP/1.1" 200 4014 "http://www.wallpapers.su/" "Mozilla/4.0 (compatible; MSIE 6.0; Windows NT 5.1; MRA 4.3 (build 01218); .NET CLR 1.1.4322)"
178.137.5.62 - - [23/Mar/2013:01:31:30 +0100] "GET / HTTP/1.1" 200 4014 "http://www.vbesedki.ru/" "Opera/9.0 (Windows NT 5.1; U; en)"
178.137.5.62 - - [23/Mar/2013:01:31:30 +0100] "GET / HTTP/1.1" 200 4014 "http://www.sim-bler.ru/" "Opera/9.0 (Windows NT 5.1; U; en)"
178.137.5.62 - - [23/Mar/2013:01:31:30 +0100] "GET / HTTP/1.1" 200 4014 "http://www.wallpapers.su/" "Mozilla/4.0 (compatible; MSIE 6.0; Windows NT 5.1; MRA 4.3 (build 01218); .NET CLR 1.1.4322)"
178.137.5.62 - - [23/Mar/2013:01:31:30 +0100] "GET / HTTP/1.1" 200 4014 "http://www.vbesedki.ru/" "Opera/9.0 (Windows NT 5.1; U; en)"
178.137.5.62 - - [23/Mar/2013:01:31:31 +0100] "GET / HTTP/1.1" 200 4014 "http://www.wallpapers.su/" "Mozilla/4.0 (compatible; MSIE 6.0; Windows NT 5.1; MRA 4.3 (build 01218); .NET CLR 1.1.4322)"
178.137.5.62 - - [23/Mar/2013:01:31:31 +0100] "GET / HTTP/1.1" 200 4014 "http://www.sim-bler.ru/" "Opera/9.0 (Windows NT 5.1; U; en)"
178.137.5.62 - - [23/Mar/2013:01:31:31 +0100] "GET / HTTP/1.1" 200 4014 "http://www.vbesedki.ru/" "Opera/9.0 (Windows NT 5.1; U; en)"
208.115.111.70 - - [23/Mar/2013:01:44:33 +0100] "GET /robots.txt HTTP/1.1" 404 1256 "-" "Mozilla/5.0 (compatible; Ezooms/1.0; ezooms.bot@gmail.com)"
208.115.111.70 - - [23/Mar/2013:03:24:44 +0100] "GET / HTTP/1.1" 200 4014 "-" "Mozilla/5.0 (compatible; Ezooms/1.0; ezooms.bot@gmail.com)"
66.249.76.125 - - [23/Mar/2013:04:29:32 +0100] "GET / HTTP/1.1" 200 4014 "-" "Mozilla/5.0 (iPhone; U; CPU iPhone OS 4_1 like Mac OS X; en-us) AppleWebKit/532.9 (KHTML, like Gecko) Version/4.0.5 Mobile/8B117 Safari/6531.22.7 (compatible; Googlebot-Mobile/2.1; +http://www.google.com/bot.html)"
46.118.117.249 - - [23/Mar/2013:05:41:33 +0100] "GET / HTTP/1.1" 200 4014 "http://oneweb.ru/" "Mozilla/4.0 (compatible; MSIE 6.0; Windows XP)"
46.118.117.249 - - [23/Mar/2013:05:41:33 +0100] "GET / HTTP/1.1" 200 4014 "http://oneweb.ru/" "Mozilla/4.0 (compatible; MSIE 6.0; Windows XP)"
46.118.117.249 - - [23/Mar/2013:05:41:34 +0100] "GET / HTTP/1.1" 200 4014 "http://oneweb.ru/" "Mozilla/4.0 (compatible; MSIE 6.0; Windows XP)"
202.46.57.81 - - [23/Mar/2013:06:04:57 +0100] "GET / HTTP/1.1" 200 4014 "-" "Mozilla/4.0 (compatible; MSIE 7.0; Windows NT 6.0)"
119.63.193.195 - - [23/Mar/2013:06:05:55 +0100] "GET / HTTP/1.1" 200 4014 "-" "Mozilla/4.0 (compatible; MSIE 7.0; Windows NT 6.0)"
91.207.9.226 - - [23/Mar/2013:08:30:34 +0100] "GET / HTTP/1.1" 200 4014 "http://remont-fridge-tv.ru/" "Mozilla/4.0 (compatible; MSIE 6.0; Windows NT 5.0; Avant Browser [avantbrowser.com]; Hotbar 4.4.5.0)"
91.207.9.226 - - [23/Mar/2013:08:30:35 +0100] "GET / HTTP/1.1" 200 4014 "http://remont-fridge-tv.ru/" "Mozilla/4.0 (compatible; MSIE 6.0; Windows NT 5.0; Avant Browser [avantbrowser.com]; Hotbar 4.4.5.0)"
91.207.9.226 - - [23/Mar/2013:08:30:35 +0100] "GET / HTTP/1.1" 200 4014 "http://remont-fridge-tv.ru/" "Mozilla/4.0 (compatible; MSIE 6.0; Windows NT 5.0; Avant Browser [avantbrowser.com]; Hotbar 4.4.5.0)"
202.46.49.70 - - [23/Mar/2013:12:02:38 +0100] "GET / HTTP/1.1" 200 4014 "-" "Mozilla/4.0 (compatible; MSIE 7.0; Windows NT 6.0)"
119.63.193.195 - - [23/Mar/2013:12:03:30 +0100] "GET / HTTP/1.1" 200 4014 "-" "Mozilla/4.0 (compatible; MSIE 7.0; Windows NT 6.0)"
92.249.127.111 - - [23/Mar/2013:12:34:01 +0100] "GET / HTTP/1.1" 200 4014 "http://gilina.ru/" "Mozilla/5.0 (compatible; news bot /2.1)"
92.249.127.111 - - [23/Mar/2013:12:34:01 +0100] "GET / HTTP/1.1" 200 4014 "http://gilina.ru/" "Mozilla/5.0 (compatible; news bot /2.1)"
92.249.127.111 - - [23/Mar/2013:12:34:01 +0100] "GET / HTTP/1.1" 200 4014 "http://gilina.ru/" "Mozilla/5.0 (compatible; news bot /2.1)"
66.249.76.125 - - [23/Mar/2013:13:09:19 +0100] "GET /robots.txt HTTP/1.1" 404 1256 "-" "Mozilla/5.0 (compatible; Googlebot/2.1; +http://www.google.com/bot.html)"
66.249.76.125 - - [23/Mar/2013:13:09:19 +0100] "GET /04waldbronn.swf HTTP/1.1" 200 20798 "-" "Mozilla/5.0 (compatible; Googlebot/2.1; +http://www.google.com/bot.html)"
66.249.76.125 - - [23/Mar/2013:13:44:34 +0100] "GET /index.swf HTTP/1.1" 200 8893 "-" "DoCoMo/2.0 N905i(c100;TB;W24H16) (compatible; Googlebot-Mobile/2.1; +http://www.google.com/bot.html)"
89.108.102.171 - - [23/Mar/2013:13:45:57 +0100] "GET / HTTP/1.1" 200 4014 "http://wmcash-change.com/" "Mozilla/4.0 (compatible; MSIE 7.0b; Windows NT 6.0)"
89.108.102.171 - - [23/Mar/2013:13:45:58 +0100] "GET / HTTP/1.1" 200 4014 "http://wmcash-change.com/" "Mozilla/4.0 (compatible; MSIE 7.0b; Windows NT 6.0)"
208.90.57.196 - - [23/Mar/2013:14:05:58 +0100] "GET / HTTP/1.1" 200 4014 "-" "Mozilla/5.0 (Macintosh; Intel Mac OS X 10.6; rv:2.0.1) Gecko/20100101 Firefox/4.0.1"
182.118.20.234 - - [23/Mar/2013:14:53:43 +0100] "GET /robots.txt HTTP/1.1" 404 1256 "http://www.dialyse-waldbronn.de/robots.txt" "Mozilla/5.0 (Windows; U; Windows NT 5.1; zh-CN; rv:1.8.0.11) Firefox/1.5.0.11; 360Spider"
91.207.4.186 - - [23/Mar/2013:15:43:54 +0100] "GET / HTTP/1.1" 200 4014 "http://co-travel.ru/" "Mozilla/4.0 (compatible; MSIE 6.0; Windows NT 5.0; Avant Browser [avantbrowser.com]; Hotbar 4.4.5.0)"
91.207.4.186 - - [23/Mar/2013:15:43:55 +0100] "GET / HTTP/1.1" 200 4014 "http://co-travel.ru/" "Mozilla/4.0 (compatible; MSIE 6.0; Windows NT 5.0; Avant Browser [avantbrowser.com]; Hotbar 4.4.5.0)"
91.207.4.186 - - [23/Mar/2013:15:43:55 +0100] "GET / HTTP/1.1" 200 4014 "http://co-travel.ru/" "Mozilla/4.0 (compatible; MSIE 6.0; Windows NT 5.0; Avant Browser [avantbrowser.com]; Hotbar 4.4.5.0)"
66.249.76.125 - - [23/Mar/2013:15:55:08 +0100] "GET /09.html HTTP/1.1" 304 - "-" "Mozilla/5.0 (iPhone; U; CPU iPhone OS 4_1 like Mac OS X; en-us) AppleWebKit/532.9 (KHTML, like Gecko) Version/4.0.5 Mobile/8B117 Safari/6531.22.7 (compatible; Googlebot-Mobile/2.1; +http://www.google.com/bot.html)"
79.255.92.77 - - [23/Mar/2013:16:03:31 +0100] "GET / HTTP/1.1" 200 4014 "http://www.dialyse-calw.de/06.html" "Mozilla/5.0 (Windows NT 5.1; rv:19.0) Gecko/20100101 Firefox/19.0"
79.255.92.77 - - [23/Mar/2013:16:03:31 +0100] "GET /back.jpg HTTP/1.1" 404 1256 "http://www.dialyse-waldbronn.de/" "Mozilla/5.0 (Windows NT 5.1; rv:19.0) Gecko/20100101 Firefox/19.0"
79.255.92.77 - - [23/Mar/2013:16:03:31 +0100] "GET /index.swf HTTP/1.1" 200 8893 "http://www.dialyse-waldbronn.de/" "Mozilla/5.0 (Windows NT 5.1; rv:19.0) Gecko/20100101 Firefox/19.0"
79.255.92.77 - - [23/Mar/2013:16:03:31 +0100] "GET /favicon.ico HTTP/1.1" 404 1256 "-" "Mozilla/5.0 (Windows NT 5.1; rv:19.0) Gecko/20100101 Firefox/19.0"
79.255.92.77 - - [23/Mar/2013:16:03:31 +0100] "GET /favicon.ico HTTP/1.1" 404 1256 "-" "Mozilla/5.0 (Windows NT 5.1; rv:19.0) Gecko/20100101 Firefox/19.0"
79.255.92.77 - - [23/Mar/2013:16:03:36 +0100] "GET /00themen00.html HTTP/1.1" 200 2236 "http://www.dialyse-waldbronn.de/" "Mozilla/5.0 (Windows NT 5.1; rv:19.0) Gecko/20100101 Firefox/19.0"
79.255.92.77 - - [23/Mar/2013:16:03:36 +0100] "GET /AC_RunActiveContent.js HTTP/1.1" 200 8029 "http://www.dialyse-waldbronn.de/00themen00.html" "Mozilla/5.0 (Windows NT 5.1; rv:19.0) Gecko/20100101 Firefox/19.0"
79.255.92.77 - - [23/Mar/2013:16:03:37 +0100] "GET /00themen00.swf HTTP/1.1" 200 12608 "http://www.dialyse-waldbronn.de/00themen00.html" "Mozilla/5.0 (Windows NT 5.1; rv:19.0) Gecko/20100101 Firefox/19.0"
79.255.92.77 - - [23/Mar/2013:16:03:39 +0100] "GET /01.html HTTP/1.1" 200 1988 "http://www.dialyse-waldbronn.de/00themen00.html" "Mozilla/5.0 (Windows NT 5.1; rv:19.0) Gecko/20100101 Firefox/19.0"
79.255.92.77 - - [23/Mar/2013:16:03:39 +0100] "GET /01.swf HTTP/1.1" 200 36918 "http://www.dialyse-waldbronn.de/01.html" "Mozilla/5.0 (Windows NT 5.1; rv:19.0) Gecko/20100101 Firefox/19.0"
91.207.6.34 - - [23/Mar/2013:16:10:19 +0100] "GET / HTTP/1.1" 200 4014 "http://www.prostitutki-kharkova.org/" "Mozilla/4.0 (compatible; MSIE 6.0; Windows NT 5.1; ru) Opera 8.01"
91.207.6.34 - - [23/Mar/2013:16:10:19 +0100] "GET / HTTP/1.1" 200 4014 "http://www.prostitutki-kharkova.org/" "Mozilla/4.0 (compatible; MSIE 6.0; Windows NT 5.1; ru) Opera 8.01"
91.207.6.34 - - [23/Mar/2013:16:10:20 +0100] "GET / HTTP/1.1" 200 4014 "http://www.prostitutki-kharkova.org/" "Mozilla/4.0 (compatible; MSIE 6.0; Windows NT 5.1; ru) Opera 8.01"
202.46.54.53 - - [23/Mar/2013:18:06:36 +0100] "GET / HTTP/1.1" 200 4014 "-" "Mozilla/4.0 (compatible; MSIE 7.0; Windows NT 6.0)"
119.63.193.130 - - [23/Mar/2013:18:07:37 +0100] "GET / HTTP/1.1" 200 4014 "-" "Mozilla/4.0 (compatible; MSIE 7.0; Windows NT 6.0)"
66.249.76.125 - - [23/Mar/2013:18:16:57 +0100] "GET /06.html HTTP/1.1" 304 - "-" "Mozilla/5.0 (compatible; Googlebot/2.1; +http://www.google.com/bot.html)"
66.249.76.125 - - [23/Mar/2013:18:51:39 +0100] "GET /03.html HTTP/1.1" 304 - "-" "SAMSUNG-SGH-E250/1.0 Profile/MIDP-2.0 Configuration/CLDC-1.1 UP.Browser/6.2.3.3.c.1.101 (GUI) MMP/2.0 (compatible; Googlebot-Mobile/2.1; +http://www.google.com/bot.html)"
182.118.20.234 - - [23/Mar/2013:18:59:18 +0100] "GET /robots.txt HTTP/1.1" 404 1256 "http://www.dialyse-waldbronn.de/robots.txt" "Mozilla/5.0 (Windows; U; Windows NT 5.1; zh-CN; rv:1.8.0.11) Firefox/1.5.0.11; 360Spider"
66.249.76.125 - - [23/Mar/2013:19:44:43 +0100] "GET / HTTP/1.1" 200 4014 "-" "Mozilla/5.0 (compatible; Googlebot/2.1; +http://www.google.com/bot.html)"
91.207.4.186 - - [23/Mar/2013:20:17:05 +0100] "GET / HTTP/1.1" 200 4014 "http://pro-recipe.ru/" "Mozilla/4.0 (compatible; MSIE 6.0; Windows NT 5.0; Avant Browser [avantbrowser.com]; Hotbar 4.4.5.0)"
91.207.4.186 - - [23/Mar/2013:20:17:05 +0100] "GET / HTTP/1.1" 200 4014 "http://pro-recipe.ru/" "Mozilla/4.0 (compatible; MSIE 6.0; Windows NT 5.0; Avant Browser [avantbrowser.com]; Hotbar 4.4.5.0)"
91.207.4.186 - - [23/Mar/2013:20:17:06 +0100] "GET / HTTP/1.1" 200 4014 "http://pro-recipe.ru/" "Mozilla/4.0 (compatible; MSIE 6.0; Windows NT 5.0; Avant Browser [avantbrowser.com]; Hotbar 4.4.5.0)"
91.207.9.226 - - [23/Mar/2013:23:03:45 +0100] "GET / HTTP/1.1" 200 4014 "http://player-android.ru/" "Mozilla/4.0 (compatible; MSIE 6.0; Windows NT 5.0; Avant Browser [avantbrowser.com]; Hotbar 4.4.5.0)"
91.207.9.226 - - [23/Mar/2013:23:03:46 +0100] "GET / HTTP/1.1" 200 4014 "http://player-android.ru/" "Mozilla/4.0 (compatible; MSIE 6.0; Windows NT 5.0; Avant Browser [avantbrowser.com]; Hotbar 4.4.5.0)"
91.207.9.226 - - [23/Mar/2013:23:03:46 +0100] "GET / HTTP/1.1" 200 4014 "http://player-android.ru/" "Mozilla/4.0 (compatible; MSIE 6.0; Windows NT 5.0; Avant Browser [avantbrowser.com]; Hotbar 4.4.5.0)"
202.46.63.47 - - [24/Mar/2013:00:03:25 +0100] "GET / HTTP/1.1" 200 4014 "-" "Mozilla/4.0 (compatible; MSIE 7.0; Windows NT 6.0)"
119.63.193.130 - - [24/Mar/2013:00:04:19 +0100] "GET / HTTP/1.1" 200 4014 "-" "Mozilla/4.0 (compatible; MSIE 7.0; Windows NT 6.0)"
193.106.136.40 - - [24/Mar/2013:01:46:55 +0100] "GET / HTTP/1.1" 200 4014 "http://www.tostead.ru/" "Mozilla/1.22 (compatible; MSIE 2.0d; Windows NT)"
193.106.136.40 - - [24/Mar/2013:01:46:55 +0100] "GET / HTTP/1.1" 200 4014 "http://www.tostead.ru/" "Mozilla/1.22 (compatible; MSIE 2.0d; Windows NT)"
46.118.117.249 - - [24/Mar/2013:03:30:31 +0100] "GET / HTTP/1.1" 200 4014 "http://www.plentagos.com/" "Mozilla/4.0 (compatible; MSIE 6.0; Windows XP)"
46.118.117.249 - - [24/Mar/2013:03:30:32 +0100] "GET / HTTP/1.1" 200 4014 "http://www.plentagos.com/" "Mozilla/4.0 (compatible; MSIE 6.0; Windows XP)"
46.118.117.249 - - [24/Mar/2013:03:30:32 +0100] "GET / HTTP/1.1" 200 4014 "http://www.plentagos.com/" "Mozilla/4.0 (compatible; MSIE 6.0; Windows XP)"
46.118.117.249 - - [24/Mar/2013:04:22:43 +0100] "GET / HTTP/1.1" 200 4014 "http://www.traders-co.ru/" "Mozilla/4.0 (compatible; MSIE 6.0; Windows NT 5.1; SV1; FunWebProducts)"
46.118.117.249 - - [24/Mar/2013:04:22:43 +0100] "GET / HTTP/1.1" 200 4014 "http://www.traders-co.ru/" "Mozilla/4.0 (compatible; MSIE 6.0; Windows NT 5.1; SV1; FunWebProducts)"
46.118.117.249 - - [24/Mar/2013:04:22:44 +0100] "GET / HTTP/1.1" 200 4014 "http://www.traders-co.ru/" "Mozilla/4.0 (compatible; MSIE 6.0; Windows NT 5.1; SV1; FunWebProducts)"
202.46.52.32 - - [24/Mar/2013:06:05:14 +0100] "GET / HTTP/1.1" 200 4014 "-" "Mozilla/4.0 (compatible; MSIE 7.0; Windows NT 6.0)"
119.63.193.195 - - [24/Mar/2013:06:06:13 +0100] "GET / HTTP/1.1" 200 4014 "-" "Mozilla/4.0 (compatible; MSIE 7.0; Windows NT 6.0)"
141.8.147.12 - - [24/Mar/2013:06:32:26 +0100] "GET /robots.txt HTTP/1.1" 404 1256 "-" "Mozilla/5.0 (compatible; YandexBot/3.0; +http://yandex.com/bots)"
91.207.6.34 - - [24/Mar/2013:07:12:49 +0100] "GET / HTTP/1.1" 200 4014 "http://www.prostitutki-tolyatti.org/" "Mozilla/4.0 (compatible; MSIE 6.0; Windows NT 5.1; ru) Opera 8.01"
91.207.6.34 - - [24/Mar/2013:07:12:50 +0100] "GET / HTTP/1.1" 200 4014 "http://www.prostitutki-tolyatti.org/" "Mozilla/4.0 (compatible; MSIE 6.0; Windows NT 5.1; ru) Opera 8.01"
91.207.6.34 - - [24/Mar/2013:07:12:50 +0100] "GET / HTTP/1.1" 200 4014 "http://www.prostitutki-tolyatti.org/" "Mozilla/4.0 (compatible; MSIE 6.0; Windows NT 5.1; ru) Opera 8.01"
91.45.174.113 - - [24/Mar/2013:09:47:58 +0100] "GET /09a.html HTTP/1.1" 200 2065 "http://www.google.de/url?sa=t&rct=j&q=anja%20menzinger%20waldbronn&source=web&cd=3&ved=0CEIQFjAC&url=http%3A%2F%2Fwww.dialyse-waldbronn.de%2F09a.html&ei=lrpOUciUM4iM4gT_1YHIBg&usg=AFQjCNG6uMrHKx5duZ5AcMzcLXwByavrQg&bvm=bv.44158598,d.bGE" "Mozilla/5.0 (Macintosh; Intel Mac OS X 10_6_8) AppleWebKit/534.58.2 (KHTML, like Gecko) Version/5.1.8 Safari/534.58.2"
91.45.174.113 - - [24/Mar/2013:09:47:58 +0100] "GET /AC_RunActiveContent.js HTTP/1.1" 200 8029 "http://www.dialyse-waldbronn.de/09a.html" "Mozilla/5.0 (Macintosh; Intel Mac OS X 10_6_8) AppleWebKit/534.58.2 (KHTML, like Gecko) Version/5.1.8 Safari/534.58.2"
91.45.174.113 - - [24/Mar/2013:09:47:58 +0100] "GET /favicon.ico HTTP/1.1" 404 1256 "http://www.dialyse-waldbronn.de/09a.html" "Mozilla/5.0 (Macintosh; Intel Mac OS X 10_6_8) AppleWebKit/534.58.2 (KHTML, like Gecko) Version/5.1.8 Safari/534.58.2"
91.45.174.113 - - [24/Mar/2013:09:47:58 +0100] "GET /09a.swf HTTP/1.1" 200 19689 "http://www.dialyse-waldbronn.de/09a.html" "Mozilla/5.0 (Macintosh; Intel Mac OS X 10_6_8) AppleWebKit/534.58.2 (KHTML, like Gecko) Version/5.1.8 Safari/534.58.2"
