157.56.93.220 - - [27/Mar/2013:13:07:00 +0100] "GET /robots.txt HTTP/1.1" 404 1256 "-" "Mozilla/5.0 (compatible; bingbot/2.0; +http://www.bing.com/bingbot.htm)"
157.56.93.220 - - [27/Mar/2013:13:09:37 +0100] "GET / HTTP/1.1" 200 4014 "-" "Mozilla/5.0 (compatible; bingbot/2.0; +http://www.bing.com/bingbot.htm)"
66.249.76.125 - - [27/Mar/2013:15:27:59 +0100] "GET /00themen00.html HTTP/1.1" 304 - "-" "Mozilla/5.0 (iPhone; U; CPU iPhone OS 4_1 like Mac OS X; en-us) AppleWebKit/532.9 (KHTML, like Gecko) Version/4.0.5 Mobile/8B117 Safari/6531.22.7 (compatible; Googlebot-Mobile/2.1; +http://www.google.com/bot.html)"
180.76.6.223 - - [27/Mar/2013:17:02:40 +0100] "GET /robots.txt HTTP/1.1" 404 1256 "-" "Mozilla/5.0 (Windows NT 5.1; rv:6.0.2) Gecko/20100101 Firefox/6.0.2"
91.207.4.186 - - [27/Mar/2013:17:55:04 +0100] "GET / HTTP/1.1" 200 4014 "http://ledotape.net/news.php?readmore=6" "Mozilla/4.0 (compatible; MSIE 6.0; Windows NT 5.0; Avant Browser [avantbrowser.com]; Hotbar 4.4.5.0)"
91.207.4.186 - - [27/Mar/2013:17:55:05 +0100] "GET / HTTP/1.1" 200 4014 "http://ledotape.net/news.php?readmore=6" "Mozilla/4.0 (compatible; MSIE 6.0; Windows NT 5.0; Avant Browser [avantbrowser.com]; Hotbar 4.4.5.0)"
91.207.4.186 - - [27/Mar/2013:17:55:05 +0100] "GET / HTTP/1.1" 200 4014 "http://ledotape.net/news.php?readmore=6" "Mozilla/4.0 (compatible; MSIE 6.0; Windows NT 5.0; Avant Browser [avantbrowser.com]; Hotbar 4.4.5.0)"
202.46.52.29 - - [27/Mar/2013:18:04:45 +0100] "GET / HTTP/1.1" 200 4014 "-" "Mozilla/4.0 (compatible; MSIE 7.0; Windows NT 6.0)"
119.63.193.195 - - [27/Mar/2013:18:05:44 +0100] "GET / HTTP/1.1" 200 4014 "-" "Mozilla/4.0 (compatible; MSIE 7.0; Windows NT 6.0)"
141.8.147.12 - - [27/Mar/2013:19:59:21 +0100] "GET /robots.txt HTTP/1.1" 404 1256 "-" "Mozilla/5.0 (compatible; YandexBot/3.0; +http://yandex.com/bots)"
91.207.4.186 - - [27/Mar/2013:20:22:01 +0100] "GET / HTTP/1.1" 200 4014 "http://denmante.roletalk.ru" "Opera/9.00 (Windows NT 4.0; U; en)"
91.207.4.186 - - [27/Mar/2013:20:22:01 +0100] "GET / HTTP/1.1" 200 4014 "http://denmante.roletalk.ru" "Opera/9.00 (Windows NT 4.0; U; en)"
91.207.4.186 - - [27/Mar/2013:20:22:02 +0100] "GET / HTTP/1.1" 200 4014 "http://denmante.roletalk.ru" "Opera/9.00 (Windows NT 4.0; U; en)"
46.118.117.249 - - [27/Mar/2013:20:25:09 +0100] "GET / HTTP/1.1" 200 4014 "http://www.mydoctor-ufa.ru/" "Mozilla/4.0 (compatible; MSIE 6.0; Windows NT 5.1; SV1)"
46.118.117.249 - - [27/Mar/2013:20:25:09 +0100] "GET / HTTP/1.1" 200 4014 "http://www.mydoctor-ufa.ru/" "Mozilla/4.0 (compatible; MSIE 6.0; Windows NT 5.1; SV1)"
46.118.117.249 - - [27/Mar/2013:20:25:10 +0100] "GET / HTTP/1.1" 200 4014 "http://www.mydoctor-ufa.ru/" "Mozilla/4.0 (compatible; MSIE 6.0; Windows NT 5.1; SV1)"
193.106.136.45 - - [27/Mar/2013:20:49:06 +0100] "GET / HTTP/1.1" 200 4014 "http://adtimes.ru/" "Mozilla/3.0 (x86 [en] Windows NT 5.1; Sun)"
193.106.136.45 - - [27/Mar/2013:20:49:06 +0100] "GET / HTTP/1.1" 200 4014 "http://adtimes.ru/" "Mozilla/3.0 (x86 [en] Windows NT 5.1; Sun)"
217.233.144.161 - - [27/Mar/2013:20:59:40 +0100] "GET / HTTP/1.1" 200 4014 "http://www.google.de/url?sa=t&rct=j&q=dialysezentrum+waldbronn&source=web&cd=1&ved=0CDAQFjAA&url=http%3A%2F%2Fwww.dialyse-waldbronn.de%2F&ei=iE9TUaHLJq734QTCg4HIBw&usg=AFQjCNHEX_ZQroPS8hwDzjOxqVHmV6iDWw" "Mozilla/4.0 (compatible; MSIE 8.0; Windows NT 5.1; Trident/4.0; SIMBAR={B60C5A7D-0706-11E2-A437-00040EC4C10C}; .NET CLR 1.1.4322; .NET CLR 2.0.50727; .NET CLR 3.0.4506.2152; .NET CLR 3.5.30729)"
217.233.144.161 - - [27/Mar/2013:20:59:41 +0100] "GET /back.jpg HTTP/1.1" 404 1256 "http://www.dialyse-waldbronn.de/" "Mozilla/4.0 (compatible; MSIE 8.0; Windows NT 5.1; Trident/4.0; SIMBAR={B60C5A7D-0706-11E2-A437-00040EC4C10C}; .NET CLR 1.1.4322; .NET CLR 2.0.50727; .NET CLR 3.0.4506.2152; .NET CLR 3.5.30729)"
217.233.144.161 - - [27/Mar/2013:20:59:41 +0100] "GET /index.swf HTTP/1.1" 200 8893 "-" "contype"
217.233.144.161 - - [27/Mar/2013:20:59:41 +0100] "GET /index.swf HTTP/1.1" 200 8893 "http://www.dialyse-waldbronn.de/" "Mozilla/4.0 (compatible; MSIE 8.0; Windows NT 5.1; Trident/4.0; SIMBAR={B60C5A7D-0706-11E2-A437-00040EC4C10C}; .NET CLR 1.1.4322; .NET CLR 2.0.50727; .NET CLR 3.0.4506.2152; .NET CLR 3.5.30729)"
217.233.144.161 - - [27/Mar/2013:20:59:42 +0100] "GET /favicon.ico HTTP/1.1" 404 1256 "-" "Mozilla/4.0 (compatible; MSIE 8.0; Windows NT 5.1; Trident/4.0; SIMBAR={B60C5A7D-0706-11E2-A437-00040EC4C10C}; .NET CLR 1.1.4322; .NET CLR 2.0.50727; .NET CLR 3.0.4506.2152; .NET CLR 3.5.30729)"
217.233.144.161 - - [27/Mar/2013:20:59:50 +0100] "GET /00themen00.html HTTP/1.1" 200 2236 "http://www.dialyse-waldbronn.de/index.swf" "Mozilla/4.0 (compatible; MSIE 8.0; Windows NT 5.1; Trident/4.0; SIMBAR={B60C5A7D-0706-11E2-A437-00040EC4C10C}; .NET CLR 1.1.4322; .NET CLR 2.0.50727; .NET CLR 3.0.4506.2152; .NET CLR 3.5.30729)"
217.233.144.161 - - [27/Mar/2013:20:59:51 +0100] "GET /AC_RunActiveContent.js HTTP/1.1" 200 8029 "http://www.dialyse-waldbronn.de/index.swf" "Mozilla/4.0 (compatible; MSIE 8.0; Windows NT 5.1; Trident/4.0; SIMBAR={B60C5A7D-0706-11E2-A437-00040EC4C10C}; .NET CLR 1.1.4322; .NET CLR 2.0.50727; .NET CLR 3.0.4506.2152; .NET CLR 3.5.30729)"
217.233.144.161 - - [27/Mar/2013:20:59:51 +0100] "GET /00themen00.swf HTTP/1.1" 200 12608 "http://www.dialyse-waldbronn.de/00themen00.html" "Mozilla/4.0 (compatible; MSIE 8.0; Windows NT 5.1; Trident/4.0; SIMBAR={B60C5A7D-0706-11E2-A437-00040EC4C10C}; .NET CLR 1.1.4322; .NET CLR 2.0.50727; .NET CLR 3.0.4506.2152; .NET CLR 3.5.30729)"
217.233.144.161 - - [27/Mar/2013:20:59:51 +0100] "GET /favicon.ico HTTP/1.1" 404 1256 "-" "Mozilla/4.0 (compatible; MSIE 8.0; Windows NT 5.1; Trident/4.0; SIMBAR={B60C5A7D-0706-11E2-A437-00040EC4C10C}; .NET CLR 1.1.4322; .NET CLR 2.0.50727; .NET CLR 3.0.4506.2152; .NET CLR 3.5.30729)"
217.233.144.161 - - [27/Mar/2013:20:59:59 +0100] "GET /01.html HTTP/1.1" 200 1988 "http://www.dialyse-waldbronn.de/00themen00.swf" "Mozilla/4.0 (compatible; MSIE 8.0; Windows NT 5.1; Trident/4.0; SIMBAR={B60C5A7D-0706-11E2-A437-00040EC4C10C}; .NET CLR 1.1.4322; .NET CLR 2.0.50727; .NET CLR 3.0.4506.2152; .NET CLR 3.5.30729)"
217.233.144.161 - - [27/Mar/2013:20:59:59 +0100] "GET /01.swf HTTP/1.1" 200 36918 "http://www.dialyse-waldbronn.de/01.html" "Mozilla/4.0 (compatible; MSIE 8.0; Windows NT 5.1; Trident/4.0; SIMBAR={B60C5A7D-0706-11E2-A437-00040EC4C10C}; .NET CLR 1.1.4322; .NET CLR 2.0.50727; .NET CLR 3.0.4506.2152; .NET CLR 3.5.30729)"
217.233.144.161 - - [27/Mar/2013:21:00:30 +0100] "GET /03.html HTTP/1.1" 200 2012 "http://www.dialyse-waldbronn.de/00themen00.swf" "Mozilla/4.0 (compatible; MSIE 8.0; Windows NT 5.1; Trident/4.0; SIMBAR={B60C5A7D-0706-11E2-A437-00040EC4C10C}; .NET CLR 1.1.4322; .NET CLR 2.0.50727; .NET CLR 3.0.4506.2152; .NET CLR 3.5.30729)"
217.233.144.161 - - [27/Mar/2013:21:00:30 +0100] "GET /03.swf HTTP/1.1" 200 79366 "http://www.dialyse-waldbronn.de/03.html" "Mozilla/4.0 (compatible; MSIE 8.0; Windows NT 5.1; Trident/4.0; SIMBAR={B60C5A7D-0706-11E2-A437-00040EC4C10C}; .NET CLR 1.1.4322; .NET CLR 2.0.50727; .NET CLR 3.0.4506.2152; .NET CLR 3.5.30729)"
217.233.144.161 - - [27/Mar/2013:21:00:39 +0100] "GET /03b.html HTTP/1.1" 200 2020 "http://www.dialyse-waldbronn.de/03.swf" "Mozilla/4.0 (compatible; MSIE 8.0; Windows NT 5.1; Trident/4.0; SIMBAR={B60C5A7D-0706-11E2-A437-00040EC4C10C}; .NET CLR 1.1.4322; .NET CLR 2.0.50727; .NET CLR 3.0.4506.2152; .NET CLR 3.5.30729)"
217.233.144.161 - - [27/Mar/2013:21:00:40 +0100] "GET /03b.swf HTTP/1.1" 200 198225 "http://www.dialyse-waldbronn.de/03b.html" "Mozilla/4.0 (compatible; MSIE 8.0; Windows NT 5.1; Trident/4.0; SIMBAR={B60C5A7D-0706-11E2-A437-00040EC4C10C}; .NET CLR 1.1.4322; .NET CLR 2.0.50727; .NET CLR 3.0.4506.2152; .NET CLR 3.5.30729)"
217.233.144.161 - - [27/Mar/2013:21:01:24 +0100] "GET /07.html HTTP/1.1" 200 2372 "http://www.dialyse-waldbronn.de/00themen00.swf" "Mozilla/4.0 (compatible; MSIE 8.0; Windows NT 5.1; Trident/4.0; SIMBAR={B60C5A7D-0706-11E2-A437-00040EC4C10C}; .NET CLR 1.1.4322; .NET CLR 2.0.50727; .NET CLR 3.0.4506.2152; .NET CLR 3.5.30729)"
217.233.144.161 - - [27/Mar/2013:21:01:24 +0100] "GET /07.swf HTTP/1.1" 200 22237 "http://www.dialyse-waldbronn.de/07.html" "Mozilla/4.0 (compatible; MSIE 8.0; Windows NT 5.1; Trident/4.0; SIMBAR={B60C5A7D-0706-11E2-A437-00040EC4C10C}; .NET CLR 1.1.4322; .NET CLR 2.0.50727; .NET CLR 3.0.4506.2152; .NET CLR 3.5.30729)"
217.233.144.161 - - [27/Mar/2013:21:01:37 +0100] "GET /08.html HTTP/1.1" 200 2068 "http://www.dialyse-waldbronn.de/00themen00.swf" "Mozilla/4.0 (compatible; MSIE 8.0; Windows NT 5.1; Trident/4.0; SIMBAR={B60C5A7D-0706-11E2-A437-00040EC4C10C}; .NET CLR 1.1.4322; .NET CLR 2.0.50727; .NET CLR 3.0.4506.2152; .NET CLR 3.5.30729)"
217.233.144.161 - - [27/Mar/2013:21:01:37 +0100] "GET /08.swf HTTP/1.1" 200 22102 "http://www.dialyse-waldbronn.de/08.html" "Mozilla/4.0 (compatible; MSIE 8.0; Windows NT 5.1; Trident/4.0; SIMBAR={B60C5A7D-0706-11E2-A437-00040EC4C10C}; .NET CLR 1.1.4322; .NET CLR 2.0.50727; .NET CLR 3.0.4506.2152; .NET CLR 3.5.30729)"
217.233.144.161 - - [27/Mar/2013:21:02:00 +0100] "GET /back.jpg HTTP/1.1" 404 1256 "http://www.dialyse-waldbronn.de/" "Mozilla/4.0 (compatible; MSIE 8.0; Windows NT 5.1; Trident/4.0; SIMBAR={B60C5A7D-0706-11E2-A437-00040EC4C10C}; .NET CLR 1.1.4322; .NET CLR 2.0.50727; .NET CLR 3.0.4506.2152; .NET CLR 3.5.30729)"
95.208.235.71 - - [27/Mar/2013:21:40:15 +0100] "GET / HTTP/1.1" 200 4014 "http://www.google.de/url?sa=t&rct=j&q=&esrc=s&source=web&cd=1&ved=0CDMQFjAA&url=http%3A%2F%2Fwww.dialyse-waldbronn.de%2F&ei=D1lTUdgv5sjgBO3egYAI&usg=AFQjCNHEX_ZQroPS8hwDzjOxqVHmV6iDWw&bvm=bv.44342787,d.bGE" "Mozilla/5.0 (Windows NT 6.1; WOW64; rv:19.0) Gecko/20100101 Firefox/19.0"
95.208.235.71 - - [27/Mar/2013:21:40:15 +0100] "GET /back.jpg HTTP/1.1" 404 1256 "http://www.dialyse-waldbronn.de/" "Mozilla/5.0 (Windows NT 6.1; WOW64; rv:19.0) Gecko/20100101 Firefox/19.0"
95.208.235.71 - - [27/Mar/2013:21:40:18 +0100] "GET /index.swf HTTP/1.1" 200 8893 "http://www.dialyse-waldbronn.de/" "Mozilla/5.0 (Windows NT 6.1; WOW64; rv:19.0) Gecko/20100101 Firefox/19.0"
95.208.235.71 - - [27/Mar/2013:21:40:18 +0100] "GET /favicon.ico HTTP/1.1" 404 1256 "-" "Mozilla/5.0 (Windows NT 6.1; WOW64; rv:19.0) Gecko/20100101 Firefox/19.0"
95.208.235.71 - - [27/Mar/2013:21:40:21 +0100] "GET /00themen00.html HTTP/1.1" 200 2236 "http://www.dialyse-waldbronn.de/" "Mozilla/5.0 (Windows NT 6.1; WOW64; rv:19.0) Gecko/20100101 Firefox/19.0"
95.208.235.71 - - [27/Mar/2013:21:40:21 +0100] "GET /AC_RunActiveContent.js HTTP/1.1" 200 8029 "http://www.dialyse-waldbronn.de/00themen00.html" "Mozilla/5.0 (Windows NT 6.1; WOW64; rv:19.0) Gecko/20100101 Firefox/19.0"
95.208.235.71 - - [27/Mar/2013:21:40:22 +0100] "GET /00themen00.swf HTTP/1.1" 200 12608 "http://www.dialyse-waldbronn.de/00themen00.html" "Mozilla/5.0 (Windows NT 6.1; WOW64; rv:19.0) Gecko/20100101 Firefox/19.0"
95.208.235.71 - - [27/Mar/2013:21:40:24 +0100] "GET /01.html HTTP/1.1" 200 1988 "http://www.dialyse-waldbronn.de/00themen00.html" "Mozilla/5.0 (Windows NT 6.1; WOW64; rv:19.0) Gecko/20100101 Firefox/19.0"
95.208.235.71 - - [27/Mar/2013:21:40:24 +0100] "GET /01.swf HTTP/1.1" 200 36918 "http://www.dialyse-waldbronn.de/01.html" "Mozilla/5.0 (Windows NT 6.1; WOW64; rv:19.0) Gecko/20100101 Firefox/19.0"
95.208.235.71 - - [27/Mar/2013:21:40:29 +0100] "GET /02.html HTTP/1.1" 200 1988 "http://www.dialyse-waldbronn.de/00themen00.html" "Mozilla/5.0 (Windows NT 6.1; WOW64; rv:19.0) Gecko/20100101 Firefox/19.0"
95.208.235.71 - - [27/Mar/2013:21:40:30 +0100] "GET /02.swf HTTP/1.1" 200 19509 "http://www.dialyse-waldbronn.de/02.html" "Mozilla/5.0 (Windows NT 6.1; WOW64; rv:19.0) Gecko/20100101 Firefox/19.0"
95.208.235.71 - - [27/Mar/2013:21:40:59 +0100] "GET /03.html HTTP/1.1" 200 2012 "http://www.dialyse-waldbronn.de/00themen00.html" "Mozilla/5.0 (Windows NT 6.1; WOW64; rv:19.0) Gecko/20100101 Firefox/19.0"
95.208.235.71 - - [27/Mar/2013:21:40:59 +0100] "GET /03.swf HTTP/1.1" 200 79366 "http://www.dialyse-waldbronn.de/03.html" "Mozilla/5.0 (Windows NT 6.1; WOW64; rv:19.0) Gecko/20100101 Firefox/19.0"
95.208.235.71 - - [27/Mar/2013:21:41:12 +0100] "GET /03b.html HTTP/1.1" 200 2020 "http://www.dialyse-waldbronn.de/03.html" "Mozilla/5.0 (Windows NT 6.1; WOW64; rv:19.0) Gecko/20100101 Firefox/19.0"
95.208.235.71 - - [27/Mar/2013:21:41:13 +0100] "GET /03b.swf HTTP/1.1" 200 198225 "http://www.dialyse-waldbronn.de/03b.html" "Mozilla/5.0 (Windows NT 6.1; WOW64; rv:19.0) Gecko/20100101 Firefox/19.0"
95.208.235.71 - - [27/Mar/2013:21:41:28 +0100] "GET /08.html HTTP/1.1" 200 2068 "http://www.dialyse-waldbronn.de/00themen00.html" "Mozilla/5.0 (Windows NT 6.1; WOW64; rv:19.0) Gecko/20100101 Firefox/19.0"
95.208.235.71 - - [27/Mar/2013:21:41:29 +0100] "GET /08.swf HTTP/1.1" 200 22102 "http://www.dialyse-waldbronn.de/08.html" "Mozilla/5.0 (Windows NT 6.1; WOW64; rv:19.0) Gecko/20100101 Firefox/19.0"
95.208.235.71 - - [27/Mar/2013:21:41:38 +0100] "GET /04waldbronn.html HTTP/1.1" 200 2092 "http://www.dialyse-waldbronn.de/08.html" "Mozilla/5.0 (Windows NT 6.1; WOW64; rv:19.0) Gecko/20100101 Firefox/19.0"
95.208.235.71 - - [27/Mar/2013:21:41:39 +0100] "GET /04waldbronn.swf HTTP/1.1" 200 20798 "http://www.dialyse-waldbronn.de/04waldbronn.html" "Mozilla/5.0 (Windows NT 6.1; WOW64; rv:19.0) Gecko/20100101 Firefox/19.0"
46.4.100.231 - - [27/Mar/2013:23:18:37 +0100] "GET /robots.txt HTTP/1.1" 404 1256 "-" "BacklinkCrawler (http://www.backlinktest.com/crawler.html)"
46.4.100.231 - - [27/Mar/2013:23:18:43 +0100] "GET /sitemap.xml HTTP/1.1" 404 1256 "-" "BacklinkCrawler (http://www.backlinktest.com/crawler.html)"
46.4.100.231 - - [27/Mar/2013:23:18:45 +0100] "GET / HTTP/1.1" 200 4014 "-" "BacklinkCrawler (http://www.backlinktest.com/crawler.html)"
141.8.147.12 - - [27/Mar/2013:23:59:29 +0100] "GET / HTTP/1.1" 200 4014 "-" "Mozilla/5.0 (compatible; YandexBot/3.0; +http://yandex.com/bots)"
141.8.147.12 - - [28/Mar/2013:00:00:09 +0100] "GET /00themen00.swf HTTP/1.1" 200 12608 "-" "Mozilla/5.0 (compatible; YandexBot/3.0; +http://yandex.com/bots)"
141.8.147.12 - - [28/Mar/2013:00:00:11 +0100] "GET /index.swf HTTP/1.1" 200 8893 "-" "Mozilla/5.0 (compatible; YandexBot/3.0; +http://yandex.com/bots)"
91.207.9.226 - - [28/Mar/2013:00:02:32 +0100] "GET / HTTP/1.1" 200 4014 "http://android-superstar.ru/" "Mozilla/4.0 (compatible; MSIE 6.0; Windows NT 5.0; Avant Browser [avantbrowser.com]; Hotbar 4.4.5.0)"
91.207.9.226 - - [28/Mar/2013:00:02:32 +0100] "GET / HTTP/1.1" 200 4014 "http://master-muznachas.ru/" "Mozilla/4.0 (compatible; MSIE 6.0; Windows NT 5.0; Avant Browser [avantbrowser.com]; Hotbar 4.4.5.0)"
91.207.9.226 - - [28/Mar/2013:00:02:32 +0100] "GET / HTTP/1.1" 200 4014 "http://android-superstar.ru/" "Mozilla/4.0 (compatible; MSIE 6.0; Windows NT 5.0; Avant Browser [avantbrowser.com]; Hotbar 4.4.5.0)"
91.207.9.226 - - [28/Mar/2013:00:02:32 +0100] "GET / HTTP/1.1" 200 4014 "http://master-muznachas.ru/" "Mozilla/4.0 (compatible; MSIE 6.0; Windows NT 5.0; Avant Browser [avantbrowser.com]; Hotbar 4.4.5.0)"
91.207.9.226 - - [28/Mar/2013:00:02:32 +0100] "GET / HTTP/1.1" 200 4014 "http://android-superstar.ru/" "Mozilla/4.0 (compatible; MSIE 6.0; Windows NT 5.0; Avant Browser [avantbrowser.com]; Hotbar 4.4.5.0)"
91.207.9.226 - - [28/Mar/2013:00:02:33 +0100] "GET / HTTP/1.1" 200 4014 "http://master-muznachas.ru/" "Mozilla/4.0 (compatible; MSIE 6.0; Windows NT 5.0; Avant Browser [avantbrowser.com]; Hotbar 4.4.5.0)"
202.46.48.22 - - [28/Mar/2013:00:02:53 +0100] "GET / HTTP/1.1" 200 4014 "-" "Mozilla/4.0 (compatible; MSIE 7.0; Windows NT 6.0)"
119.63.193.195 - - [28/Mar/2013:00:03:48 +0100] "GET / HTTP/1.1" 200 4014 "-" "Mozilla/4.0 (compatible; MSIE 7.0; Windows NT 6.0)"
66.249.76.125 - - [28/Mar/2013:02:35:22 +0100] "GET /robots.txt HTTP/1.1" 404 1256 "-" "Mozilla/5.0 (compatible; Googlebot/2.1; +http://www.google.com/bot.html)"
66.249.76.125 - - [28/Mar/2013:02:35:22 +0100] "GET /09a.swf HTTP/1.1" 200 19689 "-" "SAMSUNG-SGH-E250/1.0 Profile/MIDP-2.0 Configuration/CLDC-1.1 UP.Browser/6.2.3.3.c.1.101 (GUI) MMP/2.0 (compatible; Googlebot-Mobile/2.1; +http://www.google.com/bot.html)"
66.249.76.125 - - [28/Mar/2013:03:37:36 +0100] "GET / HTTP/1.1" 200 4014 "-" "SAMSUNG-SGH-E250/1.0 Profile/MIDP-2.0 Configuration/CLDC-1.1 UP.Browser/6.2.3.3.c.1.101 (GUI) MMP/2.0 (compatible; Googlebot-Mobile/2.1; +http://www.google.com/bot.html)"
66.249.76.125 - - [28/Mar/2013:03:38:42 +0100] "GET / HTTP/1.1" 200 4014 "-" "DoCoMo/2.0 N905i(c100;TB;W24H16) (compatible; Googlebot-Mobile/2.1; +http://www.google.com/bot.html)"
66.249.76.125 - - [28/Mar/2013:05:07:13 +0100] "GET /08.swf HTTP/1.1" 200 22102 "-" "DoCoMo/2.0 N905i(c100;TB;W24H16) (compatible; Googlebot-Mobile/2.1; +http://www.google.com/bot.html)"
66.249.76.125 - - [28/Mar/2013:05:29:53 +0100] "GET /06.swf HTTP/1.1" 200 18307 "-" "Mozilla/5.0 (compatible; Googlebot/2.1; +http://www.google.com/bot.html)"
202.46.54.48 - - [28/Mar/2013:06:04:43 +0100] "GET / HTTP/1.1" 200 4014 "-" "Mozilla/4.0 (compatible; MSIE 7.0; Windows NT 6.0)"
119.63.193.196 - - [28/Mar/2013:06:05:42 +0100] "GET / HTTP/1.1" 200 4014 "-" "Mozilla/4.0 (compatible; MSIE 7.0; Windows NT 6.0)"
66.249.76.125 - - [28/Mar/2013:06:06:38 +0100] "GET /09.html HTTP/1.1" 200 2140 "-" "Mozilla/5.0 (compatible; Googlebot/2.1; +http://www.google.com/bot.html)"
66.249.76.125 - - [28/Mar/2013:06:09:48 +0100] "GET /09a.html HTTP/1.1" 304 - "-" "Mozilla/5.0 (compatible; Googlebot/2.1; +http://www.google.com/bot.html)"
66.249.76.125 - - [28/Mar/2013:06:59:08 +0100] "GET /00themen00.html HTTP/1.1" 304 - "-" "Mozilla/5.0 (compatible; Googlebot/2.1; +http://www.google.com/bot.html)"
202.46.49.12 - - [28/Mar/2013:08:09:08 +0100] "GET / HTTP/1.1" 200 4014 "-" "Mozilla/4.0 (compatible; MSIE 7.0; Windows NT 6.0)"
119.63.193.194 - - [28/Mar/2013:08:10:17 +0100] "GET / HTTP/1.1" 200 4014 "-" "Mozilla/4.0 (compatible; MSIE 7.0; Windows NT 6.0)"
217.228.40.232 - - [28/Mar/2013:11:23:23 +0100] "GET / HTTP/1.1" 200 4014 "-" "Mozilla/5.0 (Windows NT 6.1; WOW64; rv:19.0) Gecko/20100101 Firefox/19.0"
217.228.40.232 - - [28/Mar/2013:11:23:23 +0100] "GET /back.jpg HTTP/1.1" 404 1256 "http://www.dialyse-waldbronn.de/" "Mozilla/5.0 (Windows NT 6.1; WOW64; rv:19.0) Gecko/20100101 Firefox/19.0"
217.228.40.232 - - [28/Mar/2013:11:23:24 +0100] "GET /favicon.ico HTTP/1.1" 404 1256 "-" "Mozilla/5.0 (Windows NT 6.1; WOW64; rv:19.0) Gecko/20100101 Firefox/19.0"
217.228.40.232 - - [28/Mar/2013:11:23:26 +0100] "GET /index.swf HTTP/1.1" 200 8893 "http://www.dialyse-waldbronn.de/" "Mozilla/5.0 (Windows NT 6.1; WOW64; rv:19.0) Gecko/20100101 Firefox/19.0"
217.228.40.232 - - [28/Mar/2013:11:23:29 +0100] "GET /00themen00.html HTTP/1.1" 200 2236 "http://www.dialyse-waldbronn.de/" "Mozilla/5.0 (Windows NT 6.1; WOW64; rv:19.0) Gecko/20100101 Firefox/19.0"
217.228.40.232 - - [28/Mar/2013:11:23:29 +0100] "GET /AC_RunActiveContent.js HTTP/1.1" 200 8029 "http://www.dialyse-waldbronn.de/00themen00.html" "Mozilla/5.0 (Windows NT 6.1; WOW64; rv:19.0) Gecko/20100101 Firefox/19.0"
217.228.40.232 - - [28/Mar/2013:11:23:31 +0100] "GET /00themen00.swf HTTP/1.1" 200 12608 "http://www.dialyse-waldbronn.de/00themen00.html" "Mozilla/5.0 (Windows NT 6.1; WOW64; rv:19.0) Gecko/20100101 Firefox/19.0"
217.228.40.232 - - [28/Mar/2013:11:23:34 +0100] "GET /08.html HTTP/1.1" 200 2068 "http://www.dialyse-waldbronn.de/00themen00.html" "Mozilla/5.0 (Windows NT 6.1; WOW64; rv:19.0) Gecko/20100101 Firefox/19.0"
217.228.40.232 - - [28/Mar/2013:11:23:36 +0100] "GET /08.swf HTTP/1.1" 200 22102 "http://www.dialyse-waldbronn.de/08.html" "Mozilla/5.0 (Windows NT 6.1; WOW64; rv:19.0) Gecko/20100101 Firefox/19.0"
202.46.57.62 - - [28/Mar/2013:12:01:39 +0100] "GET / HTTP/1.1" 200 4014 "-" "Mozilla/4.0 (compatible; MSIE 7.0; Windows NT 6.0)"
119.63.193.131 - - [28/Mar/2013:12:02:31 +0100] "GET / HTTP/1.1" 200 4014 "-" "Mozilla/4.0 (compatible; MSIE 7.0; Windows NT 6.0)"
66.249.76.125 - - [28/Mar/2013:14:43:03 +0100] "GET /robots.txt HTTP/1.1" 404 1256 "-" "Mozilla/5.0 (compatible; Googlebot/2.1; +http://www.google.com/bot.html)"
66.249.76.125 - - [28/Mar/2013:14:43:04 +0100] "GET /03.swf HTTP/1.1" 200 79366 "-" "Mozilla/5.0 (compatible; Googlebot/2.1; +http://www.google.com/bot.html)"
66.249.76.125 - - [28/Mar/2013:14:45:14 +0100] "GET /bjhcpjtjiykiwgzu.html HTTP/1.1" 404 1256 "-" "Mozilla/5.0 (compatible; Googlebot/2.1; +http://www.google.com/bot.html)"
141.8.147.12 - - [28/Mar/2013:14:53:18 +0100] "GET /robots.txt HTTP/1.1" 404 1256 "-" "Mozilla/5.0 (compatible; YandexBot/3.0; +http://yandex.com/bots)"
141.8.147.12 - - [28/Mar/2013:14:53:21 +0100] "GET /index.swf HTTP/1.1" 200 8893 "-" "Mozilla/5.0 (compatible; YandexBot/3.0; +http://yandex.com/bots)"
109.120.157.179 - - [28/Mar/2013:15:06:06 +0100] "GET / HTTP/1.1" 200 4014 "http://www.konsalter.ru/" "Mozilla/5.0 (compatible; Add Catalog/2.1;)"
109.120.157.179 - - [28/Mar/2013:15:06:07 +0100] "GET / HTTP/1.1" 200 4014 "http://www.konsalter.ru/" "Mozilla/5.0 (compatible; Add Catalog/2.1;)"
66.249.76.125 - - [28/Mar/2013:15:07:12 +0100] "GET / HTTP/1.1" 304 - "-" "Mozilla/5.0 (compatible; Googlebot/2.1; +http://www.google.com/bot.html)"
66.249.76.125 - - [28/Mar/2013:15:11:08 +0100] "GET / HTTP/1.1" 200 4014 "-" "Mozilla/5.0 (iPhone; U; CPU iPhone OS 4_1 like Mac OS X; en-us) AppleWebKit/532.9 (KHTML, like Gecko) Version/4.0.5 Mobile/8B117 Safari/6531.22.7 (compatible; Googlebot-Mobile/2.1; +http://www.google.com/bot.html)"
66.249.76.125 - - [28/Mar/2013:15:36:50 +0100] "GET /03.html HTTP/1.1" 304 - "-" "Mozilla/5.0 (compatible; Googlebot/2.1; +http://www.google.com/bot.html)"
85.115.20.122 - - [28/Mar/2013:16:33:49 +0100] "GET /09a.html HTTP/1.1" 200 2065 "http://www.google.de/url?sa=t&rct=j&q=dialyse%20waldbronn%20anja%20menzinger&source=web&cd=1&ved=0CDoQFjAA&url=http%3A%2F%2Fwww.dialyse-waldbronn.de%2F09a.html&ei=c2JUUej2FYnj4QTG_4Bo&usg=AFQjCNG6uMrHKx5duZ5AcMzcLXwByavrQg" "Mozilla/5.0 (compatible; MSIE 9.0; Windows NT 6.1; WOW64; Trident/5.0)"
85.115.20.122 - - [28/Mar/2013:16:33:49 +0100] "GET /AC_RunActiveContent.js HTTP/1.1" 200 8029 "http://www.dialyse-waldbronn.de/09a.html" "Mozilla/5.0 (compatible; MSIE 9.0; Windows NT 6.1; WOW64; Trident/5.0)"
85.115.20.122 - - [28/Mar/2013:16:33:49 +0100] "GET /AC_RunActiveContent.js HTTP/1.1" 200 8029 "http://www.dialyse-waldbronn.de/09a.html" "Mozilla/5.0 (compatible; MSIE 9.0; Windows NT 6.1; WOW64; Trident/5.0)"
85.115.20.122 - - [28/Mar/2013:16:33:49 +0100] "GET /favicon.ico HTTP/1.1" 404 1256 "-" "Mozilla/5.0 (compatible; MSIE 9.0; Windows NT 6.1; WOW64; Trident/5.0)"
66.249.76.125 - - [28/Mar/2013:17:13:27 +0100] "GET /09.html HTTP/1.1" 304 - "-" "SAMSUNG-SGH-E250/1.0 Profile/MIDP-2.0 Configuration/CLDC-1.1 UP.Browser/6.2.3.3.c.1.101 (GUI) MMP/2.0 (compatible; Googlebot-Mobile/2.1; +http://www.google.com/bot.html)"
91.207.4.186 - - [28/Mar/2013:17:14:19 +0100] "GET / HTTP/1.1" 200 4014 "http://sovetogorod.ru/" "Opera/7.11 (Windows NT 5.1; U) [en]"
91.207.4.186 - - [28/Mar/2013:17:14:20 +0100] "GET / HTTP/1.1" 200 4014 "http://sovetogorod.ru/" "Opera/7.11 (Windows NT 5.1; U) [en]"
141.8.147.12 - - [28/Mar/2013:17:42:14 +0100] "GET / HTTP/1.1" 200 4014 "-" "Mozilla/5.0 (compatible; YandexBot/3.0; MirrorDetector; +http://yandex.com/bots)"
141.8.147.12 - - [28/Mar/2013:17:42:17 +0100] "GET / HTTP/1.1" 200 4014 "-" "Mozilla/5.0 (compatible; YandexBot/3.0; MirrorDetector; +http://yandex.com/bots)"
202.46.52.32 - - [28/Mar/2013:18:05:09 +0100] "GET / HTTP/1.1" 200 4014 "-" "Mozilla/4.0 (compatible; MSIE 7.0; Windows NT 6.0)"
119.63.193.131 - - [28/Mar/2013:18:06:09 +0100] "GET / HTTP/1.1" 200 4014 "-" "Mozilla/4.0 (compatible; MSIE 7.0; Windows NT 6.0)"
91.207.6.34 - - [28/Mar/2013:18:42:02 +0100] "GET / HTTP/1.1" 200 4014 "http://www.prostitutki-krasnoyarska.org/" "Mozilla/4.0 (compatible; MSIE 5.0; Windows 3.1)"
91.207.6.34 - - [28/Mar/2013:18:42:03 +0100] "GET / HTTP/1.1" 200 4014 "http://www.prostitutki-krasnoyarska.org/" "Mozilla/4.0 (compatible; MSIE 5.0; Windows 3.1)"
91.207.6.34 - - [28/Mar/2013:18:42:03 +0100] "GET / HTTP/1.1" 200 4014 "http://www.prostitutki-krasnoyarska.org/" "Mozilla/4.0 (compatible; MSIE 5.0; Windows 3.1)"
180.76.5.139 - - [28/Mar/2013:20:51:38 +0100] "GET /robots.txt HTTP/1.1" 404 1256 "-" "Mozilla/5.0 (Windows NT 5.1; rv:6.0.2) Gecko/20100101 Firefox/6.0.2"
66.249.76.125 - - [28/Mar/2013:21:03:33 +0100] "GET /09.html HTTP/1.1" 304 - "-" "Mozilla/5.0 (iPhone; U; CPU iPhone OS 4_1 like Mac OS X; en-us) AppleWebKit/532.9 (KHTML, like Gecko) Version/4.0.5 Mobile/8B117 Safari/6531.22.7 (compatible; Googlebot-Mobile/2.1; +http://www.google.com/bot.html)"
92.249.127.111 - - [28/Mar/2013:21:52:01 +0100] "GET / HTTP/1.1" 200 4014 "http://gilina.ru/" "Mozilla/5.0 (compatible; news bot /2.1)"
92.249.127.111 - - [28/Mar/2013:21:52:02 +0100] "GET / HTTP/1.1" 200 4014 "http://gilina.ru/" "Mozilla/5.0 (compatible; news bot /2.1)"
92.249.127.111 - - [28/Mar/2013:21:52:02 +0100] "GET / HTTP/1.1" 200 4014 "http://gilina.ru/" "Mozilla/5.0 (compatible; news bot /2.1)"
46.118.117.249 - - [28/Mar/2013:23:00:11 +0100] "GET / HTTP/1.1" 200 4014 "http://www.mart-an.ru/" "Mozilla/4.0 (compatible; MSIE 6.0; Windows XP)"
46.118.117.249 - - [28/Mar/2013:23:00:12 +0100] "GET / HTTP/1.1" 200 4014 "http://eroticbeauties.ru/" "Mozilla/4.0 (compatible; MSIE 6.0; Windows XP)"
46.118.117.249 - - [28/Mar/2013:23:00:12 +0100] "GET / HTTP/1.1" 200 4014 "http://www.mart-an.ru/" "Mozilla/4.0 (compatible; MSIE 6.0; Windows XP)"
46.118.117.249 - - [28/Mar/2013:23:00:12 +0100] "GET / HTTP/1.1" 200 4014 "http://eroticbeauties.ru/" "Mozilla/4.0 (compatible; MSIE 6.0; Windows XP)"
46.118.117.249 - - [28/Mar/2013:23:00:12 +0100] "GET / HTTP/1.1" 200 4014 "http://www.mart-an.ru/" "Mozilla/4.0 (compatible; MSIE 6.0; Windows XP)"
46.118.117.249 - - [28/Mar/2013:23:00:12 +0100] "GET / HTTP/1.1" 200 4014 "http://eroticbeauties.ru/" "Mozilla/4.0 (compatible; MSIE 6.0; Windows XP)"
202.46.53.61 - - [29/Mar/2013:00:03:37 +0100] "GET / HTTP/1.1" 200 4014 "-" "Mozilla/4.0 (compatible; MSIE 7.0; Windows NT 6.0)"
119.63.193.132 - - [29/Mar/2013:00:04:34 +0100] "GET / HTTP/1.1" 200 4014 "-" "Mozilla/4.0 (compatible; MSIE 7.0; Windows NT 6.0)"
89.108.102.171 - - [29/Mar/2013:00:18:54 +0100] "GET / HTTP/1.1" 200 4014 "http://getseo.co.il/" "Mozilla/4.0 (compatible; MSIE 7.0b; Windows NT 6.0)"
89.108.102.171 - - [29/Mar/2013:00:18:56 +0100] "GET / HTTP/1.1" 200 4014 "http://getseo.co.il/" "Mozilla/4.0 (compatible; MSIE 7.0b; Windows NT 6.0)"
182.118.22.207 - - [29/Mar/2013:00:34:57 +0100] "GET / HTTP/1.1" 200 4014 "http://www.dialyse-waldbronn.de/" "Mozilla/5.0 (Windows; U; Windows NT 5.1; zh-CN; rv:1.8.0.11) Firefox/1.5.0.11; 360Spider"
66.249.76.125 - - [29/Mar/2013:00:58:21 +0100] "GET / HTTP/1.1" 304 - "-" "Mozilla/5.0 (compatible; Googlebot/2.1; +http://www.google.com/bot.html)"
94.153.65.47 - - [29/Mar/2013:01:07:44 +0100] "GET / HTTP/1.1" 200 4014 "http://splavmed.ru/" "Mozilla/0.91 Beta (Windows)"
94.153.65.47 - - [29/Mar/2013:01:07:44 +0100] "GET / HTTP/1.1" 200 4014 "http://www.ceramic.ru/" "Mozilla/4.0 (compatible; MSIE 6.0; Windows NT 5.1; en) Opera 8.00"
94.153.65.47 - - [29/Mar/2013:01:07:44 +0100] "GET / HTTP/1.1" 200 4014 "http://splavmed.ru/" "Mozilla/0.91 Beta (Windows)"
94.153.65.47 - - [29/Mar/2013:01:07:44 +0100] "GET / HTTP/1.1" 200 4014 "http://www.ceramic.ru/" "Mozilla/4.0 (compatible; MSIE 6.0; Windows NT 5.1; en) Opera 8.00"
94.153.65.47 - - [29/Mar/2013:01:07:44 +0100] "GET / HTTP/1.1" 200 4014 "http://splavmed.ru/" "Mozilla/0.91 Beta (Windows)"
94.153.65.47 - - [29/Mar/2013:01:07:44 +0100] "GET / HTTP/1.1" 200 4014 "http://www.ceramic.ru/" "Mozilla/4.0 (compatible; MSIE 6.0; Windows NT 5.1; en) Opera 8.00"
66.249.76.125 - - [29/Mar/2013:01:45:23 +0100] "GET /index.swf HTTP/1.1" 200 8893 "-" "Mozilla/5.0 (compatible; Googlebot/2.1; +http://www.google.com/bot.html)"
193.106.136.45 - - [29/Mar/2013:01:59:19 +0100] "GET / HTTP/1.1" 200 4014 "http://saldoconsult.ru/" "Mozilla/4.0 (compatible; MSIE 5.5; Windows NT 4.0)"
193.106.136.45 - - [29/Mar/2013:01:59:19 +0100] "GET / HTTP/1.1" 200 4014 "http://saldoconsult.ru/" "Mozilla/4.0 (compatible; MSIE 5.5; Windows NT 4.0)"
202.46.54.41 - - [29/Mar/2013:02:08:24 +0100] "GET / HTTP/1.1" 200 4014 "-" "Mozilla/4.0 (compatible; MSIE 7.0; Windows NT 6.0)"
119.63.193.195 - - [29/Mar/2013:02:09:29 +0100] "GET / HTTP/1.1" 200 4014 "-" "Mozilla/4.0 (compatible; MSIE 7.0; Windows NT 6.0)"
91.207.6.34 - - [29/Mar/2013:03:19:14 +0100] "GET / HTTP/1.1" 200 4014 "http://www.prostitutki-minska.org/" "Mozilla/1.22 (compatible; MSIE 2.0d; Windows NT)"
91.207.6.34 - - [29/Mar/2013:03:19:14 +0100] "GET / HTTP/1.1" 200 4014 "http://www.prostitutki-minska.org/" "Mozilla/1.22 (compatible; MSIE 2.0d; Windows NT)"
91.207.6.34 - - [29/Mar/2013:03:19:15 +0100] "GET / HTTP/1.1" 200 4014 "http://www.prostitutki-minska.org/" "Mozilla/1.22 (compatible; MSIE 2.0d; Windows NT)"
66.249.76.125 - - [29/Mar/2013:03:34:25 +0100] "GET /robots.txt HTTP/1.1" 404 1256 "-" "Mozilla/5.0 (compatible; Googlebot/2.1; +http://www.google.com/bot.html)"
66.249.76.125 - - [29/Mar/2013:03:37:36 +0100] "GET /04waldbronn.swf HTTP/1.1" 200 20798 "-" "SAMSUNG-SGH-E250/1.0 Profile/MIDP-2.0 Configuration/CLDC-1.1 UP.Browser/6.2.3.3.c.1.101 (GUI) MMP/2.0 (compatible; Googlebot-Mobile/2.1; +http://www.google.com/bot.html)"
180.76.5.11 - - [29/Mar/2013:04:56:43 +0100] "GET / HTTP/1.1" 200 4014 "-" "Mozilla/5.0 (compatible; Baiduspider/2.0; +http://www.baidu.com/search/spider.html)"
202.46.53.32 - - [29/Mar/2013:06:04:35 +0100] "GET / HTTP/1.1" 200 4014 "-" "Mozilla/4.0 (compatible; MSIE 7.0; Windows NT 6.0)"
119.63.193.194 - - [29/Mar/2013:06:05:33 +0100] "GET / HTTP/1.1" 200 4014 "-" "Mozilla/4.0 (compatible; MSIE 7.0; Windows NT 6.0)"
91.207.4.186 - - [29/Mar/2013:11:42:37 +0100] "GET / HTTP/1.1" 200 4014 "http://ranselem.net/news.php?readmore=67" "Mozilla/4.0 (compatible; MSIE 6.0; Windows NT 5.1; en) Opera 9.0"
91.207.4.186 - - [29/Mar/2013:11:42:37 +0100] "GET / HTTP/1.1" 200 4014 "http://ranselem.net/news.php?readmore=67" "Mozilla/4.0 (compatible; MSIE 6.0; Windows NT 5.1; en) Opera 9.0"
202.46.59.72 - - [29/Mar/2013:12:02:22 +0100] "GET / HTTP/1.1" 200 4014 "-" "Mozilla/4.0 (compatible; MSIE 7.0; Windows NT 6.0)"
119.63.193.196 - - [29/Mar/2013:12:03:16 +0100] "GET / HTTP/1.1" 200 4014 "-" "Mozilla/4.0 (compatible; MSIE 7.0; Windows NT 6.0)"
91.207.6.34 - - [29/Mar/2013:13:30:20 +0100] "GET / HTTP/1.1" 200 4014 "http://www.vse-prostitutki.org/" "Mozilla/4.0 (compatible; MSIE 6.0; Windows NT 5.1; ru) Opera 8.01"
91.207.6.34 - - [29/Mar/2013:13:30:21 +0100] "GET / HTTP/1.1" 200 4014 "http://www.vse-prostitutki.org/" "Mozilla/4.0 (compatible; MSIE 6.0; Windows NT 5.1; ru) Opera 8.01"
91.207.6.34 - - [29/Mar/2013:13:30:21 +0100] "GET / HTTP/1.1" 200 4014 "http://www.vse-prostitutki.org/" "Mozilla/4.0 (compatible; MSIE 6.0; Windows NT 5.1; ru) Opera 8.01"
157.56.93.95 - - [29/Mar/2013:14:59:08 +0100] "GET /robots.txt HTTP/1.1" 404 1256 "-" "Mozilla/5.0 (compatible; bingbot/2.0; +http://www.bing.com/bingbot.htm)"
157.56.93.95 - - [29/Mar/2013:15:00:53 +0100] "GET / HTTP/1.1" 200 4014 "-" "Mozilla/5.0 (compatible; bingbot/2.0; +http://www.bing.com/bingbot.htm)"
195.242.218.133 - - [29/Mar/2013:15:45:14 +0100] "GET / HTTP/1.1" 200 4014 "http://evro-schengen.ru/" "Mozilla/3.0 (x86 [en] Windows NT 5.1; Sun)"
195.242.218.133 - - [29/Mar/2013:15:45:15 +0100] "GET / HTTP/1.1" 200 4014 "http://evro-schengen.ru/" "Mozilla/3.0 (x86 [en] Windows NT 5.1; Sun)"
195.242.218.133 - - [29/Mar/2013:15:45:16 +0100] "GET / HTTP/1.1" 200 4014 "http://evro-schengen.ru/" "Mozilla/3.0 (x86 [en] Windows NT 5.1; Sun)"
193.197.166.154 - - [29/Mar/2013:16:33:24 +0100] "GET /00themen00.html HTTP/1.1" 304 - "-" "Mozilla/4.0 (compatible;)"
85.214.134.94 - - [29/Mar/2013:16:36:09 +0100] "GET /robots.txt HTTP/1.1" 404 1256 "-" "Mozilla/5.0 (compatible; emefgebot/beta; +http://emefge.de/bot.html)"
85.214.134.94 - - [29/Mar/2013:16:36:10 +0100] "GET / HTTP/1.1" 200 4014 "-" "Mozilla/5.0 (compatible; emefgebot/beta; +http://emefge.de/bot.html)"
66.249.75.125 - - [29/Mar/2013:16:59:08 +0100] "GET /robots.txt HTTP/1.1" 404 1256 "-" "Mozilla/5.0 (compatible; Googlebot/2.1; +http://www.google.com/bot.html)"
66.249.75.125 - - [29/Mar/2013:16:59:08 +0100] "GET /03.html HTTP/1.1" 304 - "-" "Mozilla/5.0 (iPhone; U; CPU iPhone OS 4_1 like Mac OS X; en-us) AppleWebKit/532.9 (KHTML, like Gecko) Version/4.0.5 Mobile/8B117 Safari/6531.22.7 (compatible; Googlebot-Mobile/2.1; +http://www.google.com/bot.html)"
188.98.75.157 - - [29/Mar/2013:17:23:19 +0100] "GET / HTTP/1.1" 200 4014 "-" "Mozilla/5.0 (Macintosh; Intel Mac OS X 10_6_8) AppleWebKit/534.57.2 (KHTML, like Gecko) Version/5.1.7 Safari/534.57.2"
188.98.75.157 - - [29/Mar/2013:17:23:19 +0100] "GET /back.jpg HTTP/1.1" 404 1256 "http://www.dialyse-waldbronn.de/" "Mozilla/5.0 (Macintosh; Intel Mac OS X 10_6_8) AppleWebKit/534.57.2 (KHTML, like Gecko) Version/5.1.7 Safari/534.57.2"
202.46.54.121 - - [29/Mar/2013:18:06:16 +0100] "GET / HTTP/1.1" 200 4014 "-" "Mozilla/4.0 (compatible; MSIE 7.0; Windows NT 6.0)"
119.63.193.132 - - [29/Mar/2013:18:07:16 +0100] "GET / HTTP/1.1" 200 4014 "-" "Mozilla/4.0 (compatible; MSIE 7.0; Windows NT 6.0)"
91.207.4.186 - - [29/Mar/2013:18:14:13 +0100] "GET / HTTP/1.1" 200 4014 "http://nayra.ru/" "Mozilla/4.0 (compatible; MSIE 5.5; Windows 95; BCD2000)"
91.207.4.186 - - [29/Mar/2013:18:14:13 +0100] "GET / HTTP/1.1" 200 4014 "http://nayra.ru/" "Mozilla/4.0 (compatible; MSIE 5.5; Windows 95; BCD2000)"
91.207.4.186 - - [29/Mar/2013:18:14:13 +0100] "GET / HTTP/1.1" 200 4014 "http://nayra.ru/" "Mozilla/4.0 (compatible; MSIE 5.5; Windows 95; BCD2000)"
91.207.6.34 - - [29/Mar/2013:19:56:48 +0100] "GET / HTTP/1.1" 200 4014 "http://www.prostitutki-omska.org/" "Mozilla/4.0 (compatible; MSIE 6.0; Windows NT 5.1; ru) Opera 8.01"
91.207.6.34 - - [29/Mar/2013:19:56:48 +0100] "GET / HTTP/1.1" 200 4014 "http://www.prostitutki-omska.org/" "Mozilla/4.0 (compatible; MSIE 6.0; Windows NT 5.1; ru) Opera 8.01"
91.207.6.34 - - [29/Mar/2013:19:56:49 +0100] "GET / HTTP/1.1" 200 4014 "http://www.prostitutki-omska.org/" "Mozilla/4.0 (compatible; MSIE 6.0; Windows NT 5.1; ru) Opera 8.01"
92.225.91.232 - - [29/Mar/2013:20:13:49 +0100] "GET /03.html HTTP/1.1" 200 2012 "http://www.google.de/url?sa=t&rct=j&q=anja%20menzinger&source=web&cd=18&ved=0CGEQFjAHOAo&url=http%3A%2F%2Fwww.dialyse-waldbronn.de%2F03.html&ei=p-dVUYj_I4jPsgb80oDoCA&usg=AFQjCNFQwcVMMbLcXV6pNWv1BpzXom4g7g&bvm=bv.44442042,d.Yms" "Mozilla/5.0 (Macintosh; U; Intel Mac OS X 10_6_8; de-de) AppleWebKit/533.21.1 (KHTML, like Gecko) Version/5.0.5 Safari/533.21.1"
92.225.91.232 - - [29/Mar/2013:20:13:49 +0100] "GET /AC_RunActiveContent.js HTTP/1.1" 200 8029 "http://www.dialyse-waldbronn.de/03.html" "Mozilla/5.0 (Macintosh; U; Intel Mac OS X 10_6_8; de-de) AppleWebKit/533.21.1 (KHTML, like Gecko) Version/5.0.5 Safari/533.21.1"
92.225.91.232 - - [29/Mar/2013:20:13:49 +0100] "GET /favicon.ico HTTP/1.1" 404 1256 "http://www.dialyse-waldbronn.de/03.html" "Mozilla/5.0 (Macintosh; U; Intel Mac OS X 10_6_8; de-de) AppleWebKit/533.21.1 (KHTML, like Gecko) Version/5.0.5 Safari/533.21.1"
92.225.91.232 - - [29/Mar/2013:20:13:49 +0100] "GET /03.swf HTTP/1.1" 200 79366 "http://www.dialyse-waldbronn.de/03.html" "Mozilla/5.0 (Macintosh; U; Intel Mac OS X 10_6_8; de-de) AppleWebKit/533.21.1 (KHTML, like Gecko) Version/5.0.5 Safari/533.21.1"
92.225.91.232 - - [29/Mar/2013:20:14:37 +0100] "GET /03b.html HTTP/1.1" 200 2020 "http://www.dialyse-waldbronn.de/03.html" "Mozilla/5.0 (Macintosh; U; Intel Mac OS X 10_6_8; de-de) AppleWebKit/533.21.1 (KHTML, like Gecko) Version/5.0.5 Safari/533.21.1"
92.225.91.232 - - [29/Mar/2013:20:14:38 +0100] "GET /03b.swf HTTP/1.1" 200 198225 "http://www.dialyse-waldbronn.de/03b.html" "Mozilla/5.0 (Macintosh; U; Intel Mac OS X 10_6_8; de-de) AppleWebKit/533.21.1 (KHTML, like Gecko) Version/5.0.5 Safari/533.21.1"
180.76.5.158 - - [29/Mar/2013:21:41:09 +0100] "GET /robots.txt HTTP/1.1" 404 1256 "-" "Mozilla/5.0 (Windows NT 5.1; rv:6.0.2) Gecko/20100101 Firefox/6.0.2"
46.118.117.249 - - [29/Mar/2013:23:33:34 +0100] "GET / HTTP/1.1" 200 4014 "http://spb.ceramic.ru/" "Mozilla/4.0 (compatible; MSIE 6.0; Windows XP)"
46.118.117.249 - - [29/Mar/2013:23:33:35 +0100] "GET / HTTP/1.1" 200 4014 "http://spb.ceramic.ru/" "Mozilla/4.0 (compatible; MSIE 6.0; Windows XP)"
46.118.117.249 - - [29/Mar/2013:23:33:35 +0100] "GET / HTTP/1.1" 200 4014 "http://spb.ceramic.ru/" "Mozilla/4.0 (compatible; MSIE 6.0; Windows XP)"
202.46.55.59 - - [30/Mar/2013:00:02:30 +0100] "GET / HTTP/1.1" 200 4014 "-" "Mozilla/4.0 (compatible; MSIE 7.0; Windows NT 6.0)"
119.63.193.130 - - [30/Mar/2013:00:03:23 +0100] "GET / HTTP/1.1" 200 4014 "-" "Mozilla/4.0 (compatible; MSIE 7.0; Windows NT 6.0)"
91.207.4.186 - - [30/Mar/2013:01:13:50 +0100] "GET / HTTP/1.1" 200 4014 "http://plantewater.net/news.php?readmore=71" "Mozilla/4.0 (compatible; MSIE 6.0; Windows NT 5.2; Win64; x64; SV1; .NET CLR 2.0.50727)"
91.207.4.186 - - [30/Mar/2013:01:13:50 +0100] "GET / HTTP/1.1" 200 4014 "http://plantewater.net/news.php?readmore=71" "Mozilla/4.0 (compatible; MSIE 6.0; Windows NT 5.2; Win64; x64; SV1; .NET CLR 2.0.50727)"
66.249.75.125 - - [30/Mar/2013:04:20:47 +0100] "GET /06.swf HTTP/1.1" 200 18307 "-" "DoCoMo/2.0 N905i(c100;TB;W24H16) (compatible; Googlebot-Mobile/2.1; +http://www.google.com/bot.html)"
188.98.75.80 - - [30/Mar/2013:05:32:46 +0100] "GET / HTTP/1.1" 200 4014 "-" "Mozilla/5.0 (Macintosh; Intel Mac OS X 10_6_8) AppleWebKit/534.57.2 (KHTML, like Gecko) Version/5.1.7 Safari/534.57.2"
202.46.62.29 - - [30/Mar/2013:06:05:47 +0100] "GET / HTTP/1.1" 200 4014 "-" "Mozilla/4.0 (compatible; MSIE 7.0; Windows NT 6.0)"
119.63.193.195 - - [30/Mar/2013:06:06:45 +0100] "GET / HTTP/1.1" 200 4014 "-" "Mozilla/4.0 (compatible; MSIE 7.0; Windows NT 6.0)"
46.118.117.249 - - [30/Mar/2013:06:13:05 +0100] "GET / HTTP/1.1" 200 4014 "http://parket-k.ru/" "Mozilla/4.0 (compatible; MSIE 6.0; Windows XP)"
46.118.117.249 - - [30/Mar/2013:06:13:05 +0100] "GET / HTTP/1.1" 200 4014 "http://parket-k.ru/" "Mozilla/4.0 (compatible; MSIE 6.0; Windows XP)"
46.118.117.249 - - [30/Mar/2013:06:13:06 +0100] "GET / HTTP/1.1" 200 4014 "http://parket-k.ru/" "Mozilla/4.0 (compatible; MSIE 6.0; Windows XP)"
141.8.147.12 - - [30/Mar/2013:11:33:16 +0100] "GET /robots.txt HTTP/1.1" 404 1256 "-" "Mozilla/5.0 (compatible; YandexBot/3.0; +http://yandex.com/bots)"
91.207.9.226 - - [30/Mar/2013:11:56:23 +0100] "GET / HTTP/1.1" 200 4014 "http://player-android.ru/" "Mozilla/4.0 (compatible; MSIE 6.0; Windows NT 5.1; .NET CLR 1.1.4322)"
91.207.9.226 - - [30/Mar/2013:11:56:23 +0100] "GET / HTTP/1.1" 200 4014 "http://player-android.ru/" "Mozilla/4.0 (compatible; MSIE 6.0; Windows NT 5.1; .NET CLR 1.1.4322)"
91.207.9.226 - - [30/Mar/2013:11:56:24 +0100] "GET / HTTP/1.1" 200 4014 "http://player-android.ru/" "Mozilla/4.0 (compatible; MSIE 6.0; Windows NT 5.1; .NET CLR 1.1.4322)"
202.46.63.40 - - [30/Mar/2013:12:02:36 +0100] "GET / HTTP/1.1" 200 4014 "-" "Mozilla/4.0 (compatible; MSIE 7.0; Windows NT 6.0)"
119.63.193.130 - - [30/Mar/2013:12:03:28 +0100] "GET / HTTP/1.1" 200 4014 "-" "Mozilla/4.0 (compatible; MSIE 7.0; Windows NT 6.0)"
141.8.147.12 - - [30/Mar/2013:12:13:15 +0100] "GET / HTTP/1.1" 200 4014 "-" "Mozilla/5.0 (compatible; YandexBot/3.0; +http://yandex.com/bots)"
141.8.147.12 - - [30/Mar/2013:12:13:59 +0100] "GET /index.swf HTTP/1.1" 200 8893 "-" "Mozilla/5.0 (compatible; YandexBot/3.0; +http://yandex.com/bots)"
66.249.76.125 - - [30/Mar/2013:14:36:45 +0100] "GET /robots.txt HTTP/1.1" 404 1256 "-" "Mozilla/5.0 (compatible; Googlebot/2.1; +http://www.google.com/bot.html)"
66.249.76.125 - - [30/Mar/2013:14:36:45 +0100] "GET / HTTP/1.1" 200 4014 "-" "Mozilla/5.0 (iPhone; U; CPU iPhone OS 4_1 like Mac OS X; en-us) AppleWebKit/532.9 (KHTML, like Gecko) Version/4.0.5 Mobile/8B117 Safari/6531.22.7 (compatible; Googlebot-Mobile/2.1; +http://www.google.com/bot.html)"
193.106.136.42 - - [30/Mar/2013:15:31:17 +0100] "GET / HTTP/1.1" 200 4014 "http://ublaze.ru/" "Mozilla/4.0 (compatible; MSIE 6.0; Windows NT 5.1)"
193.106.136.42 - - [30/Mar/2013:15:31:18 +0100] "GET / HTTP/1.1" 200 4014 "http://ublaze.ru/" "Mozilla/4.0 (compatible; MSIE 6.0; Windows NT 5.1)"
91.207.4.186 - - [30/Mar/2013:16:14:16 +0100] "GET / HTTP/1.1" 200 4014 "http://landteme.net/" "Mozilla/4.0 (compatible; MSIE 6.0; Windows NT 5.1; ru) Opera 8.01"
91.207.4.186 - - [30/Mar/2013:16:14:16 +0100] "GET / HTTP/1.1" 200 4014 "http://landteme.net/" "Mozilla/4.0 (compatible; MSIE 6.0; Windows NT 5.1; ru) Opera 8.01"
66.249.76.125 - - [30/Mar/2013:16:22:57 +0100] "GET /index.swf HTTP/1.1" 200 8893 "-" "Mozilla/5.0 (iPhone; U; CPU iPhone OS 4_1 like Mac OS X; en-us) AppleWebKit/532.9 (KHTML, like Gecko) Version/4.0.5 Mobile/8B117 Safari/6531.22.7 (compatible; Googlebot-Mobile/2.1; +http://www.google.com/bot.html)"
202.46.48.28 - - [30/Mar/2013:18:05:24 +0100] "GET / HTTP/1.1" 200 4014 "-" "Mozilla/4.0 (compatible; MSIE 7.0; Windows NT 6.0)"
119.63.193.194 - - [30/Mar/2013:18:06:22 +0100] "GET / HTTP/1.1" 200 4014 "-" "Mozilla/4.0 (compatible; MSIE 7.0; Windows NT 6.0)"
94.153.65.47 - - [30/Mar/2013:18:25:13 +0100] "GET / HTTP/1.1" 200 4014 "http://www.wallpapers.su/" "Mozilla/4.0 (compatible; MSIE 6.0; Windows NT 5.1; MRA 4.3 (build 01218); .NET CLR 1.1.4322)"
94.153.65.47 - - [30/Mar/2013:18:25:14 +0100] "GET / HTTP/1.1" 200 4014 "http://www.sim-bler.ru/" "Opera/9.0 (Windows NT 5.1; U; en)"
94.153.65.47 - - [30/Mar/2013:18:25:15 +0100] "GET / HTTP/1.1" 200 4014 "http://www.wallpapers.su/" "Mozilla/4.0 (compatible; MSIE 6.0; Windows NT 5.1; MRA 4.3 (build 01218); .NET CLR 1.1.4322)"
178.33.122.74 - - [30/Mar/2013:19:03:39 +0100] "GET /09a.swf HTTP/1.1" 200 19689 "-" "Mozilla/5.0 (X11; Linux i686; rv:6.0) Gecko/20100101 Firefox/6.0"
178.33.122.74 - - [30/Mar/2013:19:03:39 +0100] "GET /09.swf HTTP/1.1" 200 23193 "-" "Mozilla/5.0 (X11; Linux i686; rv:6.0) Gecko/20100101 Firefox/6.0"
178.33.122.74 - - [30/Mar/2013:19:03:39 +0100] "GET /03.swf HTTP/1.1" 200 79366 "-" "Mozilla/5.0 (X11; Linux i686; rv:6.0) Gecko/20100101 Firefox/6.0"
101.226.168.214 - - [30/Mar/2013:19:13:19 +0100] "GET / HTTP/1.1" 200 4014 "http://www.dialyse-waldbronn.de/" "Mozilla/4.0 (compatible; MSIE 8.0; Windows NT 6.1; Trident/4.0; SLCC2; .NET CLR 2.0.50727; .NET CLR 3.5.30729; .NET CLR 3.0.30729; Media Center PC 6.0; MDDR; .NET4.0C; .NET4.0E; .NET CLR 1.1.4322; Tablet PC 2.0); 360Spider"
180.76.5.148 - - [30/Mar/2013:22:04:39 +0100] "GET /robots.txt HTTP/1.1" 404 1256 "-" "Mozilla/5.0 (Windows NT 5.1; rv:6.0.2) Gecko/20100101 Firefox/6.0.2"
202.46.52.35 - - [31/Mar/2013:00:02:42 +0100] "GET / HTTP/1.1" 200 4014 "-" "Mozilla/4.0 (compatible; MSIE 7.0; Windows NT 6.0)"
119.63.193.196 - - [31/Mar/2013:00:03:35 +0100] "GET / HTTP/1.1" 200 4014 "-" "Mozilla/4.0 (compatible; MSIE 7.0; Windows NT 6.0)"
91.207.4.186 - - [31/Mar/2013:00:51:23 +0100] "GET / HTTP/1.1" 200 4014 "http://sovetogorod.ru/" "Mozilla/4.0 (compatible; MSIE 6.0; Windows NT 5.1; SV1; .NET CLR 1.1.4322; .NET CLR 2.0.50727)"
91.207.4.186 - - [31/Mar/2013:00:51:24 +0100] "GET / HTTP/1.1" 200 4014 "http://sovetogorod.ru/" "Mozilla/4.0 (compatible; MSIE 6.0; Windows NT 5.1; SV1; .NET CLR 1.1.4322; .NET CLR 2.0.50727)"
91.207.9.226 - - [31/Mar/2013:01:27:49 +0100] "GET / HTTP/1.1" 200 4014 "http://android-superstar.ru/" "Mozilla/4.61 [en] (X11; U; ) - BrowseX (2.0.0 Windows)"
91.207.9.226 - - [31/Mar/2013:01:27:50 +0100] "GET / HTTP/1.1" 200 4014 "http://android-superstar.ru/" "Mozilla/4.61 [en] (X11; U; ) - BrowseX (2.0.0 Windows)"
91.207.9.226 - - [31/Mar/2013:01:27:50 +0100] "GET / HTTP/1.1" 200 4014 "http://android-superstar.ru/" "Mozilla/4.61 [en] (X11; U; ) - BrowseX (2.0.0 Windows)"
66.249.76.125 - - [31/Mar/2013:07:00:47 +0200] "GET /robots.txt HTTP/1.1" 404 1256 "-" "Mozilla/5.0 (compatible; Googlebot/2.1; +http://www.google.com/bot.html)"
66.249.76.125 - - [31/Mar/2013:07:00:47 +0200] "GET / HTTP/1.1" 200 4014 "-" "Mozilla/5.0 (compatible; Googlebot/2.1; +http://www.google.com/bot.html)"
202.46.50.12 - - [31/Mar/2013:07:04:48 +0200] "GET / HTTP/1.1" 200 4014 "-" "Mozilla/4.0 (compatible; MSIE 7.0; Windows NT 6.0)"
119.63.193.196 - - [31/Mar/2013:07:05:47 +0200] "GET / HTTP/1.1" 200 4014 "-" "Mozilla/4.0 (compatible; MSIE 7.0; Windows NT 6.0)"
141.8.147.12 - - [31/Mar/2013:07:42:57 +0200] "GET /robots.txt HTTP/1.1" 404 1256 "-" "Mozilla/5.0 (compatible; YandexBot/3.0; +http://yandex.com/bots)"
91.207.4.186 - - [31/Mar/2013:08:47:38 +0200] "GET / HTTP/1.1" 200 4014 "http://redsined.net/news.php?readmore=70" "Mozilla/4.0 (compatible; MSIE 6.0; Windows NT 5.0; Avant Browser [avantbrowser.com]; Hotbar 4.4.5.0)"
91.207.4.186 - - [31/Mar/2013:08:47:39 +0200] "GET / HTTP/1.1" 200 4014 "http://redsined.net/news.php?readmore=70" "Mozilla/4.0 (compatible; MSIE 6.0; Windows NT 5.0; Avant Browser [avantbrowser.com]; Hotbar 4.4.5.0)"
46.118.117.249 - - [31/Mar/2013:10:12:02 +0200] "GET / HTTP/1.1" 200 4014 "http://eroticbeauties.ru/" "Mozilla/4.0 (compatible; MSIE 6.0; Windows XP)"
46.118.117.249 - - [31/Mar/2013:10:12:03 +0200] "GET / HTTP/1.1" 200 4014 "http://eroticbeauties.ru/" "Mozilla/4.0 (compatible; MSIE 6.0; Windows XP)"
46.118.117.249 - - [31/Mar/2013:10:12:03 +0200] "GET / HTTP/1.1" 200 4014 "http://eroticbeauties.ru/" "Mozilla/4.0 (compatible; MSIE 6.0; Windows XP)"
46.118.117.249 - - [31/Mar/2013:10:12:20 +0200] "GET / HTTP/1.1" 200 4014 "http://autovikup.info/" "Mozilla/4.0 (compatible; MSIE 6.0; Windows NT 5.2; WOW64; SV1; .NET CLR 2.0.50727)"
46.118.117.249 - - [31/Mar/2013:10:12:20 +0200] "GET / HTTP/1.1" 200 4014 "http://autovikup.info/" "Mozilla/4.0 (compatible; MSIE 6.0; Windows NT 5.2; WOW64; SV1; .NET CLR 2.0.50727)"
46.118.117.249 - - [31/Mar/2013:10:12:20 +0200] "GET / HTTP/1.1" 200 4014 "http://autovikup.info/" "Mozilla/4.0 (compatible; MSIE 6.0; Windows NT 5.2; WOW64; SV1; .NET CLR 2.0.50727)"
204.12.198.106 - - [31/Mar/2013:12:11:40 +0200] "GET /robots.txt HTTP/1.0" 404 1256 "-" "Mozilla/5.0 (compatible; MJ12bot/v1.4.3; http://www.majestic12.co.uk/bot.php?+)"
204.12.198.106 - - [31/Mar/2013:12:11:42 +0200] "GET / HTTP/1.0" 200 4014 "-" "Mozilla/5.0 (compatible; MJ12bot/v1.4.3; http://www.majestic12.co.uk/bot.php?+)"
141.8.147.12 - - [31/Mar/2013:12:14:57 +0200] "GET / HTTP/1.1" 200 4014 "-" "Mozilla/5.0 (compatible; YandexBot/3.0; +http://yandex.com/bots)"
141.8.147.12 - - [31/Mar/2013:12:15:56 +0200] "GET /index.swf HTTP/1.1" 200 8893 "-" "Mozilla/5.0 (compatible; YandexBot/3.0; +http://yandex.com/bots)"
202.46.54.40 - - [31/Mar/2013:13:01:42 +0200] "GET / HTTP/1.1" 200 4014 "-" "Mozilla/4.0 (compatible; MSIE 7.0; Windows NT 6.0)"
119.63.193.132 - - [31/Mar/2013:13:02:34 +0200] "GET / HTTP/1.1" 200 4014 "-" "Mozilla/4.0 (compatible; MSIE 7.0; Windows NT 6.0)"
92.249.127.111 - - [31/Mar/2013:15:24:14 +0200] "GET / HTTP/1.1" 200 4014 "http://gilina.ru/" "Mozilla/5.0 (compatible; news bot /2.1)"
92.249.127.111 - - [31/Mar/2013:15:24:15 +0200] "GET / HTTP/1.1" 200 4014 "http://gilina.ru/" "Mozilla/5.0 (compatible; news bot /2.1)"
92.249.127.111 - - [31/Mar/2013:15:24:15 +0200] "GET / HTTP/1.1" 200 4014 "http://gilina.ru/" "Mozilla/5.0 (compatible; news bot /2.1)"
193.106.136.51 - - [31/Mar/2013:18:17:42 +0200] "GET / HTTP/1.1" 200 4014 "http://et-rus.ru/" "Mozilla/3.0 (x86 [en] Windows NT 5.1; Sun)"
193.106.136.51 - - [31/Mar/2013:18:17:43 +0200] "GET / HTTP/1.1" 200 4014 "http://et-rus.ru/" "Mozilla/3.0 (x86 [en] Windows NT 5.1; Sun)"
66.249.76.125 - - [31/Mar/2013:18:52:42 +0200] "GET /09a.html HTTP/1.1" 304 - "-" "Mozilla/5.0 (iPhone; U; CPU iPhone OS 4_1 like Mac OS X; en-us) AppleWebKit/532.9 (KHTML, like Gecko) Version/4.0.5 Mobile/8B117 Safari/6531.22.7 (compatible; Googlebot-Mobile/2.1; +http://www.google.com/bot.html)"
202.46.61.35 - - [31/Mar/2013:19:06:32 +0200] "GET / HTTP/1.1" 200 4014 "-" "Mozilla/4.0 (compatible; MSIE 7.0; Windows NT 6.0)"
119.63.193.195 - - [31/Mar/2013:19:07:33 +0200] "GET / HTTP/1.1" 200 4014 "-" "Mozilla/4.0 (compatible; MSIE 7.0; Windows NT 6.0)"
134.3.131.45 - - [31/Mar/2013:19:34:12 +0200] "GET /09a.html HTTP/1.1" 200 2065 "http://www.google.com/url?sa=t&rct=j&q=dialyse%20waldbronn%20anja%20menzinger&source=web&cd=1&ved=0CC4QFjAA&url=http%3A%2F%2Fwww.dialyse-waldbronn.de%2F09a.html&ei=MnNYUerlN-Sl4ATn6oDoDA&usg=AFQjCNG6uMrHKx5duZ5AcMzcLXwByavrQg&sig2=PQ4QB5-Lc1VSo1dt_I3Nng&bvm=bv.44442042,d.Yms" "Mozilla/5.0 (iPad; CPU OS 6_1_3 like Mac OS X) AppleWebKit/536.26 (KHTML, like Gecko) Version/6.0 Mobile/10B329 Safari/8536.25"
134.3.131.45 - - [31/Mar/2013:19:34:12 +0200] "GET /AC_RunActiveContent.js HTTP/1.1" 200 8029 "http://www.dialyse-waldbronn.de/09a.html" "Mozilla/5.0 (iPad; CPU OS 6_1_3 like Mac OS X) AppleWebKit/536.26 (KHTML, like Gecko) Version/6.0 Mobile/10B329 Safari/8536.25"
134.3.131.45 - - [31/Mar/2013:19:34:29 +0200] "GET /03.html HTTP/1.1" 200 2012 "http://www.google.com/url?sa=t&rct=j&q=dialyse%20waldbronn%20anja%20menzinger&source=web&cd=2&ved=0CDIQFjAB&url=http%3A%2F%2Fwww.dialyse-waldbronn.de%2F03.html&ei=MnNYUerlN-Sl4ATn6oDoDA&usg=AFQjCNFQwcVMMbLcXV6pNWv1BpzXom4g7g&sig2=FPVHx6ZJiXkRP1AtT45P4A&bvm=bv.44442042,d.Yms" "Mozilla/5.0 (iPad; CPU OS 6_1_3 like Mac OS X) AppleWebKit/536.26 (KHTML, like Gecko) Version/6.0 Mobile/10B329 Safari/8536.25"
134.3.131.45 - - [31/Mar/2013:19:35:11 +0200] "GET / HTTP/1.1" 200 4014 "http://www.google.de/url?sa=t&rct=j&q=dialyse%20waldbronn&source=web&cd=1&ved=0CDQQFjAA&url=http%3A%2F%2Fwww.dialyse-waldbronn.de%2F&ei=b3NYUYO-HK7E4gSCqIDoBA&usg=AFQjCNHEX_ZQroPS8hwDzjOxqVHmV6iDWw&bvm=bv.44442042,d.bGE" "Mozilla/5.0 (Windows NT 6.0; rv:19.0) Gecko/20100101 Firefox/19.0"
134.3.131.45 - - [31/Mar/2013:19:35:13 +0200] "GET /back.jpg HTTP/1.1" 404 1256 "http://www.dialyse-waldbronn.de/" "Mozilla/5.0 (Windows NT 6.0; rv:19.0) Gecko/20100101 Firefox/19.0"
134.3.131.45 - - [31/Mar/2013:19:35:13 +0200] "GET /index.swf HTTP/1.1" 200 8893 "http://www.dialyse-waldbronn.de/" "Mozilla/5.0 (Windows NT 6.0; rv:19.0) Gecko/20100101 Firefox/19.0"
