202.46.53.69 - - [01/Mar/2013:00:06:22 +0100] "GET / HTTP/1.1" 200 4014 "-" "Mozilla/4.0 (compatible; MSIE 7.0; Windows NT 6.0)"
119.63.193.130 - - [01/Mar/2013:00:07:20 +0100] "GET / HTTP/1.1" 200 4014 "-" "Mozilla/4.0 (compatible; MSIE 7.0; Windows NT 6.0)"
66.249.76.134 - - [01/Mar/2013:00:26:59 +0100] "GET /00themen00.html HTTP/1.1" 304 - "-" "Mozilla/5.0 (iPhone; U; CPU iPhone OS 4_1 like Mac OS X; en-us) AppleWebKit/532.9 (KHTML, like Gecko) Version/4.0.5 Mobile/8B117 Safari/6531.22.7 (compatible; Googlebot-Mobile/2.1; +http://www.google.com/bot.html)"
66.249.76.134 - - [01/Mar/2013:01:19:00 +0100] "GET /02.html HTTP/1.1" 200 1988 "-" "SAMSUNG-SGH-E250/1.0 Profile/MIDP-2.0 Configuration/CLDC-1.1 UP.Browser/6.2.3.3.c.1.101 (GUI) MMP/2.0 (compatible; Googlebot-Mobile/2.1; +http://www.google.com/bot.html)"
202.46.54.178 - - [01/Mar/2013:06:07:30 +0100] "GET / HTTP/1.1" 200 4014 "-" "Mozilla/4.0 (compatible; MSIE 7.0; Windows NT 6.0)"
119.63.193.132 - - [01/Mar/2013:06:08:29 +0100] "GET / HTTP/1.1" 200 4014 "-" "Mozilla/4.0 (compatible; MSIE 7.0; Windows NT 6.0)"
178.137.92.96 - - [01/Mar/2013:06:17:08 +0100] "GET / HTTP/1.1" 200 4014 "http://pornoscanner.com/" "Mozilla/4.0 (compatible; MSIE 6.0; Windows XP)"
178.137.92.96 - - [01/Mar/2013:06:17:08 +0100] "GET / HTTP/1.1" 200 4014 "http://www.a-tg.ru/" "Mozilla/4.0 (compatible; MSIE 6.0; Windows XP)"
178.137.92.96 - - [01/Mar/2013:06:17:09 +0100] "GET / HTTP/1.1" 200 4014 "http://pornoscanner.com/" "Mozilla/4.0 (compatible; MSIE 6.0; Windows XP)"
178.137.92.96 - - [01/Mar/2013:06:17:09 +0100] "GET / HTTP/1.1" 200 4014 "http://www.a-tg.ru/" "Mozilla/4.0 (compatible; MSIE 6.0; Windows XP)"
178.137.92.96 - - [01/Mar/2013:06:17:09 +0100] "GET / HTTP/1.1" 200 4014 "http://pornoscanner.com/" "Mozilla/4.0 (compatible; MSIE 6.0; Windows XP)"
178.137.92.96 - - [01/Mar/2013:06:17:09 +0100] "GET / HTTP/1.1" 200 4014 "http://www.a-tg.ru/" "Mozilla/4.0 (compatible; MSIE 6.0; Windows XP)"
66.249.76.134 - - [01/Mar/2013:08:45:49 +0100] "GET /robots.txt HTTP/1.1" 404 1256 "-" "Mozilla/5.0 (compatible; Googlebot/2.1; +http://www.google.com/bot.html)"
66.249.76.134 - - [01/Mar/2013:08:45:49 +0100] "GET /00themen00.html HTTP/1.1" 200 2236 "-" "DoCoMo/2.0 N905i(c100;TB;W24H16) (compatible; Googlebot-Mobile/2.1; +http://www.google.com/bot.html)"
193.106.136.32 - - [01/Mar/2013:11:41:16 +0100] "GET / HTTP/1.1" 200 4014 "http://sitetourism.com/" "Mozilla/4.0 (compatible; MSIE 6.0; Windows NT 5.1; SV1; FunWebProducts; .NET CLR 1.1.4322; PeoplePal 6.2)"
193.106.136.32 - - [01/Mar/2013:11:41:17 +0100] "GET / HTTP/1.1" 200 4014 "http://sitetourism.com/" "Mozilla/4.0 (compatible; MSIE 6.0; Windows NT 5.1; SV1; FunWebProducts; .NET CLR 1.1.4322; PeoplePal 6.2)"
94.153.64.117 - - [01/Mar/2013:12:01:31 +0100] "GET / HTTP/1.1" 200 4014 "http://your-sonnik.ru/" "Opera/9.80 (Windows NT 6.0; U; en) Presto/2.7.62 Version/11.00"
94.153.64.117 - - [01/Mar/2013:12:01:31 +0100] "GET / HTTP/1.1" 200 4014 "http://your-sonnik.ru/" "Opera/9.80 (Windows NT 6.0; U; en) Presto/2.7.62 Version/11.00"
94.153.64.117 - - [01/Mar/2013:12:01:32 +0100] "GET / HTTP/1.1" 200 4014 "http://your-sonnik.ru/" "Opera/9.80 (Windows NT 6.0; U; en) Presto/2.7.62 Version/11.00"
202.46.63.74 - - [01/Mar/2013:12:07:45 +0100] "GET / HTTP/1.1" 200 4014 "-" "Mozilla/4.0 (compatible; MSIE 7.0; Windows NT 6.0)"
119.63.193.195 - - [01/Mar/2013:12:08:42 +0100] "GET / HTTP/1.1" 200 4014 "-" "Mozilla/4.0 (compatible; MSIE 7.0; Windows NT 6.0)"
217.233.137.2 - - [01/Mar/2013:12:52:13 +0100] "GET /09a.html HTTP/1.1" 200 2065 "http://www.google.de/url?sa=t&rct=j&q=dr.%20anja%20menzinger%20waldbronn&source=web&cd=3&ved=0CD8QFjAC&url=http%3A%2F%2Fwww.dialyse-waldbronn.de%2F09a.html&ei=L5YwUYTTFcbpswaLrYH4Dw&usg=AFQjCNG6uMrHKx5duZ5AcMzcLXwByavrQg&bvm=bv.43148975,d.Yms" "Mozilla/4.0 (compatible; MSIE 8.0; Windows NT 5.1; Trident/4.0; GTB7.4; .NET CLR 1.1.4322; .NET CLR 2.0.50727; .NET CLR 3.0.4506.2152; .NET CLR 3.5.30729; .NET4.0C; .NET4.0E; AskTbORJ/5.15.15.36191)"
217.233.137.2 - - [01/Mar/2013:12:52:14 +0100] "GET /AC_RunActiveContent.js HTTP/1.1" 200 8029 "http://www.dialyse-waldbronn.de/09a.html" "Mozilla/4.0 (compatible; MSIE 8.0; Windows NT 5.1; Trident/4.0; GTB7.4; .NET CLR 1.1.4322; .NET CLR 2.0.50727; .NET CLR 3.0.4506.2152; .NET CLR 3.5.30729; .NET4.0C; .NET4.0E; AskTbORJ/5.15.15.36191)"
217.233.137.2 - - [01/Mar/2013:12:52:14 +0100] "GET /09a.swf HTTP/1.1" 200 19689 "http://www.dialyse-waldbronn.de/09a.html" "Mozilla/4.0 (compatible; MSIE 8.0; Windows NT 5.1; Trident/4.0; GTB7.4; .NET CLR 1.1.4322; .NET CLR 2.0.50727; .NET CLR 3.0.4506.2152; .NET CLR 3.5.30729; .NET4.0C; .NET4.0E; AskTbORJ/5.15.15.36191)"
217.233.137.2 - - [01/Mar/2013:12:52:14 +0100] "GET /favicon.ico HTTP/1.1" 404 1256 "-" "Mozilla/4.0 (compatible; MSIE 8.0; Windows NT 5.1; Trident/4.0; GTB7.4; .NET CLR 1.1.4322; .NET CLR 2.0.50727; .NET CLR 3.0.4506.2152; .NET CLR 3.5.30729; .NET4.0C; .NET4.0E; AskTbORJ/5.15.15.36191)"
180.76.5.64 - - [01/Mar/2013:13:39:27 +0100] "GET / HTTP/1.1" 304 - "-" "Mozilla/5.0 (compatible; Baiduspider/2.0; +http://www.baidu.com/search/spider.html)"
157.56.229.87 - - [01/Mar/2013:14:12:51 +0100] "GET /robots.txt HTTP/1.1" 404 1256 "-" "Mozilla/5.0 (compatible; bingbot/2.0; +http://www.bing.com/bingbot.htm)"
65.55.211.211 - - [01/Mar/2013:14:14:55 +0100] "GET / HTTP/1.1" 200 4014 "-" "Mozilla/5.0 (Windows NT 6.1; WOW64) AppleWebKit/534+ (KHTML, like Gecko) BingPreview/1.0b"
66.249.73.3 - - [01/Mar/2013:15:23:23 +0100] "GET /robots.txt HTTP/1.1" 404 1256 "-" "Mozilla/5.0 (compatible; Googlebot/2.1; +http://www.google.com/bot.html)"
66.249.73.3 - - [01/Mar/2013:15:23:23 +0100] "GET /tqymuexkw.html HTTP/1.1" 404 1256 "-" "Mozilla/5.0 (compatible; Googlebot/2.1; +http://www.google.com/bot.html)"
83.133.125.202 - - [01/Mar/2013:15:28:56 +0100] "GET / HTTP/1.1" 200 4014 "http://www.sumaja.de/?such_wert=dialyse" "Mozilla/4.0 (compatible; MSIE 8.0; Windows NT 5.1; Trident/4.0; FBSMTWB; ATC/1.0; .NET CLR 1.1.4322; ATC/1.0; .NET CLR 2.0.50727; .NET CLR 3.0.4506.2152; .NET CLR 3.5.30729)"
94.153.64.117 - - [01/Mar/2013:16:15:25 +0100] "GET / HTTP/1.1" 200 4014 "http://body-security.ru/" "Mozilla/4.0 (compatible; MSIE 6.0; Windows XP)"
94.153.64.117 - - [01/Mar/2013:16:15:25 +0100] "GET / HTTP/1.1" 200 4014 "http://body-security.ru/" "Mozilla/4.0 (compatible; MSIE 6.0; Windows XP)"
94.153.64.117 - - [01/Mar/2013:16:15:25 +0100] "GET / HTTP/1.1" 200 4014 "http://body-security.ru/" "Mozilla/4.0 (compatible; MSIE 6.0; Windows XP)"
202.46.56.51 - - [01/Mar/2013:18:10:59 +0100] "GET / HTTP/1.1" 200 4014 "-" "Mozilla/4.0 (compatible; MSIE 7.0; Windows NT 6.0)"
119.63.193.132 - - [01/Mar/2013:18:12:02 +0100] "GET / HTTP/1.1" 200 4014 "-" "Mozilla/4.0 (compatible; MSIE 7.0; Windows NT 6.0)"
157.56.229.87 - - [01/Mar/2013:18:40:08 +0100] "GET /robots.txt HTTP/1.1" 404 1256 "-" "Mozilla/5.0 (compatible; bingbot/2.0; +http://www.bing.com/bingbot.htm)"
157.56.229.87 - - [01/Mar/2013:18:41:52 +0100] "GET / HTTP/1.1" 200 4014 "-" "Mozilla/5.0 (compatible; bingbot/2.0; +http://www.bing.com/bingbot.htm)"
66.249.73.3 - - [01/Mar/2013:19:01:18 +0100] "GET /index.swf HTTP/1.1" 200 8893 "-" "Mozilla/5.0 (iPhone; U; CPU iPhone OS 4_1 like Mac OS X; en-us) AppleWebKit/532.9 (KHTML, like Gecko) Version/4.0.5 Mobile/8B117 Safari/6531.22.7 (compatible; Googlebot-Mobile/2.1; +http://www.google.com/bot.html)"
46.223.117.146 - - [01/Mar/2013:21:35:44 +0100] "GET /09a.html HTTP/1.1" 200 2065 "-" "Mozilla/5.0 (Linux; U; Android 4.1.2; de-de; GT-I9300 Build/JZO54K) AppleWebKit/534.30 (KHTML, like Gecko) Version/4.0 Mobile Safari/534.30"
46.223.117.146 - - [01/Mar/2013:21:35:44 +0100] "GET /AC_RunActiveContent.js HTTP/1.1" 200 8029 "http://www.dialyse-waldbronn.de/09a.html" "Mozilla/5.0 (Linux; U; Android 4.1.2; de-de; GT-I9300 Build/JZO54K) AppleWebKit/534.30 (KHTML, like Gecko) Version/4.0 Mobile Safari/534.30"
46.223.117.146 - - [01/Mar/2013:21:35:44 +0100] "GET /favicon.ico HTTP/1.1" 404 1256 "http://www.dialyse-waldbronn.de/09a.html" "Mozilla/5.0 (Linux; U; Android 4.1.2; de-de; GT-I9300 Build/JZO54K) AppleWebKit/534.30 (KHTML, like Gecko) Version/4.0 Mobile Safari/534.30"
46.223.117.146 - - [01/Mar/2013:21:35:56 +0100] "GET /03.swf HTTP/1.1" 200 79366 "-" "Mozilla/5.0 (Linux; U; Android 4.1.2; de-de; GT-I9300 Build/JZO54K) AppleWebKit/534.30 (KHTML, like Gecko) Version/4.0 Mobile Safari/534.30"
46.223.117.146 - - [01/Mar/2013:21:35:57 +0100] "GET /03.swf HTTP/1.1" 200 79366 "-" "Mozilla/5.0 (Linux; U; Android 4.1.2; de-de; GT-I9300 Build/JZO54K) AppleWebKit/534.30 (KHTML, like Gecko) Version/4.0 Mobile Safari/534.30"
46.223.117.146 - - [01/Mar/2013:21:37:03 +0100] "GET / HTTP/1.1" 200 4014 "-" "Mozilla/5.0 (Linux; U; Android 4.1.2; de-de; GT-I9300 Build/JZO54K) AppleWebKit/534.30 (KHTML, like Gecko) Version/4.0 Mobile Safari/534.30"
46.223.117.146 - - [01/Mar/2013:21:37:03 +0100] "GET /back.jpg HTTP/1.1" 404 1256 "http://www.dialyse-waldbronn.de/" "Mozilla/5.0 (Linux; U; Android 4.1.2; de-de; GT-I9300 Build/JZO54K) AppleWebKit/534.30 (KHTML, like Gecko) Version/4.0 Mobile Safari/534.30"
46.223.117.146 - - [01/Mar/2013:21:37:03 +0100] "GET /favicon.ico HTTP/1.1" 404 1256 "http://www.dialyse-waldbronn.de/" "Mozilla/5.0 (Linux; U; Android 4.1.2; de-de; GT-I9300 Build/JZO54K) AppleWebKit/534.30 (KHTML, like Gecko) Version/4.0 Mobile Safari/534.30"
46.223.117.146 - - [01/Mar/2013:21:37:19 +0100] "GET /back.jpg HTTP/1.1" 404 1256 "http://www.dialyse-waldbronn.de/" "Mozilla/5.0 (Linux; U; Android 4.1.2; de-de; GT-I9300 Build/JZO54K) AppleWebKit/534.30 (KHTML, like Gecko) Version/4.0 Mobile Safari/534.30"
89.108.102.171 - - [01/Mar/2013:23:27:18 +0100] "GET / HTTP/1.1" 200 4014 "http://www.ooo-v-samare.ru/" "Mozilla/4.0 (compatible; MSIE 7.0b; Windows NT 6.0)"
89.108.102.171 - - [01/Mar/2013:23:27:20 +0100] "GET / HTTP/1.1" 200 4014 "http://www.ooo-v-samare.ru/" "Mozilla/4.0 (compatible; MSIE 7.0b; Windows NT 6.0)"
202.46.54.55 - - [02/Mar/2013:00:06:49 +0100] "GET / HTTP/1.1" 200 4014 "-" "Mozilla/4.0 (compatible; MSIE 7.0; Windows NT 6.0)"
119.63.193.132 - - [02/Mar/2013:00:07:45 +0100] "GET / HTTP/1.1" 200 4014 "-" "Mozilla/4.0 (compatible; MSIE 7.0; Windows NT 6.0)"
66.249.73.3 - - [02/Mar/2013:01:27:21 +0100] "GET /03.html HTTP/1.1" 200 2012 "-" "SAMSUNG-SGH-E250/1.0 Profile/MIDP-2.0 Configuration/CLDC-1.1 UP.Browser/6.2.3.3.c.1.101 (GUI) MMP/2.0 (compatible; Googlebot-Mobile/2.1; +http://www.google.com/bot.html)"
91.207.4.186 - - [02/Mar/2013:02:04:29 +0100] "GET / HTTP/1.1" 200 4014 "http://call-sex.ru/" "Mozilla/4.0 (compatible; MSIE 6.0; Windows XP)"
91.207.4.186 - - [02/Mar/2013:02:04:30 +0100] "GET / HTTP/1.1" 200 4014 "http://call-sex.ru/" "Mozilla/4.0 (compatible; MSIE 6.0; Windows XP)"
91.207.4.186 - - [02/Mar/2013:02:04:31 +0100] "GET / HTTP/1.1" 200 4014 "http://call-sex.ru/" "Mozilla/4.0 (compatible; MSIE 6.0; Windows XP)"
202.46.62.27 - - [02/Mar/2013:06:10:31 +0100] "GET / HTTP/1.1" 200 4014 "-" "Mozilla/4.0 (compatible; MSIE 7.0; Windows NT 6.0)"
119.63.193.195 - - [02/Mar/2013:06:11:34 +0100] "GET / HTTP/1.1" 200 4014 "-" "Mozilla/4.0 (compatible; MSIE 7.0; Windows NT 6.0)"
66.249.73.3 - - [02/Mar/2013:07:23:51 +0100] "GET /robots.txt HTTP/1.1" 404 1256 "-" "Mozilla/5.0 (compatible; Googlebot/2.1; +http://www.google.com/bot.html)"
66.249.73.3 - - [02/Mar/2013:07:23:52 +0100] "GET /05.html HTTP/1.1" 304 - "-" "Mozilla/5.0 (compatible; Googlebot/2.1; +http://www.google.com/bot.html)"
91.207.9.226 - - [02/Mar/2013:07:31:40 +0100] "GET / HTTP/1.1" 200 4014 "http://remont-fridge-tv.ru/" "Mozilla/4.0 (compatible; MSIE 6.0; Windows NT 5.0; Avant Browser [avantbrowser.com]; Hotbar 4.4.5.0)"
91.207.9.226 - - [02/Mar/2013:07:31:40 +0100] "GET / HTTP/1.1" 200 4014 "http://android-superstar.ru/" "Mozilla/4.0 (compatible; MSIE 6.0; Windows NT 5.0; Avant Browser [avantbrowser.com]; Hotbar 4.4.5.0)"
91.207.9.226 - - [02/Mar/2013:07:31:40 +0100] "GET / HTTP/1.1" 200 4014 "http://player-android.ru/" "Mozilla/4.0 (compatible; MSIE 6.0; Windows NT 5.0; Avant Browser [avantbrowser.com]; Hotbar 4.4.5.0)"
91.207.9.226 - - [02/Mar/2013:07:31:41 +0100] "GET / HTTP/1.1" 200 4014 "http://remont-fridge-tv.ru/" "Mozilla/4.0 (compatible; MSIE 6.0; Windows NT 5.0; Avant Browser [avantbrowser.com]; Hotbar 4.4.5.0)"
91.207.9.226 - - [02/Mar/2013:07:31:41 +0100] "GET / HTTP/1.1" 200 4014 "http://android-superstar.ru/" "Mozilla/4.0 (compatible; MSIE 6.0; Windows NT 5.0; Avant Browser [avantbrowser.com]; Hotbar 4.4.5.0)"
91.207.9.226 - - [02/Mar/2013:07:31:41 +0100] "GET / HTTP/1.1" 200 4014 "http://player-android.ru/" "Mozilla/4.0 (compatible; MSIE 6.0; Windows NT 5.0; Avant Browser [avantbrowser.com]; Hotbar 4.4.5.0)"
91.207.9.226 - - [02/Mar/2013:07:31:41 +0100] "GET / HTTP/1.1" 200 4014 "http://remont-fridge-tv.ru/" "Mozilla/4.0 (compatible; MSIE 6.0; Windows NT 5.0; Avant Browser [avantbrowser.com]; Hotbar 4.4.5.0)"
91.207.9.226 - - [02/Mar/2013:07:31:41 +0100] "GET / HTTP/1.1" 200 4014 "http://android-superstar.ru/" "Mozilla/4.0 (compatible; MSIE 6.0; Windows NT 5.0; Avant Browser [avantbrowser.com]; Hotbar 4.4.5.0)"
91.207.9.226 - - [02/Mar/2013:07:31:41 +0100] "GET / HTTP/1.1" 200 4014 "http://player-android.ru/" "Mozilla/4.0 (compatible; MSIE 6.0; Windows NT 5.0; Avant Browser [avantbrowser.com]; Hotbar 4.4.5.0)"
66.249.73.3 - - [02/Mar/2013:07:37:34 +0100] "GET /index.swf HTTP/1.1" 200 8893 "-" "DoCoMo/2.0 N905i(c100;TB;W24H16) (compatible; Googlebot-Mobile/2.1; +http://www.google.com/bot.html)"
91.207.4.186 - - [02/Mar/2013:07:50:25 +0100] "GET / HTTP/1.1" 200 4014 "http://www.uasexphone.com/" "Mozilla/4.0 (compatible; MSIE 6.0; Windows NT 5.0; Avant Browser [avantbrowser.com]; Hotbar 4.4.5.0)"
91.207.4.186 - - [02/Mar/2013:07:50:25 +0100] "GET / HTTP/1.1" 200 4014 "http://www.uasexphone.com/" "Mozilla/4.0 (compatible; MSIE 6.0; Windows NT 5.0; Avant Browser [avantbrowser.com]; Hotbar 4.4.5.0)"
91.207.4.186 - - [02/Mar/2013:07:50:25 +0100] "GET / HTTP/1.1" 200 4014 "http://www.uasexphone.com/" "Mozilla/4.0 (compatible; MSIE 6.0; Windows NT 5.0; Avant Browser [avantbrowser.com]; Hotbar 4.4.5.0)"
65.55.24.244 - - [02/Mar/2013:10:10:49 +0100] "GET /robots.txt HTTP/1.1" 404 1256 "-" "Mozilla/5.0 (compatible; bingbot/2.0; +http://www.bing.com/bingbot.htm)"
65.55.24.244 - - [02/Mar/2013:10:12:34 +0100] "GET / HTTP/1.1" 200 4014 "-" "Mozilla/5.0 (compatible; bingbot/2.0; +http://www.bing.com/bingbot.htm)"
178.137.92.96 - - [02/Mar/2013:10:21:24 +0100] "GET / HTTP/1.1" 200 4014 "http://dom-spain.ucoz.ru/" "Mozilla/4.0 (compatible; MSIE 6.0; Windows NT 5.0; .NET CLR 1.0.3705; .NET CLR 1.1.4322)"
178.137.92.96 - - [02/Mar/2013:10:21:24 +0100] "GET / HTTP/1.1" 200 4014 "http://dom-spain.ucoz.ru/" "Mozilla/4.0 (compatible; MSIE 6.0; Windows NT 5.0; .NET CLR 1.0.3705; .NET CLR 1.1.4322)"
178.137.92.96 - - [02/Mar/2013:10:21:25 +0100] "GET / HTTP/1.1" 200 4014 "http://dom-spain.ucoz.ru/" "Mozilla/4.0 (compatible; MSIE 6.0; Windows NT 5.0; .NET CLR 1.0.3705; .NET CLR 1.1.4322)"
202.46.55.50 - - [02/Mar/2013:12:07:24 +0100] "GET / HTTP/1.1" 200 4014 "-" "Mozilla/4.0 (compatible; MSIE 7.0; Windows NT 6.0)"
119.63.193.196 - - [02/Mar/2013:12:08:19 +0100] "GET / HTTP/1.1" 200 4014 "-" "Mozilla/4.0 (compatible; MSIE 7.0; Windows NT 6.0)"
141.8.147.12 - - [02/Mar/2013:12:34:46 +0100] "GET /robots.txt HTTP/1.1" 404 1256 "-" "Mozilla/5.0 (compatible; YandexBot/3.0; +http://yandex.com/bots)"
216.145.14.142 - - [02/Mar/2013:12:37:24 +0100] "GET /robots.txt HTTP/1.0" 404 1256 "-" "Mozilla/5.0 (Windows; U; Windows NT 5.1; en; rv:1.9.0.13) Gecko/2009073022 Firefox/3.5.2 (.NET CLR 3.5.30729) SurveyBot/2.3 (DomainTools)"
216.145.14.142 - - [02/Mar/2013:12:37:24 +0100] "GET / HTTP/1.1" 200 4014 "http://whois.domaintools.com/dialyse-waldbronn.de" "Mozilla/5.0 (Windows; U; Windows NT 5.1; en; rv:1.9.0.13) Gecko/2009073022 Firefox/3.5.2 (.NET CLR 3.5.30729) SurveyBot/2.3 (DomainTools)"
66.249.73.3 - - [02/Mar/2013:12:52:24 +0100] "GET /robots.txt HTTP/1.1" 404 1256 "-" "Mozilla/5.0 (compatible; Googlebot/2.1; +http://www.google.com/bot.html)"
66.249.73.3 - - [02/Mar/2013:12:52:24 +0100] "GET /04waldbronn.html HTTP/1.1" 304 - "-" "Mozilla/5.0 (compatible; Googlebot/2.1; +http://www.google.com/bot.html)"
91.207.4.186 - - [02/Mar/2013:14:02:14 +0100] "GET / HTTP/1.1" 200 4014 "http://co-travel.ru/" "Mozilla/4.0 (compatible; MSIE 6.0; Windows NT 5.0; Avant Browser [avantbrowser.com]; Hotbar 4.4.5.0)"
91.207.4.186 - - [02/Mar/2013:14:02:14 +0100] "GET / HTTP/1.1" 200 4014 "http://co-travel.ru/" "Mozilla/4.0 (compatible; MSIE 6.0; Windows NT 5.0; Avant Browser [avantbrowser.com]; Hotbar 4.4.5.0)"
91.207.4.186 - - [02/Mar/2013:14:02:14 +0100] "GET / HTTP/1.1" 200 4014 "http://co-travel.ru/" "Mozilla/4.0 (compatible; MSIE 6.0; Windows NT 5.0; Avant Browser [avantbrowser.com]; Hotbar 4.4.5.0)"
157.55.32.86 - - [02/Mar/2013:15:53:09 +0100] "GET /robots.txt HTTP/1.1" 404 1256 "-" "Mozilla/5.0 (compatible; bingbot/2.0; +http://www.bing.com/bingbot.htm)"
157.55.32.86 - - [02/Mar/2013:15:55:05 +0100] "GET /index.swf HTTP/1.1" 200 8893 "-" "Mozilla/5.0 (compatible; bingbot/2.0; +http://www.bing.com/bingbot.htm)"
65.55.24.244 - - [02/Mar/2013:15:57:04 +0100] "GET / HTTP/1.1" 200 4014 "-" "Mozilla/5.0 (compatible; bingbot/2.0; +http://www.bing.com/bingbot.htm)"
65.55.24.244 - - [02/Mar/2013:17:03:30 +0100] "GET /robots.txt HTTP/1.1" 404 1256 "-" "Mozilla/5.0 (compatible; bingbot/2.0; +http://www.bing.com/bingbot.htm)"
65.55.210.41 - - [02/Mar/2013:17:06:08 +0100] "GET / HTTP/1.1" 200 4014 "-" "Mozilla/5.0 (Windows NT 6.1; WOW64) AppleWebKit/534+ (KHTML, like Gecko) BingPreview/1.0b"
141.8.147.12 - - [02/Mar/2013:17:25:05 +0100] "GET /09a.swf HTTP/1.1" 304 - "-" "Mozilla/5.0 (compatible; YandexBot/3.0; +http://yandex.com/bots)"
91.207.9.226 - - [02/Mar/2013:17:34:22 +0100] "GET / HTTP/1.1" 200 4014 "http://master-muznachas.ru/" "Mozilla/4.0 (compatible; MSIE 6.0; Windows NT 5.0; Avant Browser [avantbrowser.com]; Hotbar 4.4.5.0)"
91.207.9.226 - - [02/Mar/2013:17:34:22 +0100] "GET / HTTP/1.1" 200 4014 "http://master-muznachas.ru/" "Mozilla/4.0 (compatible; MSIE 6.0; Windows NT 5.0; Avant Browser [avantbrowser.com]; Hotbar 4.4.5.0)"
91.207.9.226 - - [02/Mar/2013:17:34:23 +0100] "GET / HTTP/1.1" 200 4014 "http://master-muznachas.ru/" "Mozilla/4.0 (compatible; MSIE 6.0; Windows NT 5.0; Avant Browser [avantbrowser.com]; Hotbar 4.4.5.0)"
202.46.53.30 - - [02/Mar/2013:18:10:54 +0100] "GET / HTTP/1.1" 200 4014 "-" "Mozilla/4.0 (compatible; MSIE 7.0; Windows NT 6.0)"
119.63.193.130 - - [02/Mar/2013:18:11:58 +0100] "GET / HTTP/1.1" 200 4014 "-" "Mozilla/4.0 (compatible; MSIE 7.0; Windows NT 6.0)"
66.249.75.134 - - [02/Mar/2013:20:36:49 +0100] "GET /robots.txt HTTP/1.1" 404 1256 "-" "Mozilla/5.0 (compatible; Googlebot/2.1; +http://www.google.com/bot.html)"
66.249.75.134 - - [02/Mar/2013:20:36:49 +0100] "GET / HTTP/1.1" 200 4014 "-" "Mozilla/5.0 (iPhone; U; CPU iPhone OS 4_1 like Mac OS X; en-us) AppleWebKit/532.9 (KHTML, like Gecko) Version/4.0.5 Mobile/8B117 Safari/6531.22.7 (compatible; Googlebot-Mobile/2.1; +http://www.google.com/bot.html)"
94.153.64.117 - - [02/Mar/2013:20:37:57 +0100] "GET / HTTP/1.1" 200 4014 "http://sysoliatin.com/" "Mozilla/4.0 (compatible; MSIE 5.0; Windows 3.1)"
94.153.64.117 - - [02/Mar/2013:20:37:57 +0100] "GET / HTTP/1.1" 200 4014 "http://sysoliatin.com/" "Mozilla/4.0 (compatible; MSIE 5.0; Windows 3.1)"
94.153.64.117 - - [02/Mar/2013:20:37:57 +0100] "GET / HTTP/1.1" 200 4014 "http://sysoliatin.com/" "Mozilla/4.0 (compatible; MSIE 5.0; Windows 3.1)"
92.249.127.111 - - [02/Mar/2013:21:30:03 +0100] "GET / HTTP/1.1" 200 4014 "http://gilina.ru/" "Mozilla/5.0 (compatible; news bot /2.1)"
92.249.127.111 - - [02/Mar/2013:21:30:04 +0100] "GET / HTTP/1.1" 200 4014 "http://gilina.ru/" "Mozilla/5.0 (compatible; news bot /2.1)"
92.249.127.111 - - [02/Mar/2013:21:30:04 +0100] "GET / HTTP/1.1" 200 4014 "http://gilina.ru/" "Mozilla/5.0 (compatible; news bot /2.1)"
178.137.92.96 - - [02/Mar/2013:21:37:55 +0100] "GET / HTTP/1.1" 200 4014 "http://viktoria-center.ru/" "Mozilla/4.0 (compatible; MSIE 6.0; Windows XP)"
178.137.92.96 - - [02/Mar/2013:21:37:55 +0100] "GET / HTTP/1.1" 200 4014 "http://viktoria-center.ru/" "Mozilla/4.0 (compatible; MSIE 6.0; Windows XP)"
178.137.92.96 - - [02/Mar/2013:21:37:56 +0100] "GET / HTTP/1.1" 200 4014 "http://viktoria-center.ru/" "Mozilla/4.0 (compatible; MSIE 6.0; Windows XP)"
66.249.75.134 - - [03/Mar/2013:00:06:26 +0100] "GET /04.html HTTP/1.1" 200 1988 "-" "SAMSUNG-SGH-E250/1.0 Profile/MIDP-2.0 Configuration/CLDC-1.1 UP.Browser/6.2.3.3.c.1.101 (GUI) MMP/2.0 (compatible; Googlebot-Mobile/2.1; +http://www.google.com/bot.html)"
202.46.62.17 - - [03/Mar/2013:00:07:07 +0100] "GET / HTTP/1.1" 200 4014 "-" "Mozilla/4.0 (compatible; MSIE 7.0; Windows NT 6.0)"
119.63.193.132 - - [03/Mar/2013:00:08:03 +0100] "GET / HTTP/1.1" 200 4014 "-" "Mozilla/4.0 (compatible; MSIE 7.0; Windows NT 6.0)"
109.43.0.111 - - [03/Mar/2013:00:08:48 +0100] "GET /09a.html HTTP/1.1" 200 2065 "http://www.google.de/search?hl=de&client=ms-android-hms-vf-de&source=android-launcher-widget&v=133247963&q=dr.+menzinger+nephrologin&oq=dr.+menzinger+nephrologin&gs_l=mobile-gws-serp.12...22147.26177.0.29936.9.9.0.0.0.0.0.0..0.0...0.0...1ac.1.5.mobile-gws-serp.7-TtzHFhSrs" "Mozilla/5.0 (Linux; U; Android 2.3.5; de-de; SAMSUNG GT-I9100/I9100BUKJ3 Build/GINGERBREAD) AppleWebKit/533.1 (KHTML, like Gecko) Version/4.0 Mobile Safari/533.1"
109.43.0.111 - - [03/Mar/2013:00:08:48 +0100] "GET /AC_RunActiveContent.js HTTP/1.1" 200 8029 "http://www.dialyse-waldbronn.de/09a.html" "Mozilla/5.0 (Linux; U; Android 2.3.5; de-de; SAMSUNG GT-I9100/I9100BUKJ3 Build/GINGERBREAD) AppleWebKit/533.1 (KHTML, like Gecko) Version/4.0 Mobile Safari/533.1"
109.43.0.111 - - [03/Mar/2013:00:08:48 +0100] "GET /favicon.ico HTTP/1.1" 404 1256 "http://www.dialyse-waldbronn.de/09a.html" "Mozilla/5.0 (Linux; U; Android 2.3.5; de-de; SAMSUNG GT-I9100/I9100BUKJ3 Build/GINGERBREAD) AppleWebKit/533.1 (KHTML, like Gecko) Version/4.0 Mobile Safari/533.1"
109.43.0.111 - - [03/Mar/2013:00:08:49 +0100] "GET /09a.swf HTTP/1.1" 200 19689 "http://www.dialyse-waldbronn.de/09a.html" "Mozilla/5.0 (Linux; U; Android 2.3.5; de-de; SAMSUNG GT-I9100/I9100BUKJ3 Build/GINGERBREAD) AppleWebKit/533.1 (KHTML, like Gecko) Version/4.0 Mobile Safari/533.1"
109.43.0.111 - - [03/Mar/2013:00:09:30 +0100] "GET /index.html HTTP/1.1" 200 4014 "http://www.dialyse-waldbronn.de/09a.swf" "Mozilla/5.0 (Linux; U; Android 2.3.5; de-de; SAMSUNG GT-I9100/I9100BUKJ3 Build/GINGERBREAD) AppleWebKit/533.1 (KHTML, like Gecko) Version/4.0 Mobile Safari/533.1"
109.43.0.111 - - [03/Mar/2013:00:09:30 +0100] "GET /back.jpg HTTP/1.1" 404 1256 "http://www.dialyse-waldbronn.de/index.html" "Mozilla/5.0 (Linux; U; Android 2.3.5; de-de; SAMSUNG GT-I9100/I9100BUKJ3 Build/GINGERBREAD) AppleWebKit/533.1 (KHTML, like Gecko) Version/4.0 Mobile Safari/533.1"
109.43.0.111 - - [03/Mar/2013:00:09:31 +0100] "GET /index.swf HTTP/1.1" 200 8893 "http://www.dialyse-waldbronn.de/index.html" "Mozilla/5.0 (Linux; U; Android 2.3.5; de-de; SAMSUNG GT-I9100/I9100BUKJ3 Build/GINGERBREAD) AppleWebKit/533.1 (KHTML, like Gecko) Version/4.0 Mobile Safari/533.1"
109.43.0.111 - - [03/Mar/2013:00:09:31 +0100] "GET /back.jpg HTTP/1.1" 404 1256 "http://www.dialyse-waldbronn.de/index.html" "Mozilla/5.0 (Linux; U; Android 2.3.5; de-de; SAMSUNG GT-I9100/I9100BUKJ3 Build/GINGERBREAD) AppleWebKit/533.1 (KHTML, like Gecko) Version/4.0 Mobile Safari/533.1"
109.43.0.111 - - [03/Mar/2013:00:09:54 +0100] "GET / HTTP/1.1" 200 4014 "http://www.dialyse-waldbronn.de/index.html" "Mozilla/5.0 (Linux; U; Android 2.3.5; de-de; SAMSUNG GT-I9100/I9100BUKJ3 Build/GINGERBREAD) AppleWebKit/533.1 (KHTML, like Gecko) Version/4.0 Mobile Safari/533.1"
109.43.0.111 - - [03/Mar/2013:00:09:59 +0100] "GET /00themen00.html HTTP/1.1" 200 2236 "http://www.dialyse-waldbronn.de/index.swf" "Mozilla/5.0 (Linux; U; Android 2.3.5; de-de; SAMSUNG GT-I9100/I9100BUKJ3 Build/GINGERBREAD) AppleWebKit/533.1 (KHTML, like Gecko) Version/4.0 Mobile Safari/533.1"
109.43.0.111 - - [03/Mar/2013:00:10:00 +0100] "GET /00themen00.swf HTTP/1.1" 200 12608 "http://www.dialyse-waldbronn.de/00themen00.html" "Mozilla/5.0 (Linux; U; Android 2.3.5; de-de; SAMSUNG GT-I9100/I9100BUKJ3 Build/GINGERBREAD) AppleWebKit/533.1 (KHTML, like Gecko) Version/4.0 Mobile Safari/533.1"
109.43.0.111 - - [03/Mar/2013:00:10:12 +0100] "GET /03.html HTTP/1.1" 200 2012 "http://www.dialyse-waldbronn.de/00themen00.swf" "Mozilla/5.0 (Linux; U; Android 2.3.5; de-de; SAMSUNG GT-I9100/I9100BUKJ3 Build/GINGERBREAD) AppleWebKit/533.1 (KHTML, like Gecko) Version/4.0 Mobile Safari/533.1"
109.43.0.111 - - [03/Mar/2013:00:10:12 +0100] "GET /03.swf HTTP/1.1" 200 79366 "http://www.dialyse-waldbronn.de/03.html" "Mozilla/5.0 (Linux; U; Android 2.3.5; de-de; SAMSUNG GT-I9100/I9100BUKJ3 Build/GINGERBREAD) AppleWebKit/533.1 (KHTML, like Gecko) Version/4.0 Mobile Safari/533.1"
193.106.136.50 - - [03/Mar/2013:02:46:39 +0100] "GET / HTTP/1.1" 200 4014 "http://www.vseshmotki.com/" "Mozilla/4.0 (compatible; MSIE 6.0; Windows NT 5.2; WOW64; SV1; .NET CLR 2.0.50727)"
193.106.136.50 - - [03/Mar/2013:02:46:39 +0100] "GET / HTTP/1.1" 200 4014 "http://www.vseshmotki.com/" "Mozilla/4.0 (compatible; MSIE 6.0; Windows NT 5.2; WOW64; SV1; .NET CLR 2.0.50727)"
193.106.136.50 - - [03/Mar/2013:03:16:13 +0100] "GET / HTTP/1.1" 200 4014 "http://ogoredsemena.funbb.ru/" "Mozilla/6.0 (compatible; MSIE 7.0a1; Windows NT 5.2; SV1)"
193.106.136.50 - - [03/Mar/2013:03:16:14 +0100] "GET / HTTP/1.1" 200 4014 "http://ogoredsemena.funbb.ru/" "Mozilla/6.0 (compatible; MSIE 7.0a1; Windows NT 5.2; SV1)"
66.249.75.134 - - [03/Mar/2013:04:25:47 +0100] "GET /09.html HTTP/1.1" 200 2140 "-" "Mozilla/5.0 (iPhone; U; CPU iPhone OS 4_1 like Mac OS X; en-us) AppleWebKit/532.9 (KHTML, like Gecko) Version/4.0.5 Mobile/8B117 Safari/6531.22.7 (compatible; Googlebot-Mobile/2.1; +http://www.google.com/bot.html)"
66.249.75.134 - - [03/Mar/2013:04:26:17 +0100] "GET / HTTP/1.1" 200 4014 "-" "Mozilla/5.0 (compatible; Googlebot/2.1; +http://www.google.com/bot.html)"
66.249.75.134 - - [03/Mar/2013:04:36:58 +0100] "GET /09.swf HTTP/1.1" 200 23193 "-" "Mozilla/5.0 (compatible; Googlebot/2.1; +http://www.google.com/bot.html)"
202.46.57.66 - - [03/Mar/2013:06:10:23 +0100] "GET / HTTP/1.1" 200 4014 "-" "Mozilla/4.0 (compatible; MSIE 7.0; Windows NT 6.0)"
119.63.193.131 - - [03/Mar/2013:06:11:25 +0100] "GET / HTTP/1.1" 200 4014 "-" "Mozilla/4.0 (compatible; MSIE 7.0; Windows NT 6.0)"
178.137.92.96 - - [03/Mar/2013:08:33:04 +0100] "GET / HTTP/1.1" 200 4014 "http://www.a-tg.ru/" "Mozilla/4.0 (compatible; MSIE 6.0; Windows XP)"
178.137.92.96 - - [03/Mar/2013:08:33:05 +0100] "GET / HTTP/1.1" 200 4014 "http://www.a-tg.ru/" "Mozilla/4.0 (compatible; MSIE 6.0; Windows XP)"
178.137.92.96 - - [03/Mar/2013:08:33:05 +0100] "GET / HTTP/1.1" 200 4014 "http://www.a-tg.ru/" "Mozilla/4.0 (compatible; MSIE 6.0; Windows XP)"
178.137.92.96 - - [03/Mar/2013:08:33:07 +0100] "GET / HTTP/1.1" 200 4014 "http://www.taoomart.com/" "Mozilla/4.0 (compatible; MSIE 6.0; Windows XP)"
178.137.92.96 - - [03/Mar/2013:08:33:08 +0100] "GET / HTTP/1.1" 200 4014 "http://www.taoomart.com/" "Mozilla/4.0 (compatible; MSIE 6.0; Windows XP)"
178.137.92.96 - - [03/Mar/2013:08:33:08 +0100] "GET / HTTP/1.1" 200 4014 "http://www.taoomart.com/" "Mozilla/4.0 (compatible; MSIE 6.0; Windows XP)"
94.153.64.117 - - [03/Mar/2013:10:14:09 +0100] "GET / HTTP/1.1" 200 4014 "http://magazin-masterov.ru/" "Mozilla/4.0 (compatible; MSIE 6.0; Windows NT 5.1; MRA 4.3 (build 01218); .NET CLR 1.1.4322)"
94.153.64.117 - - [03/Mar/2013:10:14:10 +0100] "GET / HTTP/1.1" 200 4014 "http://magazin-masterov.ru/" "Mozilla/4.0 (compatible; MSIE 6.0; Windows NT 5.1; MRA 4.3 (build 01218); .NET CLR 1.1.4322)"
94.153.64.117 - - [03/Mar/2013:10:14:11 +0100] "GET / HTTP/1.1" 200 4014 "http://magazin-masterov.ru/" "Mozilla/4.0 (compatible; MSIE 6.0; Windows NT 5.1; MRA 4.3 (build 01218); .NET CLR 1.1.4322)"
5.9.7.208 - - [03/Mar/2013:10:15:44 +0100] "GET /robots.txt HTTP/1.0" 404 1256 "-" "Mozilla/5.0 (compatible; MJ12bot/v1.4.3; http://www.majestic12.co.uk/bot.php?+)"
5.9.7.208 - - [03/Mar/2013:10:15:54 +0100] "GET / HTTP/1.0" 200 4014 "-" "Mozilla/5.0 (compatible; MJ12bot/v1.4.3; http://www.majestic12.co.uk/bot.php?+)"
83.133.125.202 - - [03/Mar/2013:11:33:18 +0100] "GET / HTTP/1.1" 200 4014 "http://www.bigfinder.de/home-11.html" "Mozilla/4.0 (compatible; MSIE 8.0; Windows NT 6.1; Trident/4.0; SLCC2; .NET CLR 2.0.50727; .NET CLR 3.5.30729; .NET CLR 3.0.30729; Media Center PC 6.0)"
83.133.125.202 - - [03/Mar/2013:11:34:04 +0100] "GET / HTTP/1.1" 200 4014 "http://www.bigfinder.de/home-11.html" "T-Online Browser (Windows NT 6.1; de)"
202.46.56.40 - - [03/Mar/2013:12:07:18 +0100] "GET / HTTP/1.1" 200 4014 "-" "Mozilla/4.0 (compatible; MSIE 7.0; Windows NT 6.0)"
119.63.193.130 - - [03/Mar/2013:12:08:11 +0100] "GET / HTTP/1.1" 200 4014 "-" "Mozilla/4.0 (compatible; MSIE 7.0; Windows NT 6.0)"
91.138.74.92 - - [03/Mar/2013:13:19:13 +0100] "GET / HTTP/1.1" 200 4014 "-" "Mozilla/5.0 (iPhone; CPU iPhone OS 6_1 like Mac OS X) AppleWebKit/536.26 (KHTML, like Gecko) Version/6.0 Mobile/10B143 Safari/8536.25"
91.138.74.92 - - [03/Mar/2013:13:19:13 +0100] "GET /back.jpg HTTP/1.1" 404 1256 "http://www.dialyse-waldbronn.de/" "Mozilla/5.0 (iPhone; CPU iPhone OS 6_1 like Mac OS X) AppleWebKit/536.26 (KHTML, like Gecko) Version/6.0 Mobile/10B143 Safari/8536.25"
66.249.75.134 - - [03/Mar/2013:14:17:46 +0100] "GET /robots.txt HTTP/1.1" 404 1256 "-" "Mozilla/5.0 (compatible; Googlebot/2.1; +http://www.google.com/bot.html)"
66.249.75.134 - - [03/Mar/2013:14:17:46 +0100] "GET /05.html HTTP/1.1" 304 - "-" "Mozilla/5.0 (compatible; Googlebot/2.1; +http://www.google.com/bot.html)"
94.153.64.117 - - [03/Mar/2013:14:58:18 +0100] "GET / HTTP/1.1" 200 4014 "http://www.vbesedki.ru/" "Opera/9.0 (Windows NT 5.1; U; en)"
94.153.64.117 - - [03/Mar/2013:14:58:19 +0100] "GET / HTTP/1.1" 200 4014 "http://www.vbesedki.ru/" "Opera/9.0 (Windows NT 5.1; U; en)"
94.153.64.117 - - [03/Mar/2013:14:58:19 +0100] "GET / HTTP/1.1" 200 4014 "http://www.vbesedki.ru/" "Opera/9.0 (Windows NT 5.1; U; en)"
65.55.24.244 - - [03/Mar/2013:14:58:56 +0100] "GET /robots.txt HTTP/1.1" 404 1256 "-" "Mozilla/5.0 (compatible; bingbot/2.0; +http://www.bing.com/bingbot.htm)"
65.55.24.244 - - [03/Mar/2013:15:00:23 +0100] "GET / HTTP/1.1" 200 4014 "-" "Mozilla/5.0 (compatible; bingbot/2.0; +http://www.bing.com/bingbot.htm)"
66.249.78.134 - - [03/Mar/2013:18:11:03 +0100] "GET /06.html HTTP/1.1" 200 1988 "-" "Mozilla/5.0 (compatible; Googlebot/2.1; +http://www.google.com/bot.html)"
202.46.61.29 - - [03/Mar/2013:18:12:23 +0100] "GET / HTTP/1.1" 200 4014 "-" "Mozilla/4.0 (compatible; MSIE 7.0; Windows NT 6.0)"
119.63.193.196 - - [03/Mar/2013:18:13:30 +0100] "GET / HTTP/1.1" 200 4014 "-" "Mozilla/4.0 (compatible; MSIE 7.0; Windows NT 6.0)"
65.55.24.244 - - [03/Mar/2013:18:43:22 +0100] "GET /robots.txt HTTP/1.1" 404 1256 "-" "Mozilla/5.0 (compatible; bingbot/2.0; +http://www.bing.com/bingbot.htm)"
65.55.24.244 - - [03/Mar/2013:18:44:55 +0100] "GET / HTTP/1.1" 304 - "-" "Mozilla/5.0 (compatible; bingbot/2.0; +http://www.bing.com/bingbot.htm)"
65.55.208.98 - - [03/Mar/2013:18:44:56 +0100] "GET / HTTP/1.1" 200 4014 "-" "Mozilla/5.0 (Windows NT 6.1; WOW64) AppleWebKit/534+ (KHTML, like Gecko) BingPreview/1.0b"
66.249.78.134 - - [03/Mar/2013:19:32:49 +0100] "GET /09a.html HTTP/1.1" 304 - "-" "Mozilla/5.0 (compatible; Googlebot/2.1; +http://www.google.com/bot.html)"
46.223.117.146 - - [03/Mar/2013:20:49:42 +0100] "GET / HTTP/1.1" 200 4014 "http://www.dialyse-calw.de/06.html" "Mozilla/5.0 (Windows; U; Windows NT 6.1; de; rv:1.9.2.15) Gecko/20110303 Firefox/3.6.15"
46.223.117.146 - - [03/Mar/2013:20:49:42 +0100] "GET /back.jpg HTTP/1.1" 404 1256 "http://www.dialyse-waldbronn.de/" "Mozilla/5.0 (Windows; U; Windows NT 6.1; de; rv:1.9.2.15) Gecko/20110303 Firefox/3.6.15"
46.223.117.146 - - [03/Mar/2013:20:49:42 +0100] "GET /index.swf HTTP/1.1" 200 8893 "http://www.dialyse-waldbronn.de/" "Mozilla/5.0 (Windows; U; Windows NT 6.1; de; rv:1.9.2.15) Gecko/20110303 Firefox/3.6.15"
46.223.117.146 - - [03/Mar/2013:20:49:43 +0100] "GET /favicon.ico HTTP/1.1" 404 1256 "-" "Mozilla/5.0 (Windows; U; Windows NT 6.1; de; rv:1.9.2.15) Gecko/20110303 Firefox/3.6.15"
46.223.117.146 - - [03/Mar/2013:20:49:43 +0100] "GET /favicon.ico HTTP/1.1" 404 1256 "-" "Mozilla/5.0 (Windows; U; Windows NT 6.1; de; rv:1.9.2.15) Gecko/20110303 Firefox/3.6.15"
46.223.117.146 - - [03/Mar/2013:20:49:44 +0100] "GET /00themen00.html HTTP/1.1" 200 2236 "http://www.dialyse-waldbronn.de/" "Mozilla/5.0 (Windows; U; Windows NT 6.1; de; rv:1.9.2.15) Gecko/20110303 Firefox/3.6.15"
46.223.117.146 - - [03/Mar/2013:20:49:44 +0100] "GET /AC_RunActiveContent.js HTTP/1.1" 200 8029 "http://www.dialyse-waldbronn.de/00themen00.html" "Mozilla/5.0 (Windows; U; Windows NT 6.1; de; rv:1.9.2.15) Gecko/20110303 Firefox/3.6.15"
46.223.117.146 - - [03/Mar/2013:20:49:45 +0100] "GET /00themen00.swf HTTP/1.1" 200 12608 "http://www.dialyse-waldbronn.de/00themen00.html" "Mozilla/5.0 (Windows; U; Windows NT 6.1; de; rv:1.9.2.15) Gecko/20110303 Firefox/3.6.15"
46.223.117.146 - - [03/Mar/2013:20:49:46 +0100] "GET /favicon.ico HTTP/1.1" 404 1256 "-" "Mozilla/5.0 (Windows; U; Windows NT 6.1; de; rv:1.9.2.15) Gecko/20110303 Firefox/3.6.15"
46.223.117.146 - - [03/Mar/2013:20:49:46 +0100] "GET /favicon.ico HTTP/1.1" 404 1256 "-" "Mozilla/5.0 (Windows; U; Windows NT 6.1; de; rv:1.9.2.15) Gecko/20110303 Firefox/3.6.15"
46.223.117.146 - - [03/Mar/2013:20:49:48 +0100] "GET /01.html HTTP/1.1" 200 1988 "http://www.dialyse-waldbronn.de/00themen00.html" "Mozilla/5.0 (Windows; U; Windows NT 6.1; de; rv:1.9.2.15) Gecko/20110303 Firefox/3.6.15"
46.223.117.146 - - [03/Mar/2013:20:49:48 +0100] "GET /01.swf HTTP/1.1" 200 36918 "http://www.dialyse-waldbronn.de/01.html" "Mozilla/5.0 (Windows; U; Windows NT 6.1; de; rv:1.9.2.15) Gecko/20110303 Firefox/3.6.15"
46.223.117.146 - - [03/Mar/2013:20:49:53 +0100] "GET /03.html HTTP/1.1" 200 2012 "http://www.dialyse-waldbronn.de/00themen00.html" "Mozilla/5.0 (Windows; U; Windows NT 6.1; de; rv:1.9.2.15) Gecko/20110303 Firefox/3.6.15"
46.223.117.146 - - [03/Mar/2013:20:49:53 +0100] "GET /03.swf HTTP/1.1" 200 79366 "http://www.dialyse-waldbronn.de/03.html" "Mozilla/5.0 (Windows; U; Windows NT 6.1; de; rv:1.9.2.15) Gecko/20110303 Firefox/3.6.15"
66.249.78.134 - - [03/Mar/2013:20:52:25 +0100] "GET /09a.html HTTP/1.1" 200 2065 "-" "Mozilla/5.0 (iPhone; U; CPU iPhone OS 4_1 like Mac OS X; en-us) AppleWebKit/532.9 (KHTML, like Gecko) Version/4.0.5 Mobile/8B117 Safari/6531.22.7 (compatible; Googlebot-Mobile/2.1; +http://www.google.com/bot.html)"
46.223.117.146 - - [03/Mar/2013:20:54:46 +0100] "GET /03b.html HTTP/1.1" 200 2020 "http://www.dialyse-waldbronn.de/03.html" "Mozilla/5.0 (Windows; U; Windows NT 6.1; de; rv:1.9.2.15) Gecko/20110303 Firefox/3.6.15"
46.223.117.146 - - [03/Mar/2013:20:54:46 +0100] "GET /03b.swf HTTP/1.1" 200 198225 "http://www.dialyse-waldbronn.de/03b.html" "Mozilla/5.0 (Windows; U; Windows NT 6.1; de; rv:1.9.2.15) Gecko/20110303 Firefox/3.6.15"
46.223.117.146 - - [03/Mar/2013:20:54:56 +0100] "GET /02.html HTTP/1.1" 200 1988 "http://www.dialyse-waldbronn.de/00themen00.html" "Mozilla/5.0 (Windows; U; Windows NT 6.1; de; rv:1.9.2.15) Gecko/20110303 Firefox/3.6.15"
46.223.117.146 - - [03/Mar/2013:20:54:56 +0100] "GET /02.swf HTTP/1.1" 200 19509 "http://www.dialyse-waldbronn.de/02.html" "Mozilla/5.0 (Windows; U; Windows NT 6.1; de; rv:1.9.2.15) Gecko/20110303 Firefox/3.6.15"
46.223.117.146 - - [03/Mar/2013:20:55:21 +0100] "GET /05.html HTTP/1.1" 200 1988 "http://www.dialyse-waldbronn.de/00themen00.html" "Mozilla/5.0 (Windows; U; Windows NT 6.1; de; rv:1.9.2.15) Gecko/20110303 Firefox/3.6.15"
46.223.117.146 - - [03/Mar/2013:20:55:22 +0100] "GET /05.swf HTTP/1.1" 200 44441 "http://www.dialyse-waldbronn.de/05.html" "Mozilla/5.0 (Windows; U; Windows NT 6.1; de; rv:1.9.2.15) Gecko/20110303 Firefox/3.6.15"
46.223.117.146 - - [03/Mar/2013:20:55:26 +0100] "GET /09.html HTTP/1.1" 200 2140 "http://www.dialyse-waldbronn.de/00themen00.html" "Mozilla/5.0 (Windows; U; Windows NT 6.1; de; rv:1.9.2.15) Gecko/20110303 Firefox/3.6.15"
46.223.117.146 - - [03/Mar/2013:20:55:26 +0100] "GET /09.swf HTTP/1.1" 200 23193 "http://www.dialyse-waldbronn.de/09.html" "Mozilla/5.0 (Windows; U; Windows NT 6.1; de; rv:1.9.2.15) Gecko/20110303 Firefox/3.6.15"
46.223.117.146 - - [03/Mar/2013:20:55:35 +0100] "GET /09a.html HTTP/1.1" 200 2065 "http://www.dialyse-waldbronn.de/09.html" "Mozilla/5.0 (Windows; U; Windows NT 6.1; de; rv:1.9.2.15) Gecko/20110303 Firefox/3.6.15"
46.223.117.146 - - [03/Mar/2013:20:55:36 +0100] "GET /09a.swf HTTP/1.1" 200 19689 "http://www.dialyse-waldbronn.de/09a.html" "Mozilla/5.0 (Windows; U; Windows NT 6.1; de; rv:1.9.2.15) Gecko/20110303 Firefox/3.6.15"
46.223.117.146 - - [03/Mar/2013:20:55:55 +0100] "GET /08.html HTTP/1.1" 200 2068 "http://www.dialyse-waldbronn.de/00themen00.html" "Mozilla/5.0 (Windows; U; Windows NT 6.1; de; rv:1.9.2.15) Gecko/20110303 Firefox/3.6.15"
46.223.117.146 - - [03/Mar/2013:20:55:55 +0100] "GET /08.swf HTTP/1.1" 200 22102 "http://www.dialyse-waldbronn.de/08.html" "Mozilla/5.0 (Windows; U; Windows NT 6.1; de; rv:1.9.2.15) Gecko/20110303 Firefox/3.6.15"
91.207.4.186 - - [03/Mar/2013:21:05:39 +0100] "GET / HTTP/1.1" 200 4014 "http://web-betting.ru/" "Mozilla/4.0 (compatible; MSIE 6.0; Windows NT 5.1; SV1; .NET CLR 1.1.4322)"
91.207.4.186 - - [03/Mar/2013:21:05:39 +0100] "GET / HTTP/1.1" 200 4014 "http://pro-recipe.ru/" "Mozilla/4.0 (compatible; MSIE 6.0; Windows NT 5.0; Avant Browser [avantbrowser.com]; Hotbar 4.4.5.0)"
91.207.4.186 - - [03/Mar/2013:21:05:40 +0100] "GET / HTTP/1.1" 200 4014 "http://web-betting.ru/" "Mozilla/4.0 (compatible; MSIE 6.0; Windows NT 5.1; SV1; .NET CLR 1.1.4322)"
91.207.4.186 - - [03/Mar/2013:21:05:40 +0100] "GET / HTTP/1.1" 200 4014 "http://pro-recipe.ru/" "Mozilla/4.0 (compatible; MSIE 6.0; Windows NT 5.0; Avant Browser [avantbrowser.com]; Hotbar 4.4.5.0)"
91.207.4.186 - - [03/Mar/2013:21:05:40 +0100] "GET / HTTP/1.1" 200 4014 "http://pro-recipe.ru/" "Mozilla/4.0 (compatible; MSIE 6.0; Windows NT 5.0; Avant Browser [avantbrowser.com]; Hotbar 4.4.5.0)"
91.207.4.186 - - [03/Mar/2013:21:05:41 +0100] "GET / HTTP/1.1" 200 4014 "http://web-betting.ru/" "Mozilla/4.0 (compatible; MSIE 6.0; Windows NT 5.1; SV1; .NET CLR 1.1.4322)"
66.249.75.134 - - [03/Mar/2013:23:09:19 +0100] "GET /05.html HTTP/1.1" 200 1988 "-" "SAMSUNG-SGH-E250/1.0 Profile/MIDP-2.0 Configuration/CLDC-1.1 UP.Browser/6.2.3.3.c.1.101 (GUI) MMP/2.0 (compatible; Googlebot-Mobile/2.1; +http://www.google.com/bot.html)"
66.249.78.134 - - [03/Mar/2013:23:13:57 +0100] "GET /05.swf HTTP/1.1" 200 44441 "-" "Mozilla/5.0 (compatible; Googlebot/2.1; +http://www.google.com/bot.html)"
202.46.48.15 - - [04/Mar/2013:00:07:53 +0100] "GET / HTTP/1.1" 200 4014 "-" "Mozilla/4.0 (compatible; MSIE 7.0; Windows NT 6.0)"
119.63.193.195 - - [04/Mar/2013:00:08:52 +0100] "GET / HTTP/1.1" 200 4014 "-" "Mozilla/4.0 (compatible; MSIE 7.0; Windows NT 6.0)"
109.120.157.179 - - [04/Mar/2013:00:16:14 +0100] "GET / HTTP/1.1" 200 4014 "http://bizlog.ru/" "Mozilla/5.0 (compatible; Add Catalog/2.1;)"
109.120.157.179 - - [04/Mar/2013:00:16:15 +0100] "GET / HTTP/1.1" 200 4014 "http://bizlog.ru/" "Mozilla/5.0 (compatible; Add Catalog/2.1;)"
202.46.52.35 - - [04/Mar/2013:06:10:44 +0100] "GET / HTTP/1.1" 200 4014 "-" "Mozilla/4.0 (compatible; MSIE 7.0; Windows NT 6.0)"
119.63.193.131 - - [04/Mar/2013:06:11:48 +0100] "GET / HTTP/1.1" 200 4014 "-" "Mozilla/4.0 (compatible; MSIE 7.0; Windows NT 6.0)"
193.106.136.50 - - [04/Mar/2013:07:00:07 +0100] "GET / HTTP/1.1" 200 4014 "http://www.dixi-wild.com/" "Mozilla/4.0 (compatible; MSIE 6.0; Windows NT 5.1; Crazy Browser 1.0.5)"
193.106.136.50 - - [04/Mar/2013:07:00:08 +0100] "GET / HTTP/1.1" 200 4014 "http://www.dixi-wild.com/" "Mozilla/4.0 (compatible; MSIE 6.0; Windows NT 5.1; Crazy Browser 1.0.5)"
141.8.147.12 - - [04/Mar/2013:07:32:07 +0100] "GET /robots.txt HTTP/1.1" 404 1256 "-" "Mozilla/5.0 (compatible; YandexBot/3.0; +http://yandex.com/bots)"
66.249.78.134 - - [04/Mar/2013:08:14:19 +0100] "GET /robots.txt HTTP/1.1" 404 1256 "-" "Mozilla/5.0 (compatible; Googlebot/2.1; +http://www.google.com/bot.html)"
66.249.78.134 - - [04/Mar/2013:08:14:19 +0100] "GET / HTTP/1.1" 200 4014 "-" "Mozilla/5.0 (compatible; Googlebot/2.1; +http://www.google.com/bot.html)"
202.46.48.27 - - [04/Mar/2013:08:17:24 +0100] "GET / HTTP/1.1" 200 4014 "-" "Mozilla/4.0 (compatible; MSIE 7.0; Windows NT 6.0)"
119.63.193.194 - - [04/Mar/2013:08:18:38 +0100] "GET / HTTP/1.1" 200 4014 "-" "Mozilla/4.0 (compatible; MSIE 7.0; Windows NT 6.0)"
66.249.78.134 - - [04/Mar/2013:09:22:26 +0100] "GET /09.swf HTTP/1.1" 200 23193 "-" "Mozilla/5.0 (compatible; Googlebot/2.1; +http://www.google.com/bot.html)"
141.8.147.12 - - [04/Mar/2013:09:45:45 +0100] "GET / HTTP/1.1" 200 4014 "-" "Mozilla/5.0 (compatible; YandexBot/3.0; +http://yandex.com/bots)"
66.249.78.134 - - [04/Mar/2013:09:51:21 +0100] "GET /03.swf HTTP/1.1" 200 79366 "-" "Mozilla/5.0 (compatible; Googlebot/2.1; +http://www.google.com/bot.html)"
202.46.61.33 - - [04/Mar/2013:12:05:19 +0100] "GET / HTTP/1.1" 200 4014 "-" "Mozilla/4.0 (compatible; MSIE 7.0; Windows NT 6.0)"
119.63.193.196 - - [04/Mar/2013:12:06:14 +0100] "GET / HTTP/1.1" 200 4014 "-" "Mozilla/4.0 (compatible; MSIE 7.0; Windows NT 6.0)"
91.22.241.108 - - [04/Mar/2013:13:24:46 +0100] "GET / HTTP/1.1" 200 4014 "http://www.google.de/url?sa=t&rct=j&q=nephrologe%20waldbronn&source=web&cd=1&ved=0CDEQFjAA&url=http%3A%2F%2Fwww.dialyse-waldbronn.de%2F&ei=A5I0Ue3HLs2k4ATNnoCoAQ&usg=AFQjCNHEX_ZQroPS8hwDzjOxqVHmV6iDWw&sig2=GpWk_qzfsEZTE2q13wz5jw&bvm=bv.43148975,d.bGE" "Mozilla/5.0 (Linux; U; Android 4.0.3; de-de; GT-P5110 Build/IML74K) AppleWebKit/534.30 (KHTML, like Gecko) Version/4.0 Safari/534.30"
91.22.241.108 - - [04/Mar/2013:13:24:47 +0100] "GET /back.jpg HTTP/1.1" 404 1256 "http://www.dialyse-waldbronn.de/" "Mozilla/5.0 (Linux; U; Android 4.0.3; de-de; GT-P5110 Build/IML74K) AppleWebKit/534.30 (KHTML, like Gecko) Version/4.0 Safari/534.30"
91.22.241.108 - - [04/Mar/2013:13:24:47 +0100] "GET /favicon.ico HTTP/1.1" 404 1256 "http://www.dialyse-waldbronn.de/" "Mozilla/5.0 (Linux; U; Android 4.0.3; de-de; GT-P5110 Build/IML74K) AppleWebKit/534.30 (KHTML, like Gecko) Version/4.0 Safari/534.30"
91.22.241.108 - - [04/Mar/2013:13:25:31 +0100] "GET /back.jpg HTTP/1.1" 404 1256 "http://www.dialyse-waldbronn.de/" "Mozilla/5.0 (Linux; U; Android 4.0.3; de-de; GT-P5110 Build/IML74K) AppleWebKit/534.30 (KHTML, like Gecko) Version/4.0 Safari/534.30"
91.22.241.108 - - [04/Mar/2013:13:25:37 +0100] "GET /back.jpg HTTP/1.1" 404 1256 "http://www.dialyse-waldbronn.de/" "Mozilla/5.0 (Linux; U; Android 4.0.3; de-de; GT-P5110 Build/IML74K) AppleWebKit/534.30 (KHTML, like Gecko) Version/4.0 Safari/534.30"
91.22.241.108 - - [04/Mar/2013:13:25:46 +0100] "GET /back.jpg HTTP/1.1" 404 1256 "http://www.dialyse-waldbronn.de/" "Mozilla/5.0 (Linux; U; Android 4.0.3; de-de; GT-P5110 Build/IML74K) AppleWebKit/534.30 (KHTML, like Gecko) Version/4.0 Safari/534.30"
178.137.92.96 - - [04/Mar/2013:13:50:39 +0100] "GET / HTTP/1.1" 200 4014 "http://zalezt.ru/" "Mozilla/4.0 (compatible; MSIE 6.0; Windows XP)"
178.137.92.96 - - [04/Mar/2013:13:50:39 +0100] "GET / HTTP/1.1" 200 4014 "http://zalezt.ru/" "Mozilla/4.0 (compatible; MSIE 6.0; Windows XP)"
178.137.92.96 - - [04/Mar/2013:13:50:43 +0100] "GET / HTTP/1.1" 200 4014 "http://zalezt.ru/" "Mozilla/4.0 (compatible; MSIE 6.0; Windows XP)"
213.164.92.66 - - [04/Mar/2013:15:00:53 +0100] "GET / HTTP/1.1" 200 4014 "http://www.google.de/url?sa=t&rct=j&q=dialyse%20bad%20herrenalb&source=web&cd=1&ved=0CDMQFjAA&url=http%3A%2F%2Fwww.dialyse-waldbronn.de%2F&ei=lKg0UdisOoWttAamvYGYCw&usg=AFQjCNHEX_ZQroPS8hwDzjOxqVHmV6iDWw&bvm=bv.43148975,d.Yms" "Mozilla/5.0 (Windows NT 5.2; rv:7.0.1) Gecko/20100101 Firefox/7.0.1"
213.164.92.66 - - [04/Mar/2013:15:00:53 +0100] "GET /back.jpg HTTP/1.1" 404 1256 "http://www.dialyse-waldbronn.de/" "Mozilla/5.0 (Windows NT 5.2; rv:7.0.1) Gecko/20100101 Firefox/7.0.1"
213.164.92.66 - - [04/Mar/2013:15:00:54 +0100] "GET /index.swf HTTP/1.1" 200 8893 "http://www.dialyse-waldbronn.de/" "Mozilla/5.0 (Windows NT 5.2; rv:7.0.1) Gecko/20100101 Firefox/7.0.1"
213.164.92.66 - - [04/Mar/2013:15:00:55 +0100] "GET /favicon.ico HTTP/1.1" 404 1256 "-" "Mozilla/5.0 (Windows NT 5.2; rv:7.0.1) Gecko/20100101 Firefox/7.0.1"
213.164.92.66 - - [04/Mar/2013:15:01:01 +0100] "GET /00themen00.html HTTP/1.1" 200 2236 "http://www.dialyse-waldbronn.de/" "Mozilla/5.0 (Windows NT 5.2; rv:7.0.1) Gecko/20100101 Firefox/7.0.1"
213.164.92.66 - - [04/Mar/2013:15:01:01 +0100] "GET /AC_RunActiveContent.js HTTP/1.1" 200 8029 "http://www.dialyse-waldbronn.de/00themen00.html" "Mozilla/5.0 (Windows NT 5.2; rv:7.0.1) Gecko/20100101 Firefox/7.0.1"
213.164.92.66 - - [04/Mar/2013:15:01:02 +0100] "GET /favicon.ico HTTP/1.1" 404 1256 "-" "Mozilla/5.0 (Windows NT 5.2; rv:7.0.1) Gecko/20100101 Firefox/7.0.1"
213.164.92.66 - - [04/Mar/2013:15:01:02 +0100] "GET /00themen00.swf HTTP/1.1" 200 12608 "http://www.dialyse-waldbronn.de/00themen00.html" "Mozilla/5.0 (Windows NT 5.2; rv:7.0.1) Gecko/20100101 Firefox/7.0.1"
213.164.92.66 - - [04/Mar/2013:15:01:07 +0100] "GET /02.html HTTP/1.1" 200 1988 "http://www.dialyse-waldbronn.de/00themen00.html" "Mozilla/5.0 (Windows NT 5.2; rv:7.0.1) Gecko/20100101 Firefox/7.0.1"
213.164.92.66 - - [04/Mar/2013:15:01:07 +0100] "GET /favicon.ico HTTP/1.1" 404 1256 "-" "Mozilla/5.0 (Windows NT 5.2; rv:7.0.1) Gecko/20100101 Firefox/7.0.1"
213.164.92.66 - - [04/Mar/2013:15:01:07 +0100] "GET /02.swf HTTP/1.1" 200 19509 "http://www.dialyse-waldbronn.de/02.html" "Mozilla/5.0 (Windows NT 5.2; rv:7.0.1) Gecko/20100101 Firefox/7.0.1"
213.164.92.66 - - [04/Mar/2013:15:01:26 +0100] "GET /favicon.ico HTTP/1.1" 404 1256 "-" "Mozilla/5.0 (Windows NT 5.2; rv:7.0.1) Gecko/20100101 Firefox/7.0.1"
213.164.92.66 - - [04/Mar/2013:15:01:30 +0100] "GET /05.html HTTP/1.1" 200 1988 "http://www.dialyse-waldbronn.de/00themen00.html" "Mozilla/5.0 (Windows NT 5.2; rv:7.0.1) Gecko/20100101 Firefox/7.0.1"
213.164.92.66 - - [04/Mar/2013:15:01:31 +0100] "GET /favicon.ico HTTP/1.1" 404 1256 "-" "Mozilla/5.0 (Windows NT 5.2; rv:7.0.1) Gecko/20100101 Firefox/7.0.1"
213.164.92.66 - - [04/Mar/2013:15:01:31 +0100] "GET /05.swf HTTP/1.1" 200 44441 "http://www.dialyse-waldbronn.de/05.html" "Mozilla/5.0 (Windows NT 5.2; rv:7.0.1) Gecko/20100101 Firefox/7.0.1"
213.164.92.66 - - [04/Mar/2013:15:01:54 +0100] "GET /favicon.ico HTTP/1.1" 404 1256 "-" "Mozilla/5.0 (Windows NT 5.2; rv:7.0.1) Gecko/20100101 Firefox/7.0.1"
213.164.92.66 - - [04/Mar/2013:15:01:57 +0100] "GET /08.html HTTP/1.1" 200 2068 "http://www.dialyse-waldbronn.de/00themen00.html" "Mozilla/5.0 (Windows NT 5.2; rv:7.0.1) Gecko/20100101 Firefox/7.0.1"
213.164.92.66 - - [04/Mar/2013:15:01:58 +0100] "GET /favicon.ico HTTP/1.1" 404 1256 "-" "Mozilla/5.0 (Windows NT 5.2; rv:7.0.1) Gecko/20100101 Firefox/7.0.1"
213.164.92.66 - - [04/Mar/2013:15:01:58 +0100] "GET /08.swf HTTP/1.1" 200 22102 "http://www.dialyse-waldbronn.de/08.html" "Mozilla/5.0 (Windows NT 5.2; rv:7.0.1) Gecko/20100101 Firefox/7.0.1"
213.164.92.66 - - [04/Mar/2013:15:02:19 +0100] "GET /04waldbronn.html HTTP/1.1" 200 2092 "http://www.dialyse-waldbronn.de/08.html" "Mozilla/5.0 (Windows NT 5.2; rv:7.0.1) Gecko/20100101 Firefox/7.0.1"
213.164.92.66 - - [04/Mar/2013:15:02:19 +0100] "GET /favicon.ico HTTP/1.1" 404 1256 "-" "Mozilla/5.0 (Windows NT 5.2; rv:7.0.1) Gecko/20100101 Firefox/7.0.1"
213.164.92.66 - - [04/Mar/2013:15:02:19 +0100] "GET /04waldbronn.swf HTTP/1.1" 200 20798 "http://www.dialyse-waldbronn.de/04waldbronn.html" "Mozilla/5.0 (Windows NT 5.2; rv:7.0.1) Gecko/20100101 Firefox/7.0.1"
213.164.92.66 - - [04/Mar/2013:15:07:51 +0100] "GET /back.jpg HTTP/1.1" 404 1256 "http://www.dialyse-waldbronn.de/" "Mozilla/5.0 (Windows NT 5.2; rv:7.0.1) Gecko/20100101 Firefox/7.0.1"
213.164.92.66 - - [04/Mar/2013:15:07:54 +0100] "GET /favicon.ico HTTP/1.1" 404 1256 "-" "Mozilla/5.0 (Windows NT 5.2; rv:7.0.1) Gecko/20100101 Firefox/7.0.1"
213.164.92.66 - - [04/Mar/2013:15:07:58 +0100] "GET /favicon.ico HTTP/1.1" 404 1256 "-" "Mozilla/5.0 (Windows NT 5.2; rv:7.0.1) Gecko/20100101 Firefox/7.0.1"
213.164.92.66 - - [04/Mar/2013:15:08:01 +0100] "GET /09.html HTTP/1.1" 200 2140 "http://www.dialyse-waldbronn.de/00themen00.html" "Mozilla/5.0 (Windows NT 5.2; rv:7.0.1) Gecko/20100101 Firefox/7.0.1"
213.164.92.66 - - [04/Mar/2013:15:08:02 +0100] "GET /favicon.ico HTTP/1.1" 404 1256 "-" "Mozilla/5.0 (Windows NT 5.2; rv:7.0.1) Gecko/20100101 Firefox/7.0.1"
213.164.92.66 - - [04/Mar/2013:15:08:02 +0100] "GET /09.swf HTTP/1.1" 200 23193 "http://www.dialyse-waldbronn.de/09.html" "Mozilla/5.0 (Windows NT 5.2; rv:7.0.1) Gecko/20100101 Firefox/7.0.1"
213.164.92.66 - - [04/Mar/2013:15:15:49 +0100] "GET /back.jpg HTTP/1.1" 404 1256 "http://www.dialyse-waldbronn.de/" "Mozilla/5.0 (Windows NT 5.2; rv:7.0.1) Gecko/20100101 Firefox/7.0.1"
213.164.92.66 - - [04/Mar/2013:15:15:52 +0100] "GET /favicon.ico HTTP/1.1" 404 1256 "-" "Mozilla/5.0 (Windows NT 5.2; rv:7.0.1) Gecko/20100101 Firefox/7.0.1"
213.164.92.66 - - [04/Mar/2013:15:15:57 +0100] "GET /favicon.ico HTTP/1.1" 404 1256 "-" "Mozilla/5.0 (Windows NT 5.2; rv:7.0.1) Gecko/20100101 Firefox/7.0.1"
78.42.97.238 - - [04/Mar/2013:15:15:57 +0100] "GET / HTTP/1.1" 200 4014 "http://www.google.de/url?sa=t&rct=j&q=dialyse%20waldbronn&source=web&cd=1&cad=rja&ved=0CDEQFjAA&url=http%3A%2F%2Fwww.dialyse-waldbronn.de%2F&ei=J6w0UeqfO43Wsga83oC4Bw&usg=AFQjCNHEX_ZQroPS8hwDzjOxqVHmV6iDWw&bvm=bv.43148975,d.Yms" "Mozilla/4.0 (compatible; MSIE 8.0; Windows NT 5.1; Trident/4.0; InfoPath.1; .NET CLR 2.0.50727; .NET CLR 3.0.04506.30; .NET CLR 3.0.4506.2152; .NET CLR 3.5.30729; AskTbAVR-IDW/5.15.18.37268)"
