94.153.65.60 - - [15/Mar/2013:08:08:42 +0100] "GET / HTTP/1.1" 200 4014 "http://magnetfox.com/" "Opera/9.0 (Windows NT 5.1; U; en)"
94.153.65.60 - - [15/Mar/2013:08:08:42 +0100] "GET / HTTP/1.1" 200 4014 "http://www.spbtalk.ru/" "Mozilla/4.0 (compatible; MSIE 6.0; Windows NT 5.1; MRA 4.3 (build 01218); .NET CLR 1.1.4322)"
94.153.65.60 - - [15/Mar/2013:08:08:42 +0100] "GET / HTTP/1.1" 200 4014 "http://www.sim-bler.ru/" "Opera/9.0 (Windows NT 5.1; U; en)"
94.153.65.60 - - [15/Mar/2013:08:08:42 +0100] "GET / HTTP/1.1" 200 4014 "http://magnetfox.com/" "Opera/9.0 (Windows NT 5.1; U; en)"
94.153.65.60 - - [15/Mar/2013:08:08:42 +0100] "GET / HTTP/1.1" 200 4014 "http://www.spbtalk.ru/" "Mozilla/4.0 (compatible; MSIE 6.0; Windows NT 5.1; MRA 4.3 (build 01218); .NET CLR 1.1.4322)"
94.153.65.60 - - [15/Mar/2013:08:08:42 +0100] "GET / HTTP/1.1" 200 4014 "http://www.sim-bler.ru/" "Opera/9.0 (Windows NT 5.1; U; en)"
91.207.4.186 - - [15/Mar/2013:08:19:01 +0100] "GET / HTTP/1.1" 200 4014 "http://pro-recipe.ru/" "Mozilla/4.0 (compatible; MSIE 6.0; Windows NT 5.0; Avant Browser [avantbrowser.com]; Hotbar 4.4.5.0)"
91.207.4.186 - - [15/Mar/2013:08:19:02 +0100] "GET / HTTP/1.1" 200 4014 "http://pro-recipe.ru/" "Mozilla/4.0 (compatible; MSIE 6.0; Windows NT 5.0; Avant Browser [avantbrowser.com]; Hotbar 4.4.5.0)"
91.207.4.186 - - [15/Mar/2013:08:19:02 +0100] "GET / HTTP/1.1" 200 4014 "http://pro-recipe.ru/" "Mozilla/4.0 (compatible; MSIE 6.0; Windows NT 5.0; Avant Browser [avantbrowser.com]; Hotbar 4.4.5.0)"
91.207.9.226 - - [15/Mar/2013:10:37:41 +0100] "GET / HTTP/1.1" 200 4014 "http://admforum.ru/" "Mozilla/4.61 [en] (X11; U; ) - BrowseX (2.0.0 Windows)"
91.207.9.226 - - [15/Mar/2013:10:37:42 +0100] "GET / HTTP/1.1" 200 4014 "http://admforum.ru/" "Mozilla/4.61 [en] (X11; U; ) - BrowseX (2.0.0 Windows)"
91.207.9.226 - - [15/Mar/2013:10:37:42 +0100] "GET / HTTP/1.1" 200 4014 "http://admforum.ru/" "Mozilla/4.61 [en] (X11; U; ) - BrowseX (2.0.0 Windows)"
78.43.161.181 - - [15/Mar/2013:11:13:33 +0100] "GET / HTTP/1.1" 200 4014 "http://www.google.de/url?sa=t&rct=j&q=dialyse%20waldbronn&source=web&cd=1&sqi=2&ved=0CDAQFjAA&url=http%3A%2F%2Fwww.dialyse-waldbronn.de%2F&ei=DfRCUbH3C8zHtAbIyIGYDg&usg=AFQjCNHEX_ZQroPS8hwDzjOxqVHmV6iDWw&bvm=bv.43828540,d.Yms" "Mozilla/5.0 (compatible; MSIE 10.0; Windows NT 6.2; WOW64; Trident/6.0; MALNJS)"
78.43.161.181 - - [15/Mar/2013:11:13:33 +0100] "GET /back.jpg HTTP/1.1" 404 1256 "http://www.dialyse-waldbronn.de/" "Mozilla/5.0 (compatible; MSIE 10.0; Windows NT 6.2; WOW64; Trident/6.0; MALNJS)"
78.43.161.181 - - [15/Mar/2013:11:13:33 +0100] "HEAD /index.swf HTTP/1.1" 200 - "-" "contype"
78.43.161.181 - - [15/Mar/2013:11:13:33 +0100] "GET /index.swf HTTP/1.1" 200 8893 "http://www.dialyse-waldbronn.de/" "Mozilla/5.0 (compatible; MSIE 10.0; Windows NT 6.2; WOW64; Trident/6.0; MALNJS)"
78.43.161.181 - - [15/Mar/2013:11:13:34 +0100] "GET /favicon.ico HTTP/1.1" 404 1256 "-" "Mozilla/5.0 (compatible; MSIE 10.0; Windows NT 6.2; Win64; x64; Trident/6.0; MALNJS)"
78.43.161.181 - - [15/Mar/2013:11:13:46 +0100] "GET /00themen00.html HTTP/1.1" 200 2236 "http://www.dialyse-waldbronn.de/index.swf" "Mozilla/5.0 (compatible; MSIE 10.0; Windows NT 6.2; WOW64; Trident/6.0; MALNJS)"
78.43.161.181 - - [15/Mar/2013:11:13:46 +0100] "GET /AC_RunActiveContent.js HTTP/1.1" 200 8029 "http://www.dialyse-waldbronn.de/index.swf" "Mozilla/5.0 (compatible; MSIE 10.0; Windows NT 6.2; WOW64; Trident/6.0; MALNJS)"
78.43.161.181 - - [15/Mar/2013:11:13:46 +0100] "GET /00themen00.swf HTTP/1.1" 200 12608 "http://www.dialyse-waldbronn.de/00themen00.html" "Mozilla/5.0 (compatible; MSIE 10.0; Windows NT 6.2; WOW64; Trident/6.0; MALNJS)"
78.43.161.181 - - [15/Mar/2013:11:13:46 +0100] "GET /favicon.ico HTTP/1.1" 404 1256 "-" "Mozilla/5.0 (compatible; MSIE 10.0; Windows NT 6.2; Win64; x64; Trident/6.0; MALNJS)"
78.43.161.181 - - [15/Mar/2013:11:13:49 +0100] "GET /03.html HTTP/1.1" 200 2012 "http://www.dialyse-waldbronn.de/00themen00.swf" "Mozilla/5.0 (compatible; MSIE 10.0; Windows NT 6.2; WOW64; Trident/6.0; MALNJS)"
78.43.161.181 - - [15/Mar/2013:11:13:49 +0100] "GET /03.swf HTTP/1.1" 200 79366 "http://www.dialyse-waldbronn.de/03.html" "Mozilla/5.0 (compatible; MSIE 10.0; Windows NT 6.2; WOW64; Trident/6.0; MALNJS)"
78.43.161.181 - - [15/Mar/2013:11:14:08 +0100] "GET /03b.html HTTP/1.1" 200 2020 "http://www.dialyse-waldbronn.de/03.swf" "Mozilla/5.0 (compatible; MSIE 10.0; Windows NT 6.2; WOW64; Trident/6.0; MALNJS)"
78.43.161.181 - - [15/Mar/2013:11:14:08 +0100] "GET /03b.swf HTTP/1.1" 200 198225 "http://www.dialyse-waldbronn.de/03b.html" "Mozilla/5.0 (compatible; MSIE 10.0; Windows NT 6.2; WOW64; Trident/6.0; MALNJS)"
78.43.161.181 - - [15/Mar/2013:11:14:24 +0100] "GET /01.html HTTP/1.1" 200 1988 "http://www.dialyse-waldbronn.de/00themen00.swf" "Mozilla/5.0 (compatible; MSIE 10.0; Windows NT 6.2; WOW64; Trident/6.0; MALNJS)"
78.43.161.181 - - [15/Mar/2013:11:14:24 +0100] "GET /01.swf HTTP/1.1" 200 36918 "http://www.dialyse-waldbronn.de/01.html" "Mozilla/5.0 (compatible; MSIE 10.0; Windows NT 6.2; WOW64; Trident/6.0; MALNJS)"
78.43.161.181 - - [15/Mar/2013:11:14:32 +0100] "GET /04.html HTTP/1.1" 200 1988 "http://www.dialyse-waldbronn.de/00themen00.swf" "Mozilla/5.0 (compatible; MSIE 10.0; Windows NT 6.2; WOW64; Trident/6.0; MALNJS)"
78.43.161.181 - - [15/Mar/2013:11:14:32 +0100] "GET /04.swf HTTP/1.1" 200 20526 "http://www.dialyse-waldbronn.de/04.html" "Mozilla/5.0 (compatible; MSIE 10.0; Windows NT 6.2; WOW64; Trident/6.0; MALNJS)"
202.46.56.50 - - [15/Mar/2013:12:02:27 +0100] "GET / HTTP/1.1" 200 4014 "-" "Mozilla/4.0 (compatible; MSIE 7.0; Windows NT 6.0)"
119.63.193.196 - - [15/Mar/2013:12:03:21 +0100] "GET / HTTP/1.1" 200 4014 "-" "Mozilla/4.0 (compatible; MSIE 7.0; Windows NT 6.0)"
141.8.147.12 - - [15/Mar/2013:12:31:39 +0100] "GET /robots.txt HTTP/1.1" 404 1256 "-" "Mozilla/5.0 (compatible; YandexBot/3.0; +http://yandex.com/bots)"
141.8.147.12 - - [15/Mar/2013:12:31:41 +0100] "GET /index.swf HTTP/1.1" 200 8893 "-" "Mozilla/5.0 (compatible; YandexBot/3.0; +http://yandex.com/bots)"
46.119.122.97 - - [15/Mar/2013:14:02:08 +0100] "GET / HTTP/1.1" 200 4014 "http://zalezt.ru/" "Mozilla/4.0 (compatible; MSIE 6.0; Windows XP)"
46.119.122.97 - - [15/Mar/2013:14:02:08 +0100] "GET / HTTP/1.1" 200 4014 "http://zalezt.ru/" "Mozilla/4.0 (compatible; MSIE 6.0; Windows XP)"
46.119.122.97 - - [15/Mar/2013:14:02:09 +0100] "GET / HTTP/1.1" 200 4014 "http://zalezt.ru/" "Mozilla/4.0 (compatible; MSIE 6.0; Windows XP)"
91.207.4.186 - - [15/Mar/2013:14:39:34 +0100] "GET / HTTP/1.1" 200 4014 "http://www.uasexphone.com/" "Mozilla/4.0 (compatible; MSIE 6.0; Windows NT 5.0; Avant Browser [avantbrowser.com]; Hotbar 4.4.5.0)"
91.207.4.186 - - [15/Mar/2013:14:39:34 +0100] "GET / HTTP/1.1" 200 4014 "http://www.uasexphone.com/" "Mozilla/4.0 (compatible; MSIE 6.0; Windows NT 5.0; Avant Browser [avantbrowser.com]; Hotbar 4.4.5.0)"
91.207.4.186 - - [15/Mar/2013:14:39:35 +0100] "GET / HTTP/1.1" 200 4014 "http://www.uasexphone.com/" "Mozilla/4.0 (compatible; MSIE 6.0; Windows NT 5.0; Avant Browser [avantbrowser.com]; Hotbar 4.4.5.0)"
46.228.103.49 - - [15/Mar/2013:15:21:15 +0100] "GET / HTTP/1.1" 200 4014 "http://yandex.ru/yandsearch?text=Fachklinik%20Waldbronn&lr=7" "Mozilla/5.0 (Windows NT 6.1; WOW64) AppleWebKit/537.22 (KHTML, like Gecko) Chrome/25.0.1364.172 Safari/537.22"
46.228.103.49 - - [15/Mar/2013:15:21:16 +0100] "GET /back.jpg HTTP/1.1" 404 1256 "http://www.dialyse-waldbronn.de/" "Mozilla/5.0 (Windows NT 6.1; WOW64) AppleWebKit/537.22 (KHTML, like Gecko) Chrome/25.0.1364.172 Safari/537.22"
46.228.103.49 - - [15/Mar/2013:15:21:16 +0100] "GET /index.swf HTTP/1.1" 200 8893 "http://www.dialyse-waldbronn.de/" "Mozilla/5.0 (Windows NT 6.1; WOW64) AppleWebKit/537.22 (KHTML, like Gecko) Chrome/25.0.1364.172 Safari/537.22"
46.228.103.49 - - [15/Mar/2013:15:21:17 +0100] "GET /favicon.ico HTTP/1.1" 404 1256 "-" "Mozilla/5.0 (Windows NT 6.1; WOW64) AppleWebKit/537.22 (KHTML, like Gecko) Chrome/25.0.1364.172 Safari/537.22"
66.249.75.125 - - [15/Mar/2013:16:07:50 +0100] "GET /index.swf HTTP/1.1" 200 8893 "-" "SAMSUNG-SGH-E250/1.0 Profile/MIDP-2.0 Configuration/CLDC-1.1 UP.Browser/6.2.3.3.c.1.101 (GUI) MMP/2.0 (compatible; Googlebot-Mobile/2.1; +http://www.google.com/bot.html)"
193.106.136.35 - - [15/Mar/2013:17:15:36 +0100] "GET / HTTP/1.1" 200 4014 "http://adtimes.ru/" "Opera/9.00 (Windows NT 4.0; U; en)"
193.106.136.35 - - [15/Mar/2013:17:15:37 +0100] "GET / HTTP/1.1" 200 4014 "http://adtimes.ru/" "Opera/9.00 (Windows NT 4.0; U; en)"
66.249.78.134 - - [15/Mar/2013:18:02:31 +0100] "GET /robots.txt HTTP/1.1" 404 1256 "-" "Mozilla/5.0 (compatible; Googlebot/2.1; +http://www.google.com/bot.html)"
66.249.78.134 - - [15/Mar/2013:18:02:31 +0100] "GET / HTTP/1.1" 200 4014 "-" "Mozilla/5.0 (compatible; Googlebot/2.1; +http://www.google.com/bot.html)"
202.46.54.48 - - [15/Mar/2013:18:05:19 +0100] "GET / HTTP/1.1" 200 4014 "-" "Mozilla/4.0 (compatible; MSIE 7.0; Windows NT 6.0)"
119.63.193.196 - - [15/Mar/2013:18:06:18 +0100] "GET / HTTP/1.1" 200 4014 "-" "Mozilla/4.0 (compatible; MSIE 7.0; Windows NT 6.0)"
66.249.78.134 - - [15/Mar/2013:18:18:39 +0100] "GET /00themen00.html HTTP/1.1" 304 - "-" "Mozilla/5.0 (iPhone; U; CPU iPhone OS 4_1 like Mac OS X; en-us) AppleWebKit/532.9 (KHTML, like Gecko) Version/4.0.5 Mobile/8B117 Safari/6531.22.7 (compatible; Googlebot-Mobile/2.1; +http://www.google.com/bot.html)"
141.8.147.12 - - [15/Mar/2013:18:24:10 +0100] "GET / HTTP/1.1" 200 4014 "-" "Mozilla/5.0 (compatible; YandexBot/3.0; +http://yandex.com/bots)"
141.8.147.12 - - [15/Mar/2013:18:26:05 +0100] "GET /index.swf HTTP/1.1" 200 8893 "-" "Mozilla/5.0 (compatible; YandexBot/3.0; +http://yandex.com/bots)"
91.207.6.34 - - [15/Mar/2013:19:11:27 +0100] "GET / HTTP/1.1" 200 4014 "http://www.prostitutki-odessa.org/" "Mozilla/4.0 (compatible; MSIE 6.0; Windows NT 5.1; .NET CLR 1.1.4322; Alexa Toolbar; (R1 1.5))"
91.207.6.34 - - [15/Mar/2013:19:11:27 +0100] "GET / HTTP/1.1" 200 4014 "http://www.prostitutki-odessa.org/" "Mozilla/4.0 (compatible; MSIE 6.0; Windows NT 5.1; .NET CLR 1.1.4322; Alexa Toolbar; (R1 1.5))"
91.207.6.34 - - [15/Mar/2013:19:11:28 +0100] "GET / HTTP/1.1" 200 4014 "http://www.prostitutki-odessa.org/" "Mozilla/4.0 (compatible; MSIE 6.0; Windows NT 5.1; .NET CLR 1.1.4322; Alexa Toolbar; (R1 1.5))"
46.223.117.146 - - [15/Mar/2013:19:37:45 +0100] "GET / HTTP/1.1" 200 4014 "http://www.google.com/m?hl=de&gl=de&client=ms-android-samsung&source=android-launcher-widget&q=dialyse+waldbronn" "Mozilla/5.0 (Linux; U; Android 2.3.6; de-de; GT-I9001 Build/GINGERBREAD) AppleWebKit/533.1 (KHTML, like Gecko) Version/4.0 Mobile Safari/533.1"
46.223.117.146 - - [15/Mar/2013:19:37:45 +0100] "GET /back.jpg HTTP/1.1" 404 1256 "http://www.dialyse-waldbronn.de/" "Mozilla/5.0 (Linux; U; Android 2.3.6; de-de; GT-I9001 Build/GINGERBREAD) AppleWebKit/533.1 (KHTML, like Gecko) Version/4.0 Mobile Safari/533.1"
46.223.117.146 - - [15/Mar/2013:19:37:45 +0100] "GET /favicon.ico HTTP/1.1" 404 1256 "http://www.dialyse-waldbronn.de/" "Mozilla/5.0 (Linux; U; Android 2.3.6; de-de; GT-I9001 Build/GINGERBREAD) AppleWebKit/533.1 (KHTML, like Gecko) Version/4.0 Mobile Safari/533.1"
46.223.117.146 - - [15/Mar/2013:19:37:52 +0100] "GET /index.swf HTTP/1.1" 200 8893 "http://www.dialyse-waldbronn.de/" "Mozilla/5.0 (Linux; U; Android 2.3.6; de-de; GT-I9001 Build/GINGERBREAD) AppleWebKit/533.1 (KHTML, like Gecko) Version/4.0 Mobile Safari/533.1"
46.223.117.146 - - [15/Mar/2013:19:40:17 +0100] "GET /00themen00.html HTTP/1.1" 200 2236 "http://www.dialyse-waldbronn.de/index.swf" "Mozilla/5.0 (Linux; U; Android 2.3.6; de-de; GT-I9001 Build/GINGERBREAD) AppleWebKit/533.1 (KHTML, like Gecko) Version/4.0 Mobile Safari/533.1"
46.223.117.146 - - [15/Mar/2013:19:40:18 +0100] "GET /AC_RunActiveContent.js HTTP/1.1" 200 8029 "http://www.dialyse-waldbronn.de/00themen00.html" "Mozilla/5.0 (Linux; U; Android 2.3.6; de-de; GT-I9001 Build/GINGERBREAD) AppleWebKit/533.1 (KHTML, like Gecko) Version/4.0 Mobile Safari/533.1"
46.223.117.146 - - [15/Mar/2013:19:40:20 +0100] "GET /00themen00.swf HTTP/1.1" 200 12608 "http://www.dialyse-waldbronn.de/00themen00.html" "Mozilla/5.0 (Linux; U; Android 2.3.6; de-de; GT-I9001 Build/GINGERBREAD) AppleWebKit/533.1 (KHTML, like Gecko) Version/4.0 Mobile Safari/533.1"
46.223.117.146 - - [15/Mar/2013:19:40:35 +0100] "GET /03.html HTTP/1.1" 200 2012 "http://www.dialyse-waldbronn.de/00themen00.swf" "Mozilla/5.0 (Linux; U; Android 2.3.6; de-de; GT-I9001 Build/GINGERBREAD) AppleWebKit/533.1 (KHTML, like Gecko) Version/4.0 Mobile Safari/533.1"
46.223.117.146 - - [15/Mar/2013:19:40:38 +0100] "GET /03.swf HTTP/1.1" 200 79366 "http://www.dialyse-waldbronn.de/03.html" "Mozilla/5.0 (Linux; U; Android 2.3.6; de-de; GT-I9001 Build/GINGERBREAD) AppleWebKit/533.1 (KHTML, like Gecko) Version/4.0 Mobile Safari/533.1"
46.223.117.146 - - [15/Mar/2013:19:42:02 +0100] "GET /back.jpg HTTP/1.1" 404 1256 "http://www.dialyse-waldbronn.de/" "Mozilla/5.0 (Linux; U; Android 2.3.6; de-de; GT-I9001 Build/GINGERBREAD) AppleWebKit/533.1 (KHTML, like Gecko) Version/4.0 Mobile Safari/533.1"
202.46.49.127 - - [15/Mar/2013:20:08:50 +0100] "GET / HTTP/1.1" 200 4014 "-" "Mozilla/4.0 (compatible; MSIE 7.0; Windows NT 6.0)"
119.63.193.194 - - [15/Mar/2013:20:09:55 +0100] "GET / HTTP/1.1" 200 4014 "-" "Mozilla/4.0 (compatible; MSIE 7.0; Windows NT 6.0)"
46.223.117.146 - - [15/Mar/2013:20:35:01 +0100] "GET / HTTP/1.1" 200 4014 "http://www.google.de/search?q=dialyse+waldbronn&ie=utf-8&oe=utf-8&aq=t&rls=org.mozilla:de:official&client=firefox-a" "Mozilla/5.0 (Windows; U; Windows NT 6.1; de; rv:1.9.2.15) Gecko/20110303 Firefox/3.6.15"
46.223.117.146 - - [15/Mar/2013:20:35:01 +0100] "GET /back.jpg HTTP/1.1" 404 1256 "http://www.dialyse-waldbronn.de/" "Mozilla/5.0 (Windows; U; Windows NT 6.1; de; rv:1.9.2.15) Gecko/20110303 Firefox/3.6.15"
46.223.117.146 - - [15/Mar/2013:20:35:01 +0100] "GET /index.swf HTTP/1.1" 200 8893 "http://www.dialyse-waldbronn.de/" "Mozilla/5.0 (Windows; U; Windows NT 6.1; de; rv:1.9.2.15) Gecko/20110303 Firefox/3.6.15"
46.223.117.146 - - [15/Mar/2013:20:35:02 +0100] "GET /favicon.ico HTTP/1.1" 404 1256 "-" "Mozilla/5.0 (Windows; U; Windows NT 6.1; de; rv:1.9.2.15) Gecko/20110303 Firefox/3.6.15"
46.223.117.146 - - [15/Mar/2013:20:35:02 +0100] "GET /favicon.ico HTTP/1.1" 404 1256 "-" "Mozilla/5.0 (Windows; U; Windows NT 6.1; de; rv:1.9.2.15) Gecko/20110303 Firefox/3.6.15"
46.223.117.146 - - [15/Mar/2013:20:35:02 +0100] "GET /favicon.ico HTTP/1.1" 404 1256 "-" "Mozilla/5.0 (Windows; U; Windows NT 6.1; de; rv:1.9.2.15) Gecko/20110303 Firefox/3.6.15"
46.223.117.146 - - [15/Mar/2013:20:35:03 +0100] "GET /00themen00.html HTTP/1.1" 200 2236 "http://www.dialyse-waldbronn.de/" "Mozilla/5.0 (Windows; U; Windows NT 6.1; de; rv:1.9.2.15) Gecko/20110303 Firefox/3.6.15"
46.223.117.146 - - [15/Mar/2013:20:35:03 +0100] "GET /AC_RunActiveContent.js HTTP/1.1" 200 8029 "http://www.dialyse-waldbronn.de/00themen00.html" "Mozilla/5.0 (Windows; U; Windows NT 6.1; de; rv:1.9.2.15) Gecko/20110303 Firefox/3.6.15"
46.223.117.146 - - [15/Mar/2013:20:35:04 +0100] "GET /00themen00.swf HTTP/1.1" 200 12608 "http://www.dialyse-waldbronn.de/00themen00.html" "Mozilla/5.0 (Windows; U; Windows NT 6.1; de; rv:1.9.2.15) Gecko/20110303 Firefox/3.6.15"
46.223.117.146 - - [15/Mar/2013:20:35:05 +0100] "GET /03.html HTTP/1.1" 200 2012 "http://www.dialyse-waldbronn.de/00themen00.html" "Mozilla/5.0 (Windows; U; Windows NT 6.1; de; rv:1.9.2.15) Gecko/20110303 Firefox/3.6.15"
46.223.117.146 - - [15/Mar/2013:20:35:06 +0100] "GET /03.swf HTTP/1.1" 200 79366 "http://www.dialyse-waldbronn.de/03.html" "Mozilla/5.0 (Windows; U; Windows NT 6.1; de; rv:1.9.2.15) Gecko/20110303 Firefox/3.6.15"
46.223.117.146 - - [15/Mar/2013:20:35:34 +0100] "GET /03b.html HTTP/1.1" 200 2020 "http://www.dialyse-waldbronn.de/03.html" "Mozilla/5.0 (Windows; U; Windows NT 6.1; de; rv:1.9.2.15) Gecko/20110303 Firefox/3.6.15"
46.223.117.146 - - [15/Mar/2013:20:35:34 +0100] "GET /03b.swf HTTP/1.1" 200 198225 "http://www.dialyse-waldbronn.de/03b.html" "Mozilla/5.0 (Windows; U; Windows NT 6.1; de; rv:1.9.2.15) Gecko/20110303 Firefox/3.6.15"
46.223.117.146 - - [15/Mar/2013:20:35:46 +0100] "GET /02.html HTTP/1.1" 200 1988 "http://www.dialyse-waldbronn.de/00themen00.html" "Mozilla/5.0 (Windows; U; Windows NT 6.1; de; rv:1.9.2.15) Gecko/20110303 Firefox/3.6.15"
46.223.117.146 - - [15/Mar/2013:20:35:47 +0100] "GET /02.swf HTTP/1.1" 200 19509 "http://www.dialyse-waldbronn.de/02.html" "Mozilla/5.0 (Windows; U; Windows NT 6.1; de; rv:1.9.2.15) Gecko/20110303 Firefox/3.6.15"
46.223.117.146 - - [15/Mar/2013:20:35:50 +0100] "GET /01.html HTTP/1.1" 200 1988 "http://www.dialyse-waldbronn.de/00themen00.html" "Mozilla/5.0 (Windows; U; Windows NT 6.1; de; rv:1.9.2.15) Gecko/20110303 Firefox/3.6.15"
46.223.117.146 - - [15/Mar/2013:20:35:51 +0100] "GET /01.swf HTTP/1.1" 200 36918 "http://www.dialyse-waldbronn.de/01.html" "Mozilla/5.0 (Windows; U; Windows NT 6.1; de; rv:1.9.2.15) Gecko/20110303 Firefox/3.6.15"
46.223.117.146 - - [15/Mar/2013:20:36:35 +0100] "GET /back.jpg HTTP/1.1" 404 1256 "http://www.dialyse-waldbronn.de/" "Mozilla/5.0 (Windows; U; Windows NT 6.1; de; rv:1.9.2.15) Gecko/20110303 Firefox/3.6.15"
46.223.117.146 - - [15/Mar/2013:20:45:00 +0100] "GET / HTTP/1.1" 200 4014 "http://www.google.de/search?q=dialyse+waldbronn&ie=utf-8&oe=utf-8&aq=t&rls=org.mozilla:de:official&client=firefox-a" "Mozilla/5.0 (Windows; U; Windows NT 6.1; de; rv:1.9.2.15) Gecko/20110303 Firefox/3.6.15"
46.223.117.146 - - [15/Mar/2013:20:45:00 +0100] "GET /back.jpg HTTP/1.1" 404 1256 "http://www.dialyse-waldbronn.de/" "Mozilla/5.0 (Windows; U; Windows NT 6.1; de; rv:1.9.2.15) Gecko/20110303 Firefox/3.6.15"
46.223.117.146 - - [15/Mar/2013:20:45:00 +0100] "GET /index.swf HTTP/1.1" 200 8893 "http://www.dialyse-waldbronn.de/" "Mozilla/5.0 (Windows; U; Windows NT 6.1; de; rv:1.9.2.15) Gecko/20110303 Firefox/3.6.15"
46.223.117.146 - - [15/Mar/2013:20:45:02 +0100] "GET /00themen00.html HTTP/1.1" 200 2236 "http://www.dialyse-waldbronn.de/" "Mozilla/5.0 (Windows; U; Windows NT 6.1; de; rv:1.9.2.15) Gecko/20110303 Firefox/3.6.15"
46.223.117.146 - - [15/Mar/2013:20:45:02 +0100] "GET /AC_RunActiveContent.js HTTP/1.1" 200 8029 "http://www.dialyse-waldbronn.de/00themen00.html" "Mozilla/5.0 (Windows; U; Windows NT 6.1; de; rv:1.9.2.15) Gecko/20110303 Firefox/3.6.15"
46.223.117.146 - - [15/Mar/2013:20:45:02 +0100] "GET /00themen00.swf HTTP/1.1" 200 12608 "http://www.dialyse-waldbronn.de/00themen00.html" "Mozilla/5.0 (Windows; U; Windows NT 6.1; de; rv:1.9.2.15) Gecko/20110303 Firefox/3.6.15"
46.223.117.146 - - [15/Mar/2013:20:45:04 +0100] "GET /03.html HTTP/1.1" 200 2012 "http://www.dialyse-waldbronn.de/00themen00.html" "Mozilla/5.0 (Windows; U; Windows NT 6.1; de; rv:1.9.2.15) Gecko/20110303 Firefox/3.6.15"
46.223.117.146 - - [15/Mar/2013:20:45:04 +0100] "GET /03.swf HTTP/1.1" 200 79366 "http://www.dialyse-waldbronn.de/03.html" "Mozilla/5.0 (Windows; U; Windows NT 6.1; de; rv:1.9.2.15) Gecko/20110303 Firefox/3.6.15"
92.249.127.111 - - [15/Mar/2013:21:07:40 +0100] "GET / HTTP/1.1" 200 4014 "http://kinofun.kz/" "Mozilla/5.0 (compatible; news bot /2.1)"
92.249.127.111 - - [15/Mar/2013:21:07:40 +0100] "GET / HTTP/1.1" 200 4014 "http://kinofun.kz/" "Mozilla/5.0 (compatible; news bot /2.1)"
92.249.127.111 - - [15/Mar/2013:21:07:41 +0100] "GET / HTTP/1.1" 200 4014 "http://kinofun.kz/" "Mozilla/5.0 (compatible; news bot /2.1)"
91.207.4.186 - - [15/Mar/2013:22:00:33 +0100] "GET / HTTP/1.1" 200 4014 "http://saascenter.ru/" "Mozilla/4.0 (compatible; MSIE 6.0; Windows NT 5.0; Avant Browser [avantbrowser.com]; Hotbar 4.4.5.0)"
91.207.4.186 - - [15/Mar/2013:22:00:33 +0100] "GET / HTTP/1.1" 200 4014 "http://saascenter.ru/" "Mozilla/4.0 (compatible; MSIE 6.0; Windows NT 5.0; Avant Browser [avantbrowser.com]; Hotbar 4.4.5.0)"
91.207.4.186 - - [15/Mar/2013:22:00:34 +0100] "GET / HTTP/1.1" 200 4014 "http://saascenter.ru/" "Mozilla/4.0 (compatible; MSIE 6.0; Windows NT 5.0; Avant Browser [avantbrowser.com]; Hotbar 4.4.5.0)"
202.46.59.75 - - [16/Mar/2013:00:02:17 +0100] "GET / HTTP/1.1" 200 4014 "-" "Mozilla/4.0 (compatible; MSIE 7.0; Windows NT 6.0)"
119.63.193.195 - - [16/Mar/2013:00:03:08 +0100] "GET / HTTP/1.1" 200 4014 "-" "Mozilla/4.0 (compatible; MSIE 7.0; Windows NT 6.0)"
66.249.78.134 - - [16/Mar/2013:04:02:47 +0100] "GET /08.swf HTTP/1.1" 200 22102 "-" "SAMSUNG-SGH-E250/1.0 Profile/MIDP-2.0 Configuration/CLDC-1.1 UP.Browser/6.2.3.3.c.1.101 (GUI) MMP/2.0 (compatible; Googlebot-Mobile/2.1; +http://www.google.com/bot.html)"
109.120.157.179 - - [16/Mar/2013:05:08:44 +0100] "GET / HTTP/1.1" 200 4014 "http://bizlog.ru/" "Mozilla/5.0 (compatible; Add Catalog/2.1;)"
109.120.157.179 - - [16/Mar/2013:05:08:45 +0100] "GET / HTTP/1.1" 200 4014 "http://bizlog.ru/" "Mozilla/5.0 (compatible; Add Catalog/2.1;)"
66.249.76.125 - - [16/Mar/2013:05:50:39 +0100] "GET /09.html HTTP/1.1" 200 2140 "-" "DoCoMo/2.0 N905i(c100;TB;W24H16) (compatible; Googlebot-Mobile/2.1; +http://www.google.com/bot.html)"
202.46.61.29 - - [16/Mar/2013:06:05:07 +0100] "GET / HTTP/1.1" 200 4014 "-" "Mozilla/4.0 (compatible; MSIE 7.0; Windows NT 6.0)"
119.63.193.132 - - [16/Mar/2013:06:06:05 +0100] "GET / HTTP/1.1" 200 4014 "-" "Mozilla/4.0 (compatible; MSIE 7.0; Windows NT 6.0)"
91.207.6.34 - - [16/Mar/2013:07:08:20 +0100] "GET / HTTP/1.1" 200 4014 "http://www.vse-prostitutki.org/" "Mozilla/4.0 (compatible; MSIE 6.0; Windows NT 5.1; ru) Opera 8.01"
91.207.6.34 - - [16/Mar/2013:07:08:20 +0100] "GET / HTTP/1.1" 200 4014 "http://www.prostitutki-tolyatti.org/" "Mozilla/4.0 (compatible; MSIE 6.0; Windows NT 5.1; ru) Opera 8.01"
91.207.6.34 - - [16/Mar/2013:07:08:21 +0100] "GET / HTTP/1.1" 200 4014 "http://www.vse-prostitutki.org/" "Mozilla/4.0 (compatible; MSIE 6.0; Windows NT 5.1; ru) Opera 8.01"
91.207.6.34 - - [16/Mar/2013:07:08:21 +0100] "GET / HTTP/1.1" 200 4014 "http://www.prostitutki-tolyatti.org/" "Mozilla/4.0 (compatible; MSIE 6.0; Windows NT 5.1; ru) Opera 8.01"
91.207.6.34 - - [16/Mar/2013:07:08:21 +0100] "GET / HTTP/1.1" 200 4014 "http://www.vse-prostitutki.org/" "Mozilla/4.0 (compatible; MSIE 6.0; Windows NT 5.1; ru) Opera 8.01"
91.207.6.34 - - [16/Mar/2013:07:08:21 +0100] "GET / HTTP/1.1" 200 4014 "http://www.prostitutki-tolyatti.org/" "Mozilla/4.0 (compatible; MSIE 6.0; Windows NT 5.1; ru) Opera 8.01"
202.46.59.71 - - [16/Mar/2013:08:09:15 +0100] "GET / HTTP/1.1" 200 4014 "-" "Mozilla/4.0 (compatible; MSIE 7.0; Windows NT 6.0)"
119.63.193.195 - - [16/Mar/2013:08:10:22 +0100] "GET / HTTP/1.1" 200 4014 "-" "Mozilla/4.0 (compatible; MSIE 7.0; Windows NT 6.0)"
202.46.52.24 - - [16/Mar/2013:12:03:05 +0100] "GET / HTTP/1.1" 200 4014 "-" "Mozilla/4.0 (compatible; MSIE 7.0; Windows NT 6.0)"
119.63.193.194 - - [16/Mar/2013:12:04:00 +0100] "GET / HTTP/1.1" 200 4014 "-" "Mozilla/4.0 (compatible; MSIE 7.0; Windows NT 6.0)"
66.249.78.134 - - [16/Mar/2013:13:09:50 +0100] "GET /robots.txt HTTP/1.1" 404 1256 "-" "Mozilla/5.0 (compatible; Googlebot/2.1; +http://www.google.com/bot.html)"
66.249.78.134 - - [16/Mar/2013:13:09:50 +0100] "GET /04.html HTTP/1.1" 304 - "-" "Mozilla/5.0 (compatible; Googlebot/2.1; +http://www.google.com/bot.html)"
46.119.122.97 - - [16/Mar/2013:13:42:13 +0100] "GET / HTTP/1.1" 200 4014 "http://dorfi.ru/" "Mozilla/4.0 (compatible; MSIE 6.0; Windows XP)"
46.119.122.97 - - [16/Mar/2013:13:42:14 +0100] "GET / HTTP/1.1" 200 4014 "http://dorfi.ru/" "Mozilla/4.0 (compatible; MSIE 6.0; Windows XP)"
46.119.122.97 - - [16/Mar/2013:13:42:15 +0100] "GET / HTTP/1.1" 200 4014 "http://dorfi.ru/" "Mozilla/4.0 (compatible; MSIE 6.0; Windows XP)"
66.249.78.134 - - [16/Mar/2013:17:28:13 +0100] "GET / HTTP/1.1" 200 4014 "-" "Mozilla/5.0 (iPhone; U; CPU iPhone OS 4_1 like Mac OS X; en-us) AppleWebKit/532.9 (KHTML, like Gecko) Version/4.0.5 Mobile/8B117 Safari/6531.22.7 (compatible; Googlebot-Mobile/2.1; +http://www.google.com/bot.html)"
157.56.92.146 - - [16/Mar/2013:18:03:21 +0100] "GET /robots.txt HTTP/1.1" 404 1256 "-" "Mozilla/5.0 (compatible; bingbot/2.0; +http://www.bing.com/bingbot.htm)"
157.56.92.146 - - [16/Mar/2013:18:05:30 +0100] "GET / HTTP/1.1" 200 4014 "-" "Mozilla/5.0 (compatible; bingbot/2.0; +http://www.bing.com/bingbot.htm)"
65.55.210.217 - - [16/Mar/2013:18:05:33 +0100] "GET / HTTP/1.1" 200 4014 "-" "Mozilla/5.0 (Windows NT 6.1; WOW64) AppleWebKit/534+ (KHTML, like Gecko) BingPreview/1.0b"
202.46.53.31 - - [16/Mar/2013:18:05:48 +0100] "GET / HTTP/1.1" 200 4014 "-" "Mozilla/4.0 (compatible; MSIE 7.0; Windows NT 6.0)"
119.63.193.131 - - [16/Mar/2013:18:06:47 +0100] "GET / HTTP/1.1" 200 4014 "-" "Mozilla/4.0 (compatible; MSIE 7.0; Windows NT 6.0)"
46.119.122.97 - - [16/Mar/2013:18:11:44 +0100] "GET / HTTP/1.1" 200 4014 "http://avena.com.ua/" "Mozilla/4.0 (compatible; MSIE 6.0; Windows NT 5.1) Opera 7.54 [en]"
46.119.122.97 - - [16/Mar/2013:18:11:44 +0100] "GET / HTTP/1.1" 200 4014 "http://avena.com.ua/" "Mozilla/4.0 (compatible; MSIE 6.0; Windows NT 5.1) Opera 7.54 [en]"
46.119.122.97 - - [16/Mar/2013:18:11:44 +0100] "GET / HTTP/1.1" 200 4014 "http://avena.com.ua/" "Mozilla/4.0 (compatible; MSIE 6.0; Windows NT 5.1) Opera 7.54 [en]"
66.249.76.125 - - [16/Mar/2013:18:31:27 +0100] "GET /08.swf HTTP/1.1" 200 22102 "-" "Mozilla/5.0 (compatible; Googlebot/2.1; +http://www.google.com/bot.html)"
46.119.122.97 - - [16/Mar/2013:18:59:10 +0100] "GET / HTTP/1.1" 200 4014 "http://rumagic.com/" "Mozilla/4.0 (compatible; MSIE 6.0; Windows XP)"
46.119.122.97 - - [16/Mar/2013:18:59:11 +0100] "GET / HTTP/1.1" 200 4014 "http://rumagic.com/" "Mozilla/4.0 (compatible; MSIE 6.0; Windows XP)"
46.119.122.97 - - [16/Mar/2013:18:59:11 +0100] "GET / HTTP/1.1" 200 4014 "http://rumagic.com/" "Mozilla/4.0 (compatible; MSIE 6.0; Windows XP)"
66.249.78.134 - - [16/Mar/2013:21:29:11 +0100] "GET / HTTP/1.1" 200 4014 "-" "Mozilla/5.0 (compatible; Googlebot/2.1; +http://www.google.com/bot.html)"
193.106.136.53 - - [16/Mar/2013:21:41:26 +0100] "GET / HTTP/1.1" 200 4014 "http://www.odeialo.ru/" "Mozilla/4.0 (compatible; MSIE 6.0; Windows NT 5.0; Avant Browser [avantbrowser.com]; Hotbar 4.4.5.0)"
193.106.136.53 - - [16/Mar/2013:21:41:26 +0100] "GET / HTTP/1.1" 200 4014 "http://www.odeialo.ru/" "Mozilla/4.0 (compatible; MSIE 6.0; Windows NT 5.0; Avant Browser [avantbrowser.com]; Hotbar 4.4.5.0)"
91.207.6.34 - - [16/Mar/2013:23:19:21 +0100] "GET / HTTP/1.1" 200 4014 "http://www.prostitutki-rostova.org/" "Mozilla/4.0 (compatible; MSIE 6.0; Windows NT 5.1; SV1; Crazy Browser 2.0.0 Beta 1; .NET CLR 1.0.3705; .NET CLR 1.1.4322)"
91.207.6.34 - - [16/Mar/2013:23:19:22 +0100] "GET / HTTP/1.1" 200 4014 "http://www.prostitutki-rostova.org/" "Mozilla/4.0 (compatible; MSIE 6.0; Windows NT 5.1; SV1; Crazy Browser 2.0.0 Beta 1; .NET CLR 1.0.3705; .NET CLR 1.1.4322)"
91.207.6.34 - - [16/Mar/2013:23:19:22 +0100] "GET / HTTP/1.1" 200 4014 "http://www.prostitutki-rostova.org/" "Mozilla/4.0 (compatible; MSIE 6.0; Windows NT 5.1; SV1; Crazy Browser 2.0.0 Beta 1; .NET CLR 1.0.3705; .NET CLR 1.1.4322)"
66.249.78.134 - - [16/Mar/2013:23:20:31 +0100] "GET /09.html HTTP/1.1" 304 - "-" "Mozilla/5.0 (iPhone; U; CPU iPhone OS 4_1 like Mac OS X; en-us) AppleWebKit/532.9 (KHTML, like Gecko) Version/4.0.5 Mobile/8B117 Safari/6531.22.7 (compatible; Googlebot-Mobile/2.1; +http://www.google.com/bot.html)"
91.207.9.226 - - [16/Mar/2013:23:57:14 +0100] "GET / HTTP/1.1" 200 4014 "http://remont-mobile-phones.ru/" "Mozilla/2.0 (compatible; MSIE 3.02; Windows CE; 240x320)"
91.207.9.226 - - [16/Mar/2013:23:57:15 +0100] "GET / HTTP/1.1" 200 4014 "http://remont-mobile-phones.ru/" "Mozilla/2.0 (compatible; MSIE 3.02; Windows CE; 240x320)"
91.207.9.226 - - [16/Mar/2013:23:57:15 +0100] "GET / HTTP/1.1" 200 4014 "http://remont-mobile-phones.ru/" "Mozilla/2.0 (compatible; MSIE 3.02; Windows CE; 240x320)"
202.46.53.62 - - [17/Mar/2013:00:02:58 +0100] "GET / HTTP/1.1" 200 4014 "-" "Mozilla/4.0 (compatible; MSIE 7.0; Windows NT 6.0)"
119.63.193.195 - - [17/Mar/2013:00:03:52 +0100] "GET / HTTP/1.1" 200 4014 "-" "Mozilla/4.0 (compatible; MSIE 7.0; Windows NT 6.0)"
66.249.76.125 - - [17/Mar/2013:00:51:58 +0100] "GET /index.html HTTP/1.1" 200 4014 "-" "DoCoMo/2.0 N905i(c100;TB;W24H16) (compatible; Googlebot-Mobile/2.1; +http://www.google.com/bot.html)"
202.46.63.73 - - [17/Mar/2013:02:08:13 +0100] "GET / HTTP/1.1" 200 4014 "-" "Mozilla/4.0 (compatible; MSIE 7.0; Windows NT 6.0)"
119.63.193.195 - - [17/Mar/2013:02:09:17 +0100] "GET / HTTP/1.1" 200 4014 "-" "Mozilla/4.0 (compatible; MSIE 7.0; Windows NT 6.0)"
66.249.78.134 - - [17/Mar/2013:02:26:14 +0100] "GET /robots.txt HTTP/1.1" 404 1256 "-" "Mozilla/5.0 (compatible; Googlebot/2.1; +http://www.google.com/bot.html)"
66.249.78.134 - - [17/Mar/2013:02:26:14 +0100] "GET /06.swf HTTP/1.1" 200 18307 "-" "SAMSUNG-SGH-E250/1.0 Profile/MIDP-2.0 Configuration/CLDC-1.1 UP.Browser/6.2.3.3.c.1.101 (GUI) MMP/2.0 (compatible; Googlebot-Mobile/2.1; +http://www.google.com/bot.html)"
202.46.59.73 - - [17/Mar/2013:06:05:34 +0100] "GET / HTTP/1.1" 200 4014 "-" "Mozilla/4.0 (compatible; MSIE 7.0; Windows NT 6.0)"
119.63.193.131 - - [17/Mar/2013:06:06:32 +0100] "GET / HTTP/1.1" 200 4014 "-" "Mozilla/4.0 (compatible; MSIE 7.0; Windows NT 6.0)"
204.12.214.162 - - [17/Mar/2013:11:02:44 +0100] "GET /robots.txt HTTP/1.0" 404 1256 "-" "Mozilla/5.0 (compatible; MJ12bot/v1.4.3; http://www.majestic12.co.uk/bot.php?+)"
204.12.214.162 - - [17/Mar/2013:11:02:46 +0100] "GET / HTTP/1.0" 200 4014 "-" "Mozilla/5.0 (compatible; MJ12bot/v1.4.3; http://www.majestic12.co.uk/bot.php?+)"
157.56.92.146 - - [17/Mar/2013:11:24:57 +0100] "GET /robots.txt HTTP/1.1" 404 1256 "-" "Mozilla/5.0 (compatible; bingbot/2.0; +http://www.bing.com/bingbot.htm)"
157.56.92.146 - - [17/Mar/2013:11:26:44 +0100] "GET / HTTP/1.1" 200 4014 "-" "Mozilla/5.0 (compatible; bingbot/2.0; +http://www.bing.com/bingbot.htm)"
202.46.61.20 - - [17/Mar/2013:12:01:17 +0100] "GET / HTTP/1.1" 200 4014 "-" "Mozilla/4.0 (compatible; MSIE 7.0; Windows NT 6.0)"
119.63.193.131 - - [17/Mar/2013:12:02:07 +0100] "GET / HTTP/1.1" 200 4014 "-" "Mozilla/4.0 (compatible; MSIE 7.0; Windows NT 6.0)"
91.207.9.226 - - [17/Mar/2013:12:27:48 +0100] "GET / HTTP/1.1" 200 4014 "http://android-diamond.ru/" "Mozilla/4.0 (compatible; MSIE 5.5; Windows NT 5.0; .NET CLR 1.1.4322)"
91.207.9.226 - - [17/Mar/2013:12:27:48 +0100] "GET / HTTP/1.1" 200 4014 "http://android-diamond.ru/" "Mozilla/4.0 (compatible; MSIE 5.5; Windows NT 5.0; .NET CLR 1.1.4322)"
91.207.9.226 - - [17/Mar/2013:12:27:49 +0100] "GET / HTTP/1.1" 200 4014 "http://android-diamond.ru/" "Mozilla/4.0 (compatible; MSIE 5.5; Windows NT 5.0; .NET CLR 1.1.4322)"
202.46.51.45 - - [17/Mar/2013:14:07:40 +0100] "GET / HTTP/1.1" 200 4014 "-" "Mozilla/4.0 (compatible; MSIE 7.0; Windows NT 6.0)"
119.63.193.131 - - [17/Mar/2013:14:08:46 +0100] "GET / HTTP/1.1" 200 4014 "-" "Mozilla/4.0 (compatible; MSIE 7.0; Windows NT 6.0)"
91.207.4.186 - - [17/Mar/2013:14:29:23 +0100] "GET / HTTP/1.1" 200 4014 "http://co-travel.ru/" "Mozilla/4.0 (compatible; MSIE 6.0; Windows NT 5.0; Avant Browser [avantbrowser.com]; Hotbar 4.4.5.0)"
91.207.4.186 - - [17/Mar/2013:14:29:24 +0100] "GET / HTTP/1.1" 200 4014 "http://co-travel.ru/" "Mozilla/4.0 (compatible; MSIE 6.0; Windows NT 5.0; Avant Browser [avantbrowser.com]; Hotbar 4.4.5.0)"
91.207.4.186 - - [17/Mar/2013:14:29:24 +0100] "GET / HTTP/1.1" 200 4014 "http://co-travel.ru/" "Mozilla/4.0 (compatible; MSIE 6.0; Windows NT 5.0; Avant Browser [avantbrowser.com]; Hotbar 4.4.5.0)"
66.249.78.134 - - [17/Mar/2013:17:04:20 +0100] "GET /robots.txt HTTP/1.1" 404 1256 "-" "Mozilla/5.0 (compatible; Googlebot/2.1; +http://www.google.com/bot.html)"
66.249.78.134 - - [17/Mar/2013:17:04:20 +0100] "GET /09a.html HTTP/1.1" 304 - "-" "Mozilla/5.0 (iPhone; U; CPU iPhone OS 4_1 like Mac OS X; en-us) AppleWebKit/532.9 (KHTML, like Gecko) Version/4.0.5 Mobile/8B117 Safari/6531.22.7 (compatible; Googlebot-Mobile/2.1; +http://www.google.com/bot.html)"
202.46.60.65 - - [17/Mar/2013:18:05:48 +0100] "GET / HTTP/1.1" 200 4014 "-" "Mozilla/4.0 (compatible; MSIE 7.0; Windows NT 6.0)"
119.63.193.130 - - [17/Mar/2013:18:06:49 +0100] "GET / HTTP/1.1" 200 4014 "-" "Mozilla/4.0 (compatible; MSIE 7.0; Windows NT 6.0)"
46.119.122.97 - - [17/Mar/2013:18:29:39 +0100] "GET / HTTP/1.1" 200 4014 "http://creditui.ru/" "Mozilla/4.0 (compatible; MSIE 6.0; Windows XP)"
46.119.122.97 - - [17/Mar/2013:18:29:39 +0100] "GET / HTTP/1.1" 200 4014 "http://creditui.ru/" "Mozilla/4.0 (compatible; MSIE 6.0; Windows XP)"
46.119.122.97 - - [17/Mar/2013:18:29:40 +0100] "GET / HTTP/1.1" 200 4014 "http://creditui.ru/" "Mozilla/4.0 (compatible; MSIE 6.0; Windows XP)"
208.90.57.196 - - [17/Mar/2013:20:50:26 +0100] "GET / HTTP/1.1" 200 4014 "-" "Mozilla/5.0 (Macintosh; Intel Mac OS X 10.6; rv:2.0.1) Gecko/20100101 Firefox/4.0.1"
91.207.9.226 - - [17/Mar/2013:21:49:12 +0100] "GET / HTTP/1.1" 200 4014 "http://proficomp.net/" "Opera/9.01 (Windows NT 5.1; U; en)"
91.207.9.226 - - [17/Mar/2013:21:49:12 +0100] "GET / HTTP/1.1" 200 4014 "http://proficomp.net/" "Opera/9.01 (Windows NT 5.1; U; en)"
91.207.9.226 - - [17/Mar/2013:21:49:13 +0100] "GET / HTTP/1.1" 200 4014 "http://proficomp.net/" "Opera/9.01 (Windows NT 5.1; U; en)"
91.207.4.186 - - [17/Mar/2013:22:04:06 +0100] "GET / HTTP/1.1" 200 4014 "http://pro-recipe.ru/" "Mozilla/4.0 (compatible; MSIE 6.0; Windows NT 5.0; Avant Browser [avantbrowser.com]; Hotbar 4.4.5.0)"
91.207.4.186 - - [17/Mar/2013:22:04:07 +0100] "GET / HTTP/1.1" 200 4014 "http://pro-recipe.ru/" "Mozilla/4.0 (compatible; MSIE 6.0; Windows NT 5.0; Avant Browser [avantbrowser.com]; Hotbar 4.4.5.0)"
91.207.4.186 - - [17/Mar/2013:22:04:07 +0100] "GET / HTTP/1.1" 200 4014 "http://pro-recipe.ru/" "Mozilla/4.0 (compatible; MSIE 6.0; Windows NT 5.0; Avant Browser [avantbrowser.com]; Hotbar 4.4.5.0)"
202.46.56.43 - - [18/Mar/2013:00:03:50 +0100] "GET / HTTP/1.1" 200 4014 "-" "Mozilla/4.0 (compatible; MSIE 7.0; Windows NT 6.0)"
119.63.193.130 - - [18/Mar/2013:00:04:44 +0100] "GET / HTTP/1.1" 200 4014 "-" "Mozilla/4.0 (compatible; MSIE 7.0; Windows NT 6.0)"
193.106.136.56 - - [18/Mar/2013:02:28:59 +0100] "GET / HTTP/1.1" 200 4014 "http://www.mydoctor-ufa.ru/" "Mozilla/4.0 (compatible; MSIE 6.0; Windows NT 5.0; Avant Browser [avantbrowser.com]; Hotbar 4.4.5.0)"
193.106.136.56 - - [18/Mar/2013:02:29:00 +0100] "GET / HTTP/1.1" 200 4014 "http://www.mydoctor-ufa.ru/" "Mozilla/4.0 (compatible; MSIE 6.0; Windows NT 5.0; Avant Browser [avantbrowser.com]; Hotbar 4.4.5.0)"
141.8.147.12 - - [18/Mar/2013:03:10:51 +0100] "GET /robots.txt HTTP/1.1" 404 1256 "-" "Mozilla/5.0 (compatible; YandexBot/3.0; +http://yandex.com/bots)"
91.207.4.186 - - [18/Mar/2013:03:48:06 +0100] "GET / HTTP/1.1" 200 4014 "http://www.uasexphone.com/" "Mozilla/4.0 (compatible; MSIE 6.0; Windows NT 5.0; Avant Browser [avantbrowser.com]; Hotbar 4.4.5.0)"
91.207.4.186 - - [18/Mar/2013:03:48:07 +0100] "GET / HTTP/1.1" 200 4014 "http://www.uasexphone.com/" "Mozilla/4.0 (compatible; MSIE 6.0; Windows NT 5.0; Avant Browser [avantbrowser.com]; Hotbar 4.4.5.0)"
91.207.4.186 - - [18/Mar/2013:03:48:07 +0100] "GET / HTTP/1.1" 200 4014 "http://www.uasexphone.com/" "Mozilla/4.0 (compatible; MSIE 6.0; Windows NT 5.0; Avant Browser [avantbrowser.com]; Hotbar 4.4.5.0)"
66.249.78.134 - - [18/Mar/2013:03:52:16 +0100] "GET /03b.html HTTP/1.1" 200 2020 "-" "SAMSUNG-SGH-E250/1.0 Profile/MIDP-2.0 Configuration/CLDC-1.1 UP.Browser/6.2.3.3.c.1.101 (GUI) MMP/2.0 (compatible; Googlebot-Mobile/2.1; +http://www.google.com/bot.html)"
193.106.136.56 - - [18/Mar/2013:03:53:24 +0100] "GET / HTTP/1.1" 200 4014 "http://adtimes.ru/" "Mozilla/4.0 (compatible; MSIE 6.0; Windows NT 5.1; KKman2.0)"
193.106.136.56 - - [18/Mar/2013:03:53:25 +0100] "GET / HTTP/1.1" 200 4014 "http://adtimes.ru/" "Mozilla/4.0 (compatible; MSIE 6.0; Windows NT 5.1; KKman2.0)"
66.249.78.134 - - [18/Mar/2013:05:06:19 +0100] "GET /robots.txt HTTP/1.1" 404 1256 "-" "Mozilla/5.0 (compatible; Googlebot/2.1; +http://www.google.com/bot.html)"
66.249.78.134 - - [18/Mar/2013:05:06:19 +0100] "GET / HTTP/1.1" 200 4014 "-" "SAMSUNG-SGH-E250/1.0 Profile/MIDP-2.0 Configuration/CLDC-1.1 UP.Browser/6.2.3.3.c.1.101 (GUI) MMP/2.0 (compatible; Googlebot-Mobile/2.1; +http://www.google.com/bot.html)"
66.249.75.125 - - [18/Mar/2013:05:06:44 +0100] "GET / HTTP/1.1" 200 4014 "-" "DoCoMo/2.0 N905i(c100;TB;W24H16) (compatible; Googlebot-Mobile/2.1; +http://www.google.com/bot.html)"
66.249.75.125 - - [18/Mar/2013:06:04:20 +0100] "GET /03.html HTTP/1.1" 200 2012 "-" "DoCoMo/2.0 N905i(c100;TB;W24H16) (compatible; Googlebot-Mobile/2.1; +http://www.google.com/bot.html)"
202.46.57.67 - - [18/Mar/2013:06:05:45 +0100] "GET / HTTP/1.1" 200 4014 "-" "Mozilla/4.0 (compatible; MSIE 7.0; Windows NT 6.0)"
119.63.193.130 - - [18/Mar/2013:06:06:44 +0100] "GET / HTTP/1.1" 200 4014 "-" "Mozilla/4.0 (compatible; MSIE 7.0; Windows NT 6.0)"
95.113.60.192 - - [18/Mar/2013:06:56:26 +0100] "GET /03.html HTTP/1.1" 200 2012 "http://www.google.de/url?sa=t&rct=j&q=anja%20menzinger&source=web&cd=2&sqi=2&ved=0CDUQFjAB&url=http%3A%2F%2Fwww.dialyse-waldbronn.de%2F03.html&ei=6qtGUbO1IoqmtAahtIDwAw&usg=AFQjCNFQwcVMMbLcXV6pNWv1BpzXom4g7g&bvm=bv.43828540,d.Yms" "Mozilla/5.0 (compatible; MSIE 9.0; Windows NT 6.1; WOW64; Trident/5.0)"
95.113.60.192 - - [18/Mar/2013:06:56:26 +0100] "GET /AC_RunActiveContent.js HTTP/1.1" 200 8029 "http://www.dialyse-waldbronn.de/03.html" "Mozilla/5.0 (compatible; MSIE 9.0; Windows NT 6.1; WOW64; Trident/5.0)"
95.113.60.192 - - [18/Mar/2013:06:56:26 +0100] "GET /AC_RunActiveContent.js HTTP/1.1" 200 8029 "http://www.dialyse-waldbronn.de/03.html" "Mozilla/5.0 (compatible; MSIE 9.0; Windows NT 6.1; WOW64; Trident/5.0)"
95.113.60.192 - - [18/Mar/2013:06:56:27 +0100] "GET /03.swf HTTP/1.1" 200 79366 "http://www.dialyse-waldbronn.de/03.html" "Mozilla/5.0 (compatible; MSIE 9.0; Windows NT 6.1; WOW64; Trident/5.0)"
95.113.60.192 - - [18/Mar/2013:06:56:27 +0100] "GET /favicon.ico HTTP/1.1" 404 1256 "-" "Mozilla/5.0 (compatible; MSIE 9.0; Windows NT 6.1; WOW64; Trident/5.0)"
95.113.60.192 - - [18/Mar/2013:06:57:34 +0100] "GET /00themen00.html HTTP/1.1" 200 2236 "http://www.dialyse-waldbronn.de/03.swf" "Mozilla/5.0 (compatible; MSIE 9.0; Windows NT 6.1; WOW64; Trident/5.0)"
95.113.60.192 - - [18/Mar/2013:06:57:34 +0100] "GET /00themen00.swf HTTP/1.1" 200 12608 "http://www.dialyse-waldbronn.de/00themen00.html" "Mozilla/5.0 (compatible; MSIE 9.0; Windows NT 6.1; WOW64; Trident/5.0)"
95.113.60.192 - - [18/Mar/2013:06:57:35 +0100] "GET /favicon.ico HTTP/1.1" 404 1256 "-" "Mozilla/5.0 (compatible; MSIE 9.0; Windows NT 6.1; WOW64; Trident/5.0)"
95.113.60.192 - - [18/Mar/2013:06:57:43 +0100] "GET /01.html HTTP/1.1" 200 1988 "http://www.dialyse-waldbronn.de/00themen00.swf" "Mozilla/5.0 (compatible; MSIE 9.0; Windows NT 6.1; WOW64; Trident/5.0)"
95.113.60.192 - - [18/Mar/2013:06:57:43 +0100] "GET /01.swf HTTP/1.1" 200 36918 "http://www.dialyse-waldbronn.de/01.html" "Mozilla/5.0 (compatible; MSIE 9.0; Windows NT 6.1; WOW64; Trident/5.0)"
141.8.147.12 - - [18/Mar/2013:07:04:08 +0100] "GET /index.html HTTP/1.1" 200 4014 "-" "Mozilla/5.0 (compatible; YandexBot/3.0; +http://yandex.com/bots)"
92.249.127.111 - - [18/Mar/2013:09:19:33 +0100] "GET / HTTP/1.1" 200 4014 "http://gilina.ru/" "Mozilla/5.0 (compatible; news bot /2.1)"
92.249.127.111 - - [18/Mar/2013:09:19:33 +0100] "GET / HTTP/1.1" 200 4014 "http://gilina.ru/" "Mozilla/5.0 (compatible; news bot /2.1)"
92.249.127.111 - - [18/Mar/2013:09:19:33 +0100] "GET / HTTP/1.1" 200 4014 "http://gilina.ru/" "Mozilla/5.0 (compatible; news bot /2.1)"
91.207.6.34 - - [18/Mar/2013:10:01:37 +0100] "GET / HTTP/1.1" 200 4014 "http://www.prostitutki-kharkova.org/" "Mozilla/4.0 (compatible; MSIE 6.0; Windows NT 5.1; ru) Opera 8.01"
91.207.6.34 - - [18/Mar/2013:10:01:38 +0100] "GET / HTTP/1.1" 200 4014 "http://www.prostitutki-kharkova.org/" "Mozilla/4.0 (compatible; MSIE 6.0; Windows NT 5.1; ru) Opera 8.01"
91.207.6.34 - - [18/Mar/2013:10:01:38 +0100] "GET / HTTP/1.1" 200 4014 "http://www.prostitutki-kharkova.org/" "Mozilla/4.0 (compatible; MSIE 6.0; Windows NT 5.1; ru) Opera 8.01"
141.8.147.12 - - [18/Mar/2013:11:00:59 +0100] "GET / HTTP/1.1" 200 4014 "-" "Mozilla/5.0 (compatible; YandexBot/3.0; +http://yandex.com/bots)"
141.8.147.12 - - [18/Mar/2013:11:03:20 +0100] "GET /00themen00.swf HTTP/1.1" 200 12608 "-" "Mozilla/5.0 (compatible; YandexBot/3.0; +http://yandex.com/bots)"
141.8.147.12 - - [18/Mar/2013:11:03:23 +0100] "GET /index.swf HTTP/1.1" 200 8893 "-" "Mozilla/5.0 (compatible; YandexBot/3.0; +http://yandex.com/bots)"
202.46.52.22 - - [18/Mar/2013:12:02:30 +0100] "GET / HTTP/1.1" 200 4014 "-" "Mozilla/4.0 (compatible; MSIE 7.0; Windows NT 6.0)"
119.63.193.195 - - [18/Mar/2013:12:03:23 +0100] "GET / HTTP/1.1" 200 4014 "-" "Mozilla/4.0 (compatible; MSIE 7.0; Windows NT 6.0)"
91.207.4.186 - - [18/Mar/2013:12:33:00 +0100] "GET / HTTP/1.1" 200 4014 "http://saascenter.ru/" "Mozilla/4.0 (compatible; MSIE 6.0; Windows NT 5.0; Avant Browser [avantbrowser.com]; Hotbar 4.4.5.0)"
91.207.4.186 - - [18/Mar/2013:12:33:00 +0100] "GET / HTTP/1.1" 200 4014 "http://saascenter.ru/" "Mozilla/4.0 (compatible; MSIE 6.0; Windows NT 5.0; Avant Browser [avantbrowser.com]; Hotbar 4.4.5.0)"
91.207.4.186 - - [18/Mar/2013:12:33:01 +0100] "GET / HTTP/1.1" 200 4014 "http://saascenter.ru/" "Mozilla/4.0 (compatible; MSIE 6.0; Windows NT 5.0; Avant Browser [avantbrowser.com]; Hotbar 4.4.5.0)"
66.249.78.134 - - [18/Mar/2013:14:25:21 +0100] "GET / HTTP/1.1" 200 4014 "-" "Mozilla/5.0 (compatible; Googlebot/2.1; +http://www.google.com/bot.html)"
188.98.75.60 - - [18/Mar/2013:16:05:10 +0100] "GET / HTTP/1.1" 200 4014 "-" "Mozilla/5.0 (Macintosh; Intel Mac OS X 10_6_8) AppleWebKit/534.57.2 (KHTML, like Gecko) Version/5.1.7 Safari/534.57.2"
66.249.75.125 - - [18/Mar/2013:16:06:28 +0100] "GET /03.swf HTTP/1.1" 200 79366 "-" "Mozilla/5.0 (compatible; Googlebot/2.1; +http://www.google.com/bot.html)"
66.249.75.125 - - [18/Mar/2013:16:17:04 +0100] "GET /04waldbronn.html HTTP/1.1" 304 - "-" "Mozilla/5.0 (compatible; Googlebot/2.1; +http://www.google.com/bot.html)"
202.46.63.42 - - [18/Mar/2013:18:05:35 +0100] "GET / HTTP/1.1" 200 4014 "-" "Mozilla/4.0 (compatible; MSIE 7.0; Windows NT 6.0)"
119.63.193.196 - - [18/Mar/2013:18:06:32 +0100] "GET / HTTP/1.1" 200 4014 "-" "Mozilla/4.0 (compatible; MSIE 7.0; Windows NT 6.0)"
66.249.75.125 - - [18/Mar/2013:18:16:56 +0100] "GET /robots.txt HTTP/1.1" 404 1256 "-" "Mozilla/5.0 (compatible; Googlebot/2.1; +http://www.google.com/bot.html)"
66.249.75.125 - - [18/Mar/2013:18:16:56 +0100] "GET / HTTP/1.1" 200 4014 "-" "Mozilla/5.0 (iPhone; U; CPU iPhone OS 4_1 like Mac OS X; en-us) AppleWebKit/532.9 (KHTML, like Gecko) Version/4.0.5 Mobile/8B117 Safari/6531.22.7 (compatible; Googlebot-Mobile/2.1; +http://www.google.com/bot.html)"
46.119.122.97 - - [18/Mar/2013:18:17:36 +0100] "GET / HTTP/1.1" 200 4014 "http://dorfi.ru/" "Mozilla/4.0 (compatible; MSIE 6.0; Windows XP)"
46.119.122.97 - - [18/Mar/2013:18:17:36 +0100] "GET / HTTP/1.1" 200 4014 "http://dorfi.ru/" "Mozilla/4.0 (compatible; MSIE 6.0; Windows XP)"
46.119.122.97 - - [18/Mar/2013:18:17:37 +0100] "GET / HTTP/1.1" 200 4014 "http://dorfi.ru/" "Mozilla/4.0 (compatible; MSIE 6.0; Windows XP)"
91.45.160.66 - - [18/Mar/2013:18:20:26 +0100] "GET /09a.html HTTP/1.1" 200 2065 "http://www.google.de/url?sa=t&rct=j&q=&esrc=s&source=web&cd=3&ved=0CEIQFjAC&url=http%3A%2F%2Fwww.dialyse-waldbronn.de%2F09a.html&ei=6UtHUeCbHeeG4gTa6YCgAg&usg=AFQjCNG6uMrHKx5duZ5AcMzcLXwByavrQg&bvm=bv.43828540,d.bGE" "Mozilla/5.0 (Windows NT 6.0; WOW64; rv:19.0) Gecko/20100101 Firefox/19.0"
91.45.160.66 - - [18/Mar/2013:18:20:26 +0100] "GET /AC_RunActiveContent.js HTTP/1.1" 200 8029 "http://www.dialyse-waldbronn.de/09a.html" "Mozilla/5.0 (Windows NT 6.0; WOW64; rv:19.0) Gecko/20100101 Firefox/19.0"
91.45.160.66 - - [18/Mar/2013:18:20:27 +0100] "GET /09a.swf HTTP/1.1" 200 19689 "http://www.dialyse-waldbronn.de/09a.html" "Mozilla/5.0 (Windows NT 6.0; WOW64; rv:19.0) Gecko/20100101 Firefox/19.0"
91.45.160.66 - - [18/Mar/2013:18:20:27 +0100] "GET /favicon.ico HTTP/1.1" 404 1256 "-" "Mozilla/5.0 (Windows NT 6.0; WOW64; rv:19.0) Gecko/20100101 Firefox/19.0"
91.45.160.66 - - [18/Mar/2013:18:20:55 +0100] "GET /00themen00.html HTTP/1.1" 200 2236 "http://www.dialyse-waldbronn.de/09a.html" "Mozilla/5.0 (Windows NT 6.0; WOW64; rv:19.0) Gecko/20100101 Firefox/19.0"
91.45.160.66 - - [18/Mar/2013:18:20:55 +0100] "GET /00themen00.swf HTTP/1.1" 200 12608 "http://www.dialyse-waldbronn.de/00themen00.html" "Mozilla/5.0 (Windows NT 6.0; WOW64; rv:19.0) Gecko/20100101 Firefox/19.0"
91.45.160.66 - - [18/Mar/2013:18:21:02 +0100] "GET /01.html HTTP/1.1" 200 1988 "http://www.dialyse-waldbronn.de/00themen00.html" "Mozilla/5.0 (Windows NT 6.0; WOW64; rv:19.0) Gecko/20100101 Firefox/19.0"
91.45.160.66 - - [18/Mar/2013:18:21:02 +0100] "GET /01.swf HTTP/1.1" 200 36918 "http://www.dialyse-waldbronn.de/01.html" "Mozilla/5.0 (Windows NT 6.0; WOW64; rv:19.0) Gecko/20100101 Firefox/19.0"
91.45.160.66 - - [18/Mar/2013:18:21:18 +0100] "GET /03.html HTTP/1.1" 200 2012 "http://www.dialyse-waldbronn.de/00themen00.html" "Mozilla/5.0 (Windows NT 6.0; WOW64; rv:19.0) Gecko/20100101 Firefox/19.0"
91.45.160.66 - - [18/Mar/2013:18:21:19 +0100] "GET /03.swf HTTP/1.1" 200 79366 "http://www.dialyse-waldbronn.de/03.html" "Mozilla/5.0 (Windows NT 6.0; WOW64; rv:19.0) Gecko/20100101 Firefox/19.0"
91.45.160.66 - - [18/Mar/2013:18:21:50 +0100] "GET /03b.html HTTP/1.1" 200 2020 "http://www.dialyse-waldbronn.de/03.html" "Mozilla/5.0 (Windows NT 6.0; WOW64; rv:19.0) Gecko/20100101 Firefox/19.0"
91.45.160.66 - - [18/Mar/2013:18:21:50 +0100] "GET /03b.swf HTTP/1.1" 200 198225 "http://www.dialyse-waldbronn.de/03b.html" "Mozilla/5.0 (Windows NT 6.0; WOW64; rv:19.0) Gecko/20100101 Firefox/19.0"
91.45.160.66 - - [18/Mar/2013:18:22:36 +0100] "GET /04.html HTTP/1.1" 200 1988 "http://www.dialyse-waldbronn.de/00themen00.html" "Mozilla/5.0 (Windows NT 6.0; WOW64; rv:19.0) Gecko/20100101 Firefox/19.0"
91.45.160.66 - - [18/Mar/2013:18:22:36 +0100] "GET /04.swf HTTP/1.1" 200 20526 "http://www.dialyse-waldbronn.de/04.html" "Mozilla/5.0 (Windows NT 6.0; WOW64; rv:19.0) Gecko/20100101 Firefox/19.0"
91.45.160.66 - - [18/Mar/2013:18:23:50 +0100] "GET /06.html HTTP/1.1" 200 1988 "http://www.dialyse-waldbronn.de/00themen00.html" "Mozilla/5.0 (Windows NT 6.0; WOW64; rv:19.0) Gecko/20100101 Firefox/19.0"
91.45.160.66 - - [18/Mar/2013:18:23:51 +0100] "GET /06.swf HTTP/1.1" 200 18307 "http://www.dialyse-waldbronn.de/06.html" "Mozilla/5.0 (Windows NT 6.0; WOW64; rv:19.0) Gecko/20100101 Firefox/19.0"
91.45.160.66 - - [18/Mar/2013:18:24:09 +0100] "GET /07.html HTTP/1.1" 200 2372 "http://www.dialyse-waldbronn.de/00themen00.html" "Mozilla/5.0 (Windows NT 6.0; WOW64; rv:19.0) Gecko/20100101 Firefox/19.0"
91.45.160.66 - - [18/Mar/2013:18:24:10 +0100] "GET /07.swf HTTP/1.1" 200 22237 "http://www.dialyse-waldbronn.de/07.html" "Mozilla/5.0 (Windows NT 6.0; WOW64; rv:19.0) Gecko/20100101 Firefox/19.0"
91.45.160.66 - - [18/Mar/2013:18:24:23 +0100] "GET /08.html HTTP/1.1" 200 2068 "http://www.dialyse-waldbronn.de/00themen00.html" "Mozilla/5.0 (Windows NT 6.0; WOW64; rv:19.0) Gecko/20100101 Firefox/19.0"
91.45.160.66 - - [18/Mar/2013:18:24:24 +0100] "GET /08.swf HTTP/1.1" 200 22102 "http://www.dialyse-waldbronn.de/08.html" "Mozilla/5.0 (Windows NT 6.0; WOW64; rv:19.0) Gecko/20100101 Firefox/19.0"
91.45.160.66 - - [18/Mar/2013:18:25:30 +0100] "GET /09.html HTTP/1.1" 200 2140 "http://www.dialyse-waldbronn.de/00themen00.html" "Mozilla/5.0 (Windows NT 6.0; WOW64; rv:19.0) Gecko/20100101 Firefox/19.0"
91.45.160.66 - - [18/Mar/2013:18:25:31 +0100] "GET /09.swf HTTP/1.1" 200 23193 "http://www.dialyse-waldbronn.de/09.html" "Mozilla/5.0 (Windows NT 6.0; WOW64; rv:19.0) Gecko/20100101 Firefox/19.0"
202.46.48.25 - - [18/Mar/2013:20:09:01 +0100] "GET / HTTP/1.1" 200 4014 "-" "Mozilla/4.0 (compatible; MSIE 7.0; Windows NT 6.0)"
119.63.193.132 - - [18/Mar/2013:20:10:07 +0100] "GET / HTTP/1.1" 200 4014 "-" "Mozilla/4.0 (compatible; MSIE 7.0; Windows NT 6.0)"
46.119.122.97 - - [18/Mar/2013:22:19:06 +0100] "GET / HTTP/1.1" 200 4014 "http://oneweb.ru/" "Mozilla/4.0 (compatible; MSIE 6.0; Windows XP)"
46.119.122.97 - - [18/Mar/2013:22:19:06 +0100] "GET / HTTP/1.1" 200 4014 "http://multpult.ru/" "Mozilla/4.0 (compatible; MSIE 6.0; Windows XP)"
46.119.122.97 - - [18/Mar/2013:22:19:07 +0100] "GET / HTTP/1.1" 200 4014 "http://oneweb.ru/" "Mozilla/4.0 (compatible; MSIE 6.0; Windows XP)"
46.119.122.97 - - [18/Mar/2013:22:19:07 +0100] "GET / HTTP/1.1" 200 4014 "http://oneweb.ru/" "Mozilla/4.0 (compatible; MSIE 6.0; Windows XP)"
46.119.122.97 - - [18/Mar/2013:22:19:07 +0100] "GET / HTTP/1.1" 200 4014 "http://multpult.ru/" "Mozilla/4.0 (compatible; MSIE 6.0; Windows XP)"
46.119.122.97 - - [18/Mar/2013:22:19:08 +0100] "GET / HTTP/1.1" 200 4014 "http://multpult.ru/" "Mozilla/4.0 (compatible; MSIE 6.0; Windows XP)"
91.207.6.34 - - [18/Mar/2013:22:35:06 +0100] "GET / HTTP/1.1" 200 4014 "http://www.prostitutki-tolyatti.org/" "Mozilla/4.0 (compatible; MSIE 6.0; Windows NT 5.1; ru) Opera 8.01"
91.207.6.34 - - [18/Mar/2013:22:35:06 +0100] "GET / HTTP/1.1" 200 4014 "http://www.prostitutki-tolyatti.org/" "Mozilla/4.0 (compatible; MSIE 6.0; Windows NT 5.1; ru) Opera 8.01"
91.207.6.34 - - [18/Mar/2013:22:35:07 +0100] "GET / HTTP/1.1" 200 4014 "http://www.prostitutki-tolyatti.org/" "Mozilla/4.0 (compatible; MSIE 6.0; Windows NT 5.1; ru) Opera 8.01"
91.207.9.226 - - [18/Mar/2013:22:52:07 +0100] "GET / HTTP/1.1" 200 4014 "http://androidep.ru/" "Mozilla/4.0 (compatible; MSIE 5.5; Windows NT 4.0)"
91.207.9.226 - - [18/Mar/2013:22:52:08 +0100] "GET / HTTP/1.1" 200 4014 "http://androidep.ru/" "Mozilla/4.0 (compatible; MSIE 5.5; Windows NT 4.0)"
91.207.9.226 - - [18/Mar/2013:22:52:08 +0100] "GET / HTTP/1.1" 200 4014 "http://androidep.ru/" "Mozilla/4.0 (compatible; MSIE 5.5; Windows NT 4.0)"
