91.207.4.186 - - [07/Mar/2013:23:24:26 +0100] "GET / HTTP/1.1" 200 4014 "http://intimhot.ru/" "Mozilla/4.0 (compatible; MSIE 6.0; Windows NT 5.1; SV1; .NET CLR 1.1.4322; XMPP Tiscali Communicator v.10.0.2; .NET CLR 2.0.50727)"
91.207.4.186 - - [07/Mar/2013:23:24:27 +0100] "GET / HTTP/1.1" 200 4014 "http://intimhot.ru/" "Mozilla/4.0 (compatible; MSIE 6.0; Windows NT 5.1; SV1; .NET CLR 1.1.4322; XMPP Tiscali Communicator v.10.0.2; .NET CLR 2.0.50727)"
91.207.4.186 - - [07/Mar/2013:23:24:27 +0100] "GET / HTTP/1.1" 200 4014 "http://intimhot.ru/" "Mozilla/4.0 (compatible; MSIE 6.0; Windows NT 5.1; SV1; .NET CLR 1.1.4322; XMPP Tiscali Communicator v.10.0.2; .NET CLR 2.0.50727)"
193.106.136.33 - - [08/Mar/2013:00:02:19 +0100] "GET / HTTP/1.1" 200 4014 "http://terabita.by/" "Mozilla/4.0 (compatible; MSIE 6.0; Windows NT 5.1; SV1; FunWebProducts; .NET CLR 1.1.4322; PeoplePal 6.2)"
193.106.136.33 - - [08/Mar/2013:00:02:19 +0100] "GET / HTTP/1.1" 200 4014 "http://terabita.by/" "Mozilla/4.0 (compatible; MSIE 6.0; Windows NT 5.1; SV1; FunWebProducts; .NET CLR 1.1.4322; PeoplePal 6.2)"
202.46.62.25 - - [08/Mar/2013:00:03:58 +0100] "GET / HTTP/1.1" 200 4014 "-" "Mozilla/4.0 (compatible; MSIE 7.0; Windows NT 6.0)"
119.63.193.195 - - [08/Mar/2013:00:04:52 +0100] "GET / HTTP/1.1" 200 4014 "-" "Mozilla/4.0 (compatible; MSIE 7.0; Windows NT 6.0)"
188.98.67.227 - - [08/Mar/2013:00:06:37 +0100] "GET / HTTP/1.1" 200 4014 "-" "Mozilla/5.0 (Macintosh; Intel Mac OS X 10_6_8) AppleWebKit/534.57.2 (KHTML, like Gecko) Version/5.1.7 Safari/534.57.2"
188.98.67.227 - - [08/Mar/2013:00:06:37 +0100] "GET /back.jpg HTTP/1.1" 404 1256 "http://www.dialyse-waldbronn.de/" "Mozilla/5.0 (Macintosh; Intel Mac OS X 10_6_8) AppleWebKit/534.57.2 (KHTML, like Gecko) Version/5.1.7 Safari/534.57.2"
178.137.92.96 - - [08/Mar/2013:00:07:47 +0100] "GET / HTTP/1.1" 200 4014 "http://fengshuiworld.ru/" "Mozilla/1.22 (compatible; MSIE 2.0; Windows 95)"
178.137.92.96 - - [08/Mar/2013:00:07:48 +0100] "GET / HTTP/1.1" 200 4014 "http://fengshuiworld.ru/" "Mozilla/1.22 (compatible; MSIE 2.0; Windows 95)"
178.137.92.96 - - [08/Mar/2013:00:07:51 +0100] "GET / HTTP/1.1" 200 4014 "http://fengshuiworld.ru/" "Mozilla/1.22 (compatible; MSIE 2.0; Windows 95)"
91.207.4.186 - - [08/Mar/2013:00:41:20 +0100] "GET / HTTP/1.1" 200 4014 "http://regimena.ru/" "Mozilla/4.0 (compatible; MSIE 6.0; Windows NT 5.0; T312461)"
91.207.4.186 - - [08/Mar/2013:00:41:20 +0100] "GET / HTTP/1.1" 200 4014 "http://regimena.ru/" "Mozilla/4.0 (compatible; MSIE 6.0; Windows NT 5.0; T312461)"
91.207.4.186 - - [08/Mar/2013:00:41:21 +0100] "GET / HTTP/1.1" 200 4014 "http://regimena.ru/" "Mozilla/4.0 (compatible; MSIE 6.0; Windows NT 5.0; T312461)"
109.120.157.179 - - [08/Mar/2013:01:20:48 +0100] "GET / HTTP/1.1" 200 4014 "http://www.konsalter.ru/" "Mozilla/5.0 (compatible; Add Catalog/2.1;)"
109.120.157.179 - - [08/Mar/2013:01:20:49 +0100] "GET / HTTP/1.1" 200 4014 "http://www.konsalter.ru/" "Mozilla/5.0 (compatible; Add Catalog/2.1;)"
66.249.76.134 - - [08/Mar/2013:03:15:58 +0100] "GET /robots.txt HTTP/1.1" 404 1256 "-" "Mozilla/5.0 (compatible; Googlebot/2.1; +http://www.google.com/bot.html)"
66.249.76.134 - - [08/Mar/2013:03:15:58 +0100] "GET /00themen00.swf HTTP/1.1" 200 12608 "-" "DoCoMo/2.0 N905i(c100;TB;W24H16) (compatible; Googlebot-Mobile/2.1; +http://www.google.com/bot.html)"
83.133.125.202 - - [08/Mar/2013:05:47:28 +0100] "GET / HTTP/1.1" 200 4014 "http://www.sumaja.de/?such_wert=dialyse" "Mozilla/4.0 (compatible; MSIE 7.0; Windows NT 6.0; GTB6; SLCC1; .NET CLR 2.0.50727; Media Center PC 5.0; eSobiSubscriber 2.0.4.16; .NET CLR 3.5.30729; .NET CLR 3.0.30729; .NET4.0C)"
202.46.62.24 - - [08/Mar/2013:06:06:06 +0100] "GET / HTTP/1.1" 200 4014 "-" "Mozilla/4.0 (compatible; MSIE 7.0; Windows NT 6.0)"
119.63.193.130 - - [08/Mar/2013:06:07:06 +0100] "GET / HTTP/1.1" 200 4014 "-" "Mozilla/4.0 (compatible; MSIE 7.0; Windows NT 6.0)"
66.249.76.125 - - [08/Mar/2013:06:35:28 +0100] "GET / HTTP/1.1" 200 4014 "-" "DoCoMo/2.0 N905i(c100;TB;W24H16) (compatible; Googlebot-Mobile/2.1; +http://www.google.com/bot.html)"
66.249.76.125 - - [08/Mar/2013:06:40:27 +0100] "GET / HTTP/1.1" 200 4014 "-" "SAMSUNG-SGH-E250/1.0 Profile/MIDP-2.0 Configuration/CLDC-1.1 UP.Browser/6.2.3.3.c.1.101 (GUI) MMP/2.0 (compatible; Googlebot-Mobile/2.1; +http://www.google.com/bot.html)"
92.249.127.111 - - [08/Mar/2013:07:24:48 +0100] "GET / HTTP/1.1" 200 4014 "http://gilina.ru/" "Mozilla/5.0 (compatible; news bot /2.1)"
92.249.127.111 - - [08/Mar/2013:07:24:48 +0100] "GET / HTTP/1.1" 200 4014 "http://gilina.ru/" "Mozilla/5.0 (compatible; news bot /2.1)"
92.249.127.111 - - [08/Mar/2013:07:24:48 +0100] "GET / HTTP/1.1" 200 4014 "http://gilina.ru/" "Mozilla/5.0 (compatible; news bot /2.1)"
202.46.54.34 - - [08/Mar/2013:12:03:16 +0100] "GET / HTTP/1.1" 200 4014 "-" "Mozilla/4.0 (compatible; MSIE 7.0; Windows NT 6.0)"
119.63.193.130 - - [08/Mar/2013:12:04:12 +0100] "GET / HTTP/1.1" 200 4014 "-" "Mozilla/4.0 (compatible; MSIE 7.0; Windows NT 6.0)"
217.91.150.46 - - [08/Mar/2013:12:34:10 +0100] "GET / HTTP/1.1" 200 4014 "http://www.google.de/url?sa=t&rct=j&q=&esrc=s&frm=1&source=web&cd=1&ved=0CDYQFjAA&url=http%3A%2F%2Fwww.dialyse-waldbronn.de%2F&ei=bsw5UaTdDomWtQb3iYCYDg&usg=AFQjCNHEX_ZQroPS8hwDzjOxqVHmV6iDWw&sig2=OB76xICWTbDnKbA752JmqA&bvm=bv.43287494,d.Yms" "Mozilla/4.0 (compatible; MSIE 8.0; Windows NT 5.1; Trident/4.0; .NET CLR 1.1.4322; .NET CLR 2.0.50727; .NET CLR 3.0.4506.2152; .NET CLR 3.5.30729; .NET4.0C; OfficeLiveConnector.1.5; OfficeLivePatch.1.3; MS-RTC LM 8)"
217.91.150.46 - - [08/Mar/2013:12:34:10 +0100] "GET /back.jpg HTTP/1.1" 404 1256 "http://www.dialyse-waldbronn.de/" "Mozilla/4.0 (compatible; MSIE 8.0; Windows NT 5.1; Trident/4.0; .NET CLR 1.1.4322; .NET CLR 2.0.50727; .NET CLR 3.0.4506.2152; .NET CLR 3.5.30729; .NET4.0C; OfficeLiveConnector.1.5; OfficeLivePatch.1.3; MS-RTC LM 8)"
217.91.150.46 - - [08/Mar/2013:12:34:10 +0100] "GET /index.swf HTTP/1.1" 200 8893 "-" "contype"
217.91.150.46 - - [08/Mar/2013:12:34:10 +0100] "GET /index.swf HTTP/1.1" 200 8893 "http://www.dialyse-waldbronn.de/" "Mozilla/4.0 (compatible; MSIE 8.0; Windows NT 5.1; Trident/4.0; .NET CLR 1.1.4322; .NET CLR 2.0.50727; .NET CLR 3.0.4506.2152; .NET CLR 3.5.30729; .NET4.0C; OfficeLiveConnector.1.5; OfficeLivePatch.1.3; MS-RTC LM 8)"
217.91.150.46 - - [08/Mar/2013:12:34:10 +0100] "GET /favicon.ico HTTP/1.1" 404 1256 "-" "Mozilla/4.0 (compatible; MSIE 8.0; Windows NT 5.1; Trident/4.0; .NET CLR 1.1.4322; .NET CLR 2.0.50727; .NET CLR 3.0.4506.2152; .NET CLR 3.5.30729; .NET4.0C; OfficeLiveConnector.1.5; OfficeLivePatch.1.3; MS-RTC LM 8)"
188.98.67.227 - - [08/Mar/2013:16:03:18 +0100] "GET / HTTP/1.1" 200 4014 "-" "Mozilla/5.0 (Macintosh; Intel Mac OS X 10_6_8) AppleWebKit/534.57.2 (KHTML, like Gecko) Version/5.1.7 Safari/534.57.2"
94.153.64.117 - - [08/Mar/2013:16:38:41 +0100] "GET / HTTP/1.1" 200 4014 "http://en.mylandsgame.info/" "Opera/9.0 (Windows NT 5.1; U; en)"
94.153.64.117 - - [08/Mar/2013:16:38:41 +0100] "GET / HTTP/1.1" 200 4014 "http://en.mylandsgame.info/" "Opera/9.0 (Windows NT 5.1; U; en)"
94.153.64.117 - - [08/Mar/2013:16:38:42 +0100] "GET / HTTP/1.1" 200 4014 "http://en.mylandsgame.info/" "Opera/9.0 (Windows NT 5.1; U; en)"
202.46.62.26 - - [08/Mar/2013:18:06:33 +0100] "GET / HTTP/1.1" 200 4014 "-" "Mozilla/4.0 (compatible; MSIE 7.0; Windows NT 6.0)"
119.63.193.130 - - [08/Mar/2013:18:07:33 +0100] "GET / HTTP/1.1" 200 4014 "-" "Mozilla/4.0 (compatible; MSIE 7.0; Windows NT 6.0)"
66.249.76.125 - - [08/Mar/2013:18:54:20 +0100] "GET /robots.txt HTTP/1.1" 404 1256 "-" "Mozilla/5.0 (compatible; Googlebot/2.1; +http://www.google.com/bot.html)"
66.249.76.125 - - [08/Mar/2013:18:54:21 +0100] "GET / HTTP/1.1" 304 - "-" "Mozilla/5.0 (compatible; Googlebot/2.1; +http://www.google.com/bot.html)"
77.170.249.121 - - [08/Mar/2013:21:58:57 +0100] "GET / HTTP/1.1" 200 4014 "-" "Java/1.6.0_31"
77.170.249.121 - - [08/Mar/2013:21:58:57 +0100] "GET /'+fc_protocol+'://www.flash-counter.com/scripts/counter.js HTTP/1.1" 404 1256 "-" "Java/1.6.0_31"
66.249.76.125 - - [08/Mar/2013:23:09:09 +0100] "GET / HTTP/1.1" 200 4014 "-" "Mozilla/5.0 (iPhone; U; CPU iPhone OS 4_1 like Mac OS X; en-us) AppleWebKit/532.9 (KHTML, like Gecko) Version/4.0.5 Mobile/8B117 Safari/6531.22.7 (compatible; Googlebot-Mobile/2.1; +http://www.google.com/bot.html)"
178.137.92.96 - - [08/Mar/2013:23:46:38 +0100] "GET / HTTP/1.1" 200 4014 "http://zalezt.ru/" "Mozilla/4.0 (compatible; MSIE 6.0; Windows XP)"
178.137.92.96 - - [08/Mar/2013:23:46:39 +0100] "GET / HTTP/1.1" 200 4014 "http://zalezt.ru/" "Mozilla/4.0 (compatible; MSIE 6.0; Windows XP)"
178.137.92.96 - - [08/Mar/2013:23:46:39 +0100] "GET / HTTP/1.1" 200 4014 "http://zalezt.ru/" "Mozilla/4.0 (compatible; MSIE 6.0; Windows XP)"
23.23.41.194 - - [09/Mar/2013:00:03:30 +0100] "GET / HTTP/1.0" 200 4014 "-" "Mozilla/5.0 (compatible; NetcraftSurveyAgent/1.0; +info@netcraft.com)"
202.46.54.48 - - [09/Mar/2013:00:03:38 +0100] "GET / HTTP/1.1" 200 4014 "-" "Mozilla/4.0 (compatible; MSIE 7.0; Windows NT 6.0)"
119.63.193.196 - - [09/Mar/2013:00:04:33 +0100] "GET / HTTP/1.1" 200 4014 "-" "Mozilla/4.0 (compatible; MSIE 7.0; Windows NT 6.0)"
83.133.125.202 - - [09/Mar/2013:00:04:53 +0100] "GET / HTTP/1.1" 200 4014 "http://www.bigfinder.de/home-11.html" "Mozilla/5.0 (Windows; U; Windows NT 6.0; en-US) AppleWebKit/533.4 (KHTML, like Gecko) Chrome/5.0.375.126 Safari/533.4"
202.46.59.74 - - [09/Mar/2013:02:09:44 +0100] "GET / HTTP/1.1" 200 4014 "-" "Mozilla/4.0 (compatible; MSIE 7.0; Windows NT 6.0)"
119.63.193.130 - - [09/Mar/2013:02:10:52 +0100] "GET / HTTP/1.1" 200 4014 "-" "Mozilla/4.0 (compatible; MSIE 7.0; Windows NT 6.0)"
66.249.76.125 - - [09/Mar/2013:02:40:55 +0100] "GET /index.html HTTP/1.1" 200 4014 "-" "SAMSUNG-SGH-E250/1.0 Profile/MIDP-2.0 Configuration/CLDC-1.1 UP.Browser/6.2.3.3.c.1.101 (GUI) MMP/2.0 (compatible; Googlebot-Mobile/2.1; +http://www.google.com/bot.html)"
66.249.76.125 - - [09/Mar/2013:03:31:41 +0100] "GET /01.html HTTP/1.1" 200 1988 "-" "DoCoMo/2.0 N905i(c100;TB;W24H16) (compatible; Googlebot-Mobile/2.1; +http://www.google.com/bot.html)"
193.106.136.52 - - [09/Mar/2013:03:48:08 +0100] "GET / HTTP/1.1" 200 4014 "http://www.dixi-wild.com/" "Mozilla/4.0 (compatible; MSIE 6.0; Windows NT 5.0; Avant Browser [avantbrowser.com]; Hotbar 4.4.5.0)"
193.106.136.52 - - [09/Mar/2013:03:48:08 +0100] "GET / HTTP/1.1" 200 4014 "http://www.dixi-wild.com/" "Mozilla/4.0 (compatible; MSIE 6.0; Windows NT 5.0; Avant Browser [avantbrowser.com]; Hotbar 4.4.5.0)"
66.249.76.125 - - [09/Mar/2013:03:50:01 +0100] "GET /01.html HTTP/1.1" 304 - "-" "Mozilla/5.0 (compatible; Googlebot/2.1; +http://www.google.com/bot.html)"
66.249.76.125 - - [09/Mar/2013:04:47:43 +0100] "GET /02.swf HTTP/1.1" 200 19509 "-" "Mozilla/5.0 (compatible; Googlebot/2.1; +http://www.google.com/bot.html)"
66.249.76.125 - - [09/Mar/2013:05:54:40 +0100] "GET /09a.html HTTP/1.1" 304 - "-" "Mozilla/5.0 (compatible; Googlebot/2.1; +http://www.google.com/bot.html)"
202.46.61.30 - - [09/Mar/2013:06:06:58 +0100] "GET / HTTP/1.1" 200 4014 "-" "Mozilla/4.0 (compatible; MSIE 7.0; Windows NT 6.0)"
119.63.193.195 - - [09/Mar/2013:06:07:59 +0100] "GET / HTTP/1.1" 200 4014 "-" "Mozilla/4.0 (compatible; MSIE 7.0; Windows NT 6.0)"
94.153.64.117 - - [09/Mar/2013:07:11:05 +0100] "GET / HTTP/1.1" 200 4014 "http://onlinekinovse.ru/" "Mozilla/4.0 (compatible; MSIE 6.0; Windows NT 5.1; MRA 4.3 (build 01218); .NET CLR 1.1.4322)"
66.249.76.125 - - [09/Mar/2013:08:07:45 +0100] "GET /robots.txt HTTP/1.1" 404 1256 "-" "Mozilla/5.0 (compatible; Googlebot/2.1; +http://www.google.com/bot.html)"
66.249.76.125 - - [09/Mar/2013:08:07:45 +0100] "GET /09.html HTTP/1.1" 304 - "-" "Mozilla/5.0 (iPhone; U; CPU iPhone OS 4_1 like Mac OS X; en-us) AppleWebKit/532.9 (KHTML, like Gecko) Version/4.0.5 Mobile/8B117 Safari/6531.22.7 (compatible; Googlebot-Mobile/2.1; +http://www.google.com/bot.html)"
91.207.4.186 - - [09/Mar/2013:09:45:51 +0100] "GET / HTTP/1.1" 200 4014 "http://pro-recipe.ru/" "Mozilla/4.0 (compatible; MSIE 6.0; Windows NT 5.0; Avant Browser [avantbrowser.com]; Hotbar 4.4.5.0)"
91.207.4.186 - - [09/Mar/2013:09:45:52 +0100] "GET / HTTP/1.1" 200 4014 "http://pro-recipe.ru/" "Mozilla/4.0 (compatible; MSIE 6.0; Windows NT 5.0; Avant Browser [avantbrowser.com]; Hotbar 4.4.5.0)"
91.207.4.186 - - [09/Mar/2013:09:45:52 +0100] "GET / HTTP/1.1" 200 4014 "http://pro-recipe.ru/" "Mozilla/4.0 (compatible; MSIE 6.0; Windows NT 5.0; Avant Browser [avantbrowser.com]; Hotbar 4.4.5.0)"
66.249.76.125 - - [09/Mar/2013:11:15:04 +0100] "GET /07.html HTTP/1.1" 304 - "-" "Mozilla/5.0 (compatible; Googlebot/2.1; +http://www.google.com/bot.html)"
66.249.76.125 - - [09/Mar/2013:11:18:02 +0100] "GET /07.swf HTTP/1.1" 200 22237 "-" "Mozilla/5.0 (compatible; Googlebot/2.1; +http://www.google.com/bot.html)"
188.98.67.227 - - [09/Mar/2013:11:51:53 +0100] "GET / HTTP/1.1" 200 4014 "-" "Mozilla/5.0 (Macintosh; Intel Mac OS X 10_6_8) AppleWebKit/534.57.2 (KHTML, like Gecko) Version/5.1.7 Safari/534.57.2"
188.98.67.227 - - [09/Mar/2013:11:51:53 +0100] "GET /back.jpg HTTP/1.1" 404 1256 "http://www.dialyse-waldbronn.de/" "Mozilla/5.0 (Macintosh; Intel Mac OS X 10_6_8) AppleWebKit/534.57.2 (KHTML, like Gecko) Version/5.1.7 Safari/534.57.2"
202.46.48.18 - - [09/Mar/2013:12:04:30 +0100] "GET / HTTP/1.1" 200 4014 "-" "Mozilla/4.0 (compatible; MSIE 7.0; Windows NT 6.0)"
119.63.193.131 - - [09/Mar/2013:12:05:27 +0100] "GET / HTTP/1.1" 200 4014 "-" "Mozilla/4.0 (compatible; MSIE 7.0; Windows NT 6.0)"
178.137.129.156 - - [09/Mar/2013:12:47:30 +0100] "GET / HTTP/1.1" 200 4014 "http://gruzoperevozkipomoscve.ru/" "Mozilla/4.0 (compatible; MSIE 6.0; Windows NT 5.1; SV1; FunWebProducts; MRA 4.6 (build 01425); .NET CLR 1.1.4322; .NET CLR 2.0.50727)"
178.137.129.156 - - [09/Mar/2013:12:47:30 +0100] "GET / HTTP/1.1" 200 4014 "http://stavkisport.ru/" "Mozilla/4.0 (compatible; MSIE 6.0; Windows NT 5.1; SV1; .NET CLR 1.1.4322; XMPP Tiscali Communicator v.10.0.2; .NET CLR 2.0.50727)"
178.137.129.156 - - [09/Mar/2013:12:47:31 +0100] "GET / HTTP/1.1" 200 4014 "http://stavkisport.ru/" "Mozilla/4.0 (compatible; MSIE 6.0; Windows NT 5.1; SV1; .NET CLR 1.1.4322; XMPP Tiscali Communicator v.10.0.2; .NET CLR 2.0.50727)"
178.137.129.156 - - [09/Mar/2013:12:47:31 +0100] "GET / HTTP/1.1" 200 4014 "http://gruzoperevozkipomoscve.ru/" "Mozilla/4.0 (compatible; MSIE 6.0; Windows NT 5.1; SV1; FunWebProducts; MRA 4.6 (build 01425); .NET CLR 1.1.4322; .NET CLR 2.0.50727)"
178.137.129.156 - - [09/Mar/2013:12:47:32 +0100] "GET / HTTP/1.1" 200 4014 "http://gruzoperevozkipomoscve.ru/" "Mozilla/4.0 (compatible; MSIE 6.0; Windows NT 5.1; SV1; FunWebProducts; MRA 4.6 (build 01425); .NET CLR 1.1.4322; .NET CLR 2.0.50727)"
178.137.129.156 - - [09/Mar/2013:12:47:35 +0100] "GET / HTTP/1.1" 200 4014 "http://stavkisport.ru/" "Mozilla/4.0 (compatible; MSIE 6.0; Windows NT 5.1; SV1; .NET CLR 1.1.4322; XMPP Tiscali Communicator v.10.0.2; .NET CLR 2.0.50727)"
188.98.67.227 - - [09/Mar/2013:12:59:13 +0100] "GET / HTTP/1.1" 200 4014 "-" "Mozilla/5.0 (Macintosh; Intel Mac OS X 10_6_8) AppleWebKit/534.57.2 (KHTML, like Gecko) Version/5.1.7 Safari/534.57.2"
188.98.67.227 - - [09/Mar/2013:12:59:13 +0100] "GET /back.jpg HTTP/1.1" 404 1256 "http://www.dialyse-waldbronn.de/" "Mozilla/5.0 (Macintosh; Intel Mac OS X 10_6_8) AppleWebKit/534.57.2 (KHTML, like Gecko) Version/5.1.7 Safari/534.57.2"
195.242.218.133 - - [09/Mar/2013:14:36:03 +0100] "GET / HTTP/1.1" 200 4014 "http://emigrant.name/" "Mozilla/4.0 (compatible; MSIE 6.0; Windows NT 5.0)"
195.242.218.133 - - [09/Mar/2013:14:36:04 +0100] "GET / HTTP/1.1" 200 4014 "http://emigrant.name/" "Mozilla/4.0 (compatible; MSIE 6.0; Windows NT 5.0)"
195.242.218.133 - - [09/Mar/2013:14:36:05 +0100] "GET / HTTP/1.1" 200 4014 "http://emigrant.name/" "Mozilla/4.0 (compatible; MSIE 6.0; Windows NT 5.0)"
141.8.147.12 - - [09/Mar/2013:16:50:37 +0100] "GET /robots.txt HTTP/1.1" 404 1256 "-" "Mozilla/5.0 (compatible; YandexBot/3.0; +http://yandex.com/bots)"
141.8.147.12 - - [09/Mar/2013:16:50:39 +0100] "GET / HTTP/1.1" 200 4014 "-" "Mozilla/5.0 (compatible; YandexBot/3.0; MirrorDetector; +http://yandex.com/bots)"
141.8.147.12 - - [09/Mar/2013:16:53:19 +0100] "GET / HTTP/1.1" 200 4014 "-" "Mozilla/5.0 (compatible; YandexBot/3.0; MirrorDetector; +http://yandex.com/bots)"
38.229.70.44 - - [09/Mar/2013:18:50:49 +0100] "GET / HTTP/1.0" 200 4014 "-" "Mozilla/5.0 (Windows NT 6.1; WOW64; rv:18.0) Gecko/20100101 Firefox/18.0"
66.249.76.125 - - [09/Mar/2013:20:14:44 +0100] "GET /robots.txt HTTP/1.1" 404 1256 "-" "Mozilla/5.0 (compatible; Googlebot/2.1; +http://www.google.com/bot.html)"
66.249.76.125 - - [09/Mar/2013:20:14:44 +0100] "GET /00themen00.html HTTP/1.1" 304 - "-" "Mozilla/5.0 (iPhone; U; CPU iPhone OS 4_1 like Mac OS X; en-us) AppleWebKit/532.9 (KHTML, like Gecko) Version/4.0.5 Mobile/8B117 Safari/6531.22.7 (compatible; Googlebot-Mobile/2.1; +http://www.google.com/bot.html)"
178.137.92.96 - - [09/Mar/2013:23:34:52 +0100] "GET / HTTP/1.1" 200 4014 "http://problemsdengami.net/" "Mozilla/4.0 (compatible; MSIE 6.0; Windows XP)"
178.137.92.96 - - [09/Mar/2013:23:34:52 +0100] "GET / HTTP/1.1" 200 4014 "http://www.a-tg.ru/" "Mozilla/4.0 (compatible; MSIE 6.0; Windows XP)"
178.137.92.96 - - [09/Mar/2013:23:34:53 +0100] "GET / HTTP/1.1" 200 4014 "http://problemsdengami.net/" "Mozilla/4.0 (compatible; MSIE 6.0; Windows XP)"
178.137.92.96 - - [09/Mar/2013:23:34:53 +0100] "GET / HTTP/1.1" 200 4014 "http://www.a-tg.ru/" "Mozilla/4.0 (compatible; MSIE 6.0; Windows XP)"
178.137.92.96 - - [09/Mar/2013:23:34:53 +0100] "GET / HTTP/1.1" 200 4014 "http://www.a-tg.ru/" "Mozilla/4.0 (compatible; MSIE 6.0; Windows XP)"
178.137.92.96 - - [09/Mar/2013:23:34:53 +0100] "GET / HTTP/1.1" 200 4014 "http://problemsdengami.net/" "Mozilla/4.0 (compatible; MSIE 6.0; Windows XP)"
91.207.9.226 - - [09/Mar/2013:23:54:27 +0100] "GET / HTTP/1.1" 200 4014 "http://google-play-android.com/" "Mozilla/4.0 (compatible; MSIE 6.0; Windows NT 5.1; SV1; .NET CLR 1.1.4322; XMPP Tiscali Communicator v.10.0.2; .NET CLR 2.0.50727)"
91.207.9.226 - - [09/Mar/2013:23:54:27 +0100] "GET / HTTP/1.1" 200 4014 "http://google-play-android.com/" "Mozilla/4.0 (compatible; MSIE 6.0; Windows NT 5.1; SV1; .NET CLR 1.1.4322; XMPP Tiscali Communicator v.10.0.2; .NET CLR 2.0.50727)"
91.207.9.226 - - [09/Mar/2013:23:54:28 +0100] "GET / HTTP/1.1" 200 4014 "http://google-play-android.com/" "Mozilla/4.0 (compatible; MSIE 6.0; Windows NT 5.1; SV1; .NET CLR 1.1.4322; XMPP Tiscali Communicator v.10.0.2; .NET CLR 2.0.50727)"
202.46.63.129 - - [10/Mar/2013:00:04:14 +0100] "GET / HTTP/1.1" 200 4014 "-" "Mozilla/4.0 (compatible; MSIE 7.0; Windows NT 6.0)"
119.63.193.131 - - [10/Mar/2013:00:05:08 +0100] "GET / HTTP/1.1" 200 4014 "-" "Mozilla/4.0 (compatible; MSIE 7.0; Windows NT 6.0)"
66.249.76.125 - - [10/Mar/2013:00:34:03 +0100] "GET /02.html HTTP/1.1" 200 1988 "-" "DoCoMo/2.0 N905i(c100;TB;W24H16) (compatible; Googlebot-Mobile/2.1; +http://www.google.com/bot.html)"
66.249.76.125 - - [10/Mar/2013:00:55:56 +0100] "GET /01.swf HTTP/1.1" 200 36918 "-" "SAMSUNG-SGH-E250/1.0 Profile/MIDP-2.0 Configuration/CLDC-1.1 UP.Browser/6.2.3.3.c.1.101 (GUI) MMP/2.0 (compatible; Googlebot-Mobile/2.1; +http://www.google.com/bot.html)"
91.207.9.226 - - [10/Mar/2013:03:16:18 +0100] "GET / HTTP/1.1" 200 4014 "http://apk4free.ru/" "Opera/9.00 (Windows NT 5.1; U; ru)"
91.207.9.226 - - [10/Mar/2013:03:16:18 +0100] "GET / HTTP/1.1" 200 4014 "http://apk4free.ru/" "Opera/9.00 (Windows NT 5.1; U; ru)"
91.207.9.226 - - [10/Mar/2013:03:16:19 +0100] "GET / HTTP/1.1" 200 4014 "http://apk4free.ru/" "Opera/9.00 (Windows NT 5.1; U; ru)"
178.137.92.96 - - [10/Mar/2013:06:05:08 +0100] "GET / HTTP/1.1" 200 4014 "http://www.world-mmo.com/" "Mozilla/4.0 (compatible; MSIE 6.0; Windows XP)"
178.137.92.96 - - [10/Mar/2013:06:05:09 +0100] "GET / HTTP/1.1" 200 4014 "http://www.world-mmo.com/" "Mozilla/4.0 (compatible; MSIE 6.0; Windows XP)"
178.137.92.96 - - [10/Mar/2013:06:05:09 +0100] "GET / HTTP/1.1" 200 4014 "http://www.world-mmo.com/" "Mozilla/4.0 (compatible; MSIE 6.0; Windows XP)"
119.63.193.195 - - [10/Mar/2013:06:07:58 +0100] "GET / HTTP/1.1" 200 4014 "-" "Mozilla/4.0 (compatible; MSIE 7.0; Windows NT 6.0)"
202.46.62.32 - - [10/Mar/2013:06:18:44 +0100] "GET / HTTP/1.1" 200 4014 "-" "Mozilla/4.0 (compatible; MSIE 7.0; Windows NT 6.0)"
193.106.136.55 - - [10/Mar/2013:07:09:20 +0100] "GET / HTTP/1.1" 200 4014 "http://www.dixi-wild.com/" "Mozilla/4.0 (compatible; MSIE 6.0; Windows NT 5.0; Avant Browser [avantbrowser.com]; Hotbar 4.4.5.0)"
193.106.136.55 - - [10/Mar/2013:07:09:21 +0100] "GET / HTTP/1.1" 200 4014 "http://www.dixi-wild.com/" "Mozilla/4.0 (compatible; MSIE 6.0; Windows NT 5.0; Avant Browser [avantbrowser.com]; Hotbar 4.4.5.0)"
91.207.4.186 - - [10/Mar/2013:07:47:55 +0100] "GET / HTTP/1.1" 200 4014 "http://adw-kupon.ru/" "Mozilla/4.0 (compatible; MSIE 6.0; Windows NT 5.1; SV1)"
91.207.4.186 - - [10/Mar/2013:07:47:55 +0100] "GET / HTTP/1.1" 200 4014 "http://adw-kupon.ru/" "Mozilla/4.0 (compatible; MSIE 6.0; Windows NT 5.1; SV1)"
91.207.4.186 - - [10/Mar/2013:07:47:56 +0100] "GET / HTTP/1.1" 200 4014 "http://adw-kupon.ru/" "Mozilla/4.0 (compatible; MSIE 6.0; Windows NT 5.1; SV1)"
91.207.9.226 - - [10/Mar/2013:08:40:50 +0100] "GET / HTTP/1.1" 200 4014 "http://dorklin.ru/" "Mozilla/4.0 (compatible; Powermarks/3.5; Windows 95/98/2000/NT)"
91.207.9.226 - - [10/Mar/2013:08:40:50 +0100] "GET / HTTP/1.1" 200 4014 "http://dorklin.ru/" "Mozilla/4.0 (compatible; Powermarks/3.5; Windows 95/98/2000/NT)"
91.207.9.226 - - [10/Mar/2013:08:40:51 +0100] "GET / HTTP/1.1" 200 4014 "http://dorklin.ru/" "Mozilla/4.0 (compatible; Powermarks/3.5; Windows 95/98/2000/NT)"
157.55.32.103 - - [10/Mar/2013:08:57:24 +0100] "GET /robots.txt HTTP/1.1" 404 1256 "-" "Mozilla/5.0 (compatible; bingbot/2.0; +http://www.bing.com/bingbot.htm)"
157.55.32.103 - - [10/Mar/2013:08:59:49 +0100] "GET / HTTP/1.1" 200 4014 "-" "Mozilla/5.0 (compatible; bingbot/2.0; +http://www.bing.com/bingbot.htm)"
204.12.208.218 - - [10/Mar/2013:10:39:34 +0100] "GET /robots.txt HTTP/1.0" 404 1256 "-" "Mozilla/5.0 (compatible; MJ12bot/v1.4.3; http://www.majestic12.co.uk/bot.php?+)"
204.12.208.218 - - [10/Mar/2013:10:39:36 +0100] "GET / HTTP/1.0" 200 4014 "-" "Mozilla/5.0 (compatible; MJ12bot/v1.4.3; http://www.majestic12.co.uk/bot.php?+)"
66.249.76.125 - - [10/Mar/2013:11:08:33 +0100] "GET /robots.txt HTTP/1.1" 404 1256 "-" "Mozilla/5.0 (compatible; Googlebot/2.1; +http://www.google.com/bot.html)"
66.249.76.125 - - [10/Mar/2013:11:08:33 +0100] "GET / HTTP/1.1" 200 4014 "-" "Mozilla/5.0 (compatible; Googlebot/2.1; +http://www.google.com/bot.html)"
202.46.56.43 - - [10/Mar/2013:12:03:30 +0100] "GET / HTTP/1.1" 200 4014 "-" "Mozilla/4.0 (compatible; MSIE 7.0; Windows NT 6.0)"
119.63.193.130 - - [10/Mar/2013:12:04:23 +0100] "GET / HTTP/1.1" 200 4014 "-" "Mozilla/4.0 (compatible; MSIE 7.0; Windows NT 6.0)"
180.76.5.55 - - [10/Mar/2013:12:37:00 +0100] "GET /robots.txt HTTP/1.1" 404 1256 "-" "Mozilla/5.0 (Windows NT 5.1; rv:6.0.2) Gecko/20100101 Firefox/6.0.2"
89.108.102.171 - - [10/Mar/2013:13:29:01 +0100] "GET / HTTP/1.1" 200 4014 "http://www.ooo-v-samare.ru/" "Mozilla/4.0 (compatible; MSIE 7.0b; Windows NT 6.0)"
89.108.102.171 - - [10/Mar/2013:13:29:02 +0100] "GET / HTTP/1.1" 200 4014 "http://www.ooo-v-samare.ru/" "Mozilla/4.0 (compatible; MSIE 7.0b; Windows NT 6.0)"
91.207.4.186 - - [10/Mar/2013:13:50:19 +0100] "GET / HTTP/1.1" 200 4014 "http://saascenter.ru/" "Mozilla/4.0 (compatible; MSIE 6.0; Windows NT 5.0; Avant Browser [avantbrowser.com]; Hotbar 4.4.5.0)"
91.207.4.186 - - [10/Mar/2013:13:50:20 +0100] "GET / HTTP/1.1" 200 4014 "http://saascenter.ru/" "Mozilla/4.0 (compatible; MSIE 6.0; Windows NT 5.0; Avant Browser [avantbrowser.com]; Hotbar 4.4.5.0)"
91.207.4.186 - - [10/Mar/2013:13:50:21 +0100] "GET / HTTP/1.1" 200 4014 "http://saascenter.ru/" "Mozilla/4.0 (compatible; MSIE 6.0; Windows NT 5.0; Avant Browser [avantbrowser.com]; Hotbar 4.4.5.0)"
91.207.4.186 - - [10/Mar/2013:13:57:01 +0100] "GET / HTTP/1.1" 200 4014 "http://co-travel.ru/" "Mozilla/4.0 (compatible; MSIE 6.0; Windows NT 5.0; Avant Browser [avantbrowser.com]; Hotbar 4.4.5.0)"
91.207.4.186 - - [10/Mar/2013:13:57:02 +0100] "GET / HTTP/1.1" 200 4014 "http://co-travel.ru/" "Mozilla/4.0 (compatible; MSIE 6.0; Windows NT 5.0; Avant Browser [avantbrowser.com]; Hotbar 4.4.5.0)"
91.207.4.186 - - [10/Mar/2013:13:57:02 +0100] "GET / HTTP/1.1" 200 4014 "http://co-travel.ru/" "Mozilla/4.0 (compatible; MSIE 6.0; Windows NT 5.0; Avant Browser [avantbrowser.com]; Hotbar 4.4.5.0)"
66.249.76.125 - - [10/Mar/2013:14:05:01 +0100] "GET /07.swf HTTP/1.1" 200 22237 "-" "Mozilla/5.0 (compatible; Googlebot/2.1; +http://www.google.com/bot.html)"
202.46.55.36 - - [10/Mar/2013:18:06:48 +0100] "GET / HTTP/1.1" 200 4014 "-" "Mozilla/4.0 (compatible; MSIE 7.0; Windows NT 6.0)"
119.63.193.131 - - [10/Mar/2013:18:07:49 +0100] "GET / HTTP/1.1" 200 4014 "-" "Mozilla/4.0 (compatible; MSIE 7.0; Windows NT 6.0)"
66.249.76.125 - - [10/Mar/2013:19:00:34 +0100] "GET / HTTP/1.1" 200 4014 "-" "Mozilla/5.0 (iPhone; U; CPU iPhone OS 4_1 like Mac OS X; en-us) AppleWebKit/532.9 (KHTML, like Gecko) Version/4.0.5 Mobile/8B117 Safari/6531.22.7 (compatible; Googlebot-Mobile/2.1; +http://www.google.com/bot.html)"
92.249.127.111 - - [10/Mar/2013:19:34:02 +0100] "GET / HTTP/1.1" 200 4014 "http://gilina.ru/" "Mozilla/5.0 (compatible; news bot /2.1)"
92.249.127.111 - - [10/Mar/2013:19:34:03 +0100] "GET / HTTP/1.1" 200 4014 "http://gilina.ru/" "Mozilla/5.0 (compatible; news bot /2.1)"
92.249.127.111 - - [10/Mar/2013:19:34:03 +0100] "GET / HTTP/1.1" 200 4014 "http://gilina.ru/" "Mozilla/5.0 (compatible; news bot /2.1)"
202.46.63.123 - - [10/Mar/2013:20:09:53 +0100] "GET / HTTP/1.1" 200 4014 "-" "Mozilla/4.0 (compatible; MSIE 7.0; Windows NT 6.0)"
119.63.193.195 - - [10/Mar/2013:20:10:59 +0100] "GET / HTTP/1.1" 200 4014 "-" "Mozilla/4.0 (compatible; MSIE 7.0; Windows NT 6.0)"
93.211.65.237 - - [10/Mar/2013:20:48:54 +0100] "GET /09a.html HTTP/1.1" 200 2065 "http://www.google.de/url?sa=t&rct=j&q=anja%20menzinger&source=web&cd=1&sqi=2&ved=0CDAQFjAA&url=http%3A%2F%2Fwww.dialyse-waldbronn.de%2F09a.html&ei=7OI8UaDRJMSytAbtyIGIDA&usg=AFQjCNG6uMrHKx5duZ5AcMzcLXwByavrQg" "Mozilla/4.0 (compatible; MSIE 8.0; Windows NT 5.1; Trident/4.0; Mozilla/4.0 (compatible; MSIE 8.0; Win32; GMX); (gmx/1.1.0.21); (gmx/1.1.0.22); (gmx/1.0.0.8); GTB7.4; .NET CLR 3.0.4506.2152; .NET CLR 3.5.30729; .NET CLR 2.0.50727; tb-gmx/1.9.0; (gmx/1.0.0.8))"
93.211.65.237 - - [10/Mar/2013:20:48:54 +0100] "GET /AC_RunActiveContent.js HTTP/1.1" 200 8029 "http://www.dialyse-waldbronn.de/09a.html" "Mozilla/4.0 (compatible; MSIE 8.0; Windows NT 5.1; Trident/4.0; Mozilla/4.0 (compatible; MSIE 8.0; Win32; GMX); (gmx/1.1.0.21); (gmx/1.1.0.22); (gmx/1.0.0.8); GTB7.4; .NET CLR 3.0.4506.2152; .NET CLR 3.5.30729; .NET CLR 2.0.50727; tb-gmx/1.9.0; (gmx/1.0.0.8))"
93.211.65.237 - - [10/Mar/2013:20:48:54 +0100] "GET /09a.swf HTTP/1.1" 200 19689 "http://www.dialyse-waldbronn.de/09a.html" "Mozilla/4.0 (compatible; MSIE 8.0; Windows NT 5.1; Trident/4.0; Mozilla/4.0 (compatible; MSIE 8.0; Win32; GMX); (gmx/1.1.0.21); (gmx/1.1.0.22); (gmx/1.0.0.8); GTB7.4; .NET CLR 3.0.4506.2152; .NET CLR 3.5.30729; .NET CLR 2.0.50727; tb-gmx/1.9.0; (gmx/1.0.0.8))"
93.211.65.237 - - [10/Mar/2013:20:48:55 +0100] "GET /favicon.ico HTTP/1.1" 404 1256 "-" "Mozilla/4.0 (compatible; MSIE 8.0; Windows NT 5.1; Trident/4.0; Mozilla/4.0 (compatible; MSIE 8.0; Win32; GMX); (gmx/1.1.0.21); (gmx/1.1.0.22); (gmx/1.0.0.8); GTB7.4; .NET CLR 3.0.4506.2152; .NET CLR 3.5.30729; .NET CLR 2.0.50727; tb-gmx/1.9.0; (gmx/1.0.0.8))"
93.211.65.237 - - [10/Mar/2013:20:49:03 +0100] "GET / HTTP/1.1" 200 4014 "-" "Mozilla/4.0 (compatible; MSIE 8.0; Windows NT 5.1; Trident/4.0; Mozilla/4.0 (compatible; MSIE 8.0; Win32; GMX); (gmx/1.1.0.21); (gmx/1.1.0.22); (gmx/1.0.0.8); GTB7.4; .NET CLR 3.0.4506.2152; .NET CLR 3.5.30729; .NET CLR 2.0.50727; tb-gmx/1.9.0; (gmx/1.0.0.8))"
93.211.65.237 - - [10/Mar/2013:20:49:04 +0100] "GET /back.jpg HTTP/1.1" 404 1256 "http://www.dialyse-waldbronn.de/" "Mozilla/4.0 (compatible; MSIE 8.0; Windows NT 5.1; Trident/4.0; Mozilla/4.0 (compatible; MSIE 8.0; Win32; GMX); (gmx/1.1.0.21); (gmx/1.1.0.22); (gmx/1.0.0.8); GTB7.4; .NET CLR 3.0.4506.2152; .NET CLR 3.5.30729; .NET CLR 2.0.50727; tb-gmx/1.9.0; (gmx/1.0.0.8))"
93.211.65.237 - - [10/Mar/2013:20:49:04 +0100] "GET /index.swf HTTP/1.1" 200 8893 "-" "contype"
93.211.65.237 - - [10/Mar/2013:20:49:04 +0100] "GET /index.swf HTTP/1.1" 200 8893 "http://www.dialyse-waldbronn.de/" "Mozilla/4.0 (compatible; MSIE 8.0; Windows NT 5.1; Trident/4.0; Mozilla/4.0 (compatible; MSIE 8.0; Win32; GMX); (gmx/1.1.0.21); (gmx/1.1.0.22); (gmx/1.0.0.8); GTB7.4; .NET CLR 3.0.4506.2152; .NET CLR 3.5.30729; .NET CLR 2.0.50727; tb-gmx/1.9.0; (gmx/1.0.0.8))"
93.211.65.237 - - [10/Mar/2013:20:49:08 +0100] "GET /00themen00.html HTTP/1.1" 200 2236 "http://www.dialyse-waldbronn.de/index.swf" "Mozilla/4.0 (compatible; MSIE 8.0; Windows NT 5.1; Trident/4.0; Mozilla/4.0 (compatible; MSIE 8.0; Win32; GMX); (gmx/1.1.0.21); (gmx/1.1.0.22); (gmx/1.0.0.8); GTB7.4; .NET CLR 3.0.4506.2152; .NET CLR 3.5.30729; .NET CLR 2.0.50727; tb-gmx/1.9.0; (gmx/1.0.0.8))"
93.211.65.237 - - [10/Mar/2013:20:49:08 +0100] "GET /00themen00.swf HTTP/1.1" 200 12608 "http://www.dialyse-waldbronn.de/00themen00.html" "Mozilla/4.0 (compatible; MSIE 8.0; Windows NT 5.1; Trident/4.0; Mozilla/4.0 (compatible; MSIE 8.0; Win32; GMX); (gmx/1.1.0.21); (gmx/1.1.0.22); (gmx/1.0.0.8); GTB7.4; .NET CLR 3.0.4506.2152; .NET CLR 3.5.30729; .NET CLR 2.0.50727; tb-gmx/1.9.0; (gmx/1.0.0.8))"
93.211.65.237 - - [10/Mar/2013:20:49:08 +0100] "GET /favicon.ico HTTP/1.1" 404 1256 "-" "Mozilla/4.0 (compatible; MSIE 8.0; Windows NT 5.1; Trident/4.0; Mozilla/4.0 (compatible; MSIE 8.0; Win32; GMX); (gmx/1.1.0.21); (gmx/1.1.0.22); (gmx/1.0.0.8); GTB7.4; .NET CLR 3.0.4506.2152; .NET CLR 3.5.30729; .NET CLR 2.0.50727; tb-gmx/1.9.0; (gmx/1.0.0.8))"
93.211.65.237 - - [10/Mar/2013:20:49:10 +0100] "GET /03.html HTTP/1.1" 200 2012 "http://www.dialyse-waldbronn.de/00themen00.swf" "Mozilla/4.0 (compatible; MSIE 8.0; Windows NT 5.1; Trident/4.0; Mozilla/4.0 (compatible; MSIE 8.0; Win32; GMX); (gmx/1.1.0.21); (gmx/1.1.0.22); (gmx/1.0.0.8); GTB7.4; .NET CLR 3.0.4506.2152; .NET CLR 3.5.30729; .NET CLR 2.0.50727; tb-gmx/1.9.0; (gmx/1.0.0.8))"
93.211.65.237 - - [10/Mar/2013:20:49:10 +0100] "GET /03.swf HTTP/1.1" 200 79366 "http://www.dialyse-waldbronn.de/03.html" "Mozilla/4.0 (compatible; MSIE 8.0; Windows NT 5.1; Trident/4.0; Mozilla/4.0 (compatible; MSIE 8.0; Win32; GMX); (gmx/1.1.0.21); (gmx/1.1.0.22); (gmx/1.0.0.8); GTB7.4; .NET CLR 3.0.4506.2152; .NET CLR 3.5.30729; .NET CLR 2.0.50727; tb-gmx/1.9.0; (gmx/1.0.0.8))"
93.211.65.237 - - [10/Mar/2013:20:49:30 +0100] "GET /index.html HTTP/1.1" 200 4014 "http://www.dialyse-waldbronn.de/03.swf" "Mozilla/4.0 (compatible; MSIE 8.0; Windows NT 5.1; Trident/4.0; Mozilla/4.0 (compatible; MSIE 8.0; Win32; GMX); (gmx/1.1.0.21); (gmx/1.1.0.22); (gmx/1.0.0.8); GTB7.4; .NET CLR 3.0.4506.2152; .NET CLR 3.5.30729; .NET CLR 2.0.50727; tb-gmx/1.9.0; (gmx/1.0.0.8))"
93.211.65.237 - - [10/Mar/2013:20:49:31 +0100] "GET /back.jpg HTTP/1.1" 404 1256 "http://www.dialyse-waldbronn.de/03.swf" "Mozilla/4.0 (compatible; MSIE 8.0; Windows NT 5.1; Trident/4.0; Mozilla/4.0 (compatible; MSIE 8.0; Win32; GMX); (gmx/1.1.0.21); (gmx/1.1.0.22); (gmx/1.0.0.8); GTB7.4; .NET CLR 3.0.4506.2152; .NET CLR 3.5.30729; .NET CLR 2.0.50727; tb-gmx/1.9.0; (gmx/1.0.0.8))"
93.211.65.237 - - [10/Mar/2013:20:49:40 +0100] "GET / HTTP/1.1" 304 - "http://www.dialyse-waldbronn.de/index.html" "Mozilla/4.0 (compatible; MSIE 8.0; Windows NT 5.1; Trident/4.0; Mozilla/4.0 (compatible; MSIE 8.0; Win32; GMX); (gmx/1.1.0.21); (gmx/1.1.0.22); (gmx/1.0.0.8); GTB7.4; .NET CLR 3.0.4506.2152; .NET CLR 3.5.30729; .NET CLR 2.0.50727; tb-gmx/1.9.0; (gmx/1.0.0.8))"
93.211.65.237 - - [10/Mar/2013:20:49:40 +0100] "GET /back.jpg HTTP/1.1" 404 1256 "http://www.dialyse-waldbronn.de/" "Mozilla/4.0 (compatible; MSIE 8.0; Windows NT 5.1; Trident/4.0; Mozilla/4.0 (compatible; MSIE 8.0; Win32; GMX); (gmx/1.1.0.21); (gmx/1.1.0.22); (gmx/1.0.0.8); GTB7.4; .NET CLR 3.0.4506.2152; .NET CLR 3.5.30729; .NET CLR 2.0.50727; tb-gmx/1.9.0; (gmx/1.0.0.8))"
93.211.65.237 - - [10/Mar/2013:20:49:40 +0100] "GET /index.swf HTTP/1.1" 304 - "-" "contype"
93.211.65.237 - - [10/Mar/2013:20:49:45 +0100] "GET /00themen00.html HTTP/1.1" 304 - "http://www.dialyse-waldbronn.de/index.swf" "Mozilla/4.0 (compatible; MSIE 8.0; Windows NT 5.1; Trident/4.0; Mozilla/4.0 (compatible; MSIE 8.0; Win32; GMX); (gmx/1.1.0.21); (gmx/1.1.0.22); (gmx/1.0.0.8); GTB7.4; .NET CLR 3.0.4506.2152; .NET CLR 3.5.30729; .NET CLR 2.0.50727; tb-gmx/1.9.0; (gmx/1.0.0.8))"
93.211.65.237 - - [10/Mar/2013:20:49:46 +0100] "GET /AC_RunActiveContent.js HTTP/1.1" 304 - "http://www.dialyse-waldbronn.de/index.swf" "Mozilla/4.0 (compatible; MSIE 8.0; Windows NT 5.1; Trident/4.0; Mozilla/4.0 (compatible; MSIE 8.0; Win32; GMX); (gmx/1.1.0.21); (gmx/1.1.0.22); (gmx/1.0.0.8); GTB7.4; .NET CLR 3.0.4506.2152; .NET CLR 3.5.30729; .NET CLR 2.0.50727; tb-gmx/1.9.0; (gmx/1.0.0.8))"
93.211.65.237 - - [10/Mar/2013:20:49:46 +0100] "GET /00themen00.swf HTTP/1.1" 304 - "http://www.dialyse-waldbronn.de/00themen00.html" "Mozilla/4.0 (compatible; MSIE 8.0; Windows NT 5.1; Trident/4.0; Mozilla/4.0 (compatible; MSIE 8.0; Win32; GMX); (gmx/1.1.0.21); (gmx/1.1.0.22); (gmx/1.0.0.8); GTB7.4; .NET CLR 3.0.4506.2152; .NET CLR 3.5.30729; .NET CLR 2.0.50727; tb-gmx/1.9.0; (gmx/1.0.0.8))"
93.211.65.237 - - [10/Mar/2013:20:49:48 +0100] "GET /07.html HTTP/1.1" 200 2372 "http://www.dialyse-waldbronn.de/00themen00.swf" "Mozilla/4.0 (compatible; MSIE 8.0; Windows NT 5.1; Trident/4.0; Mozilla/4.0 (compatible; MSIE 8.0; Win32; GMX); (gmx/1.1.0.21); (gmx/1.1.0.22); (gmx/1.0.0.8); GTB7.4; .NET CLR 3.0.4506.2152; .NET CLR 3.5.30729; .NET CLR 2.0.50727; tb-gmx/1.9.0; (gmx/1.0.0.8))"
93.211.65.237 - - [10/Mar/2013:20:49:48 +0100] "GET /07.swf HTTP/1.1" 200 22237 "http://www.dialyse-waldbronn.de/07.html" "Mozilla/4.0 (compatible; MSIE 8.0; Windows NT 5.1; Trident/4.0; Mozilla/4.0 (compatible; MSIE 8.0; Win32; GMX); (gmx/1.1.0.21); (gmx/1.1.0.22); (gmx/1.0.0.8); GTB7.4; .NET CLR 3.0.4506.2152; .NET CLR 3.5.30729; .NET CLR 2.0.50727; tb-gmx/1.9.0; (gmx/1.0.0.8))"
93.211.65.237 - - [10/Mar/2013:20:49:57 +0100] "GET /01.html HTTP/1.1" 200 1988 "http://www.dialyse-waldbronn.de/00themen00.swf" "Mozilla/4.0 (compatible; MSIE 8.0; Windows NT 5.1; Trident/4.0; Mozilla/4.0 (compatible; MSIE 8.0; Win32; GMX); (gmx/1.1.0.21); (gmx/1.1.0.22); (gmx/1.0.0.8); GTB7.4; .NET CLR 3.0.4506.2152; .NET CLR 3.5.30729; .NET CLR 2.0.50727; tb-gmx/1.9.0; (gmx/1.0.0.8))"
93.211.65.237 - - [10/Mar/2013:20:49:57 +0100] "GET /01.swf HTTP/1.1" 200 36918 "http://www.dialyse-waldbronn.de/01.html" "Mozilla/4.0 (compatible; MSIE 8.0; Windows NT 5.1; Trident/4.0; Mozilla/4.0 (compatible; MSIE 8.0; Win32; GMX); (gmx/1.1.0.21); (gmx/1.1.0.22); (gmx/1.0.0.8); GTB7.4; .NET CLR 3.0.4506.2152; .NET CLR 3.5.30729; .NET CLR 2.0.50727; tb-gmx/1.9.0; (gmx/1.0.0.8))"
66.249.76.125 - - [10/Mar/2013:21:14:07 +0100] "GET /03.html HTTP/1.1" 200 2012 "-" "Mozilla/5.0 (iPhone; U; CPU iPhone OS 4_1 like Mac OS X; en-us) AppleWebKit/532.9 (KHTML, like Gecko) Version/4.0.5 Mobile/8B117 Safari/6531.22.7 (compatible; Googlebot-Mobile/2.1; +http://www.google.com/bot.html)"
202.46.61.25 - - [11/Mar/2013:00:03:41 +0100] "GET / HTTP/1.1" 200 4014 "-" "Mozilla/4.0 (compatible; MSIE 7.0; Windows NT 6.0)"
119.63.193.194 - - [11/Mar/2013:00:04:36 +0100] "GET / HTTP/1.1" 200 4014 "-" "Mozilla/4.0 (compatible; MSIE 7.0; Windows NT 6.0)"
180.76.5.197 - - [11/Mar/2013:00:04:50 +0100] "GET / HTTP/1.1" 200 4014 "-" "Mozilla/5.0 (compatible; Baiduspider/2.0; +http://www.baidu.com/search/spider.html)"
66.249.76.125 - - [11/Mar/2013:02:43:49 +0100] "GET /robots.txt HTTP/1.1" 404 1256 "-" "Mozilla/5.0 (compatible; Googlebot/2.1; +http://www.google.com/bot.html)"
66.249.76.125 - - [11/Mar/2013:02:43:49 +0100] "GET /04.html HTTP/1.1" 200 1988 "-" "DoCoMo/2.0 N905i(c100;TB;W24H16) (compatible; Googlebot-Mobile/2.1; +http://www.google.com/bot.html)"
91.207.9.226 - - [11/Mar/2013:04:23:51 +0100] "GET / HTTP/1.1" 200 4014 "http://muznachas-service.ru/" "Mozilla/1.22 (compatible; MSIE 2.0d; Windows NT)"
91.207.9.226 - - [11/Mar/2013:04:23:51 +0100] "GET / HTTP/1.1" 200 4014 "http://muznachas-service.ru/" "Mozilla/1.22 (compatible; MSIE 2.0d; Windows NT)"
91.207.9.226 - - [11/Mar/2013:04:23:51 +0100] "GET / HTTP/1.1" 200 4014 "http://muznachas-service.ru/" "Mozilla/1.22 (compatible; MSIE 2.0d; Windows NT)"
66.249.76.125 - - [11/Mar/2013:04:55:18 +0100] "GET /02.swf HTTP/1.1" 200 19509 "-" "SAMSUNG-SGH-E250/1.0 Profile/MIDP-2.0 Configuration/CLDC-1.1 UP.Browser/6.2.3.3.c.1.101 (GUI) MMP/2.0 (compatible; Googlebot-Mobile/2.1; +http://www.google.com/bot.html)"
178.137.92.96 - - [11/Mar/2013:05:49:31 +0100] "GET / HTTP/1.1" 200 4014 "http://zalezt.ru/" "Mozilla/4.0 (compatible; MSIE 6.0; Windows XP)"
178.137.92.96 - - [11/Mar/2013:05:49:32 +0100] "GET / HTTP/1.1" 200 4014 "http://zalezt.ru/" "Mozilla/4.0 (compatible; MSIE 6.0; Windows XP)"
178.137.92.96 - - [11/Mar/2013:05:49:32 +0100] "GET / HTTP/1.1" 200 4014 "http://zalezt.ru/" "Mozilla/4.0 (compatible; MSIE 6.0; Windows XP)"
180.76.5.187 - - [11/Mar/2013:10:04:09 +0100] "GET /robots.txt HTTP/1.1" 404 1256 "-" "Mozilla/5.0 (Windows NT 5.1; rv:6.0.2) Gecko/20100101 Firefox/6.0.2"
202.46.55.25 - - [11/Mar/2013:12:03:12 +0100] "GET / HTTP/1.1" 200 4014 "-" "Mozilla/4.0 (compatible; MSIE 7.0; Windows NT 6.0)"
119.63.193.196 - - [11/Mar/2013:12:04:03 +0100] "GET / HTTP/1.1" 200 4014 "-" "Mozilla/4.0 (compatible; MSIE 7.0; Windows NT 6.0)"
199.19.249.196 - - [11/Mar/2013:12:06:35 +0100] "GET / HTTP/1.1" 200 4014 "-" "Mozilla/4.0 (compatible; MSIE 7.0; Windows NT 5.1; InfoPath.1; .NET CLR 2.0.50727; .NET CLR 1.1.4322; MS-RTC LM 8; .NET CLR 3.0.4506.2152; .NET CLR 3.5.30729)"
134.2.188.3 - - [11/Mar/2013:12:06:35 +0100] "GET / HTTP/1.1" 200 4014 "http://maps.google.de/maps?hl=de&q=bad+herrenalb+dialyse&bav=on.2,or.r_qf.&bvm=bv.43287494,d.Yms&biw=1280&bih=866&um=1&ie=UTF-8&sa=N&tab=wl" "Mozilla/5.0 (Windows NT 5.1; rv:10.0.5) Gecko/20100101 Firefox/10.0.5"
134.2.188.3 - - [11/Mar/2013:12:06:35 +0100] "GET /back.jpg HTTP/1.1" 404 1256 "http://www.dialyse-waldbronn.de/" "Mozilla/5.0 (Windows NT 5.1; rv:10.0.5) Gecko/20100101 Firefox/10.0.5"
134.2.188.3 - - [11/Mar/2013:12:06:35 +0100] "GET /back.jpg HTTP/1.1" 404 1256 "-" "Mozilla/4.0 (compatible;)"
134.2.188.3 - - [11/Mar/2013:12:06:35 +0100] "GET /index.swf HTTP/1.1" 200 8893 "-" "Mozilla/4.0 (compatible;)"
134.2.188.3 - - [11/Mar/2013:12:06:36 +0100] "GET /favicon.ico HTTP/1.1" 404 1256 "-" "Mozilla/5.0 (Windows NT 5.1; rv:10.0.5) Gecko/20100101 Firefox/10.0.5"
134.2.188.3 - - [11/Mar/2013:12:06:36 +0100] "GET /favicon.ico HTTP/1.1" 404 1256 "-" "Mozilla/5.0 (Windows NT 5.1; rv:10.0.5) Gecko/20100101 Firefox/10.0.5"
193.106.136.55 - - [11/Mar/2013:12:07:36 +0100] "GET / HTTP/1.1" 200 4014 "http://www.dixi-wild.com/" "Mozilla/4.0 (compatible; MSIE 6.0; Windows NT 5.0; Avant Browser [avantbrowser.com]; Hotbar 4.4.5.0)"
193.106.136.55 - - [11/Mar/2013:12:07:36 +0100] "GET / HTTP/1.1" 200 4014 "http://www.dixi-wild.com/" "Mozilla/4.0 (compatible; MSIE 6.0; Windows NT 5.0; Avant Browser [avantbrowser.com]; Hotbar 4.4.5.0)"
178.137.128.76 - - [11/Mar/2013:12:21:18 +0100] "GET / HTTP/1.1" 200 4014 "http://mirskidok.ru/" "Mozilla/4.0 (compatible; MSIE 6.0; Windows NT 5.1; SV1; InfoPath.1"
178.137.128.76 - - [11/Mar/2013:12:21:18 +0100] "GET / HTTP/1.1" 200 4014 "http://onlinekinovse.ru/" "Mozilla/4.0 (compatible; MSIE 6.0; Windows NT 5.1; SV1; FunWebProducts; MRA 4.6 (build 01425); .NET CLR 1.1.4322; .NET CLR 2.0.50727)"
178.137.128.76 - - [11/Mar/2013:12:21:18 +0100] "GET / HTTP/1.1" 200 4014 "http://magnetfox.com/" "Mozilla/4.0 (compatible; MSIE 6.0; Windows NT 5.1; SV1; InfoPath.1"
178.137.128.76 - - [11/Mar/2013:12:21:19 +0100] "GET / HTTP/1.1" 200 4014 "http://mirskidok.ru/" "Mozilla/4.0 (compatible; MSIE 6.0; Windows NT 5.1; SV1; InfoPath.1"
178.137.128.76 - - [11/Mar/2013:12:21:19 +0100] "GET / HTTP/1.1" 200 4014 "http://onlinekinovse.ru/" "Mozilla/4.0 (compatible; MSIE 6.0; Windows NT 5.1; SV1; FunWebProducts; MRA 4.6 (build 01425); .NET CLR 1.1.4322; .NET CLR 2.0.50727)"
178.137.128.76 - - [11/Mar/2013:12:21:19 +0100] "GET / HTTP/1.1" 200 4014 "http://magnetfox.com/" "Mozilla/4.0 (compatible; MSIE 6.0; Windows NT 5.1; SV1; InfoPath.1"
178.137.128.76 - - [11/Mar/2013:12:21:19 +0100] "GET / HTTP/1.1" 200 4014 "http://mirskidok.ru/" "Mozilla/4.0 (compatible; MSIE 6.0; Windows NT 5.1; SV1; InfoPath.1"
178.137.128.76 - - [11/Mar/2013:12:21:19 +0100] "GET / HTTP/1.1" 200 4014 "http://magnetfox.com/" "Mozilla/4.0 (compatible; MSIE 6.0; Windows NT 5.1; SV1; InfoPath.1"
178.137.128.76 - - [11/Mar/2013:12:21:19 +0100] "GET / HTTP/1.1" 200 4014 "http://onlinekinovse.ru/" "Mozilla/4.0 (compatible; MSIE 6.0; Windows NT 5.1; SV1; FunWebProducts; MRA 4.6 (build 01425); .NET CLR 1.1.4322; .NET CLR 2.0.50727)"
217.233.171.225 - - [11/Mar/2013:12:33:58 +0100] "GET / HTTP/1.1" 200 4014 "-" "Mozilla/5.0 (Windows NT 6.1; WOW64; rv:19.0) Gecko/20100101 Firefox/19.0"
217.233.171.225 - - [11/Mar/2013:12:33:59 +0100] "GET /back.jpg HTTP/1.1" 404 1256 "http://www.dialyse-waldbronn.de/" "Mozilla/5.0 (Windows NT 6.1; WOW64; rv:19.0) Gecko/20100101 Firefox/19.0"
217.233.171.225 - - [11/Mar/2013:12:33:59 +0100] "GET /index.swf HTTP/1.1" 200 8893 "http://www.dialyse-waldbronn.de/" "Mozilla/5.0 (Windows NT 6.1; WOW64; rv:19.0) Gecko/20100101 Firefox/19.0"
217.233.171.225 - - [11/Mar/2013:12:33:59 +0100] "GET /favicon.ico HTTP/1.1" 404 1256 "-" "Mozilla/5.0 (Windows NT 6.1; WOW64; rv:19.0) Gecko/20100101 Firefox/19.0"
217.233.171.225 - - [11/Mar/2013:12:34:05 +0100] "GET /back.jpg HTTP/1.1" 404 1256 "http://www.dialyse-waldbronn.de/" "Mozilla/5.0 (Windows NT 6.1; WOW64; rv:19.0) Gecko/20100101 Firefox/19.0"
217.233.171.225 - - [11/Mar/2013:12:34:07 +0100] "GET /00themen00.html HTTP/1.1" 200 2236 "http://www.dialyse-waldbronn.de/" "Mozilla/5.0 (Windows NT 6.1; WOW64; rv:19.0) Gecko/20100101 Firefox/19.0"
217.233.171.225 - - [11/Mar/2013:12:34:07 +0100] "GET /AC_RunActiveContent.js HTTP/1.1" 200 8029 "http://www.dialyse-waldbronn.de/00themen00.html" "Mozilla/5.0 (Windows NT 6.1; WOW64; rv:19.0) Gecko/20100101 Firefox/19.0"
217.233.171.225 - - [11/Mar/2013:12:34:08 +0100] "GET /00themen00.swf HTTP/1.1" 200 12608 "http://www.dialyse-waldbronn.de/00themen00.html" "Mozilla/5.0 (Windows NT 6.1; WOW64; rv:19.0) Gecko/20100101 Firefox/19.0"
217.233.171.225 - - [11/Mar/2013:12:34:10 +0100] "GET /04.html HTTP/1.1" 200 1988 "http://www.dialyse-waldbronn.de/00themen00.html" "Mozilla/5.0 (Windows NT 6.1; WOW64; rv:19.0) Gecko/20100101 Firefox/19.0"
217.233.171.225 - - [11/Mar/2013:12:34:10 +0100] "GET /04.swf HTTP/1.1" 200 20526 "http://www.dialyse-waldbronn.de/04.html" "Mozilla/5.0 (Windows NT 6.1; WOW64; rv:19.0) Gecko/20100101 Firefox/19.0"
217.233.171.225 - - [11/Mar/2013:12:44:33 +0100] "GET /03.html HTTP/1.1" 200 2012 "http://www.dialyse-waldbronn.de/00themen00.html" "Mozilla/5.0 (Windows NT 6.1; WOW64; rv:19.0) Gecko/20100101 Firefox/19.0"
217.233.171.225 - - [11/Mar/2013:12:44:33 +0100] "GET /03.swf HTTP/1.1" 200 79366 "http://www.dialyse-waldbronn.de/03.html" "Mozilla/5.0 (Windows NT 6.1; WOW64; rv:19.0) Gecko/20100101 Firefox/19.0"
217.233.171.225 - - [11/Mar/2013:12:44:57 +0100] "GET /01.html HTTP/1.1" 200 1988 "http://www.dialyse-waldbronn.de/00themen00.html" "Mozilla/5.0 (Windows NT 6.1; WOW64; rv:19.0) Gecko/20100101 Firefox/19.0"
217.233.171.225 - - [11/Mar/2013:12:44:57 +0100] "GET /01.swf HTTP/1.1" 200 36918 "http://www.dialyse-waldbronn.de/01.html" "Mozilla/5.0 (Windows NT 6.1; WOW64; rv:19.0) Gecko/20100101 Firefox/19.0"
217.233.171.225 - - [11/Mar/2013:12:45:17 +0100] "GET /08.html HTTP/1.1" 200 2068 "http://www.dialyse-waldbronn.de/00themen00.html" "Mozilla/5.0 (Windows NT 6.1; WOW64; rv:19.0) Gecko/20100101 Firefox/19.0"
217.233.171.225 - - [11/Mar/2013:12:45:17 +0100] "GET /08.swf HTTP/1.1" 200 22102 "http://www.dialyse-waldbronn.de/08.html" "Mozilla/5.0 (Windows NT 6.1; WOW64; rv:19.0) Gecko/20100101 Firefox/19.0"
217.233.171.225 - - [11/Mar/2013:12:51:23 +0100] "GET /04waldbronn.html HTTP/1.1" 200 2092 "http://www.dialyse-waldbronn.de/08.html" "Mozilla/5.0 (Windows NT 6.1; WOW64; rv:19.0) Gecko/20100101 Firefox/19.0"
217.233.171.225 - - [11/Mar/2013:12:51:23 +0100] "GET /04waldbronn.swf HTTP/1.1" 200 20798 "http://www.dialyse-waldbronn.de/04waldbronn.html" "Mozilla/5.0 (Windows NT 6.1; WOW64; rv:19.0) Gecko/20100101 Firefox/19.0"
66.249.78.134 - - [11/Mar/2013:14:00:13 +0100] "GET /robots.txt HTTP/1.1" 404 1256 "-" "Mozilla/5.0 (compatible; Googlebot/2.1; +http://www.google.com/bot.html)"
66.249.78.134 - - [11/Mar/2013:14:00:13 +0100] "GET / HTTP/1.1" 200 4014 "-" "Mozilla/5.0 (compatible; Googlebot/2.1; +http://www.google.com/bot.html)"
199.19.249.196 - - [11/Mar/2013:15:42:27 +0100] "GET /00themen00.html HTTP/1.1" 200 2236 "-" "Mozilla/4.0 (compatible; MSIE 7.0; Windows NT 5.1; InfoPath.1; .NET CLR 2.0.50727; .NET CLR 1.1.4322; MS-RTC LM 8; .NET CLR 3.0.4506.2152; .NET CLR 3.5.30729)"
134.2.188.3 - - [11/Mar/2013:15:42:28 +0100] "GET /00themen00.html HTTP/1.1" 200 2236 "http://www.dialyse-waldbronn.de/" "Mozilla/5.0 (Windows NT 5.1; rv:10.0.5) Gecko/20100101 Firefox/10.0.5"
134.2.188.3 - - [11/Mar/2013:15:42:28 +0100] "GET /AC_RunActiveContent.js HTTP/1.1" 200 8029 "-" "Mozilla/4.0 (compatible;)"
134.2.188.3 - - [11/Mar/2013:15:42:28 +0100] "GET /00themen00.swf HTTP/1.1" 200 12608 "-" "Mozilla/4.0 (compatible;)"
199.19.249.196 - - [11/Mar/2013:15:42:30 +0100] "GET /08.html HTTP/1.1" 200 2068 "-" "Mozilla/4.0 (compatible; MSIE 7.0; Windows NT 5.1; InfoPath.1; .NET CLR 2.0.50727; .NET CLR 1.1.4322; MS-RTC LM 8; .NET CLR 3.0.4506.2152; .NET CLR 3.5.30729)"
134.2.188.3 - - [11/Mar/2013:15:42:30 +0100] "GET /08.html HTTP/1.1" 200 2068 "http://www.dialyse-waldbronn.de/00themen00.html" "Mozilla/5.0 (Windows NT 5.1; rv:10.0.5) Gecko/20100101 Firefox/10.0.5"
134.2.188.3 - - [11/Mar/2013:15:42:30 +0100] "GET /08.swf HTTP/1.1" 200 22102 "-" "Mozilla/4.0 (compatible;)"
66.249.78.134 - - [11/Mar/2013:17:11:03 +0100] "GET /index.swf HTTP/1.1" 200 8893 "-" "Mozilla/5.0 (iPhone; U; CPU iPhone OS 4_1 like Mac OS X; en-us) AppleWebKit/532.9 (KHTML, like Gecko) Version/4.0.5 Mobile/8B117 Safari/6531.22.7 (compatible; Googlebot-Mobile/2.1; +http://www.google.com/bot.html)"
202.46.57.63 - - [12/Mar/2013:00:03:20 +0100] "GET / HTTP/1.1" 200 4014 "-" "Mozilla/4.0 (compatible; MSIE 7.0; Windows NT 6.0)"
119.63.193.131 - - [12/Mar/2013:00:04:14 +0100] "GET / HTTP/1.1" 200 4014 "-" "Mozilla/4.0 (compatible; MSIE 7.0; Windows NT 6.0)"
109.120.157.179 - - [12/Mar/2013:02:30:45 +0100] "GET / HTTP/1.1" 200 4014 "http://interservis.info/" "Mozilla/5.0 (compatible; Add Catalog/2.1;)"
109.120.157.179 - - [12/Mar/2013:02:30:46 +0100] "GET / HTTP/1.1" 200 4014 "http://interservis.info/" "Mozilla/5.0 (compatible; Add Catalog/2.1;)"
46.119.122.97 - - [12/Mar/2013:04:49:14 +0100] "GET / HTTP/1.1" 200 4014 "http://sanyamanya.ru/" "Mozilla/4.0 (compatible; MSIE 6.0; Windows XP)"
46.119.122.97 - - [12/Mar/2013:04:49:14 +0100] "GET / HTTP/1.1" 200 4014 "http://sanyamanya.ru/" "Mozilla/4.0 (compatible; MSIE 6.0; Windows XP)"
46.119.122.97 - - [12/Mar/2013:04:49:15 +0100] "GET / HTTP/1.1" 200 4014 "http://sanyamanya.ru/" "Mozilla/4.0 (compatible; MSIE 6.0; Windows XP)"
46.119.122.97 - - [12/Mar/2013:04:49:38 +0100] "GET / HTTP/1.1" 200 4014 "http://bestweddingday.com.ua/" "Mozilla/4.0 (compatible; MSIE 5.01; Windows 95; MSIECrawler)"
46.119.122.97 - - [12/Mar/2013:04:49:38 +0100] "GET / HTTP/1.1" 200 4014 "http://bestweddingday.com.ua/" "Mozilla/4.0 (compatible; MSIE 5.01; Windows 95; MSIECrawler)"
46.119.122.97 - - [12/Mar/2013:04:49:39 +0100] "GET / HTTP/1.1" 200 4014 "http://bestweddingday.com.ua/" "Mozilla/4.0 (compatible; MSIE 5.01; Windows 95; MSIECrawler)"
66.249.78.134 - - [12/Mar/2013:05:03:57 +0100] "GET /robots.txt HTTP/1.1" 404 1256 "-" "Mozilla/5.0 (compatible; Googlebot/2.1; +http://www.google.com/bot.html)"
66.249.75.125 - - [12/Mar/2013:05:03:57 +0100] "GET /05.html HTTP/1.1" 200 1988 "-" "DoCoMo/2.0 N905i(c100;TB;W24H16) (compatible; Googlebot-Mobile/2.1; +http://www.google.com/bot.html)"
202.46.53.39 - - [12/Mar/2013:06:03:44 +0100] "GET / HTTP/1.1" 200 4014 "-" "Mozilla/4.0 (compatible; MSIE 7.0; Windows NT 6.0)"
119.63.193.131 - - [12/Mar/2013:06:04:41 +0100] "GET / HTTP/1.1" 200 4014 "-" "Mozilla/4.0 (compatible; MSIE 7.0; Windows NT 6.0)"
14.140.237.50 - - [12/Mar/2013:06:15:07 +0100] "GET /01.html HTTP/1.1" 200 1988 "-" "Mozilla/5.0 (Windows NT 6.1; WOW64; rv:2.0) Gecko/20100101 Firefox/4.0"
14.140.237.50 - - [12/Mar/2013:06:15:07 +0100] "GET /AC_RunActiveContent.js HTTP/1.1" 200 8029 "http://www.dialyse-waldbronn.de/01.html" "Mozilla/5.0 (Windows NT 6.1; WOW64; rv:2.0) Gecko/20100101 Firefox/4.0"
14.140.237.50 - - [12/Mar/2013:06:15:08 +0100] "GET /favicon.ico HTTP/1.1" 404 1256 "-" "Mozilla/5.0 (Windows NT 6.1; WOW64; rv:2.0) Gecko/20100101 Firefox/4.0"
14.140.237.50 - - [12/Mar/2013:06:15:08 +0100] "GET /09.html HTTP/1.1" 200 2140 "-" "Mozilla/5.0 (Windows NT 6.1; WOW64; rv:2.0) Gecko/20100101 Firefox/4.0"
14.140.237.50 - - [12/Mar/2013:06:15:08 +0100] "GET /09.swf HTTP/1.1" 200 23193 "http://www.dialyse-waldbronn.de/09.html" "Mozilla/5.0 (Windows NT 6.1; WOW64; rv:2.0) Gecko/20100101 Firefox/4.0"
14.140.237.50 - - [12/Mar/2013:06:15:08 +0100] "GET /01.swf HTTP/1.1" 200 36918 "http://www.dialyse-waldbronn.de/01.html" "Mozilla/5.0 (Windows NT 6.1; WOW64; rv:2.0) Gecko/20100101 Firefox/4.0"
5.9.112.180 - - [12/Mar/2013:08:12:09 +0100] "GET /robots.txt HTTP/1.1" 404 1256 "-" "Mozilla/5.0 (compatible; SISTRIX Crawler; http://crawler.sistrix.net/)"
