84.167.75.5 - - [24/Feb/2013:19:31:37 +0100] "GET /01.swf HTTP/1.1" 200 36918 "http://www.dialyse-waldbronn.de/01.html" "Mozilla/5.0 (compatible; MSIE 9.0; Windows NT 6.1; Trident/5.0)"
84.167.75.5 - - [24/Feb/2013:19:31:58 +0100] "GET /02.html HTTP/1.1" 200 1988 "http://www.dialyse-waldbronn.de/00themen00.swf" "Mozilla/5.0 (compatible; MSIE 9.0; Windows NT 6.1; Trident/5.0)"
84.167.75.5 - - [24/Feb/2013:19:31:59 +0100] "GET /02.swf HTTP/1.1" 200 19509 "http://www.dialyse-waldbronn.de/02.html" "Mozilla/5.0 (compatible; MSIE 9.0; Windows NT 6.1; Trident/5.0)"
84.167.75.5 - - [24/Feb/2013:19:32:49 +0100] "GET /03.html HTTP/1.1" 200 2012 "http://www.dialyse-waldbronn.de/00themen00.swf" "Mozilla/5.0 (compatible; MSIE 9.0; Windows NT 6.1; Trident/5.0)"
84.167.75.5 - - [24/Feb/2013:19:32:49 +0100] "GET /03.swf HTTP/1.1" 200 79366 "http://www.dialyse-waldbronn.de/03.html" "Mozilla/5.0 (compatible; MSIE 9.0; Windows NT 6.1; Trident/5.0)"
84.167.75.5 - - [24/Feb/2013:19:33:10 +0100] "GET /03b.html HTTP/1.1" 200 2020 "http://www.dialyse-waldbronn.de/03.swf" "Mozilla/5.0 (compatible; MSIE 9.0; Windows NT 6.1; Trident/5.0)"
84.167.75.5 - - [24/Feb/2013:19:33:10 +0100] "GET /03b.swf HTTP/1.1" 200 198225 "http://www.dialyse-waldbronn.de/03b.html" "Mozilla/5.0 (compatible; MSIE 9.0; Windows NT 6.1; Trident/5.0)"
84.167.75.5 - - [24/Feb/2013:19:33:57 +0100] "GET /04.html HTTP/1.1" 200 1988 "http://www.dialyse-waldbronn.de/00themen00.swf" "Mozilla/5.0 (compatible; MSIE 9.0; Windows NT 6.1; Trident/5.0)"
84.167.75.5 - - [24/Feb/2013:19:33:58 +0100] "GET /04.swf HTTP/1.1" 200 20526 "http://www.dialyse-waldbronn.de/04.html" "Mozilla/5.0 (compatible; MSIE 9.0; Windows NT 6.1; Trident/5.0)"
84.167.75.5 - - [24/Feb/2013:19:34:03 +0100] "GET /05.html HTTP/1.1" 200 1988 "http://www.dialyse-waldbronn.de/00themen00.swf" "Mozilla/5.0 (compatible; MSIE 9.0; Windows NT 6.1; Trident/5.0)"
84.167.75.5 - - [24/Feb/2013:19:34:03 +0100] "GET /05.swf HTTP/1.1" 200 44441 "http://www.dialyse-waldbronn.de/05.html" "Mozilla/5.0 (compatible; MSIE 9.0; Windows NT 6.1; Trident/5.0)"
84.167.75.5 - - [24/Feb/2013:19:34:31 +0100] "GET /06.html HTTP/1.1" 200 1988 "http://www.dialyse-waldbronn.de/00themen00.swf" "Mozilla/5.0 (compatible; MSIE 9.0; Windows NT 6.1; Trident/5.0)"
84.167.75.5 - - [24/Feb/2013:19:34:31 +0100] "GET /06.swf HTTP/1.1" 200 18307 "http://www.dialyse-waldbronn.de/06.html" "Mozilla/5.0 (compatible; MSIE 9.0; Windows NT 6.1; Trident/5.0)"
84.167.75.5 - - [24/Feb/2013:19:34:37 +0100] "GET /08.html HTTP/1.1" 200 2068 "http://www.dialyse-waldbronn.de/00themen00.swf" "Mozilla/5.0 (compatible; MSIE 9.0; Windows NT 6.1; Trident/5.0)"
84.167.75.5 - - [24/Feb/2013:19:34:38 +0100] "GET /08.swf HTTP/1.1" 200 22102 "http://www.dialyse-waldbronn.de/08.html" "Mozilla/5.0 (compatible; MSIE 9.0; Windows NT 6.1; Trident/5.0)"
84.167.75.5 - - [24/Feb/2013:19:34:53 +0100] "GET /09.html HTTP/1.1" 200 2140 "http://www.dialyse-waldbronn.de/00themen00.swf" "Mozilla/5.0 (compatible; MSIE 9.0; Windows NT 6.1; Trident/5.0)"
84.167.75.5 - - [24/Feb/2013:19:34:53 +0100] "GET /09.swf HTTP/1.1" 200 23193 "http://www.dialyse-waldbronn.de/09.html" "Mozilla/5.0 (compatible; MSIE 9.0; Windows NT 6.1; Trident/5.0)"
84.167.75.5 - - [24/Feb/2013:19:35:11 +0100] "GET /09a.html HTTP/1.1" 200 2065 "http://www.dialyse-waldbronn.de/09.swf" "Mozilla/5.0 (compatible; MSIE 9.0; Windows NT 6.1; Trident/5.0)"
84.167.75.5 - - [24/Feb/2013:19:35:11 +0100] "GET /09a.swf HTTP/1.1" 200 19689 "http://www.dialyse-waldbronn.de/09a.html" "Mozilla/5.0 (compatible; MSIE 9.0; Windows NT 6.1; Trident/5.0)"
202.46.60.19 - - [24/Feb/2013:20:12:03 +0100] "GET / HTTP/1.1" 200 4014 "-" "Mozilla/4.0 (compatible; MSIE 7.0; Windows NT 6.0)"
119.63.193.132 - - [24/Feb/2013:20:13:15 +0100] "GET / HTTP/1.1" 200 4014 "-" "Mozilla/4.0 (compatible; MSIE 7.0; Windows NT 6.0)"
157.55.32.57 - - [24/Feb/2013:21:19:26 +0100] "GET /robots.txt HTTP/1.1" 404 1256 "-" "Mozilla/5.0 (compatible; bingbot/2.0; +http://www.bing.com/bingbot.htm)"
66.249.76.134 - - [24/Feb/2013:21:19:51 +0100] "GET /robots.txt HTTP/1.1" 404 1256 "-" "Mozilla/5.0 (compatible; Googlebot/2.1; +http://www.google.com/bot.html)"
66.249.76.134 - - [24/Feb/2013:21:19:51 +0100] "GET / HTTP/1.1" 200 4014 "-" "Mozilla/5.0 (iPhone; U; CPU iPhone OS 4_1 like Mac OS X; en-us) AppleWebKit/532.9 (KHTML, like Gecko) Version/4.0.5 Mobile/8B117 Safari/6531.22.7 (compatible; Googlebot-Mobile/2.1; +http://www.google.com/bot.html)"
157.55.32.57 - - [24/Feb/2013:21:32:33 +0100] "GET / HTTP/1.1" 200 4014 "-" "Mozilla/5.0 (compatible; bingbot/2.0; +http://www.bing.com/bingbot.htm)"
180.76.5.136 - - [24/Feb/2013:21:58:42 +0100] "GET /robots.txt HTTP/1.1" 404 1256 "-" "Mozilla/5.0 (Windows NT 5.1; rv:6.0.2) Gecko/20100101 Firefox/6.0.2"
193.106.136.32 - - [24/Feb/2013:22:26:26 +0100] "GET / HTTP/1.1" 200 4014 "http://wegens.ru/" "Mozilla/4.0 (compatible; MSIE 6.0; Windows NT 5.0; T312461)"
193.106.136.32 - - [24/Feb/2013:22:26:28 +0100] "GET / HTTP/1.1" 200 4014 "http://wegens.ru/" "Mozilla/4.0 (compatible; MSIE 6.0; Windows NT 5.0; T312461)"
157.55.32.57 - - [24/Feb/2013:22:28:49 +0100] "GET /robots.txt HTTP/1.1" 404 1256 "-" "Mozilla/5.0 (compatible; bingbot/2.0; +http://www.bing.com/bingbot.htm)"
157.55.32.57 - - [24/Feb/2013:22:34:21 +0100] "GET / HTTP/1.1" 200 4014 "-" "Mozilla/5.0 (compatible; bingbot/2.0; +http://www.bing.com/bingbot.htm)"
180.76.5.169 - - [24/Feb/2013:23:48:16 +0100] "GET / HTTP/1.1" 304 - "-" "Mozilla/5.0 (compatible; Baiduspider/2.0; +http://www.baidu.com/search/spider.html)"
202.46.63.125 - - [25/Feb/2013:00:05:13 +0100] "GET / HTTP/1.1" 200 4014 "-" "Mozilla/4.0 (compatible; MSIE 7.0; Windows NT 6.0)"
119.63.193.195 - - [25/Feb/2013:00:06:08 +0100] "GET / HTTP/1.1" 200 4014 "-" "Mozilla/4.0 (compatible; MSIE 7.0; Windows NT 6.0)"
91.207.4.186 - - [25/Feb/2013:00:19:22 +0100] "GET / HTTP/1.1" 200 4014 "http://intimhot.ru/" "Mozilla/4.0 (compatible; MSIE 6.0; Windows NT 5.2; WOW64; SV1; .NET CLR 2.0.50727)"
91.207.4.186 - - [25/Feb/2013:00:19:22 +0100] "GET / HTTP/1.1" 200 4014 "http://intimhot.ru/" "Mozilla/4.0 (compatible; MSIE 6.0; Windows NT 5.2; WOW64; SV1; .NET CLR 2.0.50727)"
91.207.4.186 - - [25/Feb/2013:00:19:23 +0100] "GET / HTTP/1.1" 200 4014 "http://intimhot.ru/" "Mozilla/4.0 (compatible; MSIE 6.0; Windows NT 5.2; WOW64; SV1; .NET CLR 2.0.50727)"
178.137.5.24 - - [25/Feb/2013:00:43:42 +0100] "GET / HTTP/1.1" 200 4014 "http://sexo.ru/" "Mozilla/4.0 (compatible; MSIE 6.0; Windows NT 5.1; Maxthon; .NET CLR 1.1.4322)"
178.137.5.24 - - [25/Feb/2013:00:43:42 +0100] "GET / HTTP/1.1" 200 4014 "http://sexo.ru/" "Mozilla/4.0 (compatible; MSIE 6.0; Windows NT 5.1; Maxthon; .NET CLR 1.1.4322)"
178.137.5.24 - - [25/Feb/2013:00:43:43 +0100] "GET / HTTP/1.1" 200 4014 "http://sexo.ru/" "Mozilla/4.0 (compatible; MSIE 6.0; Windows NT 5.1; Maxthon; .NET CLR 1.1.4322)"
66.249.76.134 - - [25/Feb/2013:01:27:22 +0100] "GET /index.swf HTTP/1.1" 200 8893 "-" "Mozilla/5.0 (iPhone; U; CPU iPhone OS 4_1 like Mac OS X; en-us) AppleWebKit/532.9 (KHTML, like Gecko) Version/4.0.5 Mobile/8B117 Safari/6531.22.7 (compatible; Googlebot-Mobile/2.1; +http://www.google.com/bot.html)"
66.249.76.134 - - [25/Feb/2013:02:34:32 +0100] "GET / HTTP/1.1" 200 4014 "-" "Mozilla/5.0 (compatible; Googlebot/2.1; +http://www.google.com/bot.html)"
5.248.83.93 - - [25/Feb/2013:03:32:58 +0100] "GET / HTTP/1.1" 200 4014 "http://3gp-xxx.net/" "Mozilla/4.0 (compatible; MSIE 6.0; Windows NT 5.1; SV1; MRA 4.6 (build 01425); MRSPUTNIK 1, 5, 0, 19 SW)"
5.248.83.93 - - [25/Feb/2013:03:32:58 +0100] "GET / HTTP/1.1" 200 4014 "http://www.informator.com.ua/" "Mozilla/4.0 (compatible; MSIE 6.0; Windows NT 5.1)"
5.248.83.93 - - [25/Feb/2013:03:32:59 +0100] "GET / HTTP/1.1" 200 4014 "http://3gp-xxx.net/" "Mozilla/4.0 (compatible; MSIE 6.0; Windows NT 5.1; SV1; MRA 4.6 (build 01425); MRSPUTNIK 1, 5, 0, 19 SW)"
5.248.83.93 - - [25/Feb/2013:03:32:59 +0100] "GET / HTTP/1.1" 200 4014 "http://www.informator.com.ua/" "Mozilla/4.0 (compatible; MSIE 6.0; Windows NT 5.1)"
5.248.83.93 - - [25/Feb/2013:03:32:59 +0100] "GET / HTTP/1.1" 200 4014 "http://3gp-xxx.net/" "Mozilla/4.0 (compatible; MSIE 6.0; Windows NT 5.1; SV1; MRA 4.6 (build 01425); MRSPUTNIK 1, 5, 0, 19 SW)"
5.248.83.93 - - [25/Feb/2013:03:32:59 +0100] "GET / HTTP/1.1" 200 4014 "http://www.informator.com.ua/" "Mozilla/4.0 (compatible; MSIE 6.0; Windows NT 5.1)"
178.137.5.24 - - [25/Feb/2013:08:32:05 +0100] "GET / HTTP/1.1" 200 4014 "http://linoleumshop.ru/" "Opera/9.80 (Windows NT 6.0; U; en) Presto/2.7.62 Version/11.00"
178.137.5.24 - - [25/Feb/2013:08:32:05 +0100] "GET / HTTP/1.1" 200 4014 "http://linoleumshop.ru/" "Opera/9.80 (Windows NT 6.0; U; en) Presto/2.7.62 Version/11.00"
178.137.5.24 - - [25/Feb/2013:08:32:05 +0100] "GET / HTTP/1.1" 200 4014 "http://linoleumshop.ru/" "Opera/9.80 (Windows NT 6.0; U; en) Presto/2.7.62 Version/11.00"
91.207.4.186 - - [25/Feb/2013:09:04:10 +0100] "GET / HTTP/1.1" 200 4014 "http://lineage2club.ru/" "Mozilla/4.0 (compatible; MSIE 6.0; Windows NT 5.0; KTXN)"
91.207.4.186 - - [25/Feb/2013:09:04:10 +0100] "GET / HTTP/1.1" 200 4014 "http://lineage2club.ru/" "Mozilla/4.0 (compatible; MSIE 6.0; Windows NT 5.0; KTXN)"
91.207.4.186 - - [25/Feb/2013:09:04:11 +0100] "GET / HTTP/1.1" 200 4014 "http://lineage2club.ru/" "Mozilla/4.0 (compatible; MSIE 6.0; Windows NT 5.0; KTXN)"
5.135.125.181 - - [25/Feb/2013:09:44:36 +0100] "GET / HTTP/1.1" 200 4014 "-" "Mozilla/5.0 (compatible; MSIE 10.0; Windows NT 6.1; WOW64; Trident/6.0)"
66.249.76.134 - - [25/Feb/2013:11:14:42 +0100] "GET /robots.txt HTTP/1.1" 404 1256 "-" "Mozilla/5.0 (compatible; Googlebot/2.1; +http://www.google.com/bot.html)"
66.249.76.134 - - [25/Feb/2013:11:14:42 +0100] "GET /09a.html HTTP/1.1" 304 - "-" "Mozilla/5.0 (compatible; Googlebot/2.1; +http://www.google.com/bot.html)"
91.207.4.186 - - [25/Feb/2013:11:43:15 +0100] "GET / HTTP/1.1" 200 4014 "http://co-travel.ru/" "Mozilla/4.0 (compatible; MSIE 6.0; Windows NT 5.0; Avant Browser [avantbrowser.com]; Hotbar 4.4.5.0)"
91.207.4.186 - - [25/Feb/2013:11:43:15 +0100] "GET / HTTP/1.1" 200 4014 "http://co-travel.ru/" "Mozilla/4.0 (compatible; MSIE 6.0; Windows NT 5.0; Avant Browser [avantbrowser.com]; Hotbar 4.4.5.0)"
91.207.4.186 - - [25/Feb/2013:11:43:16 +0100] "GET / HTTP/1.1" 200 4014 "http://co-travel.ru/" "Mozilla/4.0 (compatible; MSIE 6.0; Windows NT 5.0; Avant Browser [avantbrowser.com]; Hotbar 4.4.5.0)"
202.46.49.72 - - [25/Feb/2013:12:03:48 +0100] "GET / HTTP/1.1" 200 4014 "-" "Mozilla/4.0 (compatible; MSIE 7.0; Windows NT 6.0)"
119.63.193.130 - - [25/Feb/2013:12:04:40 +0100] "GET / HTTP/1.1" 200 4014 "-" "Mozilla/4.0 (compatible; MSIE 7.0; Windows NT 6.0)"
157.55.32.114 - - [25/Feb/2013:12:40:26 +0100] "GET /robots.txt HTTP/1.1" 404 1256 "-" "Mozilla/5.0 (compatible; bingbot/2.0; +http://www.bing.com/bingbot.htm)"
65.55.208.120 - - [25/Feb/2013:13:43:18 +0100] "GET / HTTP/1.1" 200 4014 "-" "Mozilla/5.0 (Windows NT 6.1; WOW64) AppleWebKit/534+ (KHTML, like Gecko) BingPreview/1.0b"
141.8.147.12 - - [25/Feb/2013:14:04:39 +0100] "GET /robots.txt HTTP/1.1" 404 1256 "-" "Mozilla/5.0 (compatible; YandexBot/3.0; +http://yandex.com/bots)"
141.8.147.12 - - [25/Feb/2013:14:04:41 +0100] "GET / HTTP/1.1" 200 4014 "-" "Mozilla/5.0 (compatible; YandexBot/3.0; MirrorDetector; +http://yandex.com/bots)"
141.8.147.12 - - [25/Feb/2013:14:04:45 +0100] "GET / HTTP/1.1" 200 4014 "-" "Mozilla/5.0 (compatible; YandexBot/3.0; MirrorDetector; +http://yandex.com/bots)"
141.8.147.12 - - [25/Feb/2013:14:05:08 +0100] "GET /index.swf HTTP/1.1" 200 8893 "-" "Mozilla/5.0 (compatible; YandexBot/3.0; +http://yandex.com/bots)"
84.245.154.122 - - [25/Feb/2013:16:01:41 +0100] "GET /09a.html HTTP/1.1" 200 2065 "http://www.google.de/url?sa=t&rct=j&q=%22anja%20menzinger%22&source=web&cd=1&ved=0CDAQFjAA&url=http%3A%2F%2Fwww.dialyse-waldbronn.de%2F09a.html&ei=WHwrUYS7GsTBswbm3YDgBg&usg=AFQjCNG6uMrHKx5duZ5AcMzcLXwByavrQg&bvm=bv.42768644,d.Yms" "Mozilla/5.0 (compatible; MSIE 9.0; Windows NT 6.1; Trident/5.0)"
84.245.154.122 - - [25/Feb/2013:16:01:41 +0100] "GET /AC_RunActiveContent.js HTTP/1.1" 200 8029 "http://www.dialyse-waldbronn.de/09a.html" "Mozilla/5.0 (compatible; MSIE 9.0; Windows NT 6.1; Trident/5.0)"
84.245.154.122 - - [25/Feb/2013:16:01:41 +0100] "GET /09a.swf HTTP/1.1" 200 19689 "http://www.dialyse-waldbronn.de/09a.html" "Mozilla/5.0 (compatible; MSIE 9.0; Windows NT 6.1; Trident/5.0)"
84.245.154.122 - - [25/Feb/2013:16:01:42 +0100] "GET /favicon.ico HTTP/1.1" 404 1256 "-" "Mozilla/5.0 (compatible; MSIE 9.0; Windows NT 6.1; Trident/5.0)"
84.245.154.122 - - [25/Feb/2013:16:01:51 +0100] "GET /index.html HTTP/1.1" 200 4014 "http://www.dialyse-waldbronn.de/09a.swf" "Mozilla/5.0 (compatible; MSIE 9.0; Windows NT 6.1; Trident/5.0)"
84.245.154.122 - - [25/Feb/2013:16:01:51 +0100] "GET /back.jpg HTTP/1.1" 404 1256 "http://www.dialyse-waldbronn.de/index.html" "Mozilla/5.0 (compatible; MSIE 9.0; Windows NT 6.1; Trident/5.0)"
84.245.154.122 - - [25/Feb/2013:16:01:51 +0100] "HEAD /index.swf HTTP/1.1" 200 - "-" "contype"
84.245.154.122 - - [25/Feb/2013:16:01:51 +0100] "GET /index.swf HTTP/1.1" 200 8893 "http://www.dialyse-waldbronn.de/index.html" "Mozilla/5.0 (compatible; MSIE 9.0; Windows NT 6.1; Trident/5.0)"
84.245.154.122 - - [25/Feb/2013:16:01:51 +0100] "GET /favicon.ico HTTP/1.1" 404 1256 "-" "Mozilla/5.0 (compatible; MSIE 9.0; Windows NT 6.1; Trident/5.0)"
84.245.154.122 - - [25/Feb/2013:16:01:55 +0100] "GET /00themen00.html HTTP/1.1" 200 2236 "http://www.dialyse-waldbronn.de/index.swf" "Mozilla/5.0 (compatible; MSIE 9.0; Windows NT 6.1; Trident/5.0)"
84.245.154.122 - - [25/Feb/2013:16:01:57 +0100] "GET /00themen00.swf HTTP/1.1" 200 12608 "http://www.dialyse-waldbronn.de/00themen00.html" "Mozilla/5.0 (compatible; MSIE 9.0; Windows NT 6.1; Trident/5.0)"
84.245.154.122 - - [25/Feb/2013:16:01:59 +0100] "GET /01.html HTTP/1.1" 200 1988 "http://www.dialyse-waldbronn.de/00themen00.swf" "Mozilla/5.0 (compatible; MSIE 9.0; Windows NT 6.1; Trident/5.0)"
84.245.154.122 - - [25/Feb/2013:16:02:00 +0100] "GET /01.swf HTTP/1.1" 200 36918 "http://www.dialyse-waldbronn.de/01.html" "Mozilla/5.0 (compatible; MSIE 9.0; Windows NT 6.1; Trident/5.0)"
84.245.154.122 - - [25/Feb/2013:16:02:17 +0100] "GET /04.html HTTP/1.1" 200 1988 "http://www.dialyse-waldbronn.de/00themen00.swf" "Mozilla/5.0 (compatible; MSIE 9.0; Windows NT 6.1; Trident/5.0)"
84.245.154.122 - - [25/Feb/2013:16:02:17 +0100] "GET /04.swf HTTP/1.1" 200 20526 "http://www.dialyse-waldbronn.de/04.html" "Mozilla/5.0 (compatible; MSIE 9.0; Windows NT 6.1; Trident/5.0)"
84.245.154.122 - - [25/Feb/2013:16:02:27 +0100] "GET /07.html HTTP/1.1" 200 2372 "http://www.dialyse-waldbronn.de/00themen00.swf" "Mozilla/5.0 (compatible; MSIE 9.0; Windows NT 6.1; Trident/5.0)"
84.245.154.122 - - [25/Feb/2013:16:02:28 +0100] "GET /07.swf HTTP/1.1" 200 22237 "http://www.dialyse-waldbronn.de/07.html" "Mozilla/5.0 (compatible; MSIE 9.0; Windows NT 6.1; Trident/5.0)"
84.245.154.122 - - [25/Feb/2013:16:02:54 +0100] "GET /back.jpg HTTP/1.1" 404 1256 "http://www.dialyse-waldbronn.de/index.html" "Mozilla/5.0 (compatible; MSIE 9.0; Windows NT 6.1; Trident/5.0)"
84.245.154.122 - - [25/Feb/2013:16:02:54 +0100] "HEAD /index.swf HTTP/1.1" 200 - "-" "contype"
92.249.127.111 - - [25/Feb/2013:16:16:11 +0100] "GET / HTTP/1.1" 200 4014 "http://gilina.ru/" "Mozilla/5.0 (compatible; news bot /2.1)"
92.249.127.111 - - [25/Feb/2013:16:16:12 +0100] "GET / HTTP/1.1" 200 4014 "http://gilina.ru/" "Mozilla/5.0 (compatible; news bot /2.1)"
92.249.127.111 - - [25/Feb/2013:16:16:12 +0100] "GET / HTTP/1.1" 200 4014 "http://gilina.ru/" "Mozilla/5.0 (compatible; news bot /2.1)"
217.82.169.124 - - [25/Feb/2013:16:16:49 +0100] "GET / HTTP/1.1" 200 4014 "http://de.search.yahoo.com/search?p=feriendialyse+schwarzwald&ei=UTF-8&fr=moz35" "Mozilla/5.0 (Windows NT 6.0; rv:18.0) Gecko/20100101 Firefox/18.0"
217.82.169.124 - - [25/Feb/2013:16:16:50 +0100] "GET /back.jpg HTTP/1.1" 404 1256 "http://www.dialyse-waldbronn.de/" "Mozilla/5.0 (Windows NT 6.0; rv:18.0) Gecko/20100101 Firefox/18.0"
217.82.169.124 - - [25/Feb/2013:16:16:50 +0100] "GET /index.swf HTTP/1.1" 200 8893 "http://www.dialyse-waldbronn.de/" "Mozilla/5.0 (Windows NT 6.0; rv:18.0) Gecko/20100101 Firefox/18.0"
217.82.169.124 - - [25/Feb/2013:16:16:51 +0100] "GET /favicon.ico HTTP/1.1" 404 1256 "-" "Mozilla/5.0 (Windows NT 6.0; rv:18.0) Gecko/20100101 Firefox/18.0"
217.82.169.124 - - [25/Feb/2013:16:16:51 +0100] "GET /favicon.ico HTTP/1.1" 404 1256 "-" "Mozilla/5.0 (Windows NT 6.0; rv:18.0) Gecko/20100101 Firefox/18.0"
217.82.169.124 - - [25/Feb/2013:16:16:58 +0100] "GET /00themen00.html HTTP/1.1" 200 2236 "http://www.dialyse-waldbronn.de/" "Mozilla/5.0 (Windows NT 6.0; rv:18.0) Gecko/20100101 Firefox/18.0"
217.82.169.124 - - [25/Feb/2013:16:16:58 +0100] "GET /AC_RunActiveContent.js HTTP/1.1" 200 8029 "http://www.dialyse-waldbronn.de/00themen00.html" "Mozilla/5.0 (Windows NT 6.0; rv:18.0) Gecko/20100101 Firefox/18.0"
217.82.169.124 - - [25/Feb/2013:16:16:59 +0100] "GET /00themen00.swf HTTP/1.1" 200 12608 "http://www.dialyse-waldbronn.de/00themen00.html" "Mozilla/5.0 (Windows NT 6.0; rv:18.0) Gecko/20100101 Firefox/18.0"
217.82.169.124 - - [25/Feb/2013:16:17:04 +0100] "GET /05.html HTTP/1.1" 200 1988 "http://www.dialyse-waldbronn.de/00themen00.html" "Mozilla/5.0 (Windows NT 6.0; rv:18.0) Gecko/20100101 Firefox/18.0"
217.82.169.124 - - [25/Feb/2013:16:17:04 +0100] "GET /05.swf HTTP/1.1" 200 44441 "http://www.dialyse-waldbronn.de/05.html" "Mozilla/5.0 (Windows NT 6.0; rv:18.0) Gecko/20100101 Firefox/18.0"
202.46.54.50 - - [25/Feb/2013:18:06:51 +0100] "GET / HTTP/1.1" 200 4014 "-" "Mozilla/4.0 (compatible; MSIE 7.0; Windows NT 6.0)"
119.63.193.131 - - [25/Feb/2013:18:07:50 +0100] "GET / HTTP/1.1" 200 4014 "-" "Mozilla/4.0 (compatible; MSIE 7.0; Windows NT 6.0)"
178.137.5.24 - - [25/Feb/2013:20:22:06 +0100] "GET / HTTP/1.1" 200 4014 "http://technorix.ru/" "Mozilla/4.0 (compatible; MSIE 6.0; Windows NT 5.1; SV1; YPC 3.0.2; .NET CLR 1.1.4322; yplus 4.4.02b)"
178.137.5.24 - - [25/Feb/2013:20:22:06 +0100] "GET / HTTP/1.1" 200 4014 "http://technorix.ru/" "Mozilla/4.0 (compatible; MSIE 6.0; Windows NT 5.1; SV1; YPC 3.0.2; .NET CLR 1.1.4322; yplus 4.4.02b)"
178.137.5.24 - - [25/Feb/2013:20:22:06 +0100] "GET / HTTP/1.1" 200 4014 "http://technorix.ru/" "Mozilla/4.0 (compatible; MSIE 6.0; Windows NT 5.1; SV1; YPC 3.0.2; .NET CLR 1.1.4322; yplus 4.4.02b)"
180.76.5.162 - - [25/Feb/2013:22:25:23 +0100] "GET /robots.txt HTTP/1.1" 404 1256 "-" "Mozilla/5.0 (Windows NT 5.1; rv:6.0.2) Gecko/20100101 Firefox/6.0.2"
91.207.4.186 - - [25/Feb/2013:22:40:56 +0100] "GET / HTTP/1.1" 200 4014 "http://pro-recipe.ru/" "Mozilla/4.0 (compatible; MSIE 6.0; Windows NT 5.0; Avant Browser [avantbrowser.com]; Hotbar 4.4.5.0)"
91.207.4.186 - - [25/Feb/2013:22:40:56 +0100] "GET / HTTP/1.1" 200 4014 "http://pro-recipe.ru/" "Mozilla/4.0 (compatible; MSIE 6.0; Windows NT 5.0; Avant Browser [avantbrowser.com]; Hotbar 4.4.5.0)"
91.207.4.186 - - [25/Feb/2013:22:40:57 +0100] "GET / HTTP/1.1" 200 4014 "http://pro-recipe.ru/" "Mozilla/4.0 (compatible; MSIE 6.0; Windows NT 5.0; Avant Browser [avantbrowser.com]; Hotbar 4.4.5.0)"
66.249.76.134 - - [25/Feb/2013:23:17:01 +0100] "GET /robots.txt HTTP/1.1" 404 1256 "-" "Mozilla/5.0 (compatible; Googlebot/2.1; +http://www.google.com/bot.html)"
66.249.76.134 - - [25/Feb/2013:23:17:01 +0100] "GET /09.html HTTP/1.1" 304 - "-" "Mozilla/5.0 (iPhone; U; CPU iPhone OS 4_1 like Mac OS X; en-us) AppleWebKit/532.9 (KHTML, like Gecko) Version/4.0.5 Mobile/8B117 Safari/6531.22.7 (compatible; Googlebot-Mobile/2.1; +http://www.google.com/bot.html)"
5.248.83.93 - - [25/Feb/2013:23:56:37 +0100] "GET / HTTP/1.1" 200 4014 "http://zalezt.ru/" "Mozilla/4.0 (compatible; MSIE 6.0; Windows XP)"
5.248.83.93 - - [25/Feb/2013:23:56:37 +0100] "GET / HTTP/1.1" 200 4014 "http://zalezt.ru/" "Mozilla/4.0 (compatible; MSIE 6.0; Windows XP)"
5.248.83.93 - - [25/Feb/2013:23:56:38 +0100] "GET / HTTP/1.1" 200 4014 "http://zalezt.ru/" "Mozilla/4.0 (compatible; MSIE 6.0; Windows XP)"
202.46.48.27 - - [26/Feb/2013:00:05:38 +0100] "GET / HTTP/1.1" 200 4014 "-" "Mozilla/4.0 (compatible; MSIE 7.0; Windows NT 6.0)"
119.63.193.196 - - [26/Feb/2013:00:06:33 +0100] "GET / HTTP/1.1" 200 4014 "-" "Mozilla/4.0 (compatible; MSIE 7.0; Windows NT 6.0)"
84.19.190.55 - - [26/Feb/2013:00:51:45 +0100] "GET /robots.txt HTTP/1.1" 404 1256 "-" "Mozilla/5.0 (compatible; UnisterBot; crawler@unister.de)"
84.19.190.55 - - [26/Feb/2013:00:51:45 +0100] "GET / HTTP/1.1" 200 4014 "-" "Mozilla/5.0 (compatible; UnisterBot; crawler@unister.de)"
193.106.136.32 - - [26/Feb/2013:02:19:42 +0100] "GET / HTTP/1.1" 200 4014 "http://wegens.ru/" "Mozilla/4.0 (compatible; MSIE 6.0; Windows NT 5.2; Win64; AMD64)"
193.106.136.32 - - [26/Feb/2013:02:19:42 +0100] "GET / HTTP/1.1" 200 4014 "http://wegens.ru/" "Mozilla/4.0 (compatible; MSIE 6.0; Windows NT 5.2; Win64; AMD64)"
5.9.112.66 - - [26/Feb/2013:03:10:15 +0100] "GET /robots.txt HTTP/1.1" 404 1256 "-" "Mozilla/5.0 (compatible; SISTRIX Crawler; http://crawler.sistrix.net/)"
5.9.112.66 - - [26/Feb/2013:03:10:15 +0100] "GET / HTTP/1.1" 200 4014 "-" "Mozilla/5.0 (compatible; SISTRIX Crawler; http://crawler.sistrix.net/)"
66.249.76.134 - - [26/Feb/2013:04:40:32 +0100] "GET / HTTP/1.1" 200 4014 "-" "SAMSUNG-SGH-E250/1.0 Profile/MIDP-2.0 Configuration/CLDC-1.1 UP.Browser/6.2.3.3.c.1.101 (GUI) MMP/2.0 (compatible; Googlebot-Mobile/2.1; +http://www.google.com/bot.html)"
66.249.76.134 - - [26/Feb/2013:05:04:25 +0100] "GET / HTTP/1.1" 200 4014 "-" "DoCoMo/2.0 N905i(c100;TB;W24H16) (compatible; Googlebot-Mobile/2.1; +http://www.google.com/bot.html)"
202.46.61.29 - - [26/Feb/2013:06:05:52 +0100] "GET / HTTP/1.1" 200 4014 "-" "Mozilla/4.0 (compatible; MSIE 7.0; Windows NT 6.0)"
119.63.193.195 - - [26/Feb/2013:06:06:54 +0100] "GET / HTTP/1.1" 200 4014 "-" "Mozilla/4.0 (compatible; MSIE 7.0; Windows NT 6.0)"
66.249.76.134 - - [26/Feb/2013:11:57:40 +0100] "GET /robots.txt HTTP/1.1" 404 1256 "-" "Mozilla/5.0 (compatible; Googlebot/2.1; +http://www.google.com/bot.html)"
202.46.51.41 - - [26/Feb/2013:12:02:29 +0100] "GET / HTTP/1.1" 200 4014 "-" "Mozilla/4.0 (compatible; MSIE 7.0; Windows NT 6.0)"
119.63.193.195 - - [26/Feb/2013:12:03:23 +0100] "GET / HTTP/1.1" 200 4014 "-" "Mozilla/4.0 (compatible; MSIE 7.0; Windows NT 6.0)"
89.108.102.171 - - [26/Feb/2013:12:38:29 +0100] "GET / HTTP/1.1" 200 4014 "http://tovray.ru/" "Mozilla/4.0 (compatible; MSIE 7.0b; Windows NT 6.0)"
89.108.102.171 - - [26/Feb/2013:12:38:31 +0100] "GET / HTTP/1.1" 200 4014 "http://tovray.ru/" "Mozilla/4.0 (compatible; MSIE 7.0b; Windows NT 6.0)"
157.55.32.114 - - [26/Feb/2013:14:06:57 +0100] "GET /robots.txt HTTP/1.1" 404 1256 "-" "Mozilla/5.0 (compatible; bingbot/2.0; +http://www.bing.com/bingbot.htm)"
157.55.32.114 - - [26/Feb/2013:14:08:34 +0100] "GET / HTTP/1.1" 200 4014 "-" "Mozilla/5.0 (compatible; bingbot/2.0; +http://www.bing.com/bingbot.htm)"
65.55.208.178 - - [26/Feb/2013:14:08:34 +0100] "GET / HTTP/1.1" 200 4014 "-" "Mozilla/5.0 (Windows NT 6.1; WOW64) AppleWebKit/534+ (KHTML, like Gecko) BingPreview/1.0b"
202.46.62.12 - - [26/Feb/2013:18:05:51 +0100] "GET / HTTP/1.1" 200 4014 "-" "Mozilla/4.0 (compatible; MSIE 7.0; Windows NT 6.0)"
119.63.193.196 - - [26/Feb/2013:18:06:52 +0100] "GET / HTTP/1.1" 200 4014 "-" "Mozilla/4.0 (compatible; MSIE 7.0; Windows NT 6.0)"
180.76.5.103 - - [26/Feb/2013:19:05:22 +0100] "GET /robots.txt HTTP/1.1" 404 1256 "-" "Mozilla/5.0 (Windows NT 5.1; rv:6.0.2) Gecko/20100101 Firefox/6.0.2"
5.248.83.93 - - [26/Feb/2013:19:15:08 +0100] "GET / HTTP/1.1" 200 4014 "http://pixelicious.ru/" "Mozilla/4.0 (compatible; MSIE 6.0; Windows NT 5.1; SV1; FunWebProducts; .NET CLR 1.1.4322; PeoplePal 6.2)"
5.248.83.93 - - [26/Feb/2013:19:15:12 +0100] "GET / HTTP/1.1" 200 4014 "http://pixelicious.ru/" "Mozilla/4.0 (compatible; MSIE 6.0; Windows NT 5.1; SV1; FunWebProducts; .NET CLR 1.1.4322; PeoplePal 6.2)"
5.248.83.93 - - [26/Feb/2013:19:15:12 +0100] "GET / HTTP/1.1" 200 4014 "http://pixelicious.ru/" "Mozilla/4.0 (compatible; MSIE 6.0; Windows NT 5.1; SV1; FunWebProducts; .NET CLR 1.1.4322; PeoplePal 6.2)"
66.249.78.134 - - [26/Feb/2013:22:18:05 +0100] "GET /robots.txt HTTP/1.1" 404 1256 "-" "Mozilla/5.0 (compatible; Googlebot/2.1; +http://www.google.com/bot.html)"
66.249.78.134 - - [26/Feb/2013:22:18:05 +0100] "GET / HTTP/1.1" 200 4014 "-" "Mozilla/5.0 (iPhone; U; CPU iPhone OS 4_1 like Mac OS X; en-us) AppleWebKit/532.9 (KHTML, like Gecko) Version/4.0.5 Mobile/8B117 Safari/6531.22.7 (compatible; Googlebot-Mobile/2.1; +http://www.google.com/bot.html)"
180.76.5.55 - - [26/Feb/2013:23:00:49 +0100] "GET / HTTP/1.1" 304 - "-" "Mozilla/5.0 (compatible; Baiduspider/2.0; +http://www.baidu.com/search/spider.html)"
202.46.57.68 - - [27/Feb/2013:00:03:27 +0100] "GET / HTTP/1.1" 200 4014 "-" "Mozilla/4.0 (compatible; MSIE 7.0; Windows NT 6.0)"
119.63.193.130 - - [27/Feb/2013:00:04:24 +0100] "GET / HTTP/1.1" 200 4014 "-" "Mozilla/4.0 (compatible; MSIE 7.0; Windows NT 6.0)"
178.137.5.24 - - [27/Feb/2013:00:08:56 +0100] "GET / HTTP/1.1" 200 4014 "http://evro-schengen.ru/" "Opera/9.0 (Windows NT 5.1; U; en)"
178.137.5.24 - - [27/Feb/2013:00:08:57 +0100] "GET / HTTP/1.1" 200 4014 "http://evro-schengen.ru/" "Opera/9.0 (Windows NT 5.1; U; en)"
178.137.5.24 - - [27/Feb/2013:00:08:57 +0100] "GET / HTTP/1.1" 200 4014 "http://evro-schengen.ru/" "Opera/9.0 (Windows NT 5.1; U; en)"
66.249.78.134 - - [27/Feb/2013:01:07:11 +0100] "GET / HTTP/1.1" 200 4014 "-" "Mozilla/5.0 (compatible; Googlebot/2.1; +http://www.google.com/bot.html)"
202.46.60.18 - - [27/Feb/2013:02:10:18 +0100] "GET / HTTP/1.1" 200 4014 "-" "Mozilla/4.0 (compatible; MSIE 7.0; Windows NT 6.0)"
119.63.193.196 - - [27/Feb/2013:02:11:27 +0100] "GET / HTTP/1.1" 200 4014 "-" "Mozilla/4.0 (compatible; MSIE 7.0; Windows NT 6.0)"
66.249.78.134 - - [27/Feb/2013:02:57:51 +0100] "GET /03.html HTTP/1.1" 304 - "-" "Mozilla/5.0 (iPhone; U; CPU iPhone OS 4_1 like Mac OS X; en-us) AppleWebKit/532.9 (KHTML, like Gecko) Version/4.0.5 Mobile/8B117 Safari/6531.22.7 (compatible; Googlebot-Mobile/2.1; +http://www.google.com/bot.html)"
193.106.136.32 - - [27/Feb/2013:04:40:46 +0100] "GET / HTTP/1.1" 200 4014 "http://terabita.by/" "Mozilla/4.0 (compatible; MSIE 6.0; Windows NT 5.1; SV1; .NET CLR 1.1.4322) Babya Discoverer 8.0:"
193.106.136.32 - - [27/Feb/2013:04:40:47 +0100] "GET / HTTP/1.1" 200 4014 "http://terabita.by/" "Mozilla/4.0 (compatible; MSIE 6.0; Windows NT 5.1; SV1; .NET CLR 1.1.4322) Babya Discoverer 8.0:"
5.248.83.93 - - [27/Feb/2013:05:25:33 +0100] "GET / HTTP/1.1" 200 4014 "http://www.taoomart.com/" "Mozilla/4.0 (compatible; MSIE 6.0; Windows XP)"
5.248.83.93 - - [27/Feb/2013:05:25:33 +0100] "GET / HTTP/1.1" 200 4014 "http://bestweddingday.com.ua/" "Mozilla/4.0 (compatible; MSIE 6.0; Windows XP)"
5.248.83.93 - - [27/Feb/2013:05:25:33 +0100] "GET / HTTP/1.1" 200 4014 "http://www.taoomart.com/" "Mozilla/4.0 (compatible; MSIE 6.0; Windows XP)"
5.248.83.93 - - [27/Feb/2013:05:25:34 +0100] "GET / HTTP/1.1" 200 4014 "http://bestweddingday.com.ua/" "Mozilla/4.0 (compatible; MSIE 6.0; Windows XP)"
5.248.83.93 - - [27/Feb/2013:05:25:34 +0100] "GET / HTTP/1.1" 200 4014 "http://bestweddingday.com.ua/" "Mozilla/4.0 (compatible; MSIE 6.0; Windows XP)"
5.248.83.93 - - [27/Feb/2013:05:25:38 +0100] "GET / HTTP/1.1" 200 4014 "http://www.taoomart.com/" "Mozilla/4.0 (compatible; MSIE 6.0; Windows XP)"
141.8.147.12 - - [27/Feb/2013:07:53:06 +0100] "GET /robots.txt HTTP/1.1" 404 1256 "-" "Mozilla/5.0 (compatible; YandexBot/3.0; +http://yandex.com/bots)"
202.46.55.31 - - [27/Feb/2013:12:04:09 +0100] "GET / HTTP/1.1" 200 4014 "-" "Mozilla/4.0 (compatible; MSIE 7.0; Windows NT 6.0)"
119.63.193.132 - - [27/Feb/2013:12:05:06 +0100] "GET / HTTP/1.1" 200 4014 "-" "Mozilla/4.0 (compatible; MSIE 7.0; Windows NT 6.0)"
141.8.147.12 - - [27/Feb/2013:12:26:47 +0100] "GET /09a.swf HTTP/1.1" 304 - "-" "Mozilla/5.0 (compatible; YandexBot/3.0; +http://yandex.com/bots)"
95.88.140.39 - - [27/Feb/2013:12:36:57 +0100] "GET / HTTP/1.1" 200 4014 "http://www.google.de/url?sa=t&rct=j&q=dialyse+waldbronn&source=web&cd=1&ved=0CDQQFjAA&url=http%3A%2F%2Fwww.dialyse-waldbronn.de%2F&ei=wO8tUcfoOYrlswaSloHQCw&usg=AFQjCNHEX_ZQroPS8hwDzjOxqVHmV6iDWw" "Mozilla/5.0 (Windows NT 6.1; WOW64; rv:18.0) Gecko/20100101 Firefox/18.0"
95.88.140.39 - - [27/Feb/2013:12:36:57 +0100] "GET /back.jpg HTTP/1.1" 404 1256 "http://www.dialyse-waldbronn.de/" "Mozilla/5.0 (Windows NT 6.1; WOW64; rv:18.0) Gecko/20100101 Firefox/18.0"
95.88.140.39 - - [27/Feb/2013:12:36:57 +0100] "GET /index.swf HTTP/1.1" 200 8893 "http://www.dialyse-waldbronn.de/" "Mozilla/5.0 (Windows NT 6.1; WOW64; rv:18.0) Gecko/20100101 Firefox/18.0"
95.88.140.39 - - [27/Feb/2013:12:36:58 +0100] "GET /favicon.ico HTTP/1.1" 404 1256 "-" "Mozilla/5.0 (Windows NT 6.1; WOW64; rv:18.0) Gecko/20100101 Firefox/18.0"
95.88.140.39 - - [27/Feb/2013:12:37:02 +0100] "GET /back.jpg HTTP/1.1" 404 1256 "http://www.dialyse-waldbronn.de/" "Mozilla/5.0 (Windows NT 6.1; WOW64; rv:18.0) Gecko/20100101 Firefox/18.0"
95.88.140.39 - - [27/Feb/2013:12:37:04 +0100] "GET /00themen00.html HTTP/1.1" 200 2236 "http://www.dialyse-waldbronn.de/" "Mozilla/5.0 (Windows NT 6.1; WOW64; rv:18.0) Gecko/20100101 Firefox/18.0"
95.88.140.39 - - [27/Feb/2013:12:37:04 +0100] "GET /AC_RunActiveContent.js HTTP/1.1" 200 8029 "http://www.dialyse-waldbronn.de/00themen00.html" "Mozilla/5.0 (Windows NT 6.1; WOW64; rv:18.0) Gecko/20100101 Firefox/18.0"
95.88.140.39 - - [27/Feb/2013:12:37:04 +0100] "GET /00themen00.swf HTTP/1.1" 200 12608 "http://www.dialyse-waldbronn.de/00themen00.html" "Mozilla/5.0 (Windows NT 6.1; WOW64; rv:18.0) Gecko/20100101 Firefox/18.0"
95.88.140.39 - - [27/Feb/2013:12:37:07 +0100] "GET /01.html HTTP/1.1" 200 1988 "http://www.dialyse-waldbronn.de/00themen00.html" "Mozilla/5.0 (Windows NT 6.1; WOW64; rv:18.0) Gecko/20100101 Firefox/18.0"
95.88.140.39 - - [27/Feb/2013:12:37:07 +0100] "GET /01.swf HTTP/1.1" 200 36918 "http://www.dialyse-waldbronn.de/01.html" "Mozilla/5.0 (Windows NT 6.1; WOW64; rv:18.0) Gecko/20100101 Firefox/18.0"
95.88.140.39 - - [27/Feb/2013:12:37:13 +0100] "GET /02.html HTTP/1.1" 200 1988 "http://www.dialyse-waldbronn.de/00themen00.html" "Mozilla/5.0 (Windows NT 6.1; WOW64; rv:18.0) Gecko/20100101 Firefox/18.0"
95.88.140.39 - - [27/Feb/2013:12:37:13 +0100] "GET /02.swf HTTP/1.1" 200 19509 "http://www.dialyse-waldbronn.de/02.html" "Mozilla/5.0 (Windows NT 6.1; WOW64; rv:18.0) Gecko/20100101 Firefox/18.0"
95.88.140.39 - - [27/Feb/2013:12:37:20 +0100] "GET /04.html HTTP/1.1" 200 1988 "http://www.dialyse-waldbronn.de/00themen00.html" "Mozilla/5.0 (Windows NT 6.1; WOW64; rv:18.0) Gecko/20100101 Firefox/18.0"
95.88.140.39 - - [27/Feb/2013:12:37:20 +0100] "GET /04.swf HTTP/1.1" 200 20526 "http://www.dialyse-waldbronn.de/04.html" "Mozilla/5.0 (Windows NT 6.1; WOW64; rv:18.0) Gecko/20100101 Firefox/18.0"
95.88.140.39 - - [27/Feb/2013:12:37:24 +0100] "GET /03.html HTTP/1.1" 200 2012 "http://www.dialyse-waldbronn.de/00themen00.html" "Mozilla/5.0 (Windows NT 6.1; WOW64; rv:18.0) Gecko/20100101 Firefox/18.0"
95.88.140.39 - - [27/Feb/2013:12:37:24 +0100] "GET /03.swf HTTP/1.1" 200 79366 "http://www.dialyse-waldbronn.de/03.html" "Mozilla/5.0 (Windows NT 6.1; WOW64; rv:18.0) Gecko/20100101 Firefox/18.0"
95.88.140.39 - - [27/Feb/2013:12:37:34 +0100] "GET /05.html HTTP/1.1" 200 1988 "http://www.dialyse-waldbronn.de/00themen00.html" "Mozilla/5.0 (Windows NT 6.1; WOW64; rv:18.0) Gecko/20100101 Firefox/18.0"
95.88.140.39 - - [27/Feb/2013:12:37:34 +0100] "GET /05.swf HTTP/1.1" 200 44441 "http://www.dialyse-waldbronn.de/05.html" "Mozilla/5.0 (Windows NT 6.1; WOW64; rv:18.0) Gecko/20100101 Firefox/18.0"
95.88.140.39 - - [27/Feb/2013:12:37:38 +0100] "GET /06.html HTTP/1.1" 200 1988 "http://www.dialyse-waldbronn.de/00themen00.html" "Mozilla/5.0 (Windows NT 6.1; WOW64; rv:18.0) Gecko/20100101 Firefox/18.0"
95.88.140.39 - - [27/Feb/2013:12:37:38 +0100] "GET /06.swf HTTP/1.1" 200 18307 "http://www.dialyse-waldbronn.de/06.html" "Mozilla/5.0 (Windows NT 6.1; WOW64; rv:18.0) Gecko/20100101 Firefox/18.0"
95.88.140.39 - - [27/Feb/2013:12:37:45 +0100] "GET /07.html HTTP/1.1" 200 2372 "http://www.dialyse-waldbronn.de/00themen00.html" "Mozilla/5.0 (Windows NT 6.1; WOW64; rv:18.0) Gecko/20100101 Firefox/18.0"
95.88.140.39 - - [27/Feb/2013:12:37:45 +0100] "GET /07.swf HTTP/1.1" 200 22237 "http://www.dialyse-waldbronn.de/07.html" "Mozilla/5.0 (Windows NT 6.1; WOW64; rv:18.0) Gecko/20100101 Firefox/18.0"
95.88.140.39 - - [27/Feb/2013:12:37:52 +0100] "GET /09.html HTTP/1.1" 200 2140 "http://www.dialyse-waldbronn.de/00themen00.html" "Mozilla/5.0 (Windows NT 6.1; WOW64; rv:18.0) Gecko/20100101 Firefox/18.0"
95.88.140.39 - - [27/Feb/2013:12:37:53 +0100] "GET /09.swf HTTP/1.1" 200 23193 "http://www.dialyse-waldbronn.de/09.html" "Mozilla/5.0 (Windows NT 6.1; WOW64; rv:18.0) Gecko/20100101 Firefox/18.0"
95.88.140.39 - - [27/Feb/2013:12:38:41 +0100] "GET /index.html HTTP/1.1" 200 4014 "http://www.dialyse-waldbronn.de/00themen00.html" "Mozilla/5.0 (Windows NT 6.1; WOW64; rv:18.0) Gecko/20100101 Firefox/18.0"
95.88.140.39 - - [27/Feb/2013:12:38:41 +0100] "GET /back.jpg HTTP/1.1" 404 1256 "http://www.dialyse-waldbronn.de/index.html" "Mozilla/5.0 (Windows NT 6.1; WOW64; rv:18.0) Gecko/20100101 Firefox/18.0"
91.207.4.186 - - [27/Feb/2013:12:54:59 +0100] "GET / HTTP/1.1" 200 4014 "http://saascenter.ru/" "Mozilla/4.0 (compatible; MSIE 6.0; Windows NT 5.0; Avant Browser [avantbrowser.com]; Hotbar 4.4.5.0)"
91.207.4.186 - - [27/Feb/2013:12:55:00 +0100] "GET / HTTP/1.1" 200 4014 "http://saascenter.ru/" "Mozilla/4.0 (compatible; MSIE 6.0; Windows NT 5.0; Avant Browser [avantbrowser.com]; Hotbar 4.4.5.0)"
91.207.4.186 - - [27/Feb/2013:12:55:00 +0100] "GET / HTTP/1.1" 200 4014 "http://saascenter.ru/" "Mozilla/4.0 (compatible; MSIE 6.0; Windows NT 5.0; Avant Browser [avantbrowser.com]; Hotbar 4.4.5.0)"
192.162.19.177 - - [27/Feb/2013:17:08:18 +0100] "GET / HTTP/1.1" 200 4014 "http://android-xxl.com/" "Mozilla/4.0 (compatible; MSIE 6.0; Windows NT 5.1; Maxthon; .NET CLR 1.1.4322)"
192.162.19.177 - - [27/Feb/2013:17:08:18 +0100] "GET / HTTP/1.1" 200 4014 "http://android-calendar.ru/" "Spyder (Mag Reiting: http://magic-top.com)"
192.162.19.177 - - [27/Feb/2013:17:08:18 +0100] "GET / HTTP/1.1" 200 4014 "http://android-calendar.ru/" "Spyder (Mag Reiting: http://magic-top.com)"
192.162.19.177 - - [27/Feb/2013:17:08:18 +0100] "GET / HTTP/1.1" 200 4014 "http://android-xxl.com/" "Mozilla/4.0 (compatible; MSIE 6.0; Windows NT 5.1; Maxthon; .NET CLR 1.1.4322)"
192.162.19.177 - - [27/Feb/2013:17:08:19 +0100] "GET / HTTP/1.1" 200 4014 "http://android-calendar.ru/" "Spyder (Mag Reiting: http://magic-top.com)"
192.162.19.177 - - [27/Feb/2013:17:08:19 +0100] "GET / HTTP/1.1" 200 4014 "http://android-xxl.com/" "Mozilla/4.0 (compatible; MSIE 6.0; Windows NT 5.1; Maxthon; .NET CLR 1.1.4322)"
94.153.65.154 - - [27/Feb/2013:17:57:55 +0100] "GET / HTTP/1.1" 200 4014 "http://setisoft.com/" "Opera/7.11 (Windows NT 5.1; U) [en]"
94.153.65.154 - - [27/Feb/2013:17:57:59 +0100] "GET / HTTP/1.1" 200 4014 "http://setisoft.com/" "Opera/7.11 (Windows NT 5.1; U) [en]"
94.153.65.154 - - [27/Feb/2013:17:57:59 +0100] "GET / HTTP/1.1" 200 4014 "http://setisoft.com/" "Opera/7.11 (Windows NT 5.1; U) [en]"
202.46.57.80 - - [27/Feb/2013:18:07:08 +0100] "GET / HTTP/1.1" 200 4014 "-" "Mozilla/4.0 (compatible; MSIE 7.0; Windows NT 6.0)"
119.63.193.131 - - [27/Feb/2013:18:08:11 +0100] "GET / HTTP/1.1" 200 4014 "-" "Mozilla/4.0 (compatible; MSIE 7.0; Windows NT 6.0)"
195.242.218.133 - - [27/Feb/2013:19:06:14 +0100] "GET / HTTP/1.1" 200 4014 "http://gdz-onlain.ru/" "Mozilla/4.0 (compatible; MSIE 5.5; Windows 98)"
195.242.218.133 - - [27/Feb/2013:19:06:15 +0100] "GET / HTTP/1.1" 200 4014 "http://gdz-onlain.ru/" "Mozilla/4.0 (compatible; MSIE 5.5; Windows 98)"
195.242.218.133 - - [27/Feb/2013:19:06:16 +0100] "GET / HTTP/1.1" 200 4014 "http://gdz-onlain.ru/" "Mozilla/4.0 (compatible; MSIE 5.5; Windows 98)"
180.76.5.15 - - [27/Feb/2013:19:16:53 +0100] "GET /robots.txt HTTP/1.1" 404 1256 "-" "Mozilla/5.0 (Windows NT 5.1; rv:6.0.2) Gecko/20100101 Firefox/6.0.2"
91.207.4.186 - - [27/Feb/2013:20:22:50 +0100] "GET / HTTP/1.1" 200 4014 "http://www.uasexphone.com/" "Mozilla/4.0 (compatible; MSIE 6.0; Windows NT 5.0; Avant Browser [avantbrowser.com]; Hotbar 4.4.5.0)"
91.207.4.186 - - [27/Feb/2013:20:22:50 +0100] "GET / HTTP/1.1" 200 4014 "http://www.uasexphone.com/" "Mozilla/4.0 (compatible; MSIE 6.0; Windows NT 5.0; Avant Browser [avantbrowser.com]; Hotbar 4.4.5.0)"
91.207.4.186 - - [27/Feb/2013:20:22:51 +0100] "GET / HTTP/1.1" 200 4014 "http://www.uasexphone.com/" "Mozilla/4.0 (compatible; MSIE 6.0; Windows NT 5.0; Avant Browser [avantbrowser.com]; Hotbar 4.4.5.0)"
85.186.103.66 - - [27/Feb/2013:21:11:30 +0100] "GET / HTTP/1.1" 200 4014 "-" "Mozilla/5.0 (Windows; U; Windows NT 5.1; en-US; rv:1.8.1.1) Gecko/20061204 Firefox/2.0.0.1"
85.186.103.66 - - [27/Feb/2013:21:11:31 +0100] "GET / HTTP/1.1" 200 4014 "-" "Mozilla/5.0 (Windows; U; Windows NT 5.1; en-US; rv:1.8.1.1) Gecko/20061204 Firefox/2.0.0.1"
94.153.65.154 - - [27/Feb/2013:21:34:12 +0100] "GET / HTTP/1.1" 200 4014 "http://magazin-masterov.ru/" "Mozilla/4.0 (compatible; MSIE 6.0; Windows NT 5.1; MRA 4.3 (build 01218); .NET CLR 1.1.4322)"
94.153.65.154 - - [27/Feb/2013:21:34:13 +0100] "GET / HTTP/1.1" 200 4014 "http://magazin-masterov.ru/" "Mozilla/4.0 (compatible; MSIE 6.0; Windows NT 5.1; MRA 4.3 (build 01218); .NET CLR 1.1.4322)"
94.153.65.154 - - [27/Feb/2013:21:34:13 +0100] "GET / HTTP/1.1" 200 4014 "http://magazin-masterov.ru/" "Mozilla/4.0 (compatible; MSIE 6.0; Windows NT 5.1; MRA 4.3 (build 01218); .NET CLR 1.1.4322)"
109.120.157.179 - - [27/Feb/2013:23:06:11 +0100] "GET / HTTP/1.1" 200 4014 "http://jobroom.ru/" "Mozilla/5.0 (compatible; Add Catalog/2.1;)"
109.120.157.179 - - [27/Feb/2013:23:06:11 +0100] "GET / HTTP/1.1" 200 4014 "http://jobroom.ru/" "Mozilla/5.0 (compatible; Add Catalog/2.1;)"
66.249.76.134 - - [27/Feb/2013:23:13:45 +0100] "GET /robots.txt HTTP/1.1" 404 1256 "-" "Mozilla/5.0 (compatible; Googlebot/2.1; +http://www.google.com/bot.html)"
66.249.76.134 - - [27/Feb/2013:23:13:45 +0100] "GET /09a.html HTTP/1.1" 304 - "-" "Mozilla/5.0 (iPhone; U; CPU iPhone OS 4_1 like Mac OS X; en-us) AppleWebKit/532.9 (KHTML, like Gecko) Version/4.0.5 Mobile/8B117 Safari/6531.22.7 (compatible; Googlebot-Mobile/2.1; +http://www.google.com/bot.html)"
202.46.52.27 - - [28/Feb/2013:00:05:10 +0100] "GET / HTTP/1.1" 200 4014 "-" "Mozilla/4.0 (compatible; MSIE 7.0; Windows NT 6.0)"
119.63.193.196 - - [28/Feb/2013:00:06:07 +0100] "GET / HTTP/1.1" 200 4014 "-" "Mozilla/4.0 (compatible; MSIE 7.0; Windows NT 6.0)"
91.207.4.186 - - [28/Feb/2013:00:54:33 +0100] "GET / HTTP/1.1" 200 4014 "http://co-travel.ru/" "Mozilla/4.0 (compatible; MSIE 6.0; Windows NT 5.0; Avant Browser [avantbrowser.com]; Hotbar 4.4.5.0)"
91.207.4.186 - - [28/Feb/2013:00:54:33 +0100] "GET / HTTP/1.1" 200 4014 "http://co-travel.ru/" "Mozilla/4.0 (compatible; MSIE 6.0; Windows NT 5.0; Avant Browser [avantbrowser.com]; Hotbar 4.4.5.0)"
91.207.4.186 - - [28/Feb/2013:00:54:34 +0100] "GET / HTTP/1.1" 200 4014 "http://co-travel.ru/" "Mozilla/4.0 (compatible; MSIE 6.0; Windows NT 5.0; Avant Browser [avantbrowser.com]; Hotbar 4.4.5.0)"
5.248.83.93 - - [28/Feb/2013:01:32:14 +0100] "GET / HTTP/1.1" 200 4014 "http://zalezt.ru/" "Mozilla/4.0 (compatible; MSIE 6.0; Windows XP)"
5.248.83.93 - - [28/Feb/2013:01:32:14 +0100] "GET / HTTP/1.1" 200 4014 "http://zalezt.ru/" "Mozilla/4.0 (compatible; MSIE 6.0; Windows XP)"
5.248.83.93 - - [28/Feb/2013:01:32:14 +0100] "GET / HTTP/1.1" 200 4014 "http://zalezt.ru/" "Mozilla/4.0 (compatible; MSIE 6.0; Windows XP)"
202.46.56.41 - - [28/Feb/2013:06:06:45 +0100] "GET / HTTP/1.1" 200 4014 "-" "Mozilla/4.0 (compatible; MSIE 7.0; Windows NT 6.0)"
119.63.193.194 - - [28/Feb/2013:06:07:44 +0100] "GET / HTTP/1.1" 200 4014 "-" "Mozilla/4.0 (compatible; MSIE 7.0; Windows NT 6.0)"
92.249.127.111 - - [28/Feb/2013:06:45:53 +0100] "GET / HTTP/1.1" 200 4014 "http://gilina.ru/" "Mozilla/5.0 (compatible; news bot /2.1)"
92.249.127.111 - - [28/Feb/2013:06:45:53 +0100] "GET / HTTP/1.1" 200 4014 "http://gilina.ru/" "Mozilla/5.0 (compatible; news bot /2.1)"
92.249.127.111 - - [28/Feb/2013:06:45:54 +0100] "GET / HTTP/1.1" 200 4014 "http://gilina.ru/" "Mozilla/5.0 (compatible; news bot /2.1)"
157.56.93.204 - - [28/Feb/2013:07:53:07 +0100] "GET /robots.txt HTTP/1.1" 404 1256 "-" "Mozilla/5.0 (compatible; bingbot/2.0; +http://www.bing.com/bingbot.htm)"
157.56.93.204 - - [28/Feb/2013:07:55:32 +0100] "GET / HTTP/1.1" 200 4014 "-" "Mozilla/5.0 (compatible; bingbot/2.0; +http://www.bing.com/bingbot.htm)"
193.106.136.32 - - [28/Feb/2013:08:05:27 +0100] "GET / HTTP/1.1" 200 4014 "http://www.tostead.ru/" "Mozilla/4.0 (compatible; MSIE 6.0; Windows NT 5.1; Crazy Browser 1.0.5)"
193.106.136.32 - - [28/Feb/2013:08:05:27 +0100] "GET / HTTP/1.1" 200 4014 "http://www.tostead.ru/" "Mozilla/4.0 (compatible; MSIE 6.0; Windows NT 5.1; Crazy Browser 1.0.5)"
202.46.52.24 - - [28/Feb/2013:08:12:16 +0100] "GET / HTTP/1.1" 200 4014 "-" "Mozilla/4.0 (compatible; MSIE 7.0; Windows NT 6.0)"
119.63.193.195 - - [28/Feb/2013:08:13:27 +0100] "GET / HTTP/1.1" 200 4014 "-" "Mozilla/4.0 (compatible; MSIE 7.0; Windows NT 6.0)"
91.207.4.186 - - [28/Feb/2013:11:12:44 +0100] "GET / HTTP/1.1" 200 4014 "http://web-betting.ru/" "Mozilla/6.0 (compatible; MSIE 7.0a1; Windows NT 5.2; SV1)"
91.207.4.186 - - [28/Feb/2013:11:12:45 +0100] "GET / HTTP/1.1" 200 4014 "http://web-betting.ru/" "Mozilla/6.0 (compatible; MSIE 7.0a1; Windows NT 5.2; SV1)"
91.207.4.186 - - [28/Feb/2013:11:12:45 +0100] "GET / HTTP/1.1" 200 4014 "http://web-betting.ru/" "Mozilla/6.0 (compatible; MSIE 7.0a1; Windows NT 5.2; SV1)"
91.207.9.226 - - [28/Feb/2013:11:24:19 +0100] "GET / HTTP/1.1" 200 4014 "http://master-remont-tehniki.ru/" "Mozilla/3.0 (x86 [en] Windows NT 5.1; Sun)"
91.207.9.226 - - [28/Feb/2013:11:24:20 +0100] "GET / HTTP/1.1" 200 4014 "http://master-remont-tehniki.ru/" "Mozilla/3.0 (x86 [en] Windows NT 5.1; Sun)"
91.207.9.226 - - [28/Feb/2013:11:24:20 +0100] "GET / HTTP/1.1" 200 4014 "http://master-remont-tehniki.ru/" "Mozilla/3.0 (x86 [en] Windows NT 5.1; Sun)"
84.163.163.86 - - [28/Feb/2013:12:00:48 +0100] "GET /09a.html HTTP/1.1" 200 2065 "http://www.google.de/url?sa=t&rct=j&q=dr.%20anja%20menzinger%20waldbronn&source=web&cd=3&ved=0CD8QFjAC&url=http%3A%2F%2Fwww.dialyse-waldbronn.de%2F09a.html&ei=sDgvUc3-J6KL4AThhoHwBQ&usg=AFQjCNG6uMrHKx5duZ5AcMzcLXwByavrQg&bvm=bv.43148975,d.Yms" "Mozilla/5.0 (compatible; MSIE 9.0; Windows NT 6.1; WOW64; Trident/5.0)"
84.163.163.86 - - [28/Feb/2013:12:00:48 +0100] "GET /AC_RunActiveContent.js HTTP/1.1" 200 8029 "http://www.dialyse-waldbronn.de/09a.html" "Mozilla/5.0 (compatible; MSIE 9.0; Windows NT 6.1; WOW64; Trident/5.0)"
84.163.163.86 - - [28/Feb/2013:12:00:48 +0100] "GET /09a.swf HTTP/1.1" 200 19689 "http://www.dialyse-waldbronn.de/09a.html" "Mozilla/5.0 (compatible; MSIE 9.0; Windows NT 6.1; WOW64; Trident/5.0)"
84.163.163.86 - - [28/Feb/2013:12:00:49 +0100] "GET /favicon.ico HTTP/1.1" 404 1256 "-" "Mozilla/5.0 (compatible; MSIE 9.0; Windows NT 6.1; WOW64; Trident/5.0)"
84.163.163.86 - - [28/Feb/2013:12:02:59 +0100] "GET /00themen00.html HTTP/1.1" 200 2236 "http://www.dialyse-waldbronn.de/09a.swf" "Mozilla/5.0 (compatible; MSIE 9.0; Windows NT 6.1; WOW64; Trident/5.0)"
84.163.163.86 - - [28/Feb/2013:12:02:59 +0100] "GET /00themen00.swf HTTP/1.1" 200 12608 "http://www.dialyse-waldbronn.de/00themen00.html" "Mozilla/5.0 (compatible; MSIE 9.0; Windows NT 6.1; WOW64; Trident/5.0)"
84.163.163.86 - - [28/Feb/2013:12:03:00 +0100] "GET /favicon.ico HTTP/1.1" 404 1256 "-" "Mozilla/5.0 (compatible; MSIE 9.0; Windows NT 6.1; WOW64; Trident/5.0)"
84.163.163.86 - - [28/Feb/2013:12:03:02 +0100] "GET /01.html HTTP/1.1" 200 1988 "http://www.dialyse-waldbronn.de/00themen00.swf" "Mozilla/5.0 (compatible; MSIE 9.0; Windows NT 6.1; WOW64; Trident/5.0)"
84.163.163.86 - - [28/Feb/2013:12:03:03 +0100] "GET /01.swf HTTP/1.1" 200 36918 "http://www.dialyse-waldbronn.de/01.html" "Mozilla/5.0 (compatible; MSIE 9.0; Windows NT 6.1; WOW64; Trident/5.0)"
202.46.50.71 - - [28/Feb/2013:12:04:05 +0100] "GET / HTTP/1.1" 200 4014 "-" "Mozilla/4.0 (compatible; MSIE 7.0; Windows NT 6.0)"
84.163.163.86 - - [28/Feb/2013:12:04:05 +0100] "GET /03.html HTTP/1.1" 200 2012 "http://www.dialyse-waldbronn.de/00themen00.swf" "Mozilla/5.0 (compatible; MSIE 9.0; Windows NT 6.1; WOW64; Trident/5.0)"
84.163.163.86 - - [28/Feb/2013:12:04:06 +0100] "GET /03.swf HTTP/1.1" 200 79366 "http://www.dialyse-waldbronn.de/03.html" "Mozilla/5.0 (compatible; MSIE 9.0; Windows NT 6.1; WOW64; Trident/5.0)"
84.163.163.86 - - [28/Feb/2013:12:04:20 +0100] "GET /02.html HTTP/1.1" 200 1988 "http://www.dialyse-waldbronn.de/00themen00.swf" "Mozilla/5.0 (compatible; MSIE 9.0; Windows NT 6.1; WOW64; Trident/5.0)"
84.163.163.86 - - [28/Feb/2013:12:04:21 +0100] "GET /02.swf HTTP/1.1" 200 19509 "http://www.dialyse-waldbronn.de/02.html" "Mozilla/5.0 (compatible; MSIE 9.0; Windows NT 6.1; WOW64; Trident/5.0)"
119.63.193.130 - - [28/Feb/2013:12:05:02 +0100] "GET / HTTP/1.1" 200 4014 "-" "Mozilla/4.0 (compatible; MSIE 7.0; Windows NT 6.0)"
84.163.163.86 - - [28/Feb/2013:12:06:13 +0100] "GET /09a.html HTTP/1.1" 200 2065 "http://www.google.de/url?sa=t&rct=j&q=dr.%20anja%20menzinger%20waldbronn&source=web&cd=3&sqi=2&ved=0CD8QFjAC&url=http%3A%2F%2Fwww.dialyse-waldbronn.de%2F09a.html&ei=-jkvUbO_J8SWhQeh0ICwAQ&usg=AFQjCNG6uMrHKx5duZ5AcMzcLXwByavrQg&bvm=bv.43148975,d.Yms" "Mozilla/5.0 (compatible; MSIE 9.0; Windows NT 6.1; WOW64; Trident/5.0)"
84.163.163.86 - - [28/Feb/2013:12:06:13 +0100] "GET /AC_RunActiveContent.js HTTP/1.1" 200 8029 "http://www.dialyse-waldbronn.de/09a.html" "Mozilla/5.0 (compatible; MSIE 9.0; Windows NT 6.1; WOW64; Trident/5.0)"
84.163.163.86 - - [28/Feb/2013:12:06:13 +0100] "GET /09a.swf HTTP/1.1" 200 19689 "http://www.dialyse-waldbronn.de/09a.html" "Mozilla/5.0 (compatible; MSIE 9.0; Windows NT 6.1; WOW64; Trident/5.0)"
84.163.163.86 - - [28/Feb/2013:12:06:14 +0100] "GET /favicon.ico HTTP/1.1" 404 1256 "-" "Mozilla/5.0 (compatible; MSIE 9.0; Windows NT 6.1; WOW64; Trident/5.0)"
84.163.163.86 - - [28/Feb/2013:12:06:16 +0100] "GET /00themen00.html HTTP/1.1" 200 2236 "http://www.dialyse-waldbronn.de/09a.swf" "Mozilla/5.0 (compatible; MSIE 9.0; Windows NT 6.1; WOW64; Trident/5.0)"
84.163.163.86 - - [28/Feb/2013:12:06:16 +0100] "GET /00themen00.swf HTTP/1.1" 200 12608 "http://www.dialyse-waldbronn.de/00themen00.html" "Mozilla/5.0 (compatible; MSIE 9.0; Windows NT 6.1; WOW64; Trident/5.0)"
84.163.163.86 - - [28/Feb/2013:12:06:17 +0100] "GET /favicon.ico HTTP/1.1" 404 1256 "-" "Mozilla/5.0 (compatible; MSIE 9.0; Windows NT 6.1; WOW64; Trident/5.0)"
84.163.163.86 - - [28/Feb/2013:12:06:22 +0100] "GET /06.html HTTP/1.1" 200 1988 "http://www.dialyse-waldbronn.de/00themen00.swf" "Mozilla/5.0 (compatible; MSIE 9.0; Windows NT 6.1; WOW64; Trident/5.0)"
84.163.163.86 - - [28/Feb/2013:12:06:22 +0100] "GET /06.swf HTTP/1.1" 200 18307 "http://www.dialyse-waldbronn.de/06.html" "Mozilla/5.0 (compatible; MSIE 9.0; Windows NT 6.1; WOW64; Trident/5.0)"
84.163.163.86 - - [28/Feb/2013:12:07:10 +0100] "GET /04.html HTTP/1.1" 200 1988 "http://www.dialyse-waldbronn.de/00themen00.swf" "Mozilla/5.0 (compatible; MSIE 9.0; Windows NT 6.1; WOW64; Trident/5.0)"
84.163.163.86 - - [28/Feb/2013:12:07:11 +0100] "GET /04.swf HTTP/1.1" 200 20526 "http://www.dialyse-waldbronn.de/04.html" "Mozilla/5.0 (compatible; MSIE 9.0; Windows NT 6.1; WOW64; Trident/5.0)"
202.46.61.29 - - [28/Feb/2013:18:08:04 +0100] "GET / HTTP/1.1" 200 4014 "-" "Mozilla/4.0 (compatible; MSIE 7.0; Windows NT 6.0)"
119.63.193.130 - - [28/Feb/2013:18:09:07 +0100] "GET / HTTP/1.1" 200 4014 "-" "Mozilla/4.0 (compatible; MSIE 7.0; Windows NT 6.0)"
66.249.76.134 - - [28/Feb/2013:18:35:56 +0100] "GET /robots.txt HTTP/1.1" 404 1256 "-" "Mozilla/5.0 (compatible; Googlebot/2.1; +http://www.google.com/bot.html)"
66.249.76.134 - - [28/Feb/2013:18:35:56 +0100] "GET / HTTP/1.1" 200 4014 "-" "Mozilla/5.0 (compatible; Googlebot/2.1; +http://www.google.com/bot.html)"
178.137.92.96 - - [28/Feb/2013:19:49:43 +0100] "GET / HTTP/1.1" 200 4014 "http://fengshuiworld.ru/" "Mozilla/4.0 (compatible; MSIE 6.0; MSIE 5.5; Windows NT 5.0) Opera 7.02 Bork-edition [en]"
178.137.92.96 - - [28/Feb/2013:19:49:44 +0100] "GET / HTTP/1.1" 200 4014 "http://fengshuiworld.ru/" "Mozilla/4.0 (compatible; MSIE 6.0; MSIE 5.5; Windows NT 5.0) Opera 7.02 Bork-edition [en]"
178.137.92.96 - - [28/Feb/2013:19:49:45 +0100] "GET / HTTP/1.1" 200 4014 "http://fengshuiworld.ru/" "Mozilla/4.0 (compatible; MSIE 6.0; MSIE 5.5; Windows NT 5.0) Opera 7.02 Bork-edition [en]"
66.249.76.134 - - [28/Feb/2013:20:58:42 +0100] "GET / HTTP/1.1" 200 4014 "-" "Mozilla/5.0 (iPhone; U; CPU iPhone OS 4_1 like Mac OS X; en-us) AppleWebKit/532.9 (KHTML, like Gecko) Version/4.0.5 Mobile/8B117 Safari/6531.22.7 (compatible; Googlebot-Mobile/2.1; +http://www.google.com/bot.html)"
94.153.64.117 - - [28/Feb/2013:21:16:45 +0100] "GET / HTTP/1.1" 200 4014 "http://www.ocasino.info/" "Mozilla/4.0 (compatible; MSIE 6.0; Windows NT 5.1; TheFreeDictionary.com; .NET CLR 1.1.4322; .NET CLR 1.0.3705; .NET CLR 2.0.50727)"
94.153.64.117 - - [28/Feb/2013:21:16:45 +0100] "GET / HTTP/1.1" 200 4014 "http://www.ocasino.info/" "Mozilla/4.0 (compatible; MSIE 6.0; Windows NT 5.1; TheFreeDictionary.com; .NET CLR 1.1.4322; .NET CLR 1.0.3705; .NET CLR 2.0.50727)"
94.153.64.117 - - [28/Feb/2013:21:16:46 +0100] "GET / HTTP/1.1" 200 4014 "http://www.ocasino.info/" "Mozilla/4.0 (compatible; MSIE 6.0; Windows NT 5.1; TheFreeDictionary.com; .NET CLR 1.1.4322; .NET CLR 1.0.3705; .NET CLR 2.0.50727)"