157.55.33.81 - - [18/Feb/2013:20:49:06 +0100] "GET / HTTP/1.1" 200 4014 "-" "Mozilla/5.0 (compatible; bingbot/2.0; +http://www.bing.com/bingbot.htm)"
217.82.183.33 - - [18/Feb/2013:22:22:25 +0100] "GET / HTTP/1.1" 200 4014 "http://www.google.com/url?sa=t&rct=j&q=feriendialyse%20schwarzwald&source=web&cd=18&ved=0CGQQFjAHOAo&url=http%3A%2F%2Fwww.dialyse-waldbronn.de%2F&ei=3ZoiUbKcHcb3sgbc3YDABg&usg=AFQjCNHEX_ZQroPS8hwDzjOxqVHmV6iDWw&bvm=bv.42553238,d.Yms" "Opera/9.80 (Android 4.1.1; Linux; Opera Tablet/ADR-1301080958) Presto/2.11.355 Version/12.10"
217.82.183.33 - - [18/Feb/2013:22:22:25 +0100] "GET /favicon.ico HTTP/1.1" 404 1256 "http://www.dialyse-waldbronn.de/" "Opera/9.80 (Android 4.1.1; Linux; Opera Tablet/ADR-1301080958) Presto/2.11.355 Version/12.10"
217.82.183.33 - - [18/Feb/2013:22:22:25 +0100] "GET /back.jpg HTTP/1.1" 404 1256 "http://www.dialyse-waldbronn.de/" "Opera/9.80 (Android 4.1.1; Linux; Opera Tablet/ADR-1301080958) Presto/2.11.355 Version/12.10"
217.82.183.33 - - [18/Feb/2013:22:22:25 +0100] "GET /index.swf HTTP/1.1" 200 8893 "http://www.dialyse-waldbronn.de/" "Opera/9.80 (Android 4.1.1; Linux; Opera Tablet/ADR-1301080958) Presto/2.11.355 Version/12.10"
217.82.183.33 - - [18/Feb/2013:22:23:16 +0100] "GET /back.jpg HTTP/1.1" 404 1256 "http://www.dialyse-waldbronn.de/" "Opera/9.80 (Android 4.1.1; Linux; Opera Tablet/ADR-1301080958) Presto/2.11.355 Version/12.10"
202.46.63.76 - - [19/Feb/2013:00:05:38 +0100] "GET / HTTP/1.1" 200 4014 "-" "Mozilla/4.0 (compatible; MSIE 7.0; Windows NT 6.0)"
119.63.193.131 - - [19/Feb/2013:00:06:35 +0100] "GET / HTTP/1.1" 200 4014 "-" "Mozilla/4.0 (compatible; MSIE 7.0; Windows NT 6.0)"
141.8.147.12 - - [19/Feb/2013:00:23:36 +0100] "GET /robots.txt HTTP/1.1" 404 1256 "-" "Mozilla/5.0 (compatible; YandexBot/3.0; +http://yandex.com/bots)"
141.8.147.12 - - [19/Feb/2013:00:42:15 +0100] "GET /04.swf HTTP/1.1" 200 20526 "-" "Mozilla/5.0 (compatible; YandexBot/3.0; +http://yandex.com/bots)"
66.249.78.134 - - [19/Feb/2013:01:17:07 +0100] "GET /robots.txt HTTP/1.1" 404 1256 "-" "Mozilla/5.0 (compatible; Googlebot/2.1; +http://www.google.com/bot.html)"
66.249.78.134 - - [19/Feb/2013:01:17:07 +0100] "GET / HTTP/1.1" 200 4014 "-" "Mozilla/5.0 (compatible; Googlebot/2.1; +http://www.google.com/bot.html)"
141.8.147.12 - - [19/Feb/2013:04:13:10 +0100] "GET /03b.swf HTTP/1.1" 304 - "-" "Mozilla/5.0 (compatible; YandexBot/3.0; +http://yandex.com/bots)"
176.9.146.19 - - [19/Feb/2013:05:30:01 +0100] "GET /robots.txt HTTP/1.1" 404 1256 "-" "Mozilla/5.0 (compatible; SISTRIX Crawler; http://crawler.sistrix.net/)"
176.9.146.19 - - [19/Feb/2013:05:30:01 +0100] "GET / HTTP/1.1" 200 4014 "-" "Mozilla/5.0 (compatible; SISTRIX Crawler; http://crawler.sistrix.net/)"
157.55.33.81 - - [19/Feb/2013:05:54:46 +0100] "GET /robots.txt HTTP/1.1" 404 1256 "-" "Mozilla/5.0 (compatible; bingbot/2.0; +http://www.bing.com/bingbot.htm)"
157.55.33.81 - - [19/Feb/2013:05:56:39 +0100] "GET / HTTP/1.1" 200 4014 "-" "Mozilla/5.0 (compatible; bingbot/2.0; +http://www.bing.com/bingbot.htm)"
65.55.24.244 - - [19/Feb/2013:07:34:58 +0100] "GET /robots.txt HTTP/1.1" 404 1256 "-" "Mozilla/5.0 (compatible; bingbot/2.0; +http://www.bing.com/bingbot.htm)"
65.55.24.244 - - [19/Feb/2013:07:36:42 +0100] "GET /index.swf HTTP/1.1" 200 8893 "-" "Mozilla/5.0 (compatible; bingbot/2.0; +http://www.bing.com/bingbot.htm)"
66.249.78.134 - - [19/Feb/2013:07:45:03 +0100] "GET /AC_RunActiveContent.js HTTP/1.1" 200 8029 "-" "Mozilla/5.0 (compatible; Googlebot/2.1; +http://www.google.com/bot.html)"
157.55.33.81 - - [19/Feb/2013:07:57:41 +0100] "GET / HTTP/1.1" 200 4014 "-" "Mozilla/5.0 (compatible; bingbot/2.0; +http://www.bing.com/bingbot.htm)"
81.26.163.50 - - [19/Feb/2013:08:17:13 +0100] "GET / HTTP/1.0" 200 4014 "http://www.google.de/search?hl=de&source=hp&q=nephrologie+waldbronn&gbv=2&oq=nephrologie+waldbronn&gs_l=heirloom-hp.3..0i30.1551.7220.0.7800.21.16.0.5.5.0.102.1303.14j2.16.0...0.0...1c.1.U1-Dvo0DNac" "Mozilla/4.0 (compatible; MSIE 7.0; Windows NT 5.1; InfoPath.1; .NET CLR 2.0.50727; .NET CLR 3.0.4506.2152; .NET CLR 3.5.30729; SynapseWorkstation.3.2.1; .NET4.0E; .NET4.0C)"
81.26.163.50 - - [19/Feb/2013:08:17:13 +0100] "GET /back.jpg HTTP/1.0" 404 1256 "http://www.dialyse-waldbronn.de/" "Mozilla/4.0 (compatible; MSIE 7.0; Windows NT 5.1; InfoPath.1; .NET CLR 2.0.50727; .NET CLR 3.0.4506.2152; .NET CLR 3.5.30729; SynapseWorkstation.3.2.1; .NET4.0E; .NET4.0C)"
81.26.163.50 - - [19/Feb/2013:08:17:13 +0100] "GET /index.swf HTTP/1.0" 200 8893 "-" "contype"
81.26.163.50 - - [19/Feb/2013:08:17:14 +0100] "GET /favicon.ico HTTP/1.0" 404 1256 "-" "Mozilla/4.0 (compatible; MSIE 7.0; Windows NT 5.1; InfoPath.1; .NET CLR 2.0.50727; .NET CLR 3.0.4506.2152; .NET CLR 3.5.30729; SynapseWorkstation.3.2.1; .NET4.0E; .NET4.0C)"
81.26.163.50 - - [19/Feb/2013:08:17:32 +0100] "GET /00themen00.html HTTP/1.0" 200 2236 "http://www.dialyse-waldbronn.de/index.swf" "Mozilla/4.0 (compatible; MSIE 7.0; Windows NT 5.1; InfoPath.1; .NET CLR 2.0.50727; .NET CLR 3.0.4506.2152; .NET CLR 3.5.30729; SynapseWorkstation.3.2.1; .NET4.0E; .NET4.0C)"
81.26.163.50 - - [19/Feb/2013:08:17:32 +0100] "GET /AC_RunActiveContent.js HTTP/1.0" 200 8029 "http://www.dialyse-waldbronn.de/index.swf" "Mozilla/4.0 (compatible; MSIE 7.0; Windows NT 5.1; InfoPath.1; .NET CLR 2.0.50727; .NET CLR 3.0.4506.2152; .NET CLR 3.5.30729; SynapseWorkstation.3.2.1; .NET4.0E; .NET4.0C)"
81.26.163.50 - - [19/Feb/2013:08:17:32 +0100] "GET /00themen00.swf HTTP/1.0" 200 12608 "http://www.dialyse-waldbronn.de/00themen00.html" "Mozilla/4.0 (compatible; MSIE 7.0; Windows NT 5.1; InfoPath.1; .NET CLR 2.0.50727; .NET CLR 3.0.4506.2152; .NET CLR 3.5.30729; SynapseWorkstation.3.2.1; .NET4.0E; .NET4.0C)"
81.26.163.50 - - [19/Feb/2013:08:17:34 +0100] "GET /03.html HTTP/1.0" 200 2012 "http://www.dialyse-waldbronn.de/00themen00.swf" "Mozilla/4.0 (compatible; MSIE 7.0; Windows NT 5.1; InfoPath.1; .NET CLR 2.0.50727; .NET CLR 3.0.4506.2152; .NET CLR 3.5.30729; SynapseWorkstation.3.2.1; .NET4.0E; .NET4.0C)"
81.26.163.50 - - [19/Feb/2013:08:17:34 +0100] "GET /03.swf HTTP/1.0" 200 79366 "http://www.dialyse-waldbronn.de/03.html" "Mozilla/4.0 (compatible; MSIE 7.0; Windows NT 5.1; InfoPath.1; .NET CLR 2.0.50727; .NET CLR 3.0.4506.2152; .NET CLR 3.5.30729; SynapseWorkstation.3.2.1; .NET4.0E; .NET4.0C)"
81.26.163.50 - - [19/Feb/2013:08:17:50 +0100] "GET /08.html HTTP/1.0" 200 2068 "http://www.dialyse-waldbronn.de/00themen00.swf" "Mozilla/4.0 (compatible; MSIE 7.0; Windows NT 5.1; InfoPath.1; .NET CLR 2.0.50727; .NET CLR 3.0.4506.2152; .NET CLR 3.5.30729; SynapseWorkstation.3.2.1; .NET4.0E; .NET4.0C)"
81.26.163.50 - - [19/Feb/2013:08:17:50 +0100] "GET /08.swf HTTP/1.0" 200 22102 "http://www.dialyse-waldbronn.de/08.html" "Mozilla/4.0 (compatible; MSIE 7.0; Windows NT 5.1; InfoPath.1; .NET CLR 2.0.50727; .NET CLR 3.0.4506.2152; .NET CLR 3.5.30729; SynapseWorkstation.3.2.1; .NET4.0E; .NET4.0C)"
46.5.2.210 - - [19/Feb/2013:09:33:59 +0100] "GET / HTTP/1.1" 200 4014 "http://www.google.de/url?sa=t&rct=j&q=dialysezentrum+waldbronn&source=web&cd=1&cad=rja&ved=0CDAQFjAA&url=http%3A%2F%2Fwww.dialyse-waldbronn.de%2F&ei=7DgjUc_kE-Ti4QSV3YCADQ&usg=AFQjCNHEX_ZQroPS8hwDzjOxqVHmV6iDWw&bvm=bv.42553238,d.Yms" "Opera/9.80 (Windows NT 5.1) Presto/2.12.388 Version/12.14"
46.5.2.210 - - [19/Feb/2013:09:33:59 +0100] "GET /favicon.ico HTTP/1.1" 404 1256 "http://www.dialyse-waldbronn.de/" "Opera/9.80 (Windows NT 5.1) Presto/2.12.388 Version/12.14"
46.5.2.210 - - [19/Feb/2013:09:33:59 +0100] "GET /back.jpg HTTP/1.1" 404 1256 "http://www.dialyse-waldbronn.de/" "Opera/9.80 (Windows NT 5.1) Presto/2.12.388 Version/12.14"
46.5.2.210 - - [19/Feb/2013:09:33:59 +0100] "GET /index.swf HTTP/1.1" 200 8893 "http://www.dialyse-waldbronn.de/" "Opera/9.80 (Windows NT 5.1) Presto/2.12.388 Version/12.14"
46.5.2.210 - - [19/Feb/2013:09:34:11 +0100] "GET /00themen00.html HTTP/1.1" 200 2236 "http://www.dialyse-waldbronn.de/" "Opera/9.80 (Windows NT 5.1) Presto/2.12.388 Version/12.14"
46.5.2.210 - - [19/Feb/2013:09:34:11 +0100] "GET /AC_RunActiveContent.js HTTP/1.1" 200 8029 "http://www.dialyse-waldbronn.de/00themen00.html" "Opera/9.80 (Windows NT 5.1) Presto/2.12.388 Version/12.14"
46.5.2.210 - - [19/Feb/2013:09:34:11 +0100] "GET /00themen00.swf HTTP/1.1" 200 12608 "http://www.dialyse-waldbronn.de/00themen00.html" "Opera/9.80 (Windows NT 5.1) Presto/2.12.388 Version/12.14"
46.5.2.210 - - [19/Feb/2013:09:34:16 +0100] "GET /03.html HTTP/1.1" 200 2012 "http://www.dialyse-waldbronn.de/00themen00.html" "Opera/9.80 (Windows NT 5.1) Presto/2.12.388 Version/12.14"
46.5.2.210 - - [19/Feb/2013:09:34:16 +0100] "GET /03.swf HTTP/1.1" 200 79366 "http://www.dialyse-waldbronn.de/03.html" "Opera/9.80 (Windows NT 5.1) Presto/2.12.388 Version/12.14"
46.5.2.210 - - [19/Feb/2013:09:35:11 +0100] "GET /01.html HTTP/1.1" 200 1988 "http://www.dialyse-waldbronn.de/00themen00.html" "Opera/9.80 (Windows NT 5.1) Presto/2.12.388 Version/12.14"
46.5.2.210 - - [19/Feb/2013:09:35:11 +0100] "GET /01.swf HTTP/1.1" 200 36918 "http://www.dialyse-waldbronn.de/01.html" "Opera/9.80 (Windows NT 5.1) Presto/2.12.388 Version/12.14"
2.205.206.91 - - [19/Feb/2013:11:11:15 +0100] "GET / HTTP/1.1" 200 4014 "http://www.google.de/url?sa=t&rct=j&q=dialyse&source=web&cd=85&ved=0CEgQFjAEOFA&url=http%3A%2F%2Fwww.dialyse-waldbronn.de%2F&ei=r08jUe3sH4bdsgaSpoDYDQ&usg=AFQjCNHEX_ZQroPS8hwDzjOxqVHmV6iDWw" "Mozilla/5.0 (iPad; CPU OS 6_0_1 like Mac OS X) AppleWebKit/536.26 (KHTML, like Gecko) Version/6.0 Mobile/10A523 Safari/8536.25"
2.205.206.91 - - [19/Feb/2013:11:11:15 +0100] "GET /back.jpg HTTP/1.1" 404 1256 "http://www.dialyse-waldbronn.de/" "Mozilla/5.0 (iPad; CPU OS 6_0_1 like Mac OS X) AppleWebKit/536.26 (KHTML, like Gecko) Version/6.0 Mobile/10A523 Safari/8536.25"
2.205.206.91 - - [19/Feb/2013:11:11:15 +0100] "GET /back.jpg HTTP/1.1" 404 1256 "http://www.dialyse-waldbronn.de/" "Mozilla/5.0 (iPad; CPU OS 6_0_1 like Mac OS X) AppleWebKit/536.26 (KHTML, like Gecko) Version/6.0 Mobile/10A523 Safari/8536.25"
2.205.206.91 - - [19/Feb/2013:11:11:29 +0100] "GET / HTTP/1.1" 304 - "http://www.google.de/url?sa=t&rct=j&q=dialyse&source=web&cd=85&ved=0CEgQFjAEOFA&url=http%3A%2F%2Fwww.dialyse-waldbronn.de%2F&ei=r08jUe3sH4bdsgaSpoDYDQ&usg=AFQjCNHEX_ZQroPS8hwDzjOxqVHmV6iDWw" "Mozilla/5.0 (iPad; CPU OS 6_0_1 like Mac OS X) AppleWebKit/536.26 (KHTML, like Gecko) Version/6.0 Mobile/10A523 Safari/8536.25"
202.46.56.46 - - [19/Feb/2013:12:02:52 +0100] "GET / HTTP/1.1" 200 4014 "-" "Mozilla/4.0 (compatible; MSIE 7.0; Windows NT 6.0)"
119.63.193.196 - - [19/Feb/2013:12:03:46 +0100] "GET / HTTP/1.1" 200 4014 "-" "Mozilla/4.0 (compatible; MSIE 7.0; Windows NT 6.0)"
180.76.6.230 - - [19/Feb/2013:12:37:21 +0100] "GET / HTTP/1.1" 304 - "-" "Mozilla/5.0 (compatible; Baiduspider/2.0; +http://www.baidu.com/search/spider.html)"
216.145.14.142 - - [19/Feb/2013:13:19:36 +0100] "GET /robots.txt HTTP/1.0" 404 1256 "-" "Mozilla/5.0 (Windows; U; Windows NT 5.1; en; rv:1.9.0.13) Gecko/2009073022 Firefox/3.5.2 (.NET CLR 3.5.30729) SurveyBot/2.3 (DomainTools)"
216.145.14.142 - - [19/Feb/2013:13:19:36 +0100] "GET / HTTP/1.1" 200 4014 "http://whois.domaintools.com/dialyse-waldbronn.de" "Mozilla/5.0 (Windows; U; Windows NT 5.1; en; rv:1.9.0.13) Gecko/2009073022 Firefox/3.5.2 (.NET CLR 3.5.30729) SurveyBot/2.3 (DomainTools)"
66.249.78.134 - - [19/Feb/2013:13:43:42 +0100] "GET /robots.txt HTTP/1.1" 404 1256 "-" "Mozilla/5.0 (compatible; Googlebot/2.1; +http://www.google.com/bot.html)"
66.249.78.134 - - [19/Feb/2013:13:43:42 +0100] "GET /00themen00.html HTTP/1.1" 304 - "-" "SAMSUNG-SGH-E250/1.0 Profile/MIDP-2.0 Configuration/CLDC-1.1 UP.Browser/6.2.3.3.c.1.101 (GUI) MMP/2.0 (compatible; Googlebot-Mobile/2.1; +http://www.google.com/bot.html)"
46.5.2.141 - - [19/Feb/2013:14:08:35 +0100] "GET /favicon.ico HTTP/1.1" 404 1256 "http://www.dialyse-waldbronn.de/01.html" "Opera/9.80 (Windows NT 5.1) Presto/2.12.388 Version/12.14"
202.46.59.71 - - [19/Feb/2013:18:05:30 +0100] "GET / HTTP/1.1" 200 4014 "-" "Mozilla/4.0 (compatible; MSIE 7.0; Windows NT 6.0)"
119.63.193.195 - - [19/Feb/2013:18:06:30 +0100] "GET / HTTP/1.1" 200 4014 "-" "Mozilla/4.0 (compatible; MSIE 7.0; Windows NT 6.0)"
202.46.49.12 - - [19/Feb/2013:20:08:49 +0100] "GET / HTTP/1.1" 200 4014 "-" "Mozilla/4.0 (compatible; MSIE 7.0; Windows NT 6.0)"
119.63.193.132 - - [19/Feb/2013:20:09:58 +0100] "GET / HTTP/1.1" 200 4014 "-" "Mozilla/4.0 (compatible; MSIE 7.0; Windows NT 6.0)"
176.9.58.140 - - [19/Feb/2013:20:27:19 +0100] "GET /robots.txt HTTP/1.0" 404 1256 "-" "Mozilla/5.0 (compatible; SEOkicks-Robot +http://www.seokicks.de/robot.html)"
176.9.58.140 - - [19/Feb/2013:20:27:21 +0100] "GET / HTTP/1.0" 200 4014 "-" "Mozilla/5.0 (compatible; SEOkicks-Robot +http://www.seokicks.de/robot.html)"
66.249.78.134 - - [19/Feb/2013:23:16:51 +0100] "GET /robots.txt HTTP/1.1" 404 1256 "-" "Mozilla/5.0 (compatible; Googlebot/2.1; +http://www.google.com/bot.html)"
66.249.78.134 - - [19/Feb/2013:23:16:51 +0100] "GET /03.html HTTP/1.1" 304 - "-" "Mozilla/5.0 (iPhone; U; CPU iPhone OS 4_1 like Mac OS X; en-us) AppleWebKit/532.9 (KHTML, like Gecko) Version/4.0.5 Mobile/8B117 Safari/6531.22.7 (compatible; Googlebot-Mobile/2.1; +http://www.google.com/bot.html)"
78.42.251.155 - - [19/Feb/2013:23:34:52 +0100] "GET / HTTP/1.1" 200 4014 "http://www.dialyse-calw.de/06.html" "Mozilla/5.0 (Windows NT 5.1; rv:18.0) Gecko/20100101 Firefox/18.0"
78.42.251.155 - - [19/Feb/2013:23:34:53 +0100] "GET /back.jpg HTTP/1.1" 404 1256 "http://www.dialyse-waldbronn.de/" "Mozilla/5.0 (Windows NT 5.1; rv:18.0) Gecko/20100101 Firefox/18.0"
78.42.251.155 - - [19/Feb/2013:23:34:53 +0100] "GET /index.swf HTTP/1.1" 200 8893 "http://www.dialyse-waldbronn.de/" "Mozilla/5.0 (Windows NT 5.1; rv:18.0) Gecko/20100101 Firefox/18.0"
78.42.251.155 - - [19/Feb/2013:23:34:53 +0100] "GET /favicon.ico HTTP/1.1" 404 1256 "-" "Mozilla/5.0 (Windows NT 5.1; rv:18.0) Gecko/20100101 Firefox/18.0"
78.42.251.155 - - [19/Feb/2013:23:34:53 +0100] "GET /favicon.ico HTTP/1.1" 404 1256 "-" "Mozilla/5.0 (Windows NT 5.1; rv:18.0) Gecko/20100101 Firefox/18.0"
78.42.251.155 - - [19/Feb/2013:23:34:57 +0100] "GET /00themen00.html HTTP/1.1" 200 2236 "http://www.dialyse-waldbronn.de/" "Mozilla/5.0 (Windows NT 5.1; rv:18.0) Gecko/20100101 Firefox/18.0"
78.42.251.155 - - [19/Feb/2013:23:34:58 +0100] "GET /AC_RunActiveContent.js HTTP/1.1" 200 8029 "http://www.dialyse-waldbronn.de/00themen00.html" "Mozilla/5.0 (Windows NT 5.1; rv:18.0) Gecko/20100101 Firefox/18.0"
78.42.251.155 - - [19/Feb/2013:23:34:58 +0100] "GET /00themen00.swf HTTP/1.1" 200 12608 "http://www.dialyse-waldbronn.de/00themen00.html" "Mozilla/5.0 (Windows NT 5.1; rv:18.0) Gecko/20100101 Firefox/18.0"
78.42.251.155 - - [19/Feb/2013:23:35:00 +0100] "GET /08.html HTTP/1.1" 200 2068 "http://www.dialyse-waldbronn.de/00themen00.html" "Mozilla/5.0 (Windows NT 5.1; rv:18.0) Gecko/20100101 Firefox/18.0"
78.42.251.155 - - [19/Feb/2013:23:35:01 +0100] "GET /08.swf HTTP/1.1" 200 22102 "http://www.dialyse-waldbronn.de/08.html" "Mozilla/5.0 (Windows NT 5.1; rv:18.0) Gecko/20100101 Firefox/18.0"
78.42.251.155 - - [19/Feb/2013:23:35:08 +0100] "GET /06.html HTTP/1.1" 200 1988 "http://www.dialyse-waldbronn.de/00themen00.html" "Mozilla/5.0 (Windows NT 5.1; rv:18.0) Gecko/20100101 Firefox/18.0"
78.42.251.155 - - [19/Feb/2013:23:35:09 +0100] "GET /06.swf HTTP/1.1" 200 18307 "http://www.dialyse-waldbronn.de/06.html" "Mozilla/5.0 (Windows NT 5.1; rv:18.0) Gecko/20100101 Firefox/18.0"
202.46.48.15 - - [20/Feb/2013:00:03:14 +0100] "GET / HTTP/1.1" 200 4014 "-" "Mozilla/4.0 (compatible; MSIE 7.0; Windows NT 6.0)"
119.63.193.194 - - [20/Feb/2013:00:04:08 +0100] "GET / HTTP/1.1" 200 4014 "-" "Mozilla/4.0 (compatible; MSIE 7.0; Windows NT 6.0)"
66.249.78.134 - - [20/Feb/2013:00:52:15 +0100] "GET /09a.html HTTP/1.1" 200 2065 "-" "Mozilla/5.0 (compatible; Googlebot/2.1; +http://www.google.com/bot.html)"
141.8.147.12 - - [20/Feb/2013:01:04:28 +0100] "GET /robots.txt HTTP/1.1" 404 1256 "-" "Mozilla/5.0 (compatible; YandexBot/3.0; +http://yandex.com/bots)"
141.8.147.12 - - [20/Feb/2013:03:30:25 +0100] "GET /09a.swf HTTP/1.1" 304 - "-" "Mozilla/5.0 (compatible; YandexBot/3.0; +http://yandex.com/bots)"
202.46.48.23 - - [20/Feb/2013:06:05:07 +0100] "GET / HTTP/1.1" 200 4014 "-" "Mozilla/4.0 (compatible; MSIE 7.0; Windows NT 6.0)"
119.63.193.131 - - [20/Feb/2013:06:06:06 +0100] "GET / HTTP/1.1" 200 4014 "-" "Mozilla/4.0 (compatible; MSIE 7.0; Windows NT 6.0)"
92.200.78.92 - - [20/Feb/2013:11:28:55 +0100] "GET / HTTP/1.1" 200 4014 "http://www.google.de/search?q=dr.+mentzingen%2C+waldbronn+nephrologie&hl=de&gbv=2&gs_l=heirloom-hp.3...11484.20171.0.20859.26.23.0.0.0.0.687.4186.3-4j1j4.9.0...0.0...1c.1.7DCQFnfCrms&oq=dr.+mentzingen%2C+waldbronn+nephrologie" "Mozilla/4.0 (compatible; MSIE 7.0; Windows NT 5.1; .NET CLR 2.0.50727; .NET CLR 3.0.4506.2152; .NET CLR 3.5.30729; .NET4.0C; .NET4.0E)"
92.200.78.92 - - [20/Feb/2013:11:28:55 +0100] "GET /back.jpg HTTP/1.1" 404 1256 "http://www.dialyse-waldbronn.de/" "Mozilla/4.0 (compatible; MSIE 7.0; Windows NT 5.1; .NET CLR 2.0.50727; .NET CLR 3.0.4506.2152; .NET CLR 3.5.30729; .NET4.0C; .NET4.0E)"
92.200.78.92 - - [20/Feb/2013:11:28:55 +0100] "GET /index.swf HTTP/1.1" 200 8893 "-" "contype"
92.200.78.92 - - [20/Feb/2013:11:28:55 +0100] "GET /index.swf HTTP/1.1" 200 8893 "http://www.dialyse-waldbronn.de/" "Mozilla/4.0 (compatible; MSIE 7.0; Windows NT 5.1; .NET CLR 2.0.50727; .NET CLR 3.0.4506.2152; .NET CLR 3.5.30729; .NET4.0C; .NET4.0E)"
92.200.78.92 - - [20/Feb/2013:11:28:55 +0100] "GET /favicon.ico HTTP/1.1" 404 1256 "-" "Mozilla/4.0 (compatible; MSIE 7.0; Windows NT 5.1; .NET CLR 2.0.50727; .NET CLR 3.0.4506.2152; .NET CLR 3.5.30729; .NET4.0C; .NET4.0E)"
92.200.78.92 - - [20/Feb/2013:11:29:00 +0100] "GET /00themen00.html HTTP/1.1" 200 2236 "http://www.dialyse-waldbronn.de/index.swf" "Mozilla/4.0 (compatible; MSIE 7.0; Windows NT 5.1; .NET CLR 2.0.50727; .NET CLR 3.0.4506.2152; .NET CLR 3.5.30729; .NET4.0C; .NET4.0E)"
92.200.78.92 - - [20/Feb/2013:11:29:01 +0100] "GET /AC_RunActiveContent.js HTTP/1.1" 200 8029 "http://www.dialyse-waldbronn.de/index.swf" "Mozilla/4.0 (compatible; MSIE 7.0; Windows NT 5.1; .NET CLR 2.0.50727; .NET CLR 3.0.4506.2152; .NET CLR 3.5.30729; .NET4.0C; .NET4.0E)"
92.200.78.92 - - [20/Feb/2013:11:29:01 +0100] "GET /00themen00.swf HTTP/1.1" 200 12608 "http://www.dialyse-waldbronn.de/00themen00.html" "Mozilla/4.0 (compatible; MSIE 7.0; Windows NT 5.1; .NET CLR 2.0.50727; .NET CLR 3.0.4506.2152; .NET CLR 3.5.30729; .NET4.0C; .NET4.0E)"
92.200.78.92 - - [20/Feb/2013:11:29:05 +0100] "GET /08.html HTTP/1.1" 200 2068 "http://www.dialyse-waldbronn.de/00themen00.swf" "Mozilla/4.0 (compatible; MSIE 7.0; Windows NT 5.1; .NET CLR 2.0.50727; .NET CLR 3.0.4506.2152; .NET CLR 3.5.30729; .NET4.0C; .NET4.0E)"
92.200.78.92 - - [20/Feb/2013:11:29:05 +0100] "GET /08.swf HTTP/1.1" 200 22102 "http://www.dialyse-waldbronn.de/08.html" "Mozilla/4.0 (compatible; MSIE 7.0; Windows NT 5.1; .NET CLR 2.0.50727; .NET CLR 3.0.4506.2152; .NET CLR 3.5.30729; .NET4.0C; .NET4.0E)"
92.200.78.92 - - [20/Feb/2013:11:31:45 +0100] "GET /back.jpg HTTP/1.1" 404 1256 "http://www.dialyse-waldbronn.de/" "Mozilla/4.0 (compatible; MSIE 7.0; Windows NT 5.1; .NET CLR 2.0.50727; .NET CLR 3.0.4506.2152; .NET CLR 3.5.30729; .NET4.0C; .NET4.0E)"
202.46.48.28 - - [20/Feb/2013:12:03:37 +0100] "GET / HTTP/1.1" 200 4014 "-" "Mozilla/4.0 (compatible; MSIE 7.0; Windows NT 6.0)"
119.63.193.194 - - [20/Feb/2013:12:04:31 +0100] "GET / HTTP/1.1" 200 4014 "-" "Mozilla/4.0 (compatible; MSIE 7.0; Windows NT 6.0)"
208.115.111.70 - - [20/Feb/2013:17:44:12 +0100] "GET /robots.txt HTTP/1.1" 404 1256 "-" "Mozilla/5.0 (compatible; Ezooms/1.0; ezooms.bot@gmail.com)"
202.46.63.77 - - [20/Feb/2013:18:06:48 +0100] "GET / HTTP/1.1" 200 4014 "-" "Mozilla/4.0 (compatible; MSIE 7.0; Windows NT 6.0)"
119.63.193.130 - - [20/Feb/2013:18:07:50 +0100] "GET / HTTP/1.1" 200 4014 "-" "Mozilla/4.0 (compatible; MSIE 7.0; Windows NT 6.0)"
208.115.111.70 - - [20/Feb/2013:19:22:29 +0100] "GET / HTTP/1.1" 200 4014 "-" "Mozilla/5.0 (compatible; Ezooms/1.0; ezooms.bot@gmail.com)"
46.4.100.231 - - [20/Feb/2013:20:29:30 +0100] "GET /robots.txt HTTP/1.1" 404 1256 "-" "BacklinkCrawler (http://www.backlinktest.com/crawler.html)"
46.4.100.231 - - [20/Feb/2013:20:29:40 +0100] "GET /sitemap.xml HTTP/1.1" 404 1256 "-" "BacklinkCrawler (http://www.backlinktest.com/crawler.html)"
46.4.100.231 - - [20/Feb/2013:20:29:43 +0100] "GET / HTTP/1.1" 200 4014 "-" "BacklinkCrawler (http://www.backlinktest.com/crawler.html)"
202.46.55.30 - - [21/Feb/2013:06:05:58 +0100] "GET / HTTP/1.1" 200 4014 "-" "Mozilla/4.0 (compatible; MSIE 7.0; Windows NT 6.0)"
119.63.193.130 - - [21/Feb/2013:06:06:58 +0100] "GET / HTTP/1.1" 200 4014 "-" "Mozilla/4.0 (compatible; MSIE 7.0; Windows NT 6.0)"
80.245.152.13 - - [21/Feb/2013:08:18:49 +0100] "GET /09a.html HTTP/1.0" 200 2065 "http://www.google.de/search?q=dr.+anja+menzinger+nephrologie" "Mozilla/4.0 (compatible; MSIE 8.0; Windows NT 5.1; Trident/4.0; .NET CLR 1.1.4322; .NET CLR 2.0.50727; .NET CLR 3.0.04506.648; .NET CLR 3.5.21022; .NET CLR 3.0.4506.2152; .NET CLR 3.5.30729)"
80.245.152.13 - - [21/Feb/2013:08:18:49 +0100] "GET /AC_RunActiveContent.js HTTP/1.0" 200 8029 "http://www.dialyse-waldbronn.de/09a.html" "Mozilla/4.0 (compatible; MSIE 8.0; Windows NT 5.1; Trident/4.0; .NET CLR 1.1.4322; .NET CLR 2.0.50727; .NET CLR 3.0.04506.648; .NET CLR 3.5.21022; .NET CLR 3.0.4506.2152; .NET CLR 3.5.30729)"
80.245.152.13 - - [21/Feb/2013:08:18:49 +0100] "GET /favicon.ico HTTP/1.0" 404 1256 "-" "Mozilla/4.0 (compatible; MSIE 8.0; Windows NT 5.1; Trident/4.0; .NET CLR 1.1.4322; .NET CLR 2.0.50727; .NET CLR 3.0.04506.648; .NET CLR 3.5.21022; .NET CLR 3.0.4506.2152; .NET CLR 3.5.30729)"
80.245.152.13 - - [21/Feb/2013:08:18:55 +0100] "GET / HTTP/1.0" 200 4014 "-" "Mozilla/4.0 (compatible; MSIE 8.0; Windows NT 5.1; Trident/4.0; .NET CLR 1.1.4322; .NET CLR 2.0.50727; .NET CLR 3.0.04506.648; .NET CLR 3.5.21022; .NET CLR 3.0.4506.2152; .NET CLR 3.5.30729)"
80.245.152.13 - - [21/Feb/2013:08:18:55 +0100] "GET /back.jpg HTTP/1.0" 404 1256 "http://www.dialyse-waldbronn.de/" "Mozilla/4.0 (compatible; MSIE 8.0; Windows NT 5.1; Trident/4.0; .NET CLR 1.1.4322; .NET CLR 2.0.50727; .NET CLR 3.0.04506.648; .NET CLR 3.5.21022; .NET CLR 3.0.4506.2152; .NET CLR 3.5.30729)"
80.245.152.13 - - [21/Feb/2013:08:19:09 +0100] "GET / HTTP/1.0" 304 - "http://www.dialyse-waldbronn.de/" "Mozilla/4.0 (compatible; MSIE 8.0; Windows NT 5.1; Trident/4.0; .NET CLR 1.1.4322; .NET CLR 2.0.50727; .NET CLR 3.0.04506.648; .NET CLR 3.5.21022; .NET CLR 3.0.4506.2152; .NET CLR 3.5.30729)"
80.245.152.13 - - [21/Feb/2013:08:19:17 +0100] "GET / HTTP/1.0" 304 - "http://www.dialyse-waldbronn.de/" "Mozilla/4.0 (compatible; MSIE 8.0; Windows NT 5.1; Trident/4.0; .NET CLR 1.1.4322; .NET CLR 2.0.50727; .NET CLR 3.0.04506.648; .NET CLR 3.5.21022; .NET CLR 3.0.4506.2152; .NET CLR 3.5.30729)"
80.187.110.41 - - [21/Feb/2013:08:20:03 +0100] "GET / HTTP/1.1" 200 4014 "http://www.google.de/search?hl=de&redir_esc=&client=ms-android-tmobile-de&source=android-search-app&v=133247963&qsubts=1361431376350&q=dialyse+waldbronn&v=133247963" "Mozilla/5.0 (Linux; U; Android 2.3.5; de-de; GT-I9100 Build/GINGERBREAD) AppleWebKit/533.1 (KHTML, like Gecko) Version/4.0 Mobile Safari/533.1"
80.187.110.41 - - [21/Feb/2013:08:20:03 +0100] "GET /back.jpg HTTP/1.1" 404 1256 "http://www.dialyse-waldbronn.de/" "Mozilla/5.0 (Linux; U; Android 2.3.5; de-de; GT-I9100 Build/GINGERBREAD) AppleWebKit/533.1 (KHTML, like Gecko) Version/4.0 Mobile Safari/533.1"
80.187.110.41 - - [21/Feb/2013:08:20:03 +0100] "GET /index.swf HTTP/1.1" 200 8893 "http://www.dialyse-waldbronn.de/" "Mozilla/5.0 (Linux; U; Android 2.3.5; de-de; GT-I9100 Build/GINGERBREAD) AppleWebKit/533.1 (KHTML, like Gecko) Version/4.0 Mobile Safari/533.1"
80.187.110.41 - - [21/Feb/2013:08:20:03 +0100] "GET /back.jpg HTTP/1.1" 404 1256 "http://www.dialyse-waldbronn.de/" "Mozilla/5.0 (Linux; U; Android 2.3.5; de-de; GT-I9100 Build/GINGERBREAD) AppleWebKit/533.1 (KHTML, like Gecko) Version/4.0 Mobile Safari/533.1"
80.187.110.41 - - [21/Feb/2013:08:20:04 +0100] "GET /favicon.ico HTTP/1.1" 404 1256 "http://www.dialyse-waldbronn.de/" "Mozilla/5.0 (Linux; U; Android 2.3.5; de-de; GT-I9100 Build/GINGERBREAD) AppleWebKit/533.1 (KHTML, like Gecko) Version/4.0 Mobile Safari/533.1"
80.187.110.41 - - [21/Feb/2013:08:20:28 +0100] "GET /00themen00.html HTTP/1.1" 200 2236 "http://www.dialyse-waldbronn.de/index.swf" "Mozilla/5.0 (Linux; U; Android 2.3.5; de-de; GT-I9100 Build/GINGERBREAD) AppleWebKit/533.1 (KHTML, like Gecko) Version/4.0 Mobile Safari/533.1"
80.187.110.41 - - [21/Feb/2013:08:20:28 +0100] "GET /AC_RunActiveContent.js HTTP/1.1" 200 8029 "http://www.dialyse-waldbronn.de/00themen00.html" "Mozilla/5.0 (Linux; U; Android 2.3.5; de-de; GT-I9100 Build/GINGERBREAD) AppleWebKit/533.1 (KHTML, like Gecko) Version/4.0 Mobile Safari/533.1"
80.187.110.41 - - [21/Feb/2013:08:20:28 +0100] "GET /00themen00.swf HTTP/1.1" 200 12608 "http://www.dialyse-waldbronn.de/00themen00.html" "Mozilla/5.0 (Linux; U; Android 2.3.5; de-de; GT-I9100 Build/GINGERBREAD) AppleWebKit/533.1 (KHTML, like Gecko) Version/4.0 Mobile Safari/533.1"
80.187.110.41 - - [21/Feb/2013:08:20:32 +0100] "GET /02.html HTTP/1.1" 200 1988 "http://www.dialyse-waldbronn.de/00themen00.swf" "Mozilla/5.0 (Linux; U; Android 2.3.5; de-de; GT-I9100 Build/GINGERBREAD) AppleWebKit/533.1 (KHTML, like Gecko) Version/4.0 Mobile Safari/533.1"
80.187.110.41 - - [21/Feb/2013:08:20:33 +0100] "GET /02.swf HTTP/1.1" 200 19509 "http://www.dialyse-waldbronn.de/02.html" "Mozilla/5.0 (Linux; U; Android 2.3.5; de-de; GT-I9100 Build/GINGERBREAD) AppleWebKit/533.1 (KHTML, like Gecko) Version/4.0 Mobile Safari/533.1"
80.187.110.41 - - [21/Feb/2013:08:20:37 +0100] "GET /01.html HTTP/1.1" 200 1988 "http://www.dialyse-waldbronn.de/00themen00.swf" "Mozilla/5.0 (Linux; U; Android 2.3.5; de-de; GT-I9100 Build/GINGERBREAD) AppleWebKit/533.1 (KHTML, like Gecko) Version/4.0 Mobile Safari/533.1"
80.187.110.41 - - [21/Feb/2013:08:20:37 +0100] "GET /01.swf HTTP/1.1" 200 36918 "http://www.dialyse-waldbronn.de/01.html" "Mozilla/5.0 (Linux; U; Android 2.3.5; de-de; GT-I9100 Build/GINGERBREAD) AppleWebKit/533.1 (KHTML, like Gecko) Version/4.0 Mobile Safari/533.1"
80.245.152.13 - - [21/Feb/2013:08:21:24 +0100] "GET / HTTP/1.0" 304 - "http://www.dialyse-waldbronn.de/" "Mozilla/4.0 (compatible; MSIE 8.0; Windows NT 5.1; Trident/4.0; .NET CLR 1.1.4322; .NET CLR 2.0.50727; .NET CLR 3.0.04506.648; .NET CLR 3.5.21022; .NET CLR 3.0.4506.2152; .NET CLR 3.5.30729)"
150.70.172.206 - - [21/Feb/2013:08:24:15 +0100] "GET /favicon.ico HTTP/1.0" 404 1256 "-" "Mozilla/4.0 (compatible; MSIE 6.0; Windows NT 5.1)"
150.70.172.206 - - [21/Feb/2013:08:24:15 +0100] "GET /AC_RunActiveContent.js HTTP/1.0" 200 8029 "-" "Mozilla/4.0 (compatible; MSIE 6.0; Windows NT 5.1)"
150.70.172.201 - - [21/Feb/2013:08:26:49 +0100] "GET /09a.html HTTP/1.0" 200 2065 "-" "Mozilla/4.0 (compatible; MSIE 6.0; Windows NT 5.1)"
150.70.172.201 - - [21/Feb/2013:08:27:34 +0100] "GET / HTTP/1.0" 200 4014 "-" "Mozilla/4.0 (compatible; MSIE 6.0; Windows NT 5.1)"
66.249.78.134 - - [21/Feb/2013:08:35:35 +0100] "GET /robots.txt HTTP/1.1" 404 1256 "-" "Mozilla/5.0 (compatible; Googlebot/2.1; +http://www.google.com/bot.html)"
66.249.78.134 - - [21/Feb/2013:08:35:36 +0100] "GET / HTTP/1.1" 200 4014 "-" "Mozilla/5.0 (compatible; Googlebot/2.1; +http://www.google.com/bot.html)"
80.152.188.172 - - [21/Feb/2013:08:58:24 +0100] "GET / HTTP/1.1" 200 4014 "http://www.google.de/url?sa=t&rct=j&q=dialyse-waldbronn.de&source=web&cd=1&ved=0CDMQFjAA&url=http%3A%2F%2Fwww.dialyse-waldbronn.de%2F&ei=dtMlUaDfKcbfsgbq4YCQCQ&usg=AFQjCNHEX_ZQroPS8hwDzjOxqVHmV6iDWw&bvm=bv.42661473,d.Yms" "Mozilla/5.0 (compatible; MSIE 9.0; Windows NT 6.1; WOW64; Trident/5.0)"
80.152.188.172 - - [21/Feb/2013:08:58:24 +0100] "GET /back.jpg HTTP/1.1" 404 1256 "http://www.dialyse-waldbronn.de/" "Mozilla/5.0 (compatible; MSIE 9.0; Windows NT 6.1; WOW64; Trident/5.0)"
80.152.188.172 - - [21/Feb/2013:08:58:24 +0100] "HEAD /index.swf HTTP/1.1" 200 - "-" "contype"
80.152.188.172 - - [21/Feb/2013:08:58:24 +0100] "GET /index.swf HTTP/1.1" 200 8893 "http://www.dialyse-waldbronn.de/" "Mozilla/5.0 (compatible; MSIE 9.0; Windows NT 6.1; WOW64; Trident/5.0)"
80.152.188.172 - - [21/Feb/2013:08:58:25 +0100] "GET /favicon.ico HTTP/1.1" 404 1256 "-" "Mozilla/5.0 (compatible; MSIE 9.0; Windows NT 6.1; WOW64; Trident/5.0)"
80.152.188.172 - - [21/Feb/2013:08:58:29 +0100] "GET /back.jpg HTTP/1.1" 404 1256 "http://www.dialyse-waldbronn.de/" "Mozilla/5.0 (compatible; MSIE 9.0; Windows NT 6.1; WOW64; Trident/5.0)"
80.152.188.172 - - [21/Feb/2013:08:58:29 +0100] "HEAD /index.swf HTTP/1.1" 200 - "-" "contype"
80.152.188.172 - - [21/Feb/2013:08:58:29 +0100] "GET /favicon.ico HTTP/1.1" 404 1256 "-" "Mozilla/5.0 (compatible; MSIE 9.0; Windows NT 6.1; WOW64; Trident/5.0)"
80.152.188.172 - - [21/Feb/2013:08:58:33 +0100] "GET /00themen00.html HTTP/1.1" 200 2236 "http://www.dialyse-waldbronn.de/index.swf" "Mozilla/5.0 (compatible; MSIE 9.0; Windows NT 6.1; WOW64; Trident/5.0)"
80.152.188.172 - - [21/Feb/2013:08:58:33 +0100] "GET /AC_RunActiveContent.js HTTP/1.1" 200 8029 "http://www.dialyse-waldbronn.de/00themen00.html" "Mozilla/5.0 (compatible; MSIE 9.0; Windows NT 6.1; WOW64; Trident/5.0)"
80.152.188.172 - - [21/Feb/2013:08:58:33 +0100] "GET /00themen00.swf HTTP/1.1" 200 12608 "http://www.dialyse-waldbronn.de/00themen00.html" "Mozilla/5.0 (compatible; MSIE 9.0; Windows NT 6.1; WOW64; Trident/5.0)"
80.152.188.172 - - [21/Feb/2013:08:58:38 +0100] "GET /04.html HTTP/1.1" 200 1988 "http://www.dialyse-waldbronn.de/00themen00.swf" "Mozilla/5.0 (compatible; MSIE 9.0; Windows NT 6.1; WOW64; Trident/5.0)"
80.152.188.172 - - [21/Feb/2013:08:58:38 +0100] "GET /04.swf HTTP/1.1" 200 20526 "http://www.dialyse-waldbronn.de/04.html" "Mozilla/5.0 (compatible; MSIE 9.0; Windows NT 6.1; WOW64; Trident/5.0)"
80.152.188.172 - - [21/Feb/2013:09:00:12 +0100] "GET /01.html HTTP/1.1" 200 1988 "http://www.dialyse-waldbronn.de/00themen00.swf" "Mozilla/5.0 (compatible; MSIE 9.0; Windows NT 6.1; WOW64; Trident/5.0)"
80.152.188.172 - - [21/Feb/2013:09:00:12 +0100] "GET /01.swf HTTP/1.1" 200 36918 "http://www.dialyse-waldbronn.de/01.html" "Mozilla/5.0 (compatible; MSIE 9.0; Windows NT 6.1; WOW64; Trident/5.0)"
80.152.188.172 - - [21/Feb/2013:09:00:33 +0100] "GET /06.html HTTP/1.1" 200 1988 "http://www.dialyse-waldbronn.de/00themen00.swf" "Mozilla/5.0 (compatible; MSIE 9.0; Windows NT 6.1; WOW64; Trident/5.0)"
80.152.188.172 - - [21/Feb/2013:09:00:34 +0100] "GET /06.swf HTTP/1.1" 200 18307 "http://www.dialyse-waldbronn.de/06.html" "Mozilla/5.0 (compatible; MSIE 9.0; Windows NT 6.1; WOW64; Trident/5.0)"
150.70.196.73 - - [21/Feb/2013:09:36:53 +0100] "GET / HTTP/1.0" 200 4014 "-" "Mozilla/4.0 (compatible; MSIE 6.0; Windows NT 5.1)"
157.56.93.207 - - [21/Feb/2013:09:52:05 +0100] "GET /robots.txt HTTP/1.1" 404 1256 "-" "Mozilla/5.0 (compatible; bingbot/2.0; +http://www.bing.com/bingbot.htm)"
65.55.211.199 - - [21/Feb/2013:09:55:02 +0100] "GET / HTTP/1.1" 200 4014 "-" "Mozilla/5.0 (Windows NT 6.1; WOW64) AppleWebKit/534+ (KHTML, like Gecko) BingPreview/1.0b"
157.56.93.207 - - [21/Feb/2013:11:48:50 +0100] "GET /robots.txt HTTP/1.1" 404 1256 "-" "Mozilla/5.0 (compatible; bingbot/2.0; +http://www.bing.com/bingbot.htm)"
65.55.210.4 - - [21/Feb/2013:11:50:55 +0100] "GET / HTTP/1.1" 200 4014 "-" "Mozilla/5.0 (Windows NT 6.1; WOW64) AppleWebKit/534+ (KHTML, like Gecko) BingPreview/1.0b"
202.46.52.20 - - [21/Feb/2013:12:03:20 +0100] "GET / HTTP/1.1" 200 4014 "-" "Mozilla/4.0 (compatible; MSIE 7.0; Windows NT 6.0)"
119.63.193.194 - - [21/Feb/2013:12:04:15 +0100] "GET / HTTP/1.1" 200 4014 "-" "Mozilla/4.0 (compatible; MSIE 7.0; Windows NT 6.0)"
46.4.104.35 - - [21/Feb/2013:13:34:01 +0100] "GET / HTTP/1.1" 200 4014 "http://de.saferpage.de/dialyse-waldbronn" "Mozilla/5.0 (Windows; U; Windows NT 6.1; de; rv:1.9.2.12) Gecko/20101026 Firefox/3.6.12"
202.46.62.24 - - [21/Feb/2013:14:10:30 +0100] "GET / HTTP/1.1" 200 4014 "-" "Mozilla/4.0 (compatible; MSIE 7.0; Windows NT 6.0)"
119.63.193.194 - - [21/Feb/2013:14:11:37 +0100] "GET / HTTP/1.1" 200 4014 "-" "Mozilla/4.0 (compatible; MSIE 7.0; Windows NT 6.0)"
202.46.59.46 - - [21/Feb/2013:18:06:33 +0100] "GET / HTTP/1.1" 200 4014 "-" "Mozilla/4.0 (compatible; MSIE 7.0; Windows NT 6.0)"
119.63.193.194 - - [21/Feb/2013:18:07:35 +0100] "GET / HTTP/1.1" 200 4014 "-" "Mozilla/4.0 (compatible; MSIE 7.0; Windows NT 6.0)"
202.46.60.67 - - [22/Feb/2013:12:04:01 +0100] "GET / HTTP/1.1" 200 4014 "-" "Mozilla/4.0 (compatible; MSIE 7.0; Windows NT 6.0)"
119.63.193.195 - - [22/Feb/2013:12:04:55 +0100] "GET / HTTP/1.1" 200 4014 "-" "Mozilla/4.0 (compatible; MSIE 7.0; Windows NT 6.0)"
46.229.167.149 - - [22/Feb/2013:14:47:31 +0100] "GET / HTTP/1.1" 200 4014 "-" "Zend_Http_Client"
46.229.167.149 - - [22/Feb/2013:14:47:32 +0100] "GET / HTTP/1.1" 200 4014 "-" "Mozilla/5.0 (X11; U; Linux x86_64; en-US; rv:1.9.2.8) Gecko/20100804 Gentoo Firefox/3.6.8"
66.249.78.134 - - [22/Feb/2013:14:53:40 +0100] "GET /robots.txt HTTP/1.1" 404 1256 "-" "Mozilla/5.0 (compatible; Googlebot/2.1; +http://www.google.com/bot.html)"
66.249.78.134 - - [22/Feb/2013:14:53:40 +0100] "GET /index.html HTTP/1.1" 304 - "-" "Mozilla/5.0 (compatible; Googlebot/2.1; +http://www.google.com/bot.html)"
202.46.55.34 - - [22/Feb/2013:18:07:32 +0100] "GET / HTTP/1.1" 200 4014 "-" "Mozilla/4.0 (compatible; MSIE 7.0; Windows NT 6.0)"
119.63.193.196 - - [22/Feb/2013:18:08:36 +0100] "GET / HTTP/1.1" 200 4014 "-" "Mozilla/4.0 (compatible; MSIE 7.0; Windows NT 6.0)"
157.55.33.98 - - [22/Feb/2013:18:27:27 +0100] "GET /robots.txt HTTP/1.1" 404 1256 "-" "Mozilla/5.0 (compatible; bingbot/2.0; +http://www.bing.com/bingbot.htm)"
157.55.33.98 - - [22/Feb/2013:18:29:01 +0100] "GET / HTTP/1.1" 200 4014 "-" "Mozilla/5.0 (compatible; bingbot/2.0; +http://www.bing.com/bingbot.htm)"
217.87.107.34 - - [22/Feb/2013:21:26:20 +0100] "GET / HTTP/1.1" 200 4014 "-" "-"
66.249.78.134 - - [22/Feb/2013:23:11:21 +0100] "GET /robots.txt HTTP/1.1" 404 1256 "-" "Mozilla/5.0 (compatible; Googlebot/2.1; +http://www.google.com/bot.html)"
66.249.78.134 - - [22/Feb/2013:23:11:21 +0100] "GET / HTTP/1.1" 200 4014 "-" "Mozilla/5.0 (iPhone; U; CPU iPhone OS 4_1 like Mac OS X; en-us) AppleWebKit/532.9 (KHTML, like Gecko) Version/4.0.5 Mobile/8B117 Safari/6531.22.7 (compatible; Googlebot-Mobile/2.1; +http://www.google.com/bot.html)"
202.46.62.25 - - [23/Feb/2013:00:03:56 +0100] "GET / HTTP/1.1" 200 4014 "-" "Mozilla/4.0 (compatible; MSIE 7.0; Windows NT 6.0)"
119.63.193.131 - - [23/Feb/2013:00:04:51 +0100] "GET / HTTP/1.1" 200 4014 "-" "Mozilla/4.0 (compatible; MSIE 7.0; Windows NT 6.0)"
66.249.78.134 - - [23/Feb/2013:00:12:33 +0100] "GET /index.swf HTTP/1.1" 200 8893 "-" "SAMSUNG-SGH-E250/1.0 Profile/MIDP-2.0 Configuration/CLDC-1.1 UP.Browser/6.2.3.3.c.1.101 (GUI) MMP/2.0 (compatible; Googlebot-Mobile/2.1; +http://www.google.com/bot.html)"
180.76.5.194 - - [23/Feb/2013:00:17:46 +0100] "GET /robots.txt HTTP/1.1" 404 1256 "-" "Mozilla/5.0 (Windows NT 5.1; rv:6.0.2) Gecko/20100101 Firefox/6.0.2"
91.207.4.186 - - [23/Feb/2013:00:28:53 +0100] "GET / HTTP/1.1" 200 4014 "http://co-travel.ru/" "Mozilla/3.0 (x86 [en] Windows NT 5.1; Sun)"
91.207.4.186 - - [23/Feb/2013:00:28:54 +0100] "GET / HTTP/1.1" 200 4014 "http://co-travel.ru/" "Mozilla/3.0 (x86 [en] Windows NT 5.1; Sun)"
91.207.4.186 - - [23/Feb/2013:00:28:55 +0100] "GET / HTTP/1.1" 200 4014 "http://co-travel.ru/" "Mozilla/3.0 (x86 [en] Windows NT 5.1; Sun)"
178.137.5.24 - - [23/Feb/2013:00:48:42 +0100] "GET / HTTP/1.1" 200 4014 "http://www.ocasino.info/" "Mozilla/4.0 (compatible; MSIE 4.01; Digital AlphaServer 1000A 4/233; Windows NT; Powered By 64-Bit Alpha Processor)"
178.137.5.24 - - [23/Feb/2013:00:48:43 +0100] "GET / HTTP/1.1" 200 4014 "http://www.ocasino.info/" "Mozilla/4.0 (compatible; MSIE 4.01; Digital AlphaServer 1000A 4/233; Windows NT; Powered By 64-Bit Alpha Processor)"
178.137.5.24 - - [23/Feb/2013:00:48:44 +0100] "GET / HTTP/1.1" 200 4014 "http://www.ocasino.info/" "Mozilla/4.0 (compatible; MSIE 4.01; Digital AlphaServer 1000A 4/233; Windows NT; Powered By 64-Bit Alpha Processor)"
5.248.83.93 - - [23/Feb/2013:01:03:29 +0100] "GET / HTTP/1.1" 200 4014 "http://www.a-tg.ru/" "Mozilla/4.0 (compatible; MSIE 7.0b; Windows NT 6.0)"
5.248.83.93 - - [23/Feb/2013:01:03:29 +0100] "GET / HTTP/1.1" 200 4014 "http://soft-d1z.ru/" "Mozilla/4.0 (compatible; MSIE 7.0b; Windows NT 6.0)"
5.248.83.93 - - [23/Feb/2013:01:03:29 +0100] "GET / HTTP/1.1" 200 4014 "http://soft-d1z.ru/" "Mozilla/4.0 (compatible; MSIE 7.0b; Windows NT 6.0)"
5.248.83.93 - - [23/Feb/2013:01:03:30 +0100] "GET / HTTP/1.1" 200 4014 "http://soft-d1z.ru/" "Mozilla/4.0 (compatible; MSIE 7.0b; Windows NT 6.0)"
5.248.83.93 - - [23/Feb/2013:01:03:30 +0100] "GET / HTTP/1.1" 200 4014 "http://www.a-tg.ru/" "Mozilla/4.0 (compatible; MSIE 7.0b; Windows NT 6.0)"
5.248.83.93 - - [23/Feb/2013:01:03:33 +0100] "GET / HTTP/1.1" 200 4014 "http://www.a-tg.ru/" "Mozilla/4.0 (compatible; MSIE 7.0b; Windows NT 6.0)"
92.249.127.111 - - [23/Feb/2013:01:46:47 +0100] "GET / HTTP/1.1" 200 4014 "http://p2g.ru/" "Mozilla/5.0 (compatible; news bot /2.1)"
92.249.127.111 - - [23/Feb/2013:01:46:48 +0100] "GET / HTTP/1.1" 200 4014 "http://p2g.ru/" "Mozilla/5.0 (compatible; news bot /2.1)"
92.249.127.111 - - [23/Feb/2013:01:46:48 +0100] "GET / HTTP/1.1" 200 4014 "http://p2g.ru/" "Mozilla/5.0 (compatible; news bot /2.1)"
66.249.78.134 - - [23/Feb/2013:01:54:28 +0100] "GET /00themen00.html HTTP/1.1" 200 2236 "-" "Mozilla/5.0 (iPhone; U; CPU iPhone OS 4_1 like Mac OS X; en-us) AppleWebKit/532.9 (KHTML, like Gecko) Version/4.0.5 Mobile/8B117 Safari/6531.22.7 (compatible; Googlebot-Mobile/2.1; +http://www.google.com/bot.html)"
157.55.33.98 - - [23/Feb/2013:02:49:54 +0100] "GET /robots.txt HTTP/1.1" 404 1256 "-" "Mozilla/5.0 (compatible; bingbot/2.0; +http://www.bing.com/bingbot.htm)"
157.55.33.98 - - [23/Feb/2013:02:51:33 +0100] "GET / HTTP/1.1" 200 4014 "-" "Mozilla/5.0 (compatible; bingbot/2.0; +http://www.bing.com/bingbot.htm)"
89.108.102.171 - - [23/Feb/2013:03:18:03 +0100] "GET / HTTP/1.1" 200 4014 "http://popolnit.net/" "Mozilla/4.0 (compatible; MSIE 7.0b; Windows NT 6.0)"
89.108.102.171 - - [23/Feb/2013:03:18:05 +0100] "GET / HTTP/1.1" 200 4014 "http://popolnit.net/" "Mozilla/4.0 (compatible; MSIE 7.0b; Windows NT 6.0)"
202.46.60.63 - - [23/Feb/2013:06:06:49 +0100] "GET / HTTP/1.1" 200 4014 "-" "Mozilla/4.0 (compatible; MSIE 7.0; Windows NT 6.0)"
119.63.193.132 - - [23/Feb/2013:06:07:53 +0100] "GET / HTTP/1.1" 200 4014 "-" "Mozilla/4.0 (compatible; MSIE 7.0; Windows NT 6.0)"
180.76.5.158 - - [23/Feb/2013:06:21:59 +0100] "GET / HTTP/1.1" 304 - "-" "Mozilla/5.0 (compatible; Baiduspider/2.0; +http://www.baidu.com/search/spider.html)"
157.55.33.98 - - [23/Feb/2013:06:57:10 +0100] "GET /robots.txt HTTP/1.1" 404 1256 "-" "Mozilla/5.0 (compatible; bingbot/2.0; +http://www.bing.com/bingbot.htm)"
157.55.33.98 - - [23/Feb/2013:06:58:39 +0100] "GET / HTTP/1.1" 200 4014 "-" "Mozilla/5.0 (compatible; bingbot/2.0; +http://www.bing.com/bingbot.htm)"
66.249.78.134 - - [23/Feb/2013:07:53:07 +0100] "GET /robots.txt HTTP/1.1" 404 1256 "-" "Mozilla/5.0 (compatible; Googlebot/2.1; +http://www.google.com/bot.html)"
66.249.78.134 - - [23/Feb/2013:07:53:07 +0100] "GET / HTTP/1.1" 200 4014 "-" "Mozilla/5.0 (compatible; Googlebot/2.1; +http://www.google.com/bot.html)"
178.137.5.24 - - [23/Feb/2013:10:53:54 +0100] "GET / HTTP/1.1" 200 4014 "http://magazin-masterov.ru/" "Mozilla/4.0 (compatible; MSIE 6.0; Windows NT 5.1; MRA 4.3 (build 01218); .NET CLR 1.1.4322)"
178.137.5.24 - - [23/Feb/2013:10:53:54 +0100] "GET / HTTP/1.1" 200 4014 "http://magazin-masterov.ru/" "Mozilla/4.0 (compatible; MSIE 6.0; Windows NT 5.1; MRA 4.3 (build 01218); .NET CLR 1.1.4322)"
178.137.5.24 - - [23/Feb/2013:10:53:55 +0100] "GET / HTTP/1.1" 200 4014 "http://magazin-masterov.ru/" "Mozilla/4.0 (compatible; MSIE 6.0; Windows NT 5.1; MRA 4.3 (build 01218); .NET CLR 1.1.4322)"
157.55.33.98 - - [23/Feb/2013:11:38:51 +0100] "GET /robots.txt HTTP/1.1" 404 1256 "-" "Mozilla/5.0 (compatible; bingbot/2.0; +http://www.bing.com/bingbot.htm)"
65.55.211.211 - - [23/Feb/2013:11:40:40 +0100] "GET / HTTP/1.1" 200 4014 "-" "Mozilla/5.0 (Windows NT 6.1; WOW64) AppleWebKit/534+ (KHTML, like Gecko) BingPreview/1.0b"
202.46.62.23 - - [23/Feb/2013:12:04:27 +0100] "GET / HTTP/1.1" 200 4014 "-" "Mozilla/4.0 (compatible; MSIE 7.0; Windows NT 6.0)"
119.63.193.131 - - [23/Feb/2013:12:05:21 +0100] "GET / HTTP/1.1" 200 4014 "-" "Mozilla/4.0 (compatible; MSIE 7.0; Windows NT 6.0)"
193.106.136.45 - - [23/Feb/2013:17:27:16 +0100] "GET / HTTP/1.1" 200 4014 "http://kazinointernet.ru/" "Mozilla/4.0 (compatible; MSIE 6.0; Windows NT 5.0; Avant Browser [avantbrowser.com]; Hotbar 4.4.5.0)"
193.106.136.45 - - [23/Feb/2013:17:27:16 +0100] "GET / HTTP/1.1" 200 4014 "http://kazinointernet.ru/" "Mozilla/4.0 (compatible; MSIE 6.0; Windows NT 5.0; Avant Browser [avantbrowser.com]; Hotbar 4.4.5.0)"
202.46.54.57 - - [23/Feb/2013:18:07:30 +0100] "GET / HTTP/1.1" 200 4014 "-" "Mozilla/4.0 (compatible; MSIE 7.0; Windows NT 6.0)"
119.63.193.130 - - [23/Feb/2013:18:08:34 +0100] "GET / HTTP/1.1" 200 4014 "-" "Mozilla/4.0 (compatible; MSIE 7.0; Windows NT 6.0)"
180.76.6.15 - - [23/Feb/2013:18:08:41 +0100] "GET /robots.txt HTTP/1.1" 404 1256 "-" "Mozilla/5.0 (Windows NT 5.1; rv:6.0.2) Gecko/20100101 Firefox/6.0.2"
157.55.33.98 - - [23/Feb/2013:18:44:27 +0100] "GET /robots.txt HTTP/1.1" 404 1256 "-" "Mozilla/5.0 (compatible; bingbot/2.0; +http://www.bing.com/bingbot.htm)"
157.55.33.98 - - [23/Feb/2013:18:46:18 +0100] "GET / HTTP/1.1" 200 4014 "-" "Mozilla/5.0 (compatible; bingbot/2.0; +http://www.bing.com/bingbot.htm)"
178.137.5.24 - - [23/Feb/2013:20:25:50 +0100] "GET / HTTP/1.1" 200 4014 "http://www.vbesedki.ru/" "Opera/9.0 (Windows NT 5.1; U; en)"
178.137.5.24 - - [23/Feb/2013:20:25:51 +0100] "GET / HTTP/1.1" 200 4014 "http://www.vbesedki.ru/" "Opera/9.0 (Windows NT 5.1; U; en)"
178.137.5.24 - - [23/Feb/2013:20:25:55 +0100] "GET / HTTP/1.1" 200 4014 "http://www.vbesedki.ru/" "Opera/9.0 (Windows NT 5.1; U; en)"
5.248.83.93 - - [23/Feb/2013:21:28:02 +0100] "GET / HTTP/1.1" 200 4014 "http://serial-best.com/" "Mozilla/4.0 (compatible; MSIE 6.0; Windows NT 5.1; SV1; FunWebProducts; .NET CLR 1.1.4322; PeoplePal 6.2)"
5.248.83.93 - - [23/Feb/2013:21:28:02 +0100] "GET / HTTP/1.1" 200 4014 "http://serial-best.com/" "Mozilla/4.0 (compatible; MSIE 6.0; Windows NT 5.1; SV1; FunWebProducts; .NET CLR 1.1.4322; PeoplePal 6.2)"
5.248.83.93 - - [23/Feb/2013:21:28:02 +0100] "GET / HTTP/1.1" 200 4014 "http://serial-best.com/" "Mozilla/4.0 (compatible; MSIE 6.0; Windows NT 5.1; SV1; FunWebProducts; .NET CLR 1.1.4322; PeoplePal 6.2)"
192.162.19.177 - - [23/Feb/2013:21:52:04 +0100] "GET / HTTP/1.1" 200 4014 "http://player-android.ru/" "Spyder (Mag Reiting: http://magic-top.com)"
192.162.19.177 - - [23/Feb/2013:21:52:04 +0100] "GET / HTTP/1.1" 200 4014 "http://android-superstar.ru/" "Mozilla/4.0 (compatible; MSIE 6.0; Windows NT 5.0; Avant Browser [avantbrowser.com]; Hotbar 4.4.5.0)"
192.162.19.177 - - [23/Feb/2013:21:52:05 +0100] "GET / HTTP/1.1" 200 4014 "http://player-android.ru/" "Spyder (Mag Reiting: http://magic-top.com)"
192.162.19.177 - - [23/Feb/2013:21:52:05 +0100] "GET / HTTP/1.1" 200 4014 "http://android-superstar.ru/" "Mozilla/4.0 (compatible; MSIE 6.0; Windows NT 5.0; Avant Browser [avantbrowser.com]; Hotbar 4.4.5.0)"
192.162.19.177 - - [23/Feb/2013:21:52:05 +0100] "GET / HTTP/1.1" 200 4014 "http://player-android.ru/" "Spyder (Mag Reiting: http://magic-top.com)"
192.162.19.177 - - [23/Feb/2013:21:52:05 +0100] "GET / HTTP/1.1" 200 4014 "http://android-superstar.ru/" "Mozilla/4.0 (compatible; MSIE 6.0; Windows NT 5.0; Avant Browser [avantbrowser.com]; Hotbar 4.4.5.0)"
66.249.78.134 - - [23/Feb/2013:22:25:32 +0100] "GET /robots.txt HTTP/1.1" 404 1256 "-" "Mozilla/5.0 (compatible; Googlebot/2.1; +http://www.google.com/bot.html)"
66.249.78.134 - - [23/Feb/2013:22:25:32 +0100] "GET /09a.html HTTP/1.1" 304 - "-" "Mozilla/5.0 (iPhone; U; CPU iPhone OS 4_1 like Mac OS X; en-us) AppleWebKit/532.9 (KHTML, like Gecko) Version/4.0.5 Mobile/8B117 Safari/6531.22.7 (compatible; Googlebot-Mobile/2.1; +http://www.google.com/bot.html)"
109.120.157.179 - - [23/Feb/2013:22:58:15 +0100] "GET / HTTP/1.1" 200 4014 "http://jobroom.ru/" "Mozilla/5.0 (compatible; Add Catalog/2.1;)"
109.120.157.179 - - [23/Feb/2013:22:58:16 +0100] "GET / HTTP/1.1" 200 4014 "http://jobroom.ru/" "Mozilla/5.0 (compatible; Add Catalog/2.1;)"
141.8.147.12 - - [23/Feb/2013:23:56:35 +0100] "GET /robots.txt HTTP/1.1" 404 1256 "-" "Mozilla/5.0 (compatible; YandexBot/3.0; +http://yandex.com/bots)"
157.55.33.98 - - [24/Feb/2013:00:43:02 +0100] "GET /robots.txt HTTP/1.1" 404 1256 "-" "Mozilla/5.0 (compatible; bingbot/2.0; +http://www.bing.com/bingbot.htm)"
157.55.33.98 - - [24/Feb/2013:00:44:28 +0100] "GET / HTTP/1.1" 200 4014 "-" "Mozilla/5.0 (compatible; bingbot/2.0; +http://www.bing.com/bingbot.htm)"
202.46.59.71 - - [24/Feb/2013:06:07:29 +0100] "GET / HTTP/1.1" 200 4014 "-" "Mozilla/4.0 (compatible; MSIE 7.0; Windows NT 6.0)"
119.63.193.195 - - [24/Feb/2013:06:08:28 +0100] "GET / HTTP/1.1" 200 4014 "-" "Mozilla/4.0 (compatible; MSIE 7.0; Windows NT 6.0)"
141.8.147.12 - - [24/Feb/2013:06:20:24 +0100] "GET /09a.swf HTTP/1.1" 304 - "-" "Mozilla/5.0 (compatible; YandexBot/3.0; +http://yandex.com/bots)"
157.55.33.98 - - [24/Feb/2013:06:44:44 +0100] "GET /robots.txt HTTP/1.1" 404 1256 "-" "Mozilla/5.0 (compatible; bingbot/2.0; +http://www.bing.com/bingbot.htm)"
157.55.33.98 - - [24/Feb/2013:06:46:27 +0100] "GET / HTTP/1.1" 200 4014 "-" "Mozilla/5.0 (compatible; bingbot/2.0; +http://www.bing.com/bingbot.htm)"
5.9.7.208 - - [24/Feb/2013:09:42:15 +0100] "GET /robots.txt HTTP/1.0" 404 1256 "-" "Mozilla/5.0 (compatible; MJ12bot/v1.4.3; http://www.majestic12.co.uk/bot.php?+)"
5.9.7.208 - - [24/Feb/2013:09:42:18 +0100] "GET / HTTP/1.0" 200 4014 "-" "Mozilla/5.0 (compatible; MJ12bot/v1.4.3; http://www.majestic12.co.uk/bot.php?+)"
202.46.56.46 - - [24/Feb/2013:12:03:54 +0100] "GET / HTTP/1.1" 200 4014 "-" "Mozilla/4.0 (compatible; MSIE 7.0; Windows NT 6.0)"
119.63.193.130 - - [24/Feb/2013:12:04:48 +0100] "GET / HTTP/1.1" 200 4014 "-" "Mozilla/4.0 (compatible; MSIE 7.0; Windows NT 6.0)"
5.248.83.93 - - [24/Feb/2013:17:07:10 +0100] "GET / HTTP/1.1" 200 4014 "http://imsu-dnipropetrovsk.com/" "Mozilla/4.0 (compatible; MSIE 6.0; Windows NT 5.2; Win64; AMD64)"
5.248.83.93 - - [24/Feb/2013:17:07:10 +0100] "GET / HTTP/1.1" 200 4014 "http://imsu-dnipropetrovsk.com/" "Mozilla/4.0 (compatible; MSIE 6.0; Windows NT 5.2; Win64; AMD64)"
5.248.83.93 - - [24/Feb/2013:17:07:11 +0100] "GET / HTTP/1.1" 200 4014 "http://imsu-dnipropetrovsk.com/" "Mozilla/4.0 (compatible; MSIE 6.0; Windows NT 5.2; Win64; AMD64)"
202.46.52.30 - - [24/Feb/2013:18:07:44 +0100] "GET / HTTP/1.1" 200 4014 "-" "Mozilla/4.0 (compatible; MSIE 7.0; Windows NT 6.0)"
119.63.193.131 - - [24/Feb/2013:18:08:45 +0100] "GET / HTTP/1.1" 200 4014 "-" "Mozilla/4.0 (compatible; MSIE 7.0; Windows NT 6.0)"
88.130.192.185 - - [24/Feb/2013:18:41:25 +0100] "GET /09a.html HTTP/1.1" 200 2065 "-" "Mozilla/5.0 (iPad; CPU OS 6_1_2 like Mac OS X) AppleWebKit/536.26 (KHTML, like Gecko) Version/6.0 Mobile/10B146 Safari/8536.25"
88.130.192.185 - - [24/Feb/2013:18:41:25 +0100] "GET /AC_RunActiveContent.js HTTP/1.1" 200 8029 "http://www.dialyse-waldbronn.de/09a.html" "Mozilla/5.0 (iPad; CPU OS 6_1_2 like Mac OS X) AppleWebKit/536.26 (KHTML, like Gecko) Version/6.0 Mobile/10B146 Safari/8536.25"
84.167.75.5 - - [24/Feb/2013:19:31:21 +0100] "GET / HTTP/1.1" 200 4014 "http://www.dialyse-calw.de/06.swf" "Mozilla/5.0 (compatible; MSIE 9.0; Windows NT 6.1; Trident/5.0)"
84.167.75.5 - - [24/Feb/2013:19:31:21 +0100] "GET /back.jpg HTTP/1.1" 404 1256 "http://www.dialyse-waldbronn.de/" "Mozilla/5.0 (compatible; MSIE 9.0; Windows NT 6.1; Trident/5.0)"
84.167.75.5 - - [24/Feb/2013:19:31:21 +0100] "HEAD /index.swf HTTP/1.1" 200 - "-" "contype"
84.167.75.5 - - [24/Feb/2013:19:31:22 +0100] "GET /back.jpg HTTP/1.1" 404 1256 "http://www.dialyse-waldbronn.de/" "Mozilla/5.0 (compatible; MSIE 9.0; Windows NT 6.1; Trident/5.0)"
84.167.75.5 - - [24/Feb/2013:19:31:22 +0100] "GET /index.swf HTTP/1.1" 200 8893 "http://www.dialyse-waldbronn.de/" "Mozilla/5.0 (compatible; MSIE 9.0; Windows NT 6.1; Trident/5.0)"
84.167.75.5 - - [24/Feb/2013:19:31:22 +0100] "GET /favicon.ico HTTP/1.1" 404 1256 "-" "Mozilla/5.0 (compatible; MSIE 9.0; Windows NT 6.1; Trident/5.0)"
84.167.75.5 - - [24/Feb/2013:19:31:27 +0100] "GET /back.jpg HTTP/1.1" 404 1256 "http://www.dialyse-waldbronn.de/" "Mozilla/5.0 (compatible; MSIE 9.0; Windows NT 6.1; Trident/5.0)"
84.167.75.5 - - [24/Feb/2013:19:31:27 +0100] "HEAD /index.swf HTTP/1.1" 200 - "-" "contype"
84.167.75.5 - - [24/Feb/2013:19:31:27 +0100] "GET /favicon.ico HTTP/1.1" 404 1256 "-" "Mozilla/5.0 (compatible; MSIE 9.0; Windows NT 6.1; Trident/5.0)"
84.167.75.5 - - [24/Feb/2013:19:31:33 +0100] "GET /00themen00.html HTTP/1.1" 200 2236 "http://www.dialyse-waldbronn.de/index.swf" "Mozilla/5.0 (compatible; MSIE 9.0; Windows NT 6.1; Trident/5.0)"
84.167.75.5 - - [24/Feb/2013:19:31:33 +0100] "GET /AC_RunActiveContent.js HTTP/1.1" 200 8029 "http://www.dialyse-waldbronn.de/index.swf" "Mozilla/5.0 (compatible; MSIE 9.0; Windows NT 6.1; Trident/5.0)"
84.167.75.5 - - [24/Feb/2013:19:31:33 +0100] "GET /AC_RunActiveContent.js HTTP/1.1" 200 8029 "http://www.dialyse-waldbronn.de/00themen00.html" "Mozilla/5.0 (compatible; MSIE 9.0; Windows NT 6.1; Trident/5.0)"
84.167.75.5 - - [24/Feb/2013:19:31:33 +0100] "GET /00themen00.swf HTTP/1.1" 200 12608 "http://www.dialyse-waldbronn.de/00themen00.html" "Mozilla/5.0 (compatible; MSIE 9.0; Windows NT 6.1; Trident/5.0)"
84.167.75.5 - - [24/Feb/2013:19:31:37 +0100] "GET /01.html HTTP/1.1" 200 1988 "http://www.dialyse-waldbronn.de/00themen00.swf" "Mozilla/5.0 (compatible; MSIE 9.0; Windows NT 6.1; Trident/5.0)"
