95.108.150.235 - - [01/Oct/2012:06:02:03 +0200] "GET /robots.txt HTTP/1.1" 200 918 "-" "Mozilla/5.0 (compatible; YandexBot/3.0; +http://yandex.com/bots)"
95.108.150.235 - - [01/Oct/2012:06:02:04 +0200] "GET / HTTP/1.1" 302 - "-" "Mozilla/5.0 (compatible; YandexBot/3.0; +http://yandex.com/bots)"
66.249.76.81 - - [01/Oct/2012:16:06:54 +0200] "GET /robots.txt HTTP/1.1" 200 918 "-" "Mozilla/5.0 (compatible; Googlebot/2.1; +http://www.google.com/bot.html)"
66.249.76.81 - - [01/Oct/2012:16:06:54 +0200] "GET / HTTP/1.1" 302 - "-" "Mozilla/5.0 (compatible; Googlebot/2.1; +http://www.google.com/bot.html)"
95.220.141.149 - - [04/Oct/2012:22:42:59 +0200] "GET / HTTP/1.1" 302 - "http://yandex.ru/yandsearch?text=Adresse+in+der+Adresszeile+des&lr=213" "Opera/9.80 (Windows NT 5.1; U; ru) Presto/2.6.30 Version/10.62"
95.108.150.235 - - [05/Oct/2012:00:14:38 +0200] "GET /robots.txt HTTP/1.1" 200 918 "-" "Mozilla/5.0 (compatible; YandexBot/3.0; +http://yandex.com/bots)"
95.108.150.235 - - [05/Oct/2012:00:14:39 +0200] "GET / HTTP/1.1" 302 - "-" "Mozilla/5.0 (compatible; YandexBot/3.0; +http://yandex.com/bots)"
157.55.34.183 - - [05/Oct/2012:09:45:44 +0200] "GET /robots.txt HTTP/1.1" 200 918 "-" "Mozilla/5.0 (compatible; bingbot/2.0; +http://www.bing.com/bingbot.htm)"
157.55.34.183 - - [05/Oct/2012:09:50:02 +0200] "GET / HTTP/1.1" 302 - "-" "Mozilla/5.0 (compatible; bingbot/2.0; +http://www.bing.com/bingbot.htm)"
66.249.71.236 - - [05/Oct/2012:15:44:33 +0200] "GET /robots.txt HTTP/1.1" 200 918 "-" "Mozilla/5.0 (compatible; Googlebot/2.1; +http://www.google.com/bot.html)"
66.249.71.236 - - [05/Oct/2012:15:44:33 +0200] "GET / HTTP/1.1" 302 - "-" "Mozilla/5.0 (compatible; Googlebot/2.1; +http://www.google.com/bot.html)"
95.220.141.149 - - [05/Oct/2012:22:31:48 +0200] "GET / HTTP/1.1" 302 - "http://yandex.ru/yandsearch?text=Adresse+in+der+Adresszeile+des&lr=213" "Opera/9.80 (Windows NT 5.1; U; ru) Presto/2.6.30 Version/10.62"
107.20.6.178 - - [08/Oct/2012:21:17:57 +0200] "GET / HTTP/1.0" 302 - "-" "Mozilla/5.0 (compatible; NetcraftSurveyAgent/1.0; +info@netcraft.com)"
95.108.150.235 - - [08/Oct/2012:22:48:15 +0200] "GET /robots.txt HTTP/1.1" 200 918 "-" "Mozilla/5.0 (compatible; YandexBot/3.0; +http://yandex.com/bots)"
95.108.150.235 - - [08/Oct/2012:22:48:16 +0200] "GET / HTTP/1.1" 302 - "-" "Mozilla/5.0 (compatible; YandexBot/3.0; +http://yandex.com/bots)"
69.58.178.57 - - [12/Oct/2012:07:21:02 +0200] "GET /robots.txt HTTP/1.1" 200 918 "-" "Mozilla/5.0 (X11; U; Linux i686; en-US; rv:1.9.1.3; ips-agent) Gecko/20090824 Fedora/1.0.7-1.1.fc4 Firefox/3.5.3"
69.58.178.57 - - [12/Oct/2012:07:21:03 +0200] "GET / HTTP/1.1" 302 - "-" "Mozilla/5.0 (X11; U; Linux i686; en-US; rv:1.9.1.3; ips-agent) Gecko/20090824 Fedora/1.0.7-1.1.fc4 Firefox/3.5.3"
69.58.178.57 - - [12/Oct/2012:07:21:05 +0200] "GET / HTTP/1.1" 302 - "-" "BlackBerry9000/4.6.0.167 Profile/MIDP-2.0 Configuration/CLDC-1.1 VendorID/102 ips-agent"
193.169.228.189 - - [12/Oct/2012:18:56:16 +0200] "GET /robots.txt HTTP/1.1" 200 918 "-" "Mozilla/5.0 (compatible; 008/0.83; http://www.80legs.com/webcrawler.html;) Gecko/2008032620"
193.169.228.189 - - [12/Oct/2012:18:56:16 +0200] "GET / HTTP/1.1" 302 - "-" "Mozilla/5.0 (compatible; 008/0.83; http://www.80legs.com/webcrawler.html) Gecko/2008032620"
178.140.122.130 - - [12/Oct/2012:20:01:06 +0200] "GET /robots.txt HTTP/1.1" 200 918 "-" "Mozilla/5.0 (compatible; 008/0.83; http://www.80legs.com/webcrawler.html;) Gecko/2008032620"
178.140.122.130 - - [12/Oct/2012:20:01:06 +0200] "GET / HTTP/1.1" 302 - "-" "Mozilla/5.0 (compatible; 008/0.83; http://www.80legs.com/webcrawler.html) Gecko/2008032620"
95.108.150.235 - - [12/Oct/2012:22:09:26 +0200] "GET /robots.txt HTTP/1.1" 200 918 "-" "Mozilla/5.0 (compatible; YandexBot/3.0; +http://yandex.com/bots)"
95.108.150.235 - - [12/Oct/2012:22:09:27 +0200] "GET / HTTP/1.1" 302 - "-" "Mozilla/5.0 (compatible; YandexBot/3.0; +http://yandex.com/bots)"
216.145.5.42 - - [12/Oct/2012:23:12:09 +0200] "GET /robots.txt HTTP/1.0" 200 918 "-" "Mozilla/5.0 (Windows; U; Windows NT 5.1; en; rv:1.9.0.13) Gecko/2009073022 Firefox/3.5.2 (.NET CLR 3.5.30729) SurveyBot/2.3 (DomainTools)"
216.145.5.42 - - [12/Oct/2012:23:12:09 +0200] "GET / HTTP/1.1" 302 - "http://whois.domaintools.com/markenoele.com" "Mozilla/5.0 (Windows; U; Windows NT 5.1; en; rv:1.9.0.13) Gecko/2009073022 Firefox/3.5.2 (.NET CLR 3.5.30729) SurveyBot/2.3 (DomainTools)"
188.165.230.147 - - [13/Oct/2012:11:53:31 +0200] "GET /robots.txt HTTP/1.1" 200 918 "http://www.orangeask.com/" "Mozilla/4.0 (compatible; MSIE 7.0; Windows NT 5.1; Mozilla/4.0 (compatible; MSIE 6.0; Windows NT 5.1; SV1) ; .NET CLR 2.0.50727; .NET CLR 3.0.4506.2152; .NET CLR 3.5.30729)"
188.165.230.147 - - [13/Oct/2012:11:53:31 +0200] "GET / HTTP/1.1" 302 - "http://www.orangeask.com/" "Mozilla/4.0 (compatible; MSIE 7.0; Windows NT 5.1; Mozilla/4.0 (compatible; MSIE 6.0; Windows NT 5.1; SV1) ; .NET CLR 2.0.50727; .NET CLR 3.0.4506.2152; .NET CLR 3.5.30729)"
67.217.35.30 - - [15/Oct/2012:11:14:56 +0200] "GET /robots.txt HTTP/1.1" 200 918 "http://www.markenoele.com/robots.txt" "intelium_bot"
67.217.35.30 - - [15/Oct/2012:11:14:56 +0200] "GET / HTTP/1.1" 302 - "http://www.markenoele.com" "intelium_bot"
208.77.221.210 - - [15/Oct/2012:13:33:53 +0200] "GET /robots.txt HTTP/1.0" 200 918 "-" "CatchBot/1.0; +http://www.catchbot.com"
208.77.221.210 - - [15/Oct/2012:13:33:54 +0200] "GET / HTTP/1.0" 302 - "-" "CatchBot/1.0; +http://www.catchbot.com"
68.47.129.55 - - [15/Oct/2012:20:01:32 +0200] "GET /robots.txt HTTP/1.1" 200 918 "-" "Mozilla/5.0 (compatible; CompSpyBot/1.0; +http://www.compspy.com/spider.html)"
157.55.33.251 - - [16/Oct/2012:06:32:24 +0200] "GET /robots.txt HTTP/1.1" 200 918 "-" "Mozilla/5.0 (compatible; bingbot/2.0; +http://www.bing.com/bingbot.htm)"
157.55.33.251 - - [16/Oct/2012:08:07:04 +0200] "GET / HTTP/1.1" 302 - "-" "Mozilla/5.0 (compatible; bingbot/2.0; +http://www.bing.com/bingbot.htm)"
38.100.21.62 - - [16/Oct/2012:09:01:39 +0200] "GET / HTTP/1.1" 302 - "-" "Mozilla/4.0 (compatible; MSIE 7.0; Windows NT 5.2)"
66.249.76.81 - - [16/Oct/2012:16:33:40 +0200] "GET /robots.txt HTTP/1.1" 200 918 "-" "Mozilla/5.0 (compatible; Googlebot/2.1; +http://www.google.com/bot.html)"
66.249.76.81 - - [16/Oct/2012:16:33:40 +0200] "GET / HTTP/1.1" 302 - "-" "Mozilla/5.0 (compatible; Googlebot/2.1; +http://www.google.com/bot.html)"
76.73.3.18 - - [16/Oct/2012:18:47:43 +0200] "GET / HTTP/1.1" 302 - "-" "Mozilla/5.0 (compatible; CompSpyBot/1.0; +http://www.compspy.com/spider.html)"
95.108.150.235 - - [16/Oct/2012:19:03:13 +0200] "GET /robots.txt HTTP/1.1" 200 918 "-" "Mozilla/5.0 (compatible; YandexBot/3.0; +http://yandex.com/bots)"
95.108.150.235 - - [16/Oct/2012:19:03:14 +0200] "GET / HTTP/1.1" 302 - "-" "Mozilla/5.0 (compatible; YandexBot/3.0; +http://yandex.com/bots)"
109.254.6.14 - - [18/Oct/2012:13:33:56 +0200] "GET / HTTP/1.0" 302 - "http://www.markenoele.com/" "Mozilla/5.0 (Windows NT 5.1; rv:11.0) Gecko/20100101 Firefox/11.0"
95.108.151.244 - - [19/Oct/2012:02:15:14 +0200] "GET /robots.txt HTTP/1.1" 200 918 "-" "Mozilla/5.0 (compatible; YandexBot/3.0; +http://yandex.com/bots)"
95.108.151.244 - - [19/Oct/2012:02:15:14 +0200] "GET / HTTP/1.1" 302 - "-" "Mozilla/5.0 (compatible; YandexBot/3.0; +http://yandex.com/bots)"
95.108.151.244 - - [19/Oct/2012:05:29:53 +0200] "GET /robots.txt HTTP/1.1" 200 918 "-" "Mozilla/5.0 (compatible; YandexBot/3.0; +http://yandex.com/bots)"
95.108.151.244 - - [19/Oct/2012:05:29:54 +0200] "GET / HTTP/1.1" 302 - "-" "Mozilla/5.0 (compatible; YandexBot/3.0; +http://yandex.com/bots)"
5.9.40.194 - - [20/Oct/2012:14:02:26 +0200] "GET /robots.txt HTTP/1.1" 200 918 "-" "Mozilla/5.0 (compatible; MSIE 9.0; Windows NT 6.1; Win64; x64; Trident/5.0; MALC)"
5.9.40.194 - - [20/Oct/2012:14:02:26 +0200] "GET / HTTP/1.1" 302 - "-" "Mozilla/5.0 (compatible; MSIE 9.0; Windows NT 6.1; Win64; x64; Trident/5.0; MALC)"
95.108.150.235 - - [20/Oct/2012:18:49:57 +0200] "GET /robots.txt HTTP/1.1" 200 918 "-" "Mozilla/5.0 (compatible; YandexBot/3.0; +http://yandex.com/bots)"
95.108.150.235 - - [20/Oct/2012:18:49:58 +0200] "GET / HTTP/1.1" 302 - "-" "Mozilla/5.0 (compatible; YandexBot/3.0; +http://yandex.com/bots)"
74.52.245.146 - - [23/Oct/2012:22:08:39 +0200] "GET / HTTP/1.0" 302 - "-" "Mozilla/5.0 (X11; U; Linux i686; en-US; rv:1.7.5) Gecko/20041107 Firefox/1.0"
95.108.150.235 - - [24/Oct/2012:22:39:04 +0200] "GET /robots.txt HTTP/1.1" 200 918 "-" "Mozilla/5.0 (compatible; YandexBot/3.0; +http://yandex.com/bots)"
95.108.150.235 - - [24/Oct/2012:22:39:05 +0200] "GET / HTTP/1.1" 302 - "-" "Mozilla/5.0 (compatible; YandexBot/3.0; +http://yandex.com/bots)"
64.246.161.42 - - [25/Oct/2012:01:52:48 +0200] "GET /robots.txt HTTP/1.0" 200 918 "-" "Mozilla/5.0 (Windows; U; Windows NT 5.1; en; rv:1.9.0.13) Gecko/2009073022 Firefox/3.5.2 (.NET CLR 3.5.30729) SurveyBot/2.3 (DomainTools)"
64.246.161.42 - - [25/Oct/2012:01:52:48 +0200] "GET / HTTP/1.1" 302 - "http://whois.domaintools.com/markenoele.com" "Mozilla/5.0 (Windows; U; Windows NT 5.1; en; rv:1.9.0.13) Gecko/2009073022 Firefox/3.5.2 (.NET CLR 3.5.30729) SurveyBot/2.3 (DomainTools)"
46.165.8.169 - - [25/Oct/2012:06:56:35 +0200] "GET /robots.txt HTTP/1.1" 200 918 "-" "Mozilla/5.0 (compatible; 008/0.83; http://www.80legs.com/webcrawler.html;) Gecko/2008032620"
46.165.8.169 - - [25/Oct/2012:06:56:35 +0200] "GET / HTTP/1.1" 302 - "-" "Mozilla/5.0 (compatible; 008/0.83; http://www.80legs.com/webcrawler.html) Gecko/2008032620"
46.165.8.169 - - [25/Oct/2012:06:56:38 +0200] "GET / HTTP/1.1" 302 - "-" "Mozilla/5.0 (compatible; 008/0.83; http://www.80legs.com/webcrawler.html) Gecko/2008032620"
109.191.77.91 - - [25/Oct/2012:07:47:55 +0200] "GET /robots.txt HTTP/1.1" 200 918 "-" "Mozilla/5.0 (compatible; 008/0.83; http://www.80legs.com/webcrawler.html;) Gecko/2008032620"
109.191.77.91 - - [25/Oct/2012:07:47:56 +0200] "GET / HTTP/1.1" 302 - "-" "Mozilla/5.0 (compatible; 008/0.83; http://www.80legs.com/webcrawler.html) Gecko/2008032620"
157.55.33.251 - - [26/Oct/2012:14:20:43 +0200] "GET /robots.txt HTTP/1.1" 200 918 "-" "Mozilla/5.0 (compatible; bingbot/2.0; +http://www.bing.com/bingbot.htm)"
157.55.33.251 - - [26/Oct/2012:14:42:55 +0200] "GET / HTTP/1.1" 302 - "-" "Mozilla/5.0 (compatible; bingbot/2.0; +http://www.bing.com/bingbot.htm)"
188.165.230.147 - - [26/Oct/2012:17:03:15 +0200] "GET /robots.txt HTTP/1.1" 200 918 "http://www.orangeask.com/" "Mozilla/4.0 (compatible; MSIE 7.0; Windows NT 5.1; Mozilla/4.0 (compatible; MSIE 6.0; Windows NT 5.1; SV1) ; .NET CLR 2.0.50727; .NET CLR 3.0.4506.2152; .NET CLR 3.5.30729)"
188.165.230.147 - - [26/Oct/2012:17:03:15 +0200] "GET / HTTP/1.1" 302 - "http://www.orangeask.com/" "Mozilla/4.0 (compatible; MSIE 7.0; Windows NT 5.1; Mozilla/4.0 (compatible; MSIE 6.0; Windows NT 5.1; SV1) ; .NET CLR 2.0.50727; .NET CLR 3.0.4506.2152; .NET CLR 3.5.30729)"
66.249.71.236 - - [27/Oct/2012:08:00:40 +0200] "GET /robots.txt HTTP/1.1" 200 918 "-" "Mozilla/5.0 (compatible; Googlebot/2.1; +http://www.google.com/bot.html)"
66.249.71.236 - - [27/Oct/2012:08:00:40 +0200] "GET / HTTP/1.1" 302 - "-" "Mozilla/5.0 (compatible; Googlebot/2.1; +http://www.google.com/bot.html)"
198.61.178.155 - - [27/Oct/2012:13:01:24 +0200] "GET / HTTP/1.1" 302 - "-" "-"
50.57.129.254 - - [27/Oct/2012:13:46:47 +0200] "GET / HTTP/1.1" 302 - "-" "Mozilla/5.0 (X11; U; Linux x86_64; C) AppleWebKit/533.3 (KHTML, like Gecko) Qt/4.8.0 Safari/533.3"
95.108.151.244 - - [28/Oct/2012:02:36:39 +0200] "GET /robots.txt HTTP/1.1" 200 918 "-" "Mozilla/5.0 (compatible; YandexBot/3.0; +http://yandex.com/bots)"
95.108.151.244 - - [28/Oct/2012:02:36:39 +0200] "GET /agb/ HTTP/1.1" 302 - "-" "Mozilla/5.0 (compatible; YandexBot/3.0; +http://yandex.com/bots)"
95.108.151.244 - - [28/Oct/2012:02:36:41 +0200] "GET /altoelentsorgung/ HTTP/1.1" 302 - "-" "Mozilla/5.0 (compatible; YandexBot/3.0; +http://yandex.com/bots)"
95.108.151.244 - - [28/Oct/2012:02:36:42 +0200] "GET /angebote-des-monats/ HTTP/1.1" 302 - "-" "Mozilla/5.0 (compatible; YandexBot/3.0; +http://yandex.com/bots)"
95.108.151.244 - - [28/Oct/2012:02:36:43 +0200] "GET /contacts/ HTTP/1.1" 302 - "-" "Mozilla/5.0 (compatible; YandexBot/3.0; +http://yandex.com/bots)"
95.108.151.244 - - [28/Oct/2012:02:36:44 +0200] "GET /datenschutz/ HTTP/1.1" 302 - "-" "Mozilla/5.0 (compatible; YandexBot/3.0; +http://yandex.com/bots)"
95.108.151.244 - - [28/Oct/2012:02:36:45 +0200] "GET /esso-diesel.html HTTP/1.1" 302 - "-" "Mozilla/5.0 (compatible; YandexBot/3.0; +http://yandex.com/bots)"
95.108.151.244 - - [28/Oct/2012:02:36:46 +0200] "GET /esso-heizoel.html HTTP/1.1" 302 - "-" "Mozilla/5.0 (compatible; YandexBot/3.0; +http://yandex.com/bots)"
95.108.151.244 - - [28/Oct/2012:02:36:47 +0200] "GET /motul-fanshop-artikel.html HTTP/1.1" 302 - "-" "Mozilla/5.0 (compatible; YandexBot/3.0; +http://yandex.com/bots)"
95.108.151.244 - - [28/Oct/2012:02:36:48 +0200] "GET /motul-schmierstoffe.html HTTP/1.1" 302 - "-" "Mozilla/5.0 (compatible; YandexBot/3.0; +http://yandex.com/bots)"
95.108.151.244 - - [28/Oct/2012:02:36:49 +0200] "GET /motul-zusatzstoffe.html HTTP/1.1" 302 - "-" "Mozilla/5.0 (compatible; YandexBot/3.0; +http://yandex.com/bots)"
95.108.151.244 - - [28/Oct/2012:02:36:50 +0200] "GET /motul_pflegeberater HTTP/1.1" 302 - "-" "Mozilla/5.0 (compatible; YandexBot/3.0; +http://yandex.com/bots)"
95.108.151.244 - - [28/Oct/2012:02:36:51 +0200] "GET /widerruf/ HTTP/1.1" 302 - "-" "Mozilla/5.0 (compatible; YandexBot/3.0; +http://yandex.com/bots)"
95.108.151.244 - - [28/Oct/2012:02:39:26 +0100] "GET /robots.txt HTTP/1.1" 200 918 "-" "Mozilla/5.0 (compatible; YandexBot/3.0; +http://yandex.com/bots)"
95.108.151.244 - - [28/Oct/2012:02:39:27 +0100] "GET /agb/ HTTP/1.1" 302 - "-" "Mozilla/5.0 (compatible; YandexBot/3.0; +http://yandex.com/bots)"
95.108.151.244 - - [28/Oct/2012:02:39:28 +0100] "GET /altoelentsorgung/ HTTP/1.1" 302 - "-" "Mozilla/5.0 (compatible; YandexBot/3.0; +http://yandex.com/bots)"
95.108.151.244 - - [28/Oct/2012:02:39:29 +0100] "GET /angebote-des-monats/ HTTP/1.1" 302 - "-" "Mozilla/5.0 (compatible; YandexBot/3.0; +http://yandex.com/bots)"
95.108.151.244 - - [28/Oct/2012:02:39:30 +0100] "GET /contacts/ HTTP/1.1" 302 - "-" "Mozilla/5.0 (compatible; YandexBot/3.0; +http://yandex.com/bots)"
95.108.151.244 - - [28/Oct/2012:02:39:31 +0100] "GET /datenschutz/ HTTP/1.1" 302 - "-" "Mozilla/5.0 (compatible; YandexBot/3.0; +http://yandex.com/bots)"
95.108.151.244 - - [28/Oct/2012:02:39:32 +0100] "GET /esso-diesel.html HTTP/1.1" 302 - "-" "Mozilla/5.0 (compatible; YandexBot/3.0; +http://yandex.com/bots)"
95.108.151.244 - - [28/Oct/2012:02:39:33 +0100] "GET /esso-heizoel.html HTTP/1.1" 302 - "-" "Mozilla/5.0 (compatible; YandexBot/3.0; +http://yandex.com/bots)"
95.108.151.244 - - [28/Oct/2012:02:39:34 +0100] "GET /motul-fanshop-artikel.html HTTP/1.1" 302 - "-" "Mozilla/5.0 (compatible; YandexBot/3.0; +http://yandex.com/bots)"
95.108.151.244 - - [28/Oct/2012:02:39:35 +0100] "GET /motul-schmierstoffe.html HTTP/1.1" 302 - "-" "Mozilla/5.0 (compatible; YandexBot/3.0; +http://yandex.com/bots)"
95.108.151.244 - - [28/Oct/2012:02:39:36 +0100] "GET /motul-zusatzstoffe.html HTTP/1.1" 302 - "-" "Mozilla/5.0 (compatible; YandexBot/3.0; +http://yandex.com/bots)"
95.108.151.244 - - [28/Oct/2012:02:39:37 +0100] "GET /motul_pflegeberater HTTP/1.1" 302 - "-" "Mozilla/5.0 (compatible; YandexBot/3.0; +http://yandex.com/bots)"
95.108.151.244 - - [28/Oct/2012:02:39:38 +0100] "GET /widerruf/ HTTP/1.1" 302 - "-" "Mozilla/5.0 (compatible; YandexBot/3.0; +http://yandex.com/bots)"
95.108.150.235 - - [28/Oct/2012:19:05:35 +0100] "GET /robots.txt HTTP/1.1" 200 918 "-" "Mozilla/5.0 (compatible; YandexBot/3.0; +http://yandex.com/bots)"
95.108.150.235 - - [28/Oct/2012:19:05:36 +0100] "GET / HTTP/1.1" 302 - "-" "Mozilla/5.0 (compatible; YandexBot/3.0; +http://yandex.com/bots)"