80.136.199.4 - - [01/Jul/2011:19:35:22 +0200] "GET /js/mage/translate.js HTTP/1.1" 200 1597 "http://www.markenoele.de/" "Mozilla/4.0 (compatible; MSIE 8.0; Windows NT 6.1; Trident/4.0; GTB7.0; SLCC2; .NET CLR 2.0.50727; .NET CLR 3.5.30729; .NET CLR 3.0.30729; Media Center PC 6.0; .NET4.0C; InfoPath.3; Media Center PC 5.0; SLCC1)"
80.136.199.4 - - [01/Jul/2011:19:35:22 +0200] "GET /js/mage/cookies.js HTTP/1.1" 200 2615 "http://www.markenoele.de/" "Mozilla/4.0 (compatible; MSIE 8.0; Windows NT 6.1; Trident/4.0; GTB7.0; SLCC2; .NET CLR 2.0.50727; .NET CLR 3.5.30729; .NET CLR 3.0.30729; Media Center PC 6.0; .NET4.0C; InfoPath.3; Media Center PC 5.0; SLCC1)"
80.136.199.4 - - [01/Jul/2011:19:35:21 +0200] "GET /js/prototype/prototype.js HTTP/1.1" 200 129960 "http://www.markenoele.de/" "Mozilla/4.0 (compatible; MSIE 8.0; Windows NT 6.1; Trident/4.0; GTB7.0; SLCC2; .NET CLR 2.0.50727; .NET CLR 3.5.30729; .NET CLR 3.0.30729; Media Center PC 6.0; .NET4.0C; InfoPath.3; Media Center PC 5.0; SLCC1)"
80.136.199.4 - - [01/Jul/2011:19:35:24 +0200] "GET /skin/frontend/esso/standard/images/logo.png HTTP/1.1" 200 27553 "http://www.markenoele.de/" "Mozilla/4.0 (compatible; MSIE 8.0; Windows NT 6.1; Trident/4.0; GTB7.0; SLCC2; .NET CLR 2.0.50727; .NET CLR 3.5.30729; .NET CLR 3.0.30729; Media Center PC 6.0; .NET4.0C; InfoPath.3; Media Center PC 5.0; SLCC1)"
80.136.199.4 - - [01/Jul/2011:19:35:24 +0200] "GET /skin/frontend/esso/standard/images/icon_lupe_sm.png HTTP/1.1" 200 1235 "http://www.markenoele.de/" "Mozilla/4.0 (compatible; MSIE 8.0; Windows NT 6.1; Trident/4.0; GTB7.0; SLCC2; .NET CLR 2.0.50727; .NET CLR 3.5.30729; .NET CLR 3.0.30729; Media Center PC 6.0; .NET4.0C; InfoPath.3; Media Center PC 5.0; SLCC1)"
80.136.199.4 - - [01/Jul/2011:19:35:24 +0200] "GET /skin/frontend/esso/standard/images/search_arrow_right.png HTTP/1.1" 200 662 "http://www.markenoele.de/" "Mozilla/4.0 (compatible; MSIE 8.0; Windows NT 6.1; Trident/4.0; GTB7.0; SLCC2; .NET CLR 2.0.50727; .NET CLR 3.5.30729; .NET CLR 3.0.30729; Media Center PC 6.0; .NET4.0C; InfoPath.3; Media Center PC 5.0; SLCC1)"
80.136.199.4 - - [01/Jul/2011:19:35:24 +0200] "GET /skin/frontend/esso/standard/images/tropf-sm.png HTTP/1.1" 200 1179 "http://www.markenoele.de/" "Mozilla/4.0 (compatible; MSIE 8.0; Windows NT 6.1; Trident/4.0; GTB7.0; SLCC2; .NET CLR 2.0.50727; .NET CLR 3.5.30729; .NET CLR 3.0.30729; Media Center PC 6.0; .NET4.0C; InfoPath.3; Media Center PC 5.0; SLCC1)"
80.136.199.4 - - [01/Jul/2011:19:35:24 +0200] "GET /skin/frontend/esso/standard/images/akt-art-sm.png HTTP/1.1" 200 1091 "http://www.markenoele.de/" "Mozilla/4.0 (compatible; MSIE 8.0; Windows NT 6.1; Trident/4.0; GTB7.0; SLCC2; .NET CLR 2.0.50727; .NET CLR 3.5.30729; .NET CLR 3.0.30729; Media Center PC 6.0; .NET4.0C; InfoPath.3; Media Center PC 5.0; SLCC1)"
80.136.199.4 - - [01/Jul/2011:19:35:24 +0200] "GET /media/catalog/product/cache/2/small_image/85x/9df78eab33525d08d6e5fb8d27136e95/1/0/101269_scooter_gear_150ml.jpg HTTP/1.1" 200 3108 "http://www.markenoele.de/" "Mozilla/4.0 (compatible; MSIE 8.0; Windows NT 6.1; Trident/4.0; GTB7.0; SLCC2; .NET CLR 2.0.50727; .NET CLR 3.5.30729; .NET CLR 3.0.30729; Media Center PC 6.0; .NET4.0C; InfoPath.3; Media Center PC 5.0; SLCC1)"
80.136.199.4 - - [01/Jul/2011:19:35:24 +0200] "GET /media/catalog/product/cache/2/small_image/85x/9df78eab33525d08d6e5fb8d27136e95/a/s/aschenbecher.jpg HTTP/1.1" 200 3433 "http://www.markenoele.de/" "Mozilla/4.0 (compatible; MSIE 8.0; Windows NT 6.1; Trident/4.0; GTB7.0; SLCC2; .NET CLR 2.0.50727; .NET CLR 3.5.30729; .NET CLR 3.0.30729; Media Center PC 6.0; .NET4.0C; InfoPath.3; Media Center PC 5.0; SLCC1)"
80.136.199.4 - - [01/Jul/2011:19:35:24 +0200] "GET /media/catalog/product/cache/2/small_image/85x/9df78eab33525d08d6e5fb8d27136e95/5/w/5w30xcleanl.jpg HTTP/1.1" 200 3346 "http://www.markenoele.de/" "Mozilla/4.0 (compatible; MSIE 8.0; Windows NT 6.1; Trident/4.0; GTB7.0; SLCC2; .NET CLR 2.0.50727; .NET CLR 3.5.30729; .NET CLR 3.0.30729; Media Center PC 6.0; .NET4.0C; InfoPath.3; Media Center PC 5.0; SLCC1)"
80.136.199.4 - - [01/Jul/2011:19:35:25 +0200] "GET /media/catalog/product/cache/2/small_image/85x/9df78eab33525d08d6e5fb8d27136e95/q/u/quad_4l_bd.jpg HTTP/1.1" 200 3431 "http://www.markenoele.de/" "Mozilla/4.0 (compatible; MSIE 8.0; Windows NT 6.1; Trident/4.0; GTB7.0; SLCC2; .NET CLR 2.0.50727; .NET CLR 3.5.30729; .NET CLR 3.0.30729; Media Center PC 6.0; .NET4.0C; InfoPath.3; Media Center PC 5.0; SLCC1)"
80.136.199.4 - - [01/Jul/2011:19:35:25 +0200] "GET /media/catalog/product/cache/2/small_image/85x/9df78eab33525d08d6e5fb8d27136e95/g/a/garden_hi-tech_2t.png HTTP/1.1" 200 11930 "http://www.markenoele.de/" "Mozilla/4.0 (compatible; MSIE 8.0; Windows NT 6.1; Trident/4.0; GTB7.0; SLCC2; .NET CLR 2.0.50727; .NET CLR 3.5.30729; .NET CLR 3.0.30729; Media Center PC 6.0; .NET4.0C; InfoPath.3; Media Center PC 5.0; SLCC1)"
80.136.199.4 - - [01/Jul/2011:19:35:25 +0200] "GET /media/catalog/product/cache/2/small_image/85x/9df78eab33525d08d6e5fb8d27136e95/5/1/5100_10w40_4l_1.jpg HTTP/1.1" 200 3314 "http://www.markenoele.de/" "Mozilla/4.0 (compatible; MSIE 8.0; Windows NT 6.1; Trident/4.0; GTB7.0; SLCC2; .NET CLR 2.0.50727; .NET CLR 3.5.30729; .NET CLR 3.0.30729; Media Center PC 6.0; .NET4.0C; InfoPath.3; Media Center PC 5.0; SLCC1)"
80.136.199.4 - - [01/Jul/2011:19:35:25 +0200] "GET /skin/frontend/esso/standard/images/motul_pflege_teaser.png HTTP/1.1" 200 15151 "http://www.markenoele.de/" "Mozilla/4.0 (compatible; MSIE 8.0; Windows NT 6.1; Trident/4.0; GTB7.0; SLCC2; .NET CLR 2.0.50727; .NET CLR 3.5.30729; .NET CLR 3.0.30729; Media Center PC 6.0; .NET4.0C; InfoPath.3; Media Center PC 5.0; SLCC1)"
80.136.199.4 - - [01/Jul/2011:19:35:25 +0200] "GET /skin/frontend/esso/standard/images/siegel.gif HTTP/1.1" 200 3150 "http://www.markenoele.de/" "Mozilla/4.0 (compatible; MSIE 8.0; Windows NT 6.1; Trident/4.0; GTB7.0; SLCC2; .NET CLR 2.0.50727; .NET CLR 3.5.30729; .NET CLR 3.0.30729; Media Center PC 6.0; .NET4.0C; InfoPath.3; Media Center PC 5.0; SLCC1)"
80.136.199.4 - - [01/Jul/2011:19:35:25 +0200] "GET /skin/frontend/esso/standard/images/bkg_btn.png HTTP/1.1" 200 890 "http://www.markenoele.de/" "Mozilla/4.0 (compatible; MSIE 8.0; Windows NT 6.1; Trident/4.0; GTB7.0; SLCC2; .NET CLR 2.0.50727; .NET CLR 3.5.30729; .NET CLR 3.0.30729; Media Center PC 6.0; .NET4.0C; InfoPath.3; Media Center PC 5.0; SLCC1)"
80.136.199.4 - - [01/Jul/2011:19:35:25 +0200] "GET /skin/frontend/esso/standard/images/bg_yellow.jpg HTTP/1.1" 200 22020 "http://www.markenoele.de/" "Mozilla/4.0 (compatible; MSIE 8.0; Windows NT 6.1; Trident/4.0; GTB7.0; SLCC2; .NET CLR 2.0.50727; .NET CLR 3.5.30729; .NET CLR 3.0.30729; Media Center PC 6.0; .NET4.0C; InfoPath.3; Media Center PC 5.0; SLCC1)"
80.136.199.4 - - [01/Jul/2011:19:35:25 +0200] "GET /skin/frontend/esso/standard/images/bkg_pipe1.gif HTTP/1.1" 200 44 "http://www.markenoele.de/" "Mozilla/4.0 (compatible; MSIE 8.0; Windows NT 6.1; Trident/4.0; GTB7.0; SLCC2; .NET CLR 2.0.50727; .NET CLR 3.5.30729; .NET CLR 3.0.30729; Media Center PC 6.0; .NET4.0C; InfoPath.3; Media Center PC 5.0; SLCC1)"
80.136.199.4 - - [01/Jul/2011:19:35:25 +0200] "GET /skin/frontend/esso/standard/favicon.ico HTTP/1.1" 200 3638 "-" "Mozilla/4.0 (compatible; MSIE 8.0; Windows NT 6.1; Trident/4.0; GTB7.0; SLCC2; .NET CLR 2.0.50727; .NET CLR 3.5.30729; .NET CLR 3.0.30729; Media Center PC 6.0; .NET4.0C; InfoPath.3; Media Center PC 5.0; SLCC1)"
46.223.22.213 - - [01/Jul/2011:19:35:30 +0200] "GET /motul-schmierstoffe.html HTTP/1.1" 200 49386 "http://www.markenoele.de/" "Mozilla/5.0 (Windows NT 6.0; rv:2.0.1) Gecko/20100101 Firefox/4.0.1"
46.223.22.213 - - [01/Jul/2011:19:35:33 +0200] "GET /skin/frontend/esso/standard/images/i_pager-next.gif HTTP/1.1" 200 158 "http://www.markenoele.de/motul-schmierstoffe.html" "Mozilla/5.0 (Windows NT 6.0; rv:2.0.1) Gecko/20100101 Firefox/4.0.1"
46.223.22.213 - - [01/Jul/2011:19:35:33 +0200] "GET /media/catalog/product/cache/2/small_image/170x/9df78eab33525d08d6e5fb8d27136e95/8/1/8100_x-cess_5w40_1l.jpg HTTP/1.1" 200 7747 "http://www.markenoele.de/motul-schmierstoffe.html" "Mozilla/5.0 (Windows NT 6.0; rv:2.0.1) Gecko/20100101 Firefox/4.0.1"
46.223.22.213 - - [01/Jul/2011:19:35:33 +0200] "GET /skin/frontend/esso/standard/images/i_asc_arrow.gif HTTP/1.1" 200 115 "http://www.markenoele.de/motul-schmierstoffe.html" "Mozilla/5.0 (Windows NT 6.0; rv:2.0.1) Gecko/20100101 Firefox/4.0.1"
46.223.22.213 - - [01/Jul/2011:19:35:33 +0200] "GET /media/catalog/product/cache/2/small_image/170x/9df78eab33525d08d6e5fb8d27136e95/4/1/4100_power_15w50_1l.jpg HTTP/1.1" 200 7710 "http://www.markenoele.de/motul-schmierstoffe.html" "Mozilla/5.0 (Windows NT 6.0; rv:2.0.1) Gecko/20100101 Firefox/4.0.1"
46.223.22.213 - - [01/Jul/2011:19:35:33 +0200] "GET /media/catalog/product/cache/2/small_image/170x/9df78eab33525d08d6e5fb8d27136e95/6/1/6100_synergieplus_10w40_1l.jpg HTTP/1.1" 200 7991 "http://www.markenoele.de/motul-schmierstoffe.html" "Mozilla/5.0 (Windows NT 6.0; rv:2.0.1) Gecko/20100101 Firefox/4.0.1"
46.223.22.213 - - [01/Jul/2011:19:35:33 +0200] "GET /media/catalog/product/cache/2/small_image/170x/9df78eab33525d08d6e5fb8d27136e95/4/1/4100_power-15w50_5l.jpg HTTP/1.1" 200 8384 "http://www.markenoele.de/motul-schmierstoffe.html" "Mozilla/5.0 (Windows NT 6.0; rv:2.0.1) Gecko/20100101 Firefox/4.0.1"
46.223.22.213 - - [01/Jul/2011:19:35:33 +0200] "GET /media/catalog/product/cache/2/small_image/170x/9df78eab33525d08d6e5fb8d27136e95/6/1/6100_synergieplus_10w40_5l.jpg HTTP/1.1" 200 8701 "http://www.markenoele.de/motul-schmierstoffe.html" "Mozilla/5.0 (Windows NT 6.0; rv:2.0.1) Gecko/20100101 Firefox/4.0.1"
46.223.22.213 - - [01/Jul/2011:19:35:33 +0200] "GET /media/catalog/product/cache/2/small_image/170x/9df78eab33525d08d6e5fb8d27136e95/8/1/8100_x-cess_5w40_5l.jpg HTTP/1.1" 200 8326 "http://www.markenoele.de/motul-schmierstoffe.html" "Mozilla/5.0 (Windows NT 6.0; rv:2.0.1) Gecko/20100101 Firefox/4.0.1"
46.223.22.213 - - [01/Jul/2011:19:35:33 +0200] "GET /media/catalog/product/cache/2/small_image/170x/9df78eab33525d08d6e5fb8d27136e95/8/1/8100_xclean_5w40_1l.jpg HTTP/1.1" 200 7941 "http://www.markenoele.de/motul-schmierstoffe.html" "Mozilla/5.0 (Windows NT 6.0; rv:2.0.1) Gecko/20100101 Firefox/4.0.1"
46.223.22.213 - - [01/Jul/2011:19:35:33 +0200] "GET /media/catalog/product/cache/2/small_image/170x/9df78eab33525d08d6e5fb8d27136e95/8/1/8100_xclean_5w40_5l.jpg HTTP/1.1" 200 8644 "http://www.markenoele.de/motul-schmierstoffe.html" "Mozilla/5.0 (Windows NT 6.0; rv:2.0.1) Gecko/20100101 Firefox/4.0.1"
46.223.22.213 - - [01/Jul/2011:19:35:33 +0200] "GET /media/catalog/product/cache/2/small_image/170x/9df78eab33525d08d6e5fb8d27136e95/s/p/specific_cng_lpg_1l.jpg HTTP/1.1" 200 8019 "http://www.markenoele.de/motul-schmierstoffe.html" "Mozilla/5.0 (Windows NT 6.0; rv:2.0.1) Gecko/20100101 Firefox/4.0.1"
46.223.22.213 - - [01/Jul/2011:19:35:34 +0200] "GET /skin/frontend/esso/standard/images/bkg_toolbar.gif HTTP/1.1" 200 154 "http://www.markenoele.de/skin/frontend/esso/standard/css/styles.css" "Mozilla/5.0 (Windows NT 6.0; rv:2.0.1) Gecko/20100101 Firefox/4.0.1"
46.223.22.213 - - [01/Jul/2011:19:35:39 +0200] "GET /motul-schmierstoffe/scooter.html HTTP/1.1" 200 35882 "http://www.markenoele.de/motul-schmierstoffe.html" "Mozilla/5.0 (Windows NT 6.0; rv:2.0.1) Gecko/20100101 Firefox/4.0.1"
46.223.22.213 - - [01/Jul/2011:19:35:41 +0200] "GET /media/catalog/product/cache/2/small_image/170x/9df78eab33525d08d6e5fb8d27136e95/s/c/scooter_expert_2t_1l_front_1.jpg HTTP/1.1" 200 9603 "http://www.markenoele.de/motul-schmierstoffe/scooter.html" "Mozilla/5.0 (Windows NT 6.0; rv:2.0.1) Gecko/20100101 Firefox/4.0.1"
46.223.22.213 - - [01/Jul/2011:19:35:41 +0200] "GET /media/catalog/product/cache/2/small_image/170x/9df78eab33525d08d6e5fb8d27136e95/s/c/scooter_power_2t_1l_front_1.jpg HTTP/1.1" 200 9954 "http://www.markenoele.de/motul-schmierstoffe/scooter.html" "Mozilla/5.0 (Windows NT 6.0; rv:2.0.1) Gecko/20100101 Firefox/4.0.1"
46.223.22.213 - - [01/Jul/2011:19:35:41 +0200] "GET /media/catalog/product/cache/2/small_image/170x/9df78eab33525d08d6e5fb8d27136e95/1/0/101269_scooter_gear_150ml.jpg HTTP/1.1" 200 7611 "http://www.markenoele.de/motul-schmierstoffe/scooter.html" "Mozilla/5.0 (Windows NT 6.0; rv:2.0.1) Gecko/20100101 Firefox/4.0.1"
80.136.199.4 - - [01/Jul/2011:19:35:53 +0200] "GET /skin/frontend/esso/standard/css/print.css HTTP/1.1" 304 - "http://www.markenoele.de/motul-schmierstoffe.html" "Mozilla/4.0 (compatible; MSIE 8.0; Windows NT 6.1; Trident/4.0; GTB7.0; SLCC2; .NET CLR 2.0.50727; .NET CLR 3.5.30729; .NET CLR 3.0.30729; Media Center PC 6.0; .NET4.0C; InfoPath.3; Media Center PC 5.0; SLCC1)"
80.136.199.4 - - [01/Jul/2011:19:35:53 +0200] "GET /js/prototype/prototype.js HTTP/1.1" 304 - "http://www.markenoele.de/motul-schmierstoffe.html" "Mozilla/4.0 (compatible; MSIE 8.0; Windows NT 6.1; Trident/4.0; GTB7.0; SLCC2; .NET CLR 2.0.50727; .NET CLR 3.5.30729; .NET CLR 3.0.30729; Media Center PC 6.0; .NET4.0C; InfoPath.3; Media Center PC 5.0; SLCC1)"
80.136.199.4 - - [01/Jul/2011:19:35:53 +0200] "GET /skin/frontend/esso/standard/css/styles.css HTTP/1.1" 304 - "http://www.markenoele.de/motul-schmierstoffe.html" "Mozilla/4.0 (compatible; MSIE 8.0; Windows NT 6.1; Trident/4.0; GTB7.0; SLCC2; .NET CLR 2.0.50727; .NET CLR 3.5.30729; .NET CLR 3.0.30729; Media Center PC 6.0; .NET4.0C; InfoPath.3; Media Center PC 5.0; SLCC1)"
80.136.199.4 - - [01/Jul/2011:19:35:53 +0200] "GET /skin/frontend/esso/standard/css/widgets.css HTTP/1.1" 304 - "http://www.markenoele.de/motul-schmierstoffe.html" "Mozilla/4.0 (compatible; MSIE 8.0; Windows NT 6.1; Trident/4.0; GTB7.0; SLCC2; .NET CLR 2.0.50727; .NET CLR 3.5.30729; .NET CLR 3.0.30729; Media Center PC 6.0; .NET4.0C; InfoPath.3; Media Center PC 5.0; SLCC1)"
80.136.199.4 - - [01/Jul/2011:19:35:53 +0200] "GET /js/prototype/validation.js HTTP/1.1" 304 - "http://www.markenoele.de/motul-schmierstoffe.html" "Mozilla/4.0 (compatible; MSIE 8.0; Windows NT 6.1; Trident/4.0; GTB7.0; SLCC2; .NET CLR 2.0.50727; .NET CLR 3.5.30729; .NET CLR 3.0.30729; Media Center PC 6.0; .NET4.0C; InfoPath.3; Media Center PC 5.0; SLCC1)"
80.136.199.4 - - [01/Jul/2011:19:35:53 +0200] "GET /js/scriptaculous/builder.js HTTP/1.1" 304 - "http://www.markenoele.de/motul-schmierstoffe.html" "Mozilla/4.0 (compatible; MSIE 8.0; Windows NT 6.1; Trident/4.0; GTB7.0; SLCC2; .NET CLR 2.0.50727; .NET CLR 3.5.30729; .NET CLR 3.0.30729; Media Center PC 6.0; .NET4.0C; InfoPath.3; Media Center PC 5.0; SLCC1)"
80.136.199.4 - - [01/Jul/2011:19:35:53 +0200] "GET /js/scriptaculous/effects.js HTTP/1.1" 304 - "http://www.markenoele.de/motul-schmierstoffe.html" "Mozilla/4.0 (compatible; MSIE 8.0; Windows NT 6.1; Trident/4.0; GTB7.0; SLCC2; .NET CLR 2.0.50727; .NET CLR 3.5.30729; .NET CLR 3.0.30729; Media Center PC 6.0; .NET4.0C; InfoPath.3; Media Center PC 5.0; SLCC1)"
80.136.199.4 - - [01/Jul/2011:19:35:53 +0200] "GET /js/scriptaculous/dragdrop.js HTTP/1.1" 304 - "http://www.markenoele.de/motul-schmierstoffe.html" "Mozilla/4.0 (compatible; MSIE 8.0; Windows NT 6.1; Trident/4.0; GTB7.0; SLCC2; .NET CLR 2.0.50727; .NET CLR 3.5.30729; .NET CLR 3.0.30729; Media Center PC 6.0; .NET4.0C; InfoPath.3; Media Center PC 5.0; SLCC1)"
80.136.199.4 - - [01/Jul/2011:19:35:53 +0200] "GET /js/scriptaculous/controls.js HTTP/1.1" 304 - "http://www.markenoele.de/motul-schmierstoffe.html" "Mozilla/4.0 (compatible; MSIE 8.0; Windows NT 6.1; Trident/4.0; GTB7.0; SLCC2; .NET CLR 2.0.50727; .NET CLR 3.5.30729; .NET CLR 3.0.30729; Media Center PC 6.0; .NET4.0C; InfoPath.3; Media Center PC 5.0; SLCC1)"
80.136.199.4 - - [01/Jul/2011:19:35:53 +0200] "GET /js/scriptaculous/slider.js HTTP/1.1" 304 - "http://www.markenoele.de/motul-schmierstoffe.html" "Mozilla/4.0 (compatible; MSIE 8.0; Windows NT 6.1; Trident/4.0; GTB7.0; SLCC2; .NET CLR 2.0.50727; .NET CLR 3.5.30729; .NET CLR 3.0.30729; Media Center PC 6.0; .NET4.0C; InfoPath.3; Media Center PC 5.0; SLCC1)"
80.136.199.4 - - [01/Jul/2011:19:35:53 +0200] "GET /js/varien/js.js HTTP/1.1" 304 - "http://www.markenoele.de/motul-schmierstoffe.html" "Mozilla/4.0 (compatible; MSIE 8.0; Windows NT 6.1; Trident/4.0; GTB7.0; SLCC2; .NET CLR 2.0.50727; .NET CLR 3.5.30729; .NET CLR 3.0.30729; Media Center PC 6.0; .NET4.0C; InfoPath.3; Media Center PC 5.0; SLCC1)"
80.136.199.4 - - [01/Jul/2011:19:35:53 +0200] "GET /js/varien/form.js HTTP/1.1" 304 - "http://www.markenoele.de/motul-schmierstoffe.html" "Mozilla/4.0 (compatible; MSIE 8.0; Windows NT 6.1; Trident/4.0; GTB7.0; SLCC2; .NET CLR 2.0.50727; .NET CLR 3.5.30729; .NET CLR 3.0.30729; Media Center PC 6.0; .NET4.0C; InfoPath.3; Media Center PC 5.0; SLCC1)"
80.136.199.4 - - [01/Jul/2011:19:35:53 +0200] "GET /js/varien/menu.js HTTP/1.1" 304 - "http://www.markenoele.de/motul-schmierstoffe.html" "Mozilla/4.0 (compatible; MSIE 8.0; Windows NT 6.1; Trident/4.0; GTB7.0; SLCC2; .NET CLR 2.0.50727; .NET CLR 3.5.30729; .NET CLR 3.0.30729; Media Center PC 6.0; .NET4.0C; InfoPath.3; Media Center PC 5.0; SLCC1)"
80.136.199.4 - - [01/Jul/2011:19:35:53 +0200] "GET /js/mage/translate.js HTTP/1.1" 304 - "http://www.markenoele.de/motul-schmierstoffe.html" "Mozilla/4.0 (compatible; MSIE 8.0; Windows NT 6.1; Trident/4.0; GTB7.0; SLCC2; .NET CLR 2.0.50727; .NET CLR 3.5.30729; .NET CLR 3.0.30729; Media Center PC 6.0; .NET4.0C; InfoPath.3; Media Center PC 5.0; SLCC1)"
80.136.199.4 - - [01/Jul/2011:19:35:50 +0200] "GET /motul-schmierstoffe.html HTTP/1.1" 200 49386 "http://www.markenoele.de/" "Mozilla/4.0 (compatible; MSIE 8.0; Windows NT 6.1; Trident/4.0; GTB7.0; SLCC2; .NET CLR 2.0.50727; .NET CLR 3.5.30729; .NET CLR 3.0.30729; Media Center PC 6.0; .NET4.0C; InfoPath.3; Media Center PC 5.0; SLCC1)"
80.136.199.4 - - [01/Jul/2011:19:35:53 +0200] "GET /js/mage/cookies.js HTTP/1.1" 304 - "http://www.markenoele.de/motul-schmierstoffe.html" "Mozilla/4.0 (compatible; MSIE 8.0; Windows NT 6.1; Trident/4.0; GTB7.0; SLCC2; .NET CLR 2.0.50727; .NET CLR 3.5.30729; .NET CLR 3.0.30729; Media Center PC 6.0; .NET4.0C; InfoPath.3; Media Center PC 5.0; SLCC1)"
80.136.199.4 - - [01/Jul/2011:19:35:54 +0200] "GET /skin/frontend/esso/standard/images/logo.png HTTP/1.1" 304 - "http://www.markenoele.de/motul-schmierstoffe.html" "Mozilla/4.0 (compatible; MSIE 8.0; Windows NT 6.1; Trident/4.0; GTB7.0; SLCC2; .NET CLR 2.0.50727; .NET CLR 3.5.30729; .NET CLR 3.0.30729; Media Center PC 6.0; .NET4.0C; InfoPath.3; Media Center PC 5.0; SLCC1)"
80.136.199.4 - - [01/Jul/2011:19:35:54 +0200] "GET /skin/frontend/esso/standard/images/icon_lupe_sm.png HTTP/1.1" 304 - "http://www.markenoele.de/motul-schmierstoffe.html" "Mozilla/4.0 (compatible; MSIE 8.0; Windows NT 6.1; Trident/4.0; GTB7.0; SLCC2; .NET CLR 2.0.50727; .NET CLR 3.5.30729; .NET CLR 3.0.30729; Media Center PC 6.0; .NET4.0C; InfoPath.3; Media Center PC 5.0; SLCC1)"
80.136.199.4 - - [01/Jul/2011:19:35:54 +0200] "GET /skin/frontend/esso/standard/images/search_arrow_right.png HTTP/1.1" 304 - "http://www.markenoele.de/motul-schmierstoffe.html" "Mozilla/4.0 (compatible; MSIE 8.0; Windows NT 6.1; Trident/4.0; GTB7.0; SLCC2; .NET CLR 2.0.50727; .NET CLR 3.5.30729; .NET CLR 3.0.30729; Media Center PC 6.0; .NET4.0C; InfoPath.3; Media Center PC 5.0; SLCC1)"
80.136.199.4 - - [01/Jul/2011:19:35:54 +0200] "GET /skin/frontend/esso/standard/images/tropf-sm.png HTTP/1.1" 304 - "http://www.markenoele.de/motul-schmierstoffe.html" "Mozilla/4.0 (compatible; MSIE 8.0; Windows NT 6.1; Trident/4.0; GTB7.0; SLCC2; .NET CLR 2.0.50727; .NET CLR 3.5.30729; .NET CLR 3.0.30729; Media Center PC 6.0; .NET4.0C; InfoPath.3; Media Center PC 5.0; SLCC1)"
80.136.199.4 - - [01/Jul/2011:19:35:54 +0200] "GET /skin/frontend/esso/standard/images/akt-art-sm.png HTTP/1.1" 304 - "http://www.markenoele.de/motul-schmierstoffe.html" "Mozilla/4.0 (compatible; MSIE 8.0; Windows NT 6.1; Trident/4.0; GTB7.0; SLCC2; .NET CLR 2.0.50727; .NET CLR 3.5.30729; .NET CLR 3.0.30729; Media Center PC 6.0; .NET4.0C; InfoPath.3; Media Center PC 5.0; SLCC1)"
80.136.199.4 - - [01/Jul/2011:19:35:54 +0200] "GET /skin/frontend/esso/standard/images/i_pager-next.gif HTTP/1.1" 200 158 "http://www.markenoele.de/motul-schmierstoffe.html" "Mozilla/4.0 (compatible; MSIE 8.0; Windows NT 6.1; Trident/4.0; GTB7.0; SLCC2; .NET CLR 2.0.50727; .NET CLR 3.5.30729; .NET CLR 3.0.30729; Media Center PC 6.0; .NET4.0C; InfoPath.3; Media Center PC 5.0; SLCC1)"
80.136.199.4 - - [01/Jul/2011:19:35:54 +0200] "GET /skin/frontend/esso/standard/images/i_asc_arrow.gif HTTP/1.1" 200 115 "http://www.markenoele.de/motul-schmierstoffe.html" "Mozilla/4.0 (compatible; MSIE 8.0; Windows NT 6.1; Trident/4.0; GTB7.0; SLCC2; .NET CLR 2.0.50727; .NET CLR 3.5.30729; .NET CLR 3.0.30729; Media Center PC 6.0; .NET4.0C; InfoPath.3; Media Center PC 5.0; SLCC1)"
80.136.199.4 - - [01/Jul/2011:19:35:54 +0200] "GET /media/catalog/product/cache/2/small_image/170x/9df78eab33525d08d6e5fb8d27136e95/4/1/4100_power-15w50_5l.jpg HTTP/1.1" 200 8384 "http://www.markenoele.de/motul-schmierstoffe.html" "Mozilla/4.0 (compatible; MSIE 8.0; Windows NT 6.1; Trident/4.0; GTB7.0; SLCC2; .NET CLR 2.0.50727; .NET CLR 3.5.30729; .NET CLR 3.0.30729; Media Center PC 6.0; .NET4.0C; InfoPath.3; Media Center PC 5.0; SLCC1)"
80.136.199.4 - - [01/Jul/2011:19:35:55 +0200] "GET /media/catalog/product/cache/2/small_image/170x/9df78eab33525d08d6e5fb8d27136e95/4/1/4100_power_15w50_1l.jpg HTTP/1.1" 200 7710 "http://www.markenoele.de/motul-schmierstoffe.html" "Mozilla/4.0 (compatible; MSIE 8.0; Windows NT 6.1; Trident/4.0; GTB7.0; SLCC2; .NET CLR 2.0.50727; .NET CLR 3.5.30729; .NET CLR 3.0.30729; Media Center PC 6.0; .NET4.0C; InfoPath.3; Media Center PC 5.0; SLCC1)"
80.136.199.4 - - [01/Jul/2011:19:35:55 +0200] "GET /media/catalog/product/cache/2/small_image/170x/9df78eab33525d08d6e5fb8d27136e95/6/1/6100_synergieplus_10w40_1l.jpg HTTP/1.1" 200 7991 "http://www.markenoele.de/motul-schmierstoffe.html" "Mozilla/4.0 (compatible; MSIE 8.0; Windows NT 6.1; Trident/4.0; GTB7.0; SLCC2; .NET CLR 2.0.50727; .NET CLR 3.5.30729; .NET CLR 3.0.30729; Media Center PC 6.0; .NET4.0C; InfoPath.3; Media Center PC 5.0; SLCC1)"
80.136.199.4 - - [01/Jul/2011:19:35:55 +0200] "GET /media/catalog/product/cache/2/small_image/170x/9df78eab33525d08d6e5fb8d27136e95/6/1/6100_synergieplus_10w40_5l.jpg HTTP/1.1" 200 8701 "http://www.markenoele.de/motul-schmierstoffe.html" "Mozilla/4.0 (compatible; MSIE 8.0; Windows NT 6.1; Trident/4.0; GTB7.0; SLCC2; .NET CLR 2.0.50727; .NET CLR 3.5.30729; .NET CLR 3.0.30729; Media Center PC 6.0; .NET4.0C; InfoPath.3; Media Center PC 5.0; SLCC1)"
80.136.199.4 - - [01/Jul/2011:19:35:55 +0200] "GET /media/catalog/product/cache/2/small_image/170x/9df78eab33525d08d6e5fb8d27136e95/8/1/8100_x-cess_5w40_1l.jpg HTTP/1.1" 200 7747 "http://www.markenoele.de/motul-schmierstoffe.html" "Mozilla/4.0 (compatible; MSIE 8.0; Windows NT 6.1; Trident/4.0; GTB7.0; SLCC2; .NET CLR 2.0.50727; .NET CLR 3.5.30729; .NET CLR 3.0.30729; Media Center PC 6.0; .NET4.0C; InfoPath.3; Media Center PC 5.0; SLCC1)"
80.136.199.4 - - [01/Jul/2011:19:35:55 +0200] "GET /media/catalog/product/cache/2/small_image/170x/9df78eab33525d08d6e5fb8d27136e95/8/1/8100_x-cess_5w40_5l.jpg HTTP/1.1" 200 8326 "http://www.markenoele.de/motul-schmierstoffe.html" "Mozilla/4.0 (compatible; MSIE 8.0; Windows NT 6.1; Trident/4.0; GTB7.0; SLCC2; .NET CLR 2.0.50727; .NET CLR 3.5.30729; .NET CLR 3.0.30729; Media Center PC 6.0; .NET4.0C; InfoPath.3; Media Center PC 5.0; SLCC1)"
80.136.199.4 - - [01/Jul/2011:19:35:55 +0200] "GET /media/catalog/product/cache/2/small_image/170x/9df78eab33525d08d6e5fb8d27136e95/8/1/8100_xclean_5w40_1l.jpg HTTP/1.1" 200 7941 "http://www.markenoele.de/motul-schmierstoffe.html" "Mozilla/4.0 (compatible; MSIE 8.0; Windows NT 6.1; Trident/4.0; GTB7.0; SLCC2; .NET CLR 2.0.50727; .NET CLR 3.5.30729; .NET CLR 3.0.30729; Media Center PC 6.0; .NET4.0C; InfoPath.3; Media Center PC 5.0; SLCC1)"
80.136.199.4 - - [01/Jul/2011:19:35:55 +0200] "GET /media/catalog/product/cache/2/small_image/170x/9df78eab33525d08d6e5fb8d27136e95/8/1/8100_xclean_5w40_5l.jpg HTTP/1.1" 200 8644 "http://www.markenoele.de/motul-schmierstoffe.html" "Mozilla/4.0 (compatible; MSIE 8.0; Windows NT 6.1; Trident/4.0; GTB7.0; SLCC2; .NET CLR 2.0.50727; .NET CLR 3.5.30729; .NET CLR 3.0.30729; Media Center PC 6.0; .NET4.0C; InfoPath.3; Media Center PC 5.0; SLCC1)"
80.136.199.4 - - [01/Jul/2011:19:35:55 +0200] "GET /media/catalog/product/cache/2/small_image/170x/9df78eab33525d08d6e5fb8d27136e95/s/p/specific_cng_lpg_1l.jpg HTTP/1.1" 200 8019 "http://www.markenoele.de/motul-schmierstoffe.html" "Mozilla/4.0 (compatible; MSIE 8.0; Windows NT 6.1; Trident/4.0; GTB7.0; SLCC2; .NET CLR 2.0.50727; .NET CLR 3.5.30729; .NET CLR 3.0.30729; Media Center PC 6.0; .NET4.0C; InfoPath.3; Media Center PC 5.0; SLCC1)"
80.136.199.4 - - [01/Jul/2011:19:35:55 +0200] "GET /skin/frontend/esso/standard/images/bkg_toolbar.gif HTTP/1.1" 200 154 "http://www.markenoele.de/motul-schmierstoffe.html" "Mozilla/4.0 (compatible; MSIE 8.0; Windows NT 6.1; Trident/4.0; GTB7.0; SLCC2; .NET CLR 2.0.50727; .NET CLR 3.5.30729; .NET CLR 3.0.30729; Media Center PC 6.0; .NET4.0C; InfoPath.3; Media Center PC 5.0; SLCC1)"
80.136.199.4 - - [01/Jul/2011:19:35:55 +0200] "GET /skin/frontend/esso/standard/images/motul_pflege_teaser.png HTTP/1.1" 304 - "http://www.markenoele.de/motul-schmierstoffe.html" "Mozilla/4.0 (compatible; MSIE 8.0; Windows NT 6.1; Trident/4.0; GTB7.0; SLCC2; .NET CLR 2.0.50727; .NET CLR 3.5.30729; .NET CLR 3.0.30729; Media Center PC 6.0; .NET4.0C; InfoPath.3; Media Center PC 5.0; SLCC1)"
80.136.199.4 - - [01/Jul/2011:19:35:55 +0200] "GET /skin/frontend/esso/standard/images/siegel.gif HTTP/1.1" 304 - "http://www.markenoele.de/motul-schmierstoffe.html" "Mozilla/4.0 (compatible; MSIE 8.0; Windows NT 6.1; Trident/4.0; GTB7.0; SLCC2; .NET CLR 2.0.50727; .NET CLR 3.5.30729; .NET CLR 3.0.30729; Media Center PC 6.0; .NET4.0C; InfoPath.3; Media Center PC 5.0; SLCC1)"
80.136.199.4 - - [01/Jul/2011:19:35:55 +0200] "GET /skin/frontend/esso/standard/images/bkg_btn.png HTTP/1.1" 304 - "http://www.markenoele.de/motul-schmierstoffe.html" "Mozilla/4.0 (compatible; MSIE 8.0; Windows NT 6.1; Trident/4.0; GTB7.0; SLCC2; .NET CLR 2.0.50727; .NET CLR 3.5.30729; .NET CLR 3.0.30729; Media Center PC 6.0; .NET4.0C; InfoPath.3; Media Center PC 5.0; SLCC1)"
80.136.199.4 - - [01/Jul/2011:19:35:55 +0200] "GET /skin/frontend/esso/standard/images/bg_yellow.jpg HTTP/1.1" 304 - "http://www.markenoele.de/motul-schmierstoffe.html" "Mozilla/4.0 (compatible; MSIE 8.0; Windows NT 6.1; Trident/4.0; GTB7.0; SLCC2; .NET CLR 2.0.50727; .NET CLR 3.5.30729; .NET CLR 3.0.30729; Media Center PC 6.0; .NET4.0C; InfoPath.3; Media Center PC 5.0; SLCC1)"
80.136.199.4 - - [01/Jul/2011:19:35:55 +0200] "GET /skin/frontend/esso/standard/images/bkg_pipe1.gif HTTP/1.1" 304 - "http://www.markenoele.de/motul-schmierstoffe.html" "Mozilla/4.0 (compatible; MSIE 8.0; Windows NT 6.1; Trident/4.0; GTB7.0; SLCC2; .NET CLR 2.0.50727; .NET CLR 3.5.30729; .NET CLR 3.0.30729; Media Center PC 6.0; .NET4.0C; InfoPath.3; Media Center PC 5.0; SLCC1)"
80.136.199.4 - - [01/Jul/2011:19:35:57 +0200] "GET /motul-schmierstoffe/motul-motorrad.html HTTP/1.1" 200 50673 "http://www.markenoele.de/motul-schmierstoffe.html" "Mozilla/4.0 (compatible; MSIE 8.0; Windows NT 6.1; Trident/4.0; GTB7.0; SLCC2; .NET CLR 2.0.50727; .NET CLR 3.5.30729; .NET CLR 3.0.30729; Media Center PC 6.0; .NET4.0C; InfoPath.3; Media Center PC 5.0; SLCC1)"
46.223.22.213 - - [01/Jul/2011:19:35:56 +0200] "GET /motul-schmierstoffe/motul-motorrad.html HTTP/1.1" 200 50673 "http://www.markenoele.de/motul-schmierstoffe/scooter.html" "Mozilla/5.0 (Windows NT 6.0; rv:2.0.1) Gecko/20100101 Firefox/4.0.1"
80.136.199.4 - - [01/Jul/2011:19:36:00 +0200] "GET /media/catalog/product/cache/2/small_image/170x/9df78eab33525d08d6e5fb8d27136e95/3/0/3000_20w50_1l.jpg HTTP/1.1" 200 7432 "http://www.markenoele.de/motul-schmierstoffe/motul-motorrad.html" "Mozilla/4.0 (compatible; MSIE 8.0; Windows NT 6.1; Trident/4.0; GTB7.0; SLCC2; .NET CLR 2.0.50727; .NET CLR 3.5.30729; .NET CLR 3.0.30729; Media Center PC 6.0; .NET4.0C; InfoPath.3; Media Center PC 5.0; SLCC1)"
80.136.199.4 - - [01/Jul/2011:19:36:00 +0200] "GET /media/catalog/product/cache/2/small_image/170x/9df78eab33525d08d6e5fb8d27136e95/3/0/3000_20w50_4l.jpg HTTP/1.1" 200 8696 "http://www.markenoele.de/motul-schmierstoffe/motul-motorrad.html" "Mozilla/4.0 (compatible; MSIE 8.0; Windows NT 6.1; Trident/4.0; GTB7.0; SLCC2; .NET CLR 2.0.50727; .NET CLR 3.5.30729; .NET CLR 3.0.30729; Media Center PC 6.0; .NET4.0C; InfoPath.3; Media Center PC 5.0; SLCC1)"
80.136.199.4 - - [01/Jul/2011:19:36:00 +0200] "GET /media/catalog/product/cache/2/small_image/170x/9df78eab33525d08d6e5fb8d27136e95/5/1/5100_15w50_1l.jpg HTTP/1.1" 200 7358 "http://www.markenoele.de/motul-schmierstoffe/motul-motorrad.html" "Mozilla/4.0 (compatible; MSIE 8.0; Windows NT 6.1; Trident/4.0; GTB7.0; SLCC2; .NET CLR 2.0.50727; .NET CLR 3.5.30729; .NET CLR 3.0.30729; Media Center PC 6.0; .NET4.0C; InfoPath.3; Media Center PC 5.0; SLCC1)"
80.136.199.4 - - [01/Jul/2011:19:36:00 +0200] "GET /media/catalog/product/cache/2/small_image/170x/9df78eab33525d08d6e5fb8d27136e95/5/1/5100_15w50_4l_1.jpg HTTP/1.1" 200 8378 "http://www.markenoele.de/motul-schmierstoffe/motul-motorrad.html" "Mozilla/4.0 (compatible; MSIE 8.0; Windows NT 6.1; Trident/4.0; GTB7.0; SLCC2; .NET CLR 2.0.50727; .NET CLR 3.5.30729; .NET CLR 3.0.30729; Media Center PC 6.0; .NET4.0C; InfoPath.3; Media Center PC 5.0; SLCC1)"
80.136.199.4 - - [01/Jul/2011:19:36:00 +0200] "GET /media/catalog/product/cache/2/small_image/170x/9df78eab33525d08d6e5fb8d27136e95/5/1/5100_10w40_1l_2.jpg HTTP/1.1" 200 7274 "http://www.markenoele.de/motul-schmierstoffe/motul-motorrad.html" "Mozilla/4.0 (compatible; MSIE 8.0; Windows NT 6.1; Trident/4.0; GTB7.0; SLCC2; .NET CLR 2.0.50727; .NET CLR 3.5.30729; .NET CLR 3.0.30729; Media Center PC 6.0; .NET4.0C; InfoPath.3; Media Center PC 5.0; SLCC1)"
80.136.199.4 - - [01/Jul/2011:19:36:00 +0200] "GET /media/catalog/product/cache/2/small_image/170x/9df78eab33525d08d6e5fb8d27136e95/5/1/5100_10w40_4l_1.jpg HTTP/1.1" 200 8381 "http://www.markenoele.de/motul-schmierstoffe/motul-motorrad.html" "Mozilla/4.0 (compatible; MSIE 8.0; Windows NT 6.1; Trident/4.0; GTB7.0; SLCC2; .NET CLR 2.0.50727; .NET CLR 3.5.30729; .NET CLR 3.0.30729; Media Center PC 6.0; .NET4.0C; InfoPath.3; Media Center PC 5.0; SLCC1)"
46.223.22.213 - - [01/Jul/2011:19:36:00 +0200] "GET /media/catalog/product/cache/2/small_image/170x/9df78eab33525d08d6e5fb8d27136e95/3/0/3000_20w50_1l.jpg HTTP/1.1" 200 7432 "http://www.markenoele.de/motul-schmierstoffe/motul-motorrad.html" "Mozilla/5.0 (Windows NT 6.0; rv:2.0.1) Gecko/20100101 Firefox/4.0.1"
80.136.199.4 - - [01/Jul/2011:19:36:00 +0200] "GET /media/catalog/product/cache/2/small_image/170x/9df78eab33525d08d6e5fb8d27136e95/7/1/7100_20w50_1l_1.jpg HTTP/1.1" 200 7819 "http://www.markenoele.de/motul-schmierstoffe/motul-motorrad.html" "Mozilla/4.0 (compatible; MSIE 8.0; Windows NT 6.1; Trident/4.0; GTB7.0; SLCC2; .NET CLR 2.0.50727; .NET CLR 3.5.30729; .NET CLR 3.0.30729; Media Center PC 6.0; .NET4.0C; InfoPath.3; Media Center PC 5.0; SLCC1)"
46.223.22.213 - - [01/Jul/2011:19:36:00 +0200] "GET /media/catalog/product/cache/2/small_image/170x/9df78eab33525d08d6e5fb8d27136e95/3/0/3000_20w50_4l.jpg HTTP/1.1" 200 8696 "http://www.markenoele.de/motul-schmierstoffe/motul-motorrad.html" "Mozilla/5.0 (Windows NT 6.0; rv:2.0.1) Gecko/20100101 Firefox/4.0.1"
46.223.22.213 - - [01/Jul/2011:19:36:00 +0200] "GET /media/catalog/product/cache/2/small_image/170x/9df78eab33525d08d6e5fb8d27136e95/5/1/5100_15w50_1l.jpg HTTP/1.1" 200 7358 "http://www.markenoele.de/motul-schmierstoffe/motul-motorrad.html" "Mozilla/5.0 (Windows NT 6.0; rv:2.0.1) Gecko/20100101 Firefox/4.0.1"
46.223.22.213 - - [01/Jul/2011:19:36:00 +0200] "GET /media/catalog/product/cache/2/small_image/170x/9df78eab33525d08d6e5fb8d27136e95/5/1/5100_15w50_4l_1.jpg HTTP/1.1" 200 8378 "http://www.markenoele.de/motul-schmierstoffe/motul-motorrad.html" "Mozilla/5.0 (Windows NT 6.0; rv:2.0.1) Gecko/20100101 Firefox/4.0.1"
46.223.22.213 - - [01/Jul/2011:19:36:00 +0200] "GET /media/catalog/product/cache/2/small_image/170x/9df78eab33525d08d6e5fb8d27136e95/5/1/5100_10w40_1l_2.jpg HTTP/1.1" 200 7274 "http://www.markenoele.de/motul-schmierstoffe/motul-motorrad.html" "Mozilla/5.0 (Windows NT 6.0; rv:2.0.1) Gecko/20100101 Firefox/4.0.1"
80.136.199.4 - - [01/Jul/2011:19:36:00 +0200] "GET /media/catalog/product/cache/2/small_image/170x/9df78eab33525d08d6e5fb8d27136e95/7/1/7100_20w50_4l_1.jpg HTTP/1.1" 200 8866 "http://www.markenoele.de/motul-schmierstoffe/motul-motorrad.html" "Mozilla/4.0 (compatible; MSIE 8.0; Windows NT 6.1; Trident/4.0; GTB7.0; SLCC2; .NET CLR 2.0.50727; .NET CLR 3.5.30729; .NET CLR 3.0.30729; Media Center PC 6.0; .NET4.0C; InfoPath.3; Media Center PC 5.0; SLCC1)"
46.223.22.213 - - [01/Jul/2011:19:36:00 +0200] "GET /media/catalog/product/cache/2/small_image/170x/9df78eab33525d08d6e5fb8d27136e95/5/1/5100_10w40_4l_1.jpg HTTP/1.1" 200 8381 "http://www.markenoele.de/motul-schmierstoffe/motul-motorrad.html" "Mozilla/5.0 (Windows NT 6.0; rv:2.0.1) Gecko/20100101 Firefox/4.0.1"
46.223.22.213 - - [01/Jul/2011:19:36:00 +0200] "GET /media/catalog/product/cache/2/small_image/170x/9df78eab33525d08d6e5fb8d27136e95/7/1/7100_20w50_4l_1.jpg HTTP/1.1" 200 8866 "http://www.markenoele.de/motul-schmierstoffe/motul-motorrad.html" "Mozilla/5.0 (Windows NT 6.0; rv:2.0.1) Gecko/20100101 Firefox/4.0.1"
80.136.199.4 - - [01/Jul/2011:19:36:00 +0200] "GET /media/catalog/product/cache/2/small_image/170x/9df78eab33525d08d6e5fb8d27136e95/7/1/7100_10w60_1l_1.jpg HTTP/1.1" 200 7955 "http://www.markenoele.de/motul-schmierstoffe/motul-motorrad.html" "Mozilla/4.0 (compatible; MSIE 8.0; Windows NT 6.1; Trident/4.0; GTB7.0; SLCC2; .NET CLR 2.0.50727; .NET CLR 3.5.30729; .NET CLR 3.0.30729; Media Center PC 6.0; .NET4.0C; InfoPath.3; Media Center PC 5.0; SLCC1)"
46.223.22.213 - - [01/Jul/2011:19:36:00 +0200] "GET /media/catalog/product/cache/2/small_image/170x/9df78eab33525d08d6e5fb8d27136e95/7/1/7100_20w50_1l_1.jpg HTTP/1.1" 200 7819 "http://www.markenoele.de/motul-schmierstoffe/motul-motorrad.html" "Mozilla/5.0 (Windows NT 6.0; rv:2.0.1) Gecko/20100101 Firefox/4.0.1"
46.223.22.213 - - [01/Jul/2011:19:36:00 +0200] "GET /media/catalog/product/cache/2/small_image/170x/9df78eab33525d08d6e5fb8d27136e95/7/1/7100_10w60_1l_1.jpg HTTP/1.1" 200 7955 "http://www.markenoele.de/motul-schmierstoffe/motul-motorrad.html" "Mozilla/5.0 (Windows NT 6.0; rv:2.0.1) Gecko/20100101 Firefox/4.0.1"
46.223.22.213 - - [01/Jul/2011:19:36:14 +0200] "GET /motul-schmierstoffe/motul-motorrad.html?p=2 HTTP/1.1" 200 51944 "http://www.markenoele.de/motul-schmierstoffe/motul-motorrad.html" "Mozilla/5.0 (Windows NT 6.0; rv:2.0.1) Gecko/20100101 Firefox/4.0.1"
80.136.199.4 - - [01/Jul/2011:19:36:14 +0200] "GET /motul-schmierstoffe/motul-motorrad.html?p=2 HTTP/1.1" 200 51944 "http://www.markenoele.de/motul-schmierstoffe/motul-motorrad.html" "Mozilla/4.0 (compatible; MSIE 8.0; Windows NT 6.1; Trident/4.0; GTB7.0; SLCC2; .NET CLR 2.0.50727; .NET CLR 3.5.30729; .NET CLR 3.0.30729; Media Center PC 6.0; .NET4.0C; InfoPath.3; Media Center PC 5.0; SLCC1)"
46.223.22.213 - - [01/Jul/2011:19:36:18 +0200] "GET /skin/frontend/esso/standard/images/i_pager-prev.gif HTTP/1.1" 200 158 "http://www.markenoele.de/motul-schmierstoffe/motul-motorrad.html?p=2" "Mozilla/5.0 (Windows NT 6.0; rv:2.0.1) Gecko/20100101 Firefox/4.0.1"
46.223.22.213 - - [01/Jul/2011:19:36:18 +0200] "GET /media/catalog/product/cache/2/small_image/170x/9df78eab33525d08d6e5fb8d27136e95/1/0/100-2t_1l_1.jpg HTTP/1.1" 200 7128 "http://www.markenoele.de/motul-schmierstoffe/motul-motorrad.html?p=2" "Mozilla/5.0 (Windows NT 6.0; rv:2.0.1) Gecko/20100101 Firefox/4.0.1"
46.223.22.213 - - [01/Jul/2011:19:36:18 +0200] "GET /media/catalog/product/cache/2/small_image/170x/9df78eab33525d08d6e5fb8d27136e95/7/1/7100_10w60_4l_1.jpg HTTP/1.1" 200 8976 "http://www.markenoele.de/motul-schmierstoffe/motul-motorrad.html?p=2" "Mozilla/5.0 (Windows NT 6.0; rv:2.0.1) Gecko/20100101 Firefox/4.0.1"
46.223.22.213 - - [01/Jul/2011:19:36:18 +0200] "GET /media/catalog/product/cache/2/small_image/170x/9df78eab33525d08d6e5fb8d27136e95/7/1/7100_10w40_1l_2.jpg HTTP/1.1" 200 7852 "http://www.markenoele.de/motul-schmierstoffe/motul-motorrad.html?p=2" "Mozilla/5.0 (Windows NT 6.0; rv:2.0.1) Gecko/20100101 Firefox/4.0.1"
46.223.22.213 - - [01/Jul/2011:19:36:18 +0200] "GET /media/catalog/product/cache/2/small_image/170x/9df78eab33525d08d6e5fb8d27136e95/7/1/7100_10w40_4l.jpg HTTP/1.1" 200 8917 "http://www.markenoele.de/motul-schmierstoffe/motul-motorrad.html?p=2" "Mozilla/5.0 (Windows NT 6.0; rv:2.0.1) Gecko/20100101 Firefox/4.0.1"
46.223.22.213 - - [01/Jul/2011:19:36:18 +0200] "GET /media/catalog/product/cache/2/small_image/170x/9df78eab33525d08d6e5fb8d27136e95/5/1/510-2t_1l_1.jpg HTTP/1.1" 200 6903 "http://www.markenoele.de/motul-schmierstoffe/motul-motorrad.html?p=2" "Mozilla/5.0 (Windows NT 6.0; rv:2.0.1) Gecko/20100101 Firefox/4.0.1"
46.223.22.213 - - [01/Jul/2011:19:36:18 +0200] "GET /media/catalog/product/cache/2/small_image/170x/9df78eab33525d08d6e5fb8d27136e95/7/1/710-2t_1l_1.jpg HTTP/1.1" 200 7545 "http://www.markenoele.de/motul-schmierstoffe/motul-motorrad.html?p=2" "Mozilla/5.0 (Windows NT 6.0; rv:2.0.1) Gecko/20100101 Firefox/4.0.1"
46.223.22.213 - - [01/Jul/2011:19:36:18 +0200] "GET /media/catalog/product/cache/2/small_image/170x/9df78eab33525d08d6e5fb8d27136e95/f/o/forkoil_expert_light_1l_front.jpg HTTP/1.1" 200 9472 "http://www.markenoele.de/motul-schmierstoffe/motul-motorrad.html?p=2" "Mozilla/5.0 (Windows NT 6.0; rv:2.0.1) Gecko/20100101 Firefox/4.0.1"
46.223.22.213 - - [01/Jul/2011:19:36:19 +0200] "GET /media/catalog/product/cache/2/small_image/170x/9df78eab33525d08d6e5fb8d27136e95/f/o/forkoil_medium_1l_front.jpg HTTP/1.1" 200 9443 "http://www.markenoele.de/motul-schmierstoffe/motul-motorrad.html?p=2" "Mozilla/5.0 (Windows NT 6.0; rv:2.0.1) Gecko/20100101 Firefox/4.0.1"
46.223.22.213 - - [01/Jul/2011:19:36:19 +0200] "GET /media/catalog/product/cache/2/small_image/170x/9df78eab33525d08d6e5fb8d27136e95/f/o/forkoil_mediumheavy_1l_front.jpg HTTP/1.1" 200 9509 "http://www.markenoele.de/motul-schmierstoffe/motul-motorrad.html?p=2" "Mozilla/5.0 (Windows NT 6.0; rv:2.0.1) Gecko/20100101 Firefox/4.0.1"
80.136.199.4 - - [01/Jul/2011:19:36:19 +0200] "GET /skin/frontend/esso/standard/images/i_pager-prev.gif HTTP/1.1" 200 158 "http://www.markenoele.de/motul-schmierstoffe/motul-motorrad.html?p=2" "Mozilla/4.0 (compatible; MSIE 8.0; Windows NT 6.1; Trident/4.0; GTB7.0; SLCC2; .NET CLR 2.0.50727; .NET CLR 3.5.30729; .NET CLR 3.0.30729; Media Center PC 6.0; .NET4.0C; InfoPath.3; Media Center PC 5.0; SLCC1)"
80.136.199.4 - - [01/Jul/2011:19:36:19 +0200] "GET /media/catalog/product/cache/2/small_image/170x/9df78eab33525d08d6e5fb8d27136e95/7/1/710-2t_1l_1.jpg HTTP/1.1" 200 7545 "http://www.markenoele.de/motul-schmierstoffe/motul-motorrad.html?p=2" "Mozilla/4.0 (compatible; MSIE 8.0; Windows NT 6.1; Trident/4.0; GTB7.0; SLCC2; .NET CLR 2.0.50727; .NET CLR 3.5.30729; .NET CLR 3.0.30729; Media Center PC 6.0; .NET4.0C; InfoPath.3; Media Center PC 5.0; SLCC1)"
80.136.199.4 - - [01/Jul/2011:19:36:19 +0200] "GET /media/catalog/product/cache/2/small_image/170x/9df78eab33525d08d6e5fb8d27136e95/7/1/7100_10w60_4l_1.jpg HTTP/1.1" 200 8976 "http://www.markenoele.de/motul-schmierstoffe/motul-motorrad.html?p=2" "Mozilla/4.0 (compatible; MSIE 8.0; Windows NT 6.1; Trident/4.0; GTB7.0; SLCC2; .NET CLR 2.0.50727; .NET CLR 3.5.30729; .NET CLR 3.0.30729; Media Center PC 6.0; .NET4.0C; InfoPath.3; Media Center PC 5.0; SLCC1)"
80.136.199.4 - - [01/Jul/2011:19:36:19 +0200] "GET /media/catalog/product/cache/2/small_image/170x/9df78eab33525d08d6e5fb8d27136e95/7/1/7100_10w40_1l_2.jpg HTTP/1.1" 200 7852 "http://www.markenoele.de/motul-schmierstoffe/motul-motorrad.html?p=2" "Mozilla/4.0 (compatible; MSIE 8.0; Windows NT 6.1; Trident/4.0; GTB7.0; SLCC2; .NET CLR 2.0.50727; .NET CLR 3.5.30729; .NET CLR 3.0.30729; Media Center PC 6.0; .NET4.0C; InfoPath.3; Media Center PC 5.0; SLCC1)"
80.136.199.4 - - [01/Jul/2011:19:36:19 +0200] "GET /media/catalog/product/cache/2/small_image/170x/9df78eab33525d08d6e5fb8d27136e95/7/1/7100_10w40_4l.jpg HTTP/1.1" 200 8917 "http://www.markenoele.de/motul-schmierstoffe/motul-motorrad.html?p=2" "Mozilla/4.0 (compatible; MSIE 8.0; Windows NT 6.1; Trident/4.0; GTB7.0; SLCC2; .NET CLR 2.0.50727; .NET CLR 3.5.30729; .NET CLR 3.0.30729; Media Center PC 6.0; .NET4.0C; InfoPath.3; Media Center PC 5.0; SLCC1)"
80.136.199.4 - - [01/Jul/2011:19:36:19 +0200] "GET /media/catalog/product/cache/2/small_image/170x/9df78eab33525d08d6e5fb8d27136e95/1/0/100-2t_1l_1.jpg HTTP/1.1" 200 7128 "http://www.markenoele.de/motul-schmierstoffe/motul-motorrad.html?p=2" "Mozilla/4.0 (compatible; MSIE 8.0; Windows NT 6.1; Trident/4.0; GTB7.0; SLCC2; .NET CLR 2.0.50727; .NET CLR 3.5.30729; .NET CLR 3.0.30729; Media Center PC 6.0; .NET4.0C; InfoPath.3; Media Center PC 5.0; SLCC1)"
80.136.199.4 - - [01/Jul/2011:19:36:19 +0200] "GET /media/catalog/product/cache/2/small_image/170x/9df78eab33525d08d6e5fb8d27136e95/5/1/510-2t_1l_1.jpg HTTP/1.1" 200 6903 "http://www.markenoele.de/motul-schmierstoffe/motul-motorrad.html?p=2" "Mozilla/4.0 (compatible; MSIE 8.0; Windows NT 6.1; Trident/4.0; GTB7.0; SLCC2; .NET CLR 2.0.50727; .NET CLR 3.5.30729; .NET CLR 3.0.30729; Media Center PC 6.0; .NET4.0C; InfoPath.3; Media Center PC 5.0; SLCC1)"
80.136.199.4 - - [01/Jul/2011:19:36:19 +0200] "GET /media/catalog/product/cache/2/small_image/170x/9df78eab33525d08d6e5fb8d27136e95/f/o/forkoil_expert_light_1l_front.jpg HTTP/1.1" 200 9472 "http://www.markenoele.de/motul-schmierstoffe/motul-motorrad.html?p=2" "Mozilla/4.0 (compatible; MSIE 8.0; Windows NT 6.1; Trident/4.0; GTB7.0; SLCC2; .NET CLR 2.0.50727; .NET CLR 3.5.30729; .NET CLR 3.0.30729; Media Center PC 6.0; .NET4.0C; InfoPath.3; Media Center PC 5.0; SLCC1)"
80.136.199.4 - - [01/Jul/2011:19:36:19 +0200] "GET /media/catalog/product/cache/2/small_image/170x/9df78eab33525d08d6e5fb8d27136e95/f/o/forkoil_medium_1l_front.jpg HTTP/1.1" 200 9443 "http://www.markenoele.de/motul-schmierstoffe/motul-motorrad.html?p=2" "Mozilla/4.0 (compatible; MSIE 8.0; Windows NT 6.1; Trident/4.0; GTB7.0; SLCC2; .NET CLR 2.0.50727; .NET CLR 3.5.30729; .NET CLR 3.0.30729; Media Center PC 6.0; .NET4.0C; InfoPath.3; Media Center PC 5.0; SLCC1)"
80.136.199.4 - - [01/Jul/2011:19:36:19 +0200] "GET /media/catalog/product/cache/2/small_image/170x/9df78eab33525d08d6e5fb8d27136e95/f/o/forkoil_mediumheavy_1l_front.jpg HTTP/1.1" 200 9509 "http://www.markenoele.de/motul-schmierstoffe/motul-motorrad.html?p=2" "Mozilla/4.0 (compatible; MSIE 8.0; Windows NT 6.1; Trident/4.0; GTB7.0; SLCC2; .NET CLR 2.0.50727; .NET CLR 3.5.30729; .NET CLR 3.0.30729; Media Center PC 6.0; .NET4.0C; InfoPath.3; Media Center PC 5.0; SLCC1)"
80.136.199.4 - - [01/Jul/2011:19:36:21 +0200] "GET /motul-schmierstoffe/motul-motorrad/getriebeol.html HTTP/1.1" 200 23808 "http://www.markenoele.de/motul-schmierstoffe/motul-motorrad.html?p=2" "Mozilla/4.0 (compatible; MSIE 8.0; Windows NT 6.1; Trident/4.0; GTB7.0; SLCC2; .NET CLR 2.0.50727; .NET CLR 3.5.30729; .NET CLR 3.0.30729; Media Center PC 6.0; .NET4.0C; InfoPath.3; Media Center PC 5.0; SLCC1)"
80.136.199.4 - - [01/Jul/2011:19:36:26 +0200] "GET /motul-schmierstoffe/motul-motorrad/getriebeol.html HTTP/1.1" 200 23808 "http://www.markenoele.de/motul-schmierstoffe/motul-motorrad/getriebeol.html" "Mozilla/4.0 (compatible; MSIE 8.0; Windows NT 6.1; Trident/4.0; GTB7.0; SLCC2; .NET CLR 2.0.50727; .NET CLR 3.5.30729; .NET CLR 3.0.30729; Media Center PC 6.0; .NET4.0C; InfoPath.3; Media Center PC 5.0; SLCC1)"
46.223.22.213 - - [01/Jul/2011:19:36:29 +0200] "GET /motul-schmierstoffe/motul-motorrad.html?p=3 HTTP/1.1" 200 43758 "http://www.markenoele.de/motul-schmierstoffe/motul-motorrad.html?p=2" "Mozilla/5.0 (Windows NT 6.0; rv:2.0.1) Gecko/20100101 Firefox/4.0.1"
46.223.22.213 - - [01/Jul/2011:19:36:31 +0200] "GET /media/catalog/product/cache/2/small_image/170x/9df78eab33525d08d6e5fb8d27136e95/f/o/forkoil_expert_heavy_1l_front.jpg HTTP/1.1" 200 9394 "http://www.markenoele.de/motul-schmierstoffe/motul-motorrad.html?p=3" "Mozilla/5.0 (Windows NT 6.0; rv:2.0.1) Gecko/20100101 Firefox/4.0.1"
46.223.22.213 - - [01/Jul/2011:19:36:31 +0200] "GET /media/catalog/product/cache/2/small_image/170x/9df78eab33525d08d6e5fb8d27136e95/f/o/forkoil_fl_verylight_1l_front.jpg HTTP/1.1" 200 8434 "http://www.markenoele.de/motul-schmierstoffe/motul-motorrad.html?p=3" "Mozilla/5.0 (Windows NT 6.0; rv:2.0.1) Gecko/20100101 Firefox/4.0.1"
46.223.22.213 - - [01/Jul/2011:19:36:31 +0200] "GET /media/catalog/product/cache/2/small_image/170x/9df78eab33525d08d6e5fb8d27136e95/f/o/forkoil_fl_light_1l_front.jpg HTTP/1.1" 200 8546 "http://www.markenoele.de/motul-schmierstoffe/motul-motorrad.html?p=3" "Mozilla/5.0 (Windows NT 6.0; rv:2.0.1) Gecko/20100101 Firefox/4.0.1"
46.223.22.213 - - [01/Jul/2011:19:36:31 +0200] "GET /media/catalog/product/cache/2/small_image/170x/9df78eab33525d08d6e5fb8d27136e95/f/o/forkoil_fl_lightmedium_1l_front.jpg HTTP/1.1" 200 8448 "http://www.markenoele.de/motul-schmierstoffe/motul-motorrad.html?p=3" "Mozilla/5.0 (Windows NT 6.0; rv:2.0.1) Gecko/20100101 Firefox/4.0.1"
46.223.22.213 - - [01/Jul/2011:19:36:31 +0200] "GET /media/catalog/product/cache/2/small_image/170x/9df78eab33525d08d6e5fb8d27136e95/f/o/forkoil_fl_medium_1l_front.jpg HTTP/1.1" 200 8286 "http://www.markenoele.de/motul-schmierstoffe/motul-motorrad.html?p=3" "Mozilla/5.0 (Windows NT 6.0; rv:2.0.1) Gecko/20100101 Firefox/4.0.1"
46.223.22.213 - - [01/Jul/2011:19:36:31 +0200] "GET /media/catalog/product/cache/2/small_image/170x/9df78eab33525d08d6e5fb8d27136e95/s/h/shockoil_fl_1l_front.jpg HTTP/1.1" 200 8533 "http://www.markenoele.de/motul-schmierstoffe/motul-motorrad.html?p=3" "Mozilla/5.0 (Windows NT 6.0; rv:2.0.1) Gecko/20100101 Firefox/4.0.1"
80.136.199.4 - - [01/Jul/2011:19:36:38 +0200] "GET /motul-schmierstoffe/motul-motorrad/motorenol.html HTTP/1.1" 200 51346 "http://www.markenoele.de/motul-schmierstoffe/motul-motorrad/getriebeol.html" "Mozilla/4.0 (compatible; MSIE 8.0; Windows NT 6.1; Trident/4.0; GTB7.0; SLCC2; .NET CLR 2.0.50727; .NET CLR 3.5.30729; .NET CLR 3.0.30729; Media Center PC 6.0; .NET4.0C; InfoPath.3; Media Center PC 5.0; SLCC1)"
80.136.199.4 - - [01/Jul/2011:19:36:49 +0200] "GET /motul-schmierstoffe/motul-motorrad/motorenol.html HTTP/1.1" 200 51346 "http://www.markenoele.de/motul-schmierstoffe/motul-motorrad/motorenol.html" "Mozilla/4.0 (compatible; MSIE 8.0; Windows NT 6.1; Trident/4.0; GTB7.0; SLCC2; .NET CLR 2.0.50727; .NET CLR 3.5.30729; .NET CLR 3.0.30729; Media Center PC 6.0; .NET4.0C; InfoPath.3; Media Center PC 5.0; SLCC1)"
93.198.41.176 - - [01/Jul/2011:19:41:09 +0200] "GET /motul-schmierstoffe.html HTTP/1.1" 200 49386 "-" "findlinks/2.0.2 (+http://wortschatz.uni-leipzig.de/findlinks/)"
93.198.41.176 - - [01/Jul/2011:19:41:12 +0200] "GET /motul-schmierstoffe.html HTTP/1.1" 200 49386 "-" "findlinks/2.0.2 (+http://wortschatz.uni-leipzig.de/findlinks/)"
150.70.64.195 - - [01/Jul/2011:19:47:33 +0200] "GET /js/calendar/calendar-setup.js HTTP/1.0" 200 4986 "-" "Mozilla/4.0 (compatible; MSIE 6.0; Windows NT 5.1)"
150.70.64.195 - - [01/Jul/2011:19:47:33 +0200] "GET /js/varien/menu.js HTTP/1.0" 200 4426 "-" "Mozilla/4.0 (compatible; MSIE 6.0; Windows NT 5.1)"
150.70.64.195 - - [01/Jul/2011:19:47:33 +0200] "GET /js/mage/translate.js HTTP/1.0" 200 1597 "-" "Mozilla/4.0 (compatible; MSIE 6.0; Windows NT 5.1)"
150.70.64.195 - - [01/Jul/2011:19:47:34 +0200] "GET /js/mage/cookies.js HTTP/1.0" 200 2615 "-" "Mozilla/4.0 (compatible; MSIE 6.0; Windows NT 5.1)"
150.70.64.195 - - [01/Jul/2011:19:47:34 +0200] "GET /skin/frontend/esso/standard/js/effects.scale.js HTTP/1.0" 200 7057 "-" "Mozilla/4.0 (compatible; MSIE 6.0; Windows NT 5.1)"
150.70.64.195 - - [01/Jul/2011:19:47:34 +0200] "GET /js/scriptaculous/slider.js HTTP/1.0" 200 10331 "-" "Mozilla/4.0 (compatible; MSIE 6.0; Windows NT 5.1)"
150.70.64.195 - - [01/Jul/2011:19:47:34 +0200] "GET /js/varien/form.js HTTP/1.0" 200 11714 "-" "Mozilla/4.0 (compatible; MSIE 6.0; Windows NT 5.1)"
150.70.64.195 - - [01/Jul/2011:19:47:33 +0200] "GET /skin/frontend/esso/standard/js/effects.core.js HTTP/1.0" 200 19170 "-" "Mozilla/4.0 (compatible; MSIE 6.0; Windows NT 5.1)"
150.70.64.195 - - [01/Jul/2011:19:47:34 +0200] "GET /js/varien/product.js HTTP/1.0" 200 23531 "-" "Mozilla/4.0 (compatible; MSIE 6.0; Windows NT 5.1)"
150.70.64.195 - - [01/Jul/2011:19:47:33 +0200] "GET /js/scriptaculous/controls.js HTTP/1.0" 200 34797 "-" "Mozilla/4.0 (compatible; MSIE 6.0; Windows NT 5.1)"
150.70.64.195 - - [01/Jul/2011:19:47:34 +0200] "GET /skin/frontend/esso/standard/js/jquery.jqzoom.js HTTP/1.0" 200 5131 "-" "Mozilla/4.0 (compatible; MSIE 6.0; Windows NT 5.1)"
150.70.64.195 - - [01/Jul/2011:19:47:34 +0200] "GET /js/calendar/calendar.js HTTP/1.0" 200 53130 "-" "Mozilla/4.0 (compatible; MSIE 6.0; Windows NT 5.1)"
150.70.64.195 - - [01/Jul/2011:19:47:34 +0200] "GET /js/scriptaculous/builder.js HTTP/1.0" 200 4744 "-" "Mozilla/4.0 (compatible; MSIE 6.0; Windows NT 5.1)"
150.70.64.195 - - [01/Jul/2011:19:47:34 +0200] "GET /js/prototype/validation.js HTTP/1.0" 200 34677 "-" "Mozilla/4.0 (compatible; MSIE 6.0; Windows NT 5.1)"
150.70.64.195 - - [01/Jul/2011:19:47:34 +0200] "GET /js/scriptaculous/effects.js HTTP/1.0" 200 38745 "-" "Mozilla/4.0 (compatible; MSIE 6.0; Windows NT 5.1)"
150.70.64.195 - - [01/Jul/2011:19:47:34 +0200] "GET /js/scriptaculous/dragdrop.js HTTP/1.0" 200 31192 "-" "Mozilla/4.0 (compatible; MSIE 6.0; Windows NT 5.1)"
150.70.64.195 - - [01/Jul/2011:19:47:34 +0200] "GET /js/varien/js.js HTTP/1.0" 200 16581 "-" "Mozilla/4.0 (compatible; MSIE 6.0; Windows NT 5.1)"
150.70.64.195 - - [01/Jul/2011:19:47:34 +0200] "GET /js/prototype/prototype.js HTTP/1.0" 200 129960 "-" "Mozilla/4.0 (compatible; MSIE 6.0; Windows NT 5.1)"
