87.168.36.63 - - [01/Jul/2011:10:28:01 +0200] "GET /media/catalog/product/cache/2/thumbnail/50x50/9df78eab33525d08d6e5fb8d27136e95/a/u/aufkleber_rot_huinterlegt_1_1_1.jpg HTTP/1.1" 200 2221 "http://www.markenoele.de/motul-pflegeprodukte/motorrad.html" "Mozilla/4.0 (compatible; MSIE 8.0; TOB 6.12; Windows NT 5.1; Trident/4.0; .NET CLR 1.1.4322; .NET CLR 2.0.50727; .NET CLR 3.0.4506.2152; .NET CLR 3.5.30729)"
87.168.36.63 - - [01/Jul/2011:10:28:01 +0200] "GET /media/catalog/product/cache/2/thumbnail/50x50/9df78eab33525d08d6e5fb8d27136e95/d/e/der_pflegeberater.jpg HTTP/1.1" 200 2059 "http://www.markenoele.de/motul-pflegeprodukte/motorrad.html" "Mozilla/4.0 (compatible; MSIE 8.0; TOB 6.12; Windows NT 5.1; Trident/4.0; .NET CLR 1.1.4322; .NET CLR 2.0.50727; .NET CLR 3.0.4506.2152; .NET CLR 3.5.30729)"
87.168.36.63 - - [01/Jul/2011:10:28:01 +0200] "GET /media/catalog/product/cache/2/thumbnail/50x50/9df78eab33525d08d6e5fb8d27136e95/f/i/file_3.jpg HTTP/1.1" 200 1341 "http://www.markenoele.de/motul-pflegeprodukte/motorrad.html" "Mozilla/4.0 (compatible; MSIE 8.0; TOB 6.12; Windows NT 5.1; Trident/4.0; .NET CLR 1.1.4322; .NET CLR 2.0.50727; .NET CLR 3.0.4506.2152; .NET CLR 3.5.30729)"
87.168.36.63 - - [01/Jul/2011:10:28:01 +0200] "GET /skin/frontend/esso/standard/images/bkg_subtotal.gif HTTP/1.1" 200 362 "http://www.markenoele.de/motul-pflegeprodukte/motorrad.html" "Mozilla/4.0 (compatible; MSIE 8.0; TOB 6.12; Windows NT 5.1; Trident/4.0; .NET CLR 1.1.4322; .NET CLR 2.0.50727; .NET CLR 3.0.4506.2152; .NET CLR 3.5.30729)"
87.168.36.63 - - [01/Jul/2011:10:28:01 +0200] "GET /skin/frontend/esso/standard/images/btn_remove.gif HTTP/1.1" 200 211 "http://www.markenoele.de/motul-pflegeprodukte/motorrad.html" "Mozilla/4.0 (compatible; MSIE 8.0; TOB 6.12; Windows NT 5.1; Trident/4.0; .NET CLR 1.1.4322; .NET CLR 2.0.50727; .NET CLR 3.0.4506.2152; .NET CLR 3.5.30729)"
87.168.36.63 - - [01/Jul/2011:10:28:01 +0200] "GET /skin/frontend/esso/standard/images/bkg_btn-small.png HTTP/1.1" 200 876 "http://www.markenoele.de/motul-pflegeprodukte/motorrad.html" "Mozilla/4.0 (compatible; MSIE 8.0; TOB 6.12; Windows NT 5.1; Trident/4.0; .NET CLR 1.1.4322; .NET CLR 2.0.50727; .NET CLR 3.0.4506.2152; .NET CLR 3.5.30729)"
87.168.36.63 - - [01/Jul/2011:10:28:07 +0200] "GET /motul-pflegeprodukte/motorrad.html?limit=all HTTP/1.1" 200 63205 "-" "Mozilla/4.0 (compatible; MSIE 8.0; TOB 6.12; Windows NT 5.1; Trident/4.0; .NET CLR 1.1.4322; .NET CLR 2.0.50727; .NET CLR 3.0.4506.2152; .NET CLR 3.5.30729)"
87.168.36.63 - - [01/Jul/2011:10:28:10 +0200] "GET /media/catalog/product/cache/2/small_image/170x/9df78eab33525d08d6e5fb8d27136e95/m/o/moto_wash_plus_1000ml.jpg HTTP/1.1" 200 4778 "http://www.markenoele.de/motul-pflegeprodukte/motorrad.html?limit=all" "Mozilla/4.0 (compatible; MSIE 8.0; TOB 6.12; Windows NT 5.1; Trident/4.0; .NET CLR 1.1.4322; .NET CLR 2.0.50727; .NET CLR 3.0.4506.2152; .NET CLR 3.5.30729)"
87.168.36.63 - - [01/Jul/2011:10:28:10 +0200] "GET /media/catalog/product/cache/2/small_image/170x/9df78eab33525d08d6e5fb8d27136e95/t/y/tyre_repair.jpg HTTP/1.1" 200 5727 "http://www.markenoele.de/motul-pflegeprodukte/motorrad.html?limit=all" "Mozilla/4.0 (compatible; MSIE 8.0; TOB 6.12; Windows NT 5.1; Trident/4.0; .NET CLR 1.1.4322; .NET CLR 2.0.50727; .NET CLR 3.0.4506.2152; .NET CLR 3.5.30729)"
87.168.36.63 - - [01/Jul/2011:10:28:10 +0200] "GET /media/catalog/product/cache/2/small_image/170x/9df78eab33525d08d6e5fb8d27136e95/e/z/ez_clean2.jpg HTTP/1.1" 200 9012 "http://www.markenoele.de/motul-pflegeprodukte/motorrad.html?limit=all" "Mozilla/4.0 (compatible; MSIE 8.0; TOB 6.12; Windows NT 5.1; Trident/4.0; .NET CLR 1.1.4322; .NET CLR 2.0.50727; .NET CLR 3.0.4506.2152; .NET CLR 3.5.30729)"
87.168.36.63 - - [01/Jul/2011:10:28:10 +0200] "GET /media/catalog/product/cache/2/small_image/170x/9df78eab33525d08d6e5fb8d27136e95/f/u/fuel_system_clean.jpg HTTP/1.1" 200 6589 "http://www.markenoele.de/motul-pflegeprodukte/motorrad.html?limit=all" "Mozilla/4.0 (compatible; MSIE 8.0; TOB 6.12; Windows NT 5.1; Trident/4.0; .NET CLR 1.1.4322; .NET CLR 2.0.50727; .NET CLR 3.0.4506.2152; .NET CLR 3.5.30729)"
87.168.36.63 - - [01/Jul/2011:10:28:18 +0200] "GET /motul-pflegeprodukte/motorrad/e-z-clean.html HTTP/1.1" 200 35217 "http://www.markenoele.de/motul-pflegeprodukte/motorrad.html?limit=all" "Mozilla/4.0 (compatible; MSIE 8.0; TOB 6.12; Windows NT 5.1; Trident/4.0; .NET CLR 1.1.4322; .NET CLR 2.0.50727; .NET CLR 3.0.4506.2152; .NET CLR 3.5.30729)"
87.168.36.63 - - [01/Jul/2011:10:28:20 +0200] "GET /skin/frontend/base/default/css/baseprice.css HTTP/1.1" 404 1256 "http://www.markenoele.de/motul-pflegeprodukte/motorrad/e-z-clean.html" "Mozilla/4.0 (compatible; MSIE 8.0; TOB 6.12; Windows NT 5.1; Trident/4.0; .NET CLR 1.1.4322; .NET CLR 2.0.50727; .NET CLR 3.0.4506.2152; .NET CLR 3.5.30729)"
87.168.36.63 - - [01/Jul/2011:10:28:20 +0200] "GET /media/catalog/product/cache/2/thumbnail2/250x250/9df78eab33525d08d6e5fb8d27136e95/e/z/ez_clean2.jpg HTTP/1.1" 200 15742 "http://www.markenoele.de/motul-pflegeprodukte/motorrad/e-z-clean.html" "Mozilla/4.0 (compatible; MSIE 8.0; TOB 6.12; Windows NT 5.1; Trident/4.0; .NET CLR 1.1.4322; .NET CLR 2.0.50727; .NET CLR 3.0.4506.2152; .NET CLR 3.5.30729)"
87.168.36.63 - - [01/Jul/2011:10:28:21 +0200] "GET /media/catalog/product/e/z/ez_clean2.jpg HTTP/1.1" 200 41648 "http://www.markenoele.de/motul-pflegeprodukte/motorrad/e-z-clean.html" "Mozilla/4.0 (compatible; MSIE 8.0; TOB 6.12; Windows NT 5.1; Trident/4.0; .NET CLR 1.1.4322; .NET CLR 2.0.50727; .NET CLR 3.0.4506.2152; .NET CLR 3.5.30729)"
87.168.36.63 - - [01/Jul/2011:10:28:21 +0200] "GET /skin/frontend/esso/standard/images/jqzoon_lens.png HTTP/1.1" 404 1256 "http://www.markenoele.de/motul-pflegeprodukte/motorrad/e-z-clean.html" "Mozilla/4.0 (compatible; MSIE 8.0; TOB 6.12; Windows NT 5.1; Trident/4.0; .NET CLR 1.1.4322; .NET CLR 2.0.50727; .NET CLR 3.0.4506.2152; .NET CLR 3.5.30729)"
87.168.36.63 - - [01/Jul/2011:10:28:29 +0200] "POST /checkout/cart/add/uenc/aHR0cDovL3d3dy5tYXJrZW5vZWxlLmRlL21vdHVsLXBmbGVnZXByb2R1a3RlL21vdG9ycmFkL2Utei1jbGVhbi5odG1s/product/118/ HTTP/1.1" 302 - "http://www.markenoele.de/motul-pflegeprodukte/motorrad/e-z-clean.html" "Mozilla/4.0 (compatible; MSIE 8.0; TOB 6.12; Windows NT 5.1; Trident/4.0; .NET CLR 1.1.4322; .NET CLR 2.0.50727; .NET CLR 3.0.4506.2152; .NET CLR 3.5.30729)"
87.168.36.63 - - [01/Jul/2011:10:28:31 +0200] "GET /checkout/cart/ HTTP/1.1" 200 27742 "http://www.markenoele.de/motul-pflegeprodukte/motorrad/e-z-clean.html" "Mozilla/4.0 (compatible; MSIE 8.0; TOB 6.12; Windows NT 5.1; Trident/4.0; .NET CLR 1.1.4322; .NET CLR 2.0.50727; .NET CLR 3.0.4506.2152; .NET CLR 3.5.30729)"
87.168.36.63 - - [01/Jul/2011:10:28:33 +0200] "GET /js/varien/weee.js HTTP/1.1" 200 1318 "http://www.markenoele.de/checkout/cart/" "Mozilla/4.0 (compatible; MSIE 8.0; TOB 6.12; Windows NT 5.1; Trident/4.0; .NET CLR 1.1.4322; .NET CLR 2.0.50727; .NET CLR 3.0.4506.2152; .NET CLR 3.5.30729)"
87.168.36.63 - - [01/Jul/2011:10:28:34 +0200] "GET /media/catalog/product/cache/2/thumbnail/75x/9df78eab33525d08d6e5fb8d27136e95/f/i/file_3.jpg HTTP/1.1" 200 1891 "http://www.markenoele.de/checkout/cart/" "Mozilla/4.0 (compatible; MSIE 8.0; TOB 6.12; Windows NT 5.1; Trident/4.0; .NET CLR 1.1.4322; .NET CLR 2.0.50727; .NET CLR 3.0.4506.2152; .NET CLR 3.5.30729)"
87.168.36.63 - - [01/Jul/2011:10:28:34 +0200] "GET /media/catalog/product/cache/2/thumbnail/75x/9df78eab33525d08d6e5fb8d27136e95/d/e/der_pflegeberater.jpg HTTP/1.1" 200 3302 "http://www.markenoele.de/checkout/cart/" "Mozilla/4.0 (compatible; MSIE 8.0; TOB 6.12; Windows NT 5.1; Trident/4.0; .NET CLR 1.1.4322; .NET CLR 2.0.50727; .NET CLR 3.0.4506.2152; .NET CLR 3.5.30729)"
87.168.36.63 - - [01/Jul/2011:10:28:34 +0200] "GET /media/catalog/product/cache/2/thumbnail/75x/9df78eab33525d08d6e5fb8d27136e95/a/u/aufkleber_rot_huinterlegt_1_1_1.jpg HTTP/1.1" 200 3642 "http://www.markenoele.de/checkout/cart/" "Mozilla/4.0 (compatible; MSIE 8.0; TOB 6.12; Windows NT 5.1; Trident/4.0; .NET CLR 1.1.4322; .NET CLR 2.0.50727; .NET CLR 3.0.4506.2152; .NET CLR 3.5.30729)"
87.168.36.63 - - [01/Jul/2011:10:28:34 +0200] "GET /media/catalog/product/cache/2/thumbnail/75x/9df78eab33525d08d6e5fb8d27136e95/e/z/ez_clean2.jpg HTTP/1.1" 200 2948 "http://www.markenoele.de/checkout/cart/" "Mozilla/4.0 (compatible; MSIE 8.0; TOB 6.12; Windows NT 5.1; Trident/4.0; .NET CLR 1.1.4322; .NET CLR 2.0.50727; .NET CLR 3.0.4506.2152; .NET CLR 3.5.30729)"
87.168.36.63 - - [01/Jul/2011:10:28:34 +0200] "GET /skin/frontend/esso/standard/images/btn_checkout.gif HTTP/1.1" 200 3906 "http://www.markenoele.de/checkout/cart/" "Mozilla/4.0 (compatible; MSIE 8.0; TOB 6.12; Windows NT 5.1; Trident/4.0; .NET CLR 1.1.4322; .NET CLR 2.0.50727; .NET CLR 3.0.4506.2152; .NET CLR 3.5.30729)"
87.168.36.63 - - [01/Jul/2011:10:28:34 +0200] "GET /skin/frontend/esso/standard/images/btn_trash.gif HTTP/1.1" 200 643 "http://www.markenoele.de/checkout/cart/" "Mozilla/4.0 (compatible; MSIE 8.0; TOB 6.12; Windows NT 5.1; Trident/4.0; .NET CLR 1.1.4322; .NET CLR 2.0.50727; .NET CLR 3.0.4506.2152; .NET CLR 3.5.30729)"
87.168.36.63 - - [01/Jul/2011:10:28:53 +0200] "GET /e-z-clean.html HTTP/1.1" 200 34942 "http://www.markenoele.de/checkout/cart/" "Mozilla/4.0 (compatible; MSIE 8.0; TOB 6.12; Windows NT 5.1; Trident/4.0; .NET CLR 1.1.4322; .NET CLR 2.0.50727; .NET CLR 3.0.4506.2152; .NET CLR 3.5.30729)"
87.168.36.63 - - [01/Jul/2011:10:28:55 +0200] "GET /skin/frontend/base/default/css/baseprice.css HTTP/1.1" 404 1256 "http://www.markenoele.de/e-z-clean.html" "Mozilla/4.0 (compatible; MSIE 8.0; TOB 6.12; Windows NT 5.1; Trident/4.0; .NET CLR 1.1.4322; .NET CLR 2.0.50727; .NET CLR 3.0.4506.2152; .NET CLR 3.5.30729)"
87.168.36.63 - - [01/Jul/2011:10:28:55 +0200] "GET /media/catalog/product/cache/2/thumbnail/50x50/9df78eab33525d08d6e5fb8d27136e95/e/z/ez_clean2.jpg HTTP/1.1" 200 1933 "http://www.markenoele.de/e-z-clean.html" "Mozilla/4.0 (compatible; MSIE 8.0; TOB 6.12; Windows NT 5.1; Trident/4.0; .NET CLR 1.1.4322; .NET CLR 2.0.50727; .NET CLR 3.0.4506.2152; .NET CLR 3.5.30729)"
87.168.36.63 - - [01/Jul/2011:10:29:01 +0200] "GET /skin/frontend/esso/standard/images/jqzoon_lens.png HTTP/1.1" 404 1256 "http://www.markenoele.de/e-z-clean.html" "Mozilla/4.0 (compatible; MSIE 8.0; TOB 6.12; Windows NT 5.1; Trident/4.0; .NET CLR 1.1.4322; .NET CLR 2.0.50727; .NET CLR 3.0.4506.2152; .NET CLR 3.5.30729)"
87.168.36.63 - - [01/Jul/2011:10:29:02 +0200] "GET /motul-pflegeprodukte/motorrad.html HTTP/1.1" 200 62542 "http://www.markenoele.de/e-z-clean.html" "Mozilla/4.0 (compatible; MSIE 8.0; TOB 6.12; Windows NT 5.1; Trident/4.0; .NET CLR 1.1.4322; .NET CLR 2.0.50727; .NET CLR 3.0.4506.2152; .NET CLR 3.5.30729)"
87.168.36.63 - - [01/Jul/2011:10:29:11 +0200] "GET /motul-pflegeprodukte/motorrad/e-z-clean.html HTTP/1.1" 200 35132 "http://www.markenoele.de/motul-pflegeprodukte/motorrad.html" "Mozilla/4.0 (compatible; MSIE 8.0; TOB 6.12; Windows NT 5.1; Trident/4.0; .NET CLR 1.1.4322; .NET CLR 2.0.50727; .NET CLR 3.0.4506.2152; .NET CLR 3.5.30729)"
87.168.36.63 - - [01/Jul/2011:10:29:14 +0200] "GET /skin/frontend/base/default/css/baseprice.css HTTP/1.1" 404 1256 "http://www.markenoele.de/motul-pflegeprodukte/motorrad/e-z-clean.html" "Mozilla/4.0 (compatible; MSIE 8.0; TOB 6.12; Windows NT 5.1; Trident/4.0; .NET CLR 1.1.4322; .NET CLR 2.0.50727; .NET CLR 3.0.4506.2152; .NET CLR 3.5.30729)"
87.168.36.63 - - [01/Jul/2011:10:29:15 +0200] "GET /skin/frontend/esso/standard/images/jqzoon_lens.png HTTP/1.1" 404 1256 "http://www.markenoele.de/motul-pflegeprodukte/motorrad/e-z-clean.html" "Mozilla/4.0 (compatible; MSIE 8.0; TOB 6.12; Windows NT 5.1; Trident/4.0; .NET CLR 1.1.4322; .NET CLR 2.0.50727; .NET CLR 3.0.4506.2152; .NET CLR 3.5.30729)"
87.168.36.63 - - [01/Jul/2011:10:29:23 +0200] "GET /motul-fanshop-artikel.html HTTP/1.1" 200 95291 "http://www.markenoele.de/motul-pflegeprodukte/motorrad/e-z-clean.html" "Mozilla/4.0 (compatible; MSIE 8.0; TOB 6.12; Windows NT 5.1; Trident/4.0; .NET CLR 1.1.4322; .NET CLR 2.0.50727; .NET CLR 3.0.4506.2152; .NET CLR 3.5.30729)"
87.168.36.63 - - [01/Jul/2011:10:29:26 +0200] "GET /media/catalog/product/cache/2/small_image/170x/9df78eab33525d08d6e5fb8d27136e95/h/a/handschuhe.jpg HTTP/1.1" 200 11030 "http://www.markenoele.de/motul-fanshop-artikel.html" "Mozilla/4.0 (compatible; MSIE 8.0; TOB 6.12; Windows NT 5.1; Trident/4.0; .NET CLR 1.1.4322; .NET CLR 2.0.50727; .NET CLR 3.0.4506.2152; .NET CLR 3.5.30729)"
87.168.36.63 - - [01/Jul/2011:10:29:26 +0200] "GET /media/catalog/product/cache/2/small_image/170x/9df78eab33525d08d6e5fb8d27136e95/p/i/pin-up_girl_no.1.jpg HTTP/1.1" 200 8799 "http://www.markenoele.de/motul-fanshop-artikel.html" "Mozilla/4.0 (compatible; MSIE 8.0; TOB 6.12; Windows NT 5.1; Trident/4.0; .NET CLR 1.1.4322; .NET CLR 2.0.50727; .NET CLR 3.0.4506.2152; .NET CLR 3.5.30729)"
87.168.36.63 - - [01/Jul/2011:10:29:26 +0200] "GET /media/catalog/product/cache/2/small_image/170x/9df78eab33525d08d6e5fb8d27136e95/p/i/pin-up_girl_no.2.jpg HTTP/1.1" 200 9770 "http://www.markenoele.de/motul-fanshop-artikel.html" "Mozilla/4.0 (compatible; MSIE 8.0; TOB 6.12; Windows NT 5.1; Trident/4.0; .NET CLR 1.1.4322; .NET CLR 2.0.50727; .NET CLR 3.0.4506.2152; .NET CLR 3.5.30729)"
87.168.36.63 - - [01/Jul/2011:10:29:26 +0200] "GET /media/catalog/product/cache/2/small_image/170x/9df78eab33525d08d6e5fb8d27136e95/p/i/pin-up_girl_no.3.jpg HTTP/1.1" 200 8924 "http://www.markenoele.de/motul-fanshop-artikel.html" "Mozilla/4.0 (compatible; MSIE 8.0; TOB 6.12; Windows NT 5.1; Trident/4.0; .NET CLR 1.1.4322; .NET CLR 2.0.50727; .NET CLR 3.0.4506.2152; .NET CLR 3.5.30729)"
87.168.36.63 - - [01/Jul/2011:10:29:26 +0200] "GET /media/catalog/product/cache/2/small_image/170x/9df78eab33525d08d6e5fb8d27136e95/r/e/regenschirm.jpg HTTP/1.1" 200 5859 "http://www.markenoele.de/motul-fanshop-artikel.html" "Mozilla/4.0 (compatible; MSIE 8.0; TOB 6.12; Windows NT 5.1; Trident/4.0; .NET CLR 1.1.4322; .NET CLR 2.0.50727; .NET CLR 3.0.4506.2152; .NET CLR 3.5.30729)"
87.168.36.63 - - [01/Jul/2011:10:29:26 +0200] "GET /media/catalog/product/cache/2/small_image/170x/9df78eab33525d08d6e5fb8d27136e95/u/s/usb_key.jpg HTTP/1.1" 200 5815 "http://www.markenoele.de/motul-fanshop-artikel.html" "Mozilla/4.0 (compatible; MSIE 8.0; TOB 6.12; Windows NT 5.1; Trident/4.0; .NET CLR 1.1.4322; .NET CLR 2.0.50727; .NET CLR 3.0.4506.2152; .NET CLR 3.5.30729)"
87.168.36.63 - - [01/Jul/2011:10:29:26 +0200] "GET /media/catalog/product/cache/2/small_image/170x/9df78eab33525d08d6e5fb8d27136e95/t/a/tasse.jpg HTTP/1.1" 200 9464 "http://www.markenoele.de/motul-fanshop-artikel.html" "Mozilla/4.0 (compatible; MSIE 8.0; TOB 6.12; Windows NT 5.1; Trident/4.0; .NET CLR 1.1.4322; .NET CLR 2.0.50727; .NET CLR 3.0.4506.2152; .NET CLR 3.5.30729)"
87.168.36.63 - - [01/Jul/2011:10:29:26 +0200] "GET /media/catalog/product/cache/2/small_image/170x/9df78eab33525d08d6e5fb8d27136e95/a/s/aschenbecher.jpg HTTP/1.1" 200 7747 "http://www.markenoele.de/motul-fanshop-artikel.html" "Mozilla/4.0 (compatible; MSIE 8.0; TOB 6.12; Windows NT 5.1; Trident/4.0; .NET CLR 1.1.4322; .NET CLR 2.0.50727; .NET CLR 3.0.4506.2152; .NET CLR 3.5.30729)"
87.168.36.63 - - [01/Jul/2011:10:29:26 +0200] "GET /media/catalog/product/cache/2/small_image/170x/9df78eab33525d08d6e5fb8d27136e95/l/a/lanyard.jpg HTTP/1.1" 200 3848 "http://www.markenoele.de/motul-fanshop-artikel.html" "Mozilla/4.0 (compatible; MSIE 8.0; TOB 6.12; Windows NT 5.1; Trident/4.0; .NET CLR 1.1.4322; .NET CLR 2.0.50727; .NET CLR 3.0.4506.2152; .NET CLR 3.5.30729)"
87.168.36.63 - - [01/Jul/2011:10:29:26 +0200] "GET /media/catalog/product/cache/2/small_image/170x/9df78eab33525d08d6e5fb8d27136e95/c/a/cap_flame.jpg HTTP/1.1" 200 7144 "http://www.markenoele.de/motul-fanshop-artikel.html" "Mozilla/4.0 (compatible; MSIE 8.0; TOB 6.12; Windows NT 5.1; Trident/4.0; .NET CLR 1.1.4322; .NET CLR 2.0.50727; .NET CLR 3.0.4506.2152; .NET CLR 3.5.30729)"
87.168.36.63 - - [01/Jul/2011:10:29:26 +0200] "GET /media/catalog/product/cache/2/small_image/170x/9df78eab33525d08d6e5fb8d27136e95/c/a/cap_racing_1_1.jpg HTTP/1.1" 200 7797 "http://www.markenoele.de/motul-fanshop-artikel.html" "Mozilla/4.0 (compatible; MSIE 8.0; TOB 6.12; Windows NT 5.1; Trident/4.0; .NET CLR 1.1.4322; .NET CLR 2.0.50727; .NET CLR 3.0.4506.2152; .NET CLR 3.5.30729)"
87.168.36.63 - - [01/Jul/2011:10:29:26 +0200] "GET /media/catalog/product/cache/2/small_image/170x/9df78eab33525d08d6e5fb8d27136e95/h/e/herren_poloshirt-sw.jpg HTTP/1.1" 200 6178 "http://www.markenoele.de/motul-fanshop-artikel.html" "Mozilla/4.0 (compatible; MSIE 8.0; TOB 6.12; Windows NT 5.1; Trident/4.0; .NET CLR 1.1.4322; .NET CLR 2.0.50727; .NET CLR 3.0.4506.2152; .NET CLR 3.5.30729)"
87.168.36.63 - - [01/Jul/2011:10:29:26 +0200] "GET /media/catalog/product/cache/2/small_image/170x/9df78eab33525d08d6e5fb8d27136e95/k/a/karabinerhacken.jpg HTTP/1.1" 200 5144 "http://www.markenoele.de/motul-fanshop-artikel.html" "Mozilla/4.0 (compatible; MSIE 8.0; TOB 6.12; Windows NT 5.1; Trident/4.0; .NET CLR 1.1.4322; .NET CLR 2.0.50727; .NET CLR 3.0.4506.2152; .NET CLR 3.5.30729)"
87.168.36.63 - - [01/Jul/2011:10:29:26 +0200] "GET /media/catalog/product/cache/2/small_image/170x/9df78eab33525d08d6e5fb8d27136e95/d/a/damen_poloshirt_sw_1.jpg HTTP/1.1" 200 6336 "http://www.markenoele.de/motul-fanshop-artikel.html" "Mozilla/4.0 (compatible; MSIE 8.0; TOB 6.12; Windows NT 5.1; Trident/4.0; .NET CLR 1.1.4322; .NET CLR 2.0.50727; .NET CLR 3.0.4506.2152; .NET CLR 3.5.30729)"
87.168.36.63 - - [01/Jul/2011:10:29:26 +0200] "GET /media/catalog/product/cache/2/small_image/170x/9df78eab33525d08d6e5fb8d27136e95/k/e/keyring.jpg HTTP/1.1" 200 6950 "http://www.markenoele.de/motul-fanshop-artikel.html" "Mozilla/4.0 (compatible; MSIE 8.0; TOB 6.12; Windows NT 5.1; Trident/4.0; .NET CLR 1.1.4322; .NET CLR 2.0.50727; .NET CLR 3.0.4506.2152; .NET CLR 3.5.30729)"
87.168.36.63 - - [01/Jul/2011:10:29:26 +0200] "GET /media/catalog/product/cache/2/small_image/170x/9df78eab33525d08d6e5fb8d27136e95/a/u/aufkleber-classic-kopie.jpg HTTP/1.1" 200 12938 "http://www.markenoele.de/motul-fanshop-artikel.html" "Mozilla/4.0 (compatible; MSIE 8.0; TOB 6.12; Windows NT 5.1; Trident/4.0; .NET CLR 1.1.4322; .NET CLR 2.0.50727; .NET CLR 3.0.4506.2152; .NET CLR 3.5.30729)"
87.168.36.63 - - [01/Jul/2011:10:29:26 +0200] "GET /media/catalog/product/cache/2/small_image/170x/9df78eab33525d08d6e5fb8d27136e95/a/u/aufkleber_rot_huinterlegt_1_1.jpg HTTP/1.1" 200 11467 "http://www.markenoele.de/motul-fanshop-artikel.html" "Mozilla/4.0 (compatible; MSIE 8.0; TOB 6.12; Windows NT 5.1; Trident/4.0; .NET CLR 1.1.4322; .NET CLR 2.0.50727; .NET CLR 3.0.4506.2152; .NET CLR 3.5.30729)"
87.168.36.63 - - [01/Jul/2011:10:29:26 +0200] "GET /media/catalog/product/cache/2/small_image/170x/9df78eab33525d08d6e5fb8d27136e95/a/u/aufkleber_rot_huinterlegt_1.jpg HTTP/1.1" 200 11467 "http://www.markenoele.de/motul-fanshop-artikel.html" "Mozilla/4.0 (compatible; MSIE 8.0; TOB 6.12; Windows NT 5.1; Trident/4.0; .NET CLR 1.1.4322; .NET CLR 2.0.50727; .NET CLR 3.0.4506.2152; .NET CLR 3.5.30729)"
87.168.36.63 - - [01/Jul/2011:10:29:26 +0200] "GET /media/catalog/product/cache/2/small_image/170x/9df78eab33525d08d6e5fb8d27136e95/placeholder/default/default170.jpg HTTP/1.1" 200 4307 "http://www.markenoele.de/motul-fanshop-artikel.html" "Mozilla/4.0 (compatible; MSIE 8.0; TOB 6.12; Windows NT 5.1; Trident/4.0; .NET CLR 1.1.4322; .NET CLR 2.0.50727; .NET CLR 3.0.4506.2152; .NET CLR 3.5.30729)"
87.168.36.63 - - [01/Jul/2011:10:29:27 +0200] "GET /media/catalog/product/cache/2/small_image/170x/9df78eab33525d08d6e5fb8d27136e95/a/u/aufkleber_mx-kit_1.jpg HTTP/1.1" 200 10632 "http://www.markenoele.de/motul-fanshop-artikel.html" "Mozilla/4.0 (compatible; MSIE 8.0; TOB 6.12; Windows NT 5.1; Trident/4.0; .NET CLR 1.1.4322; .NET CLR 2.0.50727; .NET CLR 3.0.4506.2152; .NET CLR 3.5.30729)"
87.168.36.63 - - [01/Jul/2011:10:29:27 +0200] "GET /media/catalog/product/cache/2/small_image/170x/9df78eab33525d08d6e5fb8d27136e95/_/a/_aufn_her_1_.jpg HTTP/1.1" 200 7894 "http://www.markenoele.de/motul-fanshop-artikel.html" "Mozilla/4.0 (compatible; MSIE 8.0; TOB 6.12; Windows NT 5.1; Trident/4.0; .NET CLR 1.1.4322; .NET CLR 2.0.50727; .NET CLR 3.0.4506.2152; .NET CLR 3.5.30729)"
87.168.36.63 - - [01/Jul/2011:10:29:27 +0200] "GET /media/catalog/product/cache/2/small_image/170x/9df78eab33525d08d6e5fb8d27136e95/l/a/latzhose.jpg HTTP/1.1" 200 5461 "http://www.markenoele.de/motul-fanshop-artikel.html" "Mozilla/4.0 (compatible; MSIE 8.0; TOB 6.12; Windows NT 5.1; Trident/4.0; .NET CLR 1.1.4322; .NET CLR 2.0.50727; .NET CLR 3.0.4506.2152; .NET CLR 3.5.30729)"
87.168.36.63 - - [01/Jul/2011:10:29:27 +0200] "GET /media/catalog/product/cache/2/small_image/170x/9df78eab33525d08d6e5fb8d27136e95/a/u/aufkleber_rot_huinterlegt_1_1_1.jpg HTTP/1.1" 200 11467 "http://www.markenoele.de/motul-fanshop-artikel.html" "Mozilla/4.0 (compatible; MSIE 8.0; TOB 6.12; Windows NT 5.1; Trident/4.0; .NET CLR 1.1.4322; .NET CLR 2.0.50727; .NET CLR 3.0.4506.2152; .NET CLR 3.5.30729)"
87.168.36.63 - - [01/Jul/2011:10:29:27 +0200] "GET /media/catalog/product/cache/2/small_image/170x/9df78eab33525d08d6e5fb8d27136e95/o/v/overall_1.jpg HTTP/1.1" 200 6020 "http://www.markenoele.de/motul-fanshop-artikel.html" "Mozilla/4.0 (compatible; MSIE 8.0; TOB 6.12; Windows NT 5.1; Trident/4.0; .NET CLR 1.1.4322; .NET CLR 2.0.50727; .NET CLR 3.0.4506.2152; .NET CLR 3.5.30729)"
87.168.36.63 - - [01/Jul/2011:10:29:27 +0200] "GET /media/catalog/product/cache/2/small_image/170x/9df78eab33525d08d6e5fb8d27136e95/p/o/poloshirt_herren_2.jpg HTTP/1.1" 200 5706 "http://www.markenoele.de/motul-fanshop-artikel.html" "Mozilla/4.0 (compatible; MSIE 8.0; TOB 6.12; Windows NT 5.1; Trident/4.0; .NET CLR 1.1.4322; .NET CLR 2.0.50727; .NET CLR 3.0.4506.2152; .NET CLR 3.5.30729)"
87.168.36.63 - - [01/Jul/2011:10:29:27 +0200] "GET /media/catalog/product/cache/2/small_image/170x/9df78eab33525d08d6e5fb8d27136e95/d/a/damen_polo-rot_neu_2.jpg HTTP/1.1" 200 6859 "http://www.markenoele.de/motul-fanshop-artikel.html" "Mozilla/4.0 (compatible; MSIE 8.0; TOB 6.12; Windows NT 5.1; Trident/4.0; .NET CLR 1.1.4322; .NET CLR 2.0.50727; .NET CLR 3.0.4506.2152; .NET CLR 3.5.30729)"
87.168.36.63 - - [01/Jul/2011:10:29:27 +0200] "GET /media/catalog/product/cache/2/small_image/170x/9df78eab33525d08d6e5fb8d27136e95/h/e/herren_weste.jpg HTTP/1.1" 200 5862 "http://www.markenoele.de/motul-fanshop-artikel.html" "Mozilla/4.0 (compatible; MSIE 8.0; TOB 6.12; Windows NT 5.1; Trident/4.0; .NET CLR 1.1.4322; .NET CLR 2.0.50727; .NET CLR 3.0.4506.2152; .NET CLR 3.5.30729)"
87.168.36.63 - - [01/Jul/2011:10:29:27 +0200] "GET /media/catalog/product/cache/2/small_image/170x/9df78eab33525d08d6e5fb8d27136e95/c/h/chronometer_uhr.jpg HTTP/1.1" 200 8174 "http://www.markenoele.de/motul-fanshop-artikel.html" "Mozilla/4.0 (compatible; MSIE 8.0; TOB 6.12; Windows NT 5.1; Trident/4.0; .NET CLR 1.1.4322; .NET CLR 2.0.50727; .NET CLR 3.0.4506.2152; .NET CLR 3.5.30729)"
87.168.36.63 - - [01/Jul/2011:10:29:27 +0200] "GET /media/catalog/product/cache/2/small_image/170x/9df78eab33525d08d6e5fb8d27136e95/d/a/damen_weste.jpg HTTP/1.1" 200 5668 "http://www.markenoele.de/motul-fanshop-artikel.html" "Mozilla/4.0 (compatible; MSIE 8.0; TOB 6.12; Windows NT 5.1; Trident/4.0; .NET CLR 1.1.4322; .NET CLR 2.0.50727; .NET CLR 3.0.4506.2152; .NET CLR 3.5.30729)"
87.168.36.63 - - [01/Jul/2011:10:29:27 +0200] "GET /media/catalog/product/cache/2/small_image/170x/9df78eab33525d08d6e5fb8d27136e95/t/-/t-shirt_1_2.jpg HTTP/1.1" 200 5577 "http://www.markenoele.de/motul-fanshop-artikel.html" "Mozilla/4.0 (compatible; MSIE 8.0; TOB 6.12; Windows NT 5.1; Trident/4.0; .NET CLR 1.1.4322; .NET CLR 2.0.50727; .NET CLR 3.0.4506.2152; .NET CLR 3.5.30729)"
87.168.36.63 - - [01/Jul/2011:10:29:27 +0200] "GET /media/catalog/product/cache/2/small_image/170x/9df78eab33525d08d6e5fb8d27136e95/_/a/_aufn_her_1__1.jpg HTTP/1.1" 200 7894 "http://www.markenoele.de/motul-fanshop-artikel.html" "Mozilla/4.0 (compatible; MSIE 8.0; TOB 6.12; Windows NT 5.1; Trident/4.0; .NET CLR 1.1.4322; .NET CLR 2.0.50727; .NET CLR 3.0.4506.2152; .NET CLR 3.5.30729)"
87.168.36.63 - - [01/Jul/2011:10:30:02 +0200] "GET /checkout/cart/ HTTP/1.1" 200 27561 "http://www.markenoele.de/motul-fanshop-artikel.html" "Mozilla/4.0 (compatible; MSIE 8.0; TOB 6.12; Windows NT 5.1; Trident/4.0; .NET CLR 1.1.4322; .NET CLR 2.0.50727; .NET CLR 3.0.4506.2152; .NET CLR 3.5.30729)"
87.168.36.63 - - [01/Jul/2011:10:30:14 +0200] "GET /checkout/cart/delete/id/3242/uenc/aHR0cDovL3d3dy5tYXJrZW5vZWxlLmRlL2NoZWNrb3V0L2NhcnQvaW5kZXgv/ HTTP/1.1" 302 - "http://www.markenoele.de/checkout/cart/" "Mozilla/4.0 (compatible; MSIE 8.0; TOB 6.12; Windows NT 5.1; Trident/4.0; .NET CLR 1.1.4322; .NET CLR 2.0.50727; .NET CLR 3.0.4506.2152; .NET CLR 3.5.30729)"
87.168.36.63 - - [01/Jul/2011:10:30:16 +0200] "GET /checkout/cart/index/ HTTP/1.1" 200 26250 "http://www.markenoele.de/checkout/cart/" "Mozilla/4.0 (compatible; MSIE 8.0; TOB 6.12; Windows NT 5.1; Trident/4.0; .NET CLR 1.1.4322; .NET CLR 2.0.50727; .NET CLR 3.0.4506.2152; .NET CLR 3.5.30729)"
87.168.36.63 - - [01/Jul/2011:10:30:26 +0200] "GET /checkout/cart/delete/id/3243/uenc/aHR0cDovL3d3dy5tYXJrZW5vZWxlLmRlL2NoZWNrb3V0L2NhcnQvaW5kZXgv/ HTTP/1.1" 302 - "http://www.markenoele.de/checkout/cart/index/" "Mozilla/4.0 (compatible; MSIE 8.0; TOB 6.12; Windows NT 5.1; Trident/4.0; .NET CLR 1.1.4322; .NET CLR 2.0.50727; .NET CLR 3.0.4506.2152; .NET CLR 3.5.30729)"
87.168.36.63 - - [01/Jul/2011:10:30:28 +0200] "GET /checkout/cart/index/ HTTP/1.1" 200 24679 "http://www.markenoele.de/checkout/cart/index/" "Mozilla/4.0 (compatible; MSIE 8.0; TOB 6.12; Windows NT 5.1; Trident/4.0; .NET CLR 1.1.4322; .NET CLR 2.0.50727; .NET CLR 3.0.4506.2152; .NET CLR 3.5.30729)"
192.168.10.33 - - [01/Jul/2011:10:31:01 +0200] "GET /admin HTTP/1.1" 200 3327 "-" "Mozilla/5.0 (Windows NT 6.1; WOW64; rv:5.0) Gecko/20100101 Firefox/5.0"
192.168.10.33 - - [01/Jul/2011:10:31:04 +0200] "POST /admin HTTP/1.1" 302 - "http://www.markenoele.de/admin" "Mozilla/5.0 (Windows NT 6.1; WOW64; rv:5.0) Gecko/20100101 Firefox/5.0"
192.168.10.33 - - [01/Jul/2011:10:31:08 +0200] "GET /index.php/admin/index/index/key/7541281574533fa6a58994430d366630/ HTTP/1.1" 302 - "http://www.markenoele.de/admin" "Mozilla/5.0 (Windows NT 6.1; WOW64; rv:5.0) Gecko/20100101 Firefox/5.0"
192.168.10.33 - - [01/Jul/2011:10:31:11 +0200] "GET /index.php/admin/dashboard/index/key/ff3b71dc11c73c50b53fd42b64447793/ HTTP/1.1" 200 52493 "http://www.markenoele.de/admin" "Mozilla/5.0 (Windows NT 6.1; WOW64; rv:5.0) Gecko/20100101 Firefox/5.0"
192.168.10.33 - - [01/Jul/2011:10:31:22 +0200] "GET /index.php/admin/catalog_product/index/key/3532aa54af88649585a756fb0504d23f/ HTTP/1.1" 200 124414 "http://www.markenoele.de/index.php/admin/dashboard/index/key/ff3b71dc11c73c50b53fd42b64447793/" "Mozilla/5.0 (Windows NT 6.1; WOW64; rv:5.0) Gecko/20100101 Firefox/5.0"
87.168.36.63 - - [01/Jul/2011:10:32:42 +0200] "GET /e-z-clean.html HTTP/1.1" 200 32643 "http://www.markenoele.de/checkout/cart/index/" "Mozilla/4.0 (compatible; MSIE 8.0; TOB 6.12; Windows NT 5.1; Trident/4.0; .NET CLR 1.1.4322; .NET CLR 2.0.50727; .NET CLR 3.0.4506.2152; .NET CLR 3.5.30729)"
87.168.36.63 - - [01/Jul/2011:10:32:45 +0200] "GET /skin/frontend/base/default/css/baseprice.css HTTP/1.1" 404 1256 "http://www.markenoele.de/e-z-clean.html" "Mozilla/4.0 (compatible; MSIE 8.0; TOB 6.12; Windows NT 5.1; Trident/4.0; .NET CLR 1.1.4322; .NET CLR 2.0.50727; .NET CLR 3.0.4506.2152; .NET CLR 3.5.30729)"
87.168.36.63 - - [01/Jul/2011:10:32:46 +0200] "GET /skin/frontend/esso/standard/images/jqzoon_lens.png HTTP/1.1" 404 1256 "http://www.markenoele.de/e-z-clean.html" "Mozilla/4.0 (compatible; MSIE 8.0; TOB 6.12; Windows NT 5.1; Trident/4.0; .NET CLR 1.1.4322; .NET CLR 2.0.50727; .NET CLR 3.0.4506.2152; .NET CLR 3.5.30729)"
87.168.36.63 - - [01/Jul/2011:10:32:48 +0200] "GET /skin/frontend/esso/standard/images/jqzoon_lens.png HTTP/1.1" 404 1256 "http://www.markenoele.de/e-z-clean.html" "Mozilla/4.0 (compatible; MSIE 8.0; TOB 6.12; Windows NT 5.1; Trident/4.0; .NET CLR 1.1.4322; .NET CLR 2.0.50727; .NET CLR 3.0.4506.2152; .NET CLR 3.5.30729)"
87.168.36.63 - - [01/Jul/2011:10:32:50 +0200] "GET /checkout/cart/index/ HTTP/1.1" 200 24679 "http://www.markenoele.de/checkout/cart/index/" "Mozilla/4.0 (compatible; MSIE 8.0; TOB 6.12; Windows NT 5.1; Trident/4.0; .NET CLR 1.1.4322; .NET CLR 2.0.50727; .NET CLR 3.0.4506.2152; .NET CLR 3.5.30729)"
192.168.10.33 - - [01/Jul/2011:10:32:58 +0200] "POST /index.php/admin/catalog_product/grid/key/c3eb556ea1fdcb0180d1f19720042412/product_filter/bmFtZT1lLnomcHJpY2UlNUJjdXJyZW5jeSU1RD1FVVI=/?ajax=true&isAjax=true HTTP/1.1" 200 17952 "http://www.markenoele.de/index.php/admin/catalog_product/index/key/3532aa54af88649585a756fb0504d23f/" "Mozilla/5.0 (Windows NT 6.1; WOW64; rv:5.0) Gecko/20100101 Firefox/5.0"
87.168.36.63 - - [01/Jul/2011:10:33:00 +0200] "POST /checkout/cart/updatePost/ HTTP/1.1" 302 - "http://www.markenoele.de/checkout/cart/index/" "Mozilla/4.0 (compatible; MSIE 8.0; TOB 6.12; Windows NT 5.1; Trident/4.0; .NET CLR 1.1.4322; .NET CLR 2.0.50727; .NET CLR 3.0.4506.2152; .NET CLR 3.5.30729)"
87.168.36.63 - - [01/Jul/2011:10:33:01 +0200] "GET /checkout/cart/ HTTP/1.1" 200 24673 "http://www.markenoele.de/checkout/cart/index/" "Mozilla/4.0 (compatible; MSIE 8.0; TOB 6.12; Windows NT 5.1; Trident/4.0; .NET CLR 1.1.4322; .NET CLR 2.0.50727; .NET CLR 3.0.4506.2152; .NET CLR 3.5.30729)"
192.168.10.33 - - [01/Jul/2011:10:33:03 +0200] "GET /index.php/admin/catalog_product/edit/id/118/key/3c5636d20d0873508719b886e7a5ecd6/ HTTP/1.1" 200 147068 "http://www.markenoele.de/index.php/admin/catalog_product/index/key/3532aa54af88649585a756fb0504d23f/" "Mozilla/5.0 (Windows NT 6.1; WOW64; rv:5.0) Gecko/20100101 Firefox/5.0"
192.168.10.33 - - [01/Jul/2011:10:33:07 +0200] "GET /js/prototype/windows/themes/default.css HTTP/1.1" 304 - "http://www.markenoele.de/index.php/admin/catalog_product/edit/id/118/key/3c5636d20d0873508719b886e7a5ecd6/" "Mozilla/5.0 (Windows NT 6.1; WOW64; rv:5.0) Gecko/20100101 Firefox/5.0"
192.168.10.33 - - [01/Jul/2011:10:33:07 +0200] "GET /js/prototype/windows/themes/magento.css HTTP/1.1" 304 - "http://www.markenoele.de/index.php/admin/catalog_product/edit/id/118/key/3c5636d20d0873508719b886e7a5ecd6/" "Mozilla/5.0 (Windows NT 6.1; WOW64; rv:5.0) Gecko/20100101 Firefox/5.0"
192.168.10.33 - - [01/Jul/2011:10:33:07 +0200] "GET /js/extjs/ext-tree-checkbox.js HTTP/1.1" 304 - "http://www.markenoele.de/index.php/admin/catalog_product/edit/id/118/key/3c5636d20d0873508719b886e7a5ecd6/" "Mozilla/5.0 (Windows NT 6.1; WOW64; rv:5.0) Gecko/20100101 Firefox/5.0"
192.168.10.33 - - [01/Jul/2011:10:33:07 +0200] "GET /js/extjs/ext-tree.js HTTP/1.1" 304 - "http://www.markenoele.de/index.php/admin/catalog_product/edit/id/118/key/3c5636d20d0873508719b886e7a5ecd6/" "Mozilla/5.0 (Windows NT 6.1; WOW64; rv:5.0) Gecko/20100101 Firefox/5.0"
192.168.10.33 - - [01/Jul/2011:10:33:07 +0200] "GET /js/extjs/resources/css/ytheme-magento.css HTTP/1.1" 304 - "http://www.markenoele.de/index.php/admin/catalog_product/edit/id/118/key/3c5636d20d0873508719b886e7a5ecd6/" "Mozilla/5.0 (Windows NT 6.1; WOW64; rv:5.0) Gecko/20100101 Firefox/5.0"
192.168.10.33 - - [01/Jul/2011:10:33:07 +0200] "GET /js/extjs/resources/css/ext-all.css HTTP/1.1" 304 - "http://www.markenoele.de/index.php/admin/catalog_product/edit/id/118/key/3c5636d20d0873508719b886e7a5ecd6/" "Mozilla/5.0 (Windows NT 6.1; WOW64; rv:5.0) Gecko/20100101 Firefox/5.0"
192.168.10.33 - - [01/Jul/2011:10:33:07 +0200] "GET /js/mage/adminhtml/variables.js HTTP/1.1" 304 - "http://www.markenoele.de/index.php/admin/catalog_product/edit/id/118/key/3c5636d20d0873508719b886e7a5ecd6/" "Mozilla/5.0 (Windows NT 6.1; WOW64; rv:5.0) Gecko/20100101 Firefox/5.0"
192.168.10.33 - - [01/Jul/2011:10:33:07 +0200] "GET /js/mage/adminhtml/wysiwyg/widget.js HTTP/1.1" 304 - "http://www.markenoele.de/index.php/admin/catalog_product/edit/id/118/key/3c5636d20d0873508719b886e7a5ecd6/" "Mozilla/5.0 (Windows NT 6.1; WOW64; rv:5.0) Gecko/20100101 Firefox/5.0"
192.168.10.33 - - [01/Jul/2011:10:33:07 +0200] "GET /js/mage/adminhtml/wysiwyg/tiny_mce/setup.js HTTP/1.1" 304 - "http://www.markenoele.de/index.php/admin/catalog_product/edit/id/118/key/3c5636d20d0873508719b886e7a5ecd6/" "Mozilla/5.0 (Windows NT 6.1; WOW64; rv:5.0) Gecko/20100101 Firefox/5.0"
192.168.10.33 - - [01/Jul/2011:10:33:07 +0200] "GET /js/lib/flex.js HTTP/1.1" 304 - "http://www.markenoele.de/index.php/admin/catalog_product/edit/id/118/key/3c5636d20d0873508719b886e7a5ecd6/" "Mozilla/5.0 (Windows NT 6.1; WOW64; rv:5.0) Gecko/20100101 Firefox/5.0"
192.168.10.33 - - [01/Jul/2011:10:33:07 +0200] "GET /js/mage/adminhtml/flexuploader.js HTTP/1.1" 304 - "http://www.markenoele.de/index.php/admin/catalog_product/edit/id/118/key/3c5636d20d0873508719b886e7a5ecd6/" "Mozilla/5.0 (Windows NT 6.1; WOW64; rv:5.0) Gecko/20100101 Firefox/5.0"
192.168.10.33 - - [01/Jul/2011:10:33:07 +0200] "GET /js/lib/FABridge.js HTTP/1.1" 304 - "http://www.markenoele.de/index.php/admin/catalog_product/edit/id/118/key/3c5636d20d0873508719b886e7a5ecd6/" "Mozilla/5.0 (Windows NT 6.1; WOW64; rv:5.0) Gecko/20100101 Firefox/5.0"
192.168.10.33 - - [01/Jul/2011:10:33:07 +0200] "GET /js/mage/adminhtml/browser.js HTTP/1.1" 304 - "http://www.markenoele.de/index.php/admin/catalog_product/edit/id/118/key/3c5636d20d0873508719b886e7a5ecd6/" "Mozilla/5.0 (Windows NT 6.1; WOW64; rv:5.0) Gecko/20100101 Firefox/5.0"
192.168.10.33 - - [01/Jul/2011:10:33:07 +0200] "GET /js/tiny_mce/tiny_mce.js HTTP/1.1" 304 - "http://www.markenoele.de/index.php/admin/catalog_product/edit/id/118/key/3c5636d20d0873508719b886e7a5ecd6/" "Mozilla/5.0 (Windows NT 6.1; WOW64; rv:5.0) Gecko/20100101 Firefox/5.0"
87.168.36.63 - - [01/Jul/2011:10:33:26 +0200] "GET /checkout/onepage/ HTTP/1.1" 200 67385 "-" "Mozilla/4.0 (compatible; MSIE 8.0; TOB 6.12; Windows NT 5.1; Trident/4.0; .NET CLR 1.1.4322; .NET CLR 2.0.50727; .NET CLR 3.0.4506.2152; .NET CLR 3.5.30729)"
87.168.36.63 - - [01/Jul/2011:10:33:29 +0200] "GET /js/varien/accordion.js HTTP/1.1" 200 3993 "http://www.markenoele.de/checkout/onepage/" "Mozilla/4.0 (compatible; MSIE 8.0; TOB 6.12; Windows NT 5.1; Trident/4.0; .NET CLR 1.1.4322; .NET CLR 2.0.50727; .NET CLR 3.0.4506.2152; .NET CLR 3.5.30729)"
87.168.36.63 - - [01/Jul/2011:10:33:29 +0200] "GET /js/mage/centinel.js HTTP/1.1" 200 3315 "http://www.markenoele.de/checkout/onepage/" "Mozilla/4.0 (compatible; MSIE 8.0; TOB 6.12; Windows NT 5.1; Trident/4.0; .NET CLR 1.1.4322; .NET CLR 2.0.50727; .NET CLR 3.0.4506.2152; .NET CLR 3.5.30729)"
87.168.36.63 - - [01/Jul/2011:10:33:29 +0200] "GET /skin/frontend/base/default/js/opcheckout.js HTTP/1.1" 200 28507 "http://www.markenoele.de/checkout/onepage/" "Mozilla/4.0 (compatible; MSIE 8.0; TOB 6.12; Windows NT 5.1; Trident/4.0; .NET CLR 1.1.4322; .NET CLR 2.0.50727; .NET CLR 3.0.4506.2152; .NET CLR 3.5.30729)"
87.168.36.63 - - [01/Jul/2011:10:33:30 +0200] "GET /skin/frontend/esso/standard/images/opc-ajax-loader.gif HTTP/1.1" 200 673 "http://www.markenoele.de/checkout/onepage/" "Mozilla/4.0 (compatible; MSIE 8.0; TOB 6.12; Windows NT 5.1; Trident/4.0; .NET CLR 1.1.4322; .NET CLR 2.0.50727; .NET CLR 3.0.4506.2152; .NET CLR 3.5.30729)"
87.168.36.63 - - [01/Jul/2011:10:33:30 +0200] "GET /skin/frontend/esso/standard/images/cvv.gif HTTP/1.1" 200 18112 "http://www.markenoele.de/checkout/onepage/" "Mozilla/4.0 (compatible; MSIE 8.0; TOB 6.12; Windows NT 5.1; Trident/4.0; .NET CLR 1.1.4322; .NET CLR 2.0.50727; .NET CLR 3.0.4506.2152; .NET CLR 3.5.30729)"
192.168.10.33 - - [01/Jul/2011:10:33:29 +0200] "POST /index.php/admin/catalog_product/validate/id/118/key/6406880cf8e25f15da495e789090ef76/?isAjax=true HTTP/1.1" 200 15 "http://www.markenoele.de/index.php/admin/catalog_product/edit/id/118/key/3c5636d20d0873508719b886e7a5ecd6/" "Mozilla/5.0 (Windows NT 6.1; WOW64; rv:5.0) Gecko/20100101 Firefox/5.0"
87.168.36.63 - - [01/Jul/2011:10:33:31 +0200] "GET /skin/frontend/esso/standard/images/btn_window_close.gif HTTP/1.1" 200 211 "http://www.markenoele.de/checkout/onepage/" "Mozilla/4.0 (compatible; MSIE 8.0; TOB 6.12; Windows NT 5.1; Trident/4.0; .NET CLR 1.1.4322; .NET CLR 2.0.50727; .NET CLR 3.0.4506.2152; .NET CLR 3.5.30729)"
192.168.10.33 - - [01/Jul/2011:10:33:30 +0200] "POST /index.php/admin/catalog_product/save/id/118/key/9ef2758e6f1cc14ad1162ed2dd46bc96/ HTTP/1.1" 302 - "http://www.markenoele.de/index.php/admin/catalog_product/edit/id/118/key/3c5636d20d0873508719b886e7a5ecd6/" "Mozilla/5.0 (Windows NT 6.1; WOW64; rv:5.0) Gecko/20100101 Firefox/5.0"
192.168.10.33 - - [01/Jul/2011:10:33:46 +0200] "GET /index.php/admin/catalog_product/index/key/3532aa54af88649585a756fb0504d23f/ HTTP/1.1" 200 73407 "http://www.markenoele.de/index.php/admin/catalog_product/edit/id/118/key/3c5636d20d0873508719b886e7a5ecd6/" "Mozilla/5.0 (Windows NT 6.1; WOW64; rv:5.0) Gecko/20100101 Firefox/5.0"
87.168.36.63 - - [01/Jul/2011:10:33:53 +0200] "GET /checkout/cart/ HTTP/1.1" 200 24673 "http://www.markenoele.de/checkout/cart/index/" "Mozilla/4.0 (compatible; MSIE 8.0; TOB 6.12; Windows NT 5.1; Trident/4.0; .NET CLR 1.1.4322; .NET CLR 2.0.50727; .NET CLR 3.0.4506.2152; .NET CLR 3.5.30729)"
192.168.10.33 - - [01/Jul/2011:10:33:57 +0200] "GET /functions/bestandsliste.php HTTP/1.1" 302 33002 "-" "Mozilla/5.0 (Windows NT 6.1; WOW64; rv:5.0) Gecko/20100101 Firefox/5.0"
192.168.10.33 - - [01/Jul/2011:10:33:59 +0200] "GET /functions/index.php HTTP/1.1" 200 1833 "-" "Mozilla/5.0 (Windows NT 6.1; WOW64; rv:5.0) Gecko/20100101 Firefox/5.0"
192.168.10.33 - - [01/Jul/2011:10:34:01 +0200] "POST /functions/index.php HTTP/1.1" 302 2148 "http://www.markenoele.de/functions/index.php" "Mozilla/5.0 (Windows NT 6.1; WOW64; rv:5.0) Gecko/20100101 Firefox/5.0"
192.168.10.33 - - [01/Jul/2011:10:34:01 +0200] "GET /functions/abrechnung.php HTTP/1.1" 200 72433 "http://www.markenoele.de/functions/index.php" "Mozilla/5.0 (Windows NT 6.1; WOW64; rv:5.0) Gecko/20100101 Firefox/5.0"
87.168.36.63 - - [01/Jul/2011:10:34:04 +0200] "GET /checkout/cart/ HTTP/1.1" 200 24673 "http://www.markenoele.de/checkout/cart/index/" "Mozilla/4.0 (compatible; MSIE 8.0; TOB 6.12; Windows NT 5.1; Trident/4.0; .NET CLR 1.1.4322; .NET CLR 2.0.50727; .NET CLR 3.0.4506.2152; .NET CLR 3.5.30729)"
87.168.36.63 - - [01/Jul/2011:10:34:06 +0200] "GET /skin/frontend/esso/standard/css/widgets.css HTTP/1.1" 304 - "http://www.markenoele.de/checkout/cart/" "Mozilla/4.0 (compatible; MSIE 8.0; TOB 6.12; Windows NT 5.1; Trident/4.0; .NET CLR 1.1.4322; .NET CLR 2.0.50727; .NET CLR 3.0.4506.2152; .NET CLR 3.5.30729)"
87.168.36.63 - - [01/Jul/2011:10:34:06 +0200] "GET /skin/frontend/esso/standard/css/print.css HTTP/1.1" 304 - "http://www.markenoele.de/checkout/cart/" "Mozilla/4.0 (compatible; MSIE 8.0; TOB 6.12; Windows NT 5.1; Trident/4.0; .NET CLR 1.1.4322; .NET CLR 2.0.50727; .NET CLR 3.0.4506.2152; .NET CLR 3.5.30729)"
87.168.36.63 - - [01/Jul/2011:10:34:06 +0200] "GET /skin/frontend/esso/standard/css/styles.css HTTP/1.1" 304 - "http://www.markenoele.de/checkout/cart/" "Mozilla/4.0 (compatible; MSIE 8.0; TOB 6.12; Windows NT 5.1; Trident/4.0; .NET CLR 1.1.4322; .NET CLR 2.0.50727; .NET CLR 3.0.4506.2152; .NET CLR 3.5.30729)"
87.168.36.63 - - [01/Jul/2011:10:34:06 +0200] "GET /js/prototype/prototype.js HTTP/1.1" 304 - "http://www.markenoele.de/checkout/cart/" "Mozilla/4.0 (compatible; MSIE 8.0; TOB 6.12; Windows NT 5.1; Trident/4.0; .NET CLR 1.1.4322; .NET CLR 2.0.50727; .NET CLR 3.0.4506.2152; .NET CLR 3.5.30729)"
87.168.36.63 - - [01/Jul/2011:10:34:06 +0200] "GET /js/prototype/validation.js HTTP/1.1" 304 - "http://www.markenoele.de/checkout/cart/" "Mozilla/4.0 (compatible; MSIE 8.0; TOB 6.12; Windows NT 5.1; Trident/4.0; .NET CLR 1.1.4322; .NET CLR 2.0.50727; .NET CLR 3.0.4506.2152; .NET CLR 3.5.30729)"
87.168.36.63 - - [01/Jul/2011:10:34:06 +0200] "GET /js/scriptaculous/builder.js HTTP/1.1" 304 - "http://www.markenoele.de/checkout/cart/" "Mozilla/4.0 (compatible; MSIE 8.0; TOB 6.12; Windows NT 5.1; Trident/4.0; .NET CLR 1.1.4322; .NET CLR 2.0.50727; .NET CLR 3.0.4506.2152; .NET CLR 3.5.30729)"
87.168.36.63 - - [01/Jul/2011:10:34:06 +0200] "GET /js/scriptaculous/effects.js HTTP/1.1" 304 - "http://www.markenoele.de/checkout/cart/" "Mozilla/4.0 (compatible; MSIE 8.0; TOB 6.12; Windows NT 5.1; Trident/4.0; .NET CLR 1.1.4322; .NET CLR 2.0.50727; .NET CLR 3.0.4506.2152; .NET CLR 3.5.30729)"
87.168.36.63 - - [01/Jul/2011:10:34:06 +0200] "GET /js/scriptaculous/dragdrop.js HTTP/1.1" 304 - "http://www.markenoele.de/checkout/cart/" "Mozilla/4.0 (compatible; MSIE 8.0; TOB 6.12; Windows NT 5.1; Trident/4.0; .NET CLR 1.1.4322; .NET CLR 2.0.50727; .NET CLR 3.0.4506.2152; .NET CLR 3.5.30729)"
87.168.36.63 - - [01/Jul/2011:10:34:06 +0200] "GET /js/scriptaculous/controls.js HTTP/1.1" 304 - "http://www.markenoele.de/checkout/cart/" "Mozilla/4.0 (compatible; MSIE 8.0; TOB 6.12; Windows NT 5.1; Trident/4.0; .NET CLR 1.1.4322; .NET CLR 2.0.50727; .NET CLR 3.0.4506.2152; .NET CLR 3.5.30729)"
87.168.36.63 - - [01/Jul/2011:10:34:06 +0200] "GET /js/scriptaculous/slider.js HTTP/1.1" 304 - "http://www.markenoele.de/checkout/cart/" "Mozilla/4.0 (compatible; MSIE 8.0; TOB 6.12; Windows NT 5.1; Trident/4.0; .NET CLR 1.1.4322; .NET CLR 2.0.50727; .NET CLR 3.0.4506.2152; .NET CLR 3.5.30729)"
87.168.36.63 - - [01/Jul/2011:10:34:06 +0200] "GET /js/varien/js.js HTTP/1.1" 304 - "http://www.markenoele.de/checkout/cart/" "Mozilla/4.0 (compatible; MSIE 8.0; TOB 6.12; Windows NT 5.1; Trident/4.0; .NET CLR 1.1.4322; .NET CLR 2.0.50727; .NET CLR 3.0.4506.2152; .NET CLR 3.5.30729)"
87.168.36.63 - - [01/Jul/2011:10:34:07 +0200] "GET /js/varien/form.js HTTP/1.1" 304 - "http://www.markenoele.de/checkout/cart/" "Mozilla/4.0 (compatible; MSIE 8.0; TOB 6.12; Windows NT 5.1; Trident/4.0; .NET CLR 1.1.4322; .NET CLR 2.0.50727; .NET CLR 3.0.4506.2152; .NET CLR 3.5.30729)"
87.168.36.63 - - [01/Jul/2011:10:34:07 +0200] "GET /js/varien/menu.js HTTP/1.1" 304 - "http://www.markenoele.de/checkout/cart/" "Mozilla/4.0 (compatible; MSIE 8.0; TOB 6.12; Windows NT 5.1; Trident/4.0; .NET CLR 1.1.4322; .NET CLR 2.0.50727; .NET CLR 3.0.4506.2152; .NET CLR 3.5.30729)"
87.168.36.63 - - [01/Jul/2011:10:34:07 +0200] "GET /js/mage/translate.js HTTP/1.1" 304 - "http://www.markenoele.de/checkout/cart/" "Mozilla/4.0 (compatible; MSIE 8.0; TOB 6.12; Windows NT 5.1; Trident/4.0; .NET CLR 1.1.4322; .NET CLR 2.0.50727; .NET CLR 3.0.4506.2152; .NET CLR 3.5.30729)"
87.168.36.63 - - [01/Jul/2011:10:34:07 +0200] "GET /js/mage/cookies.js HTTP/1.1" 304 - "http://www.markenoele.de/checkout/cart/" "Mozilla/4.0 (compatible; MSIE 8.0; TOB 6.12; Windows NT 5.1; Trident/4.0; .NET CLR 1.1.4322; .NET CLR 2.0.50727; .NET CLR 3.0.4506.2152; .NET CLR 3.5.30729)"
87.168.36.63 - - [01/Jul/2011:10:34:07 +0200] "GET /js/varien/weee.js HTTP/1.1" 304 - "http://www.markenoele.de/checkout/cart/" "Mozilla/4.0 (compatible; MSIE 8.0; TOB 6.12; Windows NT 5.1; Trident/4.0; .NET CLR 1.1.4322; .NET CLR 2.0.50727; .NET CLR 3.0.4506.2152; .NET CLR 3.5.30729)"
87.168.36.63 - - [01/Jul/2011:10:34:07 +0200] "GET /skin/frontend/esso/standard/images/logo.png HTTP/1.1" 304 - "http://www.markenoele.de/checkout/cart/" "Mozilla/4.0 (compatible; MSIE 8.0; TOB 6.12; Windows NT 5.1; Trident/4.0; .NET CLR 1.1.4322; .NET CLR 2.0.50727; .NET CLR 3.0.4506.2152; .NET CLR 3.5.30729)"
87.168.36.63 - - [01/Jul/2011:10:34:07 +0200] "GET /skin/frontend/esso/standard/images/icon_lupe_sm.png HTTP/1.1" 304 - "http://www.markenoele.de/checkout/cart/" "Mozilla/4.0 (compatible; MSIE 8.0; TOB 6.12; Windows NT 5.1; Trident/4.0; .NET CLR 1.1.4322; .NET CLR 2.0.50727; .NET CLR 3.0.4506.2152; .NET CLR 3.5.30729)"
87.168.36.63 - - [01/Jul/2011:10:34:07 +0200] "GET /skin/frontend/esso/standard/images/search_arrow_right.png HTTP/1.1" 304 - "http://www.markenoele.de/checkout/cart/" "Mozilla/4.0 (compatible; MSIE 8.0; TOB 6.12; Windows NT 5.1; Trident/4.0; .NET CLR 1.1.4322; .NET CLR 2.0.50727; .NET CLR 3.0.4506.2152; .NET CLR 3.5.30729)"
87.168.36.63 - - [01/Jul/2011:10:34:07 +0200] "GET /skin/frontend/esso/standard/images/tropf-sm.png HTTP/1.1" 304 - "http://www.markenoele.de/checkout/cart/" "Mozilla/4.0 (compatible; MSIE 8.0; TOB 6.12; Windows NT 5.1; Trident/4.0; .NET CLR 1.1.4322; .NET CLR 2.0.50727; .NET CLR 3.0.4506.2152; .NET CLR 3.5.30729)"
87.168.36.63 - - [01/Jul/2011:10:34:07 +0200] "GET /skin/frontend/esso/standard/images/akt-art-sm.png HTTP/1.1" 304 - "http://www.markenoele.de/checkout/cart/" "Mozilla/4.0 (compatible; MSIE 8.0; TOB 6.12; Windows NT 5.1; Trident/4.0; .NET CLR 1.1.4322; .NET CLR 2.0.50727; .NET CLR 3.0.4506.2152; .NET CLR 3.5.30729)"
87.168.36.63 - - [01/Jul/2011:10:34:07 +0200] "GET /media/catalog/product/cache/2/thumbnail/75x/9df78eab33525d08d6e5fb8d27136e95/f/i/file_3.jpg HTTP/1.1" 304 - "http://www.markenoele.de/checkout/cart/" "Mozilla/4.0 (compatible; MSIE 8.0; TOB 6.12; Windows NT 5.1; Trident/4.0; .NET CLR 1.1.4322; .NET CLR 2.0.50727; .NET CLR 3.0.4506.2152; .NET CLR 3.5.30729)"
87.168.36.63 - - [01/Jul/2011:10:34:07 +0200] "GET /media/catalog/product/cache/2/thumbnail/75x/9df78eab33525d08d6e5fb8d27136e95/e/z/ez_clean2.jpg HTTP/1.1" 304 - "http://www.markenoele.de/checkout/cart/" "Mozilla/4.0 (compatible; MSIE 8.0; TOB 6.12; Windows NT 5.1; Trident/4.0; .NET CLR 1.1.4322; .NET CLR 2.0.50727; .NET CLR 3.0.4506.2152; .NET CLR 3.5.30729)"
87.168.36.63 - - [01/Jul/2011:10:34:07 +0200] "GET /skin/frontend/esso/standard/images/btn_checkout.gif HTTP/1.1" 304 - "http://www.markenoele.de/checkout/cart/" "Mozilla/4.0 (compatible; MSIE 8.0; TOB 6.12; Windows NT 5.1; Trident/4.0; .NET CLR 1.1.4322; .NET CLR 2.0.50727; .NET CLR 3.0.4506.2152; .NET CLR 3.5.30729)"
87.168.36.63 - - [01/Jul/2011:10:34:07 +0200] "GET /skin/frontend/esso/standard/images/bkg_btn.png HTTP/1.1" 304 - "http://www.markenoele.de/checkout/cart/" "Mozilla/4.0 (compatible; MSIE 8.0; TOB 6.12; Windows NT 5.1; Trident/4.0; .NET CLR 1.1.4322; .NET CLR 2.0.50727; .NET CLR 3.0.4506.2152; .NET CLR 3.5.30729)"
87.168.36.63 - - [01/Jul/2011:10:34:07 +0200] "GET /skin/frontend/esso/standard/images/btn_trash.gif HTTP/1.1" 304 - "http://www.markenoele.de/checkout/cart/" "Mozilla/4.0 (compatible; MSIE 8.0; TOB 6.12; Windows NT 5.1; Trident/4.0; .NET CLR 1.1.4322; .NET CLR 2.0.50727; .NET CLR 3.0.4506.2152; .NET CLR 3.5.30729)"
87.168.36.63 - - [01/Jul/2011:10:34:07 +0200] "GET /skin/frontend/esso/standard/images/bkg_pipe1.gif HTTP/1.1" 304 - "http://www.markenoele.de/checkout/cart/" "Mozilla/4.0 (compatible; MSIE 8.0; TOB 6.12; Windows NT 5.1; Trident/4.0; .NET CLR 1.1.4322; .NET CLR 2.0.50727; .NET CLR 3.0.4506.2152; .NET CLR 3.5.30729)"
87.168.36.63 - - [01/Jul/2011:10:34:15 +0200] "GET /checkout/onepage/ HTTP/1.1" 200 67385 "-" "Mozilla/4.0 (compatible; MSIE 8.0; TOB 6.12; Windows NT 5.1; Trident/4.0; .NET CLR 1.1.4322; .NET CLR 2.0.50727; .NET CLR 3.0.4506.2152; .NET CLR 3.5.30729)"
87.168.36.63 - - [01/Jul/2011:10:35:06 +0200] "POST /customer/account/loginPost/ HTTP/1.1" 302 - "http://www.markenoele.de/checkout/onepage/" "Mozilla/4.0 (compatible; MSIE 8.0; TOB 6.12; Windows NT 5.1; Trident/4.0; .NET CLR 1.1.4322; .NET CLR 2.0.50727; .NET CLR 3.0.4506.2152; .NET CLR 3.5.30729)"
87.168.36.63 - - [01/Jul/2011:10:35:09 +0200] "GET /checkout/onepage/index/ HTTP/1.1" 200 65290 "http://www.markenoele.de/checkout/onepage/" "Mozilla/4.0 (compatible; MSIE 8.0; TOB 6.12; Windows NT 5.1; Trident/4.0; .NET CLR 1.1.4322; .NET CLR 2.0.50727; .NET CLR 3.0.4506.2152; .NET CLR 3.5.30729)"
87.168.36.63 - - [01/Jul/2011:10:35:18 +0200] "POST /checkout/onepage/saveBilling/ HTTP/1.1" 200 909 "http://www.markenoele.de/checkout/onepage/index/" "Mozilla/4.0 (compatible; MSIE 8.0; TOB 6.12; Windows NT 5.1; Trident/4.0; .NET CLR 1.1.4322; .NET CLR 2.0.50727; .NET CLR 3.0.4506.2152; .NET CLR 3.5.30729)"
87.168.36.63 - - [01/Jul/2011:10:35:20 +0200] "GET /checkout/onepage/progress/ HTTP/1.1" 200 1328 "http://www.markenoele.de/checkout/onepage/index/" "Mozilla/4.0 (compatible; MSIE 8.0; TOB 6.12; Windows NT 5.1; Trident/4.0; .NET CLR 1.1.4322; .NET CLR 2.0.50727; .NET CLR 3.0.4506.2152; .NET CLR 3.5.30729)"
192.168.10.33 - - [01/Jul/2011:10:35:24 +0200] "GET /functions/spezialpreise.php HTTP/1.1" 200 44591 "http://www.markenoele.de/functions/abrechnung.php" "Mozilla/5.0 (Windows NT 6.1; WOW64; rv:5.0) Gecko/20100101 Firefox/5.0"
87.168.36.63 - - [01/Jul/2011:10:35:23 +0200] "POST /checkout/onepage/saveShippingMethod/ HTTP/1.1" 200 4659 "http://www.markenoele.de/checkout/onepage/index/" "Mozilla/4.0 (compatible; MSIE 8.0; TOB 6.12; Windows NT 5.1; Trident/4.0; .NET CLR 1.1.4322; .NET CLR 2.0.50727; .NET CLR 3.0.4506.2152; .NET CLR 3.5.30729)"
87.168.36.63 - - [01/Jul/2011:10:35:26 +0200] "GET /checkout/onepage/progress/ HTTP/1.1" 200 1804 "http://www.markenoele.de/checkout/onepage/index/" "Mozilla/4.0 (compatible; MSIE 8.0; TOB 6.12; Windows NT 5.1; Trident/4.0; .NET CLR 1.1.4322; .NET CLR 2.0.50727; .NET CLR 3.0.4506.2152; .NET CLR 3.5.30729)"
87.168.36.63 - - [01/Jul/2011:10:35:29 +0200] "POST /checkout/onepage/savePayment/ HTTP/1.1" 200 5463 "http://www.markenoele.de/checkout/onepage/index/" "Mozilla/4.0 (compatible; MSIE 8.0; TOB 6.12; Windows NT 5.1; Trident/4.0; .NET CLR 1.1.4322; .NET CLR 2.0.50727; .NET CLR 3.0.4506.2152; .NET CLR 3.5.30729)"
192.168.10.33 - - [01/Jul/2011:10:35:32 +0200] "GET /functions/bestandsliste.php HTTP/1.1" 200 33344 "http://www.markenoele.de/functions/spezialpreise.php" "Mozilla/5.0 (Windows NT 6.1; WOW64; rv:5.0) Gecko/20100101 Firefox/5.0"
87.168.36.63 - - [01/Jul/2011:10:35:31 +0200] "GET /checkout/onepage/progress/ HTTP/1.1" 200 2044 "http://www.markenoele.de/checkout/onepage/index/" "Mozilla/4.0 (compatible; MSIE 8.0; TOB 6.12; Windows NT 5.1; Trident/4.0; .NET CLR 1.1.4322; .NET CLR 2.0.50727; .NET CLR 3.0.4506.2152; .NET CLR 3.5.30729)"
78.46.75.178 - - [01/Jul/2011:10:35:43 +0200] "GET /motul-zusatzstoffe/kuhlflussigkeit/text/javascript HTTP/1.0" 404 17056 "-" "Eurobot/1.1 (http://eurobot.ayell.eu)"
