80.187.97.101 - - [01/Jul/2011:12:05:11 +0200] "GET /media/catalog/product/cache/2/small_image/170x/9df78eab33525d08d6e5fb8d27136e95/3/0/300v_le_mans_20w60.jpg HTTP/1.1" 200 10566 "http://www.markenoele.de/catalogsearch/result/index/?p=2&q=300V" "Mozilla/5.0 (iPhone; U; CPU iPhone OS 4_2_1 like Mac OS X; de-de) AppleWebKit/533.17.9 (KHTML, like Gecko) Version/5.0.2 Mobile/8C148a Safari/6533.18.5"
208.115.111.247 - - [01/Jul/2011:12:06:49 +0200] "GET /motul-schmierstoffe/garten.html HTTP/1.1" 200 45574 "-" "Mozilla/5.0 (compatible; DotBot/1.1; http://www.dotnetdotcom.org/, crawler@dotnetdotcom.org)"
208.115.111.247 - - [01/Jul/2011:12:06:53 +0200] "GET /motul-schmierstoffe/marine.html HTTP/1.1" 200 49679 "-" "Mozilla/5.0 (compatible; DotBot/1.1; http://www.dotnetdotcom.org/, crawler@dotnetdotcom.org)"
208.115.111.247 - - [01/Jul/2011:12:07:03 +0200] "GET /motul-schmierstoffe/modellbau.html HTTP/1.1" 200 31469 "-" "Mozilla/5.0 (compatible; DotBot/1.1; http://www.dotnetdotcom.org/, crawler@dotnetdotcom.org)"
208.115.111.247 - - [01/Jul/2011:12:07:14 +0200] "GET /motul-schmierstoffe/motorsport.html HTTP/1.1" 200 49486 "-" "Mozilla/5.0 (compatible; DotBot/1.1; http://www.dotnetdotcom.org/, crawler@dotnetdotcom.org)"
208.115.111.247 - - [01/Jul/2011:12:07:22 +0200] "GET /motul-schmierstoffe/motul-autoschmierstoffe.html HTTP/1.1" 200 51511 "-" "Mozilla/5.0 (compatible; DotBot/1.1; http://www.dotnetdotcom.org/, crawler@dotnetdotcom.org)"
192.168.10.34 - - [01/Jul/2011:12:07:35 +0200] "GET /functions/ HTTP/1.1" 200 1833 "-" "Mozilla/5.0 (Windows NT 6.1; rv:5.0) Gecko/20100101 Firefox/5.0"
208.115.111.247 - - [01/Jul/2011:12:07:34 +0200] "GET /motul-schmierstoffe/motul-motorrad.html HTTP/1.1" 200 50673 "-" "Mozilla/5.0 (compatible; DotBot/1.1; http://www.dotnetdotcom.org/, crawler@dotnetdotcom.org)"
80.187.97.101 - - [01/Jul/2011:12:07:38 +0200] "GET / HTTP/1.1" 200 33320 "http://www.google.de/search?q=motul+%C3%B6l&ie=UTF-8&oe=UTF-8&hl=de&client=safari" "Mozilla/5.0 (iPhone; U; CPU iPhone OS 4_2_1 like Mac OS X; de-de) AppleWebKit/533.17.9 (KHTML, like Gecko) Version/5.0.2 Mobile/8C148a Safari/6533.18.5"
80.187.97.101 - - [01/Jul/2011:12:07:36 +0200] "GET /catalogsearch/result/?q=300V HTTP/1.1" 200 46385 "http://www.markenoele.de/" "Mozilla/5.0 (iPhone; U; CPU iPhone OS 4_2_1 like Mac OS X; de-de) AppleWebKit/533.17.9 (KHTML, like Gecko) Version/5.0.2 Mobile/8C148a Safari/6533.18.5"
208.115.111.247 - - [01/Jul/2011:12:08:07 +0200] "GET /motul-schmierstoffe/oldtimer.html HTTP/1.1" 200 33449 "-" "Mozilla/5.0 (compatible; DotBot/1.1; http://www.dotnetdotcom.org/, crawler@dotnetdotcom.org)"
208.115.111.247 - - [01/Jul/2011:12:08:19 +0200] "GET /motul-schmierstoffe/quad.html HTTP/1.1" 200 33584 "-" "Mozilla/5.0 (compatible; DotBot/1.1; http://www.dotnetdotcom.org/, crawler@dotnetdotcom.org)"
208.115.111.247 - - [01/Jul/2011:12:08:27 +0200] "GET /motul-schmierstoffe/scooter.html HTTP/1.1" 200 35882 "-" "Mozilla/5.0 (compatible; DotBot/1.1; http://www.dotnetdotcom.org/, crawler@dotnetdotcom.org)"
208.115.111.247 - - [01/Jul/2011:12:08:36 +0200] "GET /motul-schmierstoffe/snowmobile.html HTTP/1.1" 200 37642 "-" "Mozilla/5.0 (compatible; DotBot/1.1; http://www.dotnetdotcom.org/, crawler@dotnetdotcom.org)"
208.115.111.71 - - [01/Jul/2011:12:14:44 +0200] "GET /robots.txt HTTP/1.1" 200 918 "-" "Mozilla/5.0 (compatible; Ezooms/1.0; ezooms.bot@gmail.com)"
192.168.10.34 - - [01/Jul/2011:12:16:51 +0200] "GET /functions/ HTTP/1.1" 200 1833 "-" "Mozilla/5.0 (Windows NT 6.1; rv:5.0) Gecko/20100101 Firefox/5.0"
192.168.10.34 - - [01/Jul/2011:12:16:53 +0200] "POST /functions/index.php HTTP/1.1" 302 2148 "http://www.markenoele.de/functions/" "Mozilla/5.0 (Windows NT 6.1; rv:5.0) Gecko/20100101 Firefox/5.0"
192.168.10.34 - - [01/Jul/2011:12:16:54 +0200] "GET /functions/abrechnung.php HTTP/1.1" 200 72708 "http://www.markenoele.de/functions/" "Mozilla/5.0 (Windows NT 6.1; rv:5.0) Gecko/20100101 Firefox/5.0"
192.168.10.34 - - [01/Jul/2011:12:16:59 +0200] "GET /functions/abrechnung_artikel.php HTTP/1.1" 200 122576 "http://www.markenoele.de/functions/abrechnung.php" "Mozilla/5.0 (Windows NT 6.1; rv:5.0) Gecko/20100101 Firefox/5.0"
192.168.10.34 - - [01/Jul/2011:12:17:26 +0200] "GET /functions/abrechnung_artikel.php?von_datum=01.06.2011&bis_datum=31.06.2011&von_renr=&bis_renr=&sortierung=RechnungsNr&richtung=DESC HTTP/1.1" 200 20243 "http://www.markenoele.de/functions/abrechnung_artikel.php" "Mozilla/5.0 (Windows NT 6.1; rv:5.0) Gecko/20100101 Firefox/5.0"
192.168.10.34 - - [01/Jul/2011:12:17:34 +0200] "GET /functions/abrechnung_artikel.php?von_datum=01.06.2011&bis_datum=30.06.2011&von_renr=&bis_renr=&sortierung=RechnungsNr&richtung=DESC HTTP/1.1" 200 19582 "http://www.markenoele.de/functions/abrechnung_artikel.php?von_datum=01.06.2011&bis_datum=31.06.2011&von_renr=&bis_renr=&sortierung=RechnungsNr&richtung=DESC" "Mozilla/5.0 (Windows NT 6.1; rv:5.0) Gecko/20100101 Firefox/5.0"
65.52.110.34 - - [01/Jul/2011:12:18:13 +0200] "GET /robots.txt HTTP/1.1" 200 918 "-" "Mozilla/5.0 (compatible; bingbot/2.0; +http://www.bing.com/bingbot.htm)"
192.168.10.34 - - [01/Jul/2011:12:18:22 +0200] "GET /functions/abrechnung_artikel.php?von_datum=01.06.2011&bis_datum=30.06.2011&von_renr=200637681&bis_renr=200637684&sortierung=RechnungsNr&richtung=DESC HTTP/1.1" 200 19600 "http://www.markenoele.de/functions/abrechnung_artikel.php?von_datum=01.06.2011&bis_datum=30.06.2011&von_renr=&bis_renr=&sortierung=RechnungsNr&richtung=DESC" "Mozilla/5.0 (Windows NT 6.1; rv:5.0) Gecko/20100101 Firefox/5.0"
192.168.10.34 - - [01/Jul/2011:12:18:46 +0200] "GET /functions/abrechnung_artikel.php?von_datum=01.06.2011&bis_datum=30.06.2011&von_renr=200637681&bis_renr=200637684&sortierung=RechnungsNr&richtung=DESC HTTP/1.1" 200 19600 "http://www.markenoele.de/functions/abrechnung_artikel.php?von_datum=01.06.2011&bis_datum=30.06.2011&von_renr=200637681&bis_renr=200637684&sortierung=RechnungsNr&richtung=DESC" "Mozilla/5.0 (Windows NT 6.1; rv:5.0) Gecko/20100101 Firefox/5.0"
199.19.249.196 - - [01/Jul/2011:12:18:55 +0200] "GET / HTTP/1.1" 302 - "-" "Mozilla/4.0 (compatible; MSIE 7.0; Windows NT 5.1; InfoPath.1; .NET CLR 2.0.50727; .NET CLR 1.1.4322; MS-RTC LM 8; .NET CLR 3.0.4506.2152; .NET CLR 3.5.30729)"
80.66.23.27 - - [01/Jul/2011:12:18:55 +0200] "GET / HTTP/1.1" 302 - "http://www.google.de/aclk?sa=l&ai=CkXdb8p4NTo7-NMKP-Qak_8ntBq3BsMMB_em97RS1g_2-RwgAEAEggYG6GFCer6GNAWCV4qaCsAegAcfRhPgDyAEBqQJqDbIgJVq4PqoEE0_QSUkRSMsHURMS5qPNQK062YSABZBO&sig=AGiWqtx64Q06snBAabC18eHeLXSCxvuVWQ&ved=0CDQQ0Qw&adurl=http://www.motulshop.de&rct=j&q=motul%205100" "Mozilla/4.0 (compatible; MSIE 8.0; Windows NT 6.1; WOW64; Trident/4.0; SLCC2; .NET CLR 2.0.50727; .NET CLR 3.5.30729; .NET CLR 3.0.30729; Media Center PC 6.0; MS-RTC LM 8)"
80.66.23.27 - - [01/Jul/2011:12:18:58 +0200] "GET / HTTP/1.1" 200 33320 "-" "Mozilla/4.0 (compatible;)"
80.66.23.27 - - [01/Jul/2011:12:19:01 +0200] "GET /skin/frontend/esso/standard/css/widgets.css HTTP/1.1" 200 4369 "-" "Mozilla/4.0 (compatible;)"
80.66.23.27 - - [01/Jul/2011:12:19:01 +0200] "GET /skin/frontend/esso/standard/css/print.css HTTP/1.1" 200 1580 "-" "Mozilla/4.0 (compatible;)"
80.66.23.27 - - [01/Jul/2011:12:19:01 +0200] "GET /skin/frontend/esso/standard/favicon.ico HTTP/1.1" 200 3638 "-" "Mozilla/4.0 (compatible;)"
80.66.23.27 - - [01/Jul/2011:12:19:01 +0200] "GET /js/scriptaculous/dragdrop.js HTTP/1.1" 200 31192 "-" "Mozilla/4.0 (compatible;)"
80.66.23.27 - - [01/Jul/2011:12:19:01 +0200] "GET /skin/frontend/esso/standard/css/styles.css HTTP/1.1" 200 79554 "-" "Mozilla/4.0 (compatible;)"
80.66.23.27 - - [01/Jul/2011:12:19:01 +0200] "GET /js/prototype/prototype.js HTTP/1.1" 200 129960 "-" "Mozilla/4.0 (compatible;)"
80.66.23.27 - - [01/Jul/2011:12:18:59 +0200] "GET / HTTP/1.1" 302 - "http://www.google.de/aclk?sa=l&ai=CkXdb8p4NTo7-NMKP-Qak_8ntBq3BsMMB_em97RS1g_2-RwgAEAEggYG6GFCer6GNAWCV4qaCsAegAcfRhPgDyAEBqQJqDbIgJVq4PqoEE0_QSUkRSMsHURMS5qPNQK062YSABZBO&sig=AGiWqtx64Q06snBAabC18eHeLXSCxvuVWQ&ved=0CDQQ0Qw&adurl=http://www.motulshop.de&rct=j&q=motul%205100" "Mozilla/4.0 (compatible; MSIE 8.0; Windows NT 6.1; WOW64; Trident/4.0; SLCC2; .NET CLR 2.0.50727; .NET CLR 3.5.30729; .NET CLR 3.0.30729; Media Center PC 6.0; MS-RTC LM 8)"
80.66.23.27 - - [01/Jul/2011:12:19:01 +0200] "GET /js/scriptaculous/controls.js HTTP/1.1" 200 34797 "-" "Mozilla/4.0 (compatible;)"
199.19.249.196 - - [01/Jul/2011:12:18:56 +0200] "GET / HTTP/1.1" 200 33320 "-" "Mozilla/4.0 (compatible; MSIE 7.0; Windows NT 5.1; InfoPath.1; .NET CLR 2.0.50727; .NET CLR 1.1.4322; MS-RTC LM 8; .NET CLR 3.0.4506.2152; .NET CLR 3.5.30729)"
80.66.23.27 - - [01/Jul/2011:12:19:02 +0200] "GET /js/scriptaculous/builder.js HTTP/1.1" 200 4744 "-" "Mozilla/4.0 (compatible;)"
80.66.23.27 - - [01/Jul/2011:12:19:02 +0200] "GET /js/prototype/validation.js HTTP/1.1" 200 34677 "-" "Mozilla/4.0 (compatible;)"
80.66.23.27 - - [01/Jul/2011:12:19:02 +0200] "GET /js/scriptaculous/effects.js HTTP/1.1" 200 38745 "-" "Mozilla/4.0 (compatible;)"
199.19.249.196 - - [01/Jul/2011:12:19:02 +0200] "GET / HTTP/1.1" 200 33320 "-" "Mozilla/4.0 (compatible; MSIE 7.0; Windows NT 5.1; InfoPath.1; .NET CLR 2.0.50727; .NET CLR 1.1.4322; MS-RTC LM 8; .NET CLR 3.0.4506.2152; .NET CLR 3.5.30729)"
80.66.23.27 - - [01/Jul/2011:12:19:04 +0200] "GET / HTTP/1.1" 200 33320 "http://www.google.de/aclk?sa=l&ai=CkXdb8p4NTo7-NMKP-Qak_8ntBq3BsMMB_em97RS1g_2-RwgAEAEggYG6GFCer6GNAWCV4qaCsAegAcfRhPgDyAEBqQJqDbIgJVq4PqoEE0_QSUkRSMsHURMS5qPNQK062YSABZBO&sig=AGiWqtx64Q06snBAabC18eHeLXSCxvuVWQ&ved=0CDQQ0Qw&adurl=http://www.motulshop.de&rct=j&q=motul%205100" "Mozilla/4.0 (compatible; MSIE 8.0; Windows NT 6.1; WOW64; Trident/4.0; SLCC2; .NET CLR 2.0.50727; .NET CLR 3.5.30729; .NET CLR 3.0.30729; Media Center PC 6.0; MS-RTC LM 8)"
80.66.23.27 - - [01/Jul/2011:12:19:07 +0200] "GET /js/scriptaculous/slider.js HTTP/1.1" 200 10331 "http://www.markenoele.de/" "Mozilla/4.0 (compatible; MSIE 8.0; Windows NT 6.1; WOW64; Trident/4.0; SLCC2; .NET CLR 2.0.50727; .NET CLR 3.5.30729; .NET CLR 3.0.30729; Media Center PC 6.0; MS-RTC LM 8)"
80.66.23.27 - - [01/Jul/2011:12:19:07 +0200] "GET /js/varien/js.js HTTP/1.1" 200 16581 "http://www.markenoele.de/" "Mozilla/4.0 (compatible; MSIE 8.0; Windows NT 6.1; WOW64; Trident/4.0; SLCC2; .NET CLR 2.0.50727; .NET CLR 3.5.30729; .NET CLR 3.0.30729; Media Center PC 6.0; MS-RTC LM 8)"
80.66.23.27 - - [01/Jul/2011:12:19:07 +0200] "GET /js/mage/cookies.js HTTP/1.1" 200 2615 "http://www.markenoele.de/" "Mozilla/4.0 (compatible; MSIE 8.0; Windows NT 6.1; WOW64; Trident/4.0; SLCC2; .NET CLR 2.0.50727; .NET CLR 3.5.30729; .NET CLR 3.0.30729; Media Center PC 6.0; MS-RTC LM 8)"
80.66.23.27 - - [01/Jul/2011:12:19:07 +0200] "GET /js/varien/menu.js HTTP/1.1" 200 4426 "http://www.markenoele.de/" "Mozilla/4.0 (compatible; MSIE 8.0; Windows NT 6.1; WOW64; Trident/4.0; SLCC2; .NET CLR 2.0.50727; .NET CLR 3.5.30729; .NET CLR 3.0.30729; Media Center PC 6.0; MS-RTC LM 8)"
80.66.23.27 - - [01/Jul/2011:12:19:07 +0200] "GET /js/varien/form.js HTTP/1.1" 200 11714 "http://www.markenoele.de/" "Mozilla/4.0 (compatible; MSIE 8.0; Windows NT 6.1; WOW64; Trident/4.0; SLCC2; .NET CLR 2.0.50727; .NET CLR 3.5.30729; .NET CLR 3.0.30729; Media Center PC 6.0; MS-RTC LM 8)"
80.66.23.27 - - [01/Jul/2011:12:19:07 +0200] "GET /js/mage/translate.js HTTP/1.1" 200 1597 "http://www.markenoele.de/" "Mozilla/4.0 (compatible; MSIE 8.0; Windows NT 6.1; WOW64; Trident/4.0; SLCC2; .NET CLR 2.0.50727; .NET CLR 3.5.30729; .NET CLR 3.0.30729; Media Center PC 6.0; MS-RTC LM 8)"
80.66.23.27 - - [01/Jul/2011:12:19:07 +0200] "GET /skin/frontend/esso/standard/images/logo.png HTTP/1.1" 200 27553 "http://www.markenoele.de/" "Mozilla/4.0 (compatible; MSIE 8.0; Windows NT 6.1; WOW64; Trident/4.0; SLCC2; .NET CLR 2.0.50727; .NET CLR 3.5.30729; .NET CLR 3.0.30729; Media Center PC 6.0; MS-RTC LM 8)"
80.66.23.27 - - [01/Jul/2011:12:19:07 +0200] "GET /skin/frontend/esso/standard/images/tropf-sm.png HTTP/1.1" 200 1179 "http://www.markenoele.de/" "Mozilla/4.0 (compatible; MSIE 8.0; Windows NT 6.1; WOW64; Trident/4.0; SLCC2; .NET CLR 2.0.50727; .NET CLR 3.5.30729; .NET CLR 3.0.30729; Media Center PC 6.0; MS-RTC LM 8)"
80.66.23.27 - - [01/Jul/2011:12:19:07 +0200] "GET /skin/frontend/esso/standard/images/akt-art-sm.png HTTP/1.1" 200 1091 "http://www.markenoele.de/" "Mozilla/4.0 (compatible; MSIE 8.0; Windows NT 6.1; WOW64; Trident/4.0; SLCC2; .NET CLR 2.0.50727; .NET CLR 3.5.30729; .NET CLR 3.0.30729; Media Center PC 6.0; MS-RTC LM 8)"
80.66.23.27 - - [01/Jul/2011:12:19:07 +0200] "GET /media/catalog/product/cache/2/small_image/85x/9df78eab33525d08d6e5fb8d27136e95/g/a/garden_hi-tech_2t.png HTTP/1.1" 200 11930 "http://www.markenoele.de/" "Mozilla/4.0 (compatible; MSIE 8.0; Windows NT 6.1; WOW64; Trident/4.0; SLCC2; .NET CLR 2.0.50727; .NET CLR 3.5.30729; .NET CLR 3.0.30729; Media Center PC 6.0; MS-RTC LM 8)"
80.66.23.27 - - [01/Jul/2011:12:19:07 +0200] "GET /skin/frontend/esso/standard/images/icon_lupe_sm.png HTTP/1.1" 200 1235 "http://www.markenoele.de/" "Mozilla/4.0 (compatible; MSIE 8.0; Windows NT 6.1; WOW64; Trident/4.0; SLCC2; .NET CLR 2.0.50727; .NET CLR 3.5.30729; .NET CLR 3.0.30729; Media Center PC 6.0; MS-RTC LM 8)"
192.168.10.33 - - [01/Jul/2011:12:19:07 +0200] "GET /functions/abrechnung.php HTTP/1.1" 200 72708 "http://www.markenoele.de/functions/abrechnung_artikel.php" "Mozilla/5.0 (Windows NT 6.1; WOW64; rv:5.0) Gecko/20100101 Firefox/5.0"
80.66.23.27 - - [01/Jul/2011:12:19:08 +0200] "GET /skin/frontend/esso/standard/images/search_arrow_right.png HTTP/1.1" 200 662 "http://www.markenoele.de/" "Mozilla/4.0 (compatible; MSIE 8.0; Windows NT 6.1; WOW64; Trident/4.0; SLCC2; .NET CLR 2.0.50727; .NET CLR 3.5.30729; .NET CLR 3.0.30729; Media Center PC 6.0; MS-RTC LM 8)"
80.66.23.27 - - [01/Jul/2011:12:19:09 +0200] "GET /media/catalog/product/cache/2/small_image/85x/9df78eab33525d08d6e5fb8d27136e95/5/1/5100_10w40_4l_1.jpg HTTP/1.1" 200 3314 "http://www.markenoele.de/" "Mozilla/4.0 (compatible; MSIE 8.0; Windows NT 6.1; WOW64; Trident/4.0; SLCC2; .NET CLR 2.0.50727; .NET CLR 3.5.30729; .NET CLR 3.0.30729; Media Center PC 6.0; MS-RTC LM 8)"
80.66.23.27 - - [01/Jul/2011:12:19:09 +0200] "GET /media/catalog/product/cache/2/small_image/85x/9df78eab33525d08d6e5fb8d27136e95/1/0/101269_scooter_gear_150ml.jpg HTTP/1.1" 200 3108 "http://www.markenoele.de/" "Mozilla/4.0 (compatible; MSIE 8.0; Windows NT 6.1; WOW64; Trident/4.0; SLCC2; .NET CLR 2.0.50727; .NET CLR 3.5.30729; .NET CLR 3.0.30729; Media Center PC 6.0; MS-RTC LM 8)"
80.66.23.27 - - [01/Jul/2011:12:19:10 +0200] "GET /media/catalog/product/cache/2/small_image/85x/9df78eab33525d08d6e5fb8d27136e95/q/u/quad_4l_bd.jpg HTTP/1.1" 200 3431 "http://www.markenoele.de/" "Mozilla/4.0 (compatible; MSIE 8.0; Windows NT 6.1; WOW64; Trident/4.0; SLCC2; .NET CLR 2.0.50727; .NET CLR 3.5.30729; .NET CLR 3.0.30729; Media Center PC 6.0; MS-RTC LM 8)"
80.66.23.27 - - [01/Jul/2011:12:19:10 +0200] "GET /media/catalog/product/cache/2/small_image/85x/9df78eab33525d08d6e5fb8d27136e95/5/w/5w30xcleanl.jpg HTTP/1.1" 200 3346 "http://www.markenoele.de/" "Mozilla/4.0 (compatible; MSIE 8.0; Windows NT 6.1; WOW64; Trident/4.0; SLCC2; .NET CLR 2.0.50727; .NET CLR 3.5.30729; .NET CLR 3.0.30729; Media Center PC 6.0; MS-RTC LM 8)"
80.66.23.27 - - [01/Jul/2011:12:19:10 +0200] "GET /skin/frontend/esso/standard/images/motul_pflege_teaser.png HTTP/1.1" 200 15151 "http://www.markenoele.de/" "Mozilla/4.0 (compatible; MSIE 8.0; Windows NT 6.1; WOW64; Trident/4.0; SLCC2; .NET CLR 2.0.50727; .NET CLR 3.5.30729; .NET CLR 3.0.30729; Media Center PC 6.0; MS-RTC LM 8)"
80.66.23.27 - - [01/Jul/2011:12:19:10 +0200] "GET /media/catalog/product/cache/2/small_image/85x/9df78eab33525d08d6e5fb8d27136e95/a/s/aschenbecher.jpg HTTP/1.1" 200 3433 "http://www.markenoele.de/" "Mozilla/4.0 (compatible; MSIE 8.0; Windows NT 6.1; WOW64; Trident/4.0; SLCC2; .NET CLR 2.0.50727; .NET CLR 3.5.30729; .NET CLR 3.0.30729; Media Center PC 6.0; MS-RTC LM 8)"
80.66.23.27 - - [01/Jul/2011:12:19:10 +0200] "GET /skin/frontend/esso/standard/images/bkg_btn.png HTTP/1.1" 200 890 "http://www.markenoele.de/" "Mozilla/4.0 (compatible; MSIE 8.0; Windows NT 6.1; WOW64; Trident/4.0; SLCC2; .NET CLR 2.0.50727; .NET CLR 3.5.30729; .NET CLR 3.0.30729; Media Center PC 6.0; MS-RTC LM 8)"
80.66.23.27 - - [01/Jul/2011:12:19:10 +0200] "GET /skin/frontend/esso/standard/images/bg_yellow.jpg HTTP/1.1" 200 22020 "http://www.markenoele.de/" "Mozilla/4.0 (compatible; MSIE 8.0; Windows NT 6.1; WOW64; Trident/4.0; SLCC2; .NET CLR 2.0.50727; .NET CLR 3.5.30729; .NET CLR 3.0.30729; Media Center PC 6.0; MS-RTC LM 8)"
80.66.23.27 - - [01/Jul/2011:12:19:11 +0200] "GET /skin/frontend/esso/standard/images/siegel.gif HTTP/1.1" 200 3150 "http://www.markenoele.de/" "Mozilla/4.0 (compatible; MSIE 8.0; Windows NT 6.1; WOW64; Trident/4.0; SLCC2; .NET CLR 2.0.50727; .NET CLR 3.5.30729; .NET CLR 3.0.30729; Media Center PC 6.0; MS-RTC LM 8)"
80.66.23.27 - - [01/Jul/2011:12:19:11 +0200] "GET /skin/frontend/esso/standard/images/bkg_pipe1.gif HTTP/1.1" 200 44 "http://www.markenoele.de/" "Mozilla/4.0 (compatible; MSIE 8.0; Windows NT 6.1; WOW64; Trident/4.0; SLCC2; .NET CLR 2.0.50727; .NET CLR 3.5.30729; .NET CLR 3.0.30729; Media Center PC 6.0; MS-RTC LM 8)"
199.19.249.196 - - [01/Jul/2011:12:19:14 +0200] "GET /motul-5100-4t-50.html HTTP/1.1" 200 30214 "-" "Mozilla/4.0 (compatible; MSIE 7.0; Windows NT 5.1; InfoPath.1; .NET CLR 2.0.50727; .NET CLR 1.1.4322; MS-RTC LM 8; .NET CLR 3.0.4506.2152; .NET CLR 3.5.30729)"
80.66.23.27 - - [01/Jul/2011:12:19:16 +0200] "GET /motul-5100-4t-50.html HTTP/1.1" 200 30214 "http://www.markenoele.de/" "Mozilla/4.0 (compatible; MSIE 8.0; Windows NT 6.1; WOW64; Trident/4.0; SLCC2; .NET CLR 2.0.50727; .NET CLR 3.5.30729; .NET CLR 3.0.30729; Media Center PC 6.0; MS-RTC LM 8)"
80.66.23.27 - - [01/Jul/2011:12:19:18 +0200] "GET /js/calendar/calendar-win2k-1.css HTTP/1.1" 200 5986 "http://www.markenoele.de/motul-5100-4t-50.html" "Mozilla/4.0 (compatible; MSIE 8.0; Windows NT 6.1; WOW64; Trident/4.0; SLCC2; .NET CLR 2.0.50727; .NET CLR 3.5.30729; .NET CLR 3.0.30729; Media Center PC 6.0; MS-RTC LM 8)"
80.66.23.27 - - [01/Jul/2011:12:19:18 +0200] "GET /skin/frontend/esso/standard/css/jqzoom.css HTTP/1.1" 200 1051 "http://www.markenoele.de/motul-5100-4t-50.html" "Mozilla/4.0 (compatible; MSIE 8.0; Windows NT 6.1; WOW64; Trident/4.0; SLCC2; .NET CLR 2.0.50727; .NET CLR 3.5.30729; .NET CLR 3.0.30729; Media Center PC 6.0; MS-RTC LM 8)"
80.66.23.27 - - [01/Jul/2011:12:19:18 +0200] "GET /skin/frontend/base/default/css/baseprice.css HTTP/1.1" 404 1256 "http://www.markenoele.de/motul-5100-4t-50.html" "Mozilla/4.0 (compatible; MSIE 8.0; Windows NT 6.1; WOW64; Trident/4.0; SLCC2; .NET CLR 2.0.50727; .NET CLR 3.5.30729; .NET CLR 3.0.30729; Media Center PC 6.0; MS-RTC LM 8)"
80.66.23.27 - - [01/Jul/2011:12:19:18 +0200] "GET /js/varien/product.js HTTP/1.1" 200 23531 "http://www.markenoele.de/motul-5100-4t-50.html" "Mozilla/4.0 (compatible; MSIE 8.0; Windows NT 6.1; WOW64; Trident/4.0; SLCC2; .NET CLR 2.0.50727; .NET CLR 3.5.30729; .NET CLR 3.0.30729; Media Center PC 6.0; MS-RTC LM 8)"
80.66.23.27 - - [01/Jul/2011:12:19:18 +0200] "GET /skin/frontend/esso/standard/js/effects.core.js HTTP/1.1" 200 19170 "http://www.markenoele.de/motul-5100-4t-50.html" "Mozilla/4.0 (compatible; MSIE 8.0; Windows NT 6.1; WOW64; Trident/4.0; SLCC2; .NET CLR 2.0.50727; .NET CLR 3.5.30729; .NET CLR 3.0.30729; Media Center PC 6.0; MS-RTC LM 8)"
80.66.23.27 - - [01/Jul/2011:12:19:18 +0200] "GET /skin/frontend/esso/standard/js/effects.scale.js HTTP/1.1" 200 7057 "http://www.markenoele.de/motul-5100-4t-50.html" "Mozilla/4.0 (compatible; MSIE 8.0; Windows NT 6.1; WOW64; Trident/4.0; SLCC2; .NET CLR 2.0.50727; .NET CLR 3.5.30729; .NET CLR 3.0.30729; Media Center PC 6.0; MS-RTC LM 8)"
80.66.23.27 - - [01/Jul/2011:12:19:18 +0200] "GET /js/calendar/calendar-setup.js HTTP/1.1" 200 4986 "http://www.markenoele.de/motul-5100-4t-50.html" "Mozilla/4.0 (compatible; MSIE 8.0; Windows NT 6.1; WOW64; Trident/4.0; SLCC2; .NET CLR 2.0.50727; .NET CLR 3.5.30729; .NET CLR 3.0.30729; Media Center PC 6.0; MS-RTC LM 8)"
80.66.23.27 - - [01/Jul/2011:12:19:18 +0200] "GET /skin/frontend/esso/standard/js/jquery.jqzoom.js HTTP/1.1" 200 5131 "http://www.markenoele.de/motul-5100-4t-50.html" "Mozilla/4.0 (compatible; MSIE 8.0; Windows NT 6.1; WOW64; Trident/4.0; SLCC2; .NET CLR 2.0.50727; .NET CLR 3.5.30729; .NET CLR 3.0.30729; Media Center PC 6.0; MS-RTC LM 8)"
80.66.23.27 - - [01/Jul/2011:12:19:18 +0200] "GET /media/catalog/product/cache/2/thumbnail2/250x250/9df78eab33525d08d6e5fb8d27136e95/5/1/5100_10w40_4l_1.jpg HTTP/1.1" 200 14704 "http://www.markenoele.de/motul-5100-4t-50.html" "Mozilla/4.0 (compatible; MSIE 8.0; Windows NT 6.1; WOW64; Trident/4.0; SLCC2; .NET CLR 2.0.50727; .NET CLR 3.5.30729; .NET CLR 3.0.30729; Media Center PC 6.0; MS-RTC LM 8)"
80.66.23.27 - - [01/Jul/2011:12:19:18 +0200] "GET /js/calendar/calendar.js HTTP/1.1" 200 53130 "http://www.markenoele.de/motul-5100-4t-50.html" "Mozilla/4.0 (compatible; MSIE 8.0; Windows NT 6.1; WOW64; Trident/4.0; SLCC2; .NET CLR 2.0.50727; .NET CLR 3.5.30729; .NET CLR 3.0.30729; Media Center PC 6.0; MS-RTC LM 8)"
80.66.23.27 - - [01/Jul/2011:12:19:18 +0200] "GET /skin/frontend/esso/standard/js/jquery-1.3.2.min.js HTTP/1.1" 200 57254 "http://www.markenoele.de/motul-5100-4t-50.html" "Mozilla/4.0 (compatible; MSIE 8.0; Windows NT 6.1; WOW64; Trident/4.0; SLCC2; .NET CLR 2.0.50727; .NET CLR 3.5.30729; .NET CLR 3.0.30729; Media Center PC 6.0; MS-RTC LM 8)"
80.66.23.27 - - [01/Jul/2011:12:19:19 +0200] "GET /skin/frontend/esso/standard/images/bkg_tabs.gif HTTP/1.1" 200 151 "http://www.markenoele.de/motul-5100-4t-50.html" "Mozilla/4.0 (compatible; MSIE 8.0; Windows NT 6.1; WOW64; Trident/4.0; SLCC2; .NET CLR 2.0.50727; .NET CLR 3.5.30729; .NET CLR 3.0.30729; Media Center PC 6.0; MS-RTC LM 8)"
192.168.10.33 - - [01/Jul/2011:12:19:19 +0200] "GET /index.php/admin/sales_invoice/index/key/18b3109fcef0c9f77f7083608f4dc4d7/ HTTP/1.1" 200 128318 "http://www.markenoele.de/index.php/admin/sales_order/index/key/bd18d8eab6615f77b78a6df7ebc7e9e0/" "Mozilla/5.0 (Windows NT 6.1; WOW64; rv:5.0) Gecko/20100101 Firefox/5.0"
80.66.23.27 - - [01/Jul/2011:12:19:19 +0200] "GET /media/catalog/product/5/1/5100_10w40_4l_1.jpg HTTP/1.1" 200 3405405 "http://www.markenoele.de/motul-5100-4t-50.html" "Mozilla/4.0 (compatible; MSIE 8.0; Windows NT 6.1; WOW64; Trident/4.0; SLCC2; .NET CLR 2.0.50727; .NET CLR 3.5.30729; .NET CLR 3.0.30729; Media Center PC 6.0; MS-RTC LM 8)"
192.168.10.33 - - [01/Jul/2011:12:19:24 +0200] "GET /index.php/admin/sales_order/index/key/bd18d8eab6615f77b78a6df7ebc7e9e0/ HTTP/1.1" 200 115790 "http://www.markenoele.de/index.php/admin/sales_invoice/index/key/18b3109fcef0c9f77f7083608f4dc4d7/" "Mozilla/5.0 (Windows NT 6.1; WOW64; rv:5.0) Gecko/20100101 Firefox/5.0"
80.66.23.27 - - [01/Jul/2011:12:19:25 +0200] "GET / HTTP/1.1" 200 33320 "http://www.google.de/aclk?sa=l&ai=CkXdb8p4NTo7-NMKP-Qak_8ntBq3BsMMB_em97RS1g_2-RwgAEAEggYG6GFCer6GNAWCV4qaCsAegAcfRhPgDyAEBqQJqDbIgJVq4PqoEE0_QSUkRSMsHURMS5qPNQK062YSABZBO&sig=AGiWqtx64Q06snBAabC18eHeLXSCxvuVWQ&ved=0CDQQ0Qw&adurl=http://www.motulshop.de&rct=j&q=motul%205100" "Mozilla/4.0 (compatible; MSIE 8.0; Windows NT 6.1; WOW64; Trident/4.0; SLCC2; .NET CLR 2.0.50727; .NET CLR 3.5.30729; .NET CLR 3.0.30729; Media Center PC 6.0; MS-RTC LM 8)"
80.66.23.27 - - [01/Jul/2011:12:19:28 +0200] "GET /motul-5100-4t-50.html HTTP/1.1" 200 30214 "http://www.markenoele.de/" "Mozilla/4.0 (compatible; MSIE 8.0; Windows NT 6.1; WOW64; Trident/4.0; SLCC2; .NET CLR 2.0.50727; .NET CLR 3.5.30729; .NET CLR 3.0.30729; Media Center PC 6.0; MS-RTC LM 8)"
80.66.23.27 - - [01/Jul/2011:12:19:31 +0200] "GET /skin/frontend/base/default/css/baseprice.css HTTP/1.1" 404 1256 "http://www.markenoele.de/motul-5100-4t-50.html" "Mozilla/4.0 (compatible; MSIE 8.0; Windows NT 6.1; WOW64; Trident/4.0; SLCC2; .NET CLR 2.0.50727; .NET CLR 3.5.30729; .NET CLR 3.0.30729; Media Center PC 6.0; MS-RTC LM 8)"
212.91.246.65 - - [01/Jul/2011:12:20:25 +0200] "GET /skin/frontend/default/default/images/logo_email.gif HTTP/1.1" 304 - "-" "Mozilla/4.0 (compatible; MSIE 7.0; Windows NT 6.1; WOW64; Trident/5.0; SLCC2; .NET CLR 2.0.50727; .NET CLR 3.5.30729; .NET CLR 3.0.30729; Media Center PC 6.0; InfoPath.2; .NET4.0C)"
212.91.246.65 - - [01/Jul/2011:12:20:26 +0200] "GET /skin/frontend/default/default/images/logo_email.gif HTTP/1.1" 304 - "-" "Mozilla/4.0 (compatible; MSIE 7.0; Windows NT 6.1; WOW64; Trident/5.0; SLCC2; .NET CLR 2.0.50727; .NET CLR 3.5.30729; .NET CLR 3.0.30729; Media Center PC 6.0; InfoPath.2; .NET4.0C)"
192.168.10.34 - - [01/Jul/2011:12:20:47 +0200] "GET /functions/abrechnung_artikel.php?von_datum=01.06.2011&bis_datum=30.06.2011&von_renr=200637681&bis_renr=200637684&sortierung=RechnungsNr&richtung=DESC HTTP/1.1" 200 20153 "http://www.markenoele.de/functions/abrechnung_artikel.php?von_datum=01.06.2011&bis_datum=30.06.2011&von_renr=200637681&bis_renr=200637684&sortierung=RechnungsNr&richtung=DESC" "Mozilla/5.0 (Windows NT 6.1; rv:5.0) Gecko/20100101 Firefox/5.0"
192.168.10.33 - - [01/Jul/2011:12:20:57 +0200] "GET /functions/bestandsliste.php HTTP/1.1" 200 33342 "http://www.markenoele.de/functions/abrechnung.php" "Mozilla/5.0 (Windows NT 6.1; WOW64; rv:5.0) Gecko/20100101 Firefox/5.0"
65.52.110.34 - - [01/Jul/2011:12:23:28 +0200] "GET /motul-8100-x-clean-c3-5l-177.html HTTP/1.1" 200 30314 "-" "Mozilla/5.0 (compatible; bingbot/2.0; +http://www.bing.com/bingbot.htm)"
192.168.10.33 - - [01/Jul/2011:12:25:04 +0200] "GET /functions/abrechnung_artikel.php HTTP/1.1" 200 122818 "http://www.markenoele.de/functions/bestandsliste.php" "Mozilla/5.0 (Windows NT 6.1; WOW64; rv:5.0) Gecko/20100101 Firefox/5.0"
192.168.10.33 - - [01/Jul/2011:12:25:06 +0200] "GET /functions/abrechnung.php HTTP/1.1" 200 72708 "http://www.markenoele.de/functions/abrechnung_artikel.php" "Mozilla/5.0 (Windows NT 6.1; WOW64; rv:5.0) Gecko/20100101 Firefox/5.0"
192.168.10.33 - - [01/Jul/2011:12:25:22 +0200] "GET /functions/abrechnung.php?von_datum=01.07.2011&bis_datum=31.07.2011&von_renr=200637657&bis_renr=200637683&sortierung=RechnungsNr&richtung=DESC&where=Status_complete HTTP/1.1" 200 6173 "http://www.markenoele.de/functions/abrechnung.php" "Mozilla/5.0 (Windows NT 6.1; WOW64; rv:5.0) Gecko/20100101 Firefox/5.0"
192.168.10.33 - - [01/Jul/2011:12:25:32 +0200] "GET /functions/abrechnung.php?von_datum=01.05.2011&bis_datum=31.07.2011&von_renr=200637657&bis_renr=200637683&sortierung=RechnungsNr&richtung=DESC&where=Status_complete HTTP/1.1" 200 13548 "http://www.markenoele.de/functions/abrechnung.php?von_datum=01.07.2011&bis_datum=31.07.2011&von_renr=200637657&bis_renr=200637683&sortierung=RechnungsNr&richtung=DESC&where=Status_complete" "Mozilla/5.0 (Windows NT 6.1; WOW64; rv:5.0) Gecko/20100101 Firefox/5.0"
192.168.10.33 - - [01/Jul/2011:12:25:59 +0200] "GET /functions/abrechnung_artikel.php HTTP/1.1" 200 122818 "http://www.markenoele.de/functions/abrechnung.php?von_datum=01.05.2011&bis_datum=31.07.2011&von_renr=200637657&bis_renr=200637683&sortierung=RechnungsNr&richtung=DESC&where=Status_complete" "Mozilla/5.0 (Windows NT 6.1; WOW64; rv:5.0) Gecko/20100101 Firefox/5.0"
192.168.10.33 - - [01/Jul/2011:12:26:10 +0200] "GET /functions/abrechnung_artikel.php?von_datum=01.07.2011&bis_datum=31.07.2011&von_renr=200637657&bis_renr=200637683&sortierung=RechnungsNr&richtung=DESC HTTP/1.1" 200 5393 "http://www.markenoele.de/functions/abrechnung_artikel.php" "Mozilla/5.0 (Windows NT 6.1; WOW64; rv:5.0) Gecko/20100101 Firefox/5.0"
192.168.10.33 - - [01/Jul/2011:12:26:16 +0200] "GET /functions/abrechnung_artikel.php?von_datum=01.05.2011&bis_datum=31.07.2011&von_renr=200637657&bis_renr=200637683&sortierung=RechnungsNr&richtung=DESC HTTP/1.1" 200 20154 "http://www.markenoele.de/functions/abrechnung_artikel.php?von_datum=01.07.2011&bis_datum=31.07.2011&von_renr=200637657&bis_renr=200637683&sortierung=RechnungsNr&richtung=DESC" "Mozilla/5.0 (Windows NT 6.1; WOW64; rv:5.0) Gecko/20100101 Firefox/5.0"
192.168.10.33 - - [01/Jul/2011:12:28:54 +0200] "GET /functions/abrechnung_artikel.php?von_datum=01.05.2011&bis_datum=31.07.2011&von_renr=200637657&bis_renr=200637683&sortierung=RechnungsNr&richtung=DESC HTTP/1.1" 200 20154 "http://www.markenoele.de/functions/abrechnung_artikel.php?von_datum=01.05.2011&bis_datum=31.07.2011&von_renr=200637657&bis_renr=200637683&sortierung=RechnungsNr&richtung=DESC" "Mozilla/5.0 (Windows NT 6.1; WOW64; rv:5.0) Gecko/20100101 Firefox/5.0"
192.168.10.33 - - [01/Jul/2011:12:29:41 +0200] "GET /index.php/admin/sales_order/index/key/bd18d8eab6615f77b78a6df7ebc7e9e0/ HTTP/1.1" 200 115790 "http://www.markenoele.de/index.php/admin/sales_order/index/key/bd18d8eab6615f77b78a6df7ebc7e9e0/" "Mozilla/5.0 (Windows NT 6.1; WOW64; rv:5.0) Gecko/20100101 Firefox/5.0"
192.168.10.33 - - [01/Jul/2011:12:30:01 +0200] "POST /index.php/emailattachments/admin_order/pdforders/key/d90c67d689d6e3847109e8a929e54d7a/ HTTP/1.1" 200 28785 "http://www.markenoele.de/index.php/admin/sales_order/index/key/bd18d8eab6615f77b78a6df7ebc7e9e0/" "Mozilla/5.0 (Windows NT 6.1; WOW64; rv:5.0) Gecko/20100101 Firefox/5.0"
192.168.10.43 - - [01/Jul/2011:12:33:03 +0200] "GET /functions/bestandsliste.php HTTP/1.1" 302 33000 "http://www.markenoele.de/functions/sammelpruefung_detail.php?nr=268" "Mozilla/5.0 (Windows NT 5.1; rv:5.0) Gecko/20100101 Firefox/5.0"
192.168.10.43 - - [01/Jul/2011:12:33:03 +0200] "GET /functions/index.php HTTP/1.1" 200 1833 "http://www.markenoele.de/functions/sammelpruefung_detail.php?nr=268" "Mozilla/5.0 (Windows NT 5.1; rv:5.0) Gecko/20100101 Firefox/5.0"
192.168.10.43 - - [01/Jul/2011:12:33:03 +0200] "GET /index.php/admin/catalog_product/index/key/39ad3e8d96dc4cda9a1b9011a4c3f26b/ HTTP/1.1" 200 73213 "http://www.markenoele.de/index.php/admin/catalog_product/edit/id/180/key/f2523373b954b127cc41f7819b2b6bd9/" "Mozilla/5.0 (Windows NT 5.1; rv:5.0) Gecko/20100101 Firefox/5.0"
192.168.10.43 - - [01/Jul/2011:12:33:19 +0200] "POST /index.php/admin/catalog_product/grid/key/b45bd0f2f46dfc314bbc75e16968d019/product_filter/ZW50aXR5X2lkJTVCZnJvbSU1RD1CaXMlMjAlM0ElMjAlMDkmc2t1PTEwMDExOCZwcmljZSU1QmN1cnJlbmN5JTVEPUVVUg==/?ajax=true&isAjax=true HTTP/1.1" 200 15164 "http://www.markenoele.de/index.php/admin/catalog_product/index/key/39ad3e8d96dc4cda9a1b9011a4c3f26b/" "Mozilla/5.0 (Windows NT 5.1; rv:5.0) Gecko/20100101 Firefox/5.0"
192.168.10.43 - - [01/Jul/2011:12:33:24 +0200] "GET /index.php/admin/catalog_product/edit/id/13/key/f2523373b954b127cc41f7819b2b6bd9/ HTTP/1.1" 200 147166 "http://www.markenoele.de/index.php/admin/catalog_product/index/key/39ad3e8d96dc4cda9a1b9011a4c3f26b/" "Mozilla/5.0 (Windows NT 5.1; rv:5.0) Gecko/20100101 Firefox/5.0"
192.168.10.43 - - [01/Jul/2011:12:33:26 +0200] "GET /js/extjs/resources/css/ext-all.css HTTP/1.1" 304 - "http://www.markenoele.de/index.php/admin/catalog_product/edit/id/13/key/f2523373b954b127cc41f7819b2b6bd9/" "Mozilla/5.0 (Windows NT 5.1; rv:5.0) Gecko/20100101 Firefox/5.0"
192.168.10.43 - - [01/Jul/2011:12:33:26 +0200] "GET /js/extjs/ext-tree-checkbox.js HTTP/1.1" 304 - "http://www.markenoele.de/index.php/admin/catalog_product/edit/id/13/key/f2523373b954b127cc41f7819b2b6bd9/" "Mozilla/5.0 (Windows NT 5.1; rv:5.0) Gecko/20100101 Firefox/5.0"
192.168.10.43 - - [01/Jul/2011:12:33:26 +0200] "GET /js/extjs/resources/css/ytheme-magento.css HTTP/1.1" 304 - "http://www.markenoele.de/index.php/admin/catalog_product/edit/id/13/key/f2523373b954b127cc41f7819b2b6bd9/" "Mozilla/5.0 (Windows NT 5.1; rv:5.0) Gecko/20100101 Firefox/5.0"
192.168.10.43 - - [01/Jul/2011:12:33:26 +0200] "GET /js/prototype/windows/themes/default.css HTTP/1.1" 304 - "http://www.markenoele.de/index.php/admin/catalog_product/edit/id/13/key/f2523373b954b127cc41f7819b2b6bd9/" "Mozilla/5.0 (Windows NT 5.1; rv:5.0) Gecko/20100101 Firefox/5.0"
192.168.10.43 - - [01/Jul/2011:12:33:27 +0200] "GET /js/prototype/windows/themes/magento.css HTTP/1.1" 304 - "http://www.markenoele.de/index.php/admin/catalog_product/edit/id/13/key/f2523373b954b127cc41f7819b2b6bd9/" "Mozilla/5.0 (Windows NT 5.1; rv:5.0) Gecko/20100101 Firefox/5.0"
192.168.10.43 - - [01/Jul/2011:12:33:27 +0200] "GET /js/extjs/ext-tree.js HTTP/1.1" 304 - "http://www.markenoele.de/index.php/admin/catalog_product/edit/id/13/key/f2523373b954b127cc41f7819b2b6bd9/" "Mozilla/5.0 (Windows NT 5.1; rv:5.0) Gecko/20100101 Firefox/5.0"
192.168.10.43 - - [01/Jul/2011:12:33:27 +0200] "GET /js/mage/adminhtml/wysiwyg/tiny_mce/setup.js HTTP/1.1" 304 - "http://www.markenoele.de/index.php/admin/catalog_product/edit/id/13/key/f2523373b954b127cc41f7819b2b6bd9/" "Mozilla/5.0 (Windows NT 5.1; rv:5.0) Gecko/20100101 Firefox/5.0"
192.168.10.43 - - [01/Jul/2011:12:33:27 +0200] "GET /js/mage/adminhtml/variables.js HTTP/1.1" 304 - "http://www.markenoele.de/index.php/admin/catalog_product/edit/id/13/key/f2523373b954b127cc41f7819b2b6bd9/" "Mozilla/5.0 (Windows NT 5.1; rv:5.0) Gecko/20100101 Firefox/5.0"
192.168.10.43 - - [01/Jul/2011:12:33:27 +0200] "GET /js/mage/adminhtml/wysiwyg/widget.js HTTP/1.1" 304 - "http://www.markenoele.de/index.php/admin/catalog_product/edit/id/13/key/f2523373b954b127cc41f7819b2b6bd9/" "Mozilla/5.0 (Windows NT 5.1; rv:5.0) Gecko/20100101 Firefox/5.0"
192.168.10.43 - - [01/Jul/2011:12:33:27 +0200] "GET /js/lib/flex.js HTTP/1.1" 304 - "http://www.markenoele.de/index.php/admin/catalog_product/edit/id/13/key/f2523373b954b127cc41f7819b2b6bd9/" "Mozilla/5.0 (Windows NT 5.1; rv:5.0) Gecko/20100101 Firefox/5.0"
192.168.10.43 - - [01/Jul/2011:12:33:27 +0200] "GET /js/lib/FABridge.js HTTP/1.1" 304 - "http://www.markenoele.de/index.php/admin/catalog_product/edit/id/13/key/f2523373b954b127cc41f7819b2b6bd9/" "Mozilla/5.0 (Windows NT 5.1; rv:5.0) Gecko/20100101 Firefox/5.0"
192.168.10.43 - - [01/Jul/2011:12:33:27 +0200] "GET /js/mage/adminhtml/flexuploader.js HTTP/1.1" 304 - "http://www.markenoele.de/index.php/admin/catalog_product/edit/id/13/key/f2523373b954b127cc41f7819b2b6bd9/" "Mozilla/5.0 (Windows NT 5.1; rv:5.0) Gecko/20100101 Firefox/5.0"
192.168.10.43 - - [01/Jul/2011:12:33:27 +0200] "GET /js/mage/adminhtml/browser.js HTTP/1.1" 304 - "http://www.markenoele.de/index.php/admin/catalog_product/edit/id/13/key/f2523373b954b127cc41f7819b2b6bd9/" "Mozilla/5.0 (Windows NT 5.1; rv:5.0) Gecko/20100101 Firefox/5.0"
192.168.10.43 - - [01/Jul/2011:12:33:27 +0200] "GET /js/tiny_mce/tiny_mce.js HTTP/1.1" 304 - "http://www.markenoele.de/index.php/admin/catalog_product/edit/id/13/key/f2523373b954b127cc41f7819b2b6bd9/" "Mozilla/5.0 (Windows NT 5.1; rv:5.0) Gecko/20100101 Firefox/5.0"
192.168.10.43 - - [01/Jul/2011:12:33:27 +0200] "GET /js/fooman/jirafe/noConflict.js HTTP/1.1" 304 - "http://www.markenoele.de/index.php/admin/catalog_product/edit/id/13/key/f2523373b954b127cc41f7819b2b6bd9/" "Mozilla/5.0 (Windows NT 5.1; rv:5.0) Gecko/20100101 Firefox/5.0"
192.168.10.43 - - [01/Jul/2011:12:33:27 +0200] "GET /skin/adminhtml/default/default/images/grid-cal.gif HTTP/1.1" 304 - "http://www.markenoele.de/index.php/admin/catalog_product/edit/id/13/key/f2523373b954b127cc41f7819b2b6bd9/" "Mozilla/5.0 (Windows NT 5.1; rv:5.0) Gecko/20100101 Firefox/5.0"
192.168.10.43 - - [01/Jul/2011:12:33:27 +0200] "GET /skin/adminhtml/default/default/images/spacer.gif HTTP/1.1" 304 - "http://www.markenoele.de/index.php/admin/catalog_product/edit/id/13/key/f2523373b954b127cc41f7819b2b6bd9/" "Mozilla/5.0 (Windows NT 5.1; rv:5.0) Gecko/20100101 Firefox/5.0"
192.168.10.43 - - [01/Jul/2011:12:33:28 +0200] "GET /skin/adminhtml/default/default/images/tabs_link_bg.gif HTTP/1.1" 304 - "http://www.markenoele.de/skin/adminhtml/default/default/boxes.css" "Mozilla/5.0 (Windows NT 5.1; rv:5.0) Gecko/20100101 Firefox/5.0"
192.168.10.43 - - [01/Jul/2011:12:33:28 +0200] "GET /skin/adminhtml/default/default/images/tabs_span_bg.gif HTTP/1.1" 304 - "http://www.markenoele.de/skin/adminhtml/default/default/boxes.css" "Mozilla/5.0 (Windows NT 5.1; rv:5.0) Gecko/20100101 Firefox/5.0"
192.168.10.43 - - [01/Jul/2011:12:33:28 +0200] "GET /skin/adminhtml/default/default/images/side_col_bg.gif HTTP/1.1" 304 - "http://www.markenoele.de/skin/adminhtml/default/default/boxes.css" "Mozilla/5.0 (Windows NT 5.1; rv:5.0) Gecko/20100101 Firefox/5.0"
192.168.10.43 - - [01/Jul/2011:12:33:28 +0200] "GET /skin/adminhtml/default/default/images/btn_back_bg.gif HTTP/1.1" 304 - "http://www.markenoele.de/skin/adminhtml/default/default/boxes.css" "Mozilla/5.0 (Windows NT 5.1; rv:5.0) Gecko/20100101 Firefox/5.0"
192.168.10.43 - - [01/Jul/2011:12:33:28 +0200] "GET /skin/adminhtml/default/default/images/icon_btn_back.gif HTTP/1.1" 304 - "http://www.markenoele.de/skin/adminhtml/default/default/boxes.css" "Mozilla/5.0 (Windows NT 5.1; rv:5.0) Gecko/20100101 Firefox/5.0"
192.168.10.43 - - [01/Jul/2011:12:33:28 +0200] "GET /skin/adminhtml/default/default/images/cancel_btn_bg.gif HTTP/1.1" 304 - "http://www.markenoele.de/skin/adminhtml/default/default/boxes.css" "Mozilla/5.0 (Windows NT 5.1; rv:5.0) Gecko/20100101 Firefox/5.0"
192.168.10.43 - - [01/Jul/2011:12:33:28 +0200] "GET /skin/adminhtml/default/default/images/cancel_btn_icon.gif HTTP/1.1" 304 - "http://www.markenoele.de/skin/adminhtml/default/default/boxes.css" "Mozilla/5.0 (Windows NT 5.1; rv:5.0) Gecko/20100101 Firefox/5.0"
192.168.10.43 - - [01/Jul/2011:12:33:28 +0200] "GET /skin/adminhtml/default/default/images/save_btn_icon.gif HTTP/1.1" 304 - "http://www.markenoele.de/skin/adminhtml/default/default/boxes.css" "Mozilla/5.0 (Windows NT 5.1; rv:5.0) Gecko/20100101 Firefox/5.0"
192.168.10.43 - - [01/Jul/2011:12:33:29 +0200] "GET /skin/adminhtml/default/default/images/note_bg.gif HTTP/1.1" 304 - "http://www.markenoele.de/skin/adminhtml/default/default/boxes.css" "Mozilla/5.0 (Windows NT 5.1; rv:5.0) Gecko/20100101 Firefox/5.0"
192.168.10.43 - - [01/Jul/2011:12:33:34 +0200] "GET /skin/adminhtml/default/default/images/fam_bullet_disk.gif HTTP/1.1" 304 - "http://www.markenoele.de/skin/adminhtml/default/default/boxes.css" "Mozilla/5.0 (Windows NT 5.1; rv:5.0) Gecko/20100101 Firefox/5.0"
192.168.10.43 - - [01/Jul/2011:12:33:36 +0200] "GET /skin/adminhtml/default/default/images/btn_over_bg.gif HTTP/1.1" 304 - "http://www.markenoele.de/skin/adminhtml/default/default/boxes.css" "Mozilla/5.0 (Windows NT 5.1; rv:5.0) Gecko/20100101 Firefox/5.0"
192.168.10.43 - - [01/Jul/2011:12:33:37 +0200] "GET /skin/adminhtml/default/default/images/btn_on_bg.gif HTTP/1.1" 304 - "http://www.markenoele.de/skin/adminhtml/default/default/boxes.css" "Mozilla/5.0 (Windows NT 5.1; rv:5.0) Gecko/20100101 Firefox/5.0"
192.168.10.43 - - [01/Jul/2011:12:33:37 +0200] "POST /index.php/admin/catalog_product/validate/id/13/key/1031f41f8f789dadda888a367f4abfac/?isAjax=true HTTP/1.1" 200 15 "http://www.markenoele.de/index.php/admin/catalog_product/edit/id/13/key/f2523373b954b127cc41f7819b2b6bd9/" "Mozilla/5.0 (Windows NT 5.1; rv:5.0) Gecko/20100101 Firefox/5.0"
192.168.10.43 - - [01/Jul/2011:12:33:42 +0200] "POST /functions/index.php HTTP/1.1" 302 2148 "http://www.markenoele.de/functions/index.php" "Mozilla/5.0 (Windows NT 5.1; rv:5.0) Gecko/20100101 Firefox/5.0"
192.168.10.43 - - [01/Jul/2011:12:33:42 +0200] "GET /functions/abrechnung.php HTTP/1.1" 200 72708 "http://www.markenoele.de/functions/index.php" "Mozilla/5.0 (Windows NT 5.1; rv:5.0) Gecko/20100101 Firefox/5.0"
192.168.10.43 - - [01/Jul/2011:12:33:45 +0200] "GET /functions/sammelpruefung.php HTTP/1.1" 200 4219 "http://www.markenoele.de/functions/abrechnung.php" "Mozilla/5.0 (Windows NT 5.1; rv:5.0) Gecko/20100101 Firefox/5.0"
192.168.10.43 - - [01/Jul/2011:12:33:39 +0200] "POST /index.php/admin/catalog_product/save/id/13/key/64cc4c71ff754182a2d6e1be286f0052/ HTTP/1.1" 302 - "http://www.markenoele.de/index.php/admin/catalog_product/edit/id/13/key/f2523373b954b127cc41f7819b2b6bd9/" "Mozilla/5.0 (Windows NT 5.1; rv:5.0) Gecko/20100101 Firefox/5.0"
192.168.10.43 - - [01/Jul/2011:12:33:52 +0200] "GET /index.php/admin/catalog_product/index/key/39ad3e8d96dc4cda9a1b9011a4c3f26b/ HTTP/1.1" 200 70619 "http://www.markenoele.de/index.php/admin/catalog_product/edit/id/13/key/f2523373b954b127cc41f7819b2b6bd9/" "Mozilla/5.0 (Windows NT 5.1; rv:5.0) Gecko/20100101 Firefox/5.0"
192.168.10.43 - - [01/Jul/2011:12:33:54 +0200] "GET /skin/adminhtml/default/default/images/success_msg_icon.gif HTTP/1.1" 304 - "http://www.markenoele.de/skin/adminhtml/default/default/boxes.css" "Mozilla/5.0 (Windows NT 5.1; rv:5.0) Gecko/20100101 Firefox/5.0"
192.168.10.43 - - [01/Jul/2011:12:33:54 +0200] "GET /skin/adminhtml/default/default/images/note_msg_icon.gif HTTP/1.1" 304 - "http://www.markenoele.de/skin/adminhtml/default/default/boxes.css" "Mozilla/5.0 (Windows NT 5.1; rv:5.0) Gecko/20100101 Firefox/5.0"
192.168.10.43 - - [01/Jul/2011:12:34:17 +0200] "GET /functions/sammelpruefung_detail.php?nr=268 HTTP/1.1" 200 3954 "http://www.markenoele.de/functions/sammelpruefung.php" "Mozilla/5.0 (Windows NT 5.1; rv:5.0) Gecko/20100101 Firefox/5.0"
192.168.10.43 - - [01/Jul/2011:12:34:27 +0200] "POST /functions/sammelpruefung_detail.php?nr=268 HTTP/1.1" 200 4392 "http://www.markenoele.de/functions/sammelpruefung_detail.php?nr=268" "Mozilla/5.0 (Windows NT 5.1; rv:5.0) Gecko/20100101 Firefox/5.0"
192.168.10.43 - - [01/Jul/2011:12:34:35 +0200] "POST /functions/sammelpruefung_detail.php?nr=268 HTTP/1.1" 200 4392 "http://www.markenoele.de/functions/sammelpruefung_detail.php?nr=268" "Mozilla/5.0 (Windows NT 5.1; rv:5.0) Gecko/20100101 Firefox/5.0"
88.31.130.100 - - [01/Jul/2011:12:34:38 +0200] "GET / HTTP/1.1" 200 33320 "http://www.trustedshops.de/profil/markenoele-de_X426202F11953DCAE99DCEC0D06464618.html" "Mozilla/5.0 (iPhone; U; CPU iPhone OS 4_3_3 like Mac OS X; ru-ru) AppleWebKit/533.17.9 (KHTML, like Gecko) Version/5.0.2 Mobile/8J2 Safari/6533.18.5"
88.31.130.100 - - [01/Jul/2011:12:34:41 +0200] "GET /skin/frontend/esso/standard/css/widgets.css HTTP/1.1" 200 4369 "http://www.markenoele.de/" "Mozilla/5.0 (iPhone; U; CPU iPhone OS 4_3_3 like Mac OS X; ru-ru) AppleWebKit/533.17.9 (KHTML, like Gecko) Version/5.0.2 Mobile/8J2 Safari/6533.18.5"
88.31.130.100 - - [01/Jul/2011:12:34:41 +0200] "GET /skin/frontend/esso/standard/css/print.css HTTP/1.1" 200 1580 "http://www.markenoele.de/" "Mozilla/5.0 (iPhone; U; CPU iPhone OS 4_3_3 like Mac OS X; ru-ru) AppleWebKit/533.17.9 (KHTML, like Gecko) Version/5.0.2 Mobile/8J2 Safari/6533.18.5"
88.31.130.100 - - [01/Jul/2011:12:34:41 +0200] "GET /js/prototype/validation.js HTTP/1.1" 200 34677 "http://www.markenoele.de/" "Mozilla/5.0 (iPhone; U; CPU iPhone OS 4_3_3 like Mac OS X; ru-ru) AppleWebKit/533.17.9 (KHTML, like Gecko) Version/5.0.2 Mobile/8J2 Safari/6533.18.5"
88.31.130.100 - - [01/Jul/2011:12:34:41 +0200] "GET /js/scriptaculous/builder.js HTTP/1.1" 200 4744 "http://www.markenoele.de/" "Mozilla/5.0 (iPhone; U; CPU iPhone OS 4_3_3 like Mac OS X; ru-ru) AppleWebKit/533.17.9 (KHTML, like Gecko) Version/5.0.2 Mobile/8J2 Safari/6533.18.5"
88.31.130.100 - - [01/Jul/2011:12:34:41 +0200] "GET /js/scriptaculous/effects.js HTTP/1.1" 200 38745 "http://www.markenoele.de/" "Mozilla/5.0 (iPhone; U; CPU iPhone OS 4_3_3 like Mac OS X; ru-ru) AppleWebKit/533.17.9 (KHTML, like Gecko) Version/5.0.2 Mobile/8J2 Safari/6533.18.5"
88.31.130.100 - - [01/Jul/2011:12:34:41 +0200] "GET /js/scriptaculous/dragdrop.js HTTP/1.1" 200 31192 "http://www.markenoele.de/" "Mozilla/5.0 (iPhone; U; CPU iPhone OS 4_3_3 like Mac OS X; ru-ru) AppleWebKit/533.17.9 (KHTML, like Gecko) Version/5.0.2 Mobile/8J2 Safari/6533.18.5"
88.31.130.100 - - [01/Jul/2011:12:34:42 +0200] "GET /js/scriptaculous/controls.js HTTP/1.1" 200 34797 "http://www.markenoele.de/" "Mozilla/5.0 (iPhone; U; CPU iPhone OS 4_3_3 like Mac OS X; ru-ru) AppleWebKit/533.17.9 (KHTML, like Gecko) Version/5.0.2 Mobile/8J2 Safari/6533.18.5"
88.31.130.100 - - [01/Jul/2011:12:34:42 +0200] "GET /js/scriptaculous/slider.js HTTP/1.1" 200 10331 "http://www.markenoele.de/" "Mozilla/5.0 (iPhone; U; CPU iPhone OS 4_3_3 like Mac OS X; ru-ru) AppleWebKit/533.17.9 (KHTML, like Gecko) Version/5.0.2 Mobile/8J2 Safari/6533.18.5"
88.31.130.100 - - [01/Jul/2011:12:34:41 +0200] "GET /js/prototype/prototype.js HTTP/1.1" 200 129960 "http://www.markenoele.de/" "Mozilla/5.0 (iPhone; U; CPU iPhone OS 4_3_3 like Mac OS X; ru-ru) AppleWebKit/533.17.9 (KHTML, like Gecko) Version/5.0.2 Mobile/8J2 Safari/6533.18.5"
88.31.130.100 - - [01/Jul/2011:12:34:42 +0200] "GET /js/varien/js.js HTTP/1.1" 200 16581 "http://www.markenoele.de/" "Mozilla/5.0 (iPhone; U; CPU iPhone OS 4_3_3 like Mac OS X; ru-ru) AppleWebKit/533.17.9 (KHTML, like Gecko) Version/5.0.2 Mobile/8J2 Safari/6533.18.5"
88.31.130.100 - - [01/Jul/2011:12:34:42 +0200] "GET /js/varien/form.js HTTP/1.1" 200 11714 "http://www.markenoele.de/" "Mozilla/5.0 (iPhone; U; CPU iPhone OS 4_3_3 like Mac OS X; ru-ru) AppleWebKit/533.17.9 (KHTML, like Gecko) Version/5.0.2 Mobile/8J2 Safari/6533.18.5"
88.31.130.100 - - [01/Jul/2011:12:34:41 +0200] "GET /skin/frontend/esso/standard/css/styles.css HTTP/1.1" 200 79554 "http://www.markenoele.de/" "Mozilla/5.0 (iPhone; U; CPU iPhone OS 4_3_3 like Mac OS X; ru-ru) AppleWebKit/533.17.9 (KHTML, like Gecko) Version/5.0.2 Mobile/8J2 Safari/6533.18.5"
88.31.130.100 - - [01/Jul/2011:12:34:42 +0200] "GET /js/varien/menu.js HTTP/1.1" 200 4426 "http://www.markenoele.de/" "Mozilla/5.0 (iPhone; U; CPU iPhone OS 4_3_3 like Mac OS X; ru-ru) AppleWebKit/533.17.9 (KHTML, like Gecko) Version/5.0.2 Mobile/8J2 Safari/6533.18.5"
88.31.130.100 - - [01/Jul/2011:12:34:42 +0200] "GET /js/mage/translate.js HTTP/1.1" 200 1597 "http://www.markenoele.de/" "Mozilla/5.0 (iPhone; U; CPU iPhone OS 4_3_3 like Mac OS X; ru-ru) AppleWebKit/533.17.9 (KHTML, like Gecko) Version/5.0.2 Mobile/8J2 Safari/6533.18.5"
88.31.130.100 - - [01/Jul/2011:12:34:42 +0200] "GET /js/mage/cookies.js HTTP/1.1" 200 2615 "http://www.markenoele.de/" "Mozilla/5.0 (iPhone; U; CPU iPhone OS 4_3_3 like Mac OS X; ru-ru) AppleWebKit/533.17.9 (KHTML, like Gecko) Version/5.0.2 Mobile/8J2 Safari/6533.18.5"
88.31.130.100 - - [01/Jul/2011:12:34:43 +0200] "GET /skin/frontend/esso/standard/images/logo.png HTTP/1.1" 200 27553 "http://www.markenoele.de/" "Mozilla/5.0 (iPhone; U; CPU iPhone OS 4_3_3 like Mac OS X; ru-ru) AppleWebKit/533.17.9 (KHTML, like Gecko) Version/5.0.2 Mobile/8J2 Safari/6533.18.5"
88.31.130.100 - - [01/Jul/2011:12:34:43 +0200] "GET /skin/frontend/esso/standard/images/icon_lupe_sm.png HTTP/1.1" 200 1235 "http://www.markenoele.de/" "Mozilla/5.0 (iPhone; U; CPU iPhone OS 4_3_3 like Mac OS X; ru-ru) AppleWebKit/533.17.9 (KHTML, like Gecko) Version/5.0.2 Mobile/8J2 Safari/6533.18.5"
88.31.130.100 - - [01/Jul/2011:12:34:43 +0200] "GET /skin/frontend/esso/standard/images/tropf-sm.png HTTP/1.1" 200 1179 "http://www.markenoele.de/" "Mozilla/5.0 (iPhone; U; CPU iPhone OS 4_3_3 like Mac OS X; ru-ru) AppleWebKit/533.17.9 (KHTML, like Gecko) Version/5.0.2 Mobile/8J2 Safari/6533.18.5"
88.31.130.100 - - [01/Jul/2011:12:34:43 +0200] "GET /skin/frontend/esso/standard/images/akt-art-sm.png HTTP/1.1" 200 1091 "http://www.markenoele.de/" "Mozilla/5.0 (iPhone; U; CPU iPhone OS 4_3_3 like Mac OS X; ru-ru) AppleWebKit/533.17.9 (KHTML, like Gecko) Version/5.0.2 Mobile/8J2 Safari/6533.18.5"
88.31.130.100 - - [01/Jul/2011:12:34:43 +0200] "GET /media/catalog/product/cache/2/small_image/85x/9df78eab33525d08d6e5fb8d27136e95/a/s/aschenbecher.jpg HTTP/1.1" 200 3433 "http://www.markenoele.de/" "Mozilla/5.0 (iPhone; U; CPU iPhone OS 4_3_3 like Mac OS X; ru-ru) AppleWebKit/533.17.9 (KHTML, like Gecko) Version/5.0.2 Mobile/8J2 Safari/6533.18.5"
88.31.130.100 - - [01/Jul/2011:12:34:43 +0200] "GET /media/catalog/product/cache/2/small_image/85x/9df78eab33525d08d6e5fb8d27136e95/5/w/5w30xcleanl.jpg HTTP/1.1" 200 3346 "http://www.markenoele.de/" "Mozilla/5.0 (iPhone; U; CPU iPhone OS 4_3_3 like Mac OS X; ru-ru) AppleWebKit/533.17.9 (KHTML, like Gecko) Version/5.0.2 Mobile/8J2 Safari/6533.18.5"
88.31.130.100 - - [01/Jul/2011:12:34:43 +0200] "GET /media/catalog/product/cache/2/small_image/85x/9df78eab33525d08d6e5fb8d27136e95/q/u/quad_4l_bd.jpg HTTP/1.1" 200 3431 "http://www.markenoele.de/" "Mozilla/5.0 (iPhone; U; CPU iPhone OS 4_3_3 like Mac OS X; ru-ru) AppleWebKit/533.17.9 (KHTML, like Gecko) Version/5.0.2 Mobile/8J2 Safari/6533.18.5"
88.31.130.100 - - [01/Jul/2011:12:34:43 +0200] "GET /media/catalog/product/cache/2/small_image/85x/9df78eab33525d08d6e5fb8d27136e95/g/a/garden_hi-tech_2t.png HTTP/1.1" 200 11930 "http://www.markenoele.de/" "Mozilla/5.0 (iPhone; U; CPU iPhone OS 4_3_3 like Mac OS X; ru-ru) AppleWebKit/533.17.9 (KHTML, like Gecko) Version/5.0.2 Mobile/8J2 Safari/6533.18.5"
88.31.130.100 - - [01/Jul/2011:12:34:43 +0200] "GET /media/catalog/product/cache/2/small_image/85x/9df78eab33525d08d6e5fb8d27136e95/5/1/5100_10w40_4l_1.jpg HTTP/1.1" 200 3314 "http://www.markenoele.de/" "Mozilla/5.0 (iPhone; U; CPU iPhone OS 4_3_3 like Mac OS X; ru-ru) AppleWebKit/533.17.9 (KHTML, like Gecko) Version/5.0.2 Mobile/8J2 Safari/6533.18.5"
88.31.130.100 - - [01/Jul/2011:12:34:43 +0200] "GET /media/catalog/product/cache/2/small_image/85x/9df78eab33525d08d6e5fb8d27136e95/1/0/101269_scooter_gear_150ml.jpg HTTP/1.1" 200 3108 "http://www.markenoele.de/" "Mozilla/5.0 (iPhone; U; CPU iPhone OS 4_3_3 like Mac OS X; ru-ru) AppleWebKit/533.17.9 (KHTML, like Gecko) Version/5.0.2 Mobile/8J2 Safari/6533.18.5"
88.31.130.100 - - [01/Jul/2011:12:34:43 +0200] "GET /skin/frontend/esso/standard/images/motul_pflege_teaser.png HTTP/1.1" 200 15151 "http://www.markenoele.de/" "Mozilla/5.0 (iPhone; U; CPU iPhone OS 4_3_3 like Mac OS X; ru-ru) AppleWebKit/533.17.9 (KHTML, like Gecko) Version/5.0.2 Mobile/8J2 Safari/6533.18.5"
88.31.130.100 - - [01/Jul/2011:12:34:43 +0200] "GET /skin/frontend/esso/standard/images/siegel.gif HTTP/1.1" 200 3150 "http://www.markenoele.de/" "Mozilla/5.0 (iPhone; U; CPU iPhone OS 4_3_3 like Mac OS X; ru-ru) AppleWebKit/533.17.9 (KHTML, like Gecko) Version/5.0.2 Mobile/8J2 Safari/6533.18.5"
