66.249.71.241 - - [01/Jul/2011:00:04:14 +0200] "GET /motul-8100-x-clean-plus-5l.html HTTP/1.1" 200 30194 "-" "Mozilla/5.0 (compatible; Googlebot/2.1; +http://www.google.com/bot.html)"
207.46.204.240 - - [01/Jul/2011:00:21:31 +0200] "GET /robots.txt HTTP/1.1" 200 918 "-" "Mozilla/5.0 (compatible; bingbot/2.0; +http://www.bing.com/bingbot.htm)"
207.46.204.240 - - [01/Jul/2011:00:24:32 +0200] "GET /motul-schmierstoffe/motul-autoschmierstoffe/motul-8100-x-clean-c3-5l.html HTTP/1.1" 200 32731 "-" "Mozilla/5.0 (compatible; bingbot/2.0; +http://www.bing.com/bingbot.htm)"
67.195.115.84 - - [01/Jul/2011:00:42:47 +0200] "GET /overall-mit-motul-einstickung.html HTTP/1.0" 200 36145 "-" "Mozilla/5.0 (compatible; Yahoo! Slurp; http://help.yahoo.com/help/us/ysearch/slurp)"
66.249.71.241 - - [01/Jul/2011:00:44:30 +0200] "GET /engine-clean.html HTTP/1.1" 200 30622 "-" "Mozilla/5.0 (compatible; Googlebot/2.1; +http://www.google.com/bot.html)"
77.20.40.82 - - [01/Jul/2011:00:48:24 +0200] "GET /esso-diesel.html HTTP/1.1" 200 24115 "-" "findlinks/2.0.2 (+http://wortschatz.uni-leipzig.de/findlinks/)"
77.20.40.82 - - [01/Jul/2011:00:48:27 +0200] "GET /esso-diesel.html HTTP/1.1" 200 24115 "-" "findlinks/2.0.2 (+http://wortschatz.uni-leipzig.de/findlinks/)"
66.249.71.241 - - [01/Jul/2011:00:53:58 +0200] "GET /motul-arbeitshandschuhe.html HTTP/1.1" 200 29283 "-" "Mozilla/5.0 (compatible; Googlebot/2.1; +http://www.google.com/bot.html)"
66.249.71.241 - - [01/Jul/2011:00:59:05 +0200] "GET /classic-aufkleber.html HTTP/1.1" 200 29206 "-" "Mozilla/5.0 (compatible; Googlebot/2.1; +http://www.google.com/bot.html)"
66.249.71.241 - - [01/Jul/2011:01:01:46 +0200] "GET /fork-oil-expert-medium.html HTTP/1.1" 200 29712 "-" "Mozilla/5.0 (compatible; Googlebot/2.1; +http://www.google.com/bot.html)"
208.115.111.247 - - [01/Jul/2011:01:05:04 +0200] "GET /robots.txt HTTP/1.1" 200 918 "-" "Mozilla/5.0 (compatible; DotBot/1.1; http://www.dotnetdotcom.org/, crawler@dotnetdotcom.org)"
66.249.71.241 - - [01/Jul/2011:01:07:09 +0200] "GET /pflegeprodukte/wash-wax.html HTTP/1.1" 301 - "-" "Mozilla/5.0 (compatible; Googlebot/2.1; +http://www.google.com/bot.html)"
66.249.71.241 - - [01/Jul/2011:01:07:10 +0200] "GET /motul-pflegeprodukte/wash-wax.html HTTP/1.1" 200 30866 "-" "Mozilla/5.0 (compatible; Googlebot/2.1; +http://www.google.com/bot.html)"
66.249.71.241 - - [01/Jul/2011:01:12:32 +0200] "GET /fork-oil-medium.html HTTP/1.1" 200 29559 "-" "Mozilla/5.0 (compatible; Googlebot/2.1; +http://www.google.com/bot.html)"
77.21.146.165 - - [01/Jul/2011:01:14:19 +0200] "GET /aschenbecher.html HTTP/1.1" 200 29142 "-" "findlinks/2.0.2 (+http://wortschatz.uni-leipzig.de/findlinks/)"
66.249.71.241 - - [01/Jul/2011:01:33:48 +0200] "GET /aschenbecher.html HTTP/1.1" 200 29142 "-" "Mozilla/5.0 (compatible; Googlebot/2.1; +http://www.google.com/bot.html)"
66.249.71.241 - - [01/Jul/2011:01:44:50 +0200] "GET /fuel-system-clean-121.html HTTP/1.1" 200 30629 "-" "Mozilla/5.0 (compatible; Googlebot/2.1; +http://www.google.com/bot.html)"
66.249.71.241 - - [01/Jul/2011:01:47:32 +0200] "GET /garden-4t.html HTTP/1.1" 200 30012 "-" "Mozilla/5.0 (compatible; Googlebot/2.1; +http://www.google.com/bot.html)"
212.64.228.97 - - [01/Jul/2011:01:51:01 +0200] "GET /media/catalog/product/cache/2/thumbnail/50x50/9df78eab33525d08d6e5fb8d27136e95/s/p/specific_504-00_507-00_5w30_5l.jpg HTTP/1.1" 304 - "-" "Mozilla/4.0 (compatible;)"
66.249.71.241 - - [01/Jul/2011:01:52:27 +0200] "GET /home_page HTTP/1.1" 200 21045 "-" "Mozilla/5.0 (compatible; Googlebot/2.1; +http://www.google.com/bot.html)"
66.249.71.241 - - [01/Jul/2011:01:52:54 +0200] "GET /karabinerhaken.html HTTP/1.1" 200 29157 "-" "Mozilla/5.0 (compatible; Googlebot/2.1; +http://www.google.com/bot.html)"
66.249.71.241 - - [01/Jul/2011:01:58:17 +0200] "GET /moto-wash.html HTTP/1.1" 200 30278 "-" "Mozilla/5.0 (compatible; Googlebot/2.1; +http://www.google.com/bot.html)"
208.115.111.247 - - [01/Jul/2011:02:12:30 +0200] "GET /agb HTTP/1.1" 200 27787 "-" "Mozilla/5.0 (compatible; DotBot/1.1; http://www.dotnetdotcom.org/, crawler@dotnetdotcom.org)"
208.115.111.247 - - [01/Jul/2011:02:12:34 +0200] "GET /motul-pflegeprodukte/auto.html HTTP/1.1" 200 49290 "-" "Mozilla/5.0 (compatible; DotBot/1.1; http://www.dotnetdotcom.org/, crawler@dotnetdotcom.org)"
208.115.111.247 - - [01/Jul/2011:02:12:39 +0200] "GET /motul-pflegeprodukte/garten.html HTTP/1.1" 200 30622 "-" "Mozilla/5.0 (compatible; DotBot/1.1; http://www.dotnetdotcom.org/, crawler@dotnetdotcom.org)"
208.115.111.247 - - [01/Jul/2011:02:12:48 +0200] "GET /motul-pflegeprodukte/motorrad.html HTTP/1.1" 200 49083 "-" "Mozilla/5.0 (compatible; DotBot/1.1; http://www.dotnetdotcom.org/, crawler@dotnetdotcom.org)"
208.115.111.247 - - [01/Jul/2011:02:12:54 +0200] "GET /motul-schmierstoffe/motul-motorrad/gabelol.html HTTP/1.1" 200 48764 "-" "Mozilla/5.0 (compatible; DotBot/1.1; http://www.dotnetdotcom.org/, crawler@dotnetdotcom.org)"
208.115.111.247 - - [01/Jul/2011:02:13:02 +0200] "GET /motul-schmierstoffe/motul-motorrad/motorenol.html HTTP/1.1" 200 51346 "-" "Mozilla/5.0 (compatible; DotBot/1.1; http://www.dotnetdotcom.org/, crawler@dotnetdotcom.org)"
208.115.111.247 - - [01/Jul/2011:02:13:11 +0200] "GET /motul-zusatzstoffe/bleiersatz.html HTTP/1.1" 200 30773 "-" "Mozilla/5.0 (compatible; DotBot/1.1; http://www.dotnetdotcom.org/, crawler@dotnetdotcom.org)"
208.115.111.247 - - [01/Jul/2011:02:13:19 +0200] "GET /motul-zusatzstoffe/fett.html HTTP/1.1" 200 36730 "-" "Mozilla/5.0 (compatible; DotBot/1.1; http://www.dotnetdotcom.org/, crawler@dotnetdotcom.org)"
208.115.111.247 - - [01/Jul/2011:02:13:25 +0200] "GET /motul-zusatzstoffe/handwaschgel.html HTTP/1.1" 200 30786 "-" "Mozilla/5.0 (compatible; DotBot/1.1; http://www.dotnetdotcom.org/, crawler@dotnetdotcom.org)"
208.115.111.247 - - [01/Jul/2011:02:13:31 +0200] "GET /motul-zusatzstoffe/kuhlflussigkeit.html HTTP/1.1" 200 32881 "-" "Mozilla/5.0 (compatible; DotBot/1.1; http://www.dotnetdotcom.org/, crawler@dotnetdotcom.org)"
66.249.71.241 - - [01/Jul/2011:02:17:07 +0200] "GET /motul-300v-high-rpm.html HTTP/1.1" 200 30199 "-" "Mozilla/5.0 (compatible; Googlebot/2.1; +http://www.google.com/bot.html)"
66.249.71.241 - - [01/Jul/2011:02:25:12 +0200] "GET /motul-aufkleber-30-x-7-5-cm.html HTTP/1.1" 200 29276 "-" "Mozilla/5.0 (compatible; Googlebot/2.1; +http://www.google.com/bot.html)"
66.249.71.241 - - [01/Jul/2011:02:30:35 +0200] "GET /motul-classic-motor-oil-65.html HTTP/1.1" 200 29709 "-" "Mozilla/5.0 (compatible; Googlebot/2.1; +http://www.google.com/bot.html)"
66.249.71.241 - - [01/Jul/2011:02:38:39 +0200] "GET /motul-fanshop-artikel/aufkleber/classic-aufkleber.html HTTP/1.1" 200 30212 "-" "Mozilla/5.0 (compatible; Googlebot/2.1; +http://www.google.com/bot.html)"
66.249.71.241 - - [01/Jul/2011:02:44:02 +0200] "GET /motul-gear-ff-competition.html HTTP/1.1" 200 29820 "-" "Mozilla/5.0 (compatible; Googlebot/2.1; +http://www.google.com/bot.html)"
66.249.71.241 - - [01/Jul/2011:03:05:33 +0200] "GET /motul-schmierstoffe/garten/motorenol-2-takt/garden-2t.html HTTP/1.1" 200 32079 "-" "Mozilla/5.0 (compatible; Googlebot/2.1; +http://www.google.com/bot.html)"
77.21.146.165 - - [01/Jul/2011:03:15:06 +0200] "GET /agb/ HTTP/1.1" 200 27788 "-" "findlinks/2.0.2 (+http://wortschatz.uni-leipzig.de/findlinks/)"
77.21.146.165 - - [01/Jul/2011:03:15:08 +0200] "GET /agb/ HTTP/1.1" 200 27788 "-" "findlinks/2.0.2 (+http://wortschatz.uni-leipzig.de/findlinks/)"
66.249.71.241 - - [01/Jul/2011:03:51:18 +0200] "GET /motul-schmierstoffe/marine/motorenol-2-takt/outboard-synth-2t.html HTTP/1.1" 200 32608 "-" "Mozilla/5.0 (compatible; Googlebot/2.1; +http://www.google.com/bot.html)"
66.249.71.241 - - [01/Jul/2011:03:51:28 +0200] "GET /moto-wash.html HTTP/1.1" 200 30278 "-" "Mozilla/5.0 (compatible; Googlebot/2.1; +http://www.google.com/bot.html)"
66.249.71.241 - - [01/Jul/2011:03:56:47 +0200] "GET /motul-specific-cng-lpg-5l.html HTTP/1.1" 200 30145 "-" "Mozilla/5.0 (compatible; Googlebot/2.1; +http://www.google.com/bot.html)"
66.249.71.241 - - [01/Jul/2011:03:59:46 +0200] "GET /motul-8100-x-clean-c3-1l.html HTTP/1.1" 200 30620 "-" "Mozilla/5.0 (compatible; Googlebot/2.1; +http://www.google.com/bot.html)"
89.182.1.185 - - [01/Jul/2011:04:01:25 +0200] "GET /motul-5100-4t-50.html HTTP/1.1" 200 29838 "-" "findlinks/2.0.2 (+http://wortschatz.uni-leipzig.de/findlinks/)"
89.182.1.185 - - [01/Jul/2011:04:01:27 +0200] "GET /motul-5100-4t-50.html HTTP/1.1" 200 29838 "-" "findlinks/2.0.2 (+http://wortschatz.uni-leipzig.de/findlinks/)"
66.249.71.241 - - [01/Jul/2011:04:11:26 +0200] "GET /inboard-tech-4t-85.html HTTP/1.1" 200 30745 "-" "Mozilla/5.0 (compatible; Googlebot/2.1; +http://www.google.com/bot.html)"
66.249.71.241 - - [01/Jul/2011:04:12:14 +0200] "GET /fork-oil-expert-light.html HTTP/1.1" 200 29661 "-" "Mozilla/5.0 (compatible; Googlebot/2.1; +http://www.google.com/bot.html)"
66.249.71.241 - - [01/Jul/2011:04:15:38 +0200] "GET /motul-schmierstoffe/marine/outboard-tech-4t.html HTTP/1.1" 200 32164 "-" "Mozilla/5.0 (compatible; Googlebot/2.1; +http://www.google.com/bot.html)"
208.115.111.71 - - [01/Jul/2011:04:16:17 +0200] "GET /robots.txt HTTP/1.1" 200 918 "-" "Mozilla/5.0 (compatible; Ezooms/1.0; ezooms.bot@gmail.com)"
66.249.71.241 - - [01/Jul/2011:04:21:22 +0200] "GET /moto-wash-plus.html HTTP/1.1" 200 30270 "-" "Mozilla/5.0 (compatible; Googlebot/2.1; +http://www.google.com/bot.html)"
209.160.65.104 - - [01/Jul/2011:04:22:10 +0200] "HEAD / HTTP/1.0" 200 - "-" "MS Internet Explorer"
66.249.71.241 - - [01/Jul/2011:04:38:36 +0200] "GET /race-chronometer.html HTTP/1.1" 200 29301 "-" "Mozilla/5.0 (compatible; Googlebot/2.1; +http://www.google.com/bot.html)"
66.249.71.241 - - [01/Jul/2011:04:38:51 +0200] "GET /poloshirt-herren.html HTTP/1.1" 200 36020 "-" "Mozilla/5.0 (compatible; Googlebot/2.1; +http://www.google.com/bot.html)"
67.195.115.84 - - [01/Jul/2011:04:53:30 +0200] "GET /robots.txt HTTP/1.0" 200 918 "-" "Mozilla/5.0 (compatible; Yahoo! Slurp; http://help.yahoo.com/help/us/ysearch/slurp)"
67.195.115.84 - - [01/Jul/2011:04:53:30 +0200] "GET /motul-fanshop-artikel/bekleidung/poloshirt-sw-herren.html HTTP/1.0" 200 36762 "-" "Mozilla/5.0 (compatible; Yahoo! Slurp; http://help.yahoo.com/help/us/ysearch/slurp)"
67.195.115.84 - - [01/Jul/2011:05:01:42 +0200] "GET /esso-diesel.html HTTP/1.0" 200 24115 "-" "Mozilla/5.0 (compatible; Yahoo! Slurp; http://help.yahoo.com/help/us/ysearch/slurp)"
66.249.71.241 - - [01/Jul/2011:05:02:50 +0200] "GET /motul-aufnaher-28-x-7-0-cm.html HTTP/1.1" 200 29219 "-" "Mozilla/5.0 (compatible; Googlebot/2.1; +http://www.google.com/bot.html)"
207.46.13.132 - - [01/Jul/2011:05:04:15 +0200] "GET /robots.txt HTTP/1.1" 200 918 "-" "Mozilla/5.0 (compatible; bingbot/2.0; +http://www.bing.com/bingbot.htm)"
207.46.13.132 - - [01/Jul/2011:05:08:33 +0200] "GET /agb/ HTTP/1.1" 200 27788 "-" "Mozilla/5.0 (compatible; bingbot/2.0; +http://www.bing.com/bingbot.htm)"
66.249.71.241 - - [01/Jul/2011:05:08:52 +0200] "GET /powerjet-2t.html HTTP/1.1" 200 29753 "-" "Mozilla/5.0 (compatible; Googlebot/2.1; +http://www.google.com/bot.html)"
66.249.71.241 - - [01/Jul/2011:05:10:16 +0200] "GET /softshell-weste-damen.html HTTP/1.1" 200 36044 "-" "Mozilla/5.0 (compatible; Googlebot/2.1; +http://www.google.com/bot.html)"
77.21.146.165 - - [01/Jul/2011:05:17:13 +0200] "GET /overall-mit-motul-einstickung.html HTTP/1.1" 200 36145 "-" "findlinks/2.0.2 (+http://wortschatz.uni-leipzig.de/findlinks/)"
77.21.146.165 - - [01/Jul/2011:05:17:16 +0200] "GET /overall-mit-motul-einstickung.html HTTP/1.1" 200 36145 "-" "findlinks/2.0.2 (+http://wortschatz.uni-leipzig.de/findlinks/)"
66.249.71.241 - - [01/Jul/2011:05:21:54 +0200] "GET /google82f7e8607435d80d.html HTTP/1.1" 200 53 "-" "Mozilla/5.0 (compatible; Googlebot/2.1; +http://www.google.com/bot.html)"
66.249.71.241 - - [01/Jul/2011:05:22:04 +0200] "GET /motul-dexron-iid-1l.html HTTP/1.1" 200 29940 "-" "Mozilla/5.0 (compatible; Googlebot/2.1; +http://www.google.com/bot.html)"
66.249.71.241 - - [01/Jul/2011:05:26:46 +0200] "GET /carbu-clean.html HTTP/1.1" 200 30277 "-" "Mozilla/5.0 (compatible; Googlebot/2.1; +http://www.google.com/bot.html)"
66.249.71.241 - - [01/Jul/2011:05:27:01 +0200] "GET /air-filter-clean.html HTTP/1.1" 200 29965 "-" "Mozilla/5.0 (compatible; Googlebot/2.1; +http://www.google.com/bot.html)"
66.249.71.241 - - [01/Jul/2011:05:29:19 +0200] "GET /motul-8100-x-cess-5l.html HTTP/1.1" 200 29927 "-" "Mozilla/5.0 (compatible; Googlebot/2.1; +http://www.google.com/bot.html)"
66.249.71.241 - - [01/Jul/2011:05:35:13 +0200] "GET /motul-3000-4t.html HTTP/1.1" 200 29609 "-" "Mozilla/5.0 (compatible; Googlebot/2.1; +http://www.google.com/bot.html)"
66.249.71.241 - - [01/Jul/2011:05:37:09 +0200] "GET /garden-4t-159.html HTTP/1.1" 200 29825 "-" "Mozilla/5.0 (compatible; Googlebot/2.1; +http://www.google.com/bot.html)"
66.249.71.241 - - [01/Jul/2011:05:38:42 +0200] "GET /motul-8100-x-clean-c3-5l-177.html HTTP/1.1" 200 29937 "-" "Mozilla/5.0 (compatible; Googlebot/2.1; +http://www.google.com/bot.html)"
66.249.71.241 - - [01/Jul/2011:05:48:54 +0200] "GET /tyre-repair.html HTTP/1.1" 200 29912 "-" "Mozilla/5.0 (compatible; Googlebot/2.1; +http://www.google.com/bot.html)"
66.249.71.241 - - [01/Jul/2011:05:51:08 +0200] "GET /motul-300v-4t-factory-line.html HTTP/1.1" 200 29998 "-" "Mozilla/5.0 (compatible; Googlebot/2.1; +http://www.google.com/bot.html)"
208.115.111.247 - - [01/Jul/2011:05:54:11 +0200] "GET /robots.txt HTTP/1.1" 200 918 "-" "Mozilla/5.0 (compatible; DotBot/1.1; http://www.dotnetdotcom.org/, crawler@dotnetdotcom.org)"
66.249.71.241 - - [01/Jul/2011:06:01:40 +0200] "GET /motul-specific-504-00-507-00-23.html HTTP/1.1" 200 30770 "-" "Mozilla/5.0 (compatible; Googlebot/2.1; +http://www.google.com/bot.html)"
207.46.195.240 - - [01/Jul/2011:06:03:06 +0200] "GET /robots.txt HTTP/1.1" 200 918 "-" "Mozilla/5.0 (compatible; bingbot/2.0; +http://www.bing.com/bingbot.htm)"
208.115.111.71 - - [01/Jul/2011:06:04:47 +0200] "GET /motul-schmierstoffe/snowmobile.html HTTP/1.1" 200 37642 "-" "Mozilla/5.0 (compatible; Ezooms/1.0; ezooms.bot@gmail.com)"
66.249.71.241 - - [01/Jul/2011:06:06:01 +0200] "GET /outboard-tech-4t.html HTTP/1.1" 200 30218 "-" "Mozilla/5.0 (compatible; Googlebot/2.1; +http://www.google.com/bot.html)"
66.249.71.241 - - [01/Jul/2011:06:06:15 +0200] "GET /motul-aufnaher-11-x-3-8-cm.html HTTP/1.1" 200 29213 "-" "Mozilla/5.0 (compatible; Googlebot/2.1; +http://www.google.com/bot.html)"
66.249.71.241 - - [01/Jul/2011:06:11:29 +0200] "GET /motul-8100-x-clean-c3-1l-176.html HTTP/1.1" 200 29914 "-" "Mozilla/5.0 (compatible; Googlebot/2.1; +http://www.google.com/bot.html)"
66.249.71.241 - - [01/Jul/2011:06:12:15 +0200] "GET /powerjet-4t.html HTTP/1.1" 200 29705 "-" "Mozilla/5.0 (compatible; Googlebot/2.1; +http://www.google.com/bot.html)"
207.46.195.240 - - [01/Jul/2011:06:15:27 +0200] "GET /motul-schmierstoffe/garten.html HTTP/1.1" 200 45574 "-" "Mozilla/5.0 (compatible; bingbot/2.0; +http://www.bing.com/bingbot.htm)"
66.249.71.241 - - [01/Jul/2011:06:17:58 +0200] "GET /outboard-tech-4t-81.html HTTP/1.1" 200 30225 "-" "Mozilla/5.0 (compatible; Googlebot/2.1; +http://www.google.com/bot.html)"
66.249.71.241 - - [01/Jul/2011:06:18:56 +0200] "GET /motul-schmierstoffe/motul-autoschmierstoffe/motul-auto-getriebeoel/motul-gear-300.html HTTP/1.1" 200 32529 "-" "Mozilla/5.0 (compatible; Googlebot/2.1; +http://www.google.com/bot.html)"
66.249.71.241 - - [01/Jul/2011:06:21:28 +0200] "GET /motul-snowpower-2t-1l.html HTTP/1.1" 200 31908 "-" "Mozilla/5.0 (compatible; Googlebot/2.1; +http://www.google.com/bot.html)"
66.249.71.241 - - [01/Jul/2011:06:24:40 +0200] "GET /motul-gear-300.html HTTP/1.1" 200 30085 "-" "Mozilla/5.0 (compatible; Googlebot/2.1; +http://www.google.com/bot.html)"
80.187.111.115 - - [01/Jul/2011:06:25:59 +0200] "GET / HTTP/1.1" 302 - "http://www.google.de/m/search?oe=UTF-8&client=safari&hl=de&q=Motul+300v&spell=1&ei=J0wNTtikBpKO8AOGuvLxAQ&ved=0CBQQBSgA" "Mozilla/5.0 (iPhone; U; CPU iPhone OS 4_3 like Mac OS X; de-de) AppleWebKit/534.32 (KHTML, like Gecko) Version/5.0.2 Mobile/8F190 Safari/6533.18.5"
80.187.111.115 - - [01/Jul/2011:06:26:05 +0200] "GET / HTTP/1.1" 200 21573 "http://www.google.de/m/search?oe=UTF-8&client=safari&hl=de&q=Motul+300v&spell=1&ei=J0wNTtikBpKO8AOGuvLxAQ&ved=0CBQQBSgA" "Mozilla/5.0 (iPhone; U; CPU iPhone OS 4_3 like Mac OS X; de-de) AppleWebKit/534.32 (KHTML, like Gecko) Version/5.0.2 Mobile/8F190 Safari/6533.18.5"
80.187.111.115 - - [01/Jul/2011:06:26:10 +0200] "GET /skin/frontend/esso/standard/css/widgets.css HTTP/1.1" 200 4369 "http://www.markenoele.de/" "Mozilla/5.0 (iPhone; U; CPU iPhone OS 4_3 like Mac OS X; de-de) AppleWebKit/534.32 (KHTML, like Gecko) Version/5.0.2 Mobile/8F190 Safari/6533.18.5"
80.187.111.115 - - [01/Jul/2011:06:26:10 +0200] "GET /js/scriptaculous/controls.js HTTP/1.1" 200 34797 "http://www.markenoele.de/" "Mozilla/5.0 (iPhone; U; CPU iPhone OS 4_3 like Mac OS X; de-de) AppleWebKit/534.32 (KHTML, like Gecko) Version/5.0.2 Mobile/8F190 Safari/6533.18.5"
80.187.111.115 - - [01/Jul/2011:06:26:10 +0200] "GET /js/scriptaculous/dragdrop.js HTTP/1.1" 200 31192 "http://www.markenoele.de/" "Mozilla/5.0 (iPhone; U; CPU iPhone OS 4_3 like Mac OS X; de-de) AppleWebKit/534.32 (KHTML, like Gecko) Version/5.0.2 Mobile/8F190 Safari/6533.18.5"
80.187.111.115 - - [01/Jul/2011:06:26:10 +0200] "GET /js/scriptaculous/slider.js HTTP/1.1" 200 10331 "http://www.markenoele.de/" "Mozilla/5.0 (iPhone; U; CPU iPhone OS 4_3 like Mac OS X; de-de) AppleWebKit/534.32 (KHTML, like Gecko) Version/5.0.2 Mobile/8F190 Safari/6533.18.5"
80.187.111.115 - - [01/Jul/2011:06:26:10 +0200] "GET /js/scriptaculous/effects.js HTTP/1.1" 200 38745 "http://www.markenoele.de/" "Mozilla/5.0 (iPhone; U; CPU iPhone OS 4_3 like Mac OS X; de-de) AppleWebKit/534.32 (KHTML, like Gecko) Version/5.0.2 Mobile/8F190 Safari/6533.18.5"
80.187.111.115 - - [01/Jul/2011:06:26:10 +0200] "GET /js/prototype/validation.js HTTP/1.1" 200 34677 "http://www.markenoele.de/" "Mozilla/5.0 (iPhone; U; CPU iPhone OS 4_3 like Mac OS X; de-de) AppleWebKit/534.32 (KHTML, like Gecko) Version/5.0.2 Mobile/8F190 Safari/6533.18.5"
80.187.111.115 - - [01/Jul/2011:06:26:10 +0200] "GET /js/varien/js.js HTTP/1.1" 200 16581 "http://www.markenoele.de/" "Mozilla/5.0 (iPhone; U; CPU iPhone OS 4_3 like Mac OS X; de-de) AppleWebKit/534.32 (KHTML, like Gecko) Version/5.0.2 Mobile/8F190 Safari/6533.18.5"
80.187.111.115 - - [01/Jul/2011:06:26:11 +0200] "GET /js/prototype/prototype.js HTTP/1.1" 200 129960 "http://www.markenoele.de/" "Mozilla/5.0 (iPhone; U; CPU iPhone OS 4_3 like Mac OS X; de-de) AppleWebKit/534.32 (KHTML, like Gecko) Version/5.0.2 Mobile/8F190 Safari/6533.18.5"
80.187.111.115 - - [01/Jul/2011:06:27:32 +0200] "GET /skin/frontend/esso/standard/images/search_arrow_right.png HTTP/1.1" 200 662 "http://www.markenoele.de/" "Mozilla/5.0 (iPhone; U; CPU iPhone OS 4_3 like Mac OS X; de-de) AppleWebKit/534.32 (KHTML, like Gecko) Version/5.0.2 Mobile/8F190 Safari/6533.18.5"
80.187.111.115 - - [01/Jul/2011:06:27:34 +0200] "GET /skin/frontend/esso/standard/images/bg_yellow.jpg HTTP/1.1" 200 22020 "http://www.markenoele.de/" "Mozilla/5.0 (iPhone; U; CPU iPhone OS 4_3 like Mac OS X; de-de) AppleWebKit/534.32 (KHTML, like Gecko) Version/5.0.2 Mobile/8F190 Safari/6533.18.5"
80.187.111.115 - - [01/Jul/2011:06:27:39 +0200] "GET /skin/frontend/esso/standard/css/print.css HTTP/1.1" 200 1580 "http://www.markenoele.de/" "Mozilla/5.0 (iPhone; U; CPU iPhone OS 4_3 like Mac OS X; de-de) AppleWebKit/534.32 (KHTML, like Gecko) Version/5.0.2 Mobile/8F190 Safari/6533.18.5"
66.249.71.241 - - [01/Jul/2011:06:27:44 +0200] "GET /chain-lube-factory-line.html HTTP/1.1" 200 29673 "-" "Mozilla/5.0 (compatible; Googlebot/2.1; +http://www.google.com/bot.html)"
80.187.111.115 - - [01/Jul/2011:06:28:55 +0200] "GET /js/varien/form.js HTTP/1.1" 200 11714 "http://www.markenoele.de/" "Mozilla/5.0 (iPhone; U; CPU iPhone OS 4_3 like Mac OS X; de-de) AppleWebKit/534.32 (KHTML, like Gecko) Version/5.0.2 Mobile/8F190 Safari/6533.18.5"
80.187.111.115 - - [01/Jul/2011:06:28:55 +0200] "GET /js/varien/menu.js HTTP/1.1" 200 4426 "http://www.markenoele.de/" "Mozilla/5.0 (iPhone; U; CPU iPhone OS 4_3 like Mac OS X; de-de) AppleWebKit/534.32 (KHTML, like Gecko) Version/5.0.2 Mobile/8F190 Safari/6533.18.5"
80.187.111.115 - - [01/Jul/2011:06:28:55 +0200] "GET /skin/frontend/esso/standard/css/styles.css HTTP/1.1" 200 79554 "http://www.markenoele.de/" "Mozilla/5.0 (iPhone; U; CPU iPhone OS 4_3 like Mac OS X; de-de) AppleWebKit/534.32 (KHTML, like Gecko) Version/5.0.2 Mobile/8F190 Safari/6533.18.5"
80.187.111.115 - - [01/Jul/2011:06:28:55 +0200] "GET /js/mage/translate.js HTTP/1.1" 200 1597 "http://www.markenoele.de/" "Mozilla/5.0 (iPhone; U; CPU iPhone OS 4_3 like Mac OS X; de-de) AppleWebKit/534.32 (KHTML, like Gecko) Version/5.0.2 Mobile/8F190 Safari/6533.18.5"
80.187.111.115 - - [01/Jul/2011:06:28:55 +0200] "GET /js/mage/cookies.js HTTP/1.1" 200 2615 "http://www.markenoele.de/" "Mozilla/5.0 (iPhone; U; CPU iPhone OS 4_3 like Mac OS X; de-de) AppleWebKit/534.32 (KHTML, like Gecko) Version/5.0.2 Mobile/8F190 Safari/6533.18.5"
80.187.111.115 - - [01/Jul/2011:06:28:55 +0200] "GET /js/scriptaculous/builder.js HTTP/1.1" 200 4744 "http://www.markenoele.de/" "Mozilla/5.0 (iPhone; U; CPU iPhone OS 4_3 like Mac OS X; de-de) AppleWebKit/534.32 (KHTML, like Gecko) Version/5.0.2 Mobile/8F190 Safari/6533.18.5"
80.187.111.115 - - [01/Jul/2011:06:28:56 +0200] "GET /skin/frontend/esso/standard/images/logo.png HTTP/1.1" 200 27553 "http://www.markenoele.de/" "Mozilla/5.0 (iPhone; U; CPU iPhone OS 4_3 like Mac OS X; de-de) AppleWebKit/534.32 (KHTML, like Gecko) Version/5.0.2 Mobile/8F190 Safari/6533.18.5"
80.187.111.115 - - [01/Jul/2011:06:28:56 +0200] "GET /skin/frontend/esso/standard/images/icon_lupe_sm.png HTTP/1.1" 200 1235 "http://www.markenoele.de/" "Mozilla/5.0 (iPhone; U; CPU iPhone OS 4_3 like Mac OS X; de-de) AppleWebKit/534.32 (KHTML, like Gecko) Version/5.0.2 Mobile/8F190 Safari/6533.18.5"
80.187.111.115 - - [01/Jul/2011:06:28:56 +0200] "GET /skin/frontend/esso/standard/images/tropf-sm.png HTTP/1.1" 200 1179 "http://www.markenoele.de/" "Mozilla/5.0 (iPhone; U; CPU iPhone OS 4_3 like Mac OS X; de-de) AppleWebKit/534.32 (KHTML, like Gecko) Version/5.0.2 Mobile/8F190 Safari/6533.18.5"
80.187.111.115 - - [01/Jul/2011:06:28:57 +0200] "GET /skin/frontend/esso/standard/images/siegel.gif HTTP/1.1" 200 3150 "http://www.markenoele.de/" "Mozilla/5.0 (iPhone; U; CPU iPhone OS 4_3 like Mac OS X; de-de) AppleWebKit/534.32 (KHTML, like Gecko) Version/5.0.2 Mobile/8F190 Safari/6533.18.5"
80.187.111.115 - - [01/Jul/2011:06:28:57 +0200] "GET /skin/frontend/esso/standard/images/akt-art-sm.png HTTP/1.1" 200 1091 "http://www.markenoele.de/" "Mozilla/5.0 (iPhone; U; CPU iPhone OS 4_3 like Mac OS X; de-de) AppleWebKit/534.32 (KHTML, like Gecko) Version/5.0.2 Mobile/8F190 Safari/6533.18.5"
80.187.111.115 - - [01/Jul/2011:06:28:57 +0200] "GET /skin/frontend/esso/standard/images/motul_pflege_teaser.png HTTP/1.1" 200 15151 "http://www.markenoele.de/" "Mozilla/5.0 (iPhone; U; CPU iPhone OS 4_3 like Mac OS X; de-de) AppleWebKit/534.32 (KHTML, like Gecko) Version/5.0.2 Mobile/8F190 Safari/6533.18.5"
80.187.111.115 - - [01/Jul/2011:06:30:14 +0200] "GET /motul-schmierstoffe.html HTTP/1.1" 200 49386 "http://www.markenoele.de/" "Mozilla/5.0 (iPhone; U; CPU iPhone OS 4_3 like Mac OS X; de-de) AppleWebKit/534.32 (KHTML, like Gecko) Version/5.0.2 Mobile/8F190 Safari/6533.18.5"
80.187.111.115 - - [01/Jul/2011:06:30:20 +0200] "GET /js/scriptaculous/builder.js HTTP/1.1" 200 4744 "http://www.markenoele.de/motul-schmierstoffe.html" "Mozilla/5.0 (iPhone; U; CPU iPhone OS 4_3 like Mac OS X; de-de) AppleWebKit/534.32 (KHTML, like Gecko) Version/5.0.2 Mobile/8F190 Safari/6533.18.5"
80.187.111.115 - - [01/Jul/2011:06:30:21 +0200] "GET /js/varien/form.js HTTP/1.1" 200 11714 "http://www.markenoele.de/motul-schmierstoffe.html" "Mozilla/5.0 (iPhone; U; CPU iPhone OS 4_3 like Mac OS X; de-de) AppleWebKit/534.32 (KHTML, like Gecko) Version/5.0.2 Mobile/8F190 Safari/6533.18.5"
80.187.111.115 - - [01/Jul/2011:06:30:22 +0200] "GET /js/varien/menu.js HTTP/1.1" 200 4426 "http://www.markenoele.de/motul-schmierstoffe.html" "Mozilla/5.0 (iPhone; U; CPU iPhone OS 4_3 like Mac OS X; de-de) AppleWebKit/534.32 (KHTML, like Gecko) Version/5.0.2 Mobile/8F190 Safari/6533.18.5"
80.187.111.115 - - [01/Jul/2011:06:30:22 +0200] "GET /skin/frontend/esso/standard/images/logo.png HTTP/1.1" 200 27553 "http://www.markenoele.de/motul-schmierstoffe.html" "Mozilla/5.0 (iPhone; U; CPU iPhone OS 4_3 like Mac OS X; de-de) AppleWebKit/534.32 (KHTML, like Gecko) Version/5.0.2 Mobile/8F190 Safari/6533.18.5"
80.187.111.115 - - [01/Jul/2011:06:30:22 +0200] "GET /skin/frontend/esso/standard/images/icon_lupe_sm.png HTTP/1.1" 200 1235 "http://www.markenoele.de/motul-schmierstoffe.html" "Mozilla/5.0 (iPhone; U; CPU iPhone OS 4_3 like Mac OS X; de-de) AppleWebKit/534.32 (KHTML, like Gecko) Version/5.0.2 Mobile/8F190 Safari/6533.18.5"
80.187.111.115 - - [01/Jul/2011:06:30:23 +0200] "GET /js/mage/translate.js HTTP/1.1" 200 1597 "http://www.markenoele.de/motul-schmierstoffe.html" "Mozilla/5.0 (iPhone; U; CPU iPhone OS 4_3 like Mac OS X; de-de) AppleWebKit/534.32 (KHTML, like Gecko) Version/5.0.2 Mobile/8F190 Safari/6533.18.5"
80.187.111.115 - - [01/Jul/2011:06:30:23 +0200] "GET /skin/frontend/esso/standard/images/tropf-sm.png HTTP/1.1" 200 1179 "http://www.markenoele.de/motul-schmierstoffe.html" "Mozilla/5.0 (iPhone; U; CPU iPhone OS 4_3 like Mac OS X; de-de) AppleWebKit/534.32 (KHTML, like Gecko) Version/5.0.2 Mobile/8F190 Safari/6533.18.5"
80.187.111.115 - - [01/Jul/2011:06:30:23 +0200] "GET /skin/frontend/esso/standard/images/akt-art-sm.png HTTP/1.1" 200 1091 "http://www.markenoele.de/motul-schmierstoffe.html" "Mozilla/5.0 (iPhone; U; CPU iPhone OS 4_3 like Mac OS X; de-de) AppleWebKit/534.32 (KHTML, like Gecko) Version/5.0.2 Mobile/8F190 Safari/6533.18.5"
80.187.111.115 - - [01/Jul/2011:06:30:23 +0200] "GET /js/mage/cookies.js HTTP/1.1" 200 2615 "http://www.markenoele.de/motul-schmierstoffe.html" "Mozilla/5.0 (iPhone; U; CPU iPhone OS 4_3 like Mac OS X; de-de) AppleWebKit/534.32 (KHTML, like Gecko) Version/5.0.2 Mobile/8F190 Safari/6533.18.5"
80.187.111.115 - - [01/Jul/2011:06:30:24 +0200] "GET /skin/frontend/esso/standard/images/i_pager-next.gif HTTP/1.1" 200 158 "http://www.markenoele.de/motul-schmierstoffe.html" "Mozilla/5.0 (iPhone; U; CPU iPhone OS 4_3 like Mac OS X; de-de) AppleWebKit/534.32 (KHTML, like Gecko) Version/5.0.2 Mobile/8F190 Safari/6533.18.5"
80.187.111.115 - - [01/Jul/2011:06:30:25 +0200] "GET /media/catalog/product/cache/2/small_image/170x/9df78eab33525d08d6e5fb8d27136e95/8/1/8100_x-cess_5w40_1l.jpg HTTP/1.1" 200 7747 "http://www.markenoele.de/motul-schmierstoffe.html" "Mozilla/5.0 (iPhone; U; CPU iPhone OS 4_3 like Mac OS X; de-de) AppleWebKit/534.32 (KHTML, like Gecko) Version/5.0.2 Mobile/8F190 Safari/6533.18.5"
80.187.111.115 - - [01/Jul/2011:06:30:25 +0200] "GET /media/catalog/product/cache/2/small_image/170x/9df78eab33525d08d6e5fb8d27136e95/4/1/4100_power-15w50_5l.jpg HTTP/1.1" 200 8384 "http://www.markenoele.de/motul-schmierstoffe.html" "Mozilla/5.0 (iPhone; U; CPU iPhone OS 4_3 like Mac OS X; de-de) AppleWebKit/534.32 (KHTML, like Gecko) Version/5.0.2 Mobile/8F190 Safari/6533.18.5"
80.187.111.115 - - [01/Jul/2011:06:30:28 +0200] "GET /media/catalog/product/cache/2/small_image/170x/9df78eab33525d08d6e5fb8d27136e95/8/1/8100_xclean_5w40_1l.jpg HTTP/1.1" 200 7941 "http://www.markenoele.de/motul-schmierstoffe.html" "Mozilla/5.0 (iPhone; U; CPU iPhone OS 4_3 like Mac OS X; de-de) AppleWebKit/534.32 (KHTML, like Gecko) Version/5.0.2 Mobile/8F190 Safari/6533.18.5"
80.187.111.115 - - [01/Jul/2011:06:30:30 +0200] "GET /media/catalog/product/cache/2/small_image/170x/9df78eab33525d08d6e5fb8d27136e95/8/1/8100_xclean_5w40_5l.jpg HTTP/1.1" 200 8644 "http://www.markenoele.de/motul-schmierstoffe.html" "Mozilla/5.0 (iPhone; U; CPU iPhone OS 4_3 like Mac OS X; de-de) AppleWebKit/534.32 (KHTML, like Gecko) Version/5.0.2 Mobile/8F190 Safari/6533.18.5"
80.187.111.115 - - [01/Jul/2011:06:30:32 +0200] "GET /media/catalog/product/cache/2/small_image/170x/9df78eab33525d08d6e5fb8d27136e95/s/p/specific_cng_lpg_1l.jpg HTTP/1.1" 200 8019 "http://www.markenoele.de/motul-schmierstoffe.html" "Mozilla/5.0 (iPhone; U; CPU iPhone OS 4_3 like Mac OS X; de-de) AppleWebKit/534.32 (KHTML, like Gecko) Version/5.0.2 Mobile/8F190 Safari/6533.18.5"
80.187.111.115 - - [01/Jul/2011:06:30:36 +0200] "GET /skin/frontend/esso/standard/images/siegel.gif HTTP/1.1" 200 3150 "http://www.markenoele.de/motul-schmierstoffe.html" "Mozilla/5.0 (iPhone; U; CPU iPhone OS 4_3 like Mac OS X; de-de) AppleWebKit/534.32 (KHTML, like Gecko) Version/5.0.2 Mobile/8F190 Safari/6533.18.5"
80.187.111.115 - - [01/Jul/2011:06:30:37 +0200] "GET /skin/frontend/esso/standard/images/motul_pflege_teaser.png HTTP/1.1" 200 15151 "http://www.markenoele.de/motul-schmierstoffe.html" "Mozilla/5.0 (iPhone; U; CPU iPhone OS 4_3 like Mac OS X; de-de) AppleWebKit/534.32 (KHTML, like Gecko) Version/5.0.2 Mobile/8F190 Safari/6533.18.5"
80.187.111.115 - - [01/Jul/2011:06:30:21 +0200] "GET /skin/frontend/esso/standard/css/styles.css HTTP/1.1" 200 79554 "http://www.markenoele.de/motul-schmierstoffe.html" "Mozilla/5.0 (iPhone; U; CPU iPhone OS 4_3 like Mac OS X; de-de) AppleWebKit/534.32 (KHTML, like Gecko) Version/5.0.2 Mobile/8F190 Safari/6533.18.5"
80.187.111.115 - - [01/Jul/2011:06:30:54 +0200] "GET /skin/frontend/esso/standard/images/bkg_toolbar.gif HTTP/1.1" 200 154 "http://www.markenoele.de/motul-schmierstoffe.html" "Mozilla/5.0 (iPhone; U; CPU iPhone OS 4_3 like Mac OS X; de-de) AppleWebKit/534.32 (KHTML, like Gecko) Version/5.0.2 Mobile/8F190 Safari/6533.18.5"
80.187.111.115 - - [01/Jul/2011:06:30:55 +0200] "GET /skin/frontend/esso/standard/images/bkg_btn.png HTTP/1.1" 200 890 "http://www.markenoele.de/motul-schmierstoffe.html" "Mozilla/5.0 (iPhone; U; CPU iPhone OS 4_3 like Mac OS X; de-de) AppleWebKit/534.32 (KHTML, like Gecko) Version/5.0.2 Mobile/8F190 Safari/6533.18.5"
80.187.111.115 - - [01/Jul/2011:06:30:55 +0200] "GET /media/catalog/product/cache/2/small_image/170x/9df78eab33525d08d6e5fb8d27136e95/6/1/6100_synergieplus_10w40_1l.jpg HTTP/1.1" 200 7991 "http://www.markenoele.de/motul-schmierstoffe.html" "Mozilla/5.0 (iPhone; U; CPU iPhone OS 4_3 like Mac OS X; de-de) AppleWebKit/534.32 (KHTML, like Gecko) Version/5.0.2 Mobile/8F190 Safari/6533.18.5"
80.187.111.115 - - [01/Jul/2011:06:30:55 +0200] "GET /media/catalog/product/cache/2/small_image/170x/9df78eab33525d08d6e5fb8d27136e95/8/1/8100_x-cess_5w40_5l.jpg HTTP/1.1" 200 8326 "http://www.markenoele.de/motul-schmierstoffe.html" "Mozilla/5.0 (iPhone; U; CPU iPhone OS 4_3 like Mac OS X; de-de) AppleWebKit/534.32 (KHTML, like Gecko) Version/5.0.2 Mobile/8F190 Safari/6533.18.5"
80.187.111.115 - - [01/Jul/2011:06:30:56 +0200] "GET /skin/frontend/esso/standard/images/bkg_pipe1.gif HTTP/1.1" 200 44 "http://www.markenoele.de/motul-schmierstoffe.html" "Mozilla/5.0 (iPhone; U; CPU iPhone OS 4_3 like Mac OS X; de-de) AppleWebKit/534.32 (KHTML, like Gecko) Version/5.0.2 Mobile/8F190 Safari/6533.18.5"
80.187.111.115 - - [01/Jul/2011:06:31:32 +0200] "GET /motul-schmierstoffe/motul-autoschmierstoffe.html HTTP/1.1" 200 51511 "http://www.markenoele.de/motul-schmierstoffe.html" "Mozilla/5.0 (iPhone; U; CPU iPhone OS 4_3 like Mac OS X; de-de) AppleWebKit/534.32 (KHTML, like Gecko) Version/5.0.2 Mobile/8F190 Safari/6533.18.5"
80.187.111.115 - - [01/Jul/2011:06:31:41 +0200] "GET /media/catalog/product/cache/2/small_image/170x/9df78eab33525d08d6e5fb8d27136e95/6/1/6100_synergieplus_10w40_5l.jpg HTTP/1.1" 200 8701 "http://www.markenoele.de/motul-schmierstoffe/motul-autoschmierstoffe.html" "Mozilla/5.0 (iPhone; U; CPU iPhone OS 4_3 like Mac OS X; de-de) AppleWebKit/534.32 (KHTML, like Gecko) Version/5.0.2 Mobile/8F190 Safari/6533.18.5"
80.187.111.115 - - [01/Jul/2011:06:31:42 +0200] "GET /skin/frontend/esso/standard/images/i_asc_arrow.gif HTTP/1.1" 200 115 "http://www.markenoele.de/motul-schmierstoffe/motul-autoschmierstoffe.html" "Mozilla/5.0 (iPhone; U; CPU iPhone OS 4_3 like Mac OS X; de-de) AppleWebKit/534.32 (KHTML, like Gecko) Version/5.0.2 Mobile/8F190 Safari/6533.18.5"
80.187.111.115 - - [01/Jul/2011:06:31:42 +0200] "GET /media/catalog/product/cache/2/small_image/170x/9df78eab33525d08d6e5fb8d27136e95/4/1/4100_power_15w50_1l.jpg HTTP/1.1" 200 7710 "http://www.markenoele.de/motul-schmierstoffe/motul-autoschmierstoffe.html" "Mozilla/5.0 (iPhone; U; CPU iPhone OS 4_3 like Mac OS X; de-de) AppleWebKit/534.32 (KHTML, like Gecko) Version/5.0.2 Mobile/8F190 Safari/6533.18.5"
80.187.111.115 - - [01/Jul/2011:06:32:17 +0200] "GET /motul-schmierstoffe/motul-autoschmierstoffe/motul-auto-motorenoel.html HTTP/1.1" 200 53341 "http://www.markenoele.de/motul-schmierstoffe/motul-autoschmierstoffe.html" "Mozilla/5.0 (iPhone; U; CPU iPhone OS 4_3 like Mac OS X; de-de) AppleWebKit/534.32 (KHTML, like Gecko) Version/5.0.2 Mobile/8F190 Safari/6533.18.5"
80.187.111.115 - - [01/Jul/2011:06:32:44 +0200] "GET /motul-schmierstoffe/motul-autoschmierstoffe/motul-auto-motorenoel.html?dir=asc&order=viskositaet HTTP/1.1" 200 54086 "http://www.markenoele.de/motul-schmierstoffe/motul-autoschmierstoffe/motul-auto-motorenoel.html" "Mozilla/5.0 (iPhone; U; CPU iPhone OS 4_3 like Mac OS X; de-de) AppleWebKit/534.32 (KHTML, like Gecko) Version/5.0.2 Mobile/8F190 Safari/6533.18.5"
80.187.111.115 - - [01/Jul/2011:06:32:52 +0200] "GET /media/catalog/product/cache/2/small_image/170x/9df78eab33525d08d6e5fb8d27136e95/8/1/8100_xlite_0w30_1l.jpg HTTP/1.1" 200 7990 "http://www.markenoele.de/motul-schmierstoffe/motul-autoschmierstoffe/motul-auto-motorenoel.html?dir=asc&order=viskositaet" "Mozilla/5.0 (iPhone; U; CPU iPhone OS 4_3 like Mac OS X; de-de) AppleWebKit/534.32 (KHTML, like Gecko) Version/5.0.2 Mobile/8F190 Safari/6533.18.5"
80.187.111.115 - - [01/Jul/2011:06:32:52 +0200] "GET /media/catalog/product/cache/2/small_image/170x/9df78eab33525d08d6e5fb8d27136e95/s/p/specific_506-01_0w30_1l.jpg HTTP/1.1" 200 7425 "http://www.markenoele.de/motul-schmierstoffe/motul-autoschmierstoffe/motul-auto-motorenoel.html?dir=asc&order=viskositaet" "Mozilla/5.0 (iPhone; U; CPU iPhone OS 4_3 like Mac OS X; de-de) AppleWebKit/534.32 (KHTML, like Gecko) Version/5.0.2 Mobile/8F190 Safari/6533.18.5"
80.187.111.115 - - [01/Jul/2011:06:32:52 +0200] "GET /media/catalog/product/cache/2/small_image/170x/9df78eab33525d08d6e5fb8d27136e95/8/1/8100_xlite_0w30_5l.jpg HTTP/1.1" 200 8560 "http://www.markenoele.de/motul-schmierstoffe/motul-autoschmierstoffe/motul-auto-motorenoel.html?dir=asc&order=viskositaet" "Mozilla/5.0 (iPhone; U; CPU iPhone OS 4_3 like Mac OS X; de-de) AppleWebKit/534.32 (KHTML, like Gecko) Version/5.0.2 Mobile/8F190 Safari/6533.18.5"
80.187.111.115 - - [01/Jul/2011:06:32:55 +0200] "GET /media/catalog/product/cache/2/small_image/170x/9df78eab33525d08d6e5fb8d27136e95/s/p/specific_504-00_507-00_5w30_5l_1.jpg HTTP/1.1" 200 9251 "http://www.markenoele.de/motul-schmierstoffe/motul-autoschmierstoffe/motul-auto-motorenoel.html?dir=asc&order=viskositaet" "Mozilla/5.0 (iPhone; U; CPU iPhone OS 4_3 like Mac OS X; de-de) AppleWebKit/534.32 (KHTML, like Gecko) Version/5.0.2 Mobile/8F190 Safari/6533.18.5"
80.187.111.115 - - [01/Jul/2011:06:33:09 +0200] "GET /media/catalog/product/cache/2/small_image/170x/9df78eab33525d08d6e5fb8d27136e95/4/1/4100_power_15w50_1l.jpg HTTP/1.1" 200 7710 "http://www.markenoele.de/motul-schmierstoffe.html" "Mozilla/5.0 (iPhone; U; CPU iPhone OS 4_3 like Mac OS X; de-de) AppleWebKit/534.32 (KHTML, like Gecko) Version/5.0.2 Mobile/8F190 Safari/6533.18.5"
80.187.111.115 - - [01/Jul/2011:06:33:10 +0200] "GET /media/catalog/product/cache/2/small_image/170x/9df78eab33525d08d6e5fb8d27136e95/6/1/6100_synergieplus_10w40_5l.jpg HTTP/1.1" 200 8701 "http://www.markenoele.de/motul-schmierstoffe.html" "Mozilla/5.0 (iPhone; U; CPU iPhone OS 4_3 like Mac OS X; de-de) AppleWebKit/534.32 (KHTML, like Gecko) Version/5.0.2 Mobile/8F190 Safari/6533.18.5"
80.187.111.115 - - [01/Jul/2011:06:33:10 +0200] "GET /skin/frontend/esso/standard/images/i_asc_arrow.gif HTTP/1.1" 200 115 "http://www.markenoele.de/motul-schmierstoffe.html" "Mozilla/5.0 (iPhone; U; CPU iPhone OS 4_3 like Mac OS X; de-de) AppleWebKit/534.32 (KHTML, like Gecko) Version/5.0.2 Mobile/8F190 Safari/6533.18.5"
80.187.111.115 - - [01/Jul/2011:06:33:36 +0200] "GET /media/catalog/product/cache/2/small_image/170x/9df78eab33525d08d6e5fb8d27136e95/s/p/specific_229.51_1l.jpg HTTP/1.1" 200 7869 "http://www.markenoele.de/motul-schmierstoffe/motul-autoschmierstoffe/motul-auto-motorenoel.html?dir=asc&limit=all&order=viskositaet" "Mozilla/5.0 (iPhone; U; CPU iPhone OS 4_3 like Mac OS X; de-de) AppleWebKit/534.32 (KHTML, like Gecko) Version/5.0.2 Mobile/8F190 Safari/6533.18.5"
80.187.111.115 - - [01/Jul/2011:06:33:28 +0200] "GET /motul-schmierstoffe/motul-autoschmierstoffe/motul-auto-motorenoel.html?dir=asc&limit=all&order=viskositaet HTTP/1.1" 200 99045 "http://www.markenoele.de/motul-schmierstoffe/motul-autoschmierstoffe/motul-auto-motorenoel.html?dir=asc&order=viskositaet" "Mozilla/5.0 (iPhone; U; CPU iPhone OS 4_3 like Mac OS X; de-de) AppleWebKit/534.32 (KHTML, like Gecko) Version/5.0.2 Mobile/8F190 Safari/6533.18.5"
80.187.111.115 - - [01/Jul/2011:06:33:37 +0200] "GET /media/catalog/product/cache/2/small_image/170x/9df78eab33525d08d6e5fb8d27136e95/8/1/8100_x-clean_c3_5w30_1l_1.jpg HTTP/1.1" 200 8120 "http://www.markenoele.de/motul-schmierstoffe/motul-autoschmierstoffe/motul-auto-motorenoel.html?dir=asc&limit=all&order=viskositaet" "Mozilla/5.0 (iPhone; U; CPU iPhone OS 4_3 like Mac OS X; de-de) AppleWebKit/534.32 (KHTML, like Gecko) Version/5.0.2 Mobile/8F190 Safari/6533.18.5"
80.187.111.115 - - [01/Jul/2011:06:33:37 +0200] "GET /media/catalog/product/cache/2/small_image/170x/9df78eab33525d08d6e5fb8d27136e95/8/1/8100_ecoclean_5w30_5l.jpg HTTP/1.1" 200 8617 "http://www.markenoele.de/motul-schmierstoffe/motul-autoschmierstoffe/motul-auto-motorenoel.html?dir=asc&limit=all&order=viskositaet" "Mozilla/5.0 (iPhone; U; CPU iPhone OS 4_3 like Mac OS X; de-de) AppleWebKit/534.32 (KHTML, like Gecko) Version/5.0.2 Mobile/8F190 Safari/6533.18.5"
80.187.111.115 - - [01/Jul/2011:06:33:41 +0200] "GET /media/catalog/product/cache/2/small_image/170x/9df78eab33525d08d6e5fb8d27136e95/s/p/specific_504-00_507-00_5w30_5l.jpg HTTP/1.1" 200 9251 "http://www.markenoele.de/motul-schmierstoffe/motul-autoschmierstoffe/motul-auto-motorenoel.html?dir=asc&limit=all&order=viskositaet" "Mozilla/5.0 (iPhone; U; CPU iPhone OS 4_3 like Mac OS X; de-de) AppleWebKit/534.32 (KHTML, like Gecko) Version/5.0.2 Mobile/8F190 Safari/6533.18.5"
80.187.111.115 - - [01/Jul/2011:06:33:41 +0200] "GET /media/catalog/product/cache/2/small_image/170x/9df78eab33525d08d6e5fb8d27136e95/f/i/file_2.jpg HTTP/1.1" 200 8679 "http://www.markenoele.de/motul-schmierstoffe/motul-autoschmierstoffe/motul-auto-motorenoel.html?dir=asc&limit=all&order=viskositaet" "Mozilla/5.0 (iPhone; U; CPU iPhone OS 4_3 like Mac OS X; de-de) AppleWebKit/534.32 (KHTML, like Gecko) Version/5.0.2 Mobile/8F190 Safari/6533.18.5"
80.187.111.115 - - [01/Jul/2011:06:33:42 +0200] "GET /media/catalog/product/cache/2/small_image/170x/9df78eab33525d08d6e5fb8d27136e95/s/p/specific_913c_5w30_5l.jpg HTTP/1.1" 200 8815 "http://www.markenoele.de/motul-schmierstoffe/motul-autoschmierstoffe/motul-auto-motorenoel.html?dir=asc&limit=all&order=viskositaet" "Mozilla/5.0 (iPhone; U; CPU iPhone OS 4_3 like Mac OS X; de-de) AppleWebKit/534.32 (KHTML, like Gecko) Version/5.0.2 Mobile/8F190 Safari/6533.18.5"
80.187.111.115 - - [01/Jul/2011:06:33:44 +0200] "GET /media/catalog/product/cache/2/small_image/170x/9df78eab33525d08d6e5fb8d27136e95/s/p/specific_cng_lpl_5l.jpg HTTP/1.1" 200 9255 "http://www.markenoele.de/motul-schmierstoffe/motul-autoschmierstoffe/motul-auto-motorenoel.html?dir=asc&limit=all&order=viskositaet" "Mozilla/5.0 (iPhone; U; CPU iPhone OS 4_3 like Mac OS X; de-de) AppleWebKit/534.32 (KHTML, like Gecko) Version/5.0.2 Mobile/8F190 Safari/6533.18.5"
80.187.111.115 - - [01/Jul/2011:06:33:44 +0200] "GET /media/catalog/product/cache/2/small_image/170x/9df78eab33525d08d6e5fb8d27136e95/s/p/specific_913c_5w30_1l.jpg HTTP/1.1" 200 7950 "http://www.markenoele.de/motul-schmierstoffe/motul-autoschmierstoffe/motul-auto-motorenoel.html?dir=asc&limit=all&order=viskositaet" "Mozilla/5.0 (iPhone; U; CPU iPhone OS 4_3 like Mac OS X; de-de) AppleWebKit/534.32 (KHTML, like Gecko) Version/5.0.2 Mobile/8F190 Safari/6533.18.5"
80.187.111.115 - - [01/Jul/2011:06:34:58 +0200] "GET /motul-schmierstoffe/motorsport.html HTTP/1.1" 200 58186 "http://www.markenoele.de/motul-schmierstoffe/motul-autoschmierstoffe/motul-auto-motorenoel.html?dir=asc&limit=all&order=viskositaet" "Mozilla/5.0 (iPhone; U; CPU iPhone OS 4_3 like Mac OS X; de-de) AppleWebKit/534.32 (KHTML, like Gecko) Version/5.0.2 Mobile/8F190 Safari/6533.18.5"
80.187.111.115 - - [01/Jul/2011:06:35:06 +0200] "GET /media/catalog/product/cache/2/small_image/170x/9df78eab33525d08d6e5fb8d27136e95/8/0/800-2t_fl_road_racing_1l_front.jpg HTTP/1.1" 200 6851 "http://www.markenoele.de/motul-schmierstoffe/motorsport.html" "Mozilla/5.0 (iPhone; U; CPU iPhone OS 4_3 like Mac OS X; de-de) AppleWebKit/534.32 (KHTML, like Gecko) Version/5.0.2 Mobile/8F190 Safari/6533.18.5"
80.187.111.115 - - [01/Jul/2011:06:35:06 +0200] "GET /media/catalog/product/cache/2/small_image/170x/9df78eab33525d08d6e5fb8d27136e95/3/0/300v_high_rpm_0w20.jpg HTTP/1.1" 200 10594 "http://www.markenoele.de/motul-schmierstoffe/motorsport.html" "Mozilla/5.0 (iPhone; U; CPU iPhone OS 4_3 like Mac OS X; de-de) AppleWebKit/534.32 (KHTML, like Gecko) Version/5.0.2 Mobile/8F190 Safari/6533.18.5"
80.187.111.115 - - [01/Jul/2011:06:35:06 +0200] "GET /media/catalog/product/cache/2/small_image/170x/9df78eab33525d08d6e5fb8d27136e95/3/0/300v_fl_15w50_1l_front.jpg HTTP/1.1" 200 7345 "http://www.markenoele.de/motul-schmierstoffe/motorsport.html" "Mozilla/5.0 (iPhone; U; CPU iPhone OS 4_3 like Mac OS X; de-de) AppleWebKit/534.32 (KHTML, like Gecko) Version/5.0.2 Mobile/8F190 Safari/6533.18.5"
80.187.111.115 - - [01/Jul/2011:06:35:07 +0200] "GET /media/catalog/product/cache/2/small_image/170x/9df78eab33525d08d6e5fb8d27136e95/3/0/300v_competition_15w50.jpg HTTP/1.1" 200 10714 "http://www.markenoele.de/motul-schmierstoffe/motorsport.html" "Mozilla/5.0 (iPhone; U; CPU iPhone OS 4_3 like Mac OS X; de-de) AppleWebKit/534.32 (KHTML, like Gecko) Version/5.0.2 Mobile/8F190 Safari/6533.18.5"
80.187.111.115 - - [01/Jul/2011:06:35:07 +0200] "GET /media/catalog/product/cache/2/small_image/170x/9df78eab33525d08d6e5fb8d27136e95/3/0/300v_competition_15w50_1.jpg HTTP/1.1" 200 10714 "http://www.markenoele.de/motul-schmierstoffe/motorsport.html" "Mozilla/5.0 (iPhone; U; CPU iPhone OS 4_3 like Mac OS X; de-de) AppleWebKit/534.32 (KHTML, like Gecko) Version/5.0.2 Mobile/8F190 Safari/6533.18.5"
80.187.111.115 - - [01/Jul/2011:06:35:07 +0200] "GET /media/catalog/product/cache/2/small_image/170x/9df78eab33525d08d6e5fb8d27136e95/3/0/300v_fl_10w40_1l_front.jpg HTTP/1.1" 200 7391 "http://www.markenoele.de/motul-schmierstoffe/motorsport.html" "Mozilla/5.0 (iPhone; U; CPU iPhone OS 4_3 like Mac OS X; de-de) AppleWebKit/534.32 (KHTML, like Gecko) Version/5.0.2 Mobile/8F190 Safari/6533.18.5"
80.187.111.115 - - [01/Jul/2011:06:35:10 +0200] "GET /media/catalog/product/cache/2/small_image/170x/9df78eab33525d08d6e5fb8d27136e95/3/0/300v_le_mans_20w60.jpg HTTP/1.1" 200 10566 "http://www.markenoele.de/motul-schmierstoffe/motorsport.html" "Mozilla/5.0 (iPhone; U; CPU iPhone OS 4_3 like Mac OS X; de-de) AppleWebKit/534.32 (KHTML, like Gecko) Version/5.0.2 Mobile/8F190 Safari/6533.18.5"
80.187.111.115 - - [01/Jul/2011:06:35:39 +0200] "GET /media/catalog/product/cache/2/small_image/170x/9df78eab33525d08d6e5fb8d27136e95/s/p/specific_229.51_1l.jpg HTTP/1.1" 200 7869 "http://www.markenoele.de/motul-schmierstoffe/motul-autoschmierstoffe/motul-auto-motorenoel.html?dir=asc&order=viskositaet" "Mozilla/5.0 (iPhone; U; CPU iPhone OS 4_3 like Mac OS X; de-de) AppleWebKit/534.32 (KHTML, like Gecko) Version/5.0.2 Mobile/8F190 Safari/6533.18.5"
80.187.111.115 - - [01/Jul/2011:06:36:22 +0200] "GET /media/catalog/product/cache/2/small_image/170x/9df78eab33525d08d6e5fb8d27136e95/s/p/specific_504-00_507-00_5w30_1l.jpg HTTP/1.1" 200 7662 "http://www.markenoele.de/motul-schmierstoffe/motul-autoschmierstoffe/motul-auto-motorenoel.html?dir=asc&limit=all&order=viskositaet" "Mozilla/5.0 (iPhone; U; CPU iPhone OS 4_3 like Mac OS X; de-de) AppleWebKit/534.32 (KHTML, like Gecko) Version/5.0.2 Mobile/8F190 Safari/6533.18.5"
80.187.111.115 - - [01/Jul/2011:06:36:24 +0200] "GET /media/catalog/product/cache/2/small_image/170x/9df78eab33525d08d6e5fb8d27136e95/s/p/specific_llab025_5w30_1l.jpg HTTP/1.1" 200 7404 "http://www.markenoele.de/motul-schmierstoffe/motul-autoschmierstoffe/motul-auto-motorenoel.html?dir=asc&limit=all&order=viskositaet" "Mozilla/5.0 (iPhone; U; CPU iPhone OS 4_3 like Mac OS X; de-de) AppleWebKit/534.32 (KHTML, like Gecko) Version/5.0.2 Mobile/8F190 Safari/6533.18.5"
80.187.111.115 - - [01/Jul/2011:06:36:26 +0200] "GET /media/catalog/product/cache/2/small_image/170x/9df78eab33525d08d6e5fb8d27136e95/8/1/8100_ecocleanplus_5w30_5l.jpg HTTP/1.1" 200 8771 "http://www.markenoele.de/motul-schmierstoffe/motul-autoschmierstoffe/motul-auto-motorenoel.html?dir=asc&limit=all&order=viskositaet" "Mozilla/5.0 (iPhone; U; CPU iPhone OS 4_3 like Mac OS X; de-de) AppleWebKit/534.32 (KHTML, like Gecko) Version/5.0.2 Mobile/8F190 Safari/6533.18.5"
80.187.111.115 - - [01/Jul/2011:06:36:26 +0200] "GET /media/catalog/product/cache/2/small_image/170x/9df78eab33525d08d6e5fb8d27136e95/8/1/8100_ecocleanplus_5w30_1l.jpg HTTP/1.1" 200 7951 "http://www.markenoele.de/motul-schmierstoffe/motul-autoschmierstoffe/motul-auto-motorenoel.html?dir=asc&limit=all&order=viskositaet" "Mozilla/5.0 (iPhone; U; CPU iPhone OS 4_3 like Mac OS X; de-de) AppleWebKit/534.32 (KHTML, like Gecko) Version/5.0.2 Mobile/8F190 Safari/6533.18.5"
80.187.111.115 - - [01/Jul/2011:06:36:27 +0200] "GET /media/catalog/product/cache/2/small_image/170x/9df78eab33525d08d6e5fb8d27136e95/f/i/file.jpg HTTP/1.1" 200 8178 "http://www.markenoele.de/motul-schmierstoffe/motul-autoschmierstoffe/motul-auto-motorenoel.html?dir=asc&limit=all&order=viskositaet" "Mozilla/5.0 (iPhone; U; CPU iPhone OS 4_3 like Mac OS X; de-de) AppleWebKit/534.32 (KHTML, like Gecko) Version/5.0.2 Mobile/8F190 Safari/6533.18.5"
80.187.111.115 - - [01/Jul/2011:06:36:27 +0200] "GET /media/catalog/product/cache/2/small_image/170x/9df78eab33525d08d6e5fb8d27136e95/8/1/8100_ecoclean_5w30_1l.jpg HTTP/1.1" 200 8026 "http://www.markenoele.de/motul-schmierstoffe/motul-autoschmierstoffe/motul-auto-motorenoel.html?dir=asc&limit=all&order=viskositaet" "Mozilla/5.0 (iPhone; U; CPU iPhone OS 4_3 like Mac OS X; de-de) AppleWebKit/534.32 (KHTML, like Gecko) Version/5.0.2 Mobile/8F190 Safari/6533.18.5"
80.187.111.115 - - [01/Jul/2011:06:36:27 +0200] "GET /media/catalog/product/cache/2/small_image/170x/9df78eab33525d08d6e5fb8d27136e95/5/w/5w30xcleanl.jpg HTTP/1.1" 200 8284 "http://www.markenoele.de/motul-schmierstoffe/motul-autoschmierstoffe/motul-auto-motorenoel.html?dir=asc&limit=all&order=viskositaet" "Mozilla/5.0 (iPhone; U; CPU iPhone OS 4_3 like Mac OS X; de-de) AppleWebKit/534.32 (KHTML, like Gecko) Version/5.0.2 Mobile/8F190 Safari/6533.18.5"
80.187.111.115 - - [01/Jul/2011:06:36:27 +0200] "GET /media/catalog/product/cache/2/small_image/170x/9df78eab33525d08d6e5fb8d27136e95/s/p/specific_llab025_5w30_5l.jpg HTTP/1.1" 200 8347 "http://www.markenoele.de/motul-schmierstoffe/motul-autoschmierstoffe/motul-auto-motorenoel.html?dir=asc&limit=all&order=viskositaet" "Mozilla/5.0 (iPhone; U; CPU iPhone OS 4_3 like Mac OS X; de-de) AppleWebKit/534.32 (KHTML, like Gecko) Version/5.0.2 Mobile/8F190 Safari/6533.18.5"
80.187.111.115 - - [01/Jul/2011:06:37:51 +0200] "GET /media/catalog/product/cache/2/small_image/170x/9df78eab33525d08d6e5fb8d27136e95/8/0/800-2t_fl_off_roadt_1l_front.jpg HTTP/1.1" 200 7013 "http://www.markenoele.de/motul-schmierstoffe/motorsport.html" "Mozilla/5.0 (iPhone; U; CPU iPhone OS 4_3 like Mac OS X; de-de) AppleWebKit/534.32 (KHTML, like Gecko) Version/5.0.2 Mobile/8F190 Safari/6533.18.5"
80.187.111.115 - - [01/Jul/2011:06:37:52 +0200] "GET /media/catalog/product/cache/2/small_image/170x/9df78eab33525d08d6e5fb8d27136e95/3/0/300v_chrono_10w40.jpg HTTP/1.1" 200 10802 "http://www.markenoele.de/motul-schmierstoffe/motorsport.html" "Mozilla/5.0 (iPhone; U; CPU iPhone OS 4_3 like Mac OS X; de-de) AppleWebKit/534.32 (KHTML, like Gecko) Version/5.0.2 Mobile/8F190 Safari/6533.18.5"
80.187.111.115 - - [01/Jul/2011:06:37:54 +0200] "GET /media/catalog/product/cache/2/small_image/170x/9df78eab33525d08d6e5fb8d27136e95/3/0/300v_power_5w40.jpg HTTP/1.1" 200 10651 "http://www.markenoele.de/motul-schmierstoffe/motorsport.html" "Mozilla/5.0 (iPhone; U; CPU iPhone OS 4_3 like Mac OS X; de-de) AppleWebKit/534.32 (KHTML, like Gecko) Version/5.0.2 Mobile/8F190 Safari/6533.18.5"
80.187.111.115 - - [01/Jul/2011:06:37:54 +0200] "GET /media/catalog/product/cache/2/small_image/170x/9df78eab33525d08d6e5fb8d27136e95/3/0/300v_fl_5w30_1l_front.jpg HTTP/1.1" 200 7304 "http://www.markenoele.de/motul-schmierstoffe/motorsport.html" "Mozilla/5.0 (iPhone; U; CPU iPhone OS 4_3 like Mac OS X; de-de) AppleWebKit/534.32 (KHTML, like Gecko) Version/5.0.2 Mobile/8F190 Safari/6533.18.5"
80.187.111.115 - - [01/Jul/2011:06:37:54 +0200] "GET /media/catalog/product/cache/2/small_image/170x/9df78eab33525d08d6e5fb8d27136e95/g/e/gear_comp_75w140_3d_hd.jpg HTTP/1.1" 200 6492 "http://www.markenoele.de/motul-schmierstoffe/motorsport.html" "Mozilla/5.0 (iPhone; U; CPU iPhone OS 4_3 like Mac OS X; de-de) AppleWebKit/534.32 (KHTML, like Gecko) Version/5.0.2 Mobile/8F190 Safari/6533.18.5"
