64.246.165.200 - - [22/Oct/2011:21:22:14 +0200] "GET / HTTP/1.1" 200 12977 "http://whois.domaintools.com/zahnarztpraxis-berlin-pankow.de" "Mozilla/5.0 (Windows; U; Windows NT 5.1; en; rv:1.9.0.13) Gecko/2009073022 Firefox/3.5.2 (.NET CLR 3.5.30729) SurveyBot/2.3 (DomainTools)"
208.53.158.80 - - [22/Oct/2011:21:27:54 +0200] "GET / HTTP/1.1" 200 12977 "-" "Mozilla/5.0 (X11; Linux i686) AppleWebKit/534.30 (KHTML, like Gecko) Ubuntu/11.04 Chromium/12.0.742.112 Chrome/12.0.742.112 Safari/534.30"
66.249.72.194 - - [23/Oct/2011:04:25:05 +0200] "GET /robots.txt HTTP/1.1" 200 24 "-" "Mozilla/5.0 (compatible; Googlebot/2.1; +http://www.google.com/bot.html)"
66.249.72.194 - - [23/Oct/2011:04:25:05 +0200] "GET /callback.html HTTP/1.1" 304 - "-" "Mozilla/5.0 (compatible; Googlebot/2.1; +http://www.google.com/bot.html)"
92.78.243.120 - - [23/Oct/2011:08:19:22 +0200] "GET / HTTP/1.1" 200 12977 "http://www.gelbeseiten.de/yp/122//subscriberlist_search.yp?sessionDataString=H4sIAAAAAAAAAFVOy07DQBD7mhy3mtn3yqcS8TogEEhcq00ygaAoLZuo0H49kSgHfLFsa8Zmy77xbSOqodYpy5pV7vuoOFIQTh37pFXTt402lKEZ6XSAr2pbzosgX0kZhwm20jdS3qSZhnkc5kVWffuy-p2chLiV3Mksu7Ts61hqLMcbj8%2FLkg5n-pgD3jQIZw5BQcW3xxMNYHfDu9cdoS48RmY5kdJZwZ2-pr6d9Id4X7el2VXZJRjnlrBA5PzxiQfCY-paXIp4IjwrRn25qsw2r1yFGq-pBjUNYw96y1XFtJ4cf3LxHrigBAAA-e&at=yp&kindOfSearch=tradesearch&subject=%C4rzte&location=Berlin&x=37&y=16&distance=-1&execute=Suchen&sort=sort_zip&sort=sort_relevance&suggest_choose=on¬iceName=Name+des+Merkzettels¬iceTargetUrl=http%3A%2F%2Fwww.gelbeseiten.de%2Fyp%2F122%2Fmeinegelbeseiten%2FajaxSpeicherMerkzettel.yp%3FsessionDataString%3DH4sIAAAAAAAAAFVOy07DQBD7mhy3mtn3yqcS8TogEEhcq00ygaAoLZuo0H49kSgHfLFsa8Zmy77xbSOqodYpy5pV7vuoOFIQTh37pFXTt402lKEZ6XSAr2pbzosgX0kZhwm20jdS3qSZhnkc5kVWffuy-p2chLiV3Mksu7Ts61hqLMcbj8%2FLkg5n-pgD3jQIZw5BQcW3xxMNYHfDu9cdoS48RmY5kdJZwZ2-pr6d9Id4X7el2VXZJRjnlrBA5PzxiQfCY-paXIp4IjwrRn25qsw2r1yFGq-pBjUNYw96y1XFtJ4cf3LxHrigBAAA-e" "Mozilla/5.0 (Windows NT 5.1; rv:7.0.1) Gecko/20100101 Firefox/7.0.1"
92.78.243.120 - - [23/Oct/2011:08:40:34 +0200] "GET / HTTP/1.1" 200 12977 "http://www.gelbeseiten.de/yp/122//subscriberlist_search.yp?sessionDataString=H4sIAAAAAAAAAI2OS0%2FDMBCEf02Ornb9tubURrwOCAQS18pOHAiK2uJEhfbXY4ly4MZcVjOrb3dYs022S1kk6ozQLFnEYfCCPbnMoWcbpEhDl6SiCCmhGnmdy2tOu3GexnnJ1d88b%2F9ECKcDbNPqcq4mbnKZxh30f0i%2FlNjnOcfSvaHn-pnBRSll8XI68M9OvsGccSBGOHJxhjU92SluHLyNXRmpinFitNLOhgDNj3Vz9VLol3M37smxLnvIx7rqMeyZjlQrWEx4kmeDxSHgSjPZCNWod62xcixfHysDV5eAty6ArjG8EjA-pqTAEAAA-e-e&at=yp&kindOfSearch=tradesearch&subject=%C4rzte&location=Berlin&x=53&y=15&distance=-1&execute=Suchen&sort=sort_zip&sort=sort_relevance&suggest_choose=on¬iceName=Name+des+Merkzettels¬iceTargetUrl=http%3A%2F%2Fwww.gelbeseiten.de%2Fyp%2F122%2Fmeinegelbeseiten%2FajaxSpeicherMerkzettel.yp%3FsessionDataString%3DH4sIAAAAAAAAAI2OS0%2FDMBCEf02Ornb9tubURrwOCAQS18pOHAiK2uJEhfbXY4ly4MZcVjOrb3dYs022S1kk6ozQLFnEYfCCPbnMoWcbpEhDl6SiCCmhGnmdy2tOu3GexnnJ1d88b%2F9ECKcDbNPqcq4mbnKZxh30f0i%2FlNjnOcfSvaHn-pnBRSll8XI68M9OvsGccSBGOHJxhjU92SluHLyNXRmpinFitNLOhgDNj3Vz9VLol3M37smxLnvIx7rqMeyZjlQrWEx4kmeDxSHgSjPZCNWod62xcixfHysDV5eAty6ArjG8EjA-pqTAEAAA-e-e" "Mozilla/5.0 (Windows NT 5.1; rv:7.0.1) Gecko/20100101 Firefox/7.0.1"
92.78.243.120 - - [23/Oct/2011:08:42:34 +0200] "GET / HTTP/1.1" 200 12977 "http://www.gelbeseiten.de/yp/122/subscriberlist_pageAction.yp?sessionDataString=H4sIAAAAAAAAAFWQTUvDQBCGf02OW2ZmP8N7aoNfB1EU9Fg2yUYjpa2boLa%2F3i22BweG4R2eB4Zhw651XZtUS51VhoVVHIagOJBPXPfsalHt0LWiKUJYW-phKrlN-pS-p12nDbjNKeSb57X%2F1aoD3u4qjH5WEJcpbwZtzCFHLdTyvEindOUxoKFOcc-pTSnm7h09i2DWWjt8nvUPZroUdow9acIX196ywTd7bZzHj5WFFUOMA-puFYbZU48hYVld%2Fx9wWDHfTLs%2Fr47jHPZM1VIfgLB6ErA94tEIGT4rRnKVKL2OZlW%2Fw4k8%2FeFVcSUOnhi%2FgoNkFFyyR4BfkWLD2VAEAAA-e-e" "Mozilla/5.0 (Windows NT 5.1; rv:7.0.1) Gecko/20100101 Firefox/7.0.1"
115.25.86.11 - - [23/Oct/2011:10:00:04 +0200] "GET / HTTP/1.0" 200 12977 "-" "Wget/1.12 (linux-gnu)"
66.249.72.194 - - [23/Oct/2011:11:02:38 +0200] "GET / HTTP/1.1" 304 - "-" "Mozilla/5.0 (compatible; Googlebot/2.1; +http://www.google.com/bot.html)"
66.249.72.194 - - [23/Oct/2011:12:26:11 +0200] "GET /plan.swf HTTP/1.1" 200 27838 "-" "Mozilla/5.0 (compatible; Googlebot/2.1; +http://www.google.com/bot.html)"
66.249.72.194 - - [23/Oct/2011:14:48:13 +0200] "GET / HTTP/1.1" 200 12977 "-" "Mozilla/5.0 (compatible; Googlebot/2.1; +http://www.google.com/bot.html)"
85.25.71.15 - - [23/Oct/2011:17:17:58 +0200] "GET / HTTP/1.1" 200 12977 "-" "Mozilla/5.0 (X11; U; Linux i686; en-US; rv:1.9.0.1) Gecko/2008070206 Firefox/3.0.1"
85.25.71.15 - - [23/Oct/2011:17:17:58 +0200] "GET /teledienst.html HTTP/1.1" 200 4588 "-" "Mozilla/5.0 (X11; U; Linux i686; en-US; rv:1.9.0.1) Gecko/2008070206 Firefox/3.0.1"
77.64.204.72 - - [23/Oct/2011:17:54:29 +0200] "GET / HTTP/1.1" 200 12977 "http://www.med-kolleg.de/arzt/zahnarzt/10460.html" "Mozilla/5.0 (X11; U; Linux i686; de; rv:1.9.2.13) Gecko/20101206 Ubuntu/10.04 (lucid) Firefox/3.6.13"
77.64.204.72 - - [23/Oct/2011:17:54:29 +0200] "GET /opensite.js HTTP/1.1" 200 1125 "http://www.zahnarztpraxis-berlin-pankow.de/" "Mozilla/5.0 (X11; U; Linux i686; de; rv:1.9.2.13) Gecko/20101206 Ubuntu/10.04 (lucid) Firefox/3.6.13"
77.64.204.72 - - [23/Oct/2011:17:54:29 +0200] "GET /favicon.ico HTTP/1.1" 200 2550 "-" "Mozilla/5.0 (X11; U; Linux i686; de; rv:1.9.2.13) Gecko/20101206 Ubuntu/10.04 (lucid) Firefox/3.6.13"
77.64.204.72 - - [23/Oct/2011:17:54:29 +0200] "GET /flashopen.js HTTP/1.1" 200 604 "http://www.zahnarztpraxis-berlin-pankow.de/" "Mozilla/5.0 (X11; U; Linux i686; de; rv:1.9.2.13) Gecko/20101206 Ubuntu/10.04 (lucid) Firefox/3.6.13"
77.64.204.72 - - [23/Oct/2011:17:54:29 +0200] "GET /hattke.swf HTTP/1.1" 200 12042 "http://www.zahnarztpraxis-berlin-pankow.de/" "Mozilla/5.0 (X11; U; Linux i686; de; rv:1.9.2.13) Gecko/20101206 Ubuntu/10.04 (lucid) Firefox/3.6.13"
77.64.204.72 - - [23/Oct/2011:17:54:29 +0200] "GET /diashow.swf HTTP/1.1" 200 311957 "-" "Mozilla/5.0 (X11; U; Linux i686; de; rv:1.9.2.13) Gecko/20101206 Ubuntu/10.04 (lucid) Firefox/3.6.13"
77.64.204.72 - - [23/Oct/2011:17:57:27 +0200] "GET /plan.swf HTTP/1.1" 200 27838 "-" "Mozilla/5.0 (X11; U; Linux i686; de; rv:1.9.2.13) Gecko/20101206 Ubuntu/10.04 (lucid) Firefox/3.6.13"
220.181.108.143 - - [23/Oct/2011:19:18:31 +0200] "GET /robots.txt HTTP/1.1" 200 24 "-" "Baiduspider+(+http://www.baidu.com/search/spider.htm)"
70.166.22.210 - - [23/Oct/2011:20:18:30 +0200] "GET / HTTP/1.1" 200 12977 "http://www.ubound.info/Top/World/Deutsch/Regional/Europa/Deutschland/Berlin/Gesundheit/Praxen/Zahn%c3%a4rzte%2c_Kieferchirurgen_und_-orthop%c3%a4den" "Mozilla/5.0 (compatible; MSIE 9.0; Windows NT 6.1; Trident/5.0)"
194.153.113.13 - - [23/Oct/2011:20:34:20 +0200] "GET / HTTP/1.1" 200 12977 "-" "Mozilla/5.0 (compatible; oBot/2.3.1; +http://filterdb.iss.net/crawler/)"
88.72.249.158 - - [23/Oct/2011:21:11:29 +0200] "GET / HTTP/1.1" 200 12977 "http://www.google.de/url?sa=t&rct=j&q=zahnarztpraxis%20hattke&source=web&cd=1&sqi=2&ved=0CEEQFjAA&url=http%3A%2F%2Fwww.zahnarztpraxis-berlin-pankow.de%2F&ei=22akTtHzHqL_4QT4-9zKBA&usg=AFQjCNGhU0LSIXKAU9N4d8DNsS8g6WKbiA" "Mozilla/5.0 (Windows NT 6.1; WOW64; rv:7.0.1) Gecko/20100101 Firefox/7.0.1"
88.72.249.158 - - [23/Oct/2011:21:11:29 +0200] "GET /opensite.js HTTP/1.1" 200 1125 "http://www.zahnarztpraxis-berlin-pankow.de/" "Mozilla/5.0 (Windows NT 6.1; WOW64; rv:7.0.1) Gecko/20100101 Firefox/7.0.1"
88.72.249.158 - - [23/Oct/2011:21:11:29 +0200] "GET /favicon.ico HTTP/1.1" 200 2550 "-" "Mozilla/5.0 (Windows NT 6.1; WOW64; rv:7.0.1) Gecko/20100101 Firefox/7.0.1"
88.72.249.158 - - [23/Oct/2011:21:11:29 +0200] "GET /flashopen.js HTTP/1.1" 200 604 "http://www.zahnarztpraxis-berlin-pankow.de/" "Mozilla/5.0 (Windows NT 6.1; WOW64; rv:7.0.1) Gecko/20100101 Firefox/7.0.1"
88.72.249.158 - - [23/Oct/2011:21:11:29 +0200] "GET /hattke.swf HTTP/1.1" 200 12042 "http://www.zahnarztpraxis-berlin-pankow.de/" "Mozilla/5.0 (Windows NT 6.1; WOW64; rv:7.0.1) Gecko/20100101 Firefox/7.0.1"
88.72.249.158 - - [23/Oct/2011:21:11:30 +0200] "GET /diashow.swf HTTP/1.1" 200 311957 "-" "Mozilla/5.0 (Windows NT 6.1; WOW64; rv:7.0.1) Gecko/20100101 Firefox/7.0.1"
66.249.72.194 - - [23/Oct/2011:22:15:01 +0200] "GET /robots.txt HTTP/1.1" 200 24 "-" "Mozilla/5.0 (compatible; Googlebot/2.1; +http://www.google.com/bot.html)"
66.249.72.194 - - [23/Oct/2011:22:15:01 +0200] "GET / HTTP/1.1" 200 12977 "-" "DoCoMo/2.0 N905i(c100;TB;W24H16) (compatible; Googlebot-Mobile/2.1; +http://www.google.com/bot.html)"
123.125.71.109 - - [24/Oct/2011:00:26:05 +0200] "GET / HTTP/1.1" 200 12977 "-" "Mozilla/5.0 (compatible; Baiduspider/2.0; +http://www.baidu.com/search/spider.html)"
67.195.115.51 - - [24/Oct/2011:08:33:01 +0200] "GET /robots.txt HTTP/1.0" 200 24 "-" "Mozilla/5.0 (compatible; Yahoo! Slurp; http://help.yahoo.com/help/us/ysearch/slurp)"
67.195.115.51 - - [24/Oct/2011:08:33:01 +0200] "GET / HTTP/1.0" 200 12977 "-" "Mozilla/5.0 (compatible; Yahoo! Slurp; http://help.yahoo.com/help/us/ysearch/slurp)"
67.195.115.51 - - [24/Oct/2011:13:34:48 +0200] "GET /robots.txt HTTP/1.0" 200 24 "-" "Mozilla/5.0 (compatible; Yahoo! Slurp; http://help.yahoo.com/help/us/ysearch/slurp)"
67.195.115.51 - - [24/Oct/2011:13:34:48 +0200] "GET /index_alt.html HTTP/1.0" 200 2254 "-" "Mozilla/5.0 (compatible; Yahoo! Slurp; http://help.yahoo.com/help/us/ysearch/slurp)"
66.249.72.194 - - [24/Oct/2011:16:23:19 +0200] "GET /robots.txt HTTP/1.1" 200 24 "-" "Mozilla/5.0 (compatible; Googlebot/2.1; +http://www.google.com/bot.html)"
66.249.72.194 - - [24/Oct/2011:16:23:19 +0200] "GET /callback.html HTTP/1.1" 200 3272 "-" "Mozilla/5.0 (compatible; Googlebot/2.1; +http://www.google.com/bot.html)"
213.186.122.3 - - [24/Oct/2011:17:08:27 +0200] "GET /robots.txt HTTP/1.1" 200 24 "-" "Mozilla/5.0 (compatible; AhrefsBot/1.0; +http://ahrefs.com/robot/)"
213.186.122.3 - - [24/Oct/2011:17:08:28 +0200] "GET /teledienst.html HTTP/1.1" 200 4588 "-" "Mozilla/5.0 (compatible; AhrefsBot/1.0; +http://ahrefs.com/robot/)"
85.25.71.15 - - [24/Oct/2011:19:44:28 +0200] "GET / HTTP/1.1" 200 12977 "-" "Mozilla/5.0 (X11; U; Linux i686; en-US; rv:1.9.0.1) Gecko/2008070206 Firefox/3.0.1"
85.25.71.15 - - [24/Oct/2011:19:44:28 +0200] "GET /teledienst.html HTTP/1.1" 200 4588 "-" "Mozilla/5.0 (X11; U; Linux i686; en-US; rv:1.9.0.1) Gecko/2008070206 Firefox/3.0.1"
83.133.125.202 - - [24/Oct/2011:20:45:34 +0200] "GET / HTTP/1.1" 200 12977 "http://www.bigfinder.de/" "Mozilla/4.0 (compatible; MSIE 7.0; Windows NT 6.0; GTB6; SLCC1; .NET CLR 2.0.50727; Media Center PC 5.0; eSobiSubscriber 2.0.4.16; .NET CLR 3.5.30729; .NET CLR 3.0.30729; .NET4.0C)"
67.195.115.51 - - [24/Oct/2011:21:37:39 +0200] "GET /teledienst.html HTTP/1.0" 200 4588 "-" "Mozilla/5.0 (compatible; Yahoo! Slurp; http://help.yahoo.com/help/us/ysearch/slurp)"
87.146.3.248 - - [24/Oct/2011:21:37:43 +0200] "GET /robots.txt HTTP/1.0" 200 24 "-" "Mozilla/5.0 (compatible; MJ12bot/v1.4.0; http://www.majestic12.co.uk/bot.php?+)"
87.146.3.248 - - [24/Oct/2011:21:37:44 +0200] "GET / HTTP/1.1" 200 12977 "-" "Mozilla/5.0 (compatible; MJ12bot/v1.4.0; http://www.majestic12.co.uk/bot.php?+)"
70.166.22.210 - - [24/Oct/2011:23:29:02 +0200] "GET / HTTP/1.1" 200 12977 "http://www.ubound.info/Top/World/Deutsch/Regional/Europa/Deutschland/Berlin/Gesundheit/Praxen/Zahn%c3%a4rzte%2c_Kieferchirurgen_und_-orthop%c3%a4den" "Mozilla/5.0 (compatible; MSIE 9.0; Windows NT 6.1; Trident/5.0)"
220.181.108.163 - - [24/Oct/2011:23:38:37 +0200] "GET /robots.txt HTTP/1.1" 200 24 "-" "Baiduspider+(+http://www.baidu.com/search/spider.htm)"
220.181.108.112 - - [25/Oct/2011:02:40:09 +0200] "GET /robots.txt HTTP/1.1" 200 24 "-" "Baiduspider+(+http://www.baidu.com/search/spider.htm)"
208.53.158.80 - - [25/Oct/2011:13:17:05 +0200] "GET / HTTP/1.1" 200 12977 "-" "Mozilla/5.0 (X11; Linux i686) AppleWebKit/534.30 (KHTML, like Gecko) Ubuntu/11.04 Chromium/12.0.742.112 Chrome/12.0.742.112 Safari/534.30"
208.53.158.80 - - [25/Oct/2011:14:10:56 +0200] "GET / HTTP/1.1" 200 12977 "-" "Mozilla/5.0 (X11; Linux i686) AppleWebKit/534.30 (KHTML, like Gecko) Ubuntu/11.04 Chromium/12.0.742.112 Chrome/12.0.742.112 Safari/534.30"
91.66.20.35 - - [25/Oct/2011:16:10:41 +0200] "GET / HTTP/1.1" 200 12977 "http://www.google.de/url?sa=t&rct=j&q=zahnarzt%20wilhelmsruh&source=web&cd=1&ved=0CDYQoAIwAA&url=http%3A%2F%2Fwww.zahnarztpraxis-berlin-pankow.de%2F&ei=WsOmTsGPNpD5sgbE99HeDQ&usg=AFQjCNGhU0LSIXKAU9N4d8DNsS8g6WKbiA&cad=rja" "Mozilla/5.0 (Windows NT 5.1; rv:7.0.1) Gecko/20100101 Firefox/7.0.1"
91.66.20.35 - - [25/Oct/2011:16:10:41 +0200] "GET /opensite.js HTTP/1.1" 200 1125 "http://www.zahnarztpraxis-berlin-pankow.de/" "Mozilla/5.0 (Windows NT 5.1; rv:7.0.1) Gecko/20100101 Firefox/7.0.1"
91.66.20.35 - - [25/Oct/2011:16:10:41 +0200] "GET /flashopen.js HTTP/1.1" 200 604 "http://www.zahnarztpraxis-berlin-pankow.de/" "Mozilla/5.0 (Windows NT 5.1; rv:7.0.1) Gecko/20100101 Firefox/7.0.1"
91.66.20.35 - - [25/Oct/2011:16:10:41 +0200] "GET /favicon.ico HTTP/1.1" 200 2550 "-" "Mozilla/5.0 (Windows NT 5.1; rv:7.0.1) Gecko/20100101 Firefox/7.0.1"
91.66.20.35 - - [25/Oct/2011:16:10:41 +0200] "GET /hattke.swf HTTP/1.1" 200 12042 "http://www.zahnarztpraxis-berlin-pankow.de/" "Mozilla/5.0 (Windows NT 5.1; rv:7.0.1) Gecko/20100101 Firefox/7.0.1"
91.66.20.35 - - [25/Oct/2011:16:10:42 +0200] "GET /diashow.swf HTTP/1.1" 200 311957 "-" "Mozilla/5.0 (Windows NT 5.1; rv:7.0.1) Gecko/20100101 Firefox/7.0.1"
91.66.20.35 - - [25/Oct/2011:16:12:09 +0200] "GET /plan.swf HTTP/1.1" 200 27838 "-" "Mozilla/5.0 (Windows NT 5.1; rv:7.0.1) Gecko/20100101 Firefox/7.0.1"
91.66.20.35 - - [25/Oct/2011:16:14:13 +0200] "GET /teledienst.html HTTP/1.1" 200 4588 "http://www.zahnarztpraxis-berlin-pankow.de/" "Mozilla/5.0 (Windows NT 5.1; rv:7.0.1) Gecko/20100101 Firefox/7.0.1"
92.228.65.109 - - [25/Oct/2011:19:00:49 +0200] "GET / HTTP/1.1" 200 12977 "http://www.google.de/url?sa=t&rct=j&q=zahnarztpraxis%20berlin&source=web&cd=22&ved=0CGkQFjABOBQ&url=http%3A%2F%2Fwww.zahnarztpraxis-berlin-pankow.de%2F&ei=OeumTvf_HIi5hAeNubmNDg&usg=AFQjCNGhU0LSIXKAU9N4d8DNsS8g6WKbiA" "Mozilla/4.0 (compatible; MSIE 8.0; Windows NT 6.0; Trident/4.0; GTB7.1; EasyBits GO v1.0; SLCC1; .NET CLR 2.0.50727; Media Center PC 5.0; .NET CLR 3.5.30729; .NET CLR 3.0.30618; .NET4.0C)"
92.228.65.109 - - [25/Oct/2011:19:00:49 +0200] "GET /opensite.js HTTP/1.1" 200 1125 "http://www.zahnarztpraxis-berlin-pankow.de/" "Mozilla/4.0 (compatible; MSIE 8.0; Windows NT 6.0; Trident/4.0; GTB7.1; EasyBits GO v1.0; SLCC1; .NET CLR 2.0.50727; Media Center PC 5.0; .NET CLR 3.5.30729; .NET CLR 3.0.30618; .NET4.0C)"
92.228.65.109 - - [25/Oct/2011:19:00:49 +0200] "GET /flashopen.js HTTP/1.1" 200 604 "http://www.zahnarztpraxis-berlin-pankow.de/" "Mozilla/4.0 (compatible; MSIE 8.0; Windows NT 6.0; Trident/4.0; GTB7.1; EasyBits GO v1.0; SLCC1; .NET CLR 2.0.50727; Media Center PC 5.0; .NET CLR 3.5.30729; .NET CLR 3.0.30618; .NET4.0C)"
92.228.65.109 - - [25/Oct/2011:19:00:50 +0200] "GET /hattke.swf HTTP/1.1" 200 12042 "http://www.zahnarztpraxis-berlin-pankow.de/" "Mozilla/4.0 (compatible; MSIE 8.0; Windows NT 6.0; Trident/4.0; GTB7.1; EasyBits GO v1.0; SLCC1; .NET CLR 2.0.50727; Media Center PC 5.0; .NET CLR 3.5.30729; .NET CLR 3.0.30618; .NET4.0C)"
92.228.65.109 - - [25/Oct/2011:19:00:50 +0200] "GET /favicon.ico HTTP/1.1" 200 2550 "-" "Mozilla/4.0 (compatible; MSIE 8.0; Windows NT 6.0; Trident/4.0; GTB7.1; EasyBits GO v1.0; SLCC1; .NET CLR 2.0.50727; Media Center PC 5.0; .NET CLR 3.5.30729; .NET CLR 3.0.30618; .NET4.0C)"
92.228.65.109 - - [25/Oct/2011:19:00:50 +0200] "GET /diashow.swf HTTP/1.1" 200 311957 "http://www.zahnarztpraxis-berlin-pankow.de/hattke.swf" "Mozilla/4.0 (compatible; MSIE 8.0; Windows NT 6.0; Trident/4.0; GTB7.1; EasyBits GO v1.0; SLCC1; .NET CLR 2.0.50727; Media Center PC 5.0; .NET CLR 3.5.30729; .NET CLR 3.0.30618; .NET4.0C)"
46.115.20.54 - - [25/Oct/2011:20:10:39 +0200] "GET / HTTP/1.1" 200 12977 "http://www.gelbeseiten.de/yp/122/search.yp?sessionDataString=H4sIAAAAAAAAAH2MvQrCMBRGn6aTBNKbNEm5m4J1LAoKLnLb3NJifyQNiD69tYubwwffOcNJTVPXXikpvHUstCUSlfEknHZWWyVzo3Khc3LOgEZQqBLYz5FCnLmLvEBxuv0Y89cDzZXakcI7bhLYbU7TMHBouPdIWw59N666pPE-pPddbBKoqpr5nRv0%2F72IgzzNTqFs8SCwlHkWKZ4kXkS4t-pR3aRTWgXQYyAwD8AMg1vhzmAAAA&at=yp&kindOfSearch=tradesearch&subject=Zahnarzt+%2C+Sommerfeld&location=Berlin+Bezirk+Pankow&x=35&y=13&distance=-1&execute=Suchen&suggest_choose=on&rz=122" "Mozilla/5.0 (Macintosh; Intel Mac OS X 10_6_8) AppleWebKit/534.51.22 (KHTML, like Gecko) Version/5.1.1 Safari/534.51.22"
188.40.89.86 - - [25/Oct/2011:21:54:21 +0200] "GET / HTTP/1.0" 200 12977 "-" "-"
157.55.17.195 - - [25/Oct/2011:22:46:20 +0200] "GET /robots.txt HTTP/1.1" 200 24 "-" "Mozilla/5.0 (compatible; bingbot/2.0; +http://www.bing.com/bingbot.htm)"
157.55.17.195 - - [25/Oct/2011:22:48:13 +0200] "GET / HTTP/1.1" 304 - "-" "Mozilla/5.0 (compatible; bingbot/2.0; +http://www.bing.com/bingbot.htm)"
208.113.98.155 - - [26/Oct/2011:00:46:01 +0200] "GET /robots.txt HTTP/1.1" 200 24 "-" "FlightDeckReportsBot/2.0 (http://www.flightdeckreports.com/pages/bot)"
208.113.98.155 - - [26/Oct/2011:00:46:01 +0200] "GET / HTTP/1.1" 200 12977 "-" "FlightDeckReportsBot/2.0 (http://www.flightdeckreports.com/pages/bot)"
70.166.22.210 - - [26/Oct/2011:01:55:40 +0200] "GET / HTTP/1.1" 200 12977 "http://www.ubound.info/Top/World/Deutsch/Regional/Europa/Deutschland/Berlin/Gesundheit/Praxen/Zahn%c3%a4rzte%2c_Kieferchirurgen_und_-orthop%c3%a4den" "Mozilla/5.0 (compatible; MSIE 9.0; Windows NT 6.1; Trident/5.0)"
123.125.71.113 - - [26/Oct/2011:02:19:28 +0200] "GET / HTTP/1.1" 200 12977 "-" "Mozilla/5.0 (compatible; Baiduspider/2.0; +http://www.baidu.com/search/spider.html)"
157.55.17.195 - - [26/Oct/2011:02:21:58 +0200] "GET /robots.txt HTTP/1.1" 200 24 "-" "Mozilla/5.0 (compatible; bingbot/2.0; +http://www.bing.com/bingbot.htm)"
157.55.17.195 - - [26/Oct/2011:02:22:33 +0200] "GET / HTTP/1.1" 200 12977 "-" "Mozilla/5.0 (compatible; bingbot/2.0; +http://www.bing.com/bingbot.htm)"
95.108.128.242 - - [26/Oct/2011:02:42:50 +0200] "GET /robots.txt HTTP/1.1" 200 24 "-" "Mozilla/5.0 (compatible; YandexBot/3.0; +http://yandex.com/bots)"
95.108.128.242 - - [26/Oct/2011:04:44:35 +0200] "GET / HTTP/1.1" 200 12977 "-" "Mozilla/5.0 (compatible; YandexBot/3.0; +http://yandex.com/bots)"
95.108.128.242 - - [26/Oct/2011:07:37:48 +0200] "GET /teledienst.html HTTP/1.1" 304 - "-" "Mozilla/5.0 (compatible; YandexBot/3.0; +http://yandex.com/bots)"
69.28.58.26 - - [26/Oct/2011:07:46:41 +0200] "GET /robots.txt HTTP/1.0" 200 24 "-" "nutch-1.3/Nutch-1.3"
69.28.58.26 - - [26/Oct/2011:07:46:41 +0200] "GET / HTTP/1.0" 200 12977 "-" "nutch-1.3/Nutch-1.3"
38.99.96.98 - - [26/Oct/2011:08:10:48 +0200] "GET /robots.txt HTTP/1.1" 200 24 "-" "Mozilla/5.0 (compatible; ScoutJet; +http://www.scoutjet.com/)"
38.99.96.98 - - [26/Oct/2011:08:10:48 +0200] "GET / HTTP/1.1" 200 12977 "-" "Mozilla/5.0 (compatible; ScoutJet; +http://www.scoutjet.com/)"
38.99.96.98 - - [26/Oct/2011:08:10:51 +0200] "GET /favicon.ico HTTP/1.1" 200 2550 "-" "Mozilla/5.0 (compatible; ScoutJet; +http://www.scoutjet.com/)"
74.125.78.94 - - [26/Oct/2011:12:01:32 +0200] "GET / HTTP/1.1" 200 12977 "-" "Mozilla/5.0 (X11; Linux x86_64) AppleWebKit/534.51 (KHTML, like Gecko; Google Web Preview) Chrome/12.0.742 Safari/534.51"
74.125.78.80 - - [26/Oct/2011:12:01:33 +0200] "GET /opensite.js HTTP/1.1" 200 1125 "http://www.zahnarztpraxis-berlin-pankow.de/" "Mozilla/5.0 (X11; Linux x86_64) AppleWebKit/534.51 (KHTML, like Gecko; Google Web Preview) Chrome/12.0.742 Safari/534.51"
74.125.78.90 - - [26/Oct/2011:12:01:33 +0200] "GET /flashopen.js HTTP/1.1" 200 604 "http://www.zahnarztpraxis-berlin-pankow.de/" "Mozilla/5.0 (X11; Linux x86_64) AppleWebKit/534.51 (KHTML, like Gecko; Google Web Preview) Chrome/12.0.742 Safari/534.51"
77.188.4.164 - - [26/Oct/2011:12:02:46 +0200] "GET / HTTP/1.1" 200 12977 "http://www.google.de/url?sa=t&rct=j&q=zahnarzt%20hauptstra%C3%9Fe%20%2C%2013158%20berlin&source=web&cd=1&ved=0CCoQoAIwAA&url=http%3A%2F%2Fwww.zahnarztpraxis-berlin-pankow.de%2F&ei=wNqnTsWYDYbbsgag2Kj6CA&usg=AFQjCNGhU0LSIXKAU9N4d8DNsS8g6WKbiA" "Mozilla/5.0 (Windows NT 6.0; rv:7.0.1) Gecko/20100101 Firefox/7.0.1"
77.188.4.164 - - [26/Oct/2011:12:02:46 +0200] "GET /opensite.js HTTP/1.1" 200 1125 "http://www.zahnarztpraxis-berlin-pankow.de/" "Mozilla/5.0 (Windows NT 6.0; rv:7.0.1) Gecko/20100101 Firefox/7.0.1"
77.188.4.164 - - [26/Oct/2011:12:02:46 +0200] "GET /favicon.ico HTTP/1.1" 200 2550 "-" "Mozilla/5.0 (Windows NT 6.0; rv:7.0.1) Gecko/20100101 Firefox/7.0.1"
77.188.4.164 - - [26/Oct/2011:12:02:46 +0200] "GET /flashopen.js HTTP/1.1" 200 604 "http://www.zahnarztpraxis-berlin-pankow.de/" "Mozilla/5.0 (Windows NT 6.0; rv:7.0.1) Gecko/20100101 Firefox/7.0.1"
77.188.4.164 - - [26/Oct/2011:12:02:46 +0200] "GET /hattke.swf HTTP/1.1" 200 12042 "http://www.zahnarztpraxis-berlin-pankow.de/" "Mozilla/5.0 (Windows NT 6.0; rv:7.0.1) Gecko/20100101 Firefox/7.0.1"
77.188.4.164 - - [26/Oct/2011:12:02:47 +0200] "GET /diashow.swf HTTP/1.1" 200 311957 "-" "Mozilla/5.0 (Windows NT 6.0; rv:7.0.1) Gecko/20100101 Firefox/7.0.1"
208.53.158.80 - - [26/Oct/2011:12:07:53 +0200] "GET / HTTP/1.1" 200 12977 "-" "Mozilla/5.0 (X11; Linux i686) AppleWebKit/534.30 (KHTML, like Gecko) Ubuntu/11.04 Chromium/12.0.742.112 Chrome/12.0.742.112 Safari/534.30"
88.75.44.82 - - [26/Oct/2011:14:24:28 +0200] "GET / HTTP/1.1" 200 12977 "http://www.google.de/url?sa=t&rct=j&q=zahnarztpraxis%20hattke&source=web&cd=1&sqi=2&ved=0CDMQFjAA&url=http%3A%2F%2Fwww.zahnarztpraxis-berlin-pankow.de%2F&ei=9funTtv5HLTS4QT-pOAP&usg=AFQjCNGhU0LSIXKAU9N4d8DNsS8g6WKbiA" "Mozilla/4.0 (compatible; MSIE 8.0; Windows NT 6.0; Trident/4.0; SLCC1; .NET CLR 2.0.50727; Media Center PC 5.0; InfoPath.2; .NET CLR 3.5.30729; .NET CLR 3.0.30618; .NET4.0C)"
88.75.44.82 - - [26/Oct/2011:14:24:28 +0200] "GET /opensite.js HTTP/1.1" 200 1125 "http://www.zahnarztpraxis-berlin-pankow.de/" "Mozilla/4.0 (compatible; MSIE 8.0; Windows NT 6.0; Trident/4.0; SLCC1; .NET CLR 2.0.50727; Media Center PC 5.0; InfoPath.2; .NET CLR 3.5.30729; .NET CLR 3.0.30618; .NET4.0C)"
88.75.44.82 - - [26/Oct/2011:14:24:28 +0200] "GET /flashopen.js HTTP/1.1" 200 604 "http://www.zahnarztpraxis-berlin-pankow.de/" "Mozilla/4.0 (compatible; MSIE 8.0; Windows NT 6.0; Trident/4.0; SLCC1; .NET CLR 2.0.50727; Media Center PC 5.0; InfoPath.2; .NET CLR 3.5.30729; .NET CLR 3.0.30618; .NET4.0C)"
88.75.44.82 - - [26/Oct/2011:14:24:34 +0200] "GET /hattke.swf HTTP/1.1" 200 12042 "http://www.zahnarztpraxis-berlin-pankow.de/" "Mozilla/4.0 (compatible; MSIE 8.0; Windows NT 6.0; Trident/4.0; SLCC1; .NET CLR 2.0.50727; Media Center PC 5.0; InfoPath.2; .NET CLR 3.5.30729; .NET CLR 3.0.30618; .NET4.0C)"
88.75.44.82 - - [26/Oct/2011:14:24:35 +0200] "GET /diashow.swf HTTP/1.1" 200 311957 "http://www.zahnarztpraxis-berlin-pankow.de/hattke.swf" "Mozilla/4.0 (compatible; MSIE 8.0; Windows NT 6.0; Trident/4.0; SLCC1; .NET CLR 2.0.50727; Media Center PC 5.0; InfoPath.2; .NET CLR 3.5.30729; .NET CLR 3.0.30618; .NET4.0C)"
80.237.157.71 - - [26/Oct/2011:18:24:42 +0200] "GET / HTTP/1.1" 200 12977 "-" "Mozilla/5.0 (X11; U; Linux x86_64; en-US; rv:1.7.7) Gecko/20050414"
80.237.157.71 - - [26/Oct/2011:18:24:42 +0200] "GET /opensite.js HTTP/1.1" 200 1125 "http://www.zahnarztpraxis-berlin-pankow.de/" "Mozilla/5.0 (X11; U; Linux x86_64; en-US; rv:1.7.7) Gecko/20050414"
80.237.157.71 - - [26/Oct/2011:18:24:42 +0200] "GET /flashopen.js HTTP/1.1" 200 604 "http://www.zahnarztpraxis-berlin-pankow.de/" "Mozilla/5.0 (X11; U; Linux x86_64; en-US; rv:1.7.7) Gecko/20050414"
80.237.157.71 - - [26/Oct/2011:18:24:42 +0200] "GET /hattke.swf HTTP/1.1" 200 12042 "http://www.zahnarztpraxis-berlin-pankow.de/" "Mozilla/5.0 (X11; U; Linux x86_64; en-US; rv:1.7.7) Gecko/20050414"
80.237.157.71 - - [26/Oct/2011:18:24:43 +0200] "GET /diashow.swf HTTP/1.1" 200 311957 "-" "Mozilla/5.0 (X11; U; Linux x86_64; en-US; rv:1.7.7) Gecko/20050414"
220.231.27.130 - - [26/Oct/2011:18:27:00 +0200] "GET / HTTP/1.1" 200 12977 "-" "Mozilla/4.0 (compatible; MSIE 6.0; Windows NT 5.0; SV1; .NET CLR 1.1.4322; InfoPath.2; .NET CLR 2.0.50727; .NET CLR 3.0.04506.648; .NET CLR 3.5.21022)"
220.231.27.130 - - [26/Oct/2011:18:27:01 +0200] "GET /opensite.js HTTP/1.1" 200 1125 "-" "Mozilla/4.0 (compatible; MSIE 6.0; Windows NT 5.0; SV1; .NET CLR 1.1.4322; InfoPath.2; .NET CLR 2.0.50727; .NET CLR 3.0.04506.648; .NET CLR 3.5.21022)"
220.231.27.130 - - [26/Oct/2011:18:27:01 +0200] "GET /flashopen.js HTTP/1.1" 200 604 "-" "Mozilla/4.0 (compatible; MSIE 6.0; Windows NT 5.0; SV1; .NET CLR 1.1.4322; InfoPath.2; .NET CLR 2.0.50727; .NET CLR 3.0.04506.648; .NET CLR 3.5.21022)"
188.40.89.86 - - [26/Oct/2011:21:21:11 +0200] "GET / HTTP/1.0" 200 12977 "-" "-"
188.40.89.86 - - [26/Oct/2011:21:47:12 +0200] "GET / HTTP/1.0" 200 12977 "-" "-"
220.181.108.155 - - [26/Oct/2011:23:06:57 +0200] "GET /robots.txt HTTP/1.1" 200 24 "-" "Baiduspider+(+http://www.baidu.com/search/spider.htm)"
157.55.17.195 - - [27/Oct/2011:01:16:53 +0200] "GET /robots.txt HTTP/1.1" 200 24 "-" "Mozilla/5.0 (compatible; bingbot/2.0; +http://www.bing.com/bingbot.htm)"
157.55.17.195 - - [27/Oct/2011:01:17:33 +0200] "GET / HTTP/1.1" 200 12977 "-" "Mozilla/5.0 (compatible; bingbot/2.0; +http://www.bing.com/bingbot.htm)"
70.166.22.210 - - [27/Oct/2011:04:31:45 +0200] "GET / HTTP/1.1" 200 12977 "http://www.ubound.info/Top/World/Deutsch/Regional/Europa/Deutschland/Berlin/Gesundheit/Praxen/Zahn%c3%a4rzte%2c_Kieferchirurgen_und_-orthop%c3%a4den" "Mozilla/5.0 (compatible; MSIE 9.0; Windows NT 6.1; Trident/5.0)"
184.73.88.255 - - [27/Oct/2011:14:19:17 +0200] "GET / HTTP/1.0" 200 12977 "http://www.if-20.com" "Mozilla/4.0 (compatible; MSIE 7.0; Windows NT 6.0; Trident/4.0)"
66.249.72.194 - - [27/Oct/2011:17:12:50 +0200] "GET /robots.txt HTTP/1.1" 200 24 "-" "Mozilla/5.0 (compatible; Googlebot/2.1; +http://www.google.com/bot.html)"
66.249.72.194 - - [27/Oct/2011:17:12:51 +0200] "GET /sitemap.xml HTTP/1.1" 200 796 "-" "Mozilla/5.0 (compatible; Googlebot/2.1; +http://www.google.com/bot.html)"
50.16.140.177 - - [27/Oct/2011:19:11:32 +0200] "GET / HTTP/1.0" 200 12977 "http://www.if-20.com" "Mozilla/4.0 (compatible; MSIE 7.0; Windows NT 6.0; Trident/4.0)"
220.181.108.149 - - [27/Oct/2011:20:44:17 +0200] "GET /robots.txt HTTP/1.1" 200 24 "-" "Baiduspider+(+http://www.baidu.com/search/spider.htm)"
95.108.128.242 - - [27/Oct/2011:21:11:10 +0200] "GET /robots.txt HTTP/1.1" 200 24 "-" "Mozilla/5.0 (compatible; YandexBot/3.0; +http://yandex.com/bots)"
123.125.71.104 - - [27/Oct/2011:21:29:13 +0200] "GET / HTTP/1.1" 200 12977 "-" "Mozilla/5.0 (compatible; Baiduspider/2.0; +http://www.baidu.com/search/spider.html)"
174.124.243.128 - - [27/Oct/2011:22:29:00 +0200] "GET /robots.txt HTTP/1.0" 200 24 "-" "Mozilla/5.0 (compatible; MJ12bot/v1.4.0; http://www.majestic12.co.uk/bot.php?+)"
174.124.243.128 - - [27/Oct/2011:22:29:02 +0200] "GET / HTTP/1.1" 200 12977 "-" "Mozilla/5.0 (compatible; MJ12bot/v1.4.0; http://www.majestic12.co.uk/bot.php?+)"
123.125.71.12 - - [28/Oct/2011:03:57:46 +0200] "GET /robots.txt HTTP/1.1" 200 24 "-" "Baiduspider+(+http://www.baidu.com/search/spider.htm)"
66.249.72.194 - - [28/Oct/2011:04:47:41 +0200] "GET / HTTP/1.1" 200 12977 "-" "SAMSUNG-SGH-E250/1.0 Profile/MIDP-2.0 Configuration/CLDC-1.1 UP.Browser/6.2.3.3.c.1.101 (GUI) MMP/2.0 (compatible; Googlebot-Mobile/2.1; +http://www.google.com/bot.html)"
95.108.128.242 - - [28/Oct/2011:05:20:43 +0200] "GET / HTTP/1.1" 200 12977 "-" "Mozilla/5.0 (compatible; YandexBot/3.0; +http://yandex.com/bots)"
70.166.22.210 - - [28/Oct/2011:07:45:34 +0200] "GET / HTTP/1.1" 200 12977 "http://www.ubound.info/Top/World/Deutsch/Regional/Europa/Deutschland/Berlin/Gesundheit/Praxen/Zahn%c3%a4rzte%2c_Kieferchirurgen_und_-orthop%c3%a4den" "Mozilla/5.0 (compatible; MSIE 9.0; Windows NT 6.1; Trident/5.0)"
64.121.56.246 - - [28/Oct/2011:08:44:51 +0200] "HEAD / HTTP/1.1" 200 - "-" "Mozilla/5.0 (compatible; pmoz.info ODP link checker; +http://pmoz.info/doc/botinfo.htm)"
94.23.225.68 - - [28/Oct/2011:09:49:13 +0200] "GET /teledienst.html HTTP/1.1" 200 4588 "-" "Mozilla/5.0 (X11; Linux i686; rv:6.0) Gecko/20100101 Firefox/6.0"
94.23.225.68 - - [28/Oct/2011:09:49:13 +0200] "GET /index_alt.html HTTP/1.1" 200 2254 "-" "Mozilla/5.0 (X11; Linux i686; rv:6.0) Gecko/20100101 Firefox/6.0"
94.23.225.68 - - [28/Oct/2011:09:49:13 +0200] "GET /intro.html HTTP/1.1" 200 5170 "-" "Mozilla/5.0 (X11; Linux i686; rv:6.0) Gecko/20100101 Firefox/6.0"
84.189.151.177 - - [28/Oct/2011:10:54:02 +0200] "GET / HTTP/1.1" 200 12977 "http://maps.google.de/maps?hl=de&sugexp=kjrmc&cp=19&gs_id=1n&xhr=t&gs_upl=&bav=on.2,or.r_gc.r_pw.,cf.osb&biw=1280&bih=827&wrapid=tljp1319793493171030&um=1&ie=UTF-8&q=zahnarzt+berlin+pankow&fb=1&gl=de&hq=zahnarzt+berlin&hnear=0x47a852697a998c35:0x2324dc40553a05f,Pankow,+Berlin&ei=P2yqTtSdOs-dOrjptM4P&sa=X&oi=local_group&ct=image&sqi=2&ved=0CBoQtgM&iwloc=cids:8965179853576726435" "Mozilla/4.0 (compatible; MSIE 8.0; Windows NT 5.1; Trident/4.0; .NET CLR 2.0.50727; .NET CLR 3.0.4506.2152; .NET CLR 3.5.30729)"
84.189.151.177 - - [28/Oct/2011:10:54:02 +0200] "GET /opensite.js HTTP/1.1" 200 1125 "http://www.zahnarztpraxis-berlin-pankow.de/" "Mozilla/4.0 (compatible; MSIE 8.0; Windows NT 5.1; Trident/4.0; .NET CLR 2.0.50727; .NET CLR 3.0.4506.2152; .NET CLR 3.5.30729)"
84.189.151.177 - - [28/Oct/2011:10:54:03 +0200] "GET /flashopen.js HTTP/1.1" 200 604 "http://www.zahnarztpraxis-berlin-pankow.de/" "Mozilla/4.0 (compatible; MSIE 8.0; Windows NT 5.1; Trident/4.0; .NET CLR 2.0.50727; .NET CLR 3.0.4506.2152; .NET CLR 3.5.30729)"
84.189.151.177 - - [28/Oct/2011:10:54:03 +0200] "GET /hattke.swf HTTP/1.1" 200 12042 "http://www.zahnarztpraxis-berlin-pankow.de/" "Mozilla/4.0 (compatible; MSIE 8.0; Windows NT 5.1; Trident/4.0; .NET CLR 2.0.50727; .NET CLR 3.0.4506.2152; .NET CLR 3.5.30729)"
84.189.151.177 - - [28/Oct/2011:10:54:03 +0200] "GET /favicon.ico HTTP/1.1" 200 2550 "-" "Mozilla/4.0 (compatible; MSIE 8.0; Windows NT 5.1; Trident/4.0; .NET CLR 2.0.50727; .NET CLR 3.0.4506.2152; .NET CLR 3.5.30729)"
84.189.151.177 - - [28/Oct/2011:10:54:03 +0200] "GET /diashow.swf HTTP/1.1" 200 311957 "http://www.zahnarztpraxis-berlin-pankow.de/hattke.swf" "Mozilla/4.0 (compatible; MSIE 8.0; Windows NT 5.1; Trident/4.0; .NET CLR 2.0.50727; .NET CLR 3.0.4506.2152; .NET CLR 3.5.30729)"
66.249.72.194 - - [28/Oct/2011:11:08:16 +0200] "GET / HTTP/1.1" 200 12977 "-" "Mozilla/5.0 (iPhone; U; CPU iPhone OS 4_1 like Mac OS X; en-us) AppleWebKit/532.9 (KHTML, like Gecko) Version/4.0.5 Mobile/8B117 Safari/6531.22.7 (compatible; Googlebot-Mobile/2.1; +http://www.google.com/bot.html)"
93.219.170.114 - - [28/Oct/2011:11:47:34 +0200] "GET / HTTP/1.1" 200 12977 "http://www.google.de/url?sa=t&rct=j&q=hattke%20zahn&source=web&cd=1&ved=0CCMQFjAA&url=http%3A%2F%2Fwww.zahnarztpraxis-berlin-pankow.de%2F&ei=NHqqTrPQE9GN4gSO8NXXDg&usg=AFQjCNGhU0LSIXKAU9N4d8DNsS8g6WKbiA" "Mozilla/5.0 (Windows NT 6.1; WOW64; rv:6.0.1) Gecko/20100101 Firefox/6.0.1"
93.219.170.114 - - [28/Oct/2011:11:47:34 +0200] "GET /opensite.js HTTP/1.1" 200 1125 "http://www.zahnarztpraxis-berlin-pankow.de/" "Mozilla/5.0 (Windows NT 6.1; WOW64; rv:6.0.1) Gecko/20100101 Firefox/6.0.1"
93.219.170.114 - - [28/Oct/2011:11:47:34 +0200] "GET /favicon.ico HTTP/1.1" 200 2550 "-" "Mozilla/5.0 (Windows NT 6.1; WOW64; rv:6.0.1) Gecko/20100101 Firefox/6.0.1"
93.219.170.114 - - [28/Oct/2011:11:47:34 +0200] "GET /flashopen.js HTTP/1.1" 200 604 "http://www.zahnarztpraxis-berlin-pankow.de/" "Mozilla/5.0 (Windows NT 6.1; WOW64; rv:6.0.1) Gecko/20100101 Firefox/6.0.1"
93.219.170.114 - - [28/Oct/2011:11:47:34 +0200] "GET /hattke.swf HTTP/1.1" 200 12042 "http://www.zahnarztpraxis-berlin-pankow.de/" "Mozilla/5.0 (Windows NT 6.1; WOW64; rv:6.0.1) Gecko/20100101 Firefox/6.0.1"
93.219.170.114 - - [28/Oct/2011:11:47:35 +0200] "GET /diashow.swf HTTP/1.1" 200 311957 "-" "Mozilla/5.0 (Windows NT 6.1; WOW64; rv:6.0.1) Gecko/20100101 Firefox/6.0.1"
217.92.150.163 - - [28/Oct/2011:13:13:17 +0200] "GET / HTTP/1.1" 200 12977 "http://www.gelbeseiten.de/yp/122/search.yp?sessionDataString=H4sIAAAAAAAAAEWHvQqCMQwAn8Yx0PTva8iu3ygKOkpsU3STNotvbzeH4-p6QJIUWtECsvUFEEXgG7eBya4nE91wLhKoh-p7SxR6bvh-pPBH6fJsKlv0zWn6-pP%2FXGxI06ky6osNkHfHZ8eXVTfH96Vt0ZFKJl8QiX8P8nDdhwAAAA-e-e&at=yp&kindOfSearch=tradesearch&subject=zahnarzt&location=berlin&distance=-1&execute=Suchen&suggest_choose=on&rz=122" "Mozilla/4.0 (compatible; MSIE 8.0; Windows NT 6.0; WOW64; Trident/4.0; SLCC1; .NET CLR 2.0.50727; .NET CLR 3.5.30729; .NET CLR 3.0.30729; .NET4.0C; .NET4.0E)"
176.9.246.147 - - [28/Oct/2011:19:23:42 +0200] "GET / HTTP/1.1" 200 12977 "-" "Mozilla/5.0 (Windows; U; Windows NT 6.1; en-US) AppleWebKit/532+ (KHTML, like Gecko) Version/4.0.2 Safari/530.19.1"
95.108.128.242 - - [28/Oct/2011:23:24:44 +0200] "GET /robots.txt HTTP/1.1" 200 24 "-" "Mozilla/5.0 (compatible; YandexBot/3.0; +http://yandex.com/bots)"
107.22.61.44 - - [28/Oct/2011:23:59:22 +0200] "GET / HTTP/1.0" 200 12977 "-" "Mozilla/5.0 (compatible; NetcraftSurveyAgent/1.0; +info@netcraft.com)"
95.108.128.242 - - [29/Oct/2011:05:15:06 +0200] "GET /teledienst.html HTTP/1.1" 304 - "-" "Mozilla/5.0 (compatible; YandexBot/3.0; +http://yandex.com/bots)"
220.181.108.145 - - [29/Oct/2011:08:02:32 +0200] "GET /robots.txt HTTP/1.1" 200 24 "-" "Baiduspider+(+http://www.baidu.com/search/spider.htm)"
70.166.22.210 - - [29/Oct/2011:08:40:21 +0200] "GET / HTTP/1.1" 200 12977 "http://www.ubound.info/Top/World/Deutsch/Regional/Europa/Deutschland/Berlin/Gesundheit/Praxen/Zahn%c3%a4rzte%2c_Kieferchirurgen_und_-orthop%c3%a4den" "Mozilla/5.0 (compatible; MSIE 9.0; Windows NT 6.1; Trident/5.0)"
79.252.156.151 - - [29/Oct/2011:09:03:28 +0200] "GET / HTTP/1.1" 200 12977 "-" "Mozilla/5.0 (Windows NT 5.1; rv:7.0.1) Gecko/20100101 Firefox/7.0.1"
79.252.156.151 - - [29/Oct/2011:09:03:28 +0200] "GET /opensite.js HTTP/1.1" 200 1125 "http://www.zahnarztpraxis-berlin-pankow.de/" "Mozilla/5.0 (Windows NT 5.1; rv:7.0.1) Gecko/20100101 Firefox/7.0.1"
79.252.156.151 - - [29/Oct/2011:09:03:28 +0200] "GET /favicon.ico HTTP/1.1" 200 2550 "-" "Mozilla/5.0 (Windows NT 5.1; rv:7.0.1) Gecko/20100101 Firefox/7.0.1"
79.252.156.151 - - [29/Oct/2011:09:03:29 +0200] "GET /flashopen.js HTTP/1.1" 200 604 "http://www.zahnarztpraxis-berlin-pankow.de/" "Mozilla/5.0 (Windows NT 5.1; rv:7.0.1) Gecko/20100101 Firefox/7.0.1"
79.252.156.151 - - [29/Oct/2011:09:03:29 +0200] "GET /hattke.swf HTTP/1.1" 200 12042 "http://www.zahnarztpraxis-berlin-pankow.de/" "Mozilla/5.0 (Windows NT 5.1; rv:7.0.1) Gecko/20100101 Firefox/7.0.1"
79.252.156.151 - - [29/Oct/2011:09:03:29 +0200] "GET /diashow.swf HTTP/1.1" 200 311957 "-" "Mozilla/5.0 (Windows NT 5.1; rv:7.0.1) Gecko/20100101 Firefox/7.0.1"
213.186.122.3 - - [29/Oct/2011:10:11:47 +0200] "GET /robots.txt HTTP/1.1" 200 24 "-" "Mozilla/5.0 (compatible; AhrefsBot/1.0; +http://ahrefs.com/robot/)"
213.186.122.3 - - [29/Oct/2011:10:11:49 +0200] "GET / HTTP/1.1" 200 12977 "-" "Mozilla/5.0 (compatible; AhrefsBot/1.0; +http://ahrefs.com/robot/)"
91.121.181.195 - - [29/Oct/2011:14:50:22 +0200] "GET / HTTP/1.1" 200 12977 "-" "Mozilla/4.0 (compatible; MSIE 6.0; Windows NT)"
82.165.37.69 - - [29/Oct/2011:18:13:58 +0200] "GET / HTTP/1.0" 200 12977 "http://valerie-bistro.de/robot.html?=zahnarztpraxis-berlin-pankow.de" "Mozilla/5.0 (compatible; IPTCBOT;"
78.46.116.12 - - [29/Oct/2011:21:18:11 +0200] "GET / HTTP/1.0" 200 12977 "-" "Links SQL (http://gossamer-threads.com/scripts/links-sql/)"
95.108.128.242 - - [29/Oct/2011:23:12:56 +0200] "GET /robots.txt HTTP/1.1" 200 24 "-" "Mozilla/5.0 (compatible; YandexBot/3.0; +http://yandex.com/bots)"
95.108.128.242 - - [30/Oct/2011:07:18:28 +0100] "GET / HTTP/1.1" 200 12977 "-" "Mozilla/5.0 (compatible; YandexBot/3.0; +http://yandex.com/bots)"
70.166.22.210 - - [30/Oct/2011:08:27:35 +0100] "GET / HTTP/1.1" 200 12977 "http://www.ubound.info/Top/World/Deutsch/Regional/Europa/Deutschland/Berlin/Gesundheit/Praxen/Zahn%c3%a4rzte%2c_Kieferchirurgen_und_-orthop%c3%a4den" "Mozilla/5.0 (compatible; MSIE 9.0; Windows NT 6.1; Trident/5.0)"
188.233.92.104 - - [30/Oct/2011:08:57:17 +0100] "GET / HTTP/1.0" 200 12977 "http://www.zahnarztpraxis-berlin-pankow.de/" "Mozilla/4.0 (compatible; MSIE 6.0; Windows NT 5.1; SV1)"
188.233.92.104 - - [30/Oct/2011:08:57:18 +0100] "GET / HTTP/1.0" 200 12977 "http://www.zahnarztpraxis-berlin-pankow.de/" "Mozilla/4.0 (compatible; MSIE 6.0; Windows NT 5.1; SV1)"
77.64.212.152 - - [30/Oct/2011:09:02:48 +0100] "GET / HTTP/1.1" 200 12977 "http://www.med-kolleg.de/arzt/zahnarzt/10460.html" "Mozilla/5.0 (X11; U; Linux i686; de; rv:1.9.2.13) Gecko/20101206 Ubuntu/10.04 (lucid) Firefox/3.6.13"
77.64.212.152 - - [30/Oct/2011:09:02:48 +0100] "GET /opensite.js HTTP/1.1" 200 1125 "http://www.zahnarztpraxis-berlin-pankow.de/" "Mozilla/5.0 (X11; U; Linux i686; de; rv:1.9.2.13) Gecko/20101206 Ubuntu/10.04 (lucid) Firefox/3.6.13"
77.64.212.152 - - [30/Oct/2011:09:02:48 +0100] "GET /favicon.ico HTTP/1.1" 200 2550 "-" "Mozilla/5.0 (X11; U; Linux i686; de; rv:1.9.2.13) Gecko/20101206 Ubuntu/10.04 (lucid) Firefox/3.6.13"
77.64.212.152 - - [30/Oct/2011:09:02:48 +0100] "GET /flashopen.js HTTP/1.1" 200 604 "http://www.zahnarztpraxis-berlin-pankow.de/" "Mozilla/5.0 (X11; U; Linux i686; de; rv:1.9.2.13) Gecko/20101206 Ubuntu/10.04 (lucid) Firefox/3.6.13"
77.64.212.152 - - [30/Oct/2011:09:02:48 +0100] "GET /hattke.swf HTTP/1.1" 200 12042 "http://www.zahnarztpraxis-berlin-pankow.de/" "Mozilla/5.0 (X11; U; Linux i686; de; rv:1.9.2.13) Gecko/20101206 Ubuntu/10.04 (lucid) Firefox/3.6.13"
77.64.212.152 - - [30/Oct/2011:09:02:48 +0100] "GET /diashow.swf HTTP/1.1" 200 311957 "-" "Mozilla/5.0 (X11; U; Linux i686; de; rv:1.9.2.13) Gecko/20101206 Ubuntu/10.04 (lucid) Firefox/3.6.13"
91.66.76.244 - - [30/Oct/2011:12:27:32 +0100] "GET / HTTP/1.1" 200 12977 "http://www.google.de/url?sa=t&rct=j&q=hattke%20zahnarzt%20berlin&source=web&cd=1&ved=0CF0QFjAA&url=http%3A%2F%2Fwww.zahnarztpraxis-berlin-pankow.de%2F&ei=ljStTo-4OceOswbW2MD8Dw&usg=AFQjCNGhU0LSIXKAU9N4d8DNsS8g6WKbiA" "Mozilla/5.0 (Windows NT 5.1; rv:2.0) Gecko/20100101 Firefox/4.0"
91.66.76.244 - - [30/Oct/2011:12:27:32 +0100] "GET /favicon.ico HTTP/1.1" 200 2550 "-" "Mozilla/5.0 (Windows NT 5.1; rv:2.0) Gecko/20100101 Firefox/4.0"
91.66.76.244 - - [30/Oct/2011:12:27:33 +0100] "GET /opensite.js HTTP/1.1" 200 1125 "http://www.zahnarztpraxis-berlin-pankow.de/" "Mozilla/5.0 (Windows NT 5.1; rv:2.0) Gecko/20100101 Firefox/4.0"
91.66.76.244 - - [30/Oct/2011:12:27:33 +0100] "GET /flashopen.js HTTP/1.1" 200 604 "http://www.zahnarztpraxis-berlin-pankow.de/" "Mozilla/5.0 (Windows NT 5.1; rv:2.0) Gecko/20100101 Firefox/4.0"
91.66.76.244 - - [30/Oct/2011:12:27:33 +0100] "GET /hattke.swf HTTP/1.1" 200 12042 "http://www.zahnarztpraxis-berlin-pankow.de/" "Mozilla/5.0 (Windows NT 5.1; rv:2.0) Gecko/20100101 Firefox/4.0"
91.66.76.244 - - [30/Oct/2011:12:27:33 +0100] "GET /diashow.swf HTTP/1.1" 200 311957 "-" "Mozilla/5.0 (Windows NT 5.1; rv:2.0) Gecko/20100101 Firefox/4.0"
91.61.93.180 - - [30/Oct/2011:13:01:41 +0100] "GET / HTTP/1.1" 200 12977 "http://www.google.de/url?sa=t&rct=j&q=zahnarztpraxis%20hattke&source=web&cd=1&ved=0CE0QFjAA&url=http%3A%2F%2Fwww.zahnarztpraxis-berlin-pankow.de%2F&ei=izytTrSZI4qK4gSalbXaDg&usg=AFQjCNGhU0LSIXKAU9N4d8DNsS8g6WKbiA&sig2=idcLyIQUhj60W0vvl-FGLA" "Mozilla/5.0 (Windows NT 5.1; rv:7.0.1) Gecko/20100101 Firefox/7.0.1"
91.61.93.180 - - [30/Oct/2011:13:01:42 +0100] "GET /opensite.js HTTP/1.1" 200 1125 "http://www.zahnarztpraxis-berlin-pankow.de/" "Mozilla/5.0 (Windows NT 5.1; rv:7.0.1) Gecko/20100101 Firefox/7.0.1"
91.61.93.180 - - [30/Oct/2011:13:01:42 +0100] "GET /favicon.ico HTTP/1.1" 200 2550 "-" "Mozilla/5.0 (Windows NT 5.1; rv:7.0.1) Gecko/20100101 Firefox/7.0.1"
91.61.93.180 - - [30/Oct/2011:13:01:42 +0100] "GET /flashopen.js HTTP/1.1" 200 604 "http://www.zahnarztpraxis-berlin-pankow.de/" "Mozilla/5.0 (Windows NT 5.1; rv:7.0.1) Gecko/20100101 Firefox/7.0.1"
91.61.93.180 - - [30/Oct/2011:13:01:44 +0100] "GET /hattke.swf HTTP/1.1" 200 12042 "http://www.zahnarztpraxis-berlin-pankow.de/" "Mozilla/5.0 (Windows NT 5.1; rv:7.0.1) Gecko/20100101 Firefox/7.0.1"
91.61.93.180 - - [30/Oct/2011:13:01:45 +0100] "GET /diashow.swf HTTP/1.1" 200 311957 "-" "Mozilla/5.0 (Windows NT 5.1; rv:7.0.1) Gecko/20100101 Firefox/7.0.1"
66.249.71.113 - - [30/Oct/2011:15:26:29 +0100] "GET /robots.txt HTTP/1.1" 200 24 "-" "Mozilla/5.0 (compatible; Googlebot/2.1; +http://www.google.com/bot.html)"
66.249.71.113 - - [30/Oct/2011:15:26:29 +0100] "GET /callback.html HTTP/1.1" 304 - "-" "Mozilla/5.0 (compatible; Googlebot/2.1; +http://www.google.com/bot.html)"
80.237.157.71 - - [30/Oct/2011:16:51:14 +0100] "GET / HTTP/1.1" 200 12977 "-" "Mozilla/5.0 (X11; U; Linux x86_64; en-US; rv:1.7.7) Gecko/20050414"
80.237.157.71 - - [30/Oct/2011:16:51:14 +0100] "GET /opensite.js HTTP/1.1" 200 1125 "http://www.zahnarztpraxis-berlin-pankow.de/" "Mozilla/5.0 (X11; U; Linux x86_64; en-US; rv:1.7.7) Gecko/20050414"
80.237.157.71 - - [30/Oct/2011:16:51:15 +0100] "GET /flashopen.js HTTP/1.1" 200 604 "http://www.zahnarztpraxis-berlin-pankow.de/" "Mozilla/5.0 (X11; U; Linux x86_64; en-US; rv:1.7.7) Gecko/20050414"
80.237.157.71 - - [30/Oct/2011:16:51:15 +0100] "GET /hattke.swf HTTP/1.1" 200 12042 "http://www.zahnarztpraxis-berlin-pankow.de/" "Mozilla/5.0 (X11; U; Linux x86_64; en-US; rv:1.7.7) Gecko/20050414"
80.237.157.71 - - [30/Oct/2011:16:51:15 +0100] "GET /diashow.swf HTTP/1.1" 200 311957 "-" "Mozilla/5.0 (X11; U; Linux x86_64; en-US; rv:1.7.7) Gecko/20050414"
220.181.108.140 - - [30/Oct/2011:16:59:47 +0100] "GET /robots.txt HTTP/1.1" 200 24 "-" "Baiduspider+(+http://www.baidu.com/search/spider.htm)"
83.133.125.202 - - [30/Oct/2011:17:28:58 +0100] "GET / HTTP/1.1" 200 12977 "http://www.bigfinder.de/" "Mozilla/5.0 (Macintosh; U; Intel Mac OS X 10.6; de-DE; rv:1.9.2.8) Gecko/20100722 Firefox/3.6.8"
66.249.71.113 - - [30/Oct/2011:19:31:58 +0100] "GET /intro.html HTTP/1.1" 304 - "-" "Mozilla/5.0 (compatible; Googlebot/2.1; +http://www.google.com/bot.html)"
125.64.33.80 - - [30/Oct/2011:20:43:06 +0100] "GET / HTTP/1.1" 200 12977 "-" "Mozilla/4.0 (compatible; MSIE 6.0; Windows NT 5.0; SV1; .NET CLR 1.1.4322; InfoPath.2; .NET CLR 2.0.50727; .NET CLR 3.0.04506.648; .NET CLR 3.5.21022)"
125.64.33.80 - - [30/Oct/2011:20:43:07 +0100] "GET /opensite.js HTTP/1.1" 200 1125 "-" "Mozilla/4.0 (compatible; MSIE 6.0; Windows NT 5.0; SV1; .NET CLR 1.1.4322; InfoPath.2; .NET CLR 2.0.50727; .NET CLR 3.0.04506.648; .NET CLR 3.5.21022)"
125.64.33.80 - - [30/Oct/2011:20:43:08 +0100] "GET /flashopen.js HTTP/1.1" 200 604 "-" "Mozilla/4.0 (compatible; MSIE 6.0; Windows NT 5.0; SV1; .NET CLR 1.1.4322; InfoPath.2; .NET CLR 2.0.50727; .NET CLR 3.0.04506.648; .NET CLR 3.5.21022)"
91.61.94.23 - - [30/Oct/2011:20:45:04 +0100] "GET /favicon.ico HTTP/1.1" 200 2550 "-" "Mozilla/5.0 (compatible; MSIE 9.0; Windows NT 6.0; WOW64; Trident/5.0)"
91.61.94.23 - - [30/Oct/2011:20:45:04 +0100] "GET / HTTP/1.1" 200 12977 "http://suche.t-online.de/fast-cgi/tsc?sr=ptoweb&q=hattke+berlin" "Mozilla/5.0 (compatible; MSIE 9.0; Windows NT 6.0; WOW64; Trident/5.0)"
91.61.94.23 - - [30/Oct/2011:20:45:04 +0100] "GET /flashopen.js HTTP/1.1" 200 604 "http://www.zahnarztpraxis-berlin-pankow.de/" "Mozilla/5.0 (compatible; MSIE 9.0; Windows NT 6.0; WOW64; Trident/5.0)"
91.61.94.23 - - [30/Oct/2011:20:45:04 +0100] "GET /opensite.js HTTP/1.1" 200 1125 "http://www.zahnarztpraxis-berlin-pankow.de/" "Mozilla/5.0 (compatible; MSIE 9.0; Windows NT 6.0; WOW64; Trident/5.0)"
91.61.94.23 - - [30/Oct/2011:20:45:04 +0100] "GET /hattke.swf HTTP/1.1" 200 12042 "http://www.zahnarztpraxis-berlin-pankow.de/" "Mozilla/5.0 (compatible; MSIE 9.0; Windows NT 6.0; WOW64; Trident/5.0)"
91.61.94.23 - - [30/Oct/2011:20:45:05 +0100] "GET /diashow.swf HTTP/1.1" 200 311957 "http://www.zahnarztpraxis-berlin-pankow.de/hattke.swf" "Mozilla/4.0 (compatible; MSIE 7.0; Windows NT 6.0; WOW64; Trident/5.0; SLCC1; .NET CLR 2.0.50727; Media Center PC 5.0; .NET CLR 3.5.30729; .NET CLR 3.0.30729; .NET4.0C; AskTbORJ/5.13.1.18107)"
94.23.163.9 - - [30/Oct/2011:21:36:22 +0100] "GET / HTTP/1.1" 200 12977 "-" "Mozilla/5.0 (Windows NT 6.1; WOW64; rv:6.0) Gecko/20100101 Firefox/6.0"
94.23.163.9 - - [30/Oct/2011:21:36:22 +0100] "GET / HTTP/1.0" 200 12977 "-" "-"
220.181.51.110 - - [30/Oct/2011:21:37:41 +0100] "GET / HTTP/1.1" 200 12977 "-" "Mozilla/5.0 (Windows NT 5.1; rv:6.0.2) Gecko/20100101 Firefox/6.0.2"
217.50.227.229 - - [30/Oct/2011:23:30:18 +0100] "GET /robots.txt HTTP/1.0" 200 24 "-" "Mozilla/5.0 (compatible; MJ12bot/v1.4.0; http://www.majestic12.co.uk/bot.php?+)"
217.50.227.229 - - [30/Oct/2011:23:30:19 +0100] "GET / HTTP/1.1" 200 12977 "-" "Mozilla/5.0 (compatible; MJ12bot/v1.4.0; http://www.majestic12.co.uk/bot.php?+)"
200.88.212.121 - - [31/Oct/2011:04:18:49 +0100] "GET / HTTP/1.1" 200 12977 "http://www.searchqu.com/web?src=crb&appid=102&systemid=406&sr=0&q=reyk" "Mozilla/5.0 (Windows NT 5.1) AppleWebKit/535.2 (KHTML, like Gecko) Chrome/15.0.874.106 Safari/535.2"
200.88.212.121 - - [31/Oct/2011:04:18:49 +0100] "GET /flashopen.js HTTP/1.1" 200 604 "http://www.zahnarztpraxis-berlin-pankow.de/" "Mozilla/5.0 (Windows NT 5.1) AppleWebKit/535.2 (KHTML, like Gecko) Chrome/15.0.874.106 Safari/535.2"
200.88.212.121 - - [31/Oct/2011:04:18:49 +0100] "GET /opensite.js HTTP/1.1" 200 1125 "http://www.zahnarztpraxis-berlin-pankow.de/" "Mozilla/5.0 (Windows NT 5.1) AppleWebKit/535.2 (KHTML, like Gecko) Chrome/15.0.874.106 Safari/535.2"
200.88.212.121 - - [31/Oct/2011:04:18:50 +0100] "GET /hattke.swf HTTP/1.1" 200 12042 "http://www.zahnarztpraxis-berlin-pankow.de/" "Mozilla/5.0 (Windows NT 5.1) AppleWebKit/535.2 (KHTML, like Gecko) Chrome/15.0.874.106 Safari/535.2"
200.88.212.121 - - [31/Oct/2011:04:18:50 +0100] "GET /favicon.ico HTTP/1.1" 200 2550 "-" "Mozilla/5.0 (Windows NT 5.1) AppleWebKit/535.2 (KHTML, like Gecko) Chrome/15.0.874.106 Safari/535.2"
200.88.212.121 - - [31/Oct/2011:04:18:50 +0100] "GET /diashow.swf HTTP/1.1" 200 311957 "http://www.zahnarztpraxis-berlin-pankow.de/hattke.swf" "Mozilla/5.0 (Windows NT 5.1) AppleWebKit/535.2 (KHTML, like Gecko) Chrome/15.0.874.106 Safari/535.2"
83.133.125.202 - - [31/Oct/2011:06:21:06 +0100] "GET / HTTP/1.1" 200 12977 "http://www.bigfinder.de/" "Mozilla/4.0 (compatible; MSIE 7.0; Windows NT 5.1)"
83.133.125.202 - - [31/Oct/2011:06:21:06 +0100] "GET / HTTP/1.1" 200 12977 "http://www.bigfinder.de/" "Mozilla/4.0 (compatible; MSIE 7.0; Windows NT 5.1)"
83.133.125.202 - - [31/Oct/2011:06:21:07 +0100] "GET / HTTP/1.0" 200 12977 "-" "-"
83.133.125.202 - - [31/Oct/2011:06:21:07 +0100] "GET / HTTP/1.0" 200 12977 "-" "-"
83.133.125.202 - - [31/Oct/2011:06:21:07 +0100] "GET / HTTP/1.0" 200 12977 "-" "-"
83.133.125.202 - - [31/Oct/2011:06:21:07 +0100] "GET / HTTP/1.0" 200 12977 "-" "-"
66.249.71.113 - - [31/Oct/2011:08:39:06 +0100] "GET /teledienst.html HTTP/1.1" 200 4588 "-" "Mozilla/5.0 (compatible; Googlebot/2.1; +http://www.google.com/bot.html)"
70.166.22.210 - - [31/Oct/2011:10:36:19 +0100] "GET / HTTP/1.1" 200 12977 "http://www.ubound.info/Top/World/Deutsch/Regional/Europa/Deutschland/Berlin/Gesundheit/Praxen/Zahn%c3%a4rzte%2c_Kieferchirurgen_und_-orthop%c3%a4den" "Mozilla/5.0 (compatible; MSIE 9.0; Windows NT 6.1; Trident/5.0)"
66.249.71.113 - - [31/Oct/2011:16:51:22 +0100] "GET /robots.txt HTTP/1.1" 200 24 "-" "Mozilla/5.0 (compatible; Googlebot/2.1; +http://www.google.com/bot.html)"
66.249.71.113 - - [31/Oct/2011:16:51:22 +0100] "GET /callback.html HTTP/1.1" 200 3272 "-" "Mozilla/5.0 (compatible; Googlebot/2.1; +http://www.google.com/bot.html)"
77.186.25.133 - - [31/Oct/2011:19:32:54 +0100] "GET / HTTP/1.1" 200 12977 "-" "Mozilla/4.0 (compatible; MSIE 8.0; Windows NT 6.1; WOW64; Trident/4.0; GTB7.1; SLCC2; .NET CLR 2.0.50727; .NET CLR 3.5.30729; .NET CLR 3.0.30729; Media Center PC 6.0; eSobiSubscriber 2.0.4.16; .NET4.0C)"
77.186.25.133 - - [31/Oct/2011:19:32:54 +0100] "GET /opensite.js HTTP/1.1" 200 1125 "http://www.zahnarztpraxis-berlin-pankow.de/" "Mozilla/4.0 (compatible; MSIE 8.0; Windows NT 6.1; WOW64; Trident/4.0; GTB7.1; SLCC2; .NET CLR 2.0.50727; .NET CLR 3.5.30729; .NET CLR 3.0.30729; Media Center PC 6.0; eSobiSubscriber 2.0.4.16; .NET4.0C)"
77.186.25.133 - - [31/Oct/2011:19:32:54 +0100] "GET /flashopen.js HTTP/1.1" 200 604 "http://www.zahnarztpraxis-berlin-pankow.de/" "Mozilla/4.0 (compatible; MSIE 8.0; Windows NT 6.1; WOW64; Trident/4.0; GTB7.1; SLCC2; .NET CLR 2.0.50727; .NET CLR 3.5.30729; .NET CLR 3.0.30729; Media Center PC 6.0; eSobiSubscriber 2.0.4.16; .NET4.0C)"
77.186.25.133 - - [31/Oct/2011:19:32:55 +0100] "GET /hattke.swf HTTP/1.1" 200 12042 "http://www.zahnarztpraxis-berlin-pankow.de/" "Mozilla/4.0 (compatible; MSIE 8.0; Windows NT 6.1; WOW64; Trident/4.0; GTB7.1; SLCC2; .NET CLR 2.0.50727; .NET CLR 3.5.30729; .NET CLR 3.0.30729; Media Center PC 6.0; eSobiSubscriber 2.0.4.16; .NET4.0C)"
77.186.25.133 - - [31/Oct/2011:19:32:55 +0100] "GET /favicon.ico HTTP/1.1" 200 2550 "-" "Mozilla/4.0 (compatible; MSIE 8.0; Windows NT 6.1; WOW64; Trident/4.0; GTB7.1; SLCC2; .NET CLR 2.0.50727; .NET CLR 3.5.30729; .NET CLR 3.0.30729; Media Center PC 6.0; eSobiSubscriber 2.0.4.16; .NET4.0C)"
77.186.25.133 - - [31/Oct/2011:19:32:55 +0100] "GET /diashow.swf HTTP/1.1" 200 311957 "http://www.zahnarztpraxis-berlin-pankow.de/hattke.swf" "Mozilla/4.0 (compatible; MSIE 8.0; Windows NT 6.1; WOW64; Trident/4.0; GTB7.1; SLCC2; .NET CLR 2.0.50727; .NET CLR 3.5.30729; .NET CLR 3.0.30729; Media Center PC 6.0; eSobiSubscriber 2.0.4.16; .NET4.0C)"
2.211.8.187 - - [31/Oct/2011:19:42:58 +0100] "GET / HTTP/1.1" 200 12977 "http://www.google.com/m/search?q=dr+roumiana+hattke&mshr=56&msbs=&mscq=&mscm=&popt=1&pbx=1&aq=&oq=dr+roumiana+hattke&aqi=&fkt=1598&fsdt=25385&cqt=23783&rst=17777&htf=&his=&maction=&source=android-home&client=ms-android-samsung&csll=&action=<oken=9a79c38c" "Mozilla/5.0 (Linux; U; Android 2.3.3; de-de; GT-I9000 Build/GINGERBREAD) AppleWebKit/533.1 (KHTML, like Gecko) Version/4.0 Mobile Safari/533.1"
