79.215.20.178 - - [20/Dec/2014:07:32:29 +0100] "GET /seiten/impr.htm HTTP/1.1" 200 8696 "http://www.prokommunal.com/seiten/kontakt.php" "Mozilla/5.0 (Windows NT 6.1; Trident/7.0; rv:11.0) like Gecko"
79.215.20.178 - - [20/Dec/2014:07:32:30 +0100] "GET /seiten/kontakt.php HTTP/1.1" 200 12788 "http://www.prokommunal.com/seiten/impr.htm" "Mozilla/5.0 (Windows NT 6.1; Trident/7.0; rv:11.0) like Gecko"
79.215.20.178 - - [20/Dec/2014:07:32:44 +0100] "GET /seiten/produkte.htm HTTP/1.1" 200 9105 "http://www.prokommunal.com/seiten/kontakt.php" "Mozilla/5.0 (Windows NT 6.1; Trident/7.0; rv:11.0) like Gecko"
79.215.20.178 - - [20/Dec/2014:07:32:51 +0100] "GET /seiten/partner.htm HTTP/1.1" 200 9458 "http://www.prokommunal.com/seiten/produkte.htm" "Mozilla/5.0 (Windows NT 6.1; Trident/7.0; rv:11.0) like Gecko"
79.215.20.178 - - [20/Dec/2014:07:32:52 +0100] "GET /img/hsh.jpg HTTP/1.1" 200 5007 "http://www.prokommunal.com/seiten/partner.htm" "Mozilla/5.0 (Windows NT 6.1; Trident/7.0; rv:11.0) like Gecko"
79.215.20.178 - - [20/Dec/2014:07:32:52 +0100] "GET /img/hh.jpg HTTP/1.1" 200 5817 "http://www.prokommunal.com/seiten/partner.htm" "Mozilla/5.0 (Windows NT 6.1; Trident/7.0; rv:11.0) like Gecko"
79.215.20.178 - - [20/Dec/2014:07:32:52 +0100] "GET /img/gz.jpg HTTP/1.1" 200 7757 "http://www.prokommunal.com/seiten/partner.htm" "Mozilla/5.0 (Windows NT 6.1; Trident/7.0; rv:11.0) like Gecko"
79.215.20.178 - - [20/Dec/2014:07:32:52 +0100] "GET /img/komfa1_s.jpg HTTP/1.1" 404 1256 "http://www.prokommunal.com/seiten/partner.htm" "Mozilla/5.0 (Windows NT 6.1; Trident/7.0; rv:11.0) like Gecko"
79.215.20.178 - - [20/Dec/2014:07:32:52 +0100] "GET /img/databund.jpg HTTP/1.1" 404 1256 "http://www.prokommunal.com/seiten/partner.htm" "Mozilla/5.0 (Windows NT 6.1; Trident/7.0; rv:11.0) like Gecko"
79.215.20.178 - - [20/Dec/2014:07:32:52 +0100] "GET /img/hk.jpg HTTP/1.1" 200 4852 "http://www.prokommunal.com/seiten/partner.htm" "Mozilla/5.0 (Windows NT 6.1; Trident/7.0; rv:11.0) like Gecko"
79.215.20.178 - - [20/Dec/2014:07:32:55 +0100] "GET /seiten/referenzen.htm HTTP/1.1" 200 40565 "http://www.prokommunal.com/seiten/partner.htm" "Mozilla/5.0 (Windows NT 6.1; Trident/7.0; rv:11.0) like Gecko"
79.215.20.178 - - [20/Dec/2014:07:32:59 +0100] "GET /seiten/service.htm HTTP/1.1" 200 9740 "http://www.prokommunal.com/seiten/referenzen.htm" "Mozilla/5.0 (Windows NT 6.1; Trident/7.0; rv:11.0) like Gecko"
79.215.20.178 - - [20/Dec/2014:07:32:59 +0100] "GET /redesign/img/term.jpg HTTP/1.1" 200 498 "http://www.prokommunal.com/seiten/service.htm" "Mozilla/5.0 (Windows NT 6.1; Trident/7.0; rv:11.0) like Gecko"
79.215.20.178 - - [20/Dec/2014:07:33:03 +0100] "GET /seiten/kontakt.php HTTP/1.1" 200 12788 "http://www.prokommunal.com/seiten/service.htm" "Mozilla/5.0 (Windows NT 6.1; Trident/7.0; rv:11.0) like Gecko"
79.215.20.178 - - [20/Dec/2014:07:33:05 +0100] "GET /seiten/impr.htm HTTP/1.1" 304 - "http://www.prokommunal.com/seiten/kontakt.php" "Mozilla/5.0 (Windows NT 6.1; Trident/7.0; rv:11.0) like Gecko"
79.215.20.178 - - [20/Dec/2014:07:33:06 +0100] "GET / HTTP/1.1" 304 - "http://www.prokommunal.com/seiten/impr.htm" "Mozilla/5.0 (Windows NT 6.1; Trident/7.0; rv:11.0) like Gecko"
79.215.20.178 - - [20/Dec/2014:07:33:13 +0100] "GET /seiten/kontakt.php HTTP/1.1" 200 12788 "http://www.prokommunal.com/" "Mozilla/5.0 (Windows NT 6.1; Trident/7.0; rv:11.0) like Gecko"
79.215.20.178 - - [20/Dec/2014:07:33:24 +0100] "GET / HTTP/1.1" 200 7903 "-" "Mozilla/5.0 (Windows NT 6.1; Trident/7.0; rv:11.0) like Gecko"
79.215.20.178 - - [20/Dec/2014:07:33:24 +0100] "GET /scripte/basics.js HTTP/1.1" 200 198 "http://www.prokommunal.com/" "Mozilla/5.0 (Windows NT 6.1; Trident/7.0; rv:11.0) like Gecko"
79.215.20.178 - - [20/Dec/2014:07:33:24 +0100] "GET /img/head01.jpg HTTP/1.1" 200 6350 "http://www.prokommunal.com/" "Mozilla/5.0 (Windows NT 6.1; Trident/7.0; rv:11.0) like Gecko"
79.215.20.178 - - [20/Dec/2014:07:33:24 +0100] "GET /img/head03.jpg HTTP/1.1" 200 7610 "http://www.prokommunal.com/" "Mozilla/5.0 (Windows NT 6.1; Trident/7.0; rv:11.0) like Gecko"
79.215.20.178 - - [20/Dec/2014:07:33:24 +0100] "GET /img/head02.jpg HTTP/1.1" 200 4929 "http://www.prokommunal.com/" "Mozilla/5.0 (Windows NT 6.1; Trident/7.0; rv:11.0) like Gecko"
79.215.20.178 - - [20/Dec/2014:07:33:24 +0100] "GET /css/style.css HTTP/1.1" 200 3549 "http://www.prokommunal.com/" "Mozilla/5.0 (Windows NT 6.1; Trident/7.0; rv:11.0) like Gecko"
79.215.20.178 - - [20/Dec/2014:07:33:24 +0100] "GET /redesign/img/bg_gelb.jpg HTTP/1.1" 200 368 "http://www.prokommunal.com/" "Mozilla/5.0 (Windows NT 6.1; Trident/7.0; rv:11.0) like Gecko"
79.215.20.178 - - [20/Dec/2014:07:33:24 +0100] "GET /redesign/img/bg_foot.gif HTTP/1.1" 200 286 "http://www.prokommunal.com/" "Mozilla/5.0 (Windows NT 6.1; Trident/7.0; rv:11.0) like Gecko"
79.215.20.178 - - [20/Dec/2014:07:33:24 +0100] "GET /favicon.ico HTTP/1.1" 200 894 "-" "Mozilla/5.0 (Windows NT 6.1; Trident/7.0; rv:11.0) like Gecko"
79.215.20.178 - - [20/Dec/2014:07:33:28 +0100] "GET /seiten/produkte.htm HTTP/1.1" 200 9105 "http://www.prokommunal.com/" "Mozilla/5.0 (Windows NT 6.1; Trident/7.0; rv:11.0) like Gecko"
79.215.20.178 - - [20/Dec/2014:07:33:28 +0100] "GET /img/1px_tr.gif HTTP/1.1" 200 43 "http://www.prokommunal.com/seiten/produkte.htm" "Mozilla/5.0 (Windows NT 6.1; Trident/7.0; rv:11.0) like Gecko"
79.215.20.178 - - [20/Dec/2014:07:33:28 +0100] "GET /img/top.gif HTTP/1.1" 200 96 "http://www.prokommunal.com/seiten/produkte.htm" "Mozilla/5.0 (Windows NT 6.1; Trident/7.0; rv:11.0) like Gecko"
79.215.20.178 - - [20/Dec/2014:07:33:28 +0100] "GET /img/men_01.jpg HTTP/1.1" 200 713 "http://www.prokommunal.com/seiten/produkte.htm" "Mozilla/5.0 (Windows NT 6.1; Trident/7.0; rv:11.0) like Gecko"
79.215.20.178 - - [20/Dec/2014:07:33:32 +0100] "GET /seiten/kontakt.php HTTP/1.1" 200 12788 "http://www.prokommunal.com/seiten/produkte.htm" "Mozilla/5.0 (Windows NT 6.1; Trident/7.0; rv:11.0) like Gecko"
79.215.20.178 - - [20/Dec/2014:07:33:47 +0100] "GET /seiten/impr.htm HTTP/1.1" 200 8696 "http://www.prokommunal.com/seiten/kontakt.php" "Mozilla/5.0 (Windows NT 6.1; Trident/7.0; rv:11.0) like Gecko"
123.125.71.27 - - [20/Dec/2014:08:37:47 +0100] "GET / HTTP/1.1" 200 7903 "-" "Mozilla/5.0 (compatible; Baiduspider/2.0; +http://www.baidu.com/search/spider.html)"
220.181.108.100 - - [20/Dec/2014:08:37:48 +0100] "GET / HTTP/1.1" 200 7903 "-" "Mozilla/5.0 (compatible; Baiduspider/2.0; +http://www.baidu.com/search/spider.html)"
157.55.39.242 - - [20/Dec/2014:08:47:01 +0100] "GET / HTTP/1.1" 200 7903 "-" "Mozilla/5.0 (compatible; bingbot/2.0; +http://www.bing.com/bingbot.htm)"
78.46.161.103 - - [20/Dec/2014:08:51:39 +0100] "GET /robots.txt HTTP/1.1" 404 1256 "-" "Mozilla/5.0 (compatible; SearchmetricsBot; http://www.searchmetrics.com/en/searchmetrics-bot/)"
78.46.161.103 - - [20/Dec/2014:08:51:40 +0100] "GET / HTTP/1.1" 200 7903 "-" "Mozilla/5.0 (compatible; SearchmetricsBot; http://www.searchmetrics.com/en/searchmetrics-bot/)"
78.46.161.103 - - [20/Dec/2014:08:51:40 +0100] "GET /seiten/service.htm HTTP/1.1" 200 9740 "-" "Mozilla/5.0 (compatible; SearchmetricsBot; http://www.searchmetrics.com/en/searchmetrics-bot/)"
78.46.161.103 - - [20/Dec/2014:08:51:40 +0100] "GET /seiten/impr.htm HTTP/1.1" 200 8696 "-" "Mozilla/5.0 (compatible; SearchmetricsBot; http://www.searchmetrics.com/en/searchmetrics-bot/)"
78.46.161.103 - - [20/Dec/2014:08:51:40 +0100] "GET /seiten/databund.html HTTP/1.1" 200 9125 "-" "Mozilla/5.0 (compatible; SearchmetricsBot; http://www.searchmetrics.com/en/searchmetrics-bot/)"
78.46.161.103 - - [20/Dec/2014:08:51:40 +0100] "GET /seiten/partner.htm HTTP/1.1" 200 9458 "-" "Mozilla/5.0 (compatible; SearchmetricsBot; http://www.searchmetrics.com/en/searchmetrics-bot/)"
78.46.161.103 - - [20/Dec/2014:08:51:40 +0100] "GET /seiten/kontakt.php HTTP/1.1" 200 12788 "-" "Mozilla/5.0 (compatible; SearchmetricsBot; http://www.searchmetrics.com/en/searchmetrics-bot/)"
78.46.161.103 - - [20/Dec/2014:08:51:40 +0100] "GET /seiten/referenzen.htm HTTP/1.1" 200 40565 "-" "Mozilla/5.0 (compatible; SearchmetricsBot; http://www.searchmetrics.com/en/searchmetrics-bot/)"
78.46.161.103 - - [20/Dec/2014:08:51:40 +0100] "GET /seiten/produkte.htm HTTP/1.1" 200 9105 "-" "Mozilla/5.0 (compatible; SearchmetricsBot; http://www.searchmetrics.com/en/searchmetrics-bot/)"
66.249.78.3 - - [20/Dec/2014:08:55:49 +0100] "GET /robots.txt HTTP/1.1" 404 1256 "-" "Mozilla/5.0 (compatible; Googlebot/2.1; +http://www.google.com/bot.html)"
66.249.78.248 - - [20/Dec/2014:08:55:50 +0100] "GET /seiten/fsw.htm HTTP/1.1" 200 9961 "-" "SAMSUNG-SGH-E250/1.0 Profile/MIDP-2.0 Configuration/CLDC-1.1 UP.Browser/6.2.3.3.c.1.101 (GUI) MMP/2.0 (compatible; Googlebot-Mobile/2.1; +http://www.google.com/bot.html)"
123.125.71.34 - - [20/Dec/2014:10:35:10 +0100] "GET / HTTP/1.1" 200 7903 "-" "Mozilla/5.0 (compatible; Baiduspider/2.0; +http://www.baidu.com/search/spider.html)"
220.181.108.92 - - [20/Dec/2014:10:35:14 +0100] "GET / HTTP/1.1" 200 7903 "-" "Mozilla/5.0 (compatible; Baiduspider/2.0; +http://www.baidu.com/search/spider.html)"
141.8.147.12 - - [20/Dec/2014:11:04:58 +0100] "GET /robots.txt HTTP/1.1" 404 1256 "-" "Mozilla/5.0 (compatible; YandexBot/3.0; +http://yandex.com/bots)"
54.93.44.157 - - [20/Dec/2014:12:10:47 +0100] "GET / HTTP/1.1" 200 7903 "-" "Mozilla/5.0 (Windows NT 6.1; WOW64; rv:6.0a2) Gecko/20110613 Firefox/6.0a2"
54.93.44.161 - - [20/Dec/2014:12:27:27 +0100] "GET / HTTP/1.1" 200 7903 "-" "Mozilla/5.0 (Windows NT 6.1; WOW64; rv:6.0a2) Gecko/20110613 Firefox/6.0a2"
157.55.39.243 - - [20/Dec/2014:13:35:33 +0100] "GET / HTTP/1.1" 304 - "-" "Mozilla/5.0 (compatible; bingbot/2.0; +http://www.bing.com/bingbot.htm)"
208.115.111.72 - - [20/Dec/2014:14:09:15 +0100] "GET /robots.txt HTTP/1.1" 404 1256 "-" "Mozilla/5.0 (compatible; DotBot/1.1; http://www.opensiteexplorer.org/dotbot, help@moz.com)"
208.115.111.72 - - [20/Dec/2014:14:54:21 +0100] "GET / HTTP/1.1" 200 7903 "-" "Mozilla/5.0 (compatible; DotBot/1.1; http://www.opensiteexplorer.org/dotbot, help@moz.com)"
157.55.39.242 - - [20/Dec/2014:15:01:09 +0100] "GET / HTTP/1.1" 200 7903 "-" "Mozilla/5.0 (compatible; bingbot/2.0; +http://www.bing.com/bingbot.htm)"
141.8.147.12 - - [20/Dec/2014:15:10:05 +0100] "GET / HTTP/1.1" 200 7903 "-" "Mozilla/5.0 (compatible; YandexBot/3.0; +http://yandex.com/bots)"
80.190.97.186 - - [20/Dec/2014:15:54:39 +0100] "GET / HTTP/1.1" 200 7903 "-" "Mozilla/5.0 (X11; U; FreeBSD i386; en-US; rv:1.9.1.12) Gecko/20100912 Firefox/3.5.12"
54.93.44.155 - - [20/Dec/2014:16:09:17 +0100] "GET / HTTP/1.1" 200 7903 "-" "Mozilla/5.0 (Windows NT 6.1; WOW64; rv:6.0a2) Gecko/20110613 Firefox/6.0a2"
128.214.224.188 - - [20/Dec/2014:16:26:02 +0100] "GET /robots.txt HTTP/1.0" 404 1256 "-" "Mozilla/5.0 (compatible; sukibot_heritrix/3.1.1 +http://suki.ling.helsinki.fi/eng/webmasters.html)"
81.0.199.226 - - [20/Dec/2014:16:29:32 +0100] "GET / HTTP/1.1" 200 7903 "-" "Mozilla/5.0 (Macintosh; Intel Mac OS X 10.7; rv:22.0) Gecko/20100101 Firefox/22.0"
84.44.240.135 - - [20/Dec/2014:16:36:52 +0100] "GET / HTTP/1.1" 200 7903 "http://www.google.de/url?sa=t&rct=j&q=&esrc=s&source=web&cd=1&ved=0CCIQFjAA&url=http%3A%2F%2Fwww.prokommunal.com%2F&ei=PpeVVKjSHMj6PMizgIAH&usg=AFQjCNF5ZvO5ecR3rprSCB3llFRGksZz8A&bvm=bv.82001339,d.ZWU" "Mozilla/5.0 (Macintosh; Intel Mac OS X 10_10_1) AppleWebKit/600.2.5 (KHTML, like Gecko) Version/8.0.2 Safari/600.2.5"
84.44.240.135 - - [20/Dec/2014:16:36:52 +0100] "GET /scripte/basics.js HTTP/1.1" 200 198 "http://www.prokommunal.com/" "Mozilla/5.0 (Macintosh; Intel Mac OS X 10_10_1) AppleWebKit/600.2.5 (KHTML, like Gecko) Version/8.0.2 Safari/600.2.5"
84.44.240.135 - - [20/Dec/2014:16:36:52 +0100] "GET /css/style.css HTTP/1.1" 200 3549 "http://www.prokommunal.com/" "Mozilla/5.0 (Macintosh; Intel Mac OS X 10_10_1) AppleWebKit/600.2.5 (KHTML, like Gecko) Version/8.0.2 Safari/600.2.5"
84.44.240.135 - - [20/Dec/2014:16:36:52 +0100] "GET /img/head01.jpg HTTP/1.1" 200 6350 "http://www.prokommunal.com/" "Mozilla/5.0 (Macintosh; Intel Mac OS X 10_10_1) AppleWebKit/600.2.5 (KHTML, like Gecko) Version/8.0.2 Safari/600.2.5"
84.44.240.135 - - [20/Dec/2014:16:36:52 +0100] "GET /redesign/img/bg_gelb.jpg HTTP/1.1" 200 368 "http://www.prokommunal.com/" "Mozilla/5.0 (Macintosh; Intel Mac OS X 10_10_1) AppleWebKit/600.2.5 (KHTML, like Gecko) Version/8.0.2 Safari/600.2.5"
84.44.240.135 - - [20/Dec/2014:16:36:52 +0100] "GET /img/head02.jpg HTTP/1.1" 200 4929 "http://www.prokommunal.com/" "Mozilla/5.0 (Macintosh; Intel Mac OS X 10_10_1) AppleWebKit/600.2.5 (KHTML, like Gecko) Version/8.0.2 Safari/600.2.5"
84.44.240.135 - - [20/Dec/2014:16:36:52 +0100] "GET /img/head03.jpg HTTP/1.1" 200 7610 "http://www.prokommunal.com/" "Mozilla/5.0 (Macintosh; Intel Mac OS X 10_10_1) AppleWebKit/600.2.5 (KHTML, like Gecko) Version/8.0.2 Safari/600.2.5"
84.44.240.135 - - [20/Dec/2014:16:36:52 +0100] "GET /redesign/img/bg_foot.gif HTTP/1.1" 200 286 "http://www.prokommunal.com/" "Mozilla/5.0 (Macintosh; Intel Mac OS X 10_10_1) AppleWebKit/600.2.5 (KHTML, like Gecko) Version/8.0.2 Safari/600.2.5"
84.44.240.135 - - [20/Dec/2014:16:36:52 +0100] "GET /favicon.ico HTTP/1.1" 200 894 "http://www.prokommunal.com/" "Mozilla/5.0 (Macintosh; Intel Mac OS X 10_10_1) AppleWebKit/600.2.5 (KHTML, like Gecko) Version/8.0.2 Safari/600.2.5"
84.44.240.135 - - [20/Dec/2014:16:36:55 +0100] "GET /seiten/service.htm HTTP/1.1" 200 9740 "http://www.prokommunal.com/" "Mozilla/5.0 (Macintosh; Intel Mac OS X 10_10_1) AppleWebKit/600.2.5 (KHTML, like Gecko) Version/8.0.2 Safari/600.2.5"
84.44.240.135 - - [20/Dec/2014:16:36:55 +0100] "GET /img/men_01.jpg HTTP/1.1" 200 713 "http://www.prokommunal.com/seiten/service.htm" "Mozilla/5.0 (Macintosh; Intel Mac OS X 10_10_1) AppleWebKit/600.2.5 (KHTML, like Gecko) Version/8.0.2 Safari/600.2.5"
84.44.240.135 - - [20/Dec/2014:16:36:55 +0100] "GET /redesign/img/term.jpg HTTP/1.1" 200 498 "http://www.prokommunal.com/seiten/service.htm" "Mozilla/5.0 (Macintosh; Intel Mac OS X 10_10_1) AppleWebKit/600.2.5 (KHTML, like Gecko) Version/8.0.2 Safari/600.2.5"
84.44.240.135 - - [20/Dec/2014:16:36:55 +0100] "GET /img/top.gif HTTP/1.1" 200 96 "http://www.prokommunal.com/seiten/service.htm" "Mozilla/5.0 (Macintosh; Intel Mac OS X 10_10_1) AppleWebKit/600.2.5 (KHTML, like Gecko) Version/8.0.2 Safari/600.2.5"
84.44.240.135 - - [20/Dec/2014:16:45:44 +0100] "GET /seiten/term15.pdf HTTP/1.1" 200 127831 "http://www.prokommunal.com/seiten/service.htm" "Mozilla/5.0 (Macintosh; Intel Mac OS X 10_10_1) AppleWebKit/600.2.5 (KHTML, like Gecko) Version/8.0.2 Safari/600.2.5"
119.63.196.22 - - [20/Dec/2014:17:23:26 +0100] "GET / HTTP/1.1" 200 7903 "-" "Mozilla/5.0 (compatible; Baiduspider/2.0; +http://www.baidu.com/search/spider.html)"
54.93.44.161 - - [20/Dec/2014:17:56:46 +0100] "GET / HTTP/1.1" 200 7903 "-" "Mozilla/5.0 (compatible; MSIE 8.0; Windows NT 5.2; Trident/4.0; Media Center PC 4.0; SLCC1; .NET CLR 3.0.04320)"
208.115.111.72 - - [20/Dec/2014:18:11:08 +0100] "GET /robots.txt HTTP/1.1" 404 1256 "-" "Mozilla/5.0 (compatible; DotBot/1.1; http://www.opensiteexplorer.org/dotbot, help@moz.com)"
84.44.240.135 - - [20/Dec/2014:18:18:02 +0100] "GET /seiten/referenzen.htm HTTP/1.1" 200 40565 "http://www.prokommunal.com/" "Mozilla/5.0 (Macintosh; Intel Mac OS X 10_10_1) AppleWebKit/600.2.5 (KHTML, like Gecko) Version/8.0.2 Safari/600.2.5"
111.10.88.236 - - [20/Dec/2014:18:25:29 +0100] "GET /seiten/term14.pdf HTTP/1.1" 404 1256 "http://www.prokommunal.com/seiten/term14.pdf" "Mozilla/5.0 (Windows NT 6.2; WOW64) AppleWebKit/537.36 (KHTML like Gecko) Chrome/34.0.1847.131 Safari/537.36"
80.190.97.186 - - [20/Dec/2014:18:46:51 +0100] "GET / HTTP/1.1" 200 7903 "-" "Mozilla/5.0 (X11; U; FreeBSD i386; en-US; rv:1.9.1.12) Gecko/20100912 Firefox/3.5.12"
208.115.111.72 - - [20/Dec/2014:19:14:29 +0100] "GET /seiten/intern/ HTTP/1.1" 403 1222 "-" "Mozilla/5.0 (compatible; DotBot/1.1; http://www.opensiteexplorer.org/dotbot, help@moz.com)"
68.180.228.218 - - [20/Dec/2014:19:50:49 +0100] "GET /seiten/referenzen.htm HTTP/1.1" 200 40565 "-" "Mozilla/5.0 (compatible; Yahoo! Slurp; http://help.yahoo.com/help/us/ysearch/slurp)"
123.183.67.154 - - [20/Dec/2014:21:27:49 +0100] "GET /seiten/databund.html HTTP/1.1" 200 9125 "-" "Java/1.7.0_67"
66.249.65.196 - - [20/Dec/2014:21:37:21 +0100] "GET /robots.txt HTTP/1.1" 404 1256 "-" "Mozilla/5.0 (compatible; Googlebot/2.1; +http://www.google.com/bot.html)"
66.249.65.192 - - [20/Dec/2014:21:37:22 +0100] "GET /img/top.gif HTTP/1.1" 304 - "-" "Googlebot-Image/1.0"
208.115.111.72 - - [20/Dec/2014:22:01:13 +0100] "GET /robots.txt HTTP/1.1" 404 1256 "-" "Mozilla/5.0 (compatible; DotBot/1.1; http://www.opensiteexplorer.org/dotbot, help@moz.com)"
208.115.111.72 - - [20/Dec/2014:22:41:22 +0100] "GET /seiten/service.htm HTTP/1.1" 200 9740 "-" "Mozilla/5.0 (compatible; DotBot/1.1; http://www.opensiteexplorer.org/dotbot, help@moz.com)"
188.165.15.49 - - [20/Dec/2014:23:02:48 +0100] "GET /robots.txt HTTP/1.1" 404 1256 "-" "Mozilla/5.0 (compatible; AhrefsBot/5.0; +http://ahrefs.com/robot/)"
93.186.202.244 - - [20/Dec/2014:23:06:19 +0100] "GET /seiten/kontakt.php HTTP/1.1" 200 12788 "-" "Mozilla/5.0 (X11; Linux x86_64) AppleWebKit/534.24 (KHTML, like Gecko) Chrome/11.0.696.34 Safari/534.24"
66.249.81.130 - - [20/Dec/2014:23:23:09 +0100] "GET / HTTP/1.1" 200 7903 "-" "Mozilla/5.0 (Windows NT 6.1; rv:6.0) Gecko/20110814 Firefox/6.0 Google favicon"
66.249.81.130 - - [20/Dec/2014:23:23:09 +0100] "GET /favicon.ico HTTP/1.1" 200 894 "-" "Mozilla/5.0 (Windows NT 6.1; rv:6.0) Gecko/20110814 Firefox/6.0 Google favicon"
61.135.189.100 - - [20/Dec/2014:23:57:02 +0100] "GET /robots.txt HTTP/1.1" 404 1256 "-" "Sogou web spider/4.0(+http://www.sogou.com/docs/help/webmasters.htm#07)"
61.135.189.100 - - [20/Dec/2014:23:57:18 +0100] "GET /scripte/basics.js HTTP/1.1" 200 198 "-" "Sogou web spider/4.0(+http://www.sogou.com/docs/help/webmasters.htm#07)"
66.249.65.196 - - [21/Dec/2014:00:23:17 +0100] "GET /img/hk.jpg HTTP/1.1" 304 - "-" "Googlebot-Image/1.0"
141.8.147.12 - - [21/Dec/2014:02:05:33 +0100] "GET /robots.txt HTTP/1.1" 404 1256 "-" "Mozilla/5.0 (compatible; YandexBot/3.0; +http://yandex.com/bots)"
141.8.147.12 - - [21/Dec/2014:02:05:34 +0100] "GET /robots.txt HTTP/1.1" 404 1256 "-" "Mozilla/5.0 (compatible; YandexBot/3.0; +http://yandex.com/bots)"
141.8.147.12 - - [21/Dec/2014:02:05:34 +0100] "GET /robots.txt HTTP/1.1" 404 1256 "-" "Mozilla/5.0 (compatible; YandexBot/3.0; +http://yandex.com/bots)"
141.8.147.12 - - [21/Dec/2014:02:05:35 +0100] "GET /robots.txt HTTP/1.1" 404 1256 "-" "Mozilla/5.0 (compatible; YandexBot/3.0; +http://yandex.com/bots)"
141.8.147.12 - - [21/Dec/2014:02:05:35 +0100] "GET / HTTP/1.1" 200 7903 "-" "Mozilla/5.0 (compatible; YandexBot/3.0; +http://yandex.com/bots)"
141.8.147.12 - - [21/Dec/2014:02:05:36 +0100] "GET / HTTP/1.1" 200 7903 "-" "Mozilla/5.0 (compatible; YandexBot/3.0; +http://yandex.com/bots)"
141.8.147.12 - - [21/Dec/2014:02:05:36 +0100] "GET / HTTP/1.1" 200 7903 "-" "Mozilla/5.0 (compatible; YandexBot/3.0; +http://yandex.com/bots)"
141.8.147.12 - - [21/Dec/2014:02:05:37 +0100] "GET / HTTP/1.1" 200 7903 "-" "Mozilla/5.0 (compatible; YandexBot/3.0; +http://yandex.com/bots)"
141.8.147.12 - - [21/Dec/2014:02:05:40 +0100] "GET / HTTP/1.1" 200 7903 "-" "Mozilla/5.0 (compatible; YandexBot/3.0; +http://yandex.com/bots)"
141.8.147.12 - - [21/Dec/2014:02:05:40 +0100] "GET / HTTP/1.1" 200 7903 "-" "Mozilla/5.0 (compatible; YandexBot/3.0; +http://yandex.com/bots)"
141.8.147.12 - - [21/Dec/2014:02:05:41 +0100] "GET / HTTP/1.1" 200 7903 "-" "Mozilla/5.0 (compatible; YandexBot/3.0; +http://yandex.com/bots)"
141.8.147.12 - - [21/Dec/2014:02:05:41 +0100] "GET / HTTP/1.1" 200 7903 "-" "Mozilla/5.0 (compatible; YandexBot/3.0; +http://yandex.com/bots)"
144.76.155.8 - - [21/Dec/2014:04:00:15 +0100] "GET /seiten/impr.htm HTTP/1.1" 200 8696 "-" "Mozilla/5.0 (compatible; MSIE 10.0; Windows NT 6.1; WOW64; Trident/6.0)"
80.190.97.186 - - [21/Dec/2014:04:45:58 +0100] "GET / HTTP/1.1" 200 7903 "-" "Mozilla/5.0 (X11; U; FreeBSD i386; en-US; rv:1.9.1.12) Gecko/20100912 Firefox/3.5.12"
93.186.202.244 - - [21/Dec/2014:07:10:44 +0100] "GET /seiten/impr.htm HTTP/1.1" 200 8696 "-" "Mozilla/5.0 (Macintosh; Intel Mac OS X 107) AppleWebKit/534.48.3 (KHTML like Gecko) Version/5.1 Safari/534.48.3"
93.186.202.244 - - [21/Dec/2014:07:10:44 +0100] "GET / HTTP/1.1" 200 7903 "-" "Mozilla/5.0 (X11; Linux x86_64) AppleWebKit/534.24 (KHTML, like Gecko) Chrome/11.0.696.34 Safari/534.24"
93.186.202.244 - - [21/Dec/2014:07:10:44 +0100] "GET /seiten/kontakt.php HTTP/1.1" 200 12788 "-" "Mozilla/5.0 (Macintosh; Intel Mac OS X 10_5_8) AppleWebKit/534.50.2 (KHTML, like Gecko) Version/5.0.6 Safari/533.22.3"
68.180.228.218 - - [21/Dec/2014:07:31:29 +0100] "GET /robots.txt HTTP/1.1" 404 1256 "-" "Mozilla/5.0 (compatible; Yahoo! Slurp; http://help.yahoo.com/help/us/ysearch/slurp)"
68.180.228.218 - - [21/Dec/2014:07:31:29 +0100] "GET /seiten/kontroll.htm HTTP/1.1" 304 - "-" "Mozilla/5.0 (compatible; Yahoo! Slurp; http://help.yahoo.com/help/us/ysearch/slurp)"
80.190.97.186 - - [21/Dec/2014:07:35:50 +0100] "GET / HTTP/1.1" 200 7903 "-" "Mozilla/5.0 (X11; U; FreeBSD i386; en-US; rv:1.9.1.12) Gecko/20100912 Firefox/3.5.12"
157.55.39.242 - - [21/Dec/2014:07:36:14 +0100] "GET /robots.txt HTTP/1.1" 404 1256 "-" "Mozilla/5.0 (compatible; bingbot/2.0; +http://www.bing.com/bingbot.htm)"
157.55.39.242 - - [21/Dec/2014:07:36:17 +0100] "GET /seiten/service.htm HTTP/1.1" 304 - "-" "Mozilla/5.0 (compatible; bingbot/2.0; +http://www.bing.com/bingbot.htm)"
178.255.215.65 - - [21/Dec/2014:08:15:23 +0100] "GET /robots.txt HTTP/1.1" 404 1256 "-" "Mozilla/5.0 (compatible; Exabot/3.0; +http://www.exabot.com/go/robot)"
178.255.215.65 - - [21/Dec/2014:08:15:23 +0100] "GET / HTTP/1.1" 304 - "-" "Mozilla/5.0 (compatible; Exabot/3.0; +http://www.exabot.com/go/robot)"
66.249.65.192 - - [21/Dec/2014:08:52:17 +0100] "GET /img/head03.jpg HTTP/1.1" 304 - "-" "Googlebot-Image/1.0"
80.150.104.201 - - [21/Dec/2014:09:07:02 +0100] "GET /gast-fsw/fsw_v55.zip HTTP/1.0" 200 18052646 "-" "Mozilla/4.0 (compatible; MSIE 8.0; Windows NT 5.1; Trident/4.0; .NET CLR 2.0.50727; .NET CLR 3.0.4506.2152; .NET CLR 3.5.30729; .NET4.0C; .NET CLR 1.1.4322; .NET4.0E; InfoPath.3)"
150.70.173.53 - - [21/Dec/2014:09:07:52 +0100] "GET /gast-fsw/fsw_v55.zip HTTP/1.1" 200 18052646 "-" "Mozilla/4.0 (compatible; MSIE 8.0; Windows NT 5.1; Trident/4.0)"
81.0.199.226 - - [21/Dec/2014:09:24:06 +0100] "GET / HTTP/1.1" 200 7903 "-" "Mozilla/5.0 (Macintosh; Intel Mac OS X 10.7; rv:22.0) Gecko/20100101 Firefox/22.0"
66.249.65.158 - - [21/Dec/2014:10:35:20 +0100] "GET /robots.txt HTTP/1.1" 404 1256 "-" "Mozilla/5.0 (compatible; Googlebot/2.1; +http://www.google.com/bot.html)"
66.249.65.166 - - [21/Dec/2014:10:35:21 +0100] "GET / HTTP/1.1" 200 7903 "-" "Mozilla/5.0 (iPhone; CPU iPhone OS 6_0 like Mac OS X) AppleWebKit/536.26 (KHTML, like Gecko) Version/6.0 Mobile/10A5376e Safari/8536.25 (compatible; Googlebot/2.1; +http://www.google.com/bot.html)"
37.16.72.124 - - [21/Dec/2014:13:31:39 +0100] "GET /robots.txt HTTP/1.1" 404 1256 "-" "Mozilla/5.0 (compatible; memoryBot/1.21.14 +http://mignify.com/bot.html)"
37.16.72.124 - - [21/Dec/2014:13:31:44 +0100] "GET /seiten/fahrlehrerwesen.htm HTTP/1.1" 200 7168 "-" "Mozilla/5.0 (compatible; memoryBot/1.21.14 +http://mignify.com/bot.html)"
37.16.72.124 - - [21/Dec/2014:13:31:56 +0100] "GET /seiten/kontroll.htm HTTP/1.1" 200 6599 "-" "Mozilla/5.0 (compatible; memoryBot/1.21.14 +http://mignify.com/bot.html)"
37.16.72.124 - - [21/Dec/2014:13:32:09 +0100] "GET /seiten/kraftverkehr.htm HTTP/1.1" 200 9210 "-" "Mozilla/5.0 (compatible; memoryBot/1.21.14 +http://mignify.com/bot.html)"
37.16.72.124 - - [21/Dec/2014:13:32:24 +0100] "GET /seiten/fsw.htm HTTP/1.1" 200 9961 "-" "Mozilla/5.0 (compatible; memoryBot/1.21.14 +http://mignify.com/bot.html)"
37.16.72.124 - - [21/Dec/2014:13:32:40 +0100] "GET /seiten/term15.pdf HTTP/1.1" 200 127831 "-" "Mozilla/5.0 (compatible; memoryBot/1.21.14 +http://mignify.com/bot.html)"
66.249.78.41 - - [21/Dec/2014:15:26:32 +0100] "GET /robots.txt HTTP/1.1" 404 1256 "-" "Mozilla/5.0 (compatible; Googlebot/2.1; +http://www.google.com/bot.html)"
66.249.78.48 - - [21/Dec/2014:15:26:32 +0100] "GET /css/style.css HTTP/1.1" 200 3549 "-" "Mozilla/5.0 (compatible; Googlebot/2.1; +http://www.google.com/bot.html)"
87.145.221.73 - - [21/Dec/2014:15:27:08 +0100] "GET / HTTP/1.1" 200 7903 "http://m.bigfinder.de/?c=ws&q=service&v=1" "Mozilla/5.0 (Windows; U; Windows NT 6.1; de; rv:1.9.2.8) Gecko/20100722 Firefox/3.6.8 GTB7.1"
208.110.85.226 - - [21/Dec/2014:15:30:35 +0100] "GET / HTTP/1.1" 200 7903 "-" "Mozilla/5.0 (Windows NT 6.1; WOW64) AppleWebKit/537.36 (KHTML, like Gecko) Chrome/36.0.1985.143 Safari/537.36"
157.55.39.243 - - [21/Dec/2014:15:37:00 +0100] "GET / HTTP/1.1" 200 7903 "-" "Mozilla/5.0 (compatible; bingbot/2.0; +http://www.bing.com/bingbot.htm)"
85.186.103.66 - - [21/Dec/2014:15:38:03 +0100] "GET / HTTP/1.1" 200 7903 "-" "Mozilla/4.0 (compatible; MSIE 6.0; Windows NT 5.1)"
157.55.39.226 - - [21/Dec/2014:16:23:11 +0100] "GET / HTTP/1.1" 304 - "-" "Mozilla/5.0 (compatible; bingbot/2.0; +http://www.bing.com/bingbot.htm)"
66.249.64.135 - - [21/Dec/2014:16:38:25 +0100] "GET /robots.txt HTTP/1.1" 404 1256 "-" "Mozilla/5.0 (compatible; Googlebot/2.1; +http://www.google.com/bot.html)"
66.249.78.254 - - [21/Dec/2014:16:38:25 +0100] "GET /favicon.ico HTTP/1.1" 304 - "-" "Googlebot-Image/1.0"
80.190.97.186 - - [21/Dec/2014:17:32:20 +0100] "GET / HTTP/1.1" 200 7903 "-" "Mozilla/5.0 (X11; U; FreeBSD i386; en-US; rv:1.9.1.12) Gecko/20100912 Firefox/3.5.12"
208.110.85.226 - - [21/Dec/2014:18:27:44 +0100] "GET / HTTP/1.1" 200 7903 "-" "Mozilla/5.0 (Windows NT 6.1; WOW64) AppleWebKit/537.36 (KHTML, like Gecko) Chrome/36.0.1985.143 Safari/537.36"
80.190.97.186 - - [21/Dec/2014:20:23:06 +0100] "GET / HTTP/1.1" 200 7903 "-" "Mozilla/5.0 (X11; U; FreeBSD i386; en-US; rv:1.9.1.12) Gecko/20100912 Firefox/3.5.12"
64.246.161.30 - - [21/Dec/2014:20:54:05 +0100] "GET /robots.txt HTTP/1.0" 404 1256 "-" "Mozilla/5.0 (Windows; U; Windows NT 5.1; en; rv:1.9.0.13) Gecko/2009073022 Firefox/3.5.2 (.NET CLR 3.5.30729) SurveyBot/2.3 (DomainTools)"
64.246.161.30 - - [21/Dec/2014:20:54:05 +0100] "GET / HTTP/1.1" 200 7903 "http://whois.domaintools.com/fuehrerscheinwesen.de" "Mozilla/5.0 (Windows; U; Windows NT 5.1; en; rv:1.9.0.13) Gecko/2009073022 Firefox/3.5.2 (.NET CLR 3.5.30729) SurveyBot/2.3 (DomainTools)"
84.44.240.135 - - [21/Dec/2014:22:30:56 +0100] "GET / HTTP/1.1" 200 7903 "-" "Mozilla/5.0 (Macintosh; Intel Mac OS X 10_10_2) AppleWebKit/600.3.10 (KHTML, like Gecko) Version/8.0.3 Safari/600.3.10"
84.44.240.135 - - [21/Dec/2014:22:30:56 +0100] "GET /scripte/basics.js HTTP/1.1" 200 198 "http://www.prokommunal.com/" "Mozilla/5.0 (Macintosh; Intel Mac OS X 10_10_2) AppleWebKit/600.3.10 (KHTML, like Gecko) Version/8.0.3 Safari/600.3.10"
84.44.240.135 - - [21/Dec/2014:22:30:56 +0100] "GET /css/style.css HTTP/1.1" 200 3549 "http://www.prokommunal.com/" "Mozilla/5.0 (Macintosh; Intel Mac OS X 10_10_2) AppleWebKit/600.3.10 (KHTML, like Gecko) Version/8.0.3 Safari/600.3.10"
84.44.240.135 - - [21/Dec/2014:22:30:57 +0100] "GET /img/head01.jpg HTTP/1.1" 200 6350 "http://www.prokommunal.com/" "Mozilla/5.0 (Macintosh; Intel Mac OS X 10_10_2) AppleWebKit/600.3.10 (KHTML, like Gecko) Version/8.0.3 Safari/600.3.10"
84.44.240.135 - - [21/Dec/2014:22:30:57 +0100] "GET /img/head02.jpg HTTP/1.1" 200 4929 "http://www.prokommunal.com/" "Mozilla/5.0 (Macintosh; Intel Mac OS X 10_10_2) AppleWebKit/600.3.10 (KHTML, like Gecko) Version/8.0.3 Safari/600.3.10"
84.44.240.135 - - [21/Dec/2014:22:30:57 +0100] "GET /img/head03.jpg HTTP/1.1" 200 7610 "http://www.prokommunal.com/" "Mozilla/5.0 (Macintosh; Intel Mac OS X 10_10_2) AppleWebKit/600.3.10 (KHTML, like Gecko) Version/8.0.3 Safari/600.3.10"
84.44.240.135 - - [21/Dec/2014:22:30:57 +0100] "GET /redesign/img/bg_gelb.jpg HTTP/1.1" 200 368 "http://www.prokommunal.com/" "Mozilla/5.0 (Macintosh; Intel Mac OS X 10_10_2) AppleWebKit/600.3.10 (KHTML, like Gecko) Version/8.0.3 Safari/600.3.10"
141.8.147.12 - - [21/Dec/2014:22:40:29 +0100] "GET /robots.txt HTTP/1.1" 404 1256 "-" "Mozilla/5.0 (compatible; YandexBot/3.0; +http://yandex.com/bots)"
157.55.39.177 - - [21/Dec/2014:23:20:03 +0100] "GET /seiten/produkte.htm HTTP/1.1" 200 9105 "-" "Mozilla/5.0 (compatible; bingbot/2.0; +http://www.bing.com/bingbot.htm)"
207.46.13.60 - - [21/Dec/2014:23:20:14 +0100] "GET /css/style.css HTTP/1.1" 200 3549 "-" "Mozilla/5.0 (compatible; bingbot/2.0; +http://www.bing.com/bingbot.htm)"
207.46.13.60 - - [21/Dec/2014:23:20:14 +0100] "GET /scripte/basics.js HTTP/1.1" 200 198 "-" "Mozilla/5.0 (compatible; bingbot/2.0; +http://www.bing.com/bingbot.htm)"
81.0.199.226 - - [22/Dec/2014:01:23:37 +0100] "GET / HTTP/1.1" 200 7903 "-" "Mozilla/5.0 (Macintosh; Intel Mac OS X 10.7; rv:22.0) Gecko/20100101 Firefox/22.0"
66.249.78.3 - - [22/Dec/2014:01:43:46 +0100] "GET /img/hh.jpg HTTP/1.1" 304 - "-" "Googlebot-Image/1.0"
141.8.147.12 - - [22/Dec/2014:01:47:46 +0100] "GET /seiten/referenzen.htm HTTP/1.1" 200 40565 "-" "Mozilla/5.0 (compatible; YandexBot/3.0; +http://yandex.com/bots)"
68.180.228.218 - - [22/Dec/2014:01:58:43 +0100] "GET /seiten/databund.html HTTP/1.1" 304 - "-" "Mozilla/5.0 (compatible; Yahoo! Slurp; http://help.yahoo.com/help/us/ysearch/slurp)"
178.234.124.237 - - [22/Dec/2014:02:14:07 +0100] "HEAD /plugins/uploadify/uploadify.swf HTTP/1.1" 404 - "http://www.fuehrerscheinwesen.de/plugins/uploadify/uploadify.swf" "Mozilla/4.0 (compatible; MSIE 6.0; Windows NT 5.1; SV1)"
178.234.124.237 - - [22/Dec/2014:02:14:07 +0100] "HEAD /uploadify/uploadify.swf HTTP/1.1" 404 - "http://www.fuehrerscheinwesen.de/uploadify/uploadify.swf" "Mozilla/4.0 (compatible; MSIE 6.0; Windows NT 5.1; SV1)"
178.234.124.237 - - [22/Dec/2014:02:14:07 +0100] "HEAD /js/uploadify/uploadify.swf HTTP/1.1" 404 - "http://www.fuehrerscheinwesen.de/js/uploadify/uploadify.swf" "Mozilla/4.0 (compatible; MSIE 6.0; Windows NT 5.1; SV1)"
178.234.124.237 - - [22/Dec/2014:02:14:07 +0100] "HEAD /cms/uploadify/uploadify.swf HTTP/1.1" 404 - "http://www.fuehrerscheinwesen.de/cms/uploadify/uploadify.swf" "Mozilla/4.0 (compatible; MSIE 6.0; Windows NT 5.1; SV1)"
178.234.124.237 - - [22/Dec/2014:02:14:07 +0100] "HEAD /includes/uploadify/uploadify.swf HTTP/1.1" 404 - "http://www.fuehrerscheinwesen.de/includes/uploadify/uploadify.swf" "Mozilla/4.0 (compatible; MSIE 6.0; Windows NT 5.1; SV1)"
178.234.124.237 - - [22/Dec/2014:02:14:07 +0100] "HEAD /admin/uploadify/uploadify.swf HTTP/1.1" 404 - "http://www.fuehrerscheinwesen.de/admin/uploadify/uploadify.swf" "Mozilla/4.0 (compatible; MSIE 6.0; Windows NT 5.1; SV1)"
178.234.124.237 - - [22/Dec/2014:02:14:07 +0100] "HEAD /inc/uploadify/uploadify.swf HTTP/1.1" 404 - "http://www.fuehrerscheinwesen.de/inc/uploadify/uploadify.swf" "Mozilla/4.0 (compatible; MSIE 6.0; Windows NT 5.1; SV1)"
178.234.124.237 - - [22/Dec/2014:02:14:07 +0100] "HEAD /lib/uploadify/uploadify.swf HTTP/1.1" 404 - "http://www.fuehrerscheinwesen.de/lib/uploadify/uploadify.swf" "Mozilla/4.0 (compatible; MSIE 6.0; Windows NT 5.1; SV1)"
66.249.78.248 - - [22/Dec/2014:03:34:46 +0100] "GET /img/databund.jpg HTTP/1.1" 404 1256 "-" "Googlebot-Image/1.0"
209.222.8.59 - - [22/Dec/2014:04:14:22 +0100] "GET /seiten/partner.htm HTTP/1.1" 200 9458 "-" "Mozilla/5.0 (compatible; AhrefsBot/5.0; +http://ahrefs.com/robot/)"
87.145.221.73 - - [22/Dec/2014:04:47:56 +0100] "GET / HTTP/1.1" 200 7903 "http://www.bigfinder.de/?c=ws&q=online&v=1" "Mozilla/4.0 (compatible; MSIE 8.0; Windows NT 6.1; Trident/4.0; SLCC2; .NET CLR 2.0.50727; .NET CLR 3.5.30729; .NET CLR 3.0.30729; Media Center PC 6.0)"
68.180.228.218 - - [22/Dec/2014:05:18:44 +0100] "GET /seiten/service.htm HTTP/1.1" 200 9740 "-" "Mozilla/5.0 (compatible; Yahoo! Slurp; http://help.yahoo.com/help/us/ysearch/slurp)"
82.198.223.226 - - [22/Dec/2014:06:08:33 +0100] "GET /gast-fsw/fsw_v55.zip HTTP/1.1" 200 18052646 "-" "Mozilla/5.0 (compatible; MSIE 9.0; Windows NT 6.1; Trident/5.0)"
208.115.111.72 - - [22/Dec/2014:06:10:12 +0100] "GET /robots.txt HTTP/1.1" 404 1256 "-" "Mozilla/5.0 (compatible; DotBot/1.1; http://www.opensiteexplorer.org/dotbot, help@moz.com)"
80.190.97.186 - - [22/Dec/2014:06:24:58 +0100] "GET / HTTP/1.1" 200 7903 "-" "Mozilla/5.0 (X11; U; FreeBSD i386; en-US; rv:1.9.1.12) Gecko/20100912 Firefox/3.5.12"
208.115.111.72 - - [22/Dec/2014:07:02:36 +0100] "GET /seiten/fahrlehrerwesen.htm HTTP/1.1" 200 7168 "-" "Mozilla/5.0 (compatible; DotBot/1.1; http://www.opensiteexplorer.org/dotbot, help@moz.com)"
217.7.17.164 - - [22/Dec/2014:07:30:08 +0100] "GET /gast-fsw/fsw_v55.zip HTTP/1.1" 200 18052646 "-" "Mozilla/4.0 (compatible; MSIE 8.0; Windows NT 5.2; WOW64; Trident/4.0; .NET CLR 2.0.50727; InfoPath.1; .NET CLR 3.0.4506.2152; .NET CLR 3.5.30729; .NET CLR 1.1.4322)"
95.90.33.79 - - [22/Dec/2014:07:38:24 +0100] "GET /gast-fsw/fsw_v55.zip HTTP/1.1" 200 18052646 "-" "Mozilla/5.0 (Windows NT 6.1; WOW64; Trident/7.0; rv:11.0) like Gecko"
217.24.13.217 - - [22/Dec/2014:07:39:25 +0100] "GET /gast-fsw/fsw_v55.zip HTTP/1.1" 200 18052646 "-" "Mozilla/5.0 (compatible; MSIE 10.0; Windows NT 6.2; Trident/6.0)"
150.70.97.121 - - [22/Dec/2014:07:40:00 +0100] "GET /gast-fsw/fsw_v55.zip HTTP/1.1" 200 18052646 "-" "Mozilla/4.0 (compatible; MSIE 8.0; Windows NT 5.1; Trident/4.0)"
95.90.33.79 - - [22/Dec/2014:07:40:21 +0100] "GET /gast-fsw/fsw_v55.zip HTTP/1.1" 200 18052646 "-" "Mozilla/5.0 (Windows NT 6.1; WOW64; Trident/7.0; rv:11.0) like Gecko"
144.76.201.69 - - [22/Dec/2014:07:55:03 +0100] "GET /seiten/kontakt.php HTTP/1.1" 200 12788 "-" "Mozilla/5.0 (Windows NT 5.1; rv:11.0) Gecko Firefox/11.0"
148.251.69.136 - - [22/Dec/2014:07:55:17 +0100] "GET /seiten/kontakt.php HTTP/1.1" 200 12788 "-" "Mozilla/5.0 (Macintosh; Intel Mac OS X 10_6_8) AppleWebKit/534.58.2 (KHTML, like Gecko) Version/5.1.8 Safari/534.58.2"
208.110.85.226 - - [22/Dec/2014:08:04:34 +0100] "GET / HTTP/1.1" 200 7903 "-" "Mozilla/5.0 (Windows NT 6.1; WOW64) AppleWebKit/537.36 (KHTML, like Gecko) Chrome/36.0.1985.143 Safari/537.36"
212.6.93.18 - - [22/Dec/2014:08:17:48 +0100] "GET /gast-fsw/fsw_v55.zip HTTP/1.1" 200 18052646 "-" "Mozilla/5.0 (Windows NT 6.3; WOW64; Trident/7.0; rv:11.0) like Gecko"
145.253.99.90 - - [22/Dec/2014:08:29:53 +0100] "GET /gast-fsw/fsw_v55.zip HTTP/1.1" 200 18052646 "-" "Mozilla/5.0 (Windows NT 6.1; rv:34.0) Gecko/20100101 Firefox/34.0"
199.19.249.196 - - [22/Dec/2014:08:44:26 +0100] "GET /gast-fsw/fsw_v55.zip HTTP/1.1" 200 18052646 "-" "Mozilla/4.0 (compatible; MSIE 7.0; Windows NT 5.1; InfoPath.1; .NET CLR 2.0.50727; .NET CLR 1.1.4322; MS-RTC LM 8; .NET CLR 3.0.4506.2152; .NET CLR 3.5.30729)"
80.228.30.101 - - [22/Dec/2014:08:44:26 +0100] "GET /gast-fsw/fsw_v55.zip HTTP/1.1" 200 18052646 "-" "Mozilla/5.0 (Windows NT 6.1; WOW64; Trident/7.0; rv:11.0) like Gecko"
213.252.185.249 - - [22/Dec/2014:08:48:49 +0100] "GET /gast-fsw/fsw_v55.zip HTTP/1.1" 200 18052646 "-" "Mozilla/5.0 (compatible; MSIE 9.0; Windows NT 6.0; Trident/5.0)"
213.252.185.249 - - [22/Dec/2014:08:48:49 +0100] "GET /gast-fsw/fsw_v55.zip HTTP/1.1" 200 18052646 "-" "Mozilla/5.0 (compatible; MSIE 9.0; Windows NT 6.0; Trident/5.0)"
5.159.26.98 - - [22/Dec/2014:08:54:26 +0100] "GET /css/style.css HTTP/1.1" 200 3549 "http://www.prokommunal.com/seiten/referenzen.htm" "Mozilla/5.0 (Linux; Android 4.4.2; de-de; SAMSUNG SM-N9005 Build/KOT49H) AppleWebKit/537.36 (KHTML, like Gecko) Version/1.5 Chrome/28.0.1500.94 Mobile Safari/537.36"
5.159.26.98 - - [22/Dec/2014:08:54:26 +0100] "GET /seiten/referenzen.htm HTTP/1.1" 200 40565 "https://www.google.de/" "Mozilla/5.0 (Linux; Android 4.4.2; de-de; SAMSUNG SM-N9005 Build/KOT49H) AppleWebKit/537.36 (KHTML, like Gecko) Version/1.5 Chrome/28.0.1500.94 Mobile Safari/537.36"
5.159.26.98 - - [22/Dec/2014:08:54:27 +0100] "GET /scripte/basics.js HTTP/1.1" 200 198 "http://www.prokommunal.com/seiten/referenzen.htm" "Mozilla/5.0 (Linux; Android 4.4.2; de-de; SAMSUNG SM-N9005 Build/KOT49H) AppleWebKit/537.36 (KHTML, like Gecko) Version/1.5 Chrome/28.0.1500.94 Mobile Safari/537.36"
5.159.26.98 - - [22/Dec/2014:08:54:27 +0100] "GET /img/head01.jpg HTTP/1.1" 200 6350 "http://www.prokommunal.com/seiten/referenzen.htm" "Mozilla/5.0 (Linux; Android 4.4.2; de-de; SAMSUNG SM-N9005 Build/KOT49H) AppleWebKit/537.36 (KHTML, like Gecko) Version/1.5 Chrome/28.0.1500.94 Mobile Safari/537.36"
5.159.26.98 - - [22/Dec/2014:08:54:27 +0100] "GET /img/head02.jpg HTTP/1.1" 200 4929 "http://www.prokommunal.com/seiten/referenzen.htm" "Mozilla/5.0 (Linux; Android 4.4.2; de-de; SAMSUNG SM-N9005 Build/KOT49H) AppleWebKit/537.36 (KHTML, like Gecko) Version/1.5 Chrome/28.0.1500.94 Mobile Safari/537.36"
5.159.26.98 - - [22/Dec/2014:08:54:27 +0100] "GET /img/head03.jpg HTTP/1.1" 200 7610 "http://www.prokommunal.com/seiten/referenzen.htm" "Mozilla/5.0 (Linux; Android 4.4.2; de-de; SAMSUNG SM-N9005 Build/KOT49H) AppleWebKit/537.36 (KHTML, like Gecko) Version/1.5 Chrome/28.0.1500.94 Mobile Safari/537.36"
5.159.26.98 - - [22/Dec/2014:08:54:27 +0100] "GET /redesign/img/bg_gelb.jpg HTTP/1.1" 200 368 "http://www.prokommunal.com/seiten/referenzen.htm" "Mozilla/5.0 (Linux; Android 4.4.2; de-de; SAMSUNG SM-N9005 Build/KOT49H) AppleWebKit/537.36 (KHTML, like Gecko) Version/1.5 Chrome/28.0.1500.94 Mobile Safari/537.36"
5.159.26.98 - - [22/Dec/2014:08:54:27 +0100] "GET /img/men_01.jpg HTTP/1.1" 200 713 "http://www.prokommunal.com/seiten/referenzen.htm" "Mozilla/5.0 (Linux; Android 4.4.2; de-de; SAMSUNG SM-N9005 Build/KOT49H) AppleWebKit/537.36 (KHTML, like Gecko) Version/1.5 Chrome/28.0.1500.94 Mobile Safari/537.36"
5.159.26.98 - - [22/Dec/2014:08:54:27 +0100] "GET /redesign/img/bg_foot.gif HTTP/1.1" 200 286 "http://www.prokommunal.com/seiten/referenzen.htm" "Mozilla/5.0 (Linux; Android 4.4.2; de-de; SAMSUNG SM-N9005 Build/KOT49H) AppleWebKit/537.36 (KHTML, like Gecko) Version/1.5 Chrome/28.0.1500.94 Mobile Safari/537.36"
5.159.26.98 - - [22/Dec/2014:08:54:27 +0100] "GET /img/top.gif HTTP/1.1" 200 96 "http://www.prokommunal.com/seiten/referenzen.htm" "Mozilla/5.0 (Linux; Android 4.4.2; de-de; SAMSUNG SM-N9005 Build/KOT49H) AppleWebKit/537.36 (KHTML, like Gecko) Version/1.5 Chrome/28.0.1500.94 Mobile Safari/537.36"
5.159.26.98 - - [22/Dec/2014:08:54:27 +0100] "GET /favicon.ico HTTP/1.1" 200 894 "-" "Mozilla/5.0 (Linux; Android 4.4.2; de-de; SAMSUNG SM-N9005 Build/KOT49H) AppleWebKit/537.36 (KHTML, like Gecko) Version/1.5 Chrome/28.0.1500.94 Mobile Safari/537.36"
213.252.185.249 - - [22/Dec/2014:08:56:44 +0100] "GET /gast-fsw/fsw_v55.zip HTTP/1.1" 200 18052646 "-" "Mozilla/5.0 (compatible; MSIE 9.0; Windows NT 6.0; Trident/5.0)"
83.243.48.3 - - [22/Dec/2014:09:13:57 +0100] "GET /gast-fsw/fsw_v55.zip HTTP/1.1" 304 - "-" "Mozilla/5.0 (Windows NT 6.1; Trident/7.0; rv:11.0) like Gecko"
80.190.97.186 - - [22/Dec/2014:09:14:19 +0100] "GET / HTTP/1.1" 200 7903 "-" "Mozilla/5.0 (X11; U; FreeBSD i386; en-US; rv:1.9.1.12) Gecko/20100912 Firefox/3.5.12"
66.249.78.3 - - [22/Dec/2014:09:14:58 +0100] "GET /robots.txt HTTP/1.1" 404 1256 "-" "Mozilla/5.0 (compatible; Googlebot/2.1; +http://www.google.com/bot.html)"
66.249.78.248 - - [22/Dec/2014:09:14:58 +0100] "GET / HTTP/1.1" 200 7903 "-" "SAMSUNG-SGH-E250/1.0 Profile/MIDP-2.0 Configuration/CLDC-1.1 UP.Browser/6.2.3.3.c.1.101 (GUI) MMP/2.0 (compatible; Googlebot-Mobile/2.1; +http://www.google.com/bot.html)"
212.184.16.212 - - [22/Dec/2014:09:17:18 +0100] "GET /gast-fsw/fsw_v55.zip HTTP/1.1" 200 18052646 "-" "Mozilla/5.0 (Windows NT 6.1; WOW64; rv:31.0) Gecko/20100101 Firefox/31.0"
150.70.173.44 - - [22/Dec/2014:09:18:18 +0100] "GET /gast-fsw/fsw_v55.zip HTTP/1.1" 200 18052646 "-" "Mozilla/4.0 (compatible; MSIE 8.0; Windows NT 5.1; Trident/4.0)"
194.77.237.246 - - [22/Dec/2014:09:20:35 +0100] "GET /gast-fsw/fsw_v55.zip HTTP/1.0" 206 131072 "-" "Mozilla/5.0 (compatible; MSIE 10.0; Windows NT 6.1; WOW64; Trident/6.0)"
194.77.237.246 - - [22/Dec/2014:09:20:35 +0100] "GET /gast-fsw/fsw_v55.zip HTTP/1.0" 200 18052646 "-" "Mozilla/5.0 (compatible; MSIE 10.0; Windows NT 6.1; WOW64; Trident/6.0)"
194.76.64.12 - - [22/Dec/2014:09:42:55 +0100] "GET /gast-fsw/fsw_v55.zip HTTP/1.1" 200 18052646 "-" "Mozilla/5.0 (Windows NT 6.1; WOW64; rv:34.0) Gecko/20100101 Firefox/34.0"
31.17.100.104 - - [22/Dec/2014:09:48:52 +0100] "GET /browserconfig.xml HTTP/1.1" 404 1256 "-" "Mozilla/5.0 (Windows NT 6.3; Trident/7.0; rv:11.0) like Gecko"
134.76.247.3 - - [22/Dec/2014:10:21:07 +0100] "GET /gast-fsw/fsw_v55.zip HTTP/1.0" 200 18052646 "-" "Mozilla/5.0 (Windows NT 6.1; rv:34.0) Gecko/20100101 Firefox/34.0"
150.70.97.96 - - [22/Dec/2014:10:22:09 +0100] "GET /gast-fsw/fsw_v55.zip HTTP/1.1" 200 18052646 "-" "Mozilla/4.0 (compatible; MSIE 8.0; Windows NT 5.1; Trident/4.0)"
80.69.118.2 - - [22/Dec/2014:10:26:46 +0100] "GET /gast-fsw/fsw_v55.zip HTTP/1.1" 200 18052646 "-" "Mozilla/5.0 (Windows NT 6.1; Trident/7.0; rv:11.0) like Gecko"
62.109.94.110 - - [22/Dec/2014:10:38:54 +0100] "GET /gast-fsw/fsw_v55.zip HTTP/1.1" 200 18052646 "-" "Mozilla/5.0 (Windows NT 6.1; Trident/7.0; rv:11.0) like Gecko"
157.55.39.176 - - [22/Dec/2014:10:41:35 +0100] "GET / HTTP/1.1" 200 7903 "-" "Mozilla/5.0 (compatible; bingbot/2.0; +http://www.bing.com/bingbot.htm)"
83.243.48.3 - - [22/Dec/2014:10:54:49 +0100] "GET /gast-fsw/fsw_v55.zip HTTP/1.1" 304 - "-" "Mozilla/5.0 (Windows NT 6.1; WOW64; Trident/7.0; rv:11.0) like Gecko"
213.252.136.131 - - [22/Dec/2014:11:08:28 +0100] "GET /gast-fsw/fsw_v55.zip HTTP/1.1" 304 - "-" "Mozilla/5.0 (Windows NT 6.1; WOW64; Trident/7.0; rv:11.0) like Gecko"
217.24.204.81 - - [22/Dec/2014:11:28:53 +0100] "GET /favicon.ico HTTP/1.1" 304 - "-" "Mozilla/5.0 (Windows NT 6.1; WOW64; Trident/7.0; rv:11.0) like Gecko"
217.24.204.81 - - [22/Dec/2014:11:28:47 +0100] "GET /gast-fsw/fsw_v55.zip HTTP/1.1" 200 18052646 "-" "Mozilla/5.0 (Windows NT 6.1; WOW64; Trident/7.0; rv:11.0) like Gecko"
212.6.96.202 - - [22/Dec/2014:11:46:28 +0100] "GET /gast-fsw/fsw_v55.zip HTTP/1.1" 200 18052646 "-" "Mozilla/5.0 (Windows NT 6.1; WOW64; rv:34.0) Gecko/20100101 Firefox/34.0"
212.95.127.99 - - [22/Dec/2014:11:51:07 +0100] "GET /gast-fsw/fsw_v55.zip HTTP/1.1" 200 18052646 "-" "Mozilla/5.0 (Windows NT 6.1; WOW64; rv:34.0) Gecko/20100101 Firefox/34.0"
212.95.127.99 - - [22/Dec/2014:11:51:15 +0100] "GET /gast-fsw/fsw_v55.zip HTTP/1.1" 206 4510688 "-" "Mozilla/5.0 (Windows NT 6.1; WOW64; rv:34.0) Gecko/20100101 Firefox/34.0"
212.95.127.99 - - [22/Dec/2014:11:51:15 +0100] "GET /gast-fsw/fsw_v55.zip HTTP/1.1" 200 18052646 "-" "Mozilla/5.0 (Windows NT 6.1; WOW64; rv:34.0) Gecko/20100101 Firefox/34.0"
212.95.127.99 - - [22/Dec/2014:11:51:15 +0100] "GET /gast-fsw/fsw_v55.zip HTTP/1.1" 206 13532067 "-" "Mozilla/5.0 (Windows NT 6.1; WOW64; rv:34.0) Gecko/20100101 Firefox/34.0"
212.95.127.99 - - [22/Dec/2014:11:51:20 +0100] "GET /gast-fsw/fsw_v55.zip HTTP/1.1" 206 9711169 "-" "Mozilla/5.0 (Windows NT 6.1; WOW64; rv:34.0) Gecko/20100101 Firefox/34.0"
212.95.127.99 - - [22/Dec/2014:11:51:15 +0100] "GET /gast-fsw/fsw_v55.zip HTTP/1.1" 206 9021378 "-" "Mozilla/5.0 (Windows NT 6.1; WOW64; rv:34.0) Gecko/20100101 Firefox/34.0"
62.157.229.242 - - [22/Dec/2014:12:09:22 +0100] "GET /gast-fsw/fsw_v55.zip HTTP/1.0" 200 18052646 "-" "Mozilla/5.0 (compatible; MSIE 9.0; Windows NT 6.1; Trident/5.0)"
91.190.230.164 - - [22/Dec/2014:12:33:24 +0100] "GET /gast-fsw/fsw_v55.zip HTTP/1.1" 200 18052646 "-" "Mozilla/5.0 (Windows NT 6.3; WOW64; rv:34.0) Gecko/20100101 Firefox/34.0"
212.95.127.86 - - [22/Dec/2014:12:33:50 +0100] "GET /gast-fsw/fsw_v55.zip HTTP/1.1" 200 18052646 "-" "Mozilla/5.0 (Windows NT 6.1; WOW64; rv:34.0) Gecko/20100101 Firefox/34.0"
77.235.187.172 - - [22/Dec/2014:13:11:03 +0100] "GET /gast-fsw/fsw_v55.zip HTTP/1.1" 304 - "-" "Mozilla/5.0 (compatible; MSIE 10.0; Windows NT 6.1; WOW64; Trident/6.0)"
91.66.174.66 - - [22/Dec/2014:13:13:04 +0100] "GET /gast-fsw/fsw_v55.zip HTTP/1.1" 200 18052646 "-" "Mozilla/5.0 (Windows NT 5.1) AppleWebKit/537.36 (KHTML, like Gecko) Chrome/39.0.2171.95 Safari/537.36"
87.139.24.26 - - [22/Dec/2014:13:25:41 +0100] "GET /gast-fsw/fsw_v55.zip HTTP/1.1" 200 18052646 "-" "Mozilla/5.0 (Windows NT 6.1; WOW64; Trident/7.0; MANM; rv:11.0) like Gecko"
91.67.32.110 - - [22/Dec/2014:13:35:36 +0100] "GET /gast-fsw/fsw_v55.zip HTTP/1.1" 200 18052646 "-" "Mozilla/5.0 (Windows NT 6.3; rv:32.0) Gecko/20100101 Firefox/32.0"
150.70.173.45 - - [22/Dec/2014:13:42:21 +0100] "GET /gast-fsw/fsw_v55.zip HTTP/1.1" 200 18052646 "-" "Mozilla/4.0 (compatible; MSIE 8.0; Windows NT 5.1; Trident/4.0)"
194.76.64.12 - - [22/Dec/2014:13:41:43 +0100] "GET /gast-fsw/fsw_v55.zip HTTP/1.1" 200 18052646 "-" "Mozilla/5.0 (compatible; MSIE 9.0; Windows NT 6.1; WOW64; Trident/5.0)"
88.134.179.132 - - [22/Dec/2014:13:51:42 +0100] "GET /seiten/fsw.htm HTTP/1.1" 200 9961 "http://www.google.de/url?sa=t&rct=j&q=&esrc=s&frm=1&source=web&cd=5&ved=0CDQQjBAwBA&url=http%3A%2F%2Fwww.prokommunal.com%2Fseiten%2Ffsw.htm&ei=XxOYVN7LL4TZarnRgaAI&usg=AFQjCNERYeHHc5tqnWyCzuVfTvyCJ3K0AQ" "Mozilla/5.0 (compatible; MSIE 9.0; Windows NT 6.1; WOW64; Trident/5.0)"
88.134.179.132 - - [22/Dec/2014:13:51:42 +0100] "GET /scripte/basics.js HTTP/1.1" 200 198 "http://www.prokommunal.com/seiten/fsw.htm" "Mozilla/5.0 (compatible; MSIE 9.0; Windows NT 6.1; WOW64; Trident/5.0)"
88.134.179.132 - - [22/Dec/2014:13:51:42 +0100] "GET /img/head03.jpg HTTP/1.1" 200 7610 "http://www.prokommunal.com/seiten/fsw.htm" "Mozilla/5.0 (compatible; MSIE 9.0; Windows NT 6.1; WOW64; Trident/5.0)"
88.134.179.132 - - [22/Dec/2014:13:51:42 +0100] "GET /img/fsw.jpg HTTP/1.1" 200 10878 "http://www.prokommunal.com/seiten/fsw.htm" "Mozilla/5.0 (compatible; MSIE 9.0; Windows NT 6.1; WOW64; Trident/5.0)"
88.134.179.132 - - [22/Dec/2014:13:51:42 +0100] "GET /img/head01.jpg HTTP/1.1" 200 6350 "http://www.prokommunal.com/seiten/fsw.htm" "Mozilla/5.0 (compatible; MSIE 9.0; Windows NT 6.1; WOW64; Trident/5.0)"
88.134.179.132 - - [22/Dec/2014:13:51:42 +0100] "GET /img/1px_tr.gif HTTP/1.1" 200 43 "http://www.prokommunal.com/seiten/fsw.htm" "Mozilla/5.0 (compatible; MSIE 9.0; Windows NT 6.1; WOW64; Trident/5.0)"
88.134.179.132 - - [22/Dec/2014:13:51:42 +0100] "GET /css/style.css HTTP/1.1" 200 3549 "http://www.prokommunal.com/seiten/fsw.htm" "Mozilla/5.0 (compatible; MSIE 9.0; Windows NT 6.1; WOW64; Trident/5.0)"
88.134.179.132 - - [22/Dec/2014:13:51:42 +0100] "GET /img/head02.jpg HTTP/1.1" 200 4929 "http://www.prokommunal.com/seiten/fsw.htm" "Mozilla/5.0 (compatible; MSIE 9.0; Windows NT 6.1; WOW64; Trident/5.0)"
88.134.179.132 - - [22/Dec/2014:13:51:42 +0100] "GET /redesign/img/bg_foot.gif HTTP/1.1" 200 286 "http://www.prokommunal.com/seiten/fsw.htm" "Mozilla/5.0 (compatible; MSIE 9.0; Windows NT 6.1; WOW64; Trident/5.0)"
88.134.179.132 - - [22/Dec/2014:13:51:42 +0100] "GET /redesign/img/bg_gelb.jpg HTTP/1.1" 200 368 "http://www.prokommunal.com/seiten/fsw.htm" "Mozilla/5.0 (compatible; MSIE 9.0; Windows NT 6.1; WOW64; Trident/5.0)"
88.134.179.132 - - [22/Dec/2014:13:51:42 +0100] "GET /img/men_01.jpg HTTP/1.1" 200 713 "http://www.prokommunal.com/seiten/fsw.htm" "Mozilla/5.0 (compatible; MSIE 9.0; Windows NT 6.1; WOW64; Trident/5.0)"
88.134.179.132 - - [22/Dec/2014:13:51:51 +0100] "GET /favicon.ico HTTP/1.1" 200 894 "-" "Mozilla/5.0 (compatible; MSIE 9.0; Windows NT 6.1; WOW64; Trident/5.0)"
5.1.4.141 - - [22/Dec/2014:14:00:23 +0100] "GET /seiten/databund.html HTTP/1.0" 200 9125 "http://www.prokommunal.com/seiten/databund.html" "Mozilla/5.0 (Windows NT 6.1) AppleWebKit/537.36 (KHTML, like Gecko) Chrome/37.0.2062.124 YaBrowser/14.10.2062.12061 Safari/537.36"
66.249.78.254 - - [22/Dec/2014:14:04:49 +0100] "GET /img/komfa1_s.jpg HTTP/1.1" 404 1256 "-" "Googlebot-Image/1.0"
83.243.48.3 - - [22/Dec/2014:14:25:25 +0100] "GET /gast-fsw/fsw_v55.zip HTTP/1.1" 304 - "-" "Mozilla/5.0 (Windows NT 6.1; WOW64; Trident/7.0; rv:11.0) like Gecko"
217.24.204.81 - - [22/Dec/2014:14:29:37 +0100] "GET / HTTP/1.1" 200 7903 "-" "Mozilla/5.0 (Windows NT 6.1; WOW64; Trident/7.0; rv:11.0) like Gecko"
217.24.204.81 - - [22/Dec/2014:14:29:38 +0100] "GET /css/style.css HTTP/1.1" 200 3549 "http://www.prokommunal.com/" "Mozilla/5.0 (Windows NT 6.1; WOW64; Trident/7.0; rv:11.0) like Gecko"
217.24.204.81 - - [22/Dec/2014:14:29:38 +0100] "GET /scripte/basics.js HTTP/1.1" 200 198 "http://www.prokommunal.com/" "Mozilla/5.0 (Windows NT 6.1; WOW64; Trident/7.0; rv:11.0) like Gecko"
217.24.204.81 - - [22/Dec/2014:14:29:38 +0100] "GET /img/head02.jpg HTTP/1.1" 200 4929 "http://www.prokommunal.com/" "Mozilla/5.0 (Windows NT 6.1; WOW64; Trident/7.0; rv:11.0) like Gecko"
217.24.204.81 - - [22/Dec/2014:14:29:38 +0100] "GET /img/head01.jpg HTTP/1.1" 200 6350 "http://www.prokommunal.com/" "Mozilla/5.0 (Windows NT 6.1; WOW64; Trident/7.0; rv:11.0) like Gecko"
217.24.204.81 - - [22/Dec/2014:14:29:38 +0100] "GET /img/head03.jpg HTTP/1.1" 200 7610 "http://www.prokommunal.com/" "Mozilla/5.0 (Windows NT 6.1; WOW64; Trident/7.0; rv:11.0) like Gecko"
217.24.204.81 - - [22/Dec/2014:14:29:38 +0100] "GET /redesign/img/bg_gelb.jpg HTTP/1.1" 200 368 "http://www.prokommunal.com/" "Mozilla/5.0 (Windows NT 6.1; WOW64; Trident/7.0; rv:11.0) like Gecko"
217.24.204.81 - - [22/Dec/2014:14:29:38 +0100] "GET /redesign/img/bg_foot.gif HTTP/1.1" 200 286 "http://www.prokommunal.com/" "Mozilla/5.0 (Windows NT 6.1; WOW64; Trident/7.0; rv:11.0) like Gecko"
217.24.204.81 - - [22/Dec/2014:14:30:18 +0100] "POST /seiten/intern/log_check.php HTTP/1.1" 302 - "http://www.prokommunal.com/" "Mozilla/5.0 (Windows NT 6.1; WOW64; Trident/7.0; rv:11.0) like Gecko"
217.24.204.81 - - [22/Dec/2014:14:30:18 +0100] "GET /seiten/intern/login.php HTTP/1.1" 200 5774 "http://www.prokommunal.com/" "Mozilla/5.0 (Windows NT 6.1; WOW64; Trident/7.0; rv:11.0) like Gecko"
217.24.204.81 - - [22/Dec/2014:14:30:18 +0100] "GET /img/top.gif HTTP/1.1" 200 96 "http://www.prokommunal.com/seiten/intern/login.php" "Mozilla/5.0 (Windows NT 6.1; WOW64; Trident/7.0; rv:11.0) like Gecko"
