194.76.64.12 - - [03/Dec/2014:07:23:55 +0100] "GET /scripte/basics.js HTTP/1.1" 200 198 "http://www.prokommunal.com/" "Mozilla/5.0 (Windows NT 6.1; Trident/7.0; rv:11.0) like Gecko"
194.76.64.12 - - [03/Dec/2014:07:23:57 +0100] "GET /seiten/kontakt.php HTTP/1.1" 200 12788 "http://www.prokommunal.com/" "Mozilla/5.0 (Windows NT 6.1; Trident/7.0; rv:11.0) like Gecko"
194.76.64.12 - - [03/Dec/2014:07:23:57 +0100] "GET /img/top.gif HTTP/1.1" 200 96 "http://www.prokommunal.com/seiten/kontakt.php" "Mozilla/5.0 (Windows NT 6.1; Trident/7.0; rv:11.0) like Gecko"
194.76.64.12 - - [03/Dec/2014:07:23:57 +0100] "GET /img/men_01.jpg HTTP/1.1" 200 713 "http://www.prokommunal.com/seiten/kontakt.php" "Mozilla/5.0 (Windows NT 6.1; Trident/7.0; rv:11.0) like Gecko"
66.249.78.252 - - [03/Dec/2014:07:38:25 +0100] "GET /robots.txt HTTP/1.1" 404 1256 "-" "Mozilla/5.0 (compatible; Googlebot/2.1; +http://www.google.com/bot.html)"
66.249.78.252 - - [03/Dec/2014:07:38:25 +0100] "GET /seiten/impr.htm HTTP/1.1" 304 - "-" "Mozilla/5.0 (iPhone; CPU iPhone OS 6_0 like Mac OS X) AppleWebKit/536.26 (KHTML, like Gecko) Version/6.0 Mobile/10A5376e Safari/8536.25 (compatible; Googlebot/2.1; +http://www.google.com/bot.html)"
66.249.78.252 - - [03/Dec/2014:08:16:33 +0100] "GET / HTTP/1.1" 200 7903 "-" "Mozilla/5.0 (iPhone; CPU iPhone OS 6_0 like Mac OS X) AppleWebKit/536.26 (KHTML, like Gecko) Version/6.0 Mobile/10A5376e Safari/8536.25 (compatible; Googlebot/2.1; +http://www.google.com/bot.html)"
66.249.78.4 - - [03/Dec/2014:08:55:21 +0100] "GET /seiten/service.htm HTTP/1.1" 200 9740 "-" "Mozilla/5.0 (iPhone; CPU iPhone OS 6_0 like Mac OS X) AppleWebKit/536.26 (KHTML, like Gecko) Version/6.0 Mobile/10A5376e Safari/8536.25 (compatible; Googlebot/2.1; +http://www.google.com/bot.html)"
66.249.78.252 - - [03/Dec/2014:09:33:22 +0100] "GET /seiten/kontakt.php HTTP/1.1" 200 12788 "-" "Mozilla/5.0 (iPhone; CPU iPhone OS 6_0 like Mac OS X) AppleWebKit/536.26 (KHTML, like Gecko) Version/6.0 Mobile/10A5376e Safari/8536.25 (compatible; Googlebot/2.1; +http://www.google.com/bot.html)"
207.102.138.3 - - [03/Dec/2014:09:54:20 +0100] "GET /gast-fsw/WS_AbfrageZahlungsstatus.zip HTTP/1.1" 200 15391618 "-" "Mozilla/5.0 (X11; Ubuntu; Linux x86_64; rv:15.0) Gecko/20100101 Firefox/15.0.1)"
192.99.9.164 - - [03/Dec/2014:10:02:34 +0100] "GET / HTTP/1.1" 200 7903 "-" "Mozilla/5.0 (Macintosh; Intel Mac OS X 10_8_4) AppleWebKit/537.36 (KHTML, like Gecko) Chrome/27.0.1453.110 Safari/537.36"
208.115.111.68 - - [03/Dec/2014:10:02:34 +0100] "GET /robots.txt HTTP/1.1" 404 1256 "-" "Mozilla/5.0 (compatible; DotBot/1.1; http://www.opensiteexplorer.org/dotbot, help@moz.com)"
192.99.9.164 - - [03/Dec/2014:10:05:46 +0100] "GET / HTTP/1.1" 200 7903 "-" "Mozilla/5.0 (Macintosh; Intel Mac OS X 10_8_4) AppleWebKit/537.36 (KHTML, like Gecko) Chrome/27.0.1453.110 Safari/537.36"
194.76.64.12 - - [03/Dec/2014:10:14:28 +0100] "GET /seiten/kontakt.php HTTP/1.1" 200 12788 "http://www.prokommunal.com/" "Mozilla/5.0 (compatible; MSIE 10.0; Windows NT 6.1; WOW64; Trident/6.0)"
194.76.64.12 - - [03/Dec/2014:10:22:19 +0100] "GET /seiten/partner.htm HTTP/1.1" 200 9458 "http://www.prokommunal.com/seiten/kontakt.php" "Mozilla/5.0 (compatible; MSIE 10.0; Windows NT 6.1; WOW64; Trident/6.0)"
194.76.64.12 - - [03/Dec/2014:10:22:19 +0100] "GET /img/hsh.jpg HTTP/1.1" 200 5007 "http://www.prokommunal.com/seiten/partner.htm" "Mozilla/5.0 (compatible; MSIE 10.0; Windows NT 6.1; WOW64; Trident/6.0)"
194.76.64.12 - - [03/Dec/2014:10:22:19 +0100] "GET /img/komfa1_s.jpg HTTP/1.1" 404 1256 "http://www.prokommunal.com/seiten/partner.htm" "Mozilla/5.0 (compatible; MSIE 10.0; Windows NT 6.1; WOW64; Trident/6.0)"
194.76.64.12 - - [03/Dec/2014:10:22:19 +0100] "GET /img/databund.jpg HTTP/1.1" 404 1256 "http://www.prokommunal.com/seiten/partner.htm" "Mozilla/5.0 (compatible; MSIE 10.0; Windows NT 6.1; WOW64; Trident/6.0)"
194.76.64.12 - - [03/Dec/2014:10:22:19 +0100] "GET /img/hh.jpg HTTP/1.1" 200 5817 "http://www.prokommunal.com/seiten/partner.htm" "Mozilla/5.0 (compatible; MSIE 10.0; Windows NT 6.1; WOW64; Trident/6.0)"
194.76.64.12 - - [03/Dec/2014:10:22:19 +0100] "GET /img/gz.jpg HTTP/1.1" 200 7757 "http://www.prokommunal.com/seiten/partner.htm" "Mozilla/5.0 (compatible; MSIE 10.0; Windows NT 6.1; WOW64; Trident/6.0)"
194.76.64.12 - - [03/Dec/2014:10:22:20 +0100] "GET /img/hk.jpg HTTP/1.1" 200 4852 "http://www.prokommunal.com/seiten/partner.htm" "Mozilla/5.0 (compatible; MSIE 10.0; Windows NT 6.1; WOW64; Trident/6.0)"
194.76.64.12 - - [03/Dec/2014:10:22:23 +0100] "GET /seiten/referenzen.htm HTTP/1.1" 200 40565 "http://www.prokommunal.com/seiten/partner.htm" "Mozilla/5.0 (compatible; MSIE 10.0; Windows NT 6.1; WOW64; Trident/6.0)"
194.76.64.12 - - [03/Dec/2014:10:24:21 +0100] "GET /seiten/service.htm HTTP/1.1" 200 9740 "http://www.prokommunal.com/seiten/referenzen.htm" "Mozilla/5.0 (compatible; MSIE 10.0; Windows NT 6.1; WOW64; Trident/6.0)"
194.76.64.12 - - [03/Dec/2014:10:24:21 +0100] "GET /redesign/img/term.jpg HTTP/1.1" 200 498 "http://www.prokommunal.com/seiten/service.htm" "Mozilla/5.0 (compatible; MSIE 10.0; Windows NT 6.1; WOW64; Trident/6.0)"
194.76.64.12 - - [03/Dec/2014:10:24:41 +0100] "GET /seiten/kontakt.php HTTP/1.1" 200 12788 "http://www.prokommunal.com/seiten/service.htm" "Mozilla/5.0 (compatible; MSIE 10.0; Windows NT 6.1; WOW64; Trident/6.0)"
194.76.64.12 - - [03/Dec/2014:10:24:46 +0100] "GET /seiten/produkte.htm HTTP/1.1" 200 9105 "http://www.prokommunal.com/seiten/kontakt.php" "Mozilla/5.0 (compatible; MSIE 10.0; Windows NT 6.1; WOW64; Trident/6.0)"
192.166.87.126 - - [03/Dec/2014:10:35:36 +0100] "GET /seiten/impr.htm HTTP/1.0" 200 8696 "http://www.google.de/url?sa=t&rct=j&q=&esrc=s&source=web&cd=1&ved=0CCMQFjAA&url=http%3A%2F%2Fwww.prokommunal.com%2Fseiten%2Fimpr.htm&ei=Udl-VIH-FcHfPb-ogZAF&usg=AFQjCNEVydv-cIfAVN2RfUwzsT5q2zJmAA&bvm=bv.80642063,d.ZWU" "Mozilla/5.0 (Windows NT 5.1; rv:33.0) Gecko/20100101 Firefox/33.0"
192.166.87.126 - - [03/Dec/2014:10:35:37 +0100] "GET /scripte/basics.js HTTP/1.0" 200 198 "http://www.prokommunal.com/seiten/impr.htm" "Mozilla/5.0 (Windows NT 5.1; rv:33.0) Gecko/20100101 Firefox/33.0"
192.166.87.126 - - [03/Dec/2014:10:35:37 +0100] "GET /css/style.css HTTP/1.0" 200 3549 "http://www.prokommunal.com/seiten/impr.htm" "Mozilla/5.0 (Windows NT 5.1; rv:33.0) Gecko/20100101 Firefox/33.0"
192.166.87.126 - - [03/Dec/2014:10:35:37 +0100] "GET /img/head01.jpg HTTP/1.0" 200 6350 "http://www.prokommunal.com/seiten/impr.htm" "Mozilla/5.0 (Windows NT 5.1; rv:33.0) Gecko/20100101 Firefox/33.0"
192.166.87.126 - - [03/Dec/2014:10:35:37 +0100] "GET /img/head03.jpg HTTP/1.0" 200 7610 "http://www.prokommunal.com/seiten/impr.htm" "Mozilla/5.0 (Windows NT 5.1; rv:33.0) Gecko/20100101 Firefox/33.0"
192.166.87.126 - - [03/Dec/2014:10:35:37 +0100] "GET /img/head02.jpg HTTP/1.0" 200 4929 "http://www.prokommunal.com/seiten/impr.htm" "Mozilla/5.0 (Windows NT 5.1; rv:33.0) Gecko/20100101 Firefox/33.0"
192.166.87.126 - - [03/Dec/2014:10:35:37 +0100] "GET /favicon.ico HTTP/1.0" 200 894 "-" "Mozilla/5.0 (Windows NT 5.1; rv:33.0) Gecko/20100101 Firefox/33.0"
192.166.87.126 - - [03/Dec/2014:10:35:37 +0100] "GET /img/top.gif HTTP/1.0" 200 96 "http://www.prokommunal.com/seiten/impr.htm" "Mozilla/5.0 (Windows NT 5.1; rv:33.0) Gecko/20100101 Firefox/33.0"
192.166.87.126 - - [03/Dec/2014:10:35:37 +0100] "GET /redesign/img/bg_gelb.jpg HTTP/1.0" 200 368 "http://www.prokommunal.com/css/style.css" "Mozilla/5.0 (Windows NT 5.1; rv:33.0) Gecko/20100101 Firefox/33.0"
192.166.87.126 - - [03/Dec/2014:10:35:37 +0100] "GET /img/men_01.jpg HTTP/1.0" 200 713 "http://www.prokommunal.com/seiten/impr.htm" "Mozilla/5.0 (Windows NT 5.1; rv:33.0) Gecko/20100101 Firefox/33.0"
192.166.87.126 - - [03/Dec/2014:10:35:37 +0100] "GET /favicon.ico HTTP/1.0" 200 894 "-" "Mozilla/5.0 (Windows NT 5.1; rv:33.0) Gecko/20100101 Firefox/33.0"
192.166.87.126 - - [03/Dec/2014:10:35:37 +0100] "GET /redesign/img/bg_foot.gif HTTP/1.0" 200 286 "http://www.prokommunal.com/css/style.css" "Mozilla/5.0 (Windows NT 5.1; rv:33.0) Gecko/20100101 Firefox/33.0"
192.166.87.126 - - [03/Dec/2014:10:35:37 +0100] "GET /favicon.ico HTTP/1.0" 200 894 "-" "Mozilla/5.0 (Windows NT 5.1; rv:33.0) Gecko/20100101 Firefox/33.0"
192.166.87.126 - - [03/Dec/2014:10:36:12 +0100] "GET /seiten/produkte.htm HTTP/1.0" 200 9105 "http://www.prokommunal.com/seiten/impr.htm" "Mozilla/5.0 (Windows NT 5.1; rv:33.0) Gecko/20100101 Firefox/33.0"
192.166.87.126 - - [03/Dec/2014:10:36:12 +0100] "GET /css/style.css HTTP/1.0" 200 3549 "http://www.prokommunal.com/seiten/produkte.htm" "Mozilla/5.0 (Windows NT 5.1; rv:33.0) Gecko/20100101 Firefox/33.0"
192.166.87.126 - - [03/Dec/2014:10:36:12 +0100] "GET /scripte/basics.js HTTP/1.0" 200 198 "http://www.prokommunal.com/seiten/produkte.htm" "Mozilla/5.0 (Windows NT 5.1; rv:33.0) Gecko/20100101 Firefox/33.0"
192.166.87.126 - - [03/Dec/2014:10:36:12 +0100] "GET /img/1px_tr.gif HTTP/1.0" 200 43 "http://www.prokommunal.com/seiten/produkte.htm" "Mozilla/5.0 (Windows NT 5.1; rv:33.0) Gecko/20100101 Firefox/33.0"
192.166.87.126 - - [03/Dec/2014:10:36:57 +0100] "GET /seiten/fsw.htm HTTP/1.0" 200 9961 "http://www.prokommunal.com/seiten/produkte.htm" "Mozilla/5.0 (Windows NT 5.1; rv:33.0) Gecko/20100101 Firefox/33.0"
192.166.87.126 - - [03/Dec/2014:10:36:57 +0100] "GET /css/style.css HTTP/1.0" 200 3549 "http://www.prokommunal.com/seiten/fsw.htm" "Mozilla/5.0 (Windows NT 5.1; rv:33.0) Gecko/20100101 Firefox/33.0"
192.166.87.126 - - [03/Dec/2014:10:36:57 +0100] "GET /scripte/basics.js HTTP/1.0" 200 198 "http://www.prokommunal.com/seiten/fsw.htm" "Mozilla/5.0 (Windows NT 5.1; rv:33.0) Gecko/20100101 Firefox/33.0"
192.166.87.126 - - [03/Dec/2014:10:36:57 +0100] "GET /img/fsw.jpg HTTP/1.0" 200 10878 "http://www.prokommunal.com/seiten/fsw.htm" "Mozilla/5.0 (Windows NT 5.1; rv:33.0) Gecko/20100101 Firefox/33.0"
192.166.87.126 - - [03/Dec/2014:10:37:36 +0100] "GET /seiten/partner.htm HTTP/1.0" 200 9458 "http://www.prokommunal.com/seiten/fsw.htm" "Mozilla/5.0 (Windows NT 5.1; rv:33.0) Gecko/20100101 Firefox/33.0"
192.166.87.126 - - [03/Dec/2014:10:37:36 +0100] "GET /css/style.css HTTP/1.0" 200 3549 "http://www.prokommunal.com/seiten/partner.htm" "Mozilla/5.0 (Windows NT 5.1; rv:33.0) Gecko/20100101 Firefox/33.0"
192.166.87.126 - - [03/Dec/2014:10:37:36 +0100] "GET /scripte/basics.js HTTP/1.0" 200 198 "http://www.prokommunal.com/seiten/partner.htm" "Mozilla/5.0 (Windows NT 5.1; rv:33.0) Gecko/20100101 Firefox/33.0"
192.166.87.126 - - [03/Dec/2014:10:37:36 +0100] "GET /img/gz.jpg HTTP/1.0" 200 7757 "http://www.prokommunal.com/seiten/partner.htm" "Mozilla/5.0 (Windows NT 5.1; rv:33.0) Gecko/20100101 Firefox/33.0"
192.166.87.126 - - [03/Dec/2014:10:37:36 +0100] "GET /img/hsh.jpg HTTP/1.0" 200 5007 "http://www.prokommunal.com/seiten/partner.htm" "Mozilla/5.0 (Windows NT 5.1; rv:33.0) Gecko/20100101 Firefox/33.0"
192.166.87.126 - - [03/Dec/2014:10:37:36 +0100] "GET /img/databund.jpg HTTP/1.0" 404 1256 "http://www.prokommunal.com/seiten/partner.htm" "Mozilla/5.0 (Windows NT 5.1; rv:33.0) Gecko/20100101 Firefox/33.0"
192.166.87.126 - - [03/Dec/2014:10:37:36 +0100] "GET /img/hk.jpg HTTP/1.0" 200 4852 "http://www.prokommunal.com/seiten/partner.htm" "Mozilla/5.0 (Windows NT 5.1; rv:33.0) Gecko/20100101 Firefox/33.0"
192.166.87.126 - - [03/Dec/2014:10:37:36 +0100] "GET /img/komfa1_s.jpg HTTP/1.0" 404 1256 "http://www.prokommunal.com/seiten/partner.htm" "Mozilla/5.0 (Windows NT 5.1; rv:33.0) Gecko/20100101 Firefox/33.0"
192.166.87.126 - - [03/Dec/2014:10:37:39 +0100] "GET /img/hh.jpg HTTP/1.0" 200 5817 "http://www.prokommunal.com/seiten/partner.htm" "Mozilla/5.0 (Windows NT 5.1; rv:33.0) Gecko/20100101 Firefox/33.0"
192.166.87.126 - - [03/Dec/2014:10:37:49 +0100] "GET /seiten/referenzen.htm HTTP/1.0" 200 40565 "http://www.prokommunal.com/seiten/partner.htm" "Mozilla/5.0 (Windows NT 5.1; rv:33.0) Gecko/20100101 Firefox/33.0"
192.166.87.126 - - [03/Dec/2014:10:37:49 +0100] "GET /css/style.css HTTP/1.0" 200 3549 "http://www.prokommunal.com/seiten/referenzen.htm" "Mozilla/5.0 (Windows NT 5.1; rv:33.0) Gecko/20100101 Firefox/33.0"
192.166.87.126 - - [03/Dec/2014:10:37:49 +0100] "GET /scripte/basics.js HTTP/1.0" 200 198 "http://www.prokommunal.com/seiten/referenzen.htm" "Mozilla/5.0 (Windows NT 5.1; rv:33.0) Gecko/20100101 Firefox/33.0"
192.166.87.126 - - [03/Dec/2014:10:40:29 +0100] "GET /seiten/service.htm HTTP/1.0" 200 9740 "http://www.prokommunal.com/seiten/referenzen.htm" "Mozilla/5.0 (Windows NT 5.1; rv:33.0) Gecko/20100101 Firefox/33.0"
192.166.87.126 - - [03/Dec/2014:10:40:29 +0100] "GET /scripte/basics.js HTTP/1.0" 200 198 "http://www.prokommunal.com/seiten/service.htm" "Mozilla/5.0 (Windows NT 5.1; rv:33.0) Gecko/20100101 Firefox/33.0"
192.166.87.126 - - [03/Dec/2014:10:40:32 +0100] "GET /css/style.css HTTP/1.0" 200 3549 "http://www.prokommunal.com/seiten/service.htm" "Mozilla/5.0 (Windows NT 5.1; rv:33.0) Gecko/20100101 Firefox/33.0"
192.166.87.126 - - [03/Dec/2014:10:40:32 +0100] "GET /redesign/img/term.jpg HTTP/1.0" 200 498 "http://www.prokommunal.com/css/style.css" "Mozilla/5.0 (Windows NT 5.1; rv:33.0) Gecko/20100101 Firefox/33.0"
192.166.87.126 - - [03/Dec/2014:10:41:44 +0100] "GET /seiten/kontakt.php HTTP/1.0" 200 12788 "http://www.prokommunal.com/seiten/service.htm" "Mozilla/5.0 (Windows NT 5.1; rv:33.0) Gecko/20100101 Firefox/33.0"
192.166.87.126 - - [03/Dec/2014:10:41:44 +0100] "GET /css/style.css HTTP/1.0" 200 3549 "http://www.prokommunal.com/seiten/kontakt.php" "Mozilla/5.0 (Windows NT 5.1; rv:33.0) Gecko/20100101 Firefox/33.0"
192.166.87.126 - - [03/Dec/2014:10:41:44 +0100] "GET /scripte/basics.js HTTP/1.0" 200 198 "http://www.prokommunal.com/seiten/kontakt.php" "Mozilla/5.0 (Windows NT 5.1; rv:33.0) Gecko/20100101 Firefox/33.0"
192.166.87.126 - - [03/Dec/2014:10:42:30 +0100] "GET / HTTP/1.0" 200 7903 "http://www.prokommunal.com/seiten/kontakt.php" "Mozilla/5.0 (Windows NT 5.1; rv:33.0) Gecko/20100101 Firefox/33.0"
192.166.87.126 - - [03/Dec/2014:10:42:30 +0100] "GET /css/style.css HTTP/1.0" 200 3549 "http://www.prokommunal.com/" "Mozilla/5.0 (Windows NT 5.1; rv:33.0) Gecko/20100101 Firefox/33.0"
192.166.87.126 - - [03/Dec/2014:10:42:30 +0100] "GET /scripte/basics.js HTTP/1.0" 200 198 "http://www.prokommunal.com/" "Mozilla/5.0 (Windows NT 5.1; rv:33.0) Gecko/20100101 Firefox/33.0"
66.249.78.252 - - [03/Dec/2014:11:00:57 +0100] "GET /seiten/kraftverkehr.htm HTTP/1.1" 304 - "-" "Mozilla/5.0 (iPhone; CPU iPhone OS 6_0 like Mac OS X) AppleWebKit/536.26 (KHTML, like Gecko) Version/6.0 Mobile/10A5376e Safari/8536.25 (compatible; Googlebot/2.1; +http://www.google.com/bot.html)"
157.55.39.69 - - [03/Dec/2014:11:08:43 +0100] "GET /robots.txt HTTP/1.1" 404 1256 "-" "Mozilla/5.0 (compatible; bingbot/2.0; +http://www.bing.com/bingbot.htm)"
157.55.39.69 - - [03/Dec/2014:11:08:46 +0100] "GET / HTTP/1.1" 200 7903 "-" "Mozilla/5.0 (compatible; bingbot/2.0; +http://www.bing.com/bingbot.htm)"
208.115.111.68 - - [03/Dec/2014:11:13:01 +0100] "GET /seiten/kraftverkehr.htm HTTP/1.1" 200 9210 "-" "Mozilla/5.0 (compatible; DotBot/1.1; http://www.opensiteexplorer.org/dotbot, help@moz.com)"
139.18.38.226 - - [03/Dec/2014:11:17:43 +0100] "GET /robots.txt HTTP/1.1" 404 1256 "" "webmeasurement-bot, http://rvs.informatik.uni-leipzig.de/bot.php"
139.18.38.226 - - [03/Dec/2014:11:17:43 +0100] "GET / HTTP/1.1" 200 7903 "" "webmeasurement-bot, http://rvs.informatik.uni-leipzig.de/bot.php"
139.18.38.226 - - [03/Dec/2014:11:18:19 +0100] "GET /seiten/referenzen.htm HTTP/1.1" 200 40565 "" "webmeasurement-bot, http://rvs.informatik.uni-leipzig.de/bot.php"
139.18.38.226 - - [03/Dec/2014:11:18:40 +0100] "GET /seiten/produkte.htm HTTP/1.1" 200 9105 "" "webmeasurement-bot, http://rvs.informatik.uni-leipzig.de/bot.php"
139.18.38.226 - - [03/Dec/2014:11:19:00 +0100] "GET /seiten/partner.htm HTTP/1.1" 200 9458 "" "webmeasurement-bot, http://rvs.informatik.uni-leipzig.de/bot.php"
139.18.38.226 - - [03/Dec/2014:11:19:19 +0100] "GET /seiten/service.htm HTTP/1.1" 200 9740 "" "webmeasurement-bot, http://rvs.informatik.uni-leipzig.de/bot.php"
139.18.38.226 - - [03/Dec/2014:11:19:38 +0100] "GET /seiten/kontakt.php HTTP/1.1" 200 12788 "" "webmeasurement-bot, http://rvs.informatik.uni-leipzig.de/bot.php"
139.18.38.226 - - [03/Dec/2014:11:19:58 +0100] "GET /seiten/impr.htm HTTP/1.1" 200 8696 "" "webmeasurement-bot, http://rvs.informatik.uni-leipzig.de/bot.php"
139.18.38.226 - - [03/Dec/2014:11:20:17 +0100] "GET /seiten/databund.html HTTP/1.1" 200 9125 "" "webmeasurement-bot, http://rvs.informatik.uni-leipzig.de/bot.php"
139.18.38.226 - - [03/Dec/2014:11:20:35 +0100] "GET / HTTP/1.1" 200 7903 "" "webmeasurement-bot, http://rvs.informatik.uni-leipzig.de/bot.php"
139.18.38.226 - - [03/Dec/2014:11:20:53 +0100] "GET /seiten/fahrlehrerwesen.htm HTTP/1.1" 200 7168 "" "webmeasurement-bot, http://rvs.informatik.uni-leipzig.de/bot.php"
139.18.38.226 - - [03/Dec/2014:11:21:10 +0100] "GET /seiten/fsw.htm HTTP/1.1" 200 9961 "" "webmeasurement-bot, http://rvs.informatik.uni-leipzig.de/bot.php"
139.18.38.226 - - [03/Dec/2014:11:21:28 +0100] "GET /seiten/kontroll.htm HTTP/1.1" 200 6599 "" "webmeasurement-bot, http://rvs.informatik.uni-leipzig.de/bot.php"
139.18.38.226 - - [03/Dec/2014:11:21:45 +0100] "GET /seiten/kraftverkehr.htm HTTP/1.1" 200 9210 "" "webmeasurement-bot, http://rvs.informatik.uni-leipzig.de/bot.php"
141.15.28.132 - - [03/Dec/2014:11:30:30 +0100] "GET /gast-fsw/ HTTP/1.1" 403 1222 "-" "Mozilla/5.0 (Windows NT 5.1; rv:24.0) Gecko/20100101 Firefox/24.0"
141.15.28.132 - - [03/Dec/2014:11:30:30 +0100] "GET /favicon.ico HTTP/1.1" 200 894 "-" "Mozilla/5.0 (Windows NT 5.1; rv:24.0) Gecko/20100101 Firefox/24.0"
141.15.28.132 - - [03/Dec/2014:11:30:55 +0100] "GET /gast-fsw/WS_AbfrageZahlungsstatus.zip HTTP/1.1" 200 15391618 "-" "Mozilla/5.0 (Windows NT 5.1; rv:24.0) Gecko/20100101 Firefox/24.0"
212.59.53.189 - - [03/Dec/2014:11:32:24 +0100] "GET / HTTP/1.1" 200 7903 "https://www.google.de/" "Mozilla/5.0 (Windows NT 6.2) AppleWebKit/537.36 (KHTML, like Gecko) Chrome/36.0.1985.143 Safari/537.36"
212.59.53.189 - - [03/Dec/2014:11:32:34 +0100] "GET /seiten/fsw.htm HTTP/1.1" 200 9961 "http://www.prokommunal.com/seiten/produkte.htm" "Mozilla/5.0 (Windows NT 6.2) AppleWebKit/537.36 (KHTML, like Gecko) Chrome/36.0.1985.143 Safari/537.36"
212.59.53.189 - - [03/Dec/2014:11:32:34 +0100] "GET /img/fsw.jpg HTTP/1.1" 200 10878 "http://www.prokommunal.com/seiten/fsw.htm" "Mozilla/5.0 (Windows NT 6.2) AppleWebKit/537.36 (KHTML, like Gecko) Chrome/36.0.1985.143 Safari/537.36"
217.7.17.164 - - [03/Dec/2014:11:56:38 +0100] "GET /gast-fsw/fsw_v54.zip HTTP/1.1" 200 21177494 "-" "Mozilla/5.0 (compatible; MSIE 9.0; Windows NT 6.1; Trident/5.0)"
80.190.97.186 - - [03/Dec/2014:11:57:27 +0100] "GET / HTTP/1.1" 200 7903 "-" "Mozilla/5.0 (X11; U; FreeBSD i386; en-US; rv:1.9.1.12) Gecko/20100912 Firefox/3.5.12"
79.185.155.87 - - [03/Dec/2014:12:16:13 +0100] "GET / HTTP/1.1" 200 7903 "-" "Mozilla/5.0 (Windows NT 6.1; WOW64; rv:7.0.1) Gecko/20100101 Firefox/7.0.1"
54.212.195.167 - - [03/Dec/2014:13:04:11 +0100] "GET / HTTP/1.1" 200 7903 "-" "Mozilla/5.0 (compatible; MSIE 9.0; Windows NT 6.1; WOW64; Trident/5.0; SLCC1; .NET CLR 2.0.50727; Media Center PC 5.0; .NET CLR 3.0.04506; .NET CLR 3.5.21022; InfoPath.2; BitTitan)"
67.203.22.41 - - [03/Dec/2014:13:34:02 +0100] "GET / HTTP/1.1" 200 7903 "-" "Mozilla/5.0 (Windows; U; Windows NT 5.1; en-US; rv:1.8.0.6) Gecko/20060728 Firefox/1.5"
54.189.53.146 - - [03/Dec/2014:14:04:00 +0100] "GET / HTTP/1.1" 200 7903 "http://www.poweryourpocket.com" "Mozilla/5.0 (X11; Ubuntu; Linux x86_64; rv:20.0 Gecko/20100101 Firefox/20.0"
176.9.40.107 - - [03/Dec/2014:14:22:39 +0100] "GET /robots.txt HTTP/1.1" 404 1256 "-" "Mozilla/5.0 (compatible; XoviBot/2.0; +http://www.xovibot.net/)"
220.181.108.95 - - [03/Dec/2014:14:36:34 +0100] "GET / HTTP/1.1" 200 7903 "-" "Mozilla/5.0 (compatible; Baiduspider/2.0; +http://www.baidu.com/search/spider.html)"
123.125.71.57 - - [03/Dec/2014:14:36:34 +0100] "GET / HTTP/1.1" 200 7903 "-" "Mozilla/5.0 (compatible; Baiduspider/2.0; +http://www.baidu.com/search/spider.html)"
80.190.97.186 - - [03/Dec/2014:14:47:50 +0100] "GET / HTTP/1.1" 200 7903 "-" "Mozilla/5.0 (X11; U; FreeBSD i386; en-US; rv:1.9.1.12) Gecko/20100912 Firefox/3.5.12"
162.210.196.130 - - [03/Dec/2014:14:53:05 +0100] "GET /robots.txt HTTP/1.0" 404 1256 "-" "Mozilla/5.0 (compatible; MJ12bot/v1.4.5; http://www.majestic12.co.uk/bot.php?+)"
162.210.196.130 - - [03/Dec/2014:14:53:07 +0100] "GET / HTTP/1.0" 200 7903 "-" "Mozilla/5.0 (compatible; MJ12bot/v1.4.5; http://www.majestic12.co.uk/bot.php?+)"
178.255.215.72 - - [03/Dec/2014:15:57:55 +0100] "GET /robots.txt HTTP/1.1" 404 1256 "-" "Mozilla/5.0 (compatible; Exabot/3.0; +http://www.exabot.com/go/robot)"
178.255.215.72 - - [03/Dec/2014:15:57:55 +0100] "GET /seiten/kontakt.php HTTP/1.1" 200 12788 "-" "Mozilla/5.0 (compatible; Exabot/3.0; +http://www.exabot.com/go/robot)"
194.76.64.12 - - [03/Dec/2014:16:51:50 +0100] "GET / HTTP/1.1" 200 7903 "http://www.google.de/url?sa=t&rct=j&q=&esrc=s&source=web&cd=1&ved=0CCMQFjAA&url=http%3A%2F%2Fwww.prokommunal.com%2F&ei=fTF_VOPXMsiiPbOngPgE&usg=AFQjCNF5ZvO5ecR3rprSCB3llFRGksZz8A&bvm=bv.80642063,d.ZWU" "Mozilla/5.0 (Windows NT 6.1; WOW64; Trident/7.0; rv:11.0) like Gecko"
194.76.64.12 - - [03/Dec/2014:16:51:50 +0100] "GET /css/style.css HTTP/1.1" 200 3549 "http://www.prokommunal.com/" "Mozilla/5.0 (Windows NT 6.1; WOW64; Trident/7.0; rv:11.0) like Gecko"
194.76.64.12 - - [03/Dec/2014:16:51:50 +0100] "GET /img/head01.jpg HTTP/1.1" 200 6350 "http://www.prokommunal.com/" "Mozilla/5.0 (Windows NT 6.1; WOW64; Trident/7.0; rv:11.0) like Gecko"
194.76.64.12 - - [03/Dec/2014:16:51:50 +0100] "GET /img/head02.jpg HTTP/1.1" 200 4929 "http://www.prokommunal.com/" "Mozilla/5.0 (Windows NT 6.1; WOW64; Trident/7.0; rv:11.0) like Gecko"
194.76.64.12 - - [03/Dec/2014:16:51:50 +0100] "GET /scripte/basics.js HTTP/1.1" 200 198 "http://www.prokommunal.com/" "Mozilla/5.0 (Windows NT 6.1; WOW64; Trident/7.0; rv:11.0) like Gecko"
194.76.64.12 - - [03/Dec/2014:16:51:50 +0100] "GET /img/head03.jpg HTTP/1.1" 200 7610 "http://www.prokommunal.com/" "Mozilla/5.0 (Windows NT 6.1; WOW64; Trident/7.0; rv:11.0) like Gecko"
194.76.64.12 - - [03/Dec/2014:16:51:50 +0100] "GET /redesign/img/bg_gelb.jpg HTTP/1.1" 200 368 "http://www.prokommunal.com/" "Mozilla/5.0 (Windows NT 6.1; WOW64; Trident/7.0; rv:11.0) like Gecko"
194.76.64.12 - - [03/Dec/2014:16:51:50 +0100] "GET /redesign/img/bg_foot.gif HTTP/1.1" 200 286 "http://www.prokommunal.com/" "Mozilla/5.0 (Windows NT 6.1; WOW64; Trident/7.0; rv:11.0) like Gecko"
194.76.64.12 - - [03/Dec/2014:16:51:50 +0100] "GET /favicon.ico HTTP/1.1" 200 894 "-" "Mozilla/5.0 (Windows NT 6.1; Win64; x64; Trident/7.0; rv:11.0) like Gecko"
119.63.196.40 - - [03/Dec/2014:17:21:57 +0100] "GET / HTTP/1.1" 200 7903 "-" "Mozilla/5.0 (compatible; Baiduspider/2.0; +http://www.baidu.com/search/spider.html)"
87.180.16.251 - - [03/Dec/2014:18:18:27 +0100] "GET /seiten/referenzen.htm HTTP/1.1" 200 40565 "-" "Mozilla/4.0 (compatible; MSIE 7.0; Windows NT 6.1; WOW64; Trident/5.0; SLCC2; .NET CLR 2.0.50727; .NET CLR 3.5.30729; .NET CLR 3.0.30729; Media Center PC 6.0; .NET4.0C; .NET4.0E; MAFS)"
69.58.178.57 - - [03/Dec/2014:18:21:57 +0100] "GET /robots.txt HTTP/1.1" 404 1256 "-" "Mozilla/5.0 (X11; Ubuntu; Linux i686; rv:14.0; ips-agent) Gecko/20100101 Firefox/14.0.1"
69.58.178.57 - - [03/Dec/2014:18:21:58 +0100] "GET / HTTP/1.1" 200 7903 "-" "Mozilla/5.0 (X11; Ubuntu; Linux i686; rv:14.0; ips-agent) Gecko/20100101 Firefox/14.0.1"
69.58.178.57 - - [03/Dec/2014:18:22:00 +0100] "GET / HTTP/1.1" 200 7903 "-" "BlackBerry9000/4.6.0.167 Profile/MIDP-2.0 Configuration/CLDC-1.1 VendorID/102 ips-agent"
69.58.178.57 - - [03/Dec/2014:18:22:01 +0100] "GET /seiten/produkte.htm HTTP/1.1" 200 9105 "-" "BlackBerry9000/4.6.0.167 Profile/MIDP-2.0 Configuration/CLDC-1.1 VendorID/102 ips-agent"
69.58.178.57 - - [03/Dec/2014:18:22:02 +0100] "GET /seiten/partner.htm HTTP/1.1" 200 9458 "-" "Mozilla/5.0 (X11; Ubuntu; Linux i686; rv:14.0; ips-agent) Gecko/20100101 Firefox/14.0.1"
69.58.178.57 - - [03/Dec/2014:18:22:03 +0100] "GET /seiten/referenzen.htm HTTP/1.1" 200 40565 "-" "Mozilla/5.0 (X11; Ubuntu; Linux i686; rv:14.0; ips-agent) Gecko/20100101 Firefox/14.0.1"
69.58.178.57 - - [03/Dec/2014:18:22:05 +0100] "GET /seiten/service.htm HTTP/1.1" 200 9740 "-" "Mozilla/5.0 (X11; Ubuntu; Linux i686; rv:14.0; ips-agent) Gecko/20100101 Firefox/14.0.1"
69.58.178.57 - - [03/Dec/2014:18:22:06 +0100] "GET /seiten/kontakt.php HTTP/1.1" 200 12788 "-" "Mozilla/5.0 (X11; Ubuntu; Linux i686; rv:14.0; ips-agent) Gecko/20100101 Firefox/14.0.1"
69.58.178.57 - - [03/Dec/2014:18:22:07 +0100] "GET /seiten/impr.htm HTTP/1.1" 200 8696 "-" "Mozilla/5.0 (X11; Ubuntu; Linux i686; rv:14.0; ips-agent) Gecko/20100101 Firefox/14.0.1"
69.58.178.57 - - [03/Dec/2014:18:22:08 +0100] "GET /seiten/databund.html HTTP/1.1" 200 9125 "-" "Mozilla/5.0 (X11; Ubuntu; Linux i686; rv:14.0; ips-agent) Gecko/20100101 Firefox/14.0.1"
69.58.178.57 - - [03/Dec/2014:18:22:10 +0100] "GET /seiten/fsw.htm HTTP/1.1" 200 9961 "-" "Mozilla/5.0 (X11; Ubuntu; Linux i686; rv:14.0; ips-agent) Gecko/20100101 Firefox/14.0.1"
69.58.178.57 - - [03/Dec/2014:18:22:11 +0100] "GET /seiten/fahrlehrerwesen.htm HTTP/1.1" 200 7168 "-" "Mozilla/5.0 (X11; Ubuntu; Linux i686; rv:14.0; ips-agent) Gecko/20100101 Firefox/14.0.1"
220.181.125.155 - - [03/Dec/2014:18:44:12 +0100] "GET /robots.txt HTTP/1.1" 404 1256 "-" "Sogou web spider/4.0(+http://www.sogou.com/docs/help/webmasters.htm#07)"
220.181.125.155 - - [03/Dec/2014:18:44:26 +0100] "GET / HTTP/1.1" 304 - "-" "Sogou web spider/4.0(+http://www.sogou.com/docs/help/webmasters.htm#07)"
68.180.228.218 - - [03/Dec/2014:19:12:18 +0100] "GET /seiten/impr.htm HTTP/1.1" 304 - "-" "Mozilla/5.0 (compatible; Yahoo! Slurp; http://help.yahoo.com/help/us/ysearch/slurp)"
207.46.13.22 - - [03/Dec/2014:20:16:15 +0100] "GET / HTTP/1.1" 304 - "-" "Mozilla/5.0 (compatible; bingbot/2.0; +http://www.bing.com/bingbot.htm)"
66.249.69.243 - - [03/Dec/2014:20:24:00 +0100] "GET /robots.txt HTTP/1.1" 404 1256 "-" "Mozilla/5.0 (compatible; Googlebot/2.1; +http://www.google.com/bot.html)"
66.249.78.247 - - [03/Dec/2014:20:24:00 +0100] "GET /seiten/fsw.htm HTTP/1.1" 304 - "-" "Mozilla/5.0 (iPhone; CPU iPhone OS 6_0 like Mac OS X) AppleWebKit/536.26 (KHTML, like Gecko) Version/6.0 Mobile/10A5376e Safari/8536.25 (compatible; Googlebot/2.1; +http://www.google.com/bot.html)"
81.0.199.226 - - [03/Dec/2014:20:43:56 +0100] "GET / HTTP/1.1" 200 7903 "-" "Mozilla/5.0 (Macintosh; Intel Mac OS X 10.7; rv:22.0) Gecko/20100101 Firefox/22.0"
188.165.15.203 - - [03/Dec/2014:22:00:14 +0100] "GET / HTTP/1.1" 200 7903 "-" "Mozilla/5.0 (compatible; AhrefsBot/5.0; +http://ahrefs.com/robot/)"
207.46.13.22 - - [03/Dec/2014:22:10:56 +0100] "GET / HTTP/1.1" 200 7903 "-" "Mozilla/5.0 (compatible; bingbot/2.0; +http://www.bing.com/bingbot.htm)"
5.9.112.68 - - [03/Dec/2014:22:50:07 +0100] "GET /robots.txt HTTP/1.1" 404 1256 "-" "Mozilla/5.0 (compatible; SISTRIX Crawler; http://crawler.sistrix.net/)"
5.9.112.68 - - [03/Dec/2014:22:50:08 +0100] "GET / HTTP/1.1" 206 7903 "-" "Mozilla/5.0 (compatible; SISTRIX Crawler; http://crawler.sistrix.net/)"
80.190.97.186 - - [04/Dec/2014:00:42:40 +0100] "GET / HTTP/1.1" 200 7903 "-" "Mozilla/5.0 (X11; U; FreeBSD i386; en-US; rv:1.9.1.12) Gecko/20100912 Firefox/3.5.12"
208.115.111.68 - - [04/Dec/2014:02:37:34 +0100] "GET /robots.txt HTTP/1.1" 404 1256 "-" "Mozilla/5.0 (compatible; DotBot/1.1; http://www.opensiteexplorer.org/dotbot, help@moz.com)"
80.190.97.186 - - [04/Dec/2014:03:32:39 +0100] "GET / HTTP/1.1" 200 7903 "-" "Mozilla/5.0 (X11; U; FreeBSD i386; en-US; rv:1.9.1.12) Gecko/20100912 Firefox/3.5.12"
208.115.113.88 - - [04/Dec/2014:05:40:20 +0100] "GET /robots.txt HTTP/1.1" 404 1256 "-" "Mozilla/5.0 (compatible; DotBot/1.1; http://www.opensiteexplorer.org/dotbot, help@moz.com)"
148.251.78.167 - - [04/Dec/2014:05:48:49 +0100] "GET / HTTP/1.1" 200 7903 "http://www.abcd4.de/link.php" "Mozilla/5.0 (Macintosh; Intel Mac OS X 10_9_5) AppleWebKit/600.1.17 (KHTML, like Gecko) Version/7.1 Safari/537.85.10"
148.251.78.167 - - [04/Dec/2014:05:48:50 +0100] "GET /css/style.css HTTP/1.1" 200 3549 "http://www.abcd4.de/link.php" "Mozilla/5.0 (Macintosh; Intel Mac OS X 10_9_5) AppleWebKit/600.1.17 (KHTML, like Gecko) Version/7.1 Safari/537.85.10"
148.251.78.167 - - [04/Dec/2014:05:48:50 +0100] "GET /scripte/basics.js HTTP/1.1" 200 198 "http://www.abcd4.de/link.php" "Mozilla/5.0 (Macintosh; Intel Mac OS X 10_9_5) AppleWebKit/600.1.17 (KHTML, like Gecko) Version/7.1 Safari/537.85.10"
148.251.78.167 - - [04/Dec/2014:05:48:50 +0100] "GET /img/head01.jpg HTTP/1.1" 200 6350 "http://www.abcd4.de/link.php" "Mozilla/5.0 (Macintosh; Intel Mac OS X 10_9_5) AppleWebKit/600.1.17 (KHTML, like Gecko) Version/7.1 Safari/537.85.10"
148.251.78.167 - - [04/Dec/2014:05:48:50 +0100] "GET /img/head02.jpg HTTP/1.1" 200 4929 "http://www.abcd4.de/link.php" "Mozilla/5.0 (Macintosh; Intel Mac OS X 10_9_5) AppleWebKit/600.1.17 (KHTML, like Gecko) Version/7.1 Safari/537.85.10"
148.251.78.167 - - [04/Dec/2014:05:48:50 +0100] "GET /img/head03.jpg HTTP/1.1" 200 7610 "http://www.abcd4.de/link.php" "Mozilla/5.0 (Macintosh; Intel Mac OS X 10_9_5) AppleWebKit/600.1.17 (KHTML, like Gecko) Version/7.1 Safari/537.85.10"
148.251.78.167 - - [04/Dec/2014:05:48:50 +0100] "GET /redesign/img/bg_gelb.jpg HTTP/1.1" 200 368 "http://www.abcd4.de/link.php" "Mozilla/5.0 (Macintosh; Intel Mac OS X 10_9_5) AppleWebKit/600.1.17 (KHTML, like Gecko) Version/7.1 Safari/537.85.10"
148.251.78.167 - - [04/Dec/2014:05:48:50 +0100] "GET /redesign/img/bg_foot.gif HTTP/1.1" 200 286 "http://www.abcd4.de/link.php" "Mozilla/5.0 (Macintosh; Intel Mac OS X 10_9_5) AppleWebKit/600.1.17 (KHTML, like Gecko) Version/7.1 Safari/537.85.10"
208.115.111.68 - - [04/Dec/2014:06:18:26 +0100] "GET /seiten/fsw.htm HTTP/1.1" 200 9961 "-" "Mozilla/5.0 (compatible; DotBot/1.1; http://www.opensiteexplorer.org/dotbot, help@moz.com)"
157.55.39.69 - - [04/Dec/2014:07:41:56 +0100] "GET /robots.txt HTTP/1.1" 404 1256 "-" "Mozilla/5.0 (compatible; bingbot/2.0; +http://www.bing.com/bingbot.htm)"
157.55.39.125 - - [04/Dec/2014:07:41:56 +0100] "GET /robots.txt HTTP/1.1" 404 1256 "-" "Mozilla/5.0 (compatible; bingbot/2.0; +http://www.bing.com/bingbot.htm)"
157.55.39.124 - - [04/Dec/2014:07:42:04 +0100] "GET /seiten/kraftverkehr.htm HTTP/1.1" 200 9210 "-" "Mozilla/5.0 (compatible; bingbot/2.0; +http://www.bing.com/bingbot.htm)"
157.55.39.124 - - [04/Dec/2014:07:42:05 +0100] "GET /seiten/fahrlehrerwesen.htm HTTP/1.1" 200 7168 "-" "Mozilla/5.0 (compatible; bingbot/2.0; +http://www.bing.com/bingbot.htm)"
157.55.39.69 - - [04/Dec/2014:07:42:09 +0100] "GET /seiten/kontroll.htm HTTP/1.1" 200 6599 "-" "Mozilla/5.0 (compatible; bingbot/2.0; +http://www.bing.com/bingbot.htm)"
157.55.39.69 - - [04/Dec/2014:07:42:10 +0100] "GET / HTTP/1.1" 200 7903 "-" "Mozilla/5.0 (compatible; bingbot/2.0; +http://www.bing.com/bingbot.htm)"
157.55.39.217 - - [04/Dec/2014:07:42:18 +0100] "GET /seiten/fsw.htm HTTP/1.1" 200 9961 "-" "Mozilla/5.0 (compatible; bingbot/2.0; +http://www.bing.com/bingbot.htm)"
207.46.13.53 - - [04/Dec/2014:07:42:54 +0100] "GET /seiten/service.htm HTTP/1.1" 200 9740 "-" "Mozilla/5.0 (compatible; bingbot/2.0; +http://www.bing.com/bingbot.htm)"
74.52.245.146 - - [04/Dec/2014:07:44:13 +0100] "GET / HTTP/1.0" 200 7903 "-" "Mozilla/5.0 (X11; U; Linux i686; en-US; rv:1.7.5) Gecko/20041107 Firefox/1.0"
84.157.248.104 - - [04/Dec/2014:08:25:32 +0100] "GET /seiten/referenzen.htm HTTP/1.1" 200 40565 "-" "Mozilla/4.0 (compatible; MSIE 7.0; Windows NT 6.1; WOW64; Trident/5.0; SLCC2; .NET CLR 2.0.50727; .NET CLR 3.5.30729; .NET CLR 3.0.30729; Media Center PC 6.0; .NET4.0C; .NET4.0E; MAFS)"
208.115.113.88 - - [04/Dec/2014:09:14:40 +0100] "GET /seiten/?D=D HTTP/1.1" 403 1222 "-" "Mozilla/5.0 (compatible; DotBot/1.1; http://www.opensiteexplorer.org/dotbot, help@moz.com)"
207.46.13.77 - - [04/Dec/2014:09:31:03 +0100] "GET /robots.txt HTTP/1.1" 404 1256 "-" "Mozilla/5.0 (compatible; bingbot/2.0; +http://www.bing.com/bingbot.htm)"
207.46.13.77 - - [04/Dec/2014:09:31:10 +0100] "GET / HTTP/1.1" 304 - "-" "Mozilla/5.0 (compatible; bingbot/2.0; +http://www.bing.com/bingbot.htm)"
178.0.254.234 - - [04/Dec/2014:09:35:22 +0100] "GET /seiten/referenzen.htm HTTP/1.1" 200 40565 "https://www.google.de/" "Mozilla/5.0 (Windows NT 6.1) AppleWebKit/537.36 (KHTML, like Gecko) Chrome/39.0.2171.71 Safari/537.36"
178.0.254.234 - - [04/Dec/2014:09:35:23 +0100] "GET /css/style.css HTTP/1.1" 200 3549 "http://www.prokommunal.com/seiten/referenzen.htm" "Mozilla/5.0 (Windows NT 6.1) AppleWebKit/537.36 (KHTML, like Gecko) Chrome/39.0.2171.71 Safari/537.36"
178.0.254.234 - - [04/Dec/2014:09:35:23 +0100] "GET /scripte/basics.js HTTP/1.1" 200 198 "http://www.prokommunal.com/seiten/referenzen.htm" "Mozilla/5.0 (Windows NT 6.1) AppleWebKit/537.36 (KHTML, like Gecko) Chrome/39.0.2171.71 Safari/537.36"
178.0.254.234 - - [04/Dec/2014:09:35:23 +0100] "GET /img/head01.jpg HTTP/1.1" 200 6350 "http://www.prokommunal.com/seiten/referenzen.htm" "Mozilla/5.0 (Windows NT 6.1) AppleWebKit/537.36 (KHTML, like Gecko) Chrome/39.0.2171.71 Safari/537.36"
178.0.254.234 - - [04/Dec/2014:09:35:23 +0100] "GET /img/head02.jpg HTTP/1.1" 200 4929 "http://www.prokommunal.com/seiten/referenzen.htm" "Mozilla/5.0 (Windows NT 6.1) AppleWebKit/537.36 (KHTML, like Gecko) Chrome/39.0.2171.71 Safari/537.36"
178.0.254.234 - - [04/Dec/2014:09:35:23 +0100] "GET /img/head03.jpg HTTP/1.1" 200 7610 "http://www.prokommunal.com/seiten/referenzen.htm" "Mozilla/5.0 (Windows NT 6.1) AppleWebKit/537.36 (KHTML, like Gecko) Chrome/39.0.2171.71 Safari/537.36"
178.0.254.234 - - [04/Dec/2014:09:35:23 +0100] "GET /redesign/img/bg_gelb.jpg HTTP/1.1" 200 368 "http://www.prokommunal.com/css/style.css" "Mozilla/5.0 (Windows NT 6.1) AppleWebKit/537.36 (KHTML, like Gecko) Chrome/39.0.2171.71 Safari/537.36"
178.0.254.234 - - [04/Dec/2014:09:35:23 +0100] "GET /img/men_01.jpg HTTP/1.1" 200 713 "http://www.prokommunal.com/seiten/referenzen.htm" "Mozilla/5.0 (Windows NT 6.1) AppleWebKit/537.36 (KHTML, like Gecko) Chrome/39.0.2171.71 Safari/537.36"
178.0.254.234 - - [04/Dec/2014:09:35:23 +0100] "GET /img/top.gif HTTP/1.1" 200 96 "http://www.prokommunal.com/seiten/referenzen.htm" "Mozilla/5.0 (Windows NT 6.1) AppleWebKit/537.36 (KHTML, like Gecko) Chrome/39.0.2171.71 Safari/537.36"
178.0.254.234 - - [04/Dec/2014:09:35:23 +0100] "GET /redesign/img/bg_foot.gif HTTP/1.1" 200 286 "http://www.prokommunal.com/css/style.css" "Mozilla/5.0 (Windows NT 6.1) AppleWebKit/537.36 (KHTML, like Gecko) Chrome/39.0.2171.71 Safari/537.36"
178.0.254.234 - - [04/Dec/2014:09:35:23 +0100] "GET /favicon.ico HTTP/1.1" 200 894 "-" "Mozilla/5.0 (Windows NT 6.1) AppleWebKit/537.36 (KHTML, like Gecko) Chrome/39.0.2171.71 Safari/537.36"
217.251.218.43 - - [04/Dec/2014:09:48:17 +0100] "GET / HTTP/1.1" 200 7903 "http://www.bigfinder.de/?c=ws&q=online&v=1" "Mozilla/5.0 (Windows NT 6.1; WOW64; rv:19.0) Gecko/20100101 Firefox/19.0"
195.243.129.130 - - [04/Dec/2014:09:51:38 +0100] "GET /gast-fsw/DigantHD_Umstellung.zip HTTP/1.0" 200 54584749 "-" "Mozilla/5.0 (Windows NT 6.1; WOW64; rv:31.0) Gecko/20100101 Firefox/31.0"
194.76.64.12 - - [04/Dec/2014:10:32:54 +0100] "GET /seiten/kontakt.php HTTP/1.1" 200 12788 "http://www.prokommunal.com/" "Mozilla/5.0 (compatible; MSIE 10.0; Windows NT 6.1; WOW64; Trident/6.0)"
66.249.78.4 - - [04/Dec/2014:11:14:01 +0100] "GET /robots.txt HTTP/1.1" 404 1256 "-" "Mozilla/5.0 (compatible; Googlebot/2.1; +http://www.google.com/bot.html)"
66.249.78.4 - - [04/Dec/2014:11:14:01 +0100] "GET / HTTP/1.1" 200 7903 "-" "SAMSUNG-SGH-E250/1.0 Profile/MIDP-2.0 Configuration/CLDC-1.1 UP.Browser/6.2.3.3.c.1.101 (GUI) MMP/2.0 (compatible; Googlebot-Mobile/2.1; +http://www.google.com/bot.html)"
217.251.218.43 - - [04/Dec/2014:12:46:55 +0100] "GET / HTTP/1.1" 200 7903 "http://m.bigfinder.de/?c=ws&q=web&v=1" "T-Online Browser (Windows NT 6.1; de)"
80.190.97.186 - - [04/Dec/2014:13:26:56 +0100] "GET / HTTP/1.1" 200 7903 "-" "Mozilla/5.0 (X11; U; FreeBSD i386; en-US; rv:1.9.1.12) Gecko/20100912 Firefox/3.5.12"
81.0.199.226 - - [04/Dec/2014:14:18:50 +0100] "GET / HTTP/1.1" 200 7903 "-" "Mozilla/5.0 (Macintosh; Intel Mac OS X 10.7; rv:22.0) Gecko/20100101 Firefox/22.0"
207.46.13.22 - - [04/Dec/2014:14:45:02 +0100] "GET /robots.txt HTTP/1.1" 404 1256 "-" "Mozilla/5.0 (compatible; bingbot/2.0; +http://www.bing.com/bingbot.htm)"
207.46.13.22 - - [04/Dec/2014:14:46:37 +0100] "GET / HTTP/1.1" 200 7903 "-" "Mozilla/5.0 (compatible; bingbot/2.0; +http://www.bing.com/bingbot.htm)"
66.249.78.252 - - [04/Dec/2014:15:04:20 +0100] "GET / HTTP/1.1" 200 7903 "-" "Mozilla/5.0 (compatible; Googlebot/2.1; +http://www.google.com/bot.html)"
66.249.78.118 - - [04/Dec/2014:15:39:19 +0100] "GET /robots.txt HTTP/1.1" 404 1256 "-" "Mozilla/5.0 (compatible; Googlebot/2.1; +http://www.google.com/bot.html)"
66.249.78.132 - - [04/Dec/2014:15:39:19 +0100] "GET / HTTP/1.1" 200 7903 "-" "Mozilla/5.0 (compatible; Googlebot/2.1; +http://www.google.com/bot.html)"
80.190.97.186 - - [04/Dec/2014:16:17:47 +0100] "GET / HTTP/1.1" 200 7903 "-" "Mozilla/5.0 (X11; U; FreeBSD i386; en-US; rv:1.9.1.12) Gecko/20100912 Firefox/3.5.12"
66.249.78.118 - - [04/Dec/2014:17:19:10 +0100] "GET /scripte/basics.js HTTP/1.1" 200 198 "-" "Mozilla/5.0 (compatible; Googlebot/2.1; +http://www.google.com/bot.html)"
66.249.78.125 - - [04/Dec/2014:17:19:11 +0100] "GET /css/style.css HTTP/1.1" 200 3549 "-" "Mozilla/5.0 (compatible; Googlebot/2.1; +http://www.google.com/bot.html)"
119.63.196.78 - - [04/Dec/2014:17:22:15 +0100] "GET / HTTP/1.1" 200 7903 "-" "Mozilla/5.0 (compatible; Baiduspider/2.0; +http://www.baidu.com/search/spider.html)"
188.165.15.237 - - [04/Dec/2014:18:08:09 +0100] "GET /seiten/kraftverkehr.htm HTTP/1.1" 200 9210 "-" "Mozilla/5.0 (compatible; AhrefsBot/5.0; +http://ahrefs.com/robot/)"
188.165.15.201 - - [04/Dec/2014:18:12:03 +0100] "GET /seiten/fsw.htm HTTP/1.1" 200 9961 "-" "Mozilla/5.0 (compatible; AhrefsBot/5.0; +http://ahrefs.com/robot/)"
141.8.147.12 - - [04/Dec/2014:18:30:05 +0100] "GET /robots.txt HTTP/1.1" 404 1256 "-" "Mozilla/5.0 (compatible; YandexBot/3.0; +http://yandex.com/bots)"
188.165.15.105 - - [04/Dec/2014:18:31:18 +0100] "GET /seiten/fsw.htm HTTP/1.1" 200 9961 "-" "Mozilla/5.0 (compatible; AhrefsBot/5.0; +http://ahrefs.com/robot/)"
141.8.147.12 - - [04/Dec/2014:18:59:09 +0100] "GET / HTTP/1.1" 200 7903 "-" "Mozilla/5.0 (compatible; YandexBot/3.0; +http://yandex.com/bots)"
207.46.13.22 - - [04/Dec/2014:20:22:13 +0100] "GET / HTTP/1.1" 304 - "-" "Mozilla/5.0 (compatible; bingbot/2.0; +http://www.bing.com/bingbot.htm)"
66.249.78.3 - - [04/Dec/2014:21:26:00 +0100] "GET /seiten/fsw.htm HTTP/1.1" 304 - "-" "Mozilla/5.0 (iPhone; CPU iPhone OS 6_0 like Mac OS X) AppleWebKit/536.26 (KHTML, like Gecko) Version/6.0 Mobile/10A5376e Safari/8536.25 (compatible; Googlebot/2.1; +http://www.google.com/bot.html)"
66.249.78.248 - - [04/Dec/2014:21:52:00 +0100] "GET /seiten/kraftverkehr.htm HTTP/1.1" 304 - "-" "Mozilla/5.0 (iPhone; CPU iPhone OS 6_0 like Mac OS X) AppleWebKit/536.26 (KHTML, like Gecko) Version/6.0 Mobile/10A5376e Safari/8536.25 (compatible; Googlebot/2.1; +http://www.google.com/bot.html)"
87.230.17.72 - - [04/Dec/2014:22:24:51 +0100] "GET / HTTP/1.1" 200 7903 "-" "ImplisenseBot 1.0"
87.230.17.72 - - [04/Dec/2014:22:24:51 +0100] "GET /seiten/impr.htm HTTP/1.1" 200 8696 "-" "ImplisenseBot 1.0"
87.230.17.72 - - [04/Dec/2014:22:24:52 +0100] "GET / HTTP/1.1" 200 7903 "-" "ImplisenseBot 1.0"
87.230.17.72 - - [04/Dec/2014:22:24:52 +0100] "GET /robots.txt HTTP/1.1" 404 1256 "-" "ImplisenseBot 1.0"
87.230.17.72 - - [04/Dec/2014:22:24:53 +0100] "GET /seiten/produkte.htm HTTP/1.1" 200 9105 "-" "ImplisenseBot 1.0"
87.230.17.72 - - [04/Dec/2014:22:24:53 +0100] "GET /seiten/partner.htm HTTP/1.1" 200 9458 "-" "ImplisenseBot 1.0"
87.230.17.72 - - [04/Dec/2014:22:24:54 +0100] "GET /seiten/referenzen.htm HTTP/1.1" 200 40565 "-" "ImplisenseBot 1.0"
87.230.17.72 - - [04/Dec/2014:22:24:54 +0100] "GET /seiten/service.htm HTTP/1.1" 200 9740 "-" "ImplisenseBot 1.0"
87.230.17.72 - - [04/Dec/2014:22:24:55 +0100] "GET /seiten/kontakt.php HTTP/1.1" 200 12788 "-" "ImplisenseBot 1.0"
87.230.17.72 - - [04/Dec/2014:22:24:56 +0100] "GET /seiten/impr.htm HTTP/1.1" 200 8696 "-" "ImplisenseBot 1.0"
87.230.17.72 - - [04/Dec/2014:22:24:57 +0100] "GET /seiten/databund.html HTTP/1.1" 200 9125 "-" "ImplisenseBot 1.0"
87.230.17.72 - - [04/Dec/2014:22:24:57 +0100] "GET /seiten/fsw.htm HTTP/1.1" 200 9961 "-" "ImplisenseBot 1.0"
87.230.17.72 - - [04/Dec/2014:22:24:57 +0100] "GET /seiten/fahrlehrerwesen.htm HTTP/1.1" 200 7168 "-" "ImplisenseBot 1.0"
87.230.17.72 - - [04/Dec/2014:22:24:57 +0100] "GET /seiten/kontroll.htm HTTP/1.1" 200 6599 "-" "ImplisenseBot 1.0"
87.230.17.72 - - [04/Dec/2014:22:24:58 +0100] "GET /seiten/kraftverkehr.htm HTTP/1.1" 200 9210 "-" "ImplisenseBot 1.0"
87.230.17.72 - - [04/Dec/2014:22:24:58 +0100] "GET /seiten/produkte.htm#top HTTP/1.1" 200 9105 "-" "ImplisenseBot 1.0"
87.230.17.72 - - [04/Dec/2014:22:24:59 +0100] "GET /seiten/partner.htm#top HTTP/1.1" 200 9458 "-" "ImplisenseBot 1.0"
87.230.17.72 - - [04/Dec/2014:22:25:00 +0100] "GET /seiten/referenzen.htm#top HTTP/1.1" 200 40565 "-" "ImplisenseBot 1.0"
87.230.17.72 - - [04/Dec/2014:22:25:01 +0100] "GET /seiten/service.htm#term HTTP/1.1" 200 9740 "-" "ImplisenseBot 1.0"
87.230.17.72 - - [04/Dec/2014:22:25:02 +0100] "GET /seiten/service.htm#top HTTP/1.1" 200 9740 "-" "ImplisenseBot 1.0"
87.230.17.72 - - [04/Dec/2014:22:25:03 +0100] "GET /seiten/kontakt.php#partner HTTP/1.1" 200 12788 "-" "ImplisenseBot 1.0"
87.230.17.72 - - [04/Dec/2014:22:25:04 +0100] "GET /seiten/kontakt.php#kont HTTP/1.1" 200 12788 "-" "ImplisenseBot 1.0"
87.230.17.72 - - [04/Dec/2014:22:25:04 +0100] "GET /seiten/kontakt.php#top HTTP/1.1" 200 12788 "-" "ImplisenseBot 1.0"
66.249.78.125 - - [05/Dec/2014:00:26:43 +0100] "GET /seiten/partner.htm HTTP/1.1" 200 9458 "-" "Mozilla/5.0 (compatible; Googlebot/2.1; +http://www.google.com/bot.html)"
66.249.78.125 - - [05/Dec/2014:00:29:52 +0100] "GET /seiten/databund.html HTTP/1.1" 200 9125 "-" "Mozilla/5.0 (compatible; Googlebot/2.1; +http://www.google.com/bot.html)"
148.251.124.174 - - [05/Dec/2014:02:02:04 +0100] "GET /robots.txt HTTP/1.0" 404 1256 "-" "Mozilla/5.0 (compatible; MJ12bot/v1.4.5; http://www.majestic12.co.uk/bot.php?+)"
148.251.124.174 - - [05/Dec/2014:02:02:20 +0100] "GET /seiten/impr.htm HTTP/1.0" 200 8696 "-" "Mozilla/5.0 (compatible; MJ12bot/v1.4.5; http://www.majestic12.co.uk/bot.php?+)"
148.251.124.174 - - [05/Dec/2014:02:02:25 +0100] "GET /seiten/partner.htm HTTP/1.0" 200 9458 "-" "Mozilla/5.0 (compatible; MJ12bot/v1.4.5; http://www.majestic12.co.uk/bot.php?+)"
89.145.95.2 - - [05/Dec/2014:02:10:01 +0100] "GET / HTTP/1.1" 200 7903 "-" "Mozilla/5.0 (compatible; GrapeshotCrawler/2.0; +http://www.grapeshot.co.uk/crawler.php)"
80.190.97.186 - - [05/Dec/2014:02:16:21 +0100] "GET / HTTP/1.1" 200 7903 "-" "Mozilla/5.0 (X11; U; FreeBSD i386; en-US; rv:1.9.1.12) Gecko/20100912 Firefox/3.5.12"
66.249.78.254 - - [05/Dec/2014:02:17:37 +0100] "GET /robots.txt HTTP/1.1" 404 1256 "-" "Mozilla/5.0 (compatible; Googlebot/2.1; +http://www.google.com/bot.html)"
66.249.78.248 - - [05/Dec/2014:02:17:37 +0100] "GET / HTTP/1.1" 200 7903 "-" "Mozilla/5.0 (iPhone; CPU iPhone OS 6_0 like Mac OS X) AppleWebKit/536.26 (KHTML, like Gecko) Version/6.0 Mobile/10A5376e Safari/8536.25 (compatible; Googlebot/2.1; +http://www.google.com/bot.html)"
66.249.78.3 - - [05/Dec/2014:02:23:50 +0100] "GET /seiten/kontakt.php HTTP/1.1" 200 12788 "-" "Mozilla/5.0 (compatible; Googlebot/2.1; +http://www.google.com/bot.html)"
141.8.147.12 - - [05/Dec/2014:02:32:29 +0100] "GET /robots.txt HTTP/1.1" 404 1256 "-" "Mozilla/5.0 (compatible; YandexBot/3.0; +http://yandex.com/bots)"
141.8.147.12 - - [05/Dec/2014:02:32:30 +0100] "GET /robots.txt HTTP/1.1" 404 1256 "-" "Mozilla/5.0 (compatible; YandexBot/3.0; +http://yandex.com/bots)"
141.8.147.12 - - [05/Dec/2014:02:32:30 +0100] "GET /robots.txt HTTP/1.1" 404 1256 "-" "Mozilla/5.0 (compatible; YandexBot/3.0; +http://yandex.com/bots)"
141.8.147.12 - - [05/Dec/2014:02:32:31 +0100] "GET / HTTP/1.1" 200 7903 "-" "Mozilla/5.0 (compatible; YandexBot/3.0; +http://yandex.com/bots)"
141.8.147.12 - - [05/Dec/2014:02:32:31 +0100] "GET / HTTP/1.1" 200 7903 "-" "Mozilla/5.0 (compatible; YandexBot/3.0; +http://yandex.com/bots)"
141.8.147.12 - - [05/Dec/2014:02:32:32 +0100] "GET / HTTP/1.1" 200 7903 "-" "Mozilla/5.0 (compatible; YandexBot/3.0; +http://yandex.com/bots)"
141.8.147.12 - - [05/Dec/2014:02:32:32 +0100] "GET / HTTP/1.1" 200 7903 "-" "Mozilla/5.0 (compatible; YandexBot/3.0; +http://yandex.com/bots)"
141.8.147.12 - - [05/Dec/2014:02:32:34 +0100] "GET / HTTP/1.1" 200 7903 "-" "Mozilla/5.0 (compatible; YandexBot/3.0; +http://yandex.com/bots)"
141.8.147.12 - - [05/Dec/2014:02:32:35 +0100] "GET / HTTP/1.1" 200 7903 "-" "Mozilla/5.0 (compatible; YandexBot/3.0; +http://yandex.com/bots)"
141.8.147.12 - - [05/Dec/2014:02:32:36 +0100] "GET / HTTP/1.1" 200 7903 "-" "Mozilla/5.0 (compatible; YandexBot/3.0; +http://yandex.com/bots)"
141.8.147.12 - - [05/Dec/2014:02:32:36 +0100] "GET / HTTP/1.1" 200 7903 "-" "Mozilla/5.0 (compatible; YandexBot/3.0; +http://yandex.com/bots)"
93.186.202.241 - - [05/Dec/2014:03:25:31 +0100] "GET /seiten/impr.htm HTTP/1.1" 200 8696 "-" "Mozilla/5.0 (Macintosh; U; Intel Mac OS X 10_5_8; zh-cn) AppleWebKit/533.18.1 (KHTML, like Gecko) Version/5.0.2 Safari/533.18.5"
80.190.97.186 - - [05/Dec/2014:05:06:12 +0100] "GET / HTTP/1.1" 200 7903 "-" "Mozilla/5.0 (X11; U; FreeBSD i386; en-US; rv:1.9.1.12) Gecko/20100912 Firefox/3.5.12"
77.75.73.36 - - [05/Dec/2014:05:15:17 +0100] "GET /robots.txt HTTP/1.1" 404 1256 "-" "Mozilla/5.0 (compatible; SeznamBot/3.2; +http://fulltext.sblog.cz/)"
77.75.73.36 - - [05/Dec/2014:05:15:17 +0100] "GET /seiten/referenzen.htm HTTP/1.1" 304 - "-" "Mozilla/5.0 (compatible; SeznamBot/3.2; +http://fulltext.sblog.cz/)"
77.75.73.36 - - [05/Dec/2014:05:16:07 +0100] "GET / HTTP/1.1" 304 - "-" "Mozilla/5.0 (compatible; SeznamBot/3.2; +http://fulltext.sblog.cz/)"
66.249.78.3 - - [05/Dec/2014:06:12:24 +0100] "GET /seiten/referenzen.htm HTTP/1.1" 200 40565 "-" "Mozilla/5.0 (compatible; Googlebot/2.1; +http://www.google.com/bot.html)"
87.230.17.72 - - [05/Dec/2014:07:13:44 +0100] "GET / HTTP/1.1" 200 7903 "-" "ImplisenseBot 1.0"
87.230.17.72 - - [05/Dec/2014:07:13:44 +0100] "GET /seiten/impr.htm HTTP/1.1" 200 8696 "-" "ImplisenseBot 1.0"
87.230.17.72 - - [05/Dec/2014:07:13:45 +0100] "GET / HTTP/1.1" 200 7903 "-" "ImplisenseBot 1.0"
87.230.17.72 - - [05/Dec/2014:07:13:45 +0100] "GET /robots.txt HTTP/1.1" 404 1256 "-" "ImplisenseBot 1.0"
87.230.17.72 - - [05/Dec/2014:07:13:45 +0100] "GET / HTTP/1.1" 200 7903 "-" "ImplisenseBot 1.0"
87.230.17.72 - - [05/Dec/2014:07:13:46 +0100] "GET /seiten/produkte.htm HTTP/1.1" 200 9105 "-" "ImplisenseBot 1.0"
87.230.17.72 - - [05/Dec/2014:07:13:47 +0100] "GET /seiten/partner.htm HTTP/1.1" 200 9458 "-" "ImplisenseBot 1.0"
87.230.17.72 - - [05/Dec/2014:07:13:47 +0100] "GET /seiten/referenzen.htm HTTP/1.1" 200 40565 "-" "ImplisenseBot 1.0"
87.230.17.72 - - [05/Dec/2014:07:13:48 +0100] "GET /seiten/service.htm HTTP/1.1" 200 9740 "-" "ImplisenseBot 1.0"
87.230.17.72 - - [05/Dec/2014:07:13:48 +0100] "GET /seiten/kontakt.php HTTP/1.1" 200 12788 "-" "ImplisenseBot 1.0"
87.230.17.72 - - [05/Dec/2014:07:13:49 +0100] "GET /seiten/impr.htm HTTP/1.1" 200 8696 "-" "ImplisenseBot 1.0"
87.230.17.72 - - [05/Dec/2014:07:13:49 +0100] "GET /seiten/databund.html HTTP/1.1" 200 9125 "-" "ImplisenseBot 1.0"
87.230.17.72 - - [05/Dec/2014:07:13:50 +0100] "GET /./seiten/produkte.htm HTTP/1.1" 200 9105 "-" "ImplisenseBot 1.0"
87.230.17.72 - - [05/Dec/2014:07:13:50 +0100] "GET /./seiten/partner.htm HTTP/1.1" 200 9458 "-" "ImplisenseBot 1.0"
87.230.17.72 - - [05/Dec/2014:07:13:51 +0100] "GET /./seiten/referenzen.htm HTTP/1.1" 200 40565 "-" "ImplisenseBot 1.0"
87.230.17.72 - - [05/Dec/2014:07:13:51 +0100] "GET /./seiten/service.htm HTTP/1.1" 200 9740 "-" "ImplisenseBot 1.0"
87.230.17.72 - - [05/Dec/2014:07:13:52 +0100] "GET /./seiten/kontakt.php HTTP/1.1" 200 12788 "-" "ImplisenseBot 1.0"
87.230.17.72 - - [05/Dec/2014:07:13:53 +0100] "GET /./seiten/impr.htm HTTP/1.1" 200 8696 "-" "ImplisenseBot 1.0"
87.230.17.72 - - [05/Dec/2014:07:13:54 +0100] "GET /./seiten/databund.html HTTP/1.1" 200 9125 "-" "ImplisenseBot 1.0"
87.230.17.72 - - [05/Dec/2014:07:13:54 +0100] "GET /seiten/fsw.htm HTTP/1.1" 200 9961 "-" "ImplisenseBot 1.0"
87.230.17.72 - - [05/Dec/2014:07:13:55 +0100] "GET /seiten/fahrlehrerwesen.htm HTTP/1.1" 200 7168 "-" "ImplisenseBot 1.0"
87.230.17.72 - - [05/Dec/2014:07:13:55 +0100] "GET /seiten/kontroll.htm HTTP/1.1" 200 6599 "-" "ImplisenseBot 1.0"
87.230.17.72 - - [05/Dec/2014:07:13:56 +0100] "GET /seiten/kraftverkehr.htm HTTP/1.1" 200 9210 "-" "ImplisenseBot 1.0"
207.46.13.22 - - [05/Dec/2014:07:30:38 +0100] "GET /seiten/produkte.htm HTTP/1.1" 200 9105 "-" "Mozilla/5.0 (compatible; bingbot/2.0; +http://www.bing.com/bingbot.htm)"
81.0.199.226 - - [05/Dec/2014:08:28:00 +0100] "GET / HTTP/1.1" 200 7903 "-" "Mozilla/5.0 (Macintosh; Intel Mac OS X 10.7; rv:22.0) Gecko/20100101 Firefox/22.0"
190.122.130.2 - - [05/Dec/2014:10:22:54 +0100] "GET / HTTP/1.1" 200 7903 "http://www.prokommunal.com" "Mozilla/5.0 (Windows; U; Windows NT 5.1; en-US) AppleWebKit/525.13 (KHTML, like Gecko) Chrome/0.A.B.C Safari/525.13"
82.94.179.38 - - [05/Dec/2014:11:47:45 +0100] "GET /robots.txt HTTP/1.0" 404 1256 "-" "Mozilla/4.0 (compatible; Vagabondo/4.0/EU; http://webagent.wise-guys.nl/)"
82.94.179.38 - - [05/Dec/2014:11:47:45 +0100] "GET /seiten/fahrlehrerwesen.htm HTTP/1.1" 200 7168 "http://www.prokommunal.com/seiten/produkte.htm" "Mozilla/4.0 (compatible; Vagabondo/4.0/EU; http://www.wise-guys.nl/)"
