167.71.84.196 - - [01/Nov/2019:05:44:59 +0100] "GET / HTTP/1.0" 200 326 "-" "Mozilla/5.0 (compatible; NetcraftSurveyAgent/1.0; +info@netcraft.com)"
161.69.99.11 - - [02/Nov/2019:21:13:00 +0100] "GET / HTTP/1.1" 200 326 "-" "Mozilla/5.0 (Windows NT 6.1; WOW64; rv:29.0) Gecko/20120101 Firefox/29.0"
194.173.174.106 - - [03/Nov/2019:07:02:24 +0100] "HEAD / HTTP/1.1" 200 - "-" "Mozilla/5.0 (Windows NT 6.3; WOW64) AppleWebKit/537.36 (KHTML, like Gecko) Chrome/43.0.2357.134 Safari/537.36"
54.224.230.57 - - [03/Nov/2019:07:07:05 +0100] "GET / HTTP/1.1" 200 326 "-" "Mozilla/5.0 (Windows NT 6.1; Win64; x64) AppleWebKit/537.36 (KHTML, like Gecko) Chrome/72.0.3626.109 Safari/537.36"
213.83.37.145 - - [03/Nov/2019:09:49:42 +0100] "HEAD / HTTP/1.1" 200 - "-" "Mozilla/5.0 (Windows NT 6.1; rv:39.0) Gecko/20180101 Firefox/39.0"
213.83.37.145 - - [03/Nov/2019:09:49:42 +0100] "HEAD / HTTP/1.1" 200 - "-" "Mozilla/5.0 (Windows NT 6.1; rv:39.0) Gecko/20180101 Firefox/39.0"
213.83.37.145 - - [03/Nov/2019:09:49:42 +0100] "HEAD / HTTP/1.1" 200 - "-" "Mozilla/5.0 (Windows NT 6.1; rv:39.0) Gecko/20180101 Firefox/39.0"
213.83.37.145 - - [03/Nov/2019:09:49:42 +0100] "HEAD / HTTP/1.1" 200 - "-" "Mozilla/5.0 (Windows NT 6.1; rv:39.0) Gecko/20180101 Firefox/39.0"
194.173.174.106 - - [03/Nov/2019:19:18:10 +0100] "HEAD / HTTP/1.1" 200 - "-" "Mozilla/5.0 (Windows NT 6.3; WOW64) AppleWebKit/537.36 (KHTML, like Gecko) Chrome/43.0.2357.134 Safari/537.36"
52.91.156.38 - - [03/Nov/2019:19:26:03 +0100] "GET / HTTP/1.1" 200 326 "-" "Mozilla/5.0 (Windows NT 6.1; Win64; x64) AppleWebKit/537.36 (KHTML, like Gecko) Chrome/72.0.3626.109 Safari/537.36"
17.58.56.4 - - [04/Nov/2019:07:44:32 +0100] "GET / HTTP/1.1" 200 326 "-" "Mozilla/5.0 (Macintosh; Intel Mac OS X 10.12; rv:52.0) Gecko/20100101 Firefox/52.0"
194.173.174.106 - - [04/Nov/2019:07:47:11 +0100] "HEAD / HTTP/1.1" 200 - "-" "Mozilla/5.0 (Windows NT 6.3; WOW64) AppleWebKit/537.36 (KHTML, like Gecko) Chrome/43.0.2357.134 Safari/537.36"
18.237.201.177 - - [04/Nov/2019:08:05:18 +0100] "GET / HTTP/1.1" 200 326 "-" "Mozilla/5.0 (Windows NT 6.1; Win64; x64) AppleWebKit/537.36 (KHTML, like Gecko) Chrome/72.0.3626.109 Safari/537.36"
194.173.174.106 - - [04/Nov/2019:09:39:15 +0100] "HEAD / HTTP/1.1" 200 - "-" "Mozilla/5.0 (Windows NT 6.3; WOW64) AppleWebKit/537.36 (KHTML, like Gecko) Chrome/43.0.2357.134 Safari/537.36"
54.69.172.51 - - [04/Nov/2019:09:41:13 +0100] "GET / HTTP/1.1" 200 326 "-" "Mozilla/5.0 (Windows NT 6.1; Win64; x64) AppleWebKit/537.36 (KHTML, like Gecko) Chrome/72.0.3626.109 Safari/537.36"
106.54.254.17 - - [04/Nov/2019:17:26:55 +0100] "GET /?xxnew2018_url2=x&xxnew2018_url1=x HTTP/1.1" 200 326 "-" "-"
88.99.161.50 - - [05/Nov/2019:03:03:17 +0100] "GET / HTTP/1.1" 200 326 "-" "Mozilla/5.0 (Windows NT 10.0; Win64; x64) AppleWebKit/537.36 (KHTML, like Gecko) Chrome/70.0.3538.102 Safari/537.36"
167.114.157.79 - - [06/Nov/2019:03:23:11 +0100] "GET / HTTP/1.1" 200 326 "-" "Mozilla/5.0 (compatible; Dataprovider.com)"
167.114.157.79 - - [06/Nov/2019:03:23:13 +0100] "GET /robots.txt HTTP/1.1" 404 1256 "-" "Mozilla/5.0 (compatible; Dataprovider.com)"
167.114.157.79 - - [06/Nov/2019:03:23:13 +0100] "GET /sitemap.xml HTTP/1.1" 404 1256 "-" "Mozilla/5.0 (compatible; Dataprovider.com)"
167.114.157.79 - - [06/Nov/2019:03:23:13 +0100] "GET / HTTP/1.1" 200 326 "-" "Mozilla/5.0 (compatible; Dataprovider.com)"
167.114.157.79 - - [06/Nov/2019:03:23:14 +0100] "GET /ads.txt HTTP/1.1" 404 1256 "-" "Mozilla/5.0 (compatible; Dataprovider.com)"
167.114.157.79 - - [06/Nov/2019:03:23:15 +0100] "GET / HTTP/1.1" 200 326 "-" "Mozilla/5.0 (Linux; Android 5.1.1; SM-G925F Build/LMY47X) AppleWebKit/537.36 (KHTML, like Gecko) Chrome/45.0.2454.94 Mobile Safari/537.36"
54.36.115.93 - - [06/Nov/2019:06:07:54 +0100] "GET / HTTP/1.1" 200 326 "-" "Mozilla/5.0 (Windows NT 10.0; Win64; x64; rv:71.0) Gecko/20100101 Firefox/71.0"
88.99.161.50 - - [06/Nov/2019:07:25:38 +0100] "GET / HTTP/1.1" 200 326 "-" "Mozilla/5.0 (Windows NT 10.0; Win64; x64) AppleWebKit/537.36 (KHTML, like Gecko) Chrome/70.0.3538.102 Safari/537.36"
17.58.96.178 - - [06/Nov/2019:13:09:33 +0100] "GET /robots.txt HTTP/1.1" 404 1256 "-" "Mozilla/5.0 (Macintosh; Intel Mac OS X 10_10_1) AppleWebKit/600.2.5 (KHTML, like Gecko) Version/8.0.2 Safari/600.2.5 (Applebot/0.1; +http://www.apple.com/go/applebot)"
17.58.96.46 - - [06/Nov/2019:13:09:34 +0100] "GET / HTTP/1.1" 200 326 "-" "Mozilla/5.0 (Macintosh; Intel Mac OS X 10_10_1) AppleWebKit/600.2.5 (KHTML, like Gecko) Version/8.0.2 Safari/600.2.5 (Applebot/0.1; +http://www.apple.com/go/applebot)"
213.136.92.207 - - [07/Nov/2019:03:29:36 +0100] "GET /robots.txt HTTP/1.1" 404 1256 "-" "Mozilla/5.0 (compatible; MJ12bot/v1.4.8; http://mj12bot.com/)"
213.136.92.207 - - [07/Nov/2019:03:29:37 +0100] "GET / HTTP/1.1" 200 326 "-" "Mozilla/5.0 (compatible; MJ12bot/v1.4.8; http://mj12bot.com/)"
184.94.240.92 - - [07/Nov/2019:09:54:44 +0100] "GET / HTTP/1.1" 200 326 "-" "Mozilla/5.0 (Windows NT 10.0; WOW64; rv:53.0) Gecko/20100101 Firefox/53.0"
51.77.129.168 - - [07/Nov/2019:17:26:23 +0100] "GET / HTTP/1.1" 200 326 "-" "Mozilla/5.0 (compatible; Dataprovider.com)"
78.96.115.79 - - [08/Nov/2019:10:38:48 +0100] "GET / HTTP/1.1" 200 326 "-" "-"
78.96.115.79 - - [08/Nov/2019:10:38:48 +0100] "GET / HTTP/1.1" 200 326 "-" "Mozilla/4.0 (compatible; MSIE 6.0; Windows NT 5.2; .NET CLR 1.0.3705;)"
51.77.246.206 - - [08/Nov/2019:16:41:43 +0100] "GET / HTTP/1.1" 200 326 "-" "Mozilla/5.0 (compatible; Dataprovider.com)"
88.99.161.50 - - [08/Nov/2019:17:18:01 +0100] "GET / HTTP/1.1" 200 326 "-" "Mozilla/5.0 (Windows NT 10.0; Win64; x64) AppleWebKit/537.36 (KHTML, like Gecko) Chrome/70.0.3538.102 Safari/537.36"
38.100.53.82 - - [08/Nov/2019:17:53:25 +0100] "GET / HTTP/1.1" 200 326 "-" "Mozilla/4.0 (compatible; MSIE 7.0; Windows NT 5.2)"
213.83.37.145 - - [10/Nov/2019:09:49:19 +0100] "HEAD / HTTP/1.1" 200 - "-" "Mozilla/5.0 (Windows NT 6.1; rv:39.0) Gecko/20180101 Firefox/39.0"
213.83.37.145 - - [10/Nov/2019:09:49:19 +0100] "HEAD / HTTP/1.1" 200 - "-" "Mozilla/5.0 (Windows NT 6.1; rv:39.0) Gecko/20180101 Firefox/39.0"
213.83.37.145 - - [10/Nov/2019:09:49:19 +0100] "HEAD / HTTP/1.1" 200 - "-" "Mozilla/5.0 (Windows NT 6.1; rv:39.0) Gecko/20180101 Firefox/39.0"
213.83.37.145 - - [10/Nov/2019:09:49:19 +0100] "HEAD / HTTP/1.1" 200 - "-" "Mozilla/5.0 (Windows NT 6.1; rv:39.0) Gecko/20180101 Firefox/39.0"
194.173.174.106 - - [10/Nov/2019:11:09:02 +0100] "HEAD / HTTP/1.1" 200 - "-" "Mozilla/5.0 (Windows NT 6.3; WOW64) AppleWebKit/537.36 (KHTML, like Gecko) Chrome/43.0.2357.134 Safari/537.36"
18.206.159.236 - - [10/Nov/2019:11:18:23 +0100] "GET / HTTP/1.1" 200 326 "-" "Mozilla/5.0 (Windows NT 6.1; Win64; x64) AppleWebKit/537.36 (KHTML, like Gecko) Chrome/72.0.3626.109 Safari/537.36"
194.173.174.106 - - [10/Nov/2019:18:00:01 +0100] "HEAD / HTTP/1.1" 200 - "-" "Mozilla/5.0 (Windows NT 6.3; WOW64) AppleWebKit/537.36 (KHTML, like Gecko) Chrome/43.0.2357.134 Safari/537.36"
18.237.137.233 - - [10/Nov/2019:18:03:34 +0100] "GET / HTTP/1.1" 200 326 "-" "Mozilla/5.0 (Windows NT 6.1; Win64; x64) AppleWebKit/537.36 (KHTML, like Gecko) Chrome/72.0.3626.109 Safari/537.36"
194.173.174.106 - - [11/Nov/2019:02:05:57 +0100] "HEAD / HTTP/1.1" 200 - "-" "Mozilla/5.0 (Windows NT 6.3; WOW64) AppleWebKit/537.36 (KHTML, like Gecko) Chrome/43.0.2357.134 Safari/537.36"
52.90.235.182 - - [11/Nov/2019:02:14:51 +0100] "GET / HTTP/1.1" 200 326 "-" "Mozilla/5.0 (Windows NT 6.1; Win64; x64) AppleWebKit/537.36 (KHTML, like Gecko) Chrome/72.0.3626.109 Safari/537.36"
93.158.167.128 - - [13/Nov/2019:11:14:23 +0100] "GET /robots.txt HTTP/1.1" 404 1256 "-" "Mozilla/5.0 (compatible; YandexBot/3.0; +http://yandex.com/bots)"
5.255.251.10 - - [13/Nov/2019:11:14:27 +0100] "GET / HTTP/1.1" 200 326 "-" "Mozilla/5.0 (compatible; YandexBot/3.0; +http://yandex.com/bots)"
217.87.174.246 - - [13/Nov/2019:14:56:05 +0100] "GET / HTTP/1.1" 200 326 "-" "Mozilla/5.0 (Macintosh; Intel Mac OS X 10_15) AppleWebKit/605.1.15 (KHTML, like Gecko) Version/13.0.1 Safari/605.1.15"
217.87.174.246 - - [13/Nov/2019:14:56:06 +0100] "GET /favicon.ico HTTP/1.1" 404 1256 "http://www.ruehling.com/" "Mozilla/5.0 (Macintosh; Intel Mac OS X 10_15) AppleWebKit/605.1.15 (KHTML, like Gecko) Version/13.0.1 Safari/605.1.15"
17.58.96.188 - - [13/Nov/2019:17:57:42 +0100] "GET /robots.txt HTTP/1.1" 404 1256 "-" "Mozilla/5.0 (Macintosh; Intel Mac OS X 10_10_1) AppleWebKit/600.2.5 (KHTML, like Gecko) Version/8.0.2 Safari/600.2.5 (Applebot/0.1; +http://www.apple.com/go/applebot)"
17.58.96.47 - - [13/Nov/2019:17:57:43 +0100] "GET / HTTP/1.1" 200 326 "-" "Mozilla/5.0 (Macintosh; Intel Mac OS X 10_10_1) AppleWebKit/600.2.5 (KHTML, like Gecko) Version/8.0.2 Safari/600.2.5 (Applebot/0.1; +http://www.apple.com/go/applebot)"
93.240.124.85 - - [14/Nov/2019:15:51:41 +0100] "GET / HTTP/1.1" 200 326 "-" "Mozilla/5.0 (Windows NT 10.0; Win64; x64; rv:70.0) Gecko/20100101 Firefox/70.0"
93.240.124.85 - - [14/Nov/2019:15:51:41 +0100] "GET /favicon.ico HTTP/1.1" 404 1256 "-" "Mozilla/5.0 (Windows NT 10.0; Win64; x64; rv:70.0) Gecko/20100101 Firefox/70.0"
207.46.13.144 - - [15/Nov/2019:03:46:08 +0100] "GET /robots.txt HTTP/1.1" 404 1256 "-" "Mozilla/5.0 (compatible; bingbot/2.0; +http://www.bing.com/bingbot.htm)"
157.55.39.125 - - [15/Nov/2019:03:46:20 +0100] "GET / HTTP/1.1" 304 - "-" "Mozilla/5.0 (compatible; bingbot/2.0; +http://www.bing.com/bingbot.htm)"
161.69.99.11 - - [16/Nov/2019:21:32:08 +0100] "GET / HTTP/1.1" 200 326 "-" "Mozilla/5.0 (Windows NT 6.1; WOW64; rv:29.0) Gecko/20120101 Firefox/29.0"
213.83.37.145 - - [17/Nov/2019:08:58:02 +0100] "HEAD / HTTP/1.1" 200 - "-" "Mozilla/5.0 (Windows NT 6.1; rv:39.0) Gecko/20180101 Firefox/39.0"
213.83.37.145 - - [17/Nov/2019:08:58:02 +0100] "HEAD / HTTP/1.1" 200 - "-" "Mozilla/5.0 (Windows NT 6.1; rv:39.0) Gecko/20180101 Firefox/39.0"
213.83.37.145 - - [17/Nov/2019:08:58:02 +0100] "HEAD / HTTP/1.1" 200 - "-" "Mozilla/5.0 (Windows NT 6.1; rv:39.0) Gecko/20180101 Firefox/39.0"
213.83.37.145 - - [17/Nov/2019:08:58:02 +0100] "HEAD / HTTP/1.1" 200 - "-" "Mozilla/5.0 (Windows NT 6.1; rv:39.0) Gecko/20180101 Firefox/39.0"
88.99.161.50 - - [17/Nov/2019:15:17:20 +0100] "GET / HTTP/1.1" 200 326 "-" "Mozilla/5.0 (Windows NT 10.0; Win64; x64) AppleWebKit/537.36 (KHTML, like Gecko) Chrome/70.0.3538.102 Safari/537.36"
64.246.161.42 - - [17/Nov/2019:21:48:08 +0100] "GET /robots.txt HTTP/1.0" 404 1256 "-" "Mozilla/5.0 (Macintosh; Intel Mac OS X 10.10; rv:59.0) Gecko/20100101 Firefox/59.0"
64.246.161.42 - - [17/Nov/2019:21:48:09 +0100] "GET / HTTP/1.1" 200 326 "-" "Mozilla/5.0 (Macintosh; Intel Mac OS X 10.10; rv:59.0) Gecko/20100101 Firefox/59.0"
66.249.64.185 - - [18/Nov/2019:11:42:02 +0100] "GET /robots.txt HTTP/1.1" 404 1256 "-" "Mozilla/5.0 (compatible; Googlebot/2.1; +http://www.google.com/bot.html)"
66.249.64.185 - - [18/Nov/2019:11:42:02 +0100] "GET / HTTP/1.1" 200 326 "-" "Mozilla/5.0 (Linux; Android 6.0.1; Nexus 5X Build/MMB29P) AppleWebKit/537.36 (KHTML, like Gecko) Chrome/41.0.2272.96 Mobile Safari/537.36 (compatible; Googlebot/2.1; +http://www.google.com/bot.html)"
167.114.211.25 - - [18/Nov/2019:11:43:04 +0100] "GET / HTTP/1.1" 200 326 "-" "Mozilla/5.0 (X11; Linux x86_64) AppleWebKit/537.31 (KHTML, like Gecko) Chrome/26.0.1410.63 Safari/537.31"
167.114.211.25 - - [18/Nov/2019:11:43:04 +0100] "GET /blog/ HTTP/1.1" 404 1256 "-" "Mozilla/5.0 (X11; Linux x86_64) AppleWebKit/537.31 (KHTML, like Gecko) Chrome/26.0.1410.63 Safari/537.31"
167.114.211.25 - - [18/Nov/2019:11:43:04 +0100] "GET /wp/ HTTP/1.1" 404 1256 "-" "Mozilla/5.0 (X11; Linux x86_64) AppleWebKit/537.31 (KHTML, like Gecko) Chrome/26.0.1410.63 Safari/537.31"
167.114.211.25 - - [18/Nov/2019:11:43:05 +0100] "GET /wordpress/ HTTP/1.1" 404 1256 "-" "Mozilla/5.0 (X11; Linux x86_64) AppleWebKit/537.31 (KHTML, like Gecko) Chrome/26.0.1410.63 Safari/537.31"
167.114.211.25 - - [18/Nov/2019:11:43:05 +0100] "GET /test/ HTTP/1.1" 404 1256 "-" "Mozilla/5.0 (X11; Linux x86_64) AppleWebKit/537.31 (KHTML, like Gecko) Chrome/26.0.1410.63 Safari/537.31"
167.114.211.25 - - [18/Nov/2019:11:43:05 +0100] "GET /xmlrpc.php HTTP/1.1" 404 1256 "-" "Mozilla/5.0 (X11; Linux x86_64) AppleWebKit/537.31 (KHTML, like Gecko) Chrome/26.0.1410.63 Safari/537.31"
167.114.211.25 - - [18/Nov/2019:11:43:05 +0100] "GET /site HTTP/1.1" 404 1256 "-" "Mozilla/5.0 (X11; Linux x86_64) AppleWebKit/537.31 (KHTML, like Gecko) Chrome/26.0.1410.63 Safari/537.31"
167.114.211.25 - - [18/Nov/2019:11:43:05 +0100] "GET /language/en-GB/en-GB.xml HTTP/1.1" 404 1256 "-" "Mozilla/5.0 (X11; Linux x86_64) AppleWebKit/537.31 (KHTML, like Gecko) Chrome/26.0.1410.63 Safari/537.31"
167.114.211.25 - - [18/Nov/2019:11:43:06 +0100] "GET /administrator/ HTTP/1.1" 404 1256 "-" "Mozilla/5.0 (X11; Linux x86_64) AppleWebKit/537.31 (KHTML, like Gecko) Chrome/26.0.1410.63 Safari/537.31"
167.114.211.25 - - [18/Nov/2019:11:43:06 +0100] "GET /joomla/ HTTP/1.1" 404 1256 "-" "Mozilla/5.0 (X11; Linux x86_64) AppleWebKit/537.31 (KHTML, like Gecko) Chrome/26.0.1410.63 Safari/537.31"
167.114.211.25 - - [18/Nov/2019:11:43:06 +0100] "GET /drupal/ HTTP/1.1" 404 1256 "-" "Mozilla/5.0 (X11; Linux x86_64) AppleWebKit/537.31 (KHTML, like Gecko) Chrome/26.0.1410.63 Safari/537.31"
167.114.211.25 - - [18/Nov/2019:11:43:06 +0100] "GET /shop/ HTTP/1.1" 404 1256 "-" "Mozilla/5.0 (X11; Linux x86_64) AppleWebKit/537.31 (KHTML, like Gecko) Chrome/26.0.1410.63 Safari/537.31"
167.114.211.25 - - [18/Nov/2019:11:43:06 +0100] "GET /shop/ HTTP/1.1" 404 1256 "-" "Mozilla/5.0 (X11; Linux x86_64) AppleWebKit/537.31 (KHTML, like Gecko) Chrome/26.0.1410.63 Safari/537.31"
167.114.211.25 - - [18/Nov/2019:11:43:07 +0100] "GET /admin/ HTTP/1.1" 404 1256 "-" "Mozilla/5.0 (X11; Linux x86_64) AppleWebKit/537.31 (KHTML, like Gecko) Chrome/26.0.1410.63 Safari/537.31"
167.114.211.25 - - [18/Nov/2019:11:43:07 +0100] "GET /shop/ HTTP/1.1" 404 1256 "-" "Mozilla/5.0 (X11; Linux x86_64) AppleWebKit/537.31 (KHTML, like Gecko) Chrome/26.0.1410.63 Safari/537.31"
167.114.211.25 - - [18/Nov/2019:11:43:07 +0100] "GET /index.php/admin/ HTTP/1.1" 404 1256 "-" "Mozilla/5.0 (X11; Linux x86_64) AppleWebKit/537.31 (KHTML, like Gecko) Chrome/26.0.1410.63 Safari/537.31"
167.114.211.25 - - [18/Nov/2019:11:43:07 +0100] "GET /downloader/ HTTP/1.1" 404 1256 "-" "Mozilla/5.0 (X11; Linux x86_64) AppleWebKit/537.31 (KHTML, like Gecko) Chrome/26.0.1410.63 Safari/537.31"
194.173.174.106 - - [18/Nov/2019:13:54:33 +0100] "HEAD / HTTP/1.1" 200 - "-" "Mozilla/5.0 (Windows NT 6.3; WOW64) AppleWebKit/537.36 (KHTML, like Gecko) Chrome/43.0.2357.134 Safari/537.36"
52.12.152.85 - - [18/Nov/2019:14:03:16 +0100] "GET / HTTP/1.1" 200 326 "-" "Mozilla/5.0 (Windows NT 6.1; Win64; x64) AppleWebKit/537.36 (KHTML, like Gecko) Chrome/72.0.3626.109 Safari/537.36"
66.249.64.185 - - [18/Nov/2019:20:33:13 +0100] "GET / HTTP/1.1" 200 326 "-" "Mozilla/5.0 (Linux; Android 6.0.1; Nexus 5X Build/MMB29P) AppleWebKit/537.36 (KHTML, like Gecko) Chrome/41.0.2272.96 Mobile Safari/537.36 (compatible; Googlebot/2.1; +http://www.google.com/bot.html)"
194.173.174.106 - - [18/Nov/2019:22:23:23 +0100] "HEAD / HTTP/1.1" 200 - "-" "Mozilla/5.0 (Windows NT 6.3; WOW64) AppleWebKit/537.36 (KHTML, like Gecko) Chrome/43.0.2357.134 Safari/537.36"
54.235.11.186 - - [18/Nov/2019:22:30:23 +0100] "GET / HTTP/1.1" 200 326 "-" "Mozilla/5.0 (Windows NT 6.1; Win64; x64) AppleWebKit/537.36 (KHTML, like Gecko) Chrome/72.0.3626.109 Safari/537.36"
66.249.64.185 - - [19/Nov/2019:07:27:18 +0100] "GET /robots.txt HTTP/1.1" 404 1256 "-" "Mozilla/5.0 (compatible; Googlebot/2.1; +http://www.google.com/bot.html)"
66.249.64.185 - - [19/Nov/2019:07:27:18 +0100] "GET / HTTP/1.1" 200 326 "-" "Mozilla/5.0 (Linux; Android 6.0.1; Nexus 5X Build/MMB29P) AppleWebKit/537.36 (KHTML, like Gecko) Chrome/41.0.2272.96 Mobile Safari/537.36 (compatible; Googlebot/2.1; +http://www.google.com/bot.html)"
194.173.174.106 - - [19/Nov/2019:17:41:07 +0100] "HEAD / HTTP/1.1" 200 - "-" "Mozilla/5.0 (Windows NT 6.3; WOW64) AppleWebKit/537.36 (KHTML, like Gecko) Chrome/43.0.2357.134 Safari/537.36"
3.91.28.142 - - [19/Nov/2019:17:45:52 +0100] "GET / HTTP/1.1" 200 326 "-" "Mozilla/5.0 (Windows NT 6.1; Win64; x64) AppleWebKit/537.36 (KHTML, like Gecko) Chrome/72.0.3626.109 Safari/537.36"
66.249.64.187 - - [19/Nov/2019:22:05:42 +0100] "GET /robots.txt HTTP/1.1" 404 1256 "-" "Mozilla/5.0 (compatible; Googlebot/2.1; +http://www.google.com/bot.html)"
66.249.64.187 - - [19/Nov/2019:22:05:43 +0100] "GET /opel/HTML/indexneu.htm HTTP/1.1" 200 9102 "-" "Mozilla/5.0 (Linux; Android 6.0.1; Nexus 5X Build/MMB29P) AppleWebKit/537.36 (KHTML, like Gecko) Chrome/41.0.2272.96 Mobile Safari/537.36 (compatible; Googlebot/2.1; +http://www.google.com/bot.html)"
66.249.64.185 - - [19/Nov/2019:22:12:58 +0100] "GET /opel/PREVIEW/21.jpg HTTP/1.1" 200 69254 "-" "Googlebot-Image/1.0"
66.249.64.189 - - [19/Nov/2019:22:12:59 +0100] "GET /opel/PREVIEW/3.jpg HTTP/1.1" 200 85864 "-" "Googlebot-Image/1.0"
66.249.64.187 - - [19/Nov/2019:22:13:51 +0100] "GET /opel/PREVIEW/1.jpg HTTP/1.1" 200 83494 "-" "Googlebot-Image/1.0"
66.249.64.189 - - [19/Nov/2019:22:14:43 +0100] "GET /opel/PREVIEW/8.jpg HTTP/1.1" 200 35837 "-" "Googlebot-Image/1.0"
66.249.64.189 - - [19/Nov/2019:22:15:34 +0100] "GET /opel/PREVIEW/9.jpg HTTP/1.1" 200 89249 "-" "Googlebot-Image/1.0"
66.249.64.189 - - [19/Nov/2019:22:16:25 +0100] "GET /opel/PREVIEW/7.jpg HTTP/1.1" 200 76081 "-" "Googlebot-Image/1.0"
66.249.64.185 - - [19/Nov/2019:22:17:17 +0100] "GET /opel/PREVIEW/6.jpg HTTP/1.1" 200 78318 "-" "Googlebot-Image/1.0"
66.249.64.189 - - [19/Nov/2019:22:18:08 +0100] "GET /opel/PREVIEW/5.jpg HTTP/1.1" 200 76822 "-" "Googlebot-Image/1.0"
66.249.64.187 - - [19/Nov/2019:22:18:59 +0100] "GET /opel/PREVIEW/18.jpg HTTP/1.1" 200 98633 "-" "Googlebot-Image/1.0"
66.249.64.185 - - [19/Nov/2019:22:19:51 +0100] "GET /opel/PREVIEW/10.jpg HTTP/1.1" 200 92073 "-" "Googlebot-Image/1.0"
66.249.64.189 - - [19/Nov/2019:22:20:43 +0100] "GET /opel/PREVIEW/11.jpg HTTP/1.1" 200 110385 "-" "Googlebot-Image/1.0"
66.249.64.185 - - [19/Nov/2019:22:21:35 +0100] "GET /opel/PREVIEW/23.jpg HTTP/1.1" 200 76384 "-" "Googlebot-Image/1.0"
66.249.64.189 - - [19/Nov/2019:22:22:28 +0100] "GET /opel/PREVIEW/26.jpg HTTP/1.1" 200 89072 "-" "Googlebot-Image/1.0"
66.249.64.185 - - [19/Nov/2019:22:31:40 +0100] "GET /opel/PREVIEW/12.jpg HTTP/1.1" 200 80948 "-" "Googlebot-Image/1.0"
66.249.64.189 - - [19/Nov/2019:22:55:42 +0100] "GET /opel/PREVIEW/33.jpg HTTP/1.1" 200 109692 "-" "Googlebot-Image/1.0"
66.249.64.189 - - [19/Nov/2019:23:25:34 +0100] "GET /opel/PREVIEW/14.jpg HTTP/1.1" 200 89221 "-" "Googlebot-Image/1.0"
66.249.64.185 - - [20/Nov/2019:00:21:52 +0100] "GET /opel/PREVIEW/40.jpg HTTP/1.1" 200 65308 "-" "Googlebot-Image/1.0"
66.249.64.185 - - [20/Nov/2019:00:50:39 +0100] "GET /opel/PREVIEW/38.jpg HTTP/1.1" 200 84996 "-" "Googlebot-Image/1.0"
66.249.64.189 - - [20/Nov/2019:01:19:27 +0100] "GET /opel/PREVIEW/20.jpg HTTP/1.1" 200 85652 "-" "Googlebot-Image/1.0"
66.249.64.185 - - [20/Nov/2019:01:48:15 +0100] "GET /opel/PREVIEW/19.jpg HTTP/1.1" 200 80461 "-" "Googlebot-Image/1.0"
66.249.64.187 - - [20/Nov/2019:02:23:10 +0100] "GET /opel/PREVIEW/39.jpg HTTP/1.1" 200 79572 "-" "Googlebot-Image/1.0"
66.249.64.187 - - [20/Nov/2019:02:45:51 +0100] "GET /opel/PREVIEW/41.jpg HTTP/1.1" 200 83515 "-" "Googlebot-Image/1.0"
66.249.64.187 - - [20/Nov/2019:03:16:32 +0100] "GET /opel/PREVIEW/27.jpg HTTP/1.1" 200 92740 "-" "Googlebot-Image/1.0"
66.249.64.187 - - [20/Nov/2019:03:48:18 +0100] "GET /opel/PREVIEW/13.jpg HTTP/1.1" 200 85057 "-" "Googlebot-Image/1.0"
66.249.64.187 - - [20/Nov/2019:04:13:16 +0100] "GET /opel/PREVIEW/32.jpg HTTP/1.1" 200 105983 "-" "Googlebot-Image/1.0"
66.249.64.185 - - [20/Nov/2019:04:41:03 +0100] "GET /opel/PREVIEW/25.jpg HTTP/1.1" 200 93467 "-" "Googlebot-Image/1.0"
66.249.64.187 - - [20/Nov/2019:05:09:51 +0100] "GET /opel/PREVIEW/22.jpg HTTP/1.1" 200 88539 "-" "Googlebot-Image/1.0"
66.249.64.187 - - [20/Nov/2019:05:40:08 +0100] "GET /opel/PREVIEW/16.jpg HTTP/1.1" 200 102706 "-" "Googlebot-Image/1.0"
66.249.64.189 - - [20/Nov/2019:06:11:59 +0100] "GET /opel/PREVIEW/42.jpg HTTP/1.1" 200 87767 "-" "Googlebot-Image/1.0"
66.249.64.187 - - [20/Nov/2019:06:36:15 +0100] "GET /opel/PREVIEW/37.jpg HTTP/1.1" 200 74669 "-" "Googlebot-Image/1.0"
66.249.64.189 - - [20/Nov/2019:07:09:10 +0100] "GET /opel/PREVIEW/17.jpg HTTP/1.1" 200 75974 "-" "Googlebot-Image/1.0"
66.249.64.187 - - [20/Nov/2019:07:33:51 +0100] "GET /opel/PREVIEW/30.jpg HTTP/1.1" 200 75673 "-" "Googlebot-Image/1.0"
66.249.64.187 - - [20/Nov/2019:08:02:39 +0100] "GET /opel/PREVIEW/15.jpg HTTP/1.1" 200 104935 "-" "Googlebot-Image/1.0"
66.249.64.185 - - [20/Nov/2019:08:31:27 +0100] "GET /opel/PREVIEW/28.jpg HTTP/1.1" 200 78580 "-" "Googlebot-Image/1.0"
66.249.64.185 - - [20/Nov/2019:09:06:25 +0100] "GET /opel/PREVIEW/31.jpg HTTP/1.1" 200 100826 "-" "Googlebot-Image/1.0"
66.249.64.187 - - [20/Nov/2019:09:29:47 +0100] "GET /opel/PREVIEW/29.jpg HTTP/1.1" 200 111301 "-" "Googlebot-Image/1.0"
88.99.161.50 - - [20/Nov/2019:19:22:15 +0100] "GET / HTTP/1.1" 200 326 "-" "Mozilla/5.0 (Windows NT 10.0; Win64; x64) AppleWebKit/537.36 (KHTML, like Gecko) Chrome/70.0.3538.102 Safari/537.36"
17.58.96.188 - - [20/Nov/2019:19:35:38 +0100] "GET /robots.txt HTTP/1.1" 404 1256 "-" "Mozilla/5.0 (Macintosh; Intel Mac OS X 10_10_1) AppleWebKit/600.2.5 (KHTML, like Gecko) Version/8.0.2 Safari/600.2.5 (Applebot/0.1; +http://www.apple.com/go/applebot)"
17.58.96.47 - - [20/Nov/2019:19:35:38 +0100] "GET / HTTP/1.1" 200 326 "-" "Mozilla/5.0 (Macintosh; Intel Mac OS X 10_10_1) AppleWebKit/600.2.5 (KHTML, like Gecko) Version/8.0.2 Safari/600.2.5 (Applebot/0.1; +http://www.apple.com/go/applebot)"
52.36.125.174 - - [21/Nov/2019:23:42:34 +0100] "GET /robots.txt HTTP/1.1" 404 1256 "-" "LightspeedSystemsCrawler Mozilla/5.0 (Windows; U; MSIE 9.0; Windows NT 9.0; en-US)"
52.36.125.174 - - [21/Nov/2019:23:42:35 +0100] "GET / HTTP/1.1" 200 326 "-" "LightspeedSystemsCrawler Mozilla/5.0 (Windows; U; MSIE 9.0; Windows NT 9.0; en-US)"
157.55.39.24 - - [22/Nov/2019:08:50:41 +0100] "GET /robots.txt HTTP/1.1" 404 1256 "-" "Mozilla/5.0 (compatible; bingbot/2.0; +http://www.bing.com/bingbot.htm)"
157.55.39.253 - - [22/Nov/2019:08:50:48 +0100] "GET / HTTP/1.1" 200 326 "-" "Mozilla/5.0 (compatible; bingbot/2.0; +http://www.bing.com/bingbot.htm)"
157.55.39.75 - - [22/Nov/2019:08:54:42 +0100] "GET /robots.txt HTTP/1.1" 404 1256 "-" "msnbot/2.0b (+http://search.msn.com/msnbot.htm)"
161.69.99.11 - - [23/Nov/2019:21:52:31 +0100] "GET / HTTP/1.1" 200 326 "-" "Mozilla/5.0 (Windows NT 6.1; WOW64; rv:29.0) Gecko/20120101 Firefox/29.0"
88.99.161.50 - - [24/Nov/2019:06:55:14 +0100] "GET / HTTP/1.1" 200 326 "-" "Mozilla/5.0 (Windows NT 10.0; Win64; x64) AppleWebKit/537.36 (KHTML, like Gecko) Chrome/70.0.3538.102 Safari/537.36"
213.83.37.145 - - [24/Nov/2019:09:06:08 +0100] "HEAD / HTTP/1.1" 200 - "-" "Mozilla/5.0 (Windows NT 6.1; rv:39.0) Gecko/20180101 Firefox/39.0"
213.83.37.145 - - [24/Nov/2019:09:06:08 +0100] "HEAD / HTTP/1.1" 200 - "-" "Mozilla/5.0 (Windows NT 6.1; rv:39.0) Gecko/20180101 Firefox/39.0"
213.83.37.145 - - [24/Nov/2019:09:06:08 +0100] "HEAD / HTTP/1.1" 200 - "-" "Mozilla/5.0 (Windows NT 6.1; rv:39.0) Gecko/20180101 Firefox/39.0"
213.83.37.145 - - [24/Nov/2019:09:06:08 +0100] "HEAD / HTTP/1.1" 200 - "-" "Mozilla/5.0 (Windows NT 6.1; rv:39.0) Gecko/20180101 Firefox/39.0"
194.173.174.106 - - [24/Nov/2019:14:34:50 +0100] "HEAD / HTTP/1.1" 200 - "-" "Mozilla/5.0 (Windows NT 6.3; WOW64) AppleWebKit/537.36 (KHTML, like Gecko) Chrome/43.0.2357.134 Safari/537.36"
52.38.214.62 - - [24/Nov/2019:14:36:11 +0100] "GET / HTTP/1.1" 200 326 "-" "Mozilla/5.0 (Windows NT 6.1; Win64; x64) AppleWebKit/537.36 (KHTML, like Gecko) Chrome/72.0.3626.109 Safari/537.36"
88.99.161.50 - - [24/Nov/2019:19:45:26 +0100] "GET / HTTP/1.1" 200 326 "-" "Mozilla/5.0 (Windows NT 10.0; Win64; x64) AppleWebKit/537.36 (KHTML, like Gecko) Chrome/70.0.3538.102 Safari/537.36"
194.173.174.106 - - [24/Nov/2019:21:06:37 +0100] "HEAD / HTTP/1.1" 200 - "-" "Mozilla/5.0 (Windows NT 6.3; WOW64) AppleWebKit/537.36 (KHTML, like Gecko) Chrome/43.0.2357.134 Safari/537.36"
3.81.69.171 - - [24/Nov/2019:21:13:26 +0100] "GET / HTTP/1.1" 200 326 "-" "Mozilla/5.0 (Windows NT 6.1; Win64; x64) AppleWebKit/537.36 (KHTML, like Gecko) Chrome/72.0.3626.109 Safari/537.36"
159.69.189.220 - - [25/Nov/2019:00:12:41 +0100] "GET / HTTP/1.1" 200 326 "-" "Mozilla/5.0 (compatible; Seekport Crawler; http://seekport.com/)"
159.69.189.220 - - [25/Nov/2019:00:12:41 +0100] "GET /robots.txt HTTP/1.1" 404 1256 "-" "Mozilla/5.0 (compatible; Seekport Crawler; http://seekport.com/)"
159.69.189.220 - - [25/Nov/2019:00:12:41 +0100] "GET / HTTP/1.1" 200 326 "-" "Mozilla/5.0 (compatible; Seekport Crawler; http://seekport.com/)"
194.173.174.106 - - [25/Nov/2019:09:38:48 +0100] "HEAD / HTTP/1.1" 200 - "-" "Mozilla/5.0 (Windows NT 6.3; WOW64) AppleWebKit/537.36 (KHTML, like Gecko) Chrome/43.0.2357.134 Safari/537.36"
18.237.120.187 - - [25/Nov/2019:09:39:27 +0100] "GET / HTTP/1.1" 200 326 "-" "Mozilla/5.0 (Windows NT 6.1; Win64; x64) AppleWebKit/537.36 (KHTML, like Gecko) Chrome/72.0.3626.109 Safari/537.36"
80.187.96.163 - - [27/Nov/2019:07:43:38 +0100] "GET / HTTP/1.1" 200 326 "-" "Mozilla/5.0 (iPhone; CPU iPhone OS 13_1_3 like Mac OS X) AppleWebKit/605.1.15 (KHTML, like Gecko) Version/13.0.1 Mobile/15E148 Safari/604.1"
80.187.96.163 - - [27/Nov/2019:07:43:38 +0100] "GET /favicon.ico HTTP/1.1" 404 1256 "http://www.ruehling.com/" "Mozilla/5.0 (iPhone; CPU iPhone OS 13_1_3 like Mac OS X) AppleWebKit/605.1.15 (KHTML, like Gecko) Version/13.0.1 Mobile/15E148 Safari/604.1"
77.87.228.70 - - [29/Nov/2019:08:56:35 +0100] "GET / HTTP/1.1" 200 326 "-" "Mozilla/5.0 (Windows NT 6.1; WOW64; Trident/7.0; rv:11.0) like Gecko"
77.87.228.70 - - [29/Nov/2019:08:56:35 +0100] "GET /favicon.ico HTTP/1.1" 404 1256 "-" "Mozilla/5.0 (Windows NT 6.1; WOW64; Trident/7.0; rv:11.0) like Gecko"
3.135.217.205 - - [30/Nov/2019:00:44:57 +0100] "GET / HTTP/1.1" 200 326 "-" "Mozilla/5.0 (X11; Linux x86_64) AppleWebKit/537.36 (KHTML, like Gecko) Chrome/75.0.3770.142 Safari/537.36"
3.135.217.205 - - [30/Nov/2019:00:44:57 +0100] "GET / HTTP/1.1" 200 326 "-" "Mozilla/5.0 (X11; Linux x86_64) AppleWebKit/537.36 (KHTML, like Gecko) Chrome/75.0.3770.142 Safari/537.36"
3.135.217.205 - - [30/Nov/2019:00:44:59 +0100] "GET /favicon.ico HTTP/1.1" 404 1256 "http://www.ruehling.com/" "Mozilla/5.0 (X11; Linux x86_64) AppleWebKit/537.36 (KHTML, like Gecko) Chrome/75.0.3770.142 Safari/537.36"