199.30.20.48 - - [01/Dec/2013:02:26:28 +0100] "GET /robots.txt HTTP/1.1" 404 1256 "-" "msnbot-media/1.1 (+http://search.msn.com/msnbot.htm)"
199.30.20.48 - - [01/Dec/2013:02:26:29 +0100] "GET /DSC00199.JPG HTTP/1.1" 200 7772 "-" "msnbot-media/1.1 (+http://search.msn.com/msnbot.htm)"
141.8.147.12 - - [01/Dec/2013:03:55:27 +0100] "GET /robots.txt HTTP/1.1" 404 1256 "-" "Mozilla/5.0 (compatible; YandexBot/3.0; +http://yandex.com/bots)"
141.8.147.12 - - [01/Dec/2013:03:55:29 +0100] "GET /NavRight.gif HTTP/1.1" 304 - "-" "Mozilla/5.0 (compatible; YandexImages/3.0; +http://yandex.com/bots)"
141.8.147.12 - - [01/Dec/2013:05:02:30 +0100] "GET /NavUp.gif HTTP/1.1" 304 - "-" "Mozilla/5.0 (compatible; YandexImages/3.0; +http://yandex.com/bots)"
141.8.147.12 - - [01/Dec/2013:05:57:13 +0100] "GET /Shop/Filter/spacer1.gif HTTP/1.1" 304 - "-" "Mozilla/5.0 (compatible; YandexImages/3.0; +http://yandex.com/bots)"
199.30.20.57 - - [01/Dec/2013:06:04:23 +0100] "GET /robots.txt HTTP/1.1" 404 1256 "-" "msnbot-media/1.1 (+http://search.msn.com/msnbot.htm)"
199.30.20.57 - - [01/Dec/2013:06:04:23 +0100] "GET /zertifikat04.gif HTTP/1.1" 200 18090 "-" "msnbot-media/1.1 (+http://search.msn.com/msnbot.htm)"
141.8.147.12 - - [01/Dec/2013:06:50:57 +0100] "GET /clearpixel.gif HTTP/1.1" 304 - "-" "Mozilla/5.0 (compatible; YandexImages/3.0; +http://yandex.com/bots)"
157.55.34.32 - - [01/Dec/2013:09:36:16 +0100] "GET /robots.txt HTTP/1.1" 404 1256 "-" "Mozilla/5.0 (compatible; bingbot/2.0; +http://www.bing.com/bingbot.htm)"
157.55.34.32 - - [01/Dec/2013:09:36:36 +0100] "GET /Produkte/Tintenpatronen/tintenpatronen.html HTTP/1.1" 304 - "-" "Mozilla/5.0 (compatible; bingbot/2.0; +http://www.bing.com/bingbot.htm)"
66.249.78.6 - - [01/Dec/2013:10:10:17 +0100] "GET / HTTP/1.1" 200 12828 "-" "Mozilla/5.0 (compatible; Googlebot/2.1; +http://www.google.com/bot.html)"
141.8.147.12 - - [01/Dec/2013:10:36:28 +0100] "GET /NavLeft.gif HTTP/1.1" 304 - "-" "Mozilla/5.0 (compatible; YandexImages/3.0; +http://yandex.com/bots)"
66.249.78.6 - - [01/Dec/2013:10:36:30 +0100] "GET /robots.txt HTTP/1.1" 404 1256 "-" "Mozilla/5.0 (compatible; Googlebot/2.1; +http://www.google.com/bot.html)"
66.249.78.6 - - [01/Dec/2013:10:36:30 +0100] "GET /Shop/shop.html HTTP/1.1" 304 - "-" "Mozilla/5.0 (iPhone; CPU iPhone OS 6_0 like Mac OS X) AppleWebKit/536.26 (KHTML, like Gecko) Version/6.0 Mobile/10A5376e Safari/8536.25 (compatible; Googlebot-Mobile/2.1; +http://www.google.com/bot.html)"
5.10.83.35 - - [01/Dec/2013:12:38:36 +0100] "GET /robots.txt HTTP/1.1" 404 1256 "-" "Mozilla/5.0 (compatible; AhrefsBot/5.0; +http://ahrefs.com/robot/)"
141.8.147.12 - - [01/Dec/2013:14:36:13 +0100] "GET / HTTP/1.1" 200 12828 "-" "Mozilla/5.0 (compatible; YandexBot/3.0; +http://yandex.com/bots)"
178.77.126.55 - - [01/Dec/2013:14:55:39 +0100] "GET /robots.txt HTTP/1.1" 404 1256 "-" "Mozilla/5.0 (compatible; CareerBot/1.1; +http://www.career-x.de/bot.html)"
178.77.126.55 - - [01/Dec/2013:14:55:39 +0100] "GET / HTTP/1.1" 200 12828 "-" "Mozilla/5.0 (compatible; CareerBot/1.1; +http://www.career-x.de/bot.html)"
5.10.83.102 - - [01/Dec/2013:20:06:08 +0100] "GET /Shop/Filter/filter_1.html HTTP/1.1" 200 26543 "-" "Mozilla/5.0 (compatible; AhrefsBot/5.0; +http://ahrefs.com/robot/)"
66.249.78.6 - - [01/Dec/2013:20:31:11 +0100] "GET /robots.txt HTTP/1.1" 404 1256 "-" "Mozilla/5.0 (compatible; Googlebot/2.1; +http://www.google.com/bot.html)"
66.249.78.6 - - [01/Dec/2013:20:31:12 +0100] "GET / HTTP/1.1" 200 12828 "-" "Mozilla/5.0 (iPhone; CPU iPhone OS 6_0 like Mac OS X) AppleWebKit/536.26 (KHTML, like Gecko) Version/6.0 Mobile/10A5376e Safari/8536.25 (compatible; Googlebot-Mobile/2.1; +http://www.google.com/bot.html)"
157.55.33.15 - - [01/Dec/2013:21:57:21 +0100] "GET /robots.txt HTTP/1.1" 404 1256 "-" "Mozilla/5.0 (compatible; bingbot/2.0; +http://www.bing.com/bingbot.htm)"
157.55.33.15 - - [01/Dec/2013:21:57:45 +0100] "GET / HTTP/1.1" 200 12828 "-" "Mozilla/5.0 (compatible; bingbot/2.0; +http://www.bing.com/bingbot.htm)"
199.30.25.232 - - [01/Dec/2013:21:57:47 +0100] "GET /rollover.js HTTP/1.1" 200 32709 "http://www.sirius-berlin.de/" "Mozilla/5.0 (Windows NT 6.1; WOW64) AppleWebKit/534+ (KHTML, like Gecko) BingPreview/1.0b"
199.30.25.232 - - [01/Dec/2013:21:57:50 +0100] "GET /clearpixel.gif HTTP/1.1" 200 43 "http://www.sirius-berlin.de/" "Mozilla/5.0 (Windows NT 6.1; WOW64) AppleWebKit/534+ (KHTML, like Gecko) BingPreview/1.0b"
199.30.25.232 - - [01/Dec/2013:21:57:50 +0100] "GET /Sirius-LOGO21.JPG HTTP/1.1" 200 2563 "http://www.sirius-berlin.de/" "Mozilla/5.0 (Windows NT 6.1; WOW64) AppleWebKit/534+ (KHTML, like Gecko) BingPreview/1.0b"
199.30.25.232 - - [01/Dec/2013:21:57:50 +0100] "GET /Home_Hp3.gif HTTP/1.1" 200 1773 "http://www.sirius-berlin.de/" "Mozilla/5.0 (Windows NT 6.1; WOW64) AppleWebKit/534+ (KHTML, like Gecko) BingPreview/1.0b"
199.30.25.232 - - [01/Dec/2013:21:57:51 +0100] "GET /Produkte_Np1.gif HTTP/1.1" 200 1744 "http://www.sirius-berlin.de/" "Mozilla/5.0 (Windows NT 6.1; WOW64) AppleWebKit/534+ (KHTML, like Gecko) BingPreview/1.0b"
199.30.25.232 - - [01/Dec/2013:21:57:51 +0100] "GET /Feinstaubfilter_Np1.gif HTTP/1.1" 200 1780 "http://www.sirius-berlin.de/" "Mozilla/5.0 (Windows NT 6.1; WOW64) AppleWebKit/534+ (KHTML, like Gecko) BingPreview/1.0b"
199.30.25.232 - - [01/Dec/2013:21:57:52 +0100] "GET /Service_Kontakt_Np1.gif HTTP/1.1" 200 1794 "http://www.sirius-berlin.de/" "Mozilla/5.0 (Windows NT 6.1; WOW64) AppleWebKit/534+ (KHTML, like Gecko) BingPreview/1.0b"
199.30.25.232 - - [01/Dec/2013:21:57:52 +0100] "GET /Impressum_Np1.gif HTTP/1.1" 200 1750 "http://www.sirius-berlin.de/" "Mozilla/5.0 (Windows NT 6.1; WOW64) AppleWebKit/534+ (KHTML, like Gecko) BingPreview/1.0b"
199.30.25.232 - - [01/Dec/2013:21:57:53 +0100] "GET /Shop_Np1.gif HTTP/1.1" 200 1699 "http://www.sirius-berlin.de/" "Mozilla/5.0 (Windows NT 6.1; WOW64) AppleWebKit/534+ (KHTML, like Gecko) BingPreview/1.0b"
199.30.25.232 - - [01/Dec/2013:21:57:53 +0100] "GET /BuiltWithNOF.gif HTTP/1.1" 200 2587 "http://www.sirius-berlin.de/" "Mozilla/5.0 (Windows NT 6.1; WOW64) AppleWebKit/534+ (KHTML, like Gecko) BingPreview/1.0b"
199.30.25.232 - - [01/Dec/2013:21:57:53 +0100] "GET /Sirius-LOGO1.JPG HTTP/1.1" 200 4357 "http://www.sirius-berlin.de/" "Mozilla/5.0 (Windows NT 6.1; WOW64) AppleWebKit/534+ (KHTML, like Gecko) BingPreview/1.0b"
199.30.25.232 - - [01/Dec/2013:21:57:53 +0100] "GET /Home_NnBanner.gif HTTP/1.1" 200 5803 "http://www.sirius-berlin.de/" "Mozilla/5.0 (Windows NT 6.1; WOW64) AppleWebKit/534+ (KHTML, like Gecko) BingPreview/1.0b"
199.30.25.232 - - [01/Dec/2013:21:57:54 +0100] "GET /DSC0019902.JPG HTTP/1.1" 200 7772 "http://www.sirius-berlin.de/" "Mozilla/5.0 (Windows NT 6.1; WOW64) AppleWebKit/534+ (KHTML, like Gecko) BingPreview/1.0b"
199.30.25.232 - - [01/Dec/2013:21:57:54 +0100] "GET /background.gif HTTP/1.1" 200 5457 "http://www.sirius-berlin.de/" "Mozilla/5.0 (Windows NT 6.1; WOW64) AppleWebKit/534+ (KHTML, like Gecko) BingPreview/1.0b"
199.30.25.232 - - [01/Dec/2013:21:57:54 +0100] "GET /Home_HRp4.gif HTTP/1.1" 200 2027 "http://www.sirius-berlin.de/" "Mozilla/5.0 (Windows NT 6.1; WOW64) AppleWebKit/534+ (KHTML, like Gecko) BingPreview/1.0b"
199.30.25.232 - - [01/Dec/2013:21:57:54 +0100] "GET /Produkte_NRp2.gif HTTP/1.1" 200 2001 "http://www.sirius-berlin.de/" "Mozilla/5.0 (Windows NT 6.1; WOW64) AppleWebKit/534+ (KHTML, like Gecko) BingPreview/1.0b"
199.30.25.232 - - [01/Dec/2013:21:57:55 +0100] "GET /Feinstaubfilter_NRp2.gif HTTP/1.1" 200 2034 "http://www.sirius-berlin.de/" "Mozilla/5.0 (Windows NT 6.1; WOW64) AppleWebKit/534+ (KHTML, like Gecko) BingPreview/1.0b"
199.30.25.232 - - [01/Dec/2013:21:57:55 +0100] "GET /Service_Kontakt_NRp2.gif HTTP/1.1" 200 2044 "http://www.sirius-berlin.de/" "Mozilla/5.0 (Windows NT 6.1; WOW64) AppleWebKit/534+ (KHTML, like Gecko) BingPreview/1.0b"
199.30.25.232 - - [01/Dec/2013:21:57:56 +0100] "GET /Impressum_NRp2.gif HTTP/1.1" 200 2011 "http://www.sirius-berlin.de/" "Mozilla/5.0 (Windows NT 6.1; WOW64) AppleWebKit/534+ (KHTML, like Gecko) BingPreview/1.0b"
199.30.25.232 - - [01/Dec/2013:21:57:56 +0100] "GET /Shop_NRp2.gif HTTP/1.1" 200 1954 "http://www.sirius-berlin.de/" "Mozilla/5.0 (Windows NT 6.1; WOW64) AppleWebKit/534+ (KHTML, like Gecko) BingPreview/1.0b"
78.54.31.152 - - [01/Dec/2013:22:20:00 +0100] "GET / HTTP/1.1" 200 12828 "-" "UserAgent: Apache-HttpClient/release (java 1.5)"
78.54.31.152 - - [01/Dec/2013:22:20:00 +0100] "GET /Impressum/impressum.html HTTP/1.1" 200 11991 "-" "UserAgent: Apache-HttpClient/release (java 1.5)"
81.209.177.145 - - [01/Dec/2013:23:53:01 +0100] "GET /robots.txt HTTP/1.1" 404 1256 "-" "netEstate NE Crawler (+http://www.website-datenbank.de/)"
81.209.177.145 - - [01/Dec/2013:23:53:01 +0100] "GET / HTTP/1.1" 200 12828 "-" "netEstate NE Crawler (+http://www.website-datenbank.de/)"
81.209.177.145 - - [01/Dec/2013:23:53:01 +0100] "GET /Impressum/impressum.html HTTP/1.1" 200 11991 "-" "netEstate NE Crawler (+http://www.website-datenbank.de/)"
81.209.177.145 - - [01/Dec/2013:23:53:01 +0100] "GET / HTTP/1.1" 200 12828 "-" "netEstate NE Crawler (+http://www.website-datenbank.de/)"
182.118.21.244 - - [02/Dec/2013:01:07:55 +0100] "GET /index.html HTTP/1.1" 200 12828 "http://www.sirius-berlin.de/index.html" "Mozilla/5.0 (Windows; U; Windows NT 5.1; zh-CN; ) Firefox/1.5.0.11; 360Spider"
157.55.33.15 - - [02/Dec/2013:02:40:00 +0100] "GET /robots.txt HTTP/1.1" 404 1256 "-" "Mozilla/5.0 (compatible; bingbot/2.0; +http://www.bing.com/bingbot.htm)"
157.55.33.15 - - [02/Dec/2013:02:48:52 +0100] "GET /index.html HTTP/1.1" 304 - "-" "Mozilla/5.0 (compatible; bingbot/2.0; +http://www.bing.com/bingbot.htm)"
65.55.215.62 - - [02/Dec/2013:04:41:24 +0100] "GET /robots.txt HTTP/1.1" 404 1256 "-" "msnbot-media/1.1 (+http://search.msn.com/msnbot.htm)"
65.55.215.62 - - [02/Dec/2013:04:41:25 +0100] "GET /Sirius-LOGO102.JPG HTTP/1.1" 200 4357 "-" "msnbot-media/1.1 (+http://search.msn.com/msnbot.htm)"
5.10.83.102 - - [02/Dec/2013:06:47:49 +0100] "GET /Feinstaubfilter/Dexwet/dexwet.html HTTP/1.1" 200 16100 "-" "Mozilla/5.0 (compatible; AhrefsBot/5.0; +http://ahrefs.com/robot/)"
199.30.20.7 - - [02/Dec/2013:07:01:43 +0100] "GET /robots.txt HTTP/1.1" 404 1256 "-" "msnbot-media/1.1 (+http://search.msn.com/msnbot.htm)"
199.30.20.7 - - [02/Dec/2013:07:01:43 +0100] "GET /DSC0019902.JPG HTTP/1.1" 200 7772 "-" "msnbot-media/1.1 (+http://search.msn.com/msnbot.htm)"
46.229.164.102 - - [02/Dec/2013:07:58:20 +0100] "GET /robots.txt HTTP/1.1" 404 1256 "-" "Mozilla/5.0 (compatible; SemrushBot/0.97; +http://www.semrush.com/bot.html)"
5.10.83.69 - - [02/Dec/2013:08:05:14 +0100] "GET /Shop/Filter/filter_0.html HTTP/1.1" 200 26544 "-" "Mozilla/5.0 (compatible; AhrefsBot/5.0; +http://ahrefs.com/robot/)"
199.30.16.30 - - [02/Dec/2013:08:16:41 +0100] "GET /robots.txt HTTP/1.1" 404 1256 "-" "msnbot-media/1.1 (+http://search.msn.com/msnbot.htm)"
199.30.16.30 - - [02/Dec/2013:08:16:41 +0100] "GET /Modular_Detail1.jpg HTTP/1.1" 200 8212 "-" "msnbot-media/1.1 (+http://search.msn.com/msnbot.htm)"
144.76.95.39 - - [02/Dec/2013:08:36:11 +0100] "GET /robots.txt HTTP/1.0" 404 1256 "-" "Mozilla/5.0 (compatible; MJ12bot/v1.4.4; http://www.majestic12.co.uk/bot.php?+)"
144.76.95.39 - - [02/Dec/2013:08:36:13 +0100] "GET /Feinstaubfilter/feinstaubfilter.html HTTP/1.0" 200 13065 "-" "Mozilla/5.0 (compatible; MJ12bot/v1.4.4; http://www.majestic12.co.uk/bot.php?+)"
144.76.95.39 - - [02/Dec/2013:08:36:14 +0100] "GET /Impressum/impressum.html HTTP/1.0" 200 11991 "-" "Mozilla/5.0 (compatible; MJ12bot/v1.4.4; http://www.majestic12.co.uk/bot.php?+)"
65.55.215.48 - - [02/Dec/2013:08:47:06 +0100] "GET /robots.txt HTTP/1.1" 404 1256 "-" "msnbot-media/1.1 (+http://search.msn.com/msnbot.htm)"
65.55.215.48 - - [02/Dec/2013:08:47:06 +0100] "GET /Sirius-LOGO1.JPG HTTP/1.1" 200 4357 "-" "msnbot-media/1.1 (+http://search.msn.com/msnbot.htm)"
188.138.41.175 - - [02/Dec/2013:08:48:12 +0100] "GET / HTTP/1.1" 200 12828 "-" "Mozilla/5.0 (X11; U; Linux i686; en-US; rv:1.9.0.1) Gecko/2008070206 Firefox/3.0.1"
188.138.41.175 - - [02/Dec/2013:08:48:12 +0100] "GET /Impressum/impressum.html HTTP/1.1" 200 11991 "-" "Mozilla/5.0 (X11; U; Linux i686; en-US; rv:1.9.0.1) Gecko/2008070206 Firefox/3.0.1"
199.30.20.70 - - [02/Dec/2013:09:29:55 +0100] "GET /robots.txt HTTP/1.1" 404 1256 "-" "msnbot-media/1.1 (+http://search.msn.com/msnbot.htm)"
199.30.20.70 - - [02/Dec/2013:09:29:56 +0100] "GET /Gruppe02.jpg HTTP/1.1" 200 57869 "-" "msnbot-media/1.1 (+http://search.msn.com/msnbot.htm)"
199.30.20.32 - - [02/Dec/2013:09:46:47 +0100] "GET /robots.txt HTTP/1.1" 404 1256 "-" "msnbot-media/1.1 (+http://search.msn.com/msnbot.htm)"
199.30.20.32 - - [02/Dec/2013:09:46:47 +0100] "GET /DSC00127a03.JPG HTTP/1.1" 200 4277 "-" "msnbot-media/1.1 (+http://search.msn.com/msnbot.htm)"
188.138.41.175 - - [02/Dec/2013:09:49:14 +0100] "GET / HTTP/1.1" 200 12828 "-" "Mozilla/5.0 (X11; U; Linux i686; en-US; rv:1.9.0.1) Gecko/2008070206 Firefox/3.0.1"
188.138.41.175 - - [02/Dec/2013:09:49:14 +0100] "GET /Impressum/impressum.html HTTP/1.1" 200 11991 "-" "Mozilla/5.0 (X11; U; Linux i686; en-US; rv:1.9.0.1) Gecko/2008070206 Firefox/3.0.1"
5.10.83.71 - - [02/Dec/2013:10:48:55 +0100] "GET /Produkte/Tintenpatronen/tintenpatronen.html HTTP/1.1" 200 15225 "-" "Mozilla/5.0 (compatible; AhrefsBot/5.0; +http://ahrefs.com/robot/)"
188.138.41.175 - - [02/Dec/2013:10:58:12 +0100] "GET / HTTP/1.1" 200 12828 "-" "Mozilla/5.0 (X11; U; Linux i686; en-US; rv:1.9.0.1) Gecko/2008070206 Firefox/3.0.1"
188.138.41.175 - - [02/Dec/2013:10:58:12 +0100] "GET /Impressum/impressum.html HTTP/1.1" 200 11991 "-" "Mozilla/5.0 (X11; U; Linux i686; en-US; rv:1.9.0.1) Gecko/2008070206 Firefox/3.0.1"
199.30.20.8 - - [02/Dec/2013:11:03:24 +0100] "GET /robots.txt HTTP/1.1" 404 1256 "-" "msnbot-media/1.1 (+http://search.msn.com/msnbot.htm)"
199.30.20.8 - - [02/Dec/2013:11:03:24 +0100] "GET /DSC0019902.JPG HTTP/1.1" 200 7772 "-" "msnbot-media/1.1 (+http://search.msn.com/msnbot.htm)"
199.30.20.9 - - [02/Dec/2013:11:22:44 +0100] "GET /robots.txt HTTP/1.1" 404 1256 "-" "msnbot-media/1.1 (+http://search.msn.com/msnbot.htm)"
199.30.20.9 - - [02/Dec/2013:11:22:44 +0100] "GET /Karte02.JPG HTTP/1.1" 200 14958 "-" "msnbot-media/1.1 (+http://search.msn.com/msnbot.htm)"
66.249.78.6 - - [02/Dec/2013:11:35:50 +0100] "GET /robots.txt HTTP/1.1" 404 1256 "-" "Mozilla/5.0 (compatible; Googlebot/2.1; +http://www.google.com/bot.html)"
66.249.78.6 - - [02/Dec/2013:11:35:51 +0100] "GET /Impressum/impressum.html HTTP/1.1" 304 - "-" "Mozilla/5.0 (iPhone; CPU iPhone OS 6_0 like Mac OS X) AppleWebKit/536.26 (KHTML, like Gecko) Version/6.0 Mobile/10A5376e Safari/8536.25 (compatible; Googlebot-Mobile/2.1; +http://www.google.com/bot.html)"
5.10.83.9 - - [02/Dec/2013:11:36:56 +0100] "GET /Impressum/impressum.html HTTP/1.1" 200 11991 "-" "Mozilla/5.0 (compatible; AhrefsBot/5.0; +http://ahrefs.com/robot/)"
208.43.255.27 - - [02/Dec/2013:12:16:04 +0100] "GET /robots.txt HTTP/1.1" 404 1256 "-" "Mozilla/5.0 (compatible; MSIE 9.0; Windows NT 6.1; WOW64; Trident/5.0; chromeframe/19.0.1084.52)"
208.43.255.27 - - [02/Dec/2013:12:16:08 +0100] "GET / HTTP/1.1" 200 12828 "-" "Mozilla/5.0 (compatible; MSIE 9.0; Windows NT 6.1; WOW64; Trident/5.0; chromeframe/19.0.1084.52)"
208.43.255.31 - - [02/Dec/2013:12:19:42 +0100] "GET /robots.txt HTTP/1.1" 404 1256 "-" "Mozilla/5.0 (compatible; MSIE 9.0; Windows NT 6.1; WOW64; Trident/5.0; chromeframe/19.0.1084.52)"
208.43.255.31 - - [02/Dec/2013:12:19:46 +0100] "GET / HTTP/1.1" 200 12828 "-" "Mozilla/5.0 (compatible; MSIE 9.0; Windows NT 6.1; WOW64; Trident/5.0; chromeframe/19.0.1084.52)"
5.10.83.54 - - [02/Dec/2013:12:36:35 +0100] "GET /Produkte/produkte.html HTTP/1.1" 200 17755 "-" "Mozilla/5.0 (compatible; AhrefsBot/5.0; +http://ahrefs.com/robot/)"
85.214.138.248 - - [02/Dec/2013:12:39:53 +0100] "GET / HTTP/1.1" 200 12828 "-" "Mozilla/5.0 (compatible; LoadTimeBot/0.7; +http://www.load-time.com/bot.html)"
65.55.215.58 - - [02/Dec/2013:13:34:13 +0100] "GET /robots.txt HTTP/1.1" 404 1256 "-" "msnbot-media/1.1 (+http://search.msn.com/msnbot.htm)"
65.55.215.58 - - [02/Dec/2013:13:34:13 +0100] "GET /Aufbau_Detail1.jpg HTTP/1.1" 200 15510 "-" "msnbot-media/1.1 (+http://search.msn.com/msnbot.htm)"
208.115.113.83 - - [02/Dec/2013:15:23:18 +0100] "GET /robots.txt HTTP/1.1" 404 1256 "-" "Mozilla/5.0 (compatible; Ezooms/1.0; ezooms.bot@gmail.com)"
208.115.113.83 - - [02/Dec/2013:15:49:34 +0100] "GET / HTTP/1.1" 200 12828 "-" "Mozilla/5.0 (compatible; Ezooms/1.0; ezooms.bot@gmail.com)"
150.70.173.40 - - [02/Dec/2013:16:14:12 +0100] "GET / HTTP/1.1" 200 12828 "-" "Mozilla/4.0 (compatible; MSIE 8.0; Windows NT 5.1; Trident/4.0)"
150.70.172.103 - - [02/Dec/2013:16:18:19 +0100] "GET / HTTP/1.0" 200 12828 "-" "Mozilla/4.0 (compatible; MSIE 6.0; Windows NT 5.1)"
150.70.173.39 - - [02/Dec/2013:16:25:42 +0100] "GET / HTTP/1.1" 200 12828 "-" "Mozilla/4.0 (compatible; MSIE 8.0; Windows NT 5.1; Trident/4.0)"
79.223.72.73 - - [02/Dec/2013:16:29:39 +0100] "GET /Aufbau_Detail1.jpg HTTP/1.1" 200 15510 "http://www.bing.com/images/search?q=laserdrucker+schnittbild&id=933791EFE7E3F20650286C79F373A6E5193A3806&FORM=IQFRBA&adlt=strict" "Mozilla/5.0 (Windows NT 6.1; WOW64; rv:25.0) Gecko/20100101 Firefox/25.0"
65.52.104.247 - - [02/Dec/2013:16:29:40 +0100] "GET /Feinstaubfilter/micronair/micronair.html HTTP/1.1" 200 19812 "-" "Mozilla/5.0 (Windows NT 6.1; WOW64) AppleWebKit/534+ (KHTML, like Gecko) BingPreview/1.0b"
65.52.104.247 - - [02/Dec/2013:16:29:41 +0100] "GET /rollover.js HTTP/1.1" 200 32709 "http://www.sirius-berlin.de/Feinstaubfilter/micronair/micronair.html" "Mozilla/5.0 (Windows NT 6.1; WOW64) AppleWebKit/534+ (KHTML, like Gecko) BingPreview/1.0b"
65.52.104.247 - - [02/Dec/2013:16:29:42 +0100] "GET /clearpixel.gif HTTP/1.1" 200 43 "http://www.sirius-berlin.de/Feinstaubfilter/micronair/micronair.html" "Mozilla/5.0 (Windows NT 6.1; WOW64) AppleWebKit/534+ (KHTML, like Gecko) BingPreview/1.0b"
65.52.104.247 - - [02/Dec/2013:16:29:42 +0100] "GET /Sirius-LOGO21.JPG HTTP/1.1" 200 2563 "http://www.sirius-berlin.de/Feinstaubfilter/micronair/micronair.html" "Mozilla/5.0 (Windows NT 6.1; WOW64) AppleWebKit/534+ (KHTML, like Gecko) BingPreview/1.0b"
65.52.104.247 - - [02/Dec/2013:16:29:42 +0100] "GET /Produkte_Np1.gif HTTP/1.1" 200 1744 "http://www.sirius-berlin.de/Feinstaubfilter/micronair/micronair.html" "Mozilla/5.0 (Windows NT 6.1; WOW64) AppleWebKit/534+ (KHTML, like Gecko) BingPreview/1.0b"
65.52.104.247 - - [02/Dec/2013:16:29:42 +0100] "GET /Home_Np1.gif HTTP/1.1" 200 1706 "http://www.sirius-berlin.de/Feinstaubfilter/micronair/micronair.html" "Mozilla/5.0 (Windows NT 6.1; WOW64) AppleWebKit/534+ (KHTML, like Gecko) BingPreview/1.0b"
65.52.104.247 - - [02/Dec/2013:16:29:43 +0100] "GET /Feinstaubfilter_Hp3.gif HTTP/1.1" 200 1938 "http://www.sirius-berlin.de/Feinstaubfilter/micronair/micronair.html" "Mozilla/5.0 (Windows NT 6.1; WOW64) AppleWebKit/534+ (KHTML, like Gecko) BingPreview/1.0b"
65.52.104.247 - - [02/Dec/2013:16:29:43 +0100] "GET /Dexwet_Ns1.gif HTTP/1.1" 200 1904 "http://www.sirius-berlin.de/Feinstaubfilter/micronair/micronair.html" "Mozilla/5.0 (Windows NT 6.1; WOW64) AppleWebKit/534+ (KHTML, like Gecko) BingPreview/1.0b"
65.52.104.247 - - [02/Dec/2013:16:29:43 +0100] "GET /Service_Kontakt_Np1.gif HTTP/1.1" 200 1794 "http://www.sirius-berlin.de/Feinstaubfilter/micronair/micronair.html" "Mozilla/5.0 (Windows NT 6.1; WOW64) AppleWebKit/534+ (KHTML, like Gecko) BingPreview/1.0b"
65.52.104.247 - - [02/Dec/2013:16:29:43 +0100] "GET /micronair_Hs1.gif HTTP/1.1" 200 1908 "http://www.sirius-berlin.de/Feinstaubfilter/micronair/micronair.html" "Mozilla/5.0 (Windows NT 6.1; WOW64) AppleWebKit/534+ (KHTML, like Gecko) BingPreview/1.0b"
65.52.104.247 - - [02/Dec/2013:16:29:44 +0100] "GET /Impressum_Np1.gif HTTP/1.1" 200 1750 "http://www.sirius-berlin.de/Feinstaubfilter/micronair/micronair.html" "Mozilla/5.0 (Windows NT 6.1; WOW64) AppleWebKit/534+ (KHTML, like Gecko) BingPreview/1.0b"
65.52.104.247 - - [02/Dec/2013:16:29:44 +0100] "GET /Shop_Np1.gif HTTP/1.1" 200 1699 "http://www.sirius-berlin.de/Feinstaubfilter/micronair/micronair.html" "Mozilla/5.0 (Windows NT 6.1; WOW64) AppleWebKit/534+ (KHTML, like Gecko) BingPreview/1.0b"
66.249.78.6 - - [02/Dec/2013:17:49:54 +0100] "GET /robots.txt HTTP/1.1" 404 1256 "-" "Mozilla/5.0 (compatible; Googlebot/2.1; +http://www.google.com/bot.html)"
66.249.78.6 - - [02/Dec/2013:17:49:54 +0100] "GET /db_micronair_80a1.jpg HTTP/1.1" 200 1398 "-" "Googlebot-Image/1.0"
5.10.83.71 - - [02/Dec/2013:19:21:51 +0100] "GET /Feinstaubfilter/micronair/micronair.html HTTP/1.1" 200 19812 "-" "Mozilla/5.0 (compatible; AhrefsBot/5.0; +http://ahrefs.com/robot/)"
5.10.83.9 - - [02/Dec/2013:19:38:47 +0100] "GET /index.html HTTP/1.1" 200 12828 "-" "Mozilla/5.0 (compatible; AhrefsBot/5.0; +http://ahrefs.com/robot/)"
5.10.83.71 - - [02/Dec/2013:19:48:12 +0100] "GET /Produkte/Tonerkartuschen/tonerkartuschen.html HTTP/1.1" 200 13203 "-" "Mozilla/5.0 (compatible; AhrefsBot/5.0; +http://ahrefs.com/robot/)"
65.55.215.67 - - [02/Dec/2013:20:07:10 +0100] "GET /robots.txt HTTP/1.1" 404 1256 "-" "msnbot-media/1.1 (+http://search.msn.com/msnbot.htm)"
65.55.215.67 - - [02/Dec/2013:20:07:11 +0100] "GET /Alle_auf_blau102.jpg HTTP/1.1" 200 6908 "-" "msnbot-media/1.1 (+http://search.msn.com/msnbot.htm)"
208.43.255.30 - - [02/Dec/2013:20:13:22 +0100] "GET /robots.txt HTTP/1.1" 404 1256 "-" "Mozilla/5.0 (compatible; MSIE 9.0; Windows NT 6.1; WOW64; Trident/5.0; chromeframe/19.0.1084.52)"
208.43.255.30 - - [02/Dec/2013:20:13:26 +0100] "GET /Shop/shop.html HTTP/1.1" 200 59578 "-" "Mozilla/5.0 (compatible; MSIE 9.0; Windows NT 6.1; WOW64; Trident/5.0; chromeframe/19.0.1084.52)"
208.43.255.30 - - [02/Dec/2013:20:13:31 +0100] "GET /Service_Kontakt/service_kontakt.html HTTP/1.1" 200 11157 "-" "Mozilla/5.0 (compatible; MSIE 9.0; Windows NT 6.1; WOW64; Trident/5.0; chromeframe/19.0.1084.52)"
208.43.255.30 - - [02/Dec/2013:20:13:36 +0100] "GET /Produkte/produkte.html HTTP/1.1" 200 17755 "-" "Mozilla/5.0 (compatible; MSIE 9.0; Windows NT 6.1; WOW64; Trident/5.0; chromeframe/19.0.1084.52)"
208.43.255.30 - - [02/Dec/2013:20:13:41 +0100] "GET /Impressum/impressum.html HTTP/1.1" 200 11991 "-" "Mozilla/5.0 (compatible; MSIE 9.0; Windows NT 6.1; WOW64; Trident/5.0; chromeframe/19.0.1084.52)"
208.43.255.30 - - [02/Dec/2013:20:13:45 +0100] "GET /Feinstaubfilter/feinstaubfilter.html HTTP/1.1" 200 13065 "-" "Mozilla/5.0 (compatible; MSIE 9.0; Windows NT 6.1; WOW64; Trident/5.0; chromeframe/19.0.1084.52)"
208.43.255.30 - - [02/Dec/2013:20:13:50 +0100] "GET / HTTP/1.1" 200 12828 "-" "Mozilla/5.0 (compatible; MSIE 9.0; Windows NT 6.1; WOW64; Trident/5.0; chromeframe/19.0.1084.52)"
66.249.78.6 - - [02/Dec/2013:20:54:47 +0100] "GET /robots.txt HTTP/1.1" 404 1256 "-" "Mozilla/5.0 (compatible; Googlebot/2.1; +http://www.google.com/bot.html)"
66.249.78.6 - - [02/Dec/2013:20:54:47 +0100] "GET / HTTP/1.1" 200 12828 "-" "Mozilla/5.0 (iPhone; CPU iPhone OS 6_0 like Mac OS X) AppleWebKit/536.26 (KHTML, like Gecko) Version/6.0 Mobile/10A5376e Safari/8536.25 (compatible; Googlebot-Mobile/2.1; +http://www.google.com/bot.html)"
66.249.78.6 - - [02/Dec/2013:23:45:29 +0100] "GET /Produkte/produkte.html HTTP/1.1" 304 - "-" "Mozilla/5.0 (iPhone; CPU iPhone OS 6_0 like Mac OS X) AppleWebKit/536.26 (KHTML, like Gecko) Version/6.0 Mobile/10A5376e Safari/8536.25 (compatible; Googlebot-Mobile/2.1; +http://www.google.com/bot.html)"
182.118.21.252 - - [03/Dec/2013:00:55:06 +0100] "GET /index.html HTTP/1.1" 200 12828 "http://www.sirius-berlin.de/index.html" "Mozilla/5.0 (Windows; U; Windows NT 5.1; zh-CN; ) Firefox/1.5.0.11; 360Spider"
199.30.20.10 - - [03/Dec/2013:03:27:29 +0100] "GET /robots.txt HTTP/1.1" 404 1256 "-" "msnbot-media/1.1 (+http://search.msn.com/msnbot.htm)"
199.30.20.10 - - [03/Dec/2013:03:27:29 +0100] "GET /DSC00123a02.JPG HTTP/1.1" 200 4361 "-" "msnbot-media/1.1 (+http://search.msn.com/msnbot.htm)"
66.249.78.6 - - [03/Dec/2013:05:47:11 +0100] "GET /db_micronair_70a.jpg HTTP/1.1" 200 1386 "-" "Googlebot-Image/1.0"
131.253.24.12 - - [03/Dec/2013:06:56:59 +0100] "GET /robots.txt HTTP/1.1" 404 1256 "-" "msnbot-media/1.1 (+http://search.msn.com/msnbot.htm)"
131.253.24.12 - - [03/Dec/2013:06:56:59 +0100] "GET /TUV_Siegel1.jpg HTTP/1.1" 200 34036 "-" "msnbot-media/1.1 (+http://search.msn.com/msnbot.htm)"
5.10.83.54 - - [03/Dec/2013:07:03:10 +0100] "GET /Feinstaubfilter/feinstaubfilter.html HTTP/1.1" 200 13065 "-" "Mozilla/5.0 (compatible; AhrefsBot/5.0; +http://ahrefs.com/robot/)"
157.55.35.112 - - [03/Dec/2013:08:07:50 +0100] "GET /robots.txt HTTP/1.1" 404 1256 "-" "Mozilla/5.0 (compatible; bingbot/2.0; +http://www.bing.com/bingbot.htm)"
157.55.35.112 - - [03/Dec/2013:08:08:32 +0100] "GET /Feinstaubfilter/micronair/micronair.html HTTP/1.1" 200 19812 "-" "Mozilla/5.0 (compatible; bingbot/2.0; +http://www.bing.com/bingbot.htm)"
199.30.20.6 - - [03/Dec/2013:09:04:54 +0100] "GET /robots.txt HTTP/1.1" 404 1256 "-" "msnbot-media/1.1 (+http://search.msn.com/msnbot.htm)"
199.30.20.6 - - [03/Dec/2013:09:04:55 +0100] "GET /Aufbau1.jpg HTTP/1.1" 200 10250 "-" "msnbot-media/1.1 (+http://search.msn.com/msnbot.htm)"
199.30.20.25 - - [03/Dec/2013:09:41:31 +0100] "GET /robots.txt HTTP/1.1" 404 1256 "-" "msnbot-media/1.1 (+http://search.msn.com/msnbot.htm)"
199.30.20.25 - - [03/Dec/2013:09:41:31 +0100] "GET /Alle_auf_blau1.jpg HTTP/1.1" 200 6908 "-" "msnbot-media/1.1 (+http://search.msn.com/msnbot.htm)"
66.249.78.6 - - [03/Dec/2013:16:08:52 +0100] "GET /robots.txt HTTP/1.1" 404 1256 "-" "Mozilla/5.0 (compatible; Googlebot/2.1; +http://www.google.com/bot.html)"
66.249.78.6 - - [03/Dec/2013:16:08:52 +0100] "GET /Impressum/impressum.html HTTP/1.1" 304 - "-" "Mozilla/5.0 (iPhone; CPU iPhone OS 6_0 like Mac OS X) AppleWebKit/536.26 (KHTML, like Gecko) Version/6.0 Mobile/10A5376e Safari/8536.25 (compatible; Googlebot-Mobile/2.1; +http://www.google.com/bot.html)"
199.30.20.10 - - [03/Dec/2013:17:12:12 +0100] "GET /robots.txt HTTP/1.1" 404 1256 "-" "msnbot-media/1.1 (+http://search.msn.com/msnbot.htm)"
199.30.20.10 - - [03/Dec/2013:17:12:12 +0100] "GET /DSC00123a02.JPG HTTP/1.1" 200 4361 "-" "msnbot-media/1.1 (+http://search.msn.com/msnbot.htm)"
176.9.21.194 - - [03/Dec/2013:17:44:50 +0100] "GET /robots.txt HTTP/1.0" 404 1256 "-" "Mozilla/5.0 (compatible; SEOkicks-Robot; +http://www.seokicks.de/robot.html)"
176.9.21.194 - - [03/Dec/2013:17:44:52 +0100] "GET / HTTP/1.0" 200 12828 "-" "Mozilla/5.0 (compatible; SEOkicks-Robot; +http://www.seokicks.de/robot.html)"
176.9.21.194 - - [03/Dec/2013:17:44:56 +0100] "GET /rollover.js HTTP/1.0" 200 32709 "http://www.sirius-berlin.de/" "Mozilla/5.0 (compatible; SEOkicks-Robot; +http://www.seokicks.de/robot.html)"
176.9.21.194 - - [03/Dec/2013:17:44:59 +0100] "GET /index.html HTTP/1.0" 200 12828 "http://www.sirius-berlin.de/" "Mozilla/5.0 (compatible; SEOkicks-Robot; +http://www.seokicks.de/robot.html)"
176.9.21.194 - - [03/Dec/2013:17:45:02 +0100] "GET /Produkte/produkte.html HTTP/1.0" 200 17755 "http://www.sirius-berlin.de/" "Mozilla/5.0 (compatible; SEOkicks-Robot; +http://www.seokicks.de/robot.html)"
176.9.21.194 - - [03/Dec/2013:17:45:05 +0100] "GET /Feinstaubfilter/feinstaubfilter.html HTTP/1.0" 200 13065 "http://www.sirius-berlin.de/" "Mozilla/5.0 (compatible; SEOkicks-Robot; +http://www.seokicks.de/robot.html)"
176.9.21.194 - - [03/Dec/2013:17:45:10 +0100] "GET /Service_Kontakt/service_kontakt.html HTTP/1.0" 200 11157 "http://www.sirius-berlin.de/" "Mozilla/5.0 (compatible; SEOkicks-Robot; +http://www.seokicks.de/robot.html)"
176.9.21.194 - - [03/Dec/2013:17:45:13 +0100] "GET /Impressum/impressum.html HTTP/1.0" 200 11991 "http://www.sirius-berlin.de/" "Mozilla/5.0 (compatible; SEOkicks-Robot; +http://www.seokicks.de/robot.html)"
176.9.21.194 - - [03/Dec/2013:17:45:16 +0100] "GET /Shop/shop.html HTTP/1.0" 200 59578 "http://www.sirius-berlin.de/" "Mozilla/5.0 (compatible; SEOkicks-Robot; +http://www.seokicks.de/robot.html)"
176.9.21.194 - - [03/Dec/2013:17:45:23 +0100] "GET /store.js HTTP/1.0" 200 4275 "http://www.sirius-berlin.de/Shop/shop.html" "Mozilla/5.0 (compatible; SEOkicks-Robot; +http://www.seokicks.de/robot.html)"
176.9.21.194 - - [03/Dec/2013:17:45:25 +0100] "GET /Produkte/Tonerkartuschen/tonerkartuschen.html HTTP/1.0" 200 13203 "http://www.sirius-berlin.de/Produkte/produkte.html" "Mozilla/5.0 (compatible; SEOkicks-Robot; +http://www.seokicks.de/robot.html)"
176.9.21.194 - - [03/Dec/2013:17:45:31 +0100] "GET /Produkte/Tintenpatronen/tintenpatronen.html HTTP/1.0" 200 15225 "http://www.sirius-berlin.de/Produkte/produkte.html" "Mozilla/5.0 (compatible; SEOkicks-Robot; +http://www.seokicks.de/robot.html)"
176.9.21.194 - - [03/Dec/2013:17:45:36 +0100] "GET /Produkte/weitere_Produkte/weitere_produkte.html HTTP/1.0" 200 12524 "http://www.sirius-berlin.de/Produkte/produkte.html" "Mozilla/5.0 (compatible; SEOkicks-Robot; +http://www.seokicks.de/robot.html)"
176.9.21.194 - - [03/Dec/2013:17:45:40 +0100] "GET /Feinstaubfilter/Dexwet/dexwet.html HTTP/1.0" 200 16100 "http://www.sirius-berlin.de/Feinstaubfilter/feinstaubfilter.html" "Mozilla/5.0 (compatible; SEOkicks-Robot; +http://www.seokicks.de/robot.html)"
176.9.21.194 - - [03/Dec/2013:17:45:44 +0100] "GET /Feinstaubfilter/micronair/micronair.html HTTP/1.0" 200 19812 "http://www.sirius-berlin.de/Feinstaubfilter/feinstaubfilter.html" "Mozilla/5.0 (compatible; SEOkicks-Robot; +http://www.seokicks.de/robot.html)"
176.9.21.194 - - [03/Dec/2013:17:45:48 +0100] "GET /Shop/Filter/filter_0.html HTTP/1.0" 200 26544 "http://www.sirius-berlin.de/Shop/shop.html" "Mozilla/5.0 (compatible; SEOkicks-Robot; +http://www.seokicks.de/robot.html)"
176.9.21.194 - - [03/Dec/2013:17:45:51 +0100] "GET /Shop/Filter/filter_1.html HTTP/1.0" 200 26543 "http://www.sirius-berlin.de/Shop/shop.html" "Mozilla/5.0 (compatible; SEOkicks-Robot; +http://www.seokicks.de/robot.html)"
176.9.21.194 - - [03/Dec/2013:17:45:56 +0100] "GET /Shop/Filter/filter_2.html HTTP/1.0" 200 26547 "http://www.sirius-berlin.de/Shop/shop.html" "Mozilla/5.0 (compatible; SEOkicks-Robot; +http://www.seokicks.de/robot.html)"
66.249.78.6 - - [03/Dec/2013:18:30:50 +0100] "GET /Produkte_Hp3.gif HTTP/1.1" 200 1878 "-" "Googlebot-Image/1.0"
217.230.142.221 - - [03/Dec/2013:20:42:27 +0100] "GET / HTTP/1.1" 200 12828 "http://stromvergleich.projektnet.de" "Mozilla/4.0 (compatible; MSIE 8.0; Windows NT 6.0; Trident/4.0; GTB0.0; SLCC1; .NET CLR 2.0.50727; Media Center PC 5.0; .NET CLR 3.5.30729; .NET CLR 3.0.30729; .NET4.0C)"
62.217.61.22 - - [03/Dec/2013:21:04:51 +0100] "GET / HTTP/1.1" 200 12828 "-" "-"
207.241.226.218 - - [03/Dec/2013:22:32:25 +0100] "GET /robots.txt HTTP/1.1" 404 1256 "-" "Mozilla/5.0 (compatible; archive.org_bot; Wayback Machine Live Record; +http://archive.org/details/archive.org_bot)"
157.55.32.97 - - [03/Dec/2013:22:38:08 +0100] "GET /robots.txt HTTP/1.1" 404 1256 "-" "Mozilla/5.0 (compatible; bingbot/2.0; +http://www.bing.com/bingbot.htm)"
157.55.32.97 - - [03/Dec/2013:22:39:04 +0100] "GET / HTTP/1.1" 304 - "-" "Mozilla/5.0 (compatible; bingbot/2.0; +http://www.bing.com/bingbot.htm)"
208.115.111.66 - - [04/Dec/2013:01:03:23 +0100] "GET /robots.txt HTTP/1.1" 404 1256 "-" "Mozilla/5.0 (compatible; Ezooms/1.0; ezooms.bot@gmail.com)"
66.249.78.6 - - [04/Dec/2013:01:59:01 +0100] "GET /robots.txt HTTP/1.1" 404 1256 "-" "Mozilla/5.0 (compatible; Googlebot/2.1; +http://www.google.com/bot.html)"
66.249.78.6 - - [04/Dec/2013:01:59:01 +0100] "GET / HTTP/1.1" 200 12828 "-" "Mozilla/5.0 (compatible; Googlebot/2.1; +http://www.google.com/bot.html)"
208.115.111.66 - - [04/Dec/2013:02:56:56 +0100] "GET /Produkte/Tonerkartuschen/tonerkartuschen.html HTTP/1.1" 200 13203 "-" "Mozilla/5.0 (compatible; Ezooms/1.0; ezooms.bot@gmail.com)"
208.115.111.66 - - [04/Dec/2013:02:57:03 +0100] "GET /Produkte/produkte.html HTTP/1.1" 200 17755 "-" "Mozilla/5.0 (compatible; Ezooms/1.0; ezooms.bot@gmail.com)"
178.77.126.55 - - [04/Dec/2013:04:16:35 +0100] "GET /robots.txt HTTP/1.1" 404 1256 "-" "Mozilla/5.0 (compatible; CareerBot/1.1; +http://www.career-x.de/bot.html)"
178.77.126.55 - - [04/Dec/2013:04:16:35 +0100] "GET / HTTP/1.1" 200 12828 "-" "Mozilla/5.0 (compatible; CareerBot/1.1; +http://www.career-x.de/bot.html)"
141.8.147.12 - - [04/Dec/2013:05:15:57 +0100] "GET /robots.txt HTTP/1.1" 404 1256 "-" "Mozilla/5.0 (compatible; YandexBot/3.0; +http://yandex.com/bots)"
141.8.147.12 - - [04/Dec/2013:06:24:36 +0100] "GET / HTTP/1.1" 200 12828 "-" "Mozilla/5.0 (compatible; YandexBot/3.0; +http://yandex.com/bots)"
66.249.78.6 - - [04/Dec/2013:08:17:29 +0100] "GET / HTTP/1.1" 200 12828 "-" "Mozilla/5.0 (iPhone; CPU iPhone OS 6_0 like Mac OS X) AppleWebKit/536.26 (KHTML, like Gecko) Version/6.0 Mobile/10A5376e Safari/8536.25 (compatible; Googlebot-Mobile/2.1; +http://www.google.com/bot.html)"
217.212.224.183 - - [04/Dec/2013:09:19:14 +0100] "GET /robots.txt HTTP/1.0" 404 1256 "-" "psbot/0.1 (+http://www.picsearch.com/bot.html)"
217.212.224.182 - - [04/Dec/2013:09:19:14 +0100] "GET /Feinstaubfilter/feinstaubfilter.html HTTP/1.0" 304 - "-" "psbot/0.1 (+http://www.picsearch.com/bot.html)"
78.46.174.202 - - [04/Dec/2013:13:13:41 +0100] "GET / HTTP/1.1" 200 12828 "-" "Mozilla/5.0 (Windows NT 6.1; WOW64; rv:18.0) Gecko/20100101 Firefox/18.0"
157.55.32.97 - - [04/Dec/2013:14:01:26 +0100] "GET /robots.txt HTTP/1.1" 404 1256 "-" "Mozilla/5.0 (compatible; bingbot/2.0; +http://www.bing.com/bingbot.htm)"
157.55.32.102 - - [04/Dec/2013:14:10:52 +0100] "GET /Produkte/produkte.html HTTP/1.1" 200 17755 "-" "Mozilla/5.0 (compatible; bingbot/2.0; +http://www.bing.com/bingbot.htm)"
157.55.32.102 - - [04/Dec/2013:14:10:52 +0100] "GET /Shop/shop.html HTTP/1.1" 200 59578 "-" "Mozilla/5.0 (compatible; bingbot/2.0; +http://www.bing.com/bingbot.htm)"
157.55.32.102 - - [04/Dec/2013:14:10:53 +0100] "GET /Produkte/Tonerkartuschen/tonerkartuschen.html HTTP/1.1" 200 13203 "-" "Mozilla/5.0 (compatible; bingbot/2.0; +http://www.bing.com/bingbot.htm)"
157.55.32.97 - - [04/Dec/2013:14:17:45 +0100] "GET /index.html HTTP/1.1" 200 12828 "-" "Mozilla/5.0 (compatible; bingbot/2.0; +http://www.bing.com/bingbot.htm)"
157.55.32.97 - - [04/Dec/2013:14:17:46 +0100] "GET / HTTP/1.1" 200 12828 "-" "Mozilla/5.0 (compatible; bingbot/2.0; +http://www.bing.com/bingbot.htm)"
66.249.78.6 - - [04/Dec/2013:14:45:32 +0100] "GET /robots.txt HTTP/1.1" 404 1256 "-" "Mozilla/5.0 (compatible; Googlebot/2.1; +http://www.google.com/bot.html)"
66.249.78.6 - - [04/Dec/2013:14:45:33 +0100] "GET /Produkte/produkte.html HTTP/1.1" 304 - "-" "Mozilla/5.0 (iPhone; CPU iPhone OS 6_0 like Mac OS X) AppleWebKit/536.26 (KHTML, like Gecko) Version/6.0 Mobile/10A5376e Safari/8536.25 (compatible; Googlebot-Mobile/2.1; +http://www.google.com/bot.html)"
157.55.32.97 - - [04/Dec/2013:14:58:17 +0100] "GET /robots.txt HTTP/1.1" 404 1256 "-" "Mozilla/5.0 (compatible; bingbot/2.0; +http://www.bing.com/bingbot.htm)"
157.55.32.97 - - [04/Dec/2013:15:09:17 +0100] "GET / HTTP/1.1" 200 12828 "-" "Mozilla/5.0 (compatible; bingbot/2.0; +http://www.bing.com/bingbot.htm)"
66.249.78.6 - - [04/Dec/2013:15:18:58 +0100] "GET /Beide_Filter1.jpg HTTP/1.1" 200 9542 "-" "Googlebot-Image/1.0"
79.205.181.160 - - [04/Dec/2013:15:52:09 +0100] "GET / HTTP/1.1" 200 12828 "http://www.google.de/url?sa=t&rct=j&q=&esrc=s&source=web&cd=9&ved=0CHwQFjAI&url=http%3A%2F%2Fwww.sirius-berlin.de%2F&ei=d0GfUtPZJo6X0QWHwIDgAQ&usg=AFQjCNGPtAUXJumSlzcucuvDG92yo-pnyg&bvm=bv.57155469,d.d2k" "Mozilla/5.0 (Windows NT 6.1; WOW64; rv:25.0) Gecko/20100101 Firefox/25.0"
79.205.181.160 - - [04/Dec/2013:15:52:09 +0100] "GET /rollover.js HTTP/1.1" 200 32709 "http://www.sirius-berlin.de/" "Mozilla/5.0 (Windows NT 6.1; WOW64; rv:25.0) Gecko/20100101 Firefox/25.0"
79.205.181.160 - - [04/Dec/2013:15:52:10 +0100] "GET /clearpixel.gif HTTP/1.1" 200 43 "http://www.sirius-berlin.de/" "Mozilla/5.0 (Windows NT 6.1; WOW64; rv:25.0) Gecko/20100101 Firefox/25.0"
79.205.181.160 - - [04/Dec/2013:15:52:10 +0100] "GET /Sirius-LOGO21.JPG HTTP/1.1" 200 2563 "http://www.sirius-berlin.de/" "Mozilla/5.0 (Windows NT 6.1; WOW64; rv:25.0) Gecko/20100101 Firefox/25.0"
79.205.181.160 - - [04/Dec/2013:15:52:10 +0100] "GET /Shop_Np1.gif HTTP/1.1" 200 1699 "http://www.sirius-berlin.de/" "Mozilla/5.0 (Windows NT 6.1; WOW64; rv:25.0) Gecko/20100101 Firefox/25.0"
79.205.181.160 - - [04/Dec/2013:15:52:10 +0100] "GET /Home_Hp3.gif HTTP/1.1" 200 1773 "http://www.sirius-berlin.de/" "Mozilla/5.0 (Windows NT 6.1; WOW64; rv:25.0) Gecko/20100101 Firefox/25.0"
79.205.181.160 - - [04/Dec/2013:15:52:10 +0100] "GET /Feinstaubfilter_Np1.gif HTTP/1.1" 200 1780 "http://www.sirius-berlin.de/" "Mozilla/5.0 (Windows NT 6.1; WOW64; rv:25.0) Gecko/20100101 Firefox/25.0"
79.205.181.160 - - [04/Dec/2013:15:52:10 +0100] "GET /Produkte_Np1.gif HTTP/1.1" 200 1744 "http://www.sirius-berlin.de/" "Mozilla/5.0 (Windows NT 6.1; WOW64; rv:25.0) Gecko/20100101 Firefox/25.0"
79.205.181.160 - - [04/Dec/2013:15:52:10 +0100] "GET /Service_Kontakt_Np1.gif HTTP/1.1" 200 1794 "http://www.sirius-berlin.de/" "Mozilla/5.0 (Windows NT 6.1; WOW64; rv:25.0) Gecko/20100101 Firefox/25.0"
79.205.181.160 - - [04/Dec/2013:15:52:10 +0100] "GET /Impressum_Np1.gif HTTP/1.1" 200 1750 "http://www.sirius-berlin.de/" "Mozilla/5.0 (Windows NT 6.1; WOW64; rv:25.0) Gecko/20100101 Firefox/25.0"
79.205.181.160 - - [04/Dec/2013:15:52:10 +0100] "GET /BuiltWithNOF.gif HTTP/1.1" 200 2587 "http://www.sirius-berlin.de/" "Mozilla/5.0 (Windows NT 6.1; WOW64; rv:25.0) Gecko/20100101 Firefox/25.0"
79.205.181.160 - - [04/Dec/2013:15:52:10 +0100] "GET /Home_NnBanner.gif HTTP/1.1" 200 5803 "http://www.sirius-berlin.de/" "Mozilla/5.0 (Windows NT 6.1; WOW64; rv:25.0) Gecko/20100101 Firefox/25.0"
79.205.181.160 - - [04/Dec/2013:15:52:10 +0100] "GET /Sirius-LOGO1.JPG HTTP/1.1" 200 4357 "http://www.sirius-berlin.de/" "Mozilla/5.0 (Windows NT 6.1; WOW64; rv:25.0) Gecko/20100101 Firefox/25.0"
79.205.181.160 - - [04/Dec/2013:15:52:10 +0100] "GET /DSC0019902.JPG HTTP/1.1" 200 7772 "http://www.sirius-berlin.de/" "Mozilla/5.0 (Windows NT 6.1; WOW64; rv:25.0) Gecko/20100101 Firefox/25.0"
79.205.181.160 - - [04/Dec/2013:15:52:10 +0100] "GET /background.gif HTTP/1.1" 200 5457 "http://www.sirius-berlin.de/" "Mozilla/5.0 (Windows NT 6.1; WOW64; rv:25.0) Gecko/20100101 Firefox/25.0"
79.205.181.160 - - [04/Dec/2013:15:52:10 +0100] "GET /Shop_NRp2.gif HTTP/1.1" 200 1954 "http://www.sirius-berlin.de/" "Mozilla/5.0 (Windows NT 6.1; WOW64; rv:25.0) Gecko/20100101 Firefox/25.0"
79.205.181.160 - - [04/Dec/2013:15:52:10 +0100] "GET /Home_HRp4.gif HTTP/1.1" 200 2027 "http://www.sirius-berlin.de/" "Mozilla/5.0 (Windows NT 6.1; WOW64; rv:25.0) Gecko/20100101 Firefox/25.0"
79.205.181.160 - - [04/Dec/2013:15:52:10 +0100] "GET /Feinstaubfilter_NRp2.gif HTTP/1.1" 200 2034 "http://www.sirius-berlin.de/" "Mozilla/5.0 (Windows NT 6.1; WOW64; rv:25.0) Gecko/20100101 Firefox/25.0"
79.205.181.160 - - [04/Dec/2013:15:52:10 +0100] "GET /Produkte_NRp2.gif HTTP/1.1" 200 2001 "http://www.sirius-berlin.de/" "Mozilla/5.0 (Windows NT 6.1; WOW64; rv:25.0) Gecko/20100101 Firefox/25.0"
79.205.181.160 - - [04/Dec/2013:15:52:10 +0100] "GET /Service_Kontakt_NRp2.gif HTTP/1.1" 200 2044 "http://www.sirius-berlin.de/" "Mozilla/5.0 (Windows NT 6.1; WOW64; rv:25.0) Gecko/20100101 Firefox/25.0"
79.205.181.160 - - [04/Dec/2013:15:52:10 +0100] "GET /Impressum_NRp2.gif HTTP/1.1" 200 2011 "http://www.sirius-berlin.de/" "Mozilla/5.0 (Windows NT 6.1; WOW64; rv:25.0) Gecko/20100101 Firefox/25.0"
79.205.181.160 - - [04/Dec/2013:15:52:11 +0100] "GET /favicon.ico HTTP/1.1" 404 1256 "-" "Mozilla/5.0 (Windows NT 6.1; WOW64; rv:25.0) Gecko/20100101 Firefox/25.0"
79.205.181.160 - - [04/Dec/2013:15:52:11 +0100] "GET /favicon.ico HTTP/1.1" 404 1256 "-" "Mozilla/5.0 (Windows NT 6.1; WOW64; rv:25.0) Gecko/20100101 Firefox/25.0"
79.205.181.160 - - [04/Dec/2013:15:52:12 +0100] "GET /Impressum/impressum.html HTTP/1.1" 200 11991 "http://www.sirius-berlin.de/" "Mozilla/5.0 (Windows NT 6.1; WOW64; rv:25.0) Gecko/20100101 Firefox/25.0"
79.205.181.160 - - [04/Dec/2013:15:52:12 +0100] "GET /Home_Np1.gif HTTP/1.1" 200 1706 "http://www.sirius-berlin.de/Impressum/impressum.html" "Mozilla/5.0 (Windows NT 6.1; WOW64; rv:25.0) Gecko/20100101 Firefox/25.0"
79.205.181.160 - - [04/Dec/2013:15:52:13 +0100] "GET /Impressum_Hp3.gif HTTP/1.1" 200 1876 "http://www.sirius-berlin.de/Impressum/impressum.html" "Mozilla/5.0 (Windows NT 6.1; WOW64; rv:25.0) Gecko/20100101 Firefox/25.0"
79.205.181.160 - - [04/Dec/2013:15:52:13 +0100] "GET /Sirius-LOGO102.JPG HTTP/1.1" 200 4357 "http://www.sirius-berlin.de/Impressum/impressum.html" "Mozilla/5.0 (Windows NT 6.1; WOW64; rv:25.0) Gecko/20100101 Firefox/25.0"
79.205.181.160 - - [04/Dec/2013:15:52:13 +0100] "GET /Impressum_NnBanner.gif HTTP/1.1" 200 5996 "http://www.sirius-berlin.de/Impressum/impressum.html" "Mozilla/5.0 (Windows NT 6.1; WOW64; rv:25.0) Gecko/20100101 Firefox/25.0"
79.205.181.160 - - [04/Dec/2013:15:52:13 +0100] "GET /Karte02.JPG HTTP/1.1" 200 14958 "http://www.sirius-berlin.de/Impressum/impressum.html" "Mozilla/5.0 (Windows NT 6.1; WOW64; rv:25.0) Gecko/20100101 Firefox/25.0"
79.205.181.160 - - [04/Dec/2013:15:52:13 +0100] "GET /Home_NRp2.gif HTTP/1.1" 200 1965 "http://www.sirius-berlin.de/Impressum/impressum.html" "Mozilla/5.0 (Windows NT 6.1; WOW64; rv:25.0) Gecko/20100101 Firefox/25.0"
79.205.181.160 - - [04/Dec/2013:15:52:13 +0100] "GET /Impressum_HRp4.gif HTTP/1.1" 200 2143 "http://www.sirius-berlin.de/Impressum/impressum.html" "Mozilla/5.0 (Windows NT 6.1; WOW64; rv:25.0) Gecko/20100101 Firefox/25.0"
150.70.173.56 - - [04/Dec/2013:15:53:44 +0100] "GET / HTTP/1.1" 200 12828 "-" "Mozilla/4.0 (compatible; MSIE 8.0; Windows NT 5.1; Trident/4.0)"
150.70.172.103 - - [04/Dec/2013:15:57:54 +0100] "GET / HTTP/1.0" 200 12828 "-" "Mozilla/4.0 (compatible; MSIE 6.0; Windows NT 5.1)"
79.205.181.160 - - [04/Dec/2013:16:32:37 +0100] "GET /index.html HTTP/1.1" 200 12828 "http://www.sirius-berlin.de/Impressum/impressum.html" "Mozilla/5.0 (Windows NT 6.1; WOW64; rv:25.0) Gecko/20100101 Firefox/25.0"
157.55.35.39 - - [04/Dec/2013:17:17:30 +0100] "GET /robots.txt HTTP/1.1" 404 1256 "-" "Mozilla/5.0 (compatible; bingbot/2.0; +http://www.bing.com/bingbot.htm)"
157.55.35.39 - - [04/Dec/2013:17:17:56 +0100] "GET /Feinstaubfilter/micronair/micronair.html HTTP/1.1" 200 19812 "-" "Mozilla/5.0 (compatible; bingbot/2.0; +http://www.bing.com/bingbot.htm)"
93.220.237.243 - - [04/Dec/2013:17:57:43 +0100] "GET / HTTP/1.1" 200 12828 "-" "Mozilla/5.0 (Windows; U; Windows NT 5.1; de; rv:1.9.0.10) Gecko/2009042316 Firefox/3.0.10 (.NET CLR 3.5.30729)"
208.115.113.83 - - [04/Dec/2013:23:20:19 +0100] "GET /robots.txt HTTP/1.1" 404 1256 "-" "Mozilla/5.0 (compatible; Ezooms/1.0; ezooms.bot@gmail.com)"
66.249.66.226 - - [05/Dec/2013:01:26:59 +0100] "GET /robots.txt HTTP/1.1" 404 1256 "-" "Mozilla/5.0 (compatible; Googlebot/2.1; +http://www.google.com/bot.html)"
66.249.66.226 - - [05/Dec/2013:01:26:59 +0100] "GET /Beide_Filter1.jpg HTTP/1.1" 200 9542 "-" "Googlebot-Image/1.0"
208.115.113.83 - - [05/Dec/2013:01:30:54 +0100] "GET /Feinstaubfilter/micronair/micronair.html HTTP/1.1" 200 19812 "-" "Mozilla/5.0 (compatible; Ezooms/1.0; ezooms.bot@gmail.com)"
199.30.20.0 - - [05/Dec/2013:02:29:15 +0100] "GET /robots.txt HTTP/1.1" 404 1256 "-" "msnbot-media/1.1 (+http://search.msn.com/msnbot.htm)"
199.30.20.0 - - [05/Dec/2013:02:29:15 +0100] "GET /Beide_Filter1.jpg HTTP/1.1" 200 9542 "-" "msnbot-media/1.1 (+http://search.msn.com/msnbot.htm)"
162.243.37.196 - - [05/Dec/2013:03:14:37 +0100] "GET /robots.txt HTTP/1.1" 404 1256 "-" "Mozilla/5.0 (compatible; spbot/4.0.4; +http://www.seoprofiler.com/bot )"
162.243.37.196 - - [05/Dec/2013:03:14:41 +0100] "GET / HTTP/1.1" 200 12828 "-" "Mozilla/5.0 (compatible; spbot/4.0.4; +http://www.seoprofiler.com/bot )"
162.243.37.196 - - [05/Dec/2013:03:14:42 +0100] "GET /index.html HTTP/1.1" 200 12828 "http://www.sirius-berlin.de/" "Mozilla/5.0 (compatible; spbot/4.0.4; +http://www.seoprofiler.com/bot )"
162.243.37.196 - - [05/Dec/2013:03:14:46 +0100] "GET /Shop/shop.html HTTP/1.1" 200 59578 "http://www.sirius-berlin.de/" "Mozilla/5.0 (compatible; spbot/4.0.4; +http://www.seoprofiler.com/bot )"
162.243.37.196 - - [05/Dec/2013:03:14:53 +0100] "GET /Produkte/produkte.html HTTP/1.1" 200 17755 "http://www.sirius-berlin.de/" "Mozilla/5.0 (compatible; spbot/4.0.4; +http://www.seoprofiler.com/bot )"
162.243.37.196 - - [05/Dec/2013:03:14:57 +0100] "GET /Impressum/impressum.html HTTP/1.1" 200 11991 "http://www.sirius-berlin.de/" "Mozilla/5.0 (compatible; spbot/4.0.4; +http://www.seoprofiler.com/bot )"
162.243.37.196 - - [05/Dec/2013:03:15:02 +0100] "GET /Shop/Filter/filter_2.html HTTP/1.1" 200 26547 "http://www.sirius-berlin.de/Shop/shop.html" "Mozilla/5.0 (compatible; spbot/4.0.4; +http://www.seoprofiler.com/bot )"
162.243.37.196 - - [05/Dec/2013:03:15:08 +0100] "GET /Shop/Filter/filter_0.html HTTP/1.1" 200 26544 "http://www.sirius-berlin.de/Shop/shop.html" "Mozilla/5.0 (compatible; spbot/4.0.4; +http://www.seoprofiler.com/bot )"
162.243.37.196 - - [05/Dec/2013:03:15:12 +0100] "GET /Shop/Filter/filter_1.html HTTP/1.1" 200 26543 "http://www.sirius-berlin.de/Shop/shop.html" "Mozilla/5.0 (compatible; spbot/4.0.4; +http://www.seoprofiler.com/bot )"
162.243.37.196 - - [05/Dec/2013:03:15:17 +0100] "GET /Service_Kontakt/service_kontakt.html HTTP/1.1" 200 11157 "http://www.sirius-berlin.de/" "Mozilla/5.0 (compatible; spbot/4.0.4; +http://www.seoprofiler.com/bot )"
162.243.37.196 - - [05/Dec/2013:03:15:21 +0100] "GET /Feinstaubfilter/feinstaubfilter.html HTTP/1.1" 200 13065 "http://www.sirius-berlin.de/" "Mozilla/5.0 (compatible; spbot/4.0.4; +http://www.seoprofiler.com/bot )"
162.243.37.196 - - [05/Dec/2013:03:15:26 +0100] "GET /Feinstaubfilter/Dexwet/dexwet.html HTTP/1.1" 200 16100 "http://www.sirius-berlin.de/Feinstaubfilter/feinstaubfilter.html" "Mozilla/5.0 (compatible; spbot/4.0.4; +http://www.seoprofiler.com/bot )"
162.243.37.196 - - [05/Dec/2013:03:15:32 +0100] "GET /Feinstaubfilter/micronair/micronair.html HTTP/1.1" 200 19812 "http://www.sirius-berlin.de/Feinstaubfilter/feinstaubfilter.html" "Mozilla/5.0 (compatible; spbot/4.0.4; +http://www.seoprofiler.com/bot )"
162.243.37.196 - - [05/Dec/2013:03:15:37 +0100] "GET /Produkte/Tintenpatronen/tintenpatronen.html HTTP/1.1" 200 15225 "http://www.sirius-berlin.de/Produkte/produkte.html" "Mozilla/5.0 (compatible; spbot/4.0.4; +http://www.seoprofiler.com/bot )"
162.243.37.196 - - [05/Dec/2013:03:15:42 +0100] "GET /Produkte/Tonerkartuschen/tonerkartuschen.html HTTP/1.1" 200 13203 "http://www.sirius-berlin.de/Produkte/produkte.html" "Mozilla/5.0 (compatible; spbot/4.0.4; +http://www.seoprofiler.com/bot )"
162.243.37.196 - - [05/Dec/2013:03:15:47 +0100] "GET /Produkte/weitere_Produkte/weitere_produkte.html HTTP/1.1" 200 12524 "http://www.sirius-berlin.de/Produkte/produkte.html" "Mozilla/5.0 (compatible; spbot/4.0.4; +http://www.seoprofiler.com/bot )"
157.55.32.97 - - [05/Dec/2013:03:50:40 +0100] "GET /robots.txt HTTP/1.1" 404 1256 "-" "Mozilla/5.0 (compatible; bingbot/2.0; +http://www.bing.com/bingbot.htm)"
157.55.32.97 - - [05/Dec/2013:03:51:21 +0100] "GET /Service_Kontakt/service_kontakt.html HTTP/1.1" 200 11157 "-" "Mozilla/5.0 (compatible; bingbot/2.0; +http://www.bing.com/bingbot.htm)"
199.30.24.110 - - [05/Dec/2013:03:51:27 +0100] "GET /rollover.js HTTP/1.1" 200 32709 "http://www.sirius-berlin.de/Service_Kontakt/service_kontakt.html" "Mozilla/5.0 (Windows NT 6.1; WOW64) AppleWebKit/534+ (KHTML, like Gecko) BingPreview/1.0b"
157.55.33.22 - - [05/Dec/2013:03:52:11 +0100] "GET /Home_Np1.gif HTTP/1.1" 200 1706 "-" "Mozilla/5.0 (compatible; bingbot/2.0; +http://www.bing.com/bingbot.htm)"
157.55.33.22 - - [05/Dec/2013:03:52:11 +0100] "GET /clearpixel.gif HTTP/1.1" 200 43 "-" "Mozilla/5.0 (compatible; bingbot/2.0; +http://www.bing.com/bingbot.htm)"
157.55.33.22 - - [05/Dec/2013:03:52:12 +0100] "GET /Impressum_Np1.gif HTTP/1.1" 200 1750 "-" "Mozilla/5.0 (compatible; bingbot/2.0; +http://www.bing.com/bingbot.htm)"
157.55.33.22 - - [05/Dec/2013:03:52:12 +0100] "GET /Service_Kontakt_Hp3.gif HTTP/1.1" 200 2451 "-" "Mozilla/5.0 (compatible; bingbot/2.0; +http://www.bing.com/bingbot.htm)"
65.55.52.115 - - [05/Dec/2013:03:52:32 +0100] "GET /background.gif HTTP/1.1" 200 5457 "-" "Mozilla/5.0 (compatible; bingbot/2.0; +http://www.bing.com/bingbot.htm)"
65.55.52.115 - - [05/Dec/2013:03:52:32 +0100] "GET /Sirius-LOGO21.JPG HTTP/1.1" 200 2563 "-" "Mozilla/5.0 (compatible; bingbot/2.0; +http://www.bing.com/bingbot.htm)"
157.55.32.97 - - [05/Dec/2013:03:52:51 +0100] "GET /Feinstaubfilter_Np1.gif HTTP/1.1" 200 1780 "-" "Mozilla/5.0 (compatible; bingbot/2.0; +http://www.bing.com/bingbot.htm)"
157.55.32.97 - - [05/Dec/2013:03:52:51 +0100] "GET /Service_Kontakt_NnBanner.gif HTTP/1.1" 200 6313 "-" "Mozilla/5.0 (compatible; bingbot/2.0; +http://www.bing.com/bingbot.htm)"
157.55.32.97 - - [05/Dec/2013:03:52:52 +0100] "GET /Shop_Np1.gif HTTP/1.1" 200 1699 "-" "Mozilla/5.0 (compatible; bingbot/2.0; +http://www.bing.com/bingbot.htm)"
65.55.24.215 - - [05/Dec/2013:04:16:12 +0100] "GET /Produkte_Np1.gif HTTP/1.1" 200 1744 "-" "Mozilla/5.0 (compatible; bingbot/2.0; +http://www.bing.com/bingbot.htm)"
199.30.24.110 - - [05/Dec/2013:04:52:47 +0100] "GET /Sirius-LOGO21.JPG HTTP/1.1" 200 2563 "http://www.sirius-berlin.de/Service_Kontakt/service_kontakt.html" "Mozilla/5.0 (Windows NT 6.1; WOW64) AppleWebKit/534+ (KHTML, like Gecko) BingPreview/1.0b"
199.30.24.110 - - [05/Dec/2013:04:52:48 +0100] "GET /background.gif HTTP/1.1" 200 5457 "http://www.sirius-berlin.de/Service_Kontakt/service_kontakt.html" "Mozilla/5.0 (Windows NT 6.1; WOW64) AppleWebKit/534+ (KHTML, like Gecko) BingPreview/1.0b"
199.30.24.110 - - [05/Dec/2013:04:52:48 +0100] "GET /Produkte_NRp2.gif HTTP/1.1" 200 2001 "http://www.sirius-berlin.de/Service_Kontakt/service_kontakt.html" "Mozilla/5.0 (Windows NT 6.1; WOW64) AppleWebKit/534+ (KHTML, like Gecko) BingPreview/1.0b"
