66.249.78.6 - - [01/Aug/2013:00:03:05 +0200] "GET /robots.txt HTTP/1.1" 404 1256 "-" "Mozilla/5.0 (compatible; Googlebot/2.1; +http://www.google.com/bot.html)"
66.249.75.226 - - [01/Aug/2013:00:03:06 +0200] "GET / HTTP/1.1" 200 12828 "-" "Mozilla/5.0 (compatible; Googlebot/2.1; +http://www.google.com/bot.html)"
141.8.147.12 - - [01/Aug/2013:00:20:13 +0200] "GET /Tonerkartuschen_Hs1.gif HTTP/1.1" 304 - "-" "Mozilla/5.0 (compatible; YandexImages/3.0; +http://yandex.com/bots)"
141.8.147.12 - - [01/Aug/2013:05:16:46 +0200] "GET /robots.txt HTTP/1.1" 404 1256 "-" "Mozilla/5.0 (compatible; YandexBot/3.0; +http://yandex.com/bots)"
5.10.83.35 - - [01/Aug/2013:09:38:57 +0200] "GET /robots.txt HTTP/1.1" 404 1256 "-" "Mozilla/5.0 (compatible; AhrefsBot/5.0; +http://ahrefs.com/robot/)"
141.8.147.12 - - [01/Aug/2013:10:06:19 +0200] "GET /thumb_Grafik_Toner.jpg HTTP/1.1" 304 - "-" "Mozilla/5.0 (compatible; YandexImages/3.0; +http://yandex.com/bots)"
66.249.78.6 - - [01/Aug/2013:10:50:01 +0200] "GET / HTTP/1.1" 200 12828 "-" "Mozilla/5.0 (iPhone; U; CPU iPhone OS 4_1 like Mac OS X; en-us) AppleWebKit/532.9 (KHTML, like Gecko) Version/4.0.5 Mobile/8B117 Safari/6531.22.7 (compatible; Googlebot-Mobile/2.1; +http://www.google.com/bot.html)"
185.3.40.132 - - [01/Aug/2013:11:37:14 +0200] "HEAD / HTTP/1.1" 200 - "-" "Mozilla/5.0 (Macintosh; Intel Mac OS X 10_7_5) AppleWebKit/537.4 (KHTML, like Gecko) Chrome/22.0.1229.94 Safari/537.4"
141.8.147.12 - - [01/Aug/2013:11:53:45 +0200] "GET /Tonerkartuschen_NnBanner.gif HTTP/1.1" 304 - "-" "Mozilla/5.0 (compatible; YandexImages/3.0; +http://yandex.com/bots)"
178.255.215.70 - - [01/Aug/2013:11:54:45 +0200] "GET /robots.txt HTTP/1.1" 404 1256 "-" "Mozilla/5.0 (compatible; Exabot/3.0; +http://www.exabot.com/go/robot)"
178.255.215.70 - - [01/Aug/2013:11:54:45 +0200] "GET /Shop/shop.html HTTP/1.1" 304 - "-" "Mozilla/5.0 (compatible; Exabot/3.0; +http://www.exabot.com/go/robot)"
66.249.78.6 - - [01/Aug/2013:12:52:56 +0200] "GET /robots.txt HTTP/1.1" 404 1256 "-" "Mozilla/5.0 (compatible; Googlebot/2.1; +http://www.google.com/bot.html)"
66.249.78.6 - - [01/Aug/2013:12:52:56 +0200] "GET /Feinstaubfilter/feinstaubfilter.html HTTP/1.1" 304 - "-" "Mozilla/5.0 (iPhone; U; CPU iPhone OS 4_1 like Mac OS X; en-us) AppleWebKit/532.9 (KHTML, like Gecko) Version/4.0.5 Mobile/8B117 Safari/6531.22.7 (compatible; Googlebot-Mobile/2.1; +http://www.google.com/bot.html)"
141.8.147.12 - - [01/Aug/2013:20:01:23 +0200] "GET /robots.txt HTTP/1.1" 404 1256 "-" "Mozilla/5.0 (compatible; YandexBot/3.0; +http://yandex.com/bots)"
141.8.147.12 - - [01/Aug/2013:20:01:25 +0200] "GET /Tonerkartuschen_NnBanner.gif HTTP/1.1" 304 - "-" "Mozilla/5.0 (compatible; YandexImages/3.0; +http://yandex.com/bots)"
85.214.21.33 - - [01/Aug/2013:21:02:28 +0200] "GET / HTTP/1.0" 200 12828 "-" "-"
141.8.147.12 - - [01/Aug/2013:22:36:25 +0200] "GET /thumb_Grafik_Toner.jpg HTTP/1.1" 304 - "-" "Mozilla/5.0 (compatible; YandexImages/3.0; +http://yandex.com/bots)"
176.9.39.170 - - [01/Aug/2013:23:22:46 +0200] "GET / HTTP/1.1" 200 12828 "-" "-"
66.249.73.84 - - [02/Aug/2013:00:16:21 +0200] "GET /robots.txt HTTP/1.1" 404 1256 "-" "Mozilla/5.0 (compatible; Googlebot/2.1; +http://www.google.com/bot.html)"
66.249.73.84 - - [02/Aug/2013:00:16:21 +0200] "GET /Impressum/impressum.html HTTP/1.1" 304 - "-" "Mozilla/5.0 (iPhone; U; CPU iPhone OS 4_1 like Mac OS X; en-us) AppleWebKit/532.9 (KHTML, like Gecko) Version/4.0.5 Mobile/8B117 Safari/6531.22.7 (compatible; Googlebot-Mobile/2.1; +http://www.google.com/bot.html)"
157.55.32.152 - - [02/Aug/2013:00:28:44 +0200] "GET /robots.txt HTTP/1.1" 404 1256 "-" "Mozilla/5.0 (compatible; bingbot/2.0; +http://www.bing.com/bingbot.htm)"
157.55.32.152 - - [02/Aug/2013:00:29:27 +0200] "GET / HTTP/1.1" 200 12828 "-" "Mozilla/5.0 (compatible; bingbot/2.0; +http://www.bing.com/bingbot.htm)"
141.8.147.12 - - [02/Aug/2013:04:23:32 +0200] "GET /Modular_Detail1.jpg HTTP/1.1" 200 8212 "-" "Mozilla/5.0 (compatible; YandexImages/3.0; +http://yandex.com/bots)"
141.8.147.12 - - [02/Aug/2013:05:20:00 +0200] "GET /Tintenpatronen_Hs1.gif HTTP/1.1" 200 1945 "-" "Mozilla/5.0 (compatible; YandexImages/3.0; +http://yandex.com/bots)"
141.8.147.12 - - [02/Aug/2013:05:25:27 +0200] "GET /Dexwet_Hs1.gif HTTP/1.1" 200 1904 "-" "Mozilla/5.0 (compatible; YandexImages/3.0; +http://yandex.com/bots)"
141.8.147.12 - - [02/Aug/2013:06:11:30 +0200] "GET /DSC00127a03.JPG HTTP/1.1" 200 4277 "-" "Mozilla/5.0 (compatible; YandexImages/3.0; +http://yandex.com/bots)"
141.8.147.12 - - [02/Aug/2013:07:20:15 +0200] "GET /thumb_Tintentank.jpg HTTP/1.1" 200 12149 "-" "Mozilla/5.0 (compatible; YandexImages/3.0; +http://yandex.com/bots)"
93.220.247.142 - - [02/Aug/2013:07:20:59 +0200] "GET / HTTP/1.1" 200 12828 "-" "Mozilla/4.0 (compatible; MSIE 7.0; Windows NT 6.0; WOW64; SLCC1; .NET CLR 2.0.50727)"
141.8.147.12 - - [02/Aug/2013:07:21:31 +0200] "GET /Aufbau1.jpg HTTP/1.1" 200 10250 "-" "Mozilla/5.0 (compatible; YandexImages/3.0; +http://yandex.com/bots)"
141.8.147.12 - - [02/Aug/2013:07:34:15 +0200] "GET /index.html HTTP/1.1" 200 12828 "-" "Mozilla/5.0 (compatible; YandexBot/3.0; +http://yandex.com/bots)"
141.8.147.12 - - [02/Aug/2013:07:34:23 +0200] "GET /Tintenpatronen_NnBanner.gif HTTP/1.1" 200 6155 "-" "Mozilla/5.0 (compatible; YandexImages/3.0; +http://yandex.com/bots)"
141.8.147.12 - - [02/Aug/2013:07:43:50 +0200] "GET /Aufbau_Detail1.jpg HTTP/1.1" 200 15510 "-" "Mozilla/5.0 (compatible; YandexImages/3.0; +http://yandex.com/bots)"
141.8.147.12 - - [02/Aug/2013:07:51:34 +0200] "GET /thumb_H11.jpg HTTP/1.1" 200 18558 "-" "Mozilla/5.0 (compatible; YandexImages/3.0; +http://yandex.com/bots)"
66.249.73.84 - - [02/Aug/2013:08:16:30 +0200] "GET /robots.txt HTTP/1.1" 404 1256 "-" "Mozilla/5.0 (compatible; Googlebot/2.1; +http://www.google.com/bot.html)"
66.249.73.84 - - [02/Aug/2013:08:16:30 +0200] "GET / HTTP/1.1" 200 12828 "-" "Mozilla/5.0 (iPhone; U; CPU iPhone OS 4_1 like Mac OS X; en-us) AppleWebKit/532.9 (KHTML, like Gecko) Version/4.0.5 Mobile/8B117 Safari/6531.22.7 (compatible; Googlebot-Mobile/2.1; +http://www.google.com/bot.html)"
141.8.147.12 - - [02/Aug/2013:08:40:48 +0200] "GET /robots.txt HTTP/1.1" 404 1256 "-" "Mozilla/5.0 (compatible; YandexBot/3.0; +http://yandex.com/bots)"
141.8.147.12 - - [02/Aug/2013:08:40:53 +0200] "GET /Dexwet_NnBanner.gif HTTP/1.1" 200 5987 "-" "Mozilla/5.0 (compatible; YandexImages/3.0; +http://yandex.com/bots)"
141.8.147.12 - - [02/Aug/2013:08:43:10 +0200] "GET /Alle_auf_blau102.jpg HTTP/1.1" 200 6908 "-" "Mozilla/5.0 (compatible; YandexImages/3.0; +http://yandex.com/bots)"
157.56.92.143 - - [02/Aug/2013:08:51:08 +0200] "GET /robots.txt HTTP/1.1" 404 1256 "-" "Mozilla/5.0 (compatible; bingbot/2.0; +http://www.bing.com/bingbot.htm)"
157.56.92.143 - - [02/Aug/2013:08:53:04 +0200] "GET / HTTP/1.1" 304 - "-" "Mozilla/5.0 (compatible; bingbot/2.0; +http://www.bing.com/bingbot.htm)"
141.8.147.12 - - [02/Aug/2013:08:53:35 +0200] "GET /Vorher-nachher1.jpg HTTP/1.1" 200 6971 "-" "Mozilla/5.0 (compatible; YandexImages/3.0; +http://yandex.com/bots)"
141.8.147.12 - - [02/Aug/2013:09:25:00 +0200] "GET /micronair_NnBanner.gif HTTP/1.1" 200 5954 "-" "Mozilla/5.0 (compatible; YandexImages/3.0; +http://yandex.com/bots)"
141.8.147.12 - - [02/Aug/2013:09:44:10 +0200] "GET /thumb_C35.jpg HTTP/1.1" 200 17851 "-" "Mozilla/5.0 (compatible; YandexImages/3.0; +http://yandex.com/bots)"
141.8.147.12 - - [02/Aug/2013:10:06:05 +0200] "GET /micronair_Hs1.gif HTTP/1.1" 200 1908 "-" "Mozilla/5.0 (compatible; YandexImages/3.0; +http://yandex.com/bots)"
141.8.147.12 - - [02/Aug/2013:10:48:53 +0200] "GET /thumb_Multipack.jpg HTTP/1.1" 200 22923 "-" "Mozilla/5.0 (compatible; YandexImages/3.0; +http://yandex.com/bots)"
66.249.73.84 - - [02/Aug/2013:11:45:12 +0200] "GET /Service_Kontakt/service_kontakt.html HTTP/1.1" 304 - "-" "Mozilla/5.0 (iPhone; U; CPU iPhone OS 4_1 like Mac OS X; en-us) AppleWebKit/532.9 (KHTML, like Gecko) Version/4.0.5 Mobile/8B117 Safari/6531.22.7 (compatible; Googlebot-Mobile/2.1; +http://www.google.com/bot.html)"
141.8.147.12 - - [02/Aug/2013:12:35:08 +0200] "GET /micronair_Logo102.jpg HTTP/1.1" 304 - "-" "Mozilla/5.0 (compatible; YandexImages/3.0; +http://yandex.com/bots)"
141.8.147.12 - - [02/Aug/2013:12:57:51 +0200] "GET /DSC00123a02.JPG HTTP/1.1" 200 4361 "-" "Mozilla/5.0 (compatible; YandexImages/3.0; +http://yandex.com/bots)"
141.8.147.12 - - [02/Aug/2013:13:14:59 +0200] "GET /thumb_Carrier.jpg HTTP/1.1" 200 12791 "-" "Mozilla/5.0 (compatible; YandexImages/3.0; +http://yandex.com/bots)"
141.8.147.12 - - [02/Aug/2013:14:27:55 +0200] "GET /micronair_NnBanner.gif HTTP/1.1" 200 5954 "-" "Mozilla/5.0 (compatible; YandexImages/3.0; +http://yandex.com/bots)"
141.8.147.12 - - [02/Aug/2013:14:28:43 +0200] "GET /thumb_C35.jpg HTTP/1.1" 200 17851 "-" "Mozilla/5.0 (compatible; YandexImages/3.0; +http://yandex.com/bots)"
141.8.147.12 - - [02/Aug/2013:15:00:55 +0200] "GET /Dexwet_NnBanner.gif HTTP/1.1" 200 5987 "-" "Mozilla/5.0 (compatible; YandexImages/3.0; +http://yandex.com/bots)"
141.8.147.12 - - [02/Aug/2013:15:05:13 +0200] "GET /Produkte_NnBanner.gif HTTP/1.1" 304 - "-" "Mozilla/5.0 (compatible; YandexImages/3.0; +http://yandex.com/bots)"
141.8.147.12 - - [02/Aug/2013:16:27:18 +0200] "GET /Dexwet_Hs1.gif HTTP/1.1" 200 1904 "-" "Mozilla/5.0 (compatible; YandexImages/3.0; +http://yandex.com/bots)"
141.8.147.12 - - [02/Aug/2013:16:32:04 +0200] "GET /micronair_Logo102.jpg HTTP/1.1" 304 - "-" "Mozilla/5.0 (compatible; YandexImages/3.0; +http://yandex.com/bots)"
141.8.147.12 - - [02/Aug/2013:16:50:07 +0200] "GET /zertifikat04.gif HTTP/1.1" 304 - "-" "Mozilla/5.0 (compatible; YandexImages/3.0; +http://yandex.com/bots)"
141.8.147.12 - - [02/Aug/2013:17:54:40 +0200] "GET /Tintenpatronen_NnBanner.gif HTTP/1.1" 200 6155 "-" "Mozilla/5.0 (compatible; YandexImages/3.0; +http://yandex.com/bots)"
141.8.147.12 - - [02/Aug/2013:18:49:30 +0200] "GET /Shop_NnBanner.gif HTTP/1.1" 304 - "-" "Mozilla/5.0 (compatible; YandexImages/3.0; +http://yandex.com/bots)"
141.8.147.12 - - [02/Aug/2013:19:19:29 +0200] "GET /thumb_Carrier.jpg HTTP/1.1" 200 12791 "-" "Mozilla/5.0 (compatible; YandexImages/3.0; +http://yandex.com/bots)"
141.8.147.12 - - [02/Aug/2013:19:36:22 +0200] "GET /Impressum_Hp3.gif HTTP/1.1" 304 - "-" "Mozilla/5.0 (compatible; YandexImages/3.0; +http://yandex.com/bots)"
141.8.147.12 - - [02/Aug/2013:19:45:29 +0200] "GET /Aufbau_Detail1.jpg HTTP/1.1" 200 15510 "-" "Mozilla/5.0 (compatible; YandexImages/3.0; +http://yandex.com/bots)"
141.8.147.12 - - [02/Aug/2013:20:14:50 +0200] "GET /DSC00123a02.JPG HTTP/1.1" 200 4361 "-" "Mozilla/5.0 (compatible; YandexImages/3.0; +http://yandex.com/bots)"
141.8.147.12 - - [02/Aug/2013:21:02:49 +0200] "GET /robots.txt HTTP/1.1" 404 1256 "-" "Mozilla/5.0 (compatible; YandexBot/3.0; +http://yandex.com/bots)"
141.8.147.12 - - [02/Aug/2013:21:04:21 +0200] "GET /thumb_Multipack.jpg HTTP/1.1" 200 22923 "-" "Mozilla/5.0 (compatible; YandexImages/3.0; +http://yandex.com/bots)"
141.8.147.12 - - [02/Aug/2013:21:08:42 +0200] "GET /Vorher-nachher1.jpg HTTP/1.1" 200 6971 "-" "Mozilla/5.0 (compatible; YandexImages/3.0; +http://yandex.com/bots)"
141.8.147.12 - - [02/Aug/2013:21:24:55 +0200] "GET /Alle_auf_blau1.jpg HTTP/1.1" 304 - "-" "Mozilla/5.0 (compatible; YandexImages/3.0; +http://yandex.com/bots)"
141.8.147.12 - - [02/Aug/2013:21:33:02 +0200] "GET /db_micronair_100a.jpg HTTP/1.1" 304 - "-" "Mozilla/5.0 (compatible; YandexImages/3.0; +http://yandex.com/bots)"
141.8.147.12 - - [02/Aug/2013:21:37:45 +0200] "GET /thumb_H11.jpg HTTP/1.1" 200 18558 "-" "Mozilla/5.0 (compatible; YandexImages/3.0; +http://yandex.com/bots)"
141.8.147.12 - - [02/Aug/2013:21:51:09 +0200] "GET /Aufbau1.jpg HTTP/1.1" 200 10250 "-" "Mozilla/5.0 (compatible; YandexImages/3.0; +http://yandex.com/bots)"
141.8.147.12 - - [02/Aug/2013:21:52:38 +0200] "GET /Alle_auf_blau102.jpg HTTP/1.1" 200 6908 "-" "Mozilla/5.0 (compatible; YandexImages/3.0; +http://yandex.com/bots)"
141.8.147.12 - - [02/Aug/2013:22:18:50 +0200] "GET /thumb_Tintentank.jpg HTTP/1.1" 200 12149 "-" "Mozilla/5.0 (compatible; YandexImages/3.0; +http://yandex.com/bots)"
141.8.147.12 - - [02/Aug/2013:22:26:23 +0200] "GET /Modular_Detail1.jpg HTTP/1.1" 200 8212 "-" "Mozilla/5.0 (compatible; YandexImages/3.0; +http://yandex.com/bots)"
141.8.147.12 - - [02/Aug/2013:22:28:29 +0200] "GET /DSC00127a03.JPG HTTP/1.1" 200 4277 "-" "Mozilla/5.0 (compatible; YandexImages/3.0; +http://yandex.com/bots)"
46.229.164.97 - - [02/Aug/2013:22:43:01 +0200] "GET /robots.txt HTTP/1.1" 404 1256 "-" "Mozilla/5.0 (compatible; SemrushBot/0.96.4; +http://www.semrush.com/bot.html)"
141.8.147.12 - - [02/Aug/2013:22:47:19 +0200] "GET /TUV_Siegel1.jpg HTTP/1.1" 304 - "-" "Mozilla/5.0 (compatible; YandexImages/3.0; +http://yandex.com/bots)"
141.8.147.12 - - [02/Aug/2013:23:01:30 +0200] "GET /micronair_Hs1.gif HTTP/1.1" 200 1908 "-" "Mozilla/5.0 (compatible; YandexImages/3.0; +http://yandex.com/bots)"
82.113.121.173 - - [02/Aug/2013:23:03:14 +0200] "GET / HTTP/1.1" 200 12828 "https://www.google.de/" "Mozilla/5.0 (iPhone; CPU iPhone OS 6_0 like Mac OS X) AppleWebKit/536.26 (KHTML, like Gecko) Version/6.0 Mobile/10A403 Safari/8536.25"
82.113.121.173 - - [02/Aug/2013:23:03:15 +0200] "GET /rollover.js HTTP/1.1" 200 32709 "http://www.sirius-berlin.de/" "Mozilla/5.0 (iPhone; CPU iPhone OS 6_0 like Mac OS X) AppleWebKit/536.26 (KHTML, like Gecko) Version/6.0 Mobile/10A403 Safari/8536.25"
82.113.121.173 - - [02/Aug/2013:23:03:16 +0200] "GET /clearpixel.gif HTTP/1.1" 200 43 "http://www.sirius-berlin.de/" "Mozilla/5.0 (iPhone; CPU iPhone OS 6_0 like Mac OS X) AppleWebKit/536.26 (KHTML, like Gecko) Version/6.0 Mobile/10A403 Safari/8536.25"
82.113.121.173 - - [02/Aug/2013:23:03:16 +0200] "GET /Sirius-LOGO21.JPG HTTP/1.1" 200 2563 "http://www.sirius-berlin.de/" "Mozilla/5.0 (iPhone; CPU iPhone OS 6_0 like Mac OS X) AppleWebKit/536.26 (KHTML, like Gecko) Version/6.0 Mobile/10A403 Safari/8536.25"
82.113.121.173 - - [02/Aug/2013:23:03:16 +0200] "GET /Service_Kontakt_Np1.gif HTTP/1.1" 200 1794 "http://www.sirius-berlin.de/" "Mozilla/5.0 (iPhone; CPU iPhone OS 6_0 like Mac OS X) AppleWebKit/536.26 (KHTML, like Gecko) Version/6.0 Mobile/10A403 Safari/8536.25"
82.113.121.173 - - [02/Aug/2013:23:03:16 +0200] "GET /Home_NnBanner.gif HTTP/1.1" 200 5803 "http://www.sirius-berlin.de/" "Mozilla/5.0 (iPhone; CPU iPhone OS 6_0 like Mac OS X) AppleWebKit/536.26 (KHTML, like Gecko) Version/6.0 Mobile/10A403 Safari/8536.25"
82.113.121.173 - - [02/Aug/2013:23:03:16 +0200] "GET /Sirius-LOGO1.JPG HTTP/1.1" 200 4357 "http://www.sirius-berlin.de/" "Mozilla/5.0 (iPhone; CPU iPhone OS 6_0 like Mac OS X) AppleWebKit/536.26 (KHTML, like Gecko) Version/6.0 Mobile/10A403 Safari/8536.25"
82.113.121.173 - - [02/Aug/2013:23:03:16 +0200] "GET /Produkte_Np1.gif HTTP/1.1" 200 1744 "http://www.sirius-berlin.de/" "Mozilla/5.0 (iPhone; CPU iPhone OS 6_0 like Mac OS X) AppleWebKit/536.26 (KHTML, like Gecko) Version/6.0 Mobile/10A403 Safari/8536.25"
82.113.121.173 - - [02/Aug/2013:23:03:16 +0200] "GET /Feinstaubfilter_Np1.gif HTTP/1.1" 200 1780 "http://www.sirius-berlin.de/" "Mozilla/5.0 (iPhone; CPU iPhone OS 6_0 like Mac OS X) AppleWebKit/536.26 (KHTML, like Gecko) Version/6.0 Mobile/10A403 Safari/8536.25"
82.113.121.173 - - [02/Aug/2013:23:03:16 +0200] "GET /Home_Hp3.gif HTTP/1.1" 200 1773 "http://www.sirius-berlin.de/" "Mozilla/5.0 (iPhone; CPU iPhone OS 6_0 like Mac OS X) AppleWebKit/536.26 (KHTML, like Gecko) Version/6.0 Mobile/10A403 Safari/8536.25"
82.113.121.173 - - [02/Aug/2013:23:03:16 +0200] "GET /background.gif HTTP/1.1" 200 5457 "http://www.sirius-berlin.de/" "Mozilla/5.0 (iPhone; CPU iPhone OS 6_0 like Mac OS X) AppleWebKit/536.26 (KHTML, like Gecko) Version/6.0 Mobile/10A403 Safari/8536.25"
82.113.121.173 - - [02/Aug/2013:23:03:16 +0200] "GET /Shop_Np1.gif HTTP/1.1" 200 1699 "http://www.sirius-berlin.de/" "Mozilla/5.0 (iPhone; CPU iPhone OS 6_0 like Mac OS X) AppleWebKit/536.26 (KHTML, like Gecko) Version/6.0 Mobile/10A403 Safari/8536.25"
82.113.121.173 - - [02/Aug/2013:23:03:16 +0200] "GET /BuiltWithNOF.gif HTTP/1.1" 200 2587 "http://www.sirius-berlin.de/" "Mozilla/5.0 (iPhone; CPU iPhone OS 6_0 like Mac OS X) AppleWebKit/536.26 (KHTML, like Gecko) Version/6.0 Mobile/10A403 Safari/8536.25"
82.113.121.173 - - [02/Aug/2013:23:03:16 +0200] "GET /Impressum_Np1.gif HTTP/1.1" 200 1750 "http://www.sirius-berlin.de/" "Mozilla/5.0 (iPhone; CPU iPhone OS 6_0 like Mac OS X) AppleWebKit/536.26 (KHTML, like Gecko) Version/6.0 Mobile/10A403 Safari/8536.25"
82.113.121.173 - - [02/Aug/2013:23:03:16 +0200] "GET /DSC0019902.JPG HTTP/1.1" 200 7772 "http://www.sirius-berlin.de/" "Mozilla/5.0 (iPhone; CPU iPhone OS 6_0 like Mac OS X) AppleWebKit/536.26 (KHTML, like Gecko) Version/6.0 Mobile/10A403 Safari/8536.25"
82.113.121.173 - - [02/Aug/2013:23:03:17 +0200] "GET /Service_Kontakt_NRp2.gif HTTP/1.1" 200 2044 "http://www.sirius-berlin.de/" "Mozilla/5.0 (iPhone; CPU iPhone OS 6_0 like Mac OS X) AppleWebKit/536.26 (KHTML, like Gecko) Version/6.0 Mobile/10A403 Safari/8536.25"
82.113.121.173 - - [02/Aug/2013:23:03:17 +0200] "GET /Produkte_NRp2.gif HTTP/1.1" 200 2001 "http://www.sirius-berlin.de/" "Mozilla/5.0 (iPhone; CPU iPhone OS 6_0 like Mac OS X) AppleWebKit/536.26 (KHTML, like Gecko) Version/6.0 Mobile/10A403 Safari/8536.25"
82.113.121.173 - - [02/Aug/2013:23:03:18 +0200] "GET /Feinstaubfilter_NRp2.gif HTTP/1.1" 200 2034 "http://www.sirius-berlin.de/" "Mozilla/5.0 (iPhone; CPU iPhone OS 6_0 like Mac OS X) AppleWebKit/536.26 (KHTML, like Gecko) Version/6.0 Mobile/10A403 Safari/8536.25"
82.113.121.173 - - [02/Aug/2013:23:03:18 +0200] "GET /Home_HRp4.gif HTTP/1.1" 200 2027 "http://www.sirius-berlin.de/" "Mozilla/5.0 (iPhone; CPU iPhone OS 6_0 like Mac OS X) AppleWebKit/536.26 (KHTML, like Gecko) Version/6.0 Mobile/10A403 Safari/8536.25"
82.113.121.173 - - [02/Aug/2013:23:03:18 +0200] "GET /Shop_NRp2.gif HTTP/1.1" 200 1954 "http://www.sirius-berlin.de/" "Mozilla/5.0 (iPhone; CPU iPhone OS 6_0 like Mac OS X) AppleWebKit/536.26 (KHTML, like Gecko) Version/6.0 Mobile/10A403 Safari/8536.25"
82.113.121.173 - - [02/Aug/2013:23:03:19 +0200] "GET /Impressum_NRp2.gif HTTP/1.1" 200 2011 "http://www.sirius-berlin.de/" "Mozilla/5.0 (iPhone; CPU iPhone OS 6_0 like Mac OS X) AppleWebKit/536.26 (KHTML, like Gecko) Version/6.0 Mobile/10A403 Safari/8536.25"
82.113.121.173 - - [02/Aug/2013:23:03:32 +0200] "GET /Produkte/produkte.html HTTP/1.1" 200 17755 "http://www.sirius-berlin.de/" "Mozilla/5.0 (iPhone; CPU iPhone OS 6_0 like Mac OS X) AppleWebKit/536.26 (KHTML, like Gecko) Version/6.0 Mobile/10A403 Safari/8536.25"
82.113.121.173 - - [02/Aug/2013:23:03:33 +0200] "GET /Home_Np1.gif HTTP/1.1" 200 1706 "http://www.sirius-berlin.de/Produkte/produkte.html" "Mozilla/5.0 (iPhone; CPU iPhone OS 6_0 like Mac OS X) AppleWebKit/536.26 (KHTML, like Gecko) Version/6.0 Mobile/10A403 Safari/8536.25"
82.113.121.173 - - [02/Aug/2013:23:03:34 +0200] "GET /Produkte_Hp3.gif HTTP/1.1" 200 1878 "http://www.sirius-berlin.de/Produkte/produkte.html" "Mozilla/5.0 (iPhone; CPU iPhone OS 6_0 like Mac OS X) AppleWebKit/536.26 (KHTML, like Gecko) Version/6.0 Mobile/10A403 Safari/8536.25"
82.113.121.173 - - [02/Aug/2013:23:03:34 +0200] "GET /Tonerkartuschen_Ns1.gif HTTP/1.1" 200 1960 "http://www.sirius-berlin.de/Produkte/produkte.html" "Mozilla/5.0 (iPhone; CPU iPhone OS 6_0 like Mac OS X) AppleWebKit/536.26 (KHTML, like Gecko) Version/6.0 Mobile/10A403 Safari/8536.25"
82.113.121.173 - - [02/Aug/2013:23:03:34 +0200] "GET /weitere_Produkte_Ns1.gif HTTP/1.1" 200 1960 "http://www.sirius-berlin.de/Produkte/produkte.html" "Mozilla/5.0 (iPhone; CPU iPhone OS 6_0 like Mac OS X) AppleWebKit/536.26 (KHTML, like Gecko) Version/6.0 Mobile/10A403 Safari/8536.25"
82.113.121.173 - - [02/Aug/2013:23:03:35 +0200] "GET /Tintenpatronen_Ns1.gif HTTP/1.1" 200 1954 "http://www.sirius-berlin.de/Produkte/produkte.html" "Mozilla/5.0 (iPhone; CPU iPhone OS 6_0 like Mac OS X) AppleWebKit/536.26 (KHTML, like Gecko) Version/6.0 Mobile/10A403 Safari/8536.25"
82.113.121.173 - - [02/Aug/2013:23:03:35 +0200] "GET /Produkte_NnBanner.gif HTTP/1.1" 200 5997 "http://www.sirius-berlin.de/Produkte/produkte.html" "Mozilla/5.0 (iPhone; CPU iPhone OS 6_0 like Mac OS X) AppleWebKit/536.26 (KHTML, like Gecko) Version/6.0 Mobile/10A403 Safari/8536.25"
82.113.121.173 - - [02/Aug/2013:23:03:35 +0200] "GET /Home_NRp2.gif HTTP/1.1" 200 1965 "http://www.sirius-berlin.de/Produkte/produkte.html" "Mozilla/5.0 (iPhone; CPU iPhone OS 6_0 like Mac OS X) AppleWebKit/536.26 (KHTML, like Gecko) Version/6.0 Mobile/10A403 Safari/8536.25"
82.113.121.173 - - [02/Aug/2013:23:03:36 +0200] "GET /Produkte/a_thumb_Multipack02.jpg HTTP/1.1" 200 19266 "http://www.sirius-berlin.de/Produkte/produkte.html" "Mozilla/5.0 (iPhone; CPU iPhone OS 6_0 like Mac OS X) AppleWebKit/536.26 (KHTML, like Gecko) Version/6.0 Mobile/10A403 Safari/8536.25"
82.113.121.173 - - [02/Aug/2013:23:03:36 +0200] "GET /DSC00199.JPG HTTP/1.1" 200 7772 "http://www.sirius-berlin.de/Produkte/produkte.html" "Mozilla/5.0 (iPhone; CPU iPhone OS 6_0 like Mac OS X) AppleWebKit/536.26 (KHTML, like Gecko) Version/6.0 Mobile/10A403 Safari/8536.25"
82.113.121.173 - - [02/Aug/2013:23:03:36 +0200] "GET /Tonerkartuschen_NRs2.gif HTTP/1.1" 200 1935 "http://www.sirius-berlin.de/Produkte/produkte.html" "Mozilla/5.0 (iPhone; CPU iPhone OS 6_0 like Mac OS X) AppleWebKit/536.26 (KHTML, like Gecko) Version/6.0 Mobile/10A403 Safari/8536.25"
82.113.121.173 - - [02/Aug/2013:23:03:37 +0200] "GET /zertifikat04.gif HTTP/1.1" 200 18090 "http://www.sirius-berlin.de/Produkte/produkte.html" "Mozilla/5.0 (iPhone; CPU iPhone OS 6_0 like Mac OS X) AppleWebKit/536.26 (KHTML, like Gecko) Version/6.0 Mobile/10A403 Safari/8536.25"
82.113.121.173 - - [02/Aug/2013:23:03:37 +0200] "GET /weitere_Produkte_NRs2.gif HTTP/1.1" 200 1935 "http://www.sirius-berlin.de/Produkte/produkte.html" "Mozilla/5.0 (iPhone; CPU iPhone OS 6_0 like Mac OS X) AppleWebKit/536.26 (KHTML, like Gecko) Version/6.0 Mobile/10A403 Safari/8536.25"
82.113.121.173 - - [02/Aug/2013:23:03:38 +0200] "GET /RAL-UZ-55-FEB-2004_16003.jpg HTTP/1.1" 200 52762 "http://www.sirius-berlin.de/Produkte/produkte.html" "Mozilla/5.0 (iPhone; CPU iPhone OS 6_0 like Mac OS X) AppleWebKit/536.26 (KHTML, like Gecko) Version/6.0 Mobile/10A403 Safari/8536.25"
82.113.121.173 - - [02/Aug/2013:23:03:38 +0200] "GET /Produkte_HRp4.gif HTTP/1.1" 200 2518 "http://www.sirius-berlin.de/Produkte/produkte.html" "Mozilla/5.0 (iPhone; CPU iPhone OS 6_0 like Mac OS X) AppleWebKit/536.26 (KHTML, like Gecko) Version/6.0 Mobile/10A403 Safari/8536.25"
82.113.121.173 - - [02/Aug/2013:23:03:40 +0200] "GET /Tintenpatronen_NRs2.gif HTTP/1.1" 200 1930 "http://www.sirius-berlin.de/Produkte/produkte.html" "Mozilla/5.0 (iPhone; CPU iPhone OS 6_0 like Mac OS X) AppleWebKit/536.26 (KHTML, like Gecko) Version/6.0 Mobile/10A403 Safari/8536.25"
141.8.147.12 - - [02/Aug/2013:23:35:54 +0200] "GET /Tintenpatronen_Hs1.gif HTTP/1.1" 200 1945 "-" "Mozilla/5.0 (compatible; YandexImages/3.0; +http://yandex.com/bots)"
66.249.75.226 - - [03/Aug/2013:00:33:51 +0200] "GET /robots.txt HTTP/1.1" 404 1256 "-" "Mozilla/5.0 (compatible; Googlebot/2.1; +http://www.google.com/bot.html)"
66.249.75.226 - - [03/Aug/2013:00:33:51 +0200] "GET /Produkte/produkte.html HTTP/1.1" 304 - "-" "Mozilla/5.0 (iPhone; U; CPU iPhone OS 4_1 like Mac OS X; en-us) AppleWebKit/532.9 (KHTML, like Gecko) Version/4.0.5 Mobile/8B117 Safari/6531.22.7 (compatible; Googlebot-Mobile/2.1; +http://www.google.com/bot.html)"
141.8.147.12 - - [03/Aug/2013:00:38:01 +0200] "GET /Feinstaubfilter_NnBanner.gif HTTP/1.1" 304 - "-" "Mozilla/5.0 (compatible; YandexImages/3.0; +http://yandex.com/bots)"
141.8.147.12 - - [03/Aug/2013:00:59:10 +0200] "GET /DSC00199.JPG HTTP/1.1" 304 - "-" "Mozilla/5.0 (compatible; YandexImages/3.0; +http://yandex.com/bots)"
85.214.234.99 - - [03/Aug/2013:01:13:14 +0200] "GET / HTTP/1.1" 200 12828 "-" "i-market-bot"
85.214.234.99 - - [03/Aug/2013:01:13:14 +0200] "GET /robots.txt HTTP/1.1" 404 1256 "-" "i-market-bot"
141.8.147.12 - - [03/Aug/2013:01:33:46 +0200] "GET /Produkte_NnBanner.gif HTTP/1.1" 304 - "-" "Mozilla/5.0 (compatible; YandexImages/3.0; +http://yandex.com/bots)"
141.8.147.12 - - [03/Aug/2013:01:44:24 +0200] "GET /Produkte/a_thumb_Multipack02.jpg HTTP/1.1" 304 - "-" "Mozilla/5.0 (compatible; YandexImages/3.0; +http://yandex.com/bots)"
141.8.147.12 - - [03/Aug/2013:02:33:45 +0200] "GET /db_micronair_70a.jpg HTTP/1.1" 304 - "-" "Mozilla/5.0 (compatible; YandexImages/3.0; +http://yandex.com/bots)"
141.8.147.12 - - [03/Aug/2013:02:39:38 +0200] "GET /Dexwet_logo1.jpg HTTP/1.1" 304 - "-" "Mozilla/5.0 (compatible; YandexImages/3.0; +http://yandex.com/bots)"
144.76.42.76 - - [03/Aug/2013:02:46:30 +0200] "GET / HTTP/1.1" 200 12828 "-" "Mozilla/5.0 (Macintosh; Intel Mac OS X 10_8_2) AppleWebKit/537.17 (KHTML, like Gecko) Chrome/24.0.1312.52 Safari/537.17"
141.8.147.12 - - [03/Aug/2013:04:19:50 +0200] "GET /db_micronair_100a.jpg HTTP/1.1" 304 - "-" "Mozilla/5.0 (compatible; YandexImages/3.0; +http://yandex.com/bots)"
141.8.147.12 - - [03/Aug/2013:04:29:20 +0200] "GET /Shop_Hp3.gif HTTP/1.1" 304 - "-" "Mozilla/5.0 (compatible; YandexImages/3.0; +http://yandex.com/bots)"
178.77.126.55 - - [03/Aug/2013:04:43:20 +0200] "GET /robots.txt HTTP/1.1" 404 1256 "-" "Mozilla/5.0 (compatible; CareerBot/1.1; +http://www.career-x.de/bot.html)"
178.77.126.55 - - [03/Aug/2013:04:43:20 +0200] "GET / HTTP/1.1" 200 12828 "-" "Mozilla/5.0 (compatible; CareerBot/1.1; +http://www.career-x.de/bot.html)"
141.8.147.12 - - [03/Aug/2013:05:00:23 +0200] "GET /Beide_Filter1.jpg HTTP/1.1" 304 - "-" "Mozilla/5.0 (compatible; YandexImages/3.0; +http://yandex.com/bots)"
141.8.147.12 - - [03/Aug/2013:05:30:06 +0200] "GET /Impressum_Hp3.gif HTTP/1.1" 304 - "-" "Mozilla/5.0 (compatible; YandexImages/3.0; +http://yandex.com/bots)"
141.8.147.12 - - [03/Aug/2013:06:15:04 +0200] "GET /db_micronair_80a1.jpg HTTP/1.1" 304 - "-" "Mozilla/5.0 (compatible; YandexImages/3.0; +http://yandex.com/bots)"
141.8.147.12 - - [03/Aug/2013:06:36:11 +0200] "GET /zertifikat04.gif HTTP/1.1" 304 - "-" "Mozilla/5.0 (compatible; YandexImages/3.0; +http://yandex.com/bots)"
5.199.136.130 - - [03/Aug/2013:07:27:03 +0200] "GET /robots.txt HTTP/1.1" 404 1256 "-" "Mozilla/5.0 (compatible; Spiderlytics/1.0; +spider@spiderlytics.com)"
5.199.136.130 - - [03/Aug/2013:07:27:03 +0200] "GET /Home_Hp3.gif HTTP/1.1" 200 1773 "-" "Mozilla/5.0 (compatible; Spiderlytics/1.0; +spider@spiderlytics.com)"
141.8.147.12 - - [03/Aug/2013:07:43:22 +0200] "GET /TUV_Siegel1.jpg HTTP/1.1" 304 - "-" "Mozilla/5.0 (compatible; YandexImages/3.0; +http://yandex.com/bots)"
208.115.113.83 - - [03/Aug/2013:08:02:40 +0200] "GET /robots.txt HTTP/1.1" 404 1256 "-" "Mozilla/5.0 (compatible; Ezooms/1.0; ezooms.bot@gmail.com)"
66.249.75.226 - - [03/Aug/2013:08:04:55 +0200] "GET /Impressum/impressum.html HTTP/1.1" 200 11991 "-" "Mozilla/5.0 (compatible; Googlebot/2.1; +http://www.google.com/bot.html)"
141.8.147.12 - - [03/Aug/2013:08:06:00 +0200] "GET /Filter_NnBanner.gif HTTP/1.1" 304 - "-" "Mozilla/5.0 (compatible; YandexImages/3.0; +http://yandex.com/bots)"
66.249.75.226 - - [03/Aug/2013:08:47:11 +0200] "GET / HTTP/1.1" 200 12828 "-" "Mozilla/5.0 (iPhone; U; CPU iPhone OS 4_1 like Mac OS X; en-us) AppleWebKit/532.9 (KHTML, like Gecko) Version/4.0.5 Mobile/8B117 Safari/6531.22.7 (compatible; Googlebot-Mobile/2.1; +http://www.google.com/bot.html)"
66.249.75.226 - - [03/Aug/2013:08:55:58 +0200] "GET /Feinstaubfilter/feinstaubfilter.html HTTP/1.1" 304 - "-" "Mozilla/5.0 (compatible; Googlebot/2.1; +http://www.google.com/bot.html)"
141.8.147.12 - - [03/Aug/2013:09:05:20 +0200] "GET /robots.txt HTTP/1.1" 404 1256 "-" "Mozilla/5.0 (compatible; YandexBot/3.0; +http://yandex.com/bots)"
141.8.147.12 - - [03/Aug/2013:09:05:31 +0200] "GET /Shop_NnBanner.gif HTTP/1.1" 304 - "-" "Mozilla/5.0 (compatible; YandexImages/3.0; +http://yandex.com/bots)"
141.8.147.12 - - [03/Aug/2013:09:13:36 +0200] "GET /Impressum_NnBanner.gif HTTP/1.1" 304 - "-" "Mozilla/5.0 (compatible; YandexImages/3.0; +http://yandex.com/bots)"
141.8.147.12 - - [03/Aug/2013:09:42:00 +0200] "GET /db_micronair_80a.jpg HTTP/1.1" 304 - "-" "Mozilla/5.0 (compatible; YandexImages/3.0; +http://yandex.com/bots)"
66.249.75.226 - - [03/Aug/2013:09:59:13 +0200] "GET /Service_Kontakt/service_kontakt.html HTTP/1.1" 304 - "-" "Mozilla/5.0 (compatible; Googlebot/2.1; +http://www.google.com/bot.html)"
141.8.147.12 - - [03/Aug/2013:10:08:56 +0200] "GET /RAL-UZ-55-FEB-2004_16003.jpg HTTP/1.1" 304 - "-" "Mozilla/5.0 (compatible; YandexImages/3.0; +http://yandex.com/bots)"
208.115.113.83 - - [03/Aug/2013:10:10:01 +0200] "GET /Service_Kontakt/service_kontakt.html HTTP/1.1" 200 11157 "-" "Mozilla/5.0 (compatible; Ezooms/1.0; ezooms.bot@gmail.com)"
141.8.147.12 - - [03/Aug/2013:10:32:56 +0200] "GET /Alle_auf_blau1.jpg HTTP/1.1" 304 - "-" "Mozilla/5.0 (compatible; YandexImages/3.0; +http://yandex.com/bots)"
66.249.75.226 - - [03/Aug/2013:10:51:41 +0200] "GET /Produkte/produkte.html HTTP/1.1" 304 - "-" "Mozilla/5.0 (compatible; Googlebot/2.1; +http://www.google.com/bot.html)"
141.8.147.12 - - [03/Aug/2013:11:22:31 +0200] "GET /Impressum_NnBanner.gif HTTP/1.1" 304 - "-" "Mozilla/5.0 (compatible; YandexImages/3.0; +http://yandex.com/bots)"
66.249.75.226 - - [03/Aug/2013:11:25:28 +0200] "GET /Shop/shop.html HTTP/1.1" 304 - "-" "Mozilla/5.0 (compatible; Googlebot/2.1; +http://www.google.com/bot.html)"
66.249.75.226 - - [03/Aug/2013:11:54:59 +0200] "GET / HTTP/1.1" 304 - "-" "Mozilla/5.0 (compatible; Googlebot/2.1; +http://www.google.com/bot.html)"
141.8.147.12 - - [03/Aug/2013:12:19:41 +0200] "GET /db_micronair_100a1.jpg HTTP/1.1" 304 - "-" "Mozilla/5.0 (compatible; YandexImages/3.0; +http://yandex.com/bots)"
141.8.147.12 - - [03/Aug/2013:12:40:36 +0200] "GET /db_micronair_80a1.jpg HTTP/1.1" 304 - "-" "Mozilla/5.0 (compatible; YandexImages/3.0; +http://yandex.com/bots)"
66.249.75.226 - - [03/Aug/2013:12:45:53 +0200] "GET /robots.txt HTTP/1.1" 404 1256 "-" "Mozilla/5.0 (compatible; Googlebot/2.1; +http://www.google.com/bot.html)"
66.249.75.226 - - [03/Aug/2013:12:45:53 +0200] "GET /Shop/shop.html HTTP/1.1" 304 - "-" "Mozilla/5.0 (iPhone; U; CPU iPhone OS 4_1 like Mac OS X; en-us) AppleWebKit/532.9 (KHTML, like Gecko) Version/4.0.5 Mobile/8B117 Safari/6531.22.7 (compatible; Googlebot-Mobile/2.1; +http://www.google.com/bot.html)"
66.249.75.226 - - [03/Aug/2013:12:49:42 +0200] "GET /DSC00123a02.JPG HTTP/1.1" 304 - "-" "Googlebot-Image/1.0"
141.8.147.12 - - [03/Aug/2013:13:19:18 +0200] "GET /Beide_Filter1.jpg HTTP/1.1" 304 - "-" "Mozilla/5.0 (compatible; YandexImages/3.0; +http://yandex.com/bots)"
141.8.147.12 - - [03/Aug/2013:13:26:45 +0200] "GET /weitere_Produkte_Hs1.gif HTTP/1.1" 304 - "-" "Mozilla/5.0 (compatible; YandexImages/3.0; +http://yandex.com/bots)"
144.76.71.146 - - [03/Aug/2013:13:31:41 +0200] "GET /robots.txt HTTP/1.1" 404 1256 "-" "Mozilla/5.0 (compatible; SISTRIX Crawler; http://crawler.sistrix.net/)"
144.76.71.146 - - [03/Aug/2013:13:31:41 +0200] "GET / HTTP/1.1" 206 12828 "-" "Mozilla/5.0 (compatible; SISTRIX Crawler; http://crawler.sistrix.net/)"
141.8.147.12 - - [03/Aug/2013:14:10:56 +0200] "GET /Produkte_Hp3.gif HTTP/1.1" 304 - "-" "Mozilla/5.0 (compatible; YandexImages/3.0; +http://yandex.com/bots)"
141.8.147.12 - - [03/Aug/2013:14:34:50 +0200] "GET /db_micronair_80a.jpg HTTP/1.1" 304 - "-" "Mozilla/5.0 (compatible; YandexImages/3.0; +http://yandex.com/bots)"
141.8.147.12 - - [03/Aug/2013:16:29:32 +0200] "GET /Filter_Ns1.gif HTTP/1.1" 304 - "-" "Mozilla/5.0 (compatible; YandexImages/3.0; +http://yandex.com/bots)"
66.249.73.84 - - [03/Aug/2013:16:43:45 +0200] "GET /robots.txt HTTP/1.1" 404 1256 "-" "Mozilla/5.0 (compatible; Googlebot/2.1; +http://www.google.com/bot.html)"
66.249.73.84 - - [03/Aug/2013:16:43:45 +0200] "GET /Filter_Hs1.gif HTTP/1.1" 304 - "-" "Googlebot-Image/1.0"
141.8.147.12 - - [03/Aug/2013:16:43:50 +0200] "GET /Feinstaubfilter_NnBanner.gif HTTP/1.1" 304 - "-" "Mozilla/5.0 (compatible; YandexImages/3.0; +http://yandex.com/bots)"
141.8.147.12 - - [03/Aug/2013:16:44:08 +0200] "GET /Filter_Hs1.gif HTTP/1.1" 304 - "-" "Mozilla/5.0 (compatible; YandexImages/3.0; +http://yandex.com/bots)"
141.8.147.12 - - [03/Aug/2013:16:47:35 +0200] "GET /db_micronair_70a.jpg HTTP/1.1" 304 - "-" "Mozilla/5.0 (compatible; YandexImages/3.0; +http://yandex.com/bots)"
141.8.147.12 - - [03/Aug/2013:17:29:33 +0200] "GET /RAL-UZ-55-FEB-2004_16003.jpg HTTP/1.1" 304 - "-" "Mozilla/5.0 (compatible; YandexImages/3.0; +http://yandex.com/bots)"
141.8.147.12 - - [03/Aug/2013:18:59:37 +0200] "GET /Produkte/a_thumb_Multipack02.jpg HTTP/1.1" 304 - "-" "Mozilla/5.0 (compatible; YandexImages/3.0; +http://yandex.com/bots)"
141.8.147.12 - - [03/Aug/2013:19:28:07 +0200] "GET /Filter_NnBanner.gif HTTP/1.1" 304 - "-" "Mozilla/5.0 (compatible; YandexImages/3.0; +http://yandex.com/bots)"
141.8.147.12 - - [03/Aug/2013:19:39:38 +0200] "GET /DSC00199.JPG HTTP/1.1" 304 - "-" "Mozilla/5.0 (compatible; YandexImages/3.0; +http://yandex.com/bots)"
85.13.131.53 - - [03/Aug/2013:19:40:02 +0200] "GET / HTTP/1.0" 200 12828 "-" "-"
85.13.131.53 - - [03/Aug/2013:19:40:02 +0200] "GET / HTTP/1.0" 200 12828 "-" "-"
141.8.147.12 - - [03/Aug/2013:20:20:18 +0200] "GET /Tonerkartuschen_Ns1.gif HTTP/1.1" 304 - "-" "Mozilla/5.0 (compatible; YandexImages/3.0; +http://yandex.com/bots)"
141.8.147.12 - - [03/Aug/2013:20:24:27 +0200] "GET /weitere_Produkte_Ns1.gif HTTP/1.1" 304 - "-" "Mozilla/5.0 (compatible; YandexImages/3.0; +http://yandex.com/bots)"
141.8.147.12 - - [03/Aug/2013:20:24:58 +0200] "GET /Dexwet_logo1.jpg HTTP/1.1" 304 - "-" "Mozilla/5.0 (compatible; YandexImages/3.0; +http://yandex.com/bots)"
141.8.147.12 - - [03/Aug/2013:20:37:36 +0200] "GET /Gruppe02.jpg HTTP/1.1" 304 - "-" "Mozilla/5.0 (compatible; YandexImages/3.0; +http://yandex.com/bots)"
141.8.147.12 - - [03/Aug/2013:20:38:13 +0200] "GET /Shop_Hp3.gif HTTP/1.1" 304 - "-" "Mozilla/5.0 (compatible; YandexImages/3.0; +http://yandex.com/bots)"
141.8.147.12 - - [03/Aug/2013:20:43:52 +0200] "GET /weitere_Produkte_NnBanner.gif HTTP/1.1" 304 - "-" "Mozilla/5.0 (compatible; YandexImages/3.0; +http://yandex.com/bots)"
92.224.40.110 - - [03/Aug/2013:22:24:40 +0200] "GET / HTTP/1.1" 200 12828 "-" "UserAgent: Apache-HttpClient/release (java 1.5)"
92.224.40.110 - - [03/Aug/2013:22:24:40 +0200] "GET /Impressum/impressum.html HTTP/1.1" 200 11991 "-" "UserAgent: Apache-HttpClient/release (java 1.5)"
66.249.73.84 - - [03/Aug/2013:23:29:30 +0200] "GET /Impressum/impressum.html HTTP/1.1" 304 - "-" "Mozilla/5.0 (iPhone; U; CPU iPhone OS 4_1 like Mac OS X; en-us) AppleWebKit/532.9 (KHTML, like Gecko) Version/4.0.5 Mobile/8B117 Safari/6531.22.7 (compatible; Googlebot-Mobile/2.1; +http://www.google.com/bot.html)"
141.8.147.12 - - [04/Aug/2013:01:09:40 +0200] "GET /robots.txt HTTP/1.1" 404 1256 "-" "Mozilla/5.0 (compatible; YandexBot/3.0; +http://yandex.com/bots)"
141.8.147.12 - - [04/Aug/2013:01:09:42 +0200] "GET /Filter_Hs1.gif HTTP/1.1" 304 - "-" "Mozilla/5.0 (compatible; YandexImages/3.0; +http://yandex.com/bots)"
141.8.147.12 - - [04/Aug/2013:01:44:55 +0200] "GET /Tonerkartuschen_Ns1.gif HTTP/1.1" 304 - "-" "Mozilla/5.0 (compatible; YandexImages/3.0; +http://yandex.com/bots)"
141.8.147.12 - - [04/Aug/2013:03:47:01 +0200] "GET /Gruppe02.jpg HTTP/1.1" 304 - "-" "Mozilla/5.0 (compatible; YandexImages/3.0; +http://yandex.com/bots)"
141.8.147.12 - - [04/Aug/2013:05:13:08 +0200] "GET /Filter_Ns1.gif HTTP/1.1" 304 - "-" "Mozilla/5.0 (compatible; YandexImages/3.0; +http://yandex.com/bots)"
157.55.35.79 - - [04/Aug/2013:06:15:08 +0200] "GET /robots.txt HTTP/1.1" 404 1256 "-" "Mozilla/5.0 (compatible; bingbot/2.0; +http://www.bing.com/bingbot.htm)"
157.55.35.79 - - [04/Aug/2013:06:17:36 +0200] "GET /Feinstaubfilter/micronair/micronair.html HTTP/1.1" 304 - "-" "Mozilla/5.0 (compatible; bingbot/2.0; +http://www.bing.com/bingbot.htm)"
141.8.147.12 - - [04/Aug/2013:06:21:19 +0200] "GET /weitere_Produkte_NnBanner.gif HTTP/1.1" 304 - "-" "Mozilla/5.0 (compatible; YandexImages/3.0; +http://yandex.com/bots)"
141.8.147.12 - - [04/Aug/2013:06:31:38 +0200] "GET /weitere_Produkte_Ns1.gif HTTP/1.1" 304 - "-" "Mozilla/5.0 (compatible; YandexImages/3.0; +http://yandex.com/bots)"
66.249.73.84 - - [04/Aug/2013:10:43:40 +0200] "GET /robots.txt HTTP/1.1" 404 1256 "-" "Mozilla/5.0 (compatible; Googlebot/2.1; +http://www.google.com/bot.html)"
66.249.73.84 - - [04/Aug/2013:10:43:41 +0200] "GET /Feinstaubfilter/feinstaubfilter.html HTTP/1.1" 304 - "-" "Mozilla/5.0 (iPhone; U; CPU iPhone OS 4_1 like Mac OS X; en-us) AppleWebKit/532.9 (KHTML, like Gecko) Version/4.0.5 Mobile/8B117 Safari/6531.22.7 (compatible; Googlebot-Mobile/2.1; +http://www.google.com/bot.html)"
46.229.164.100 - - [04/Aug/2013:12:23:34 +0200] "GET /index.html HTTP/1.1" 200 12828 "-" "Mozilla/5.0 (compatible; SemrushBot/0.96.4; +http://www.semrush.com/bot.html)"
5.199.136.130 - - [04/Aug/2013:14:23:00 +0200] "GET /robots.txt HTTP/1.1" 404 1256 "-" "Mozilla/5.0 (compatible; Spiderlytics/1.0; +spider@spiderlytics.com)"
5.199.136.130 - - [04/Aug/2013:14:23:00 +0200] "GET /Service_Kontakt/service_kontakt.html HTTP/1.1" 200 11157 "-" "Mozilla/5.0 (compatible; Spiderlytics/1.0; +spider@spiderlytics.com)"
5.199.136.130 - - [04/Aug/2013:16:02:53 +0200] "GET /robots.txt HTTP/1.1" 404 1256 "-" "Mozilla/5.0 (compatible; Spiderlytics/1.0; +spider@spiderlytics.com)"
5.199.136.130 - - [04/Aug/2013:16:02:53 +0200] "GET /BuiltWithNOF.gif HTTP/1.1" 200 2587 "-" "Mozilla/5.0 (compatible; Spiderlytics/1.0; +spider@spiderlytics.com)"
85.214.21.33 - - [04/Aug/2013:19:56:47 +0200] "GET / HTTP/1.0" 200 12828 "-" "-"
208.115.113.83 - - [04/Aug/2013:20:02:02 +0200] "GET /robots.txt HTTP/1.1" 404 1256 "-" "Mozilla/5.0 (compatible; Ezooms/1.0; ezooms.bot@gmail.com)"
66.249.75.226 - - [04/Aug/2013:20:47:20 +0200] "GET /robots.txt HTTP/1.1" 404 1256 "-" "Mozilla/5.0 (compatible; Googlebot/2.1; +http://www.google.com/bot.html)"
66.249.75.226 - - [04/Aug/2013:20:47:20 +0200] "GET / HTTP/1.1" 200 12828 "-" "Mozilla/5.0 (iPhone; U; CPU iPhone OS 4_1 like Mac OS X; en-us) AppleWebKit/532.9 (KHTML, like Gecko) Version/4.0.5 Mobile/8B117 Safari/6531.22.7 (compatible; Googlebot-Mobile/2.1; +http://www.google.com/bot.html)"
173.199.116.243 - - [04/Aug/2013:21:00:09 +0200] "GET /Feinstaubfilter/feinstaubfilter.html HTTP/1.1" 200 13065 "-" "Mozilla/5.0 (compatible; AhrefsBot/4.0; +http://ahrefs.com/robot/)"
173.199.116.243 - - [04/Aug/2013:21:44:08 +0200] "GET /Produkte/Tintenpatronen/tintenpatronen.html HTTP/1.1" 200 15225 "-" "Mozilla/5.0 (compatible; AhrefsBot/4.0; +http://ahrefs.com/robot/)"
208.115.113.83 - - [04/Aug/2013:21:47:06 +0200] "GET /Produkte/Tintenpatronen/tintenpatronen.html HTTP/1.1" 200 15225 "-" "Mozilla/5.0 (compatible; Ezooms/1.0; ezooms.bot@gmail.com)"
173.199.116.243 - - [04/Aug/2013:22:40:25 +0200] "GET /Shop/shop.html HTTP/1.1" 200 59578 "-" "Mozilla/5.0 (compatible; AhrefsBot/4.0; +http://ahrefs.com/robot/)"
84.38.65.176 - - [04/Aug/2013:22:40:54 +0200] "GET / HTTP/1.1" 200 12828 "http://www.sumaja.de/" "T-Online Browser (Windows NT 6.1; de)"
83.133.125.202 - - [04/Aug/2013:22:40:54 +0200] "GET / HTTP/1.0" 200 12828 "-" "-"
83.133.125.202 - - [04/Aug/2013:22:40:54 +0200] "GET / HTTP/1.0" 200 12828 "-" "-"
65.55.215.234 - - [04/Aug/2013:22:47:07 +0200] "GET / HTTP/1.1" 200 12828 "-" "Mozilla/4.0 (compatible; MSIE 7.0; Windows NT 5.1; SLCC1; .NET CLR 1.1.4325)"
65.55.215.234 - - [04/Aug/2013:22:47:07 +0200] "GET /rollover.js HTTP/1.1" 200 32709 "http://www.sirius-berlin.de/" "Mozilla/4.0 (compatible; MSIE 7.0; Windows NT 5.1; SLCC1; .NET CLR 1.1.4325)"
66.249.75.226 - - [04/Aug/2013:23:01:44 +0200] "GET /zertifikat04.gif HTTP/1.1" 304 - "-" "Googlebot-Image/1.0"
66.249.75.226 - - [04/Aug/2013:23:55:24 +0200] "GET /Produkte/produkte.html HTTP/1.1" 304 - "-" "Mozilla/5.0 (iPhone; U; CPU iPhone OS 4_1 like Mac OS X; en-us) AppleWebKit/532.9 (KHTML, like Gecko) Version/4.0.5 Mobile/8B117 Safari/6531.22.7 (compatible; Googlebot-Mobile/2.1; +http://www.google.com/bot.html)"
173.199.116.243 - - [05/Aug/2013:01:37:15 +0200] "GET /Produkte/produkte.html HTTP/1.1" 200 17755 "-" "Mozilla/5.0 (compatible; AhrefsBot/4.0; +http://ahrefs.com/robot/)"
208.115.111.66 - - [05/Aug/2013:01:56:21 +0200] "GET /robots.txt HTTP/1.1" 404 1256 "-" "Mozilla/5.0 (compatible; Ezooms/1.0; ezooms.bot@gmail.com)"
173.199.116.243 - - [05/Aug/2013:02:44:43 +0200] "GET / HTTP/1.1" 200 12828 "-" "Mozilla/5.0 (compatible; AhrefsBot/4.0; +http://ahrefs.com/robot/)"
208.115.111.66 - - [05/Aug/2013:03:54:09 +0200] "GET /Shop/Filter/filter_0.html HTTP/1.1" 200 26544 "-" "Mozilla/5.0 (compatible; Ezooms/1.0; ezooms.bot@gmail.com)"
46.4.95.140 - - [05/Aug/2013:03:58:14 +0200] "GET /robots.txt HTTP/1.0" 404 1256 "-" "Mozilla/5.0 (compatible; SEOkicks-Robot +http://www.seokicks.de/robot.html)"
46.4.95.140 - - [05/Aug/2013:03:58:18 +0200] "GET / HTTP/1.0" 200 12828 "-" "Mozilla/5.0 (compatible; SEOkicks-Robot +http://www.seokicks.de/robot.html)"
46.4.95.140 - - [05/Aug/2013:03:58:21 +0200] "GET /rollover.js HTTP/1.0" 200 32709 "http://www.sirius-berlin.de/" "Mozilla/5.0 (compatible; SEOkicks-Robot +http://www.seokicks.de/robot.html)"
46.4.95.140 - - [05/Aug/2013:03:58:24 +0200] "GET /index.html HTTP/1.0" 200 12828 "http://www.sirius-berlin.de/" "Mozilla/5.0 (compatible; SEOkicks-Robot +http://www.seokicks.de/robot.html)"
46.4.95.140 - - [05/Aug/2013:03:58:29 +0200] "GET /Produkte/produkte.html HTTP/1.0" 200 17755 "http://www.sirius-berlin.de/" "Mozilla/5.0 (compatible; SEOkicks-Robot +http://www.seokicks.de/robot.html)"
46.4.95.140 - - [05/Aug/2013:03:58:32 +0200] "GET /Feinstaubfilter/feinstaubfilter.html HTTP/1.0" 200 13065 "http://www.sirius-berlin.de/" "Mozilla/5.0 (compatible; SEOkicks-Robot +http://www.seokicks.de/robot.html)"
46.4.95.140 - - [05/Aug/2013:03:58:36 +0200] "GET /Service_Kontakt/service_kontakt.html HTTP/1.0" 200 11157 "http://www.sirius-berlin.de/" "Mozilla/5.0 (compatible; SEOkicks-Robot +http://www.seokicks.de/robot.html)"
46.4.95.140 - - [05/Aug/2013:03:58:40 +0200] "GET /Impressum/impressum.html HTTP/1.0" 200 11991 "http://www.sirius-berlin.de/" "Mozilla/5.0 (compatible; SEOkicks-Robot +http://www.seokicks.de/robot.html)"
46.4.95.140 - - [05/Aug/2013:03:58:44 +0200] "GET /Shop/shop.html HTTP/1.0" 200 59578 "http://www.sirius-berlin.de/" "Mozilla/5.0 (compatible; SEOkicks-Robot +http://www.seokicks.de/robot.html)"
46.4.95.140 - - [05/Aug/2013:03:58:48 +0200] "GET /store.js HTTP/1.0" 200 4275 "http://www.sirius-berlin.de/Shop/shop.html" "Mozilla/5.0 (compatible; SEOkicks-Robot +http://www.seokicks.de/robot.html)"
46.4.95.140 - - [05/Aug/2013:03:58:52 +0200] "GET /Produkte/Tonerkartuschen/tonerkartuschen.html HTTP/1.0" 200 13203 "http://www.sirius-berlin.de/Produkte/produkte.html" "Mozilla/5.0 (compatible; SEOkicks-Robot +http://www.seokicks.de/robot.html)"
46.4.95.140 - - [05/Aug/2013:03:58:56 +0200] "GET /Produkte/Tintenpatronen/tintenpatronen.html HTTP/1.0" 200 15225 "http://www.sirius-berlin.de/Produkte/produkte.html" "Mozilla/5.0 (compatible; SEOkicks-Robot +http://www.seokicks.de/robot.html)"
46.4.95.140 - - [05/Aug/2013:03:58:58 +0200] "GET /Produkte/weitere_Produkte/weitere_produkte.html HTTP/1.0" 200 12524 "http://www.sirius-berlin.de/Produkte/produkte.html" "Mozilla/5.0 (compatible; SEOkicks-Robot +http://www.seokicks.de/robot.html)"
46.4.95.140 - - [05/Aug/2013:03:59:03 +0200] "GET /Feinstaubfilter/Dexwet/dexwet.html HTTP/1.0" 200 16100 "http://www.sirius-berlin.de/Feinstaubfilter/feinstaubfilter.html" "Mozilla/5.0 (compatible; SEOkicks-Robot +http://www.seokicks.de/robot.html)"
46.4.95.140 - - [05/Aug/2013:03:59:07 +0200] "GET /Feinstaubfilter/micronair/micronair.html HTTP/1.0" 200 19812 "http://www.sirius-berlin.de/Feinstaubfilter/feinstaubfilter.html" "Mozilla/5.0 (compatible; SEOkicks-Robot +http://www.seokicks.de/robot.html)"
46.4.95.140 - - [05/Aug/2013:03:59:12 +0200] "GET /Shop/Filter/filter_0.html HTTP/1.0" 200 26544 "http://www.sirius-berlin.de/Shop/shop.html" "Mozilla/5.0 (compatible; SEOkicks-Robot +http://www.seokicks.de/robot.html)"
46.4.95.140 - - [05/Aug/2013:03:59:15 +0200] "GET /Shop/Filter/filter_1.html HTTP/1.0" 200 26543 "http://www.sirius-berlin.de/Shop/shop.html" "Mozilla/5.0 (compatible; SEOkicks-Robot +http://www.seokicks.de/robot.html)"
46.4.95.140 - - [05/Aug/2013:03:59:20 +0200] "GET /Shop/Filter/filter_2.html HTTP/1.0" 200 26547 "http://www.sirius-berlin.de/Shop/shop.html" "Mozilla/5.0 (compatible; SEOkicks-Robot +http://www.seokicks.de/robot.html)"
5.199.136.130 - - [05/Aug/2013:05:47:11 +0200] "GET /robots.txt HTTP/1.1" 404 1256 "-" "Mozilla/5.0 (compatible; Spiderlytics/1.0; +spider@spiderlytics.com)"
5.199.136.130 - - [05/Aug/2013:05:47:12 +0200] "GET /TUV_Siegel1.jpg HTTP/1.1" 200 34036 "-" "Mozilla/5.0 (compatible; Spiderlytics/1.0; +spider@spiderlytics.com)"
173.199.116.243 - - [05/Aug/2013:07:36:55 +0200] "GET /index.html HTTP/1.1" 200 12828 "-" "Mozilla/5.0 (compatible; AhrefsBot/4.0; +http://ahrefs.com/robot/)"
141.8.147.12 - - [05/Aug/2013:08:58:51 +0200] "GET /robots.txt HTTP/1.1" 404 1256 "-" "Mozilla/5.0 (compatible; YandexBot/3.0; +http://yandex.com/bots)"
173.199.116.243 - - [05/Aug/2013:09:25:17 +0200] "GET /Feinstaubfilter/Dexwet/dexwet.html HTTP/1.1" 200 16100 "-" "Mozilla/5.0 (compatible; AhrefsBot/4.0; +http://ahrefs.com/robot/)"
173.199.116.243 - - [05/Aug/2013:09:30:10 +0200] "GET /Feinstaubfilter/micronair/micronair.html HTTP/1.1" 200 19812 "-" "Mozilla/5.0 (compatible; AhrefsBot/4.0; +http://ahrefs.com/robot/)"
66.249.75.226 - - [05/Aug/2013:09:56:04 +0200] "GET /robots.txt HTTP/1.1" 404 1256 "-" "Mozilla/5.0 (compatible; Googlebot/2.1; +http://www.google.com/bot.html)"
66.249.75.226 - - [05/Aug/2013:09:56:04 +0200] "GET /Service_Kontakt/service_kontakt.html HTTP/1.1" 304 - "-" "Mozilla/5.0 (iPhone; U; CPU iPhone OS 4_1 like Mac OS X; en-us) AppleWebKit/532.9 (KHTML, like Gecko) Version/4.0.5 Mobile/8B117 Safari/6531.22.7 (compatible; Googlebot-Mobile/2.1; +http://www.google.com/bot.html)"
66.249.75.226 - - [05/Aug/2013:09:57:38 +0200] "GET /db_micronair_100a.jpg HTTP/1.1" 304 - "-" "Googlebot-Image/1.0"
199.19.249.196 - - [05/Aug/2013:11:36:37 +0200] "GET / HTTP/1.1" 200 12828 "-" "Mozilla/4.0 (compatible; MSIE 7.0; Windows NT 5.1; InfoPath.1; .NET CLR 2.0.50727; .NET CLR 1.1.4322; MS-RTC LM 8; .NET CLR 3.0.4506.2152; .NET CLR 3.5.30729)"
194.36.57.1 - - [05/Aug/2013:11:36:37 +0200] "GET / HTTP/1.1" 200 12828 "http://www.google.de/url?sa=t&rct=j&q=&esrc=s&frm=1&source=web&cd=10&sqi=2&ved=0CJABEBYwCQ&url=http%3A%2F%2Fwww.sirius-berlin.de%2F&ei=rnH_UeSfAYurPLG0gZAJ&usg=AFQjCNGPtAUXJumSlzcucuvDG92yo-pnyg&sig2=ob-3_POFbq6RQ_ZToCdpog&bvm=bv.50165853,d.ZWU" "Mozilla/4.0 (compatible; MSIE 8.0; Windows NT 6.1; Trident/4.0; SLCC2; .NET CLR 2.0.50727; .NET CLR 3.5.30729; .NET CLR 3.0.30729; Media Center PC 6.0; .NET4.0C)"
194.36.57.1 - - [05/Aug/2013:11:36:37 +0200] "GET /rollover.js HTTP/1.1" 200 32709 "http://www.sirius-berlin.de/" "Mozilla/4.0 (compatible; MSIE 8.0; Windows NT 6.1; Trident/4.0; SLCC2; .NET CLR 2.0.50727; .NET CLR 3.5.30729; .NET CLR 3.0.30729; Media Center PC 6.0; .NET4.0C)"
194.36.57.1 - - [05/Aug/2013:11:36:37 +0200] "GET /background.gif HTTP/1.1" 200 5457 "http://www.sirius-berlin.de/" "Mozilla/4.0 (compatible; MSIE 8.0; Windows NT 6.1; Trident/4.0; SLCC2; .NET CLR 2.0.50727; .NET CLR 3.5.30729; .NET CLR 3.0.30729; Media Center PC 6.0; .NET4.0C)"
194.36.57.1 - - [05/Aug/2013:11:36:37 +0200] "GET /Sirius-LOGO21.JPG HTTP/1.1" 200 2563 "http://www.sirius-berlin.de/" "Mozilla/4.0 (compatible; MSIE 8.0; Windows NT 6.1; Trident/4.0; SLCC2; .NET CLR 2.0.50727; .NET CLR 3.5.30729; .NET CLR 3.0.30729; Media Center PC 6.0; .NET4.0C)"
194.36.57.1 - - [05/Aug/2013:11:36:37 +0200] "GET /clearpixel.gif HTTP/1.1" 200 43 "http://www.sirius-berlin.de/" "Mozilla/4.0 (compatible; MSIE 8.0; Windows NT 6.1; Trident/4.0; SLCC2; .NET CLR 2.0.50727; .NET CLR 3.5.30729; .NET CLR 3.0.30729; Media Center PC 6.0; .NET4.0C)"
194.36.57.1 - - [05/Aug/2013:11:36:37 +0200] "GET /Feinstaubfilter_Np1.gif HTTP/1.1" 200 1780 "http://www.sirius-berlin.de/" "Mozilla/4.0 (compatible; MSIE 8.0; Windows NT 6.1; Trident/4.0; SLCC2; .NET CLR 2.0.50727; .NET CLR 3.5.30729; .NET CLR 3.0.30729; Media Center PC 6.0; .NET4.0C)"
194.36.57.1 - - [05/Aug/2013:11:36:37 +0200] "GET /Home_Hp3.gif HTTP/1.1" 200 1773 "http://www.sirius-berlin.de/" "Mozilla/4.0 (compatible; MSIE 8.0; Windows NT 6.1; Trident/4.0; SLCC2; .NET CLR 2.0.50727; .NET CLR 3.5.30729; .NET CLR 3.0.30729; Media Center PC 6.0; .NET4.0C)"
194.36.57.1 - - [05/Aug/2013:11:36:37 +0200] "GET /Impressum_Np1.gif HTTP/1.1" 200 1750 "http://www.sirius-berlin.de/" "Mozilla/4.0 (compatible; MSIE 8.0; Windows NT 6.1; Trident/4.0; SLCC2; .NET CLR 2.0.50727; .NET CLR 3.5.30729; .NET CLR 3.0.30729; Media Center PC 6.0; .NET4.0C)"
194.36.57.1 - - [05/Aug/2013:11:36:37 +0200] "GET /Shop_Np1.gif HTTP/1.1" 200 1699 "http://www.sirius-berlin.de/" "Mozilla/4.0 (compatible; MSIE 8.0; Windows NT 6.1; Trident/4.0; SLCC2; .NET CLR 2.0.50727; .NET CLR 3.5.30729; .NET CLR 3.0.30729; Media Center PC 6.0; .NET4.0C)"
194.36.57.1 - - [05/Aug/2013:11:36:37 +0200] "GET /Produkte_Np1.gif HTTP/1.1" 200 1744 "http://www.sirius-berlin.de/" "Mozilla/4.0 (compatible; MSIE 8.0; Windows NT 6.1; Trident/4.0; SLCC2; .NET CLR 2.0.50727; .NET CLR 3.5.30729; .NET CLR 3.0.30729; Media Center PC 6.0; .NET4.0C)"
194.36.57.1 - - [05/Aug/2013:11:36:38 +0200] "GET /Home_HRp4.gif HTTP/1.1" 200 2027 "http://www.sirius-berlin.de/" "Mozilla/4.0 (compatible; MSIE 8.0; Windows NT 6.1; Trident/4.0; SLCC2; .NET CLR 2.0.50727; .NET CLR 3.5.30729; .NET CLR 3.0.30729; Media Center PC 6.0; .NET4.0C)"
194.36.57.1 - - [05/Aug/2013:11:36:38 +0200] "GET /Feinstaubfilter_NRp2.gif HTTP/1.1" 200 2034 "http://www.sirius-berlin.de/" "Mozilla/4.0 (compatible; MSIE 8.0; Windows NT 6.1; Trident/4.0; SLCC2; .NET CLR 2.0.50727; .NET CLR 3.5.30729; .NET CLR 3.0.30729; Media Center PC 6.0; .NET4.0C)"
