132.230.35.160 - - [14/Aug/2013:09:07:08 +0200] "GET /zertifikat04.gif HTTP/1.0" 200 18090 "http://www.sirius-berlin.de/Produkte/produkte.html" "Mozilla/4.0 (compatible; MSIE 8.0; Windows NT 5.1; Trident/4.0; InfoPath.1; .NET CLR 2.0.50727; .NET CLR 3.0.04506.30; .NET4.0C; .NET CLR 3.0.4506.2152; .NET CLR 3.5.30729; .NET4.0E)"
132.230.35.160 - - [14/Aug/2013:09:07:08 +0200] "GET /DSC00199.JPG HTTP/1.0" 200 7772 "http://www.sirius-berlin.de/Produkte/produkte.html" "Mozilla/4.0 (compatible; MSIE 8.0; Windows NT 5.1; Trident/4.0; InfoPath.1; .NET CLR 2.0.50727; .NET CLR 3.0.04506.30; .NET4.0C; .NET CLR 3.0.4506.2152; .NET CLR 3.5.30729; .NET4.0E)"
132.230.35.160 - - [14/Aug/2013:09:07:08 +0200] "GET /RAL-UZ-55-FEB-2004_16003.jpg HTTP/1.0" 200 52762 "http://www.sirius-berlin.de/Produkte/produkte.html" "Mozilla/4.0 (compatible; MSIE 8.0; Windows NT 5.1; Trident/4.0; InfoPath.1; .NET CLR 2.0.50727; .NET CLR 3.0.04506.30; .NET4.0C; .NET CLR 3.0.4506.2152; .NET CLR 3.5.30729; .NET4.0E)"
132.230.35.160 - - [14/Aug/2013:09:07:11 +0200] "GET /Produkte/weitere_Produkte/weitere_produkte.html HTTP/1.0" 200 12524 "http://www.sirius-berlin.de/Produkte/produkte.html" "Mozilla/4.0 (compatible; MSIE 8.0; Windows NT 5.1; Trident/4.0; InfoPath.1; .NET CLR 2.0.50727; .NET CLR 3.0.04506.30; .NET4.0C; .NET CLR 3.0.4506.2152; .NET CLR 3.5.30729; .NET4.0E)"
132.230.35.160 - - [14/Aug/2013:09:07:11 +0200] "GET /weitere_Produkte_Hs1.gif HTTP/1.0" 200 1960 "http://www.sirius-berlin.de/Produkte/weitere_Produkte/weitere_produkte.html" "Mozilla/4.0 (compatible; MSIE 8.0; Windows NT 5.1; Trident/4.0; InfoPath.1; .NET CLR 2.0.50727; .NET CLR 3.0.04506.30; .NET4.0C; .NET CLR 3.0.4506.2152; .NET CLR 3.5.30729; .NET4.0E)"
132.230.35.160 - - [14/Aug/2013:09:07:11 +0200] "GET /weitere_Produkte_HRs4.gif HTTP/1.0" 200 1935 "http://www.sirius-berlin.de/Produkte/weitere_Produkte/weitere_produkte.html" "Mozilla/4.0 (compatible; MSIE 8.0; Windows NT 5.1; Trident/4.0; InfoPath.1; .NET CLR 2.0.50727; .NET CLR 3.0.04506.30; .NET4.0C; .NET CLR 3.0.4506.2152; .NET CLR 3.5.30729; .NET4.0E)"
132.230.35.160 - - [14/Aug/2013:09:07:12 +0200] "GET /weitere_Produkte_NnBanner.gif HTTP/1.0" 200 6305 "http://www.sirius-berlin.de/Produkte/weitere_Produkte/weitere_produkte.html" "Mozilla/4.0 (compatible; MSIE 8.0; Windows NT 5.1; Trident/4.0; InfoPath.1; .NET CLR 2.0.50727; .NET CLR 3.0.04506.30; .NET4.0C; .NET CLR 3.0.4506.2152; .NET CLR 3.5.30729; .NET4.0E)"
132.230.35.160 - - [14/Aug/2013:09:07:12 +0200] "GET /Gruppe02.jpg HTTP/1.0" 200 57869 "http://www.sirius-berlin.de/Produkte/weitere_Produkte/weitere_produkte.html" "Mozilla/4.0 (compatible; MSIE 8.0; Windows NT 5.1; Trident/4.0; InfoPath.1; .NET CLR 2.0.50727; .NET CLR 3.0.04506.30; .NET4.0C; .NET CLR 3.0.4506.2152; .NET CLR 3.5.30729; .NET4.0E)"
132.230.35.160 - - [14/Aug/2013:09:07:18 +0200] "GET /Feinstaubfilter/Dexwet/dexwet.html HTTP/1.0" 200 16100 "http://www.sirius-berlin.de/Feinstaubfilter/feinstaubfilter.html" "Mozilla/4.0 (compatible; MSIE 8.0; Windows NT 5.1; Trident/4.0; InfoPath.1; .NET CLR 2.0.50727; .NET CLR 3.0.04506.30; .NET4.0C; .NET CLR 3.0.4506.2152; .NET CLR 3.5.30729; .NET4.0E)"
132.230.35.160 - - [14/Aug/2013:09:07:18 +0200] "GET /Dexwet_Hs1.gif HTTP/1.0" 200 1904 "http://www.sirius-berlin.de/Feinstaubfilter/Dexwet/dexwet.html" "Mozilla/4.0 (compatible; MSIE 8.0; Windows NT 5.1; Trident/4.0; InfoPath.1; .NET CLR 2.0.50727; .NET CLR 3.0.04506.30; .NET4.0C; .NET CLR 3.0.4506.2152; .NET CLR 3.5.30729; .NET4.0E)"
132.230.35.160 - - [14/Aug/2013:09:07:18 +0200] "GET /Dexwet_HRs4.gif HTTP/1.0" 200 1880 "http://www.sirius-berlin.de/Feinstaubfilter/Dexwet/dexwet.html" "Mozilla/4.0 (compatible; MSIE 8.0; Windows NT 5.1; Trident/4.0; InfoPath.1; .NET CLR 2.0.50727; .NET CLR 3.0.04506.30; .NET4.0C; .NET CLR 3.0.4506.2152; .NET CLR 3.5.30729; .NET4.0E)"
132.230.35.160 - - [14/Aug/2013:09:07:18 +0200] "GET /Dexwet_NnBanner.gif HTTP/1.0" 200 5987 "http://www.sirius-berlin.de/Feinstaubfilter/Dexwet/dexwet.html" "Mozilla/4.0 (compatible; MSIE 8.0; Windows NT 5.1; Trident/4.0; InfoPath.1; .NET CLR 2.0.50727; .NET CLR 3.0.04506.30; .NET4.0C; .NET CLR 3.0.4506.2152; .NET CLR 3.5.30729; .NET4.0E)"
132.230.35.160 - - [14/Aug/2013:09:07:18 +0200] "GET /DSC00127a03.JPG HTTP/1.0" 200 4277 "http://www.sirius-berlin.de/Feinstaubfilter/Dexwet/dexwet.html" "Mozilla/4.0 (compatible; MSIE 8.0; Windows NT 5.1; Trident/4.0; InfoPath.1; .NET CLR 2.0.50727; .NET CLR 3.0.04506.30; .NET4.0C; .NET CLR 3.0.4506.2152; .NET CLR 3.5.30729; .NET4.0E)"
132.230.35.160 - - [14/Aug/2013:09:07:18 +0200] "GET /Modular_Detail1.jpg HTTP/1.0" 200 8212 "http://www.sirius-berlin.de/Feinstaubfilter/Dexwet/dexwet.html" "Mozilla/4.0 (compatible; MSIE 8.0; Windows NT 5.1; Trident/4.0; InfoPath.1; .NET CLR 2.0.50727; .NET CLR 3.0.04506.30; .NET4.0C; .NET CLR 3.0.4506.2152; .NET CLR 3.5.30729; .NET4.0E)"
132.230.35.160 - - [14/Aug/2013:09:07:18 +0200] "GET /DSC00123a02.JPG HTTP/1.0" 200 4361 "http://www.sirius-berlin.de/Feinstaubfilter/Dexwet/dexwet.html" "Mozilla/4.0 (compatible; MSIE 8.0; Windows NT 5.1; Trident/4.0; InfoPath.1; .NET CLR 2.0.50727; .NET CLR 3.0.04506.30; .NET4.0C; .NET CLR 3.0.4506.2152; .NET CLR 3.5.30729; .NET4.0E)"
132.230.35.160 - - [14/Aug/2013:09:08:31 +0200] "GET /Feinstaubfilter/micronair/micronair.html HTTP/1.0" 200 19812 "http://www.sirius-berlin.de/Feinstaubfilter/Dexwet/dexwet.html" "Mozilla/4.0 (compatible; MSIE 8.0; Windows NT 5.1; Trident/4.0; InfoPath.1; .NET CLR 2.0.50727; .NET CLR 3.0.04506.30; .NET4.0C; .NET CLR 3.0.4506.2152; .NET CLR 3.5.30729; .NET4.0E)"
132.230.35.160 - - [14/Aug/2013:09:08:32 +0200] "GET /micronair_Hs1.gif HTTP/1.0" 200 1908 "http://www.sirius-berlin.de/Feinstaubfilter/micronair/micronair.html" "Mozilla/4.0 (compatible; MSIE 8.0; Windows NT 5.1; Trident/4.0; InfoPath.1; .NET CLR 2.0.50727; .NET CLR 3.0.04506.30; .NET4.0C; .NET CLR 3.0.4506.2152; .NET CLR 3.5.30729; .NET4.0E)"
132.230.35.160 - - [14/Aug/2013:09:08:32 +0200] "GET /micronair_HRs4.gif HTTP/1.0" 200 1885 "http://www.sirius-berlin.de/Feinstaubfilter/micronair/micronair.html" "Mozilla/4.0 (compatible; MSIE 8.0; Windows NT 5.1; Trident/4.0; InfoPath.1; .NET CLR 2.0.50727; .NET CLR 3.0.04506.30; .NET4.0C; .NET CLR 3.0.4506.2152; .NET CLR 3.5.30729; .NET4.0E)"
132.230.35.160 - - [14/Aug/2013:09:08:32 +0200] "GET /micronair_NnBanner.gif HTTP/1.0" 200 5954 "http://www.sirius-berlin.de/Feinstaubfilter/micronair/micronair.html" "Mozilla/4.0 (compatible; MSIE 8.0; Windows NT 5.1; Trident/4.0; InfoPath.1; .NET CLR 2.0.50727; .NET CLR 3.0.04506.30; .NET4.0C; .NET CLR 3.0.4506.2152; .NET CLR 3.5.30729; .NET4.0E)"
132.230.35.160 - - [14/Aug/2013:09:08:32 +0200] "GET /Vorher-nachher1.jpg HTTP/1.0" 200 6971 "http://www.sirius-berlin.de/Feinstaubfilter/micronair/micronair.html" "Mozilla/4.0 (compatible; MSIE 8.0; Windows NT 5.1; Trident/4.0; InfoPath.1; .NET CLR 2.0.50727; .NET CLR 3.0.04506.30; .NET4.0C; .NET CLR 3.0.4506.2152; .NET CLR 3.5.30729; .NET4.0E)"
132.230.35.160 - - [14/Aug/2013:09:08:32 +0200] "GET /Alle_auf_blau102.jpg HTTP/1.0" 200 6908 "http://www.sirius-berlin.de/Feinstaubfilter/micronair/micronair.html" "Mozilla/4.0 (compatible; MSIE 8.0; Windows NT 5.1; Trident/4.0; InfoPath.1; .NET CLR 2.0.50727; .NET CLR 3.0.04506.30; .NET4.0C; .NET CLR 3.0.4506.2152; .NET CLR 3.5.30729; .NET4.0E)"
132.230.35.160 - - [14/Aug/2013:09:08:32 +0200] "GET /Aufbau_Detail1.jpg HTTP/1.0" 200 15510 "http://www.sirius-berlin.de/Feinstaubfilter/micronair/micronair.html" "Mozilla/4.0 (compatible; MSIE 8.0; Windows NT 5.1; Trident/4.0; InfoPath.1; .NET CLR 2.0.50727; .NET CLR 3.0.04506.30; .NET4.0C; .NET CLR 3.0.4506.2152; .NET CLR 3.5.30729; .NET4.0E)"
132.230.35.160 - - [14/Aug/2013:09:08:32 +0200] "GET /Aufbau1.jpg HTTP/1.0" 200 10250 "http://www.sirius-berlin.de/Feinstaubfilter/micronair/micronair.html" "Mozilla/4.0 (compatible; MSIE 8.0; Windows NT 5.1; Trident/4.0; InfoPath.1; .NET CLR 2.0.50727; .NET CLR 3.0.04506.30; .NET4.0C; .NET CLR 3.0.4506.2152; .NET CLR 3.5.30729; .NET4.0E)"
132.230.35.160 - - [14/Aug/2013:09:09:30 +0200] "GET /Shop/Filter/filter_1.html HTTP/1.0" 200 26543 "http://www.google.de/url?sa=t&rct=j&q=sirius%20feinstaubfilter&source=web&cd=3&ved=0CDwQFjAC&url=http%3A%2F%2Fwww.sirius-berlin.de%2FShop%2FFilter%2Ffilter_1.html&ei=PiwLUsKlCIGktAahxIFQ&usg=AFQjCNHxJlEPEFgmC9AsaOqkbXwaXN_6QQ" "Mozilla/4.0 (compatible; MSIE 8.0; Windows NT 5.1; Trident/4.0; InfoPath.1; .NET CLR 2.0.50727; .NET CLR 3.0.04506.30; .NET4.0C; .NET CLR 3.0.4506.2152; .NET CLR 3.5.30729; .NET4.0E)"
132.230.35.160 - - [14/Aug/2013:09:09:31 +0200] "GET /db_micronair_80a.jpg HTTP/1.0" 200 3327 "http://www.sirius-berlin.de/Shop/Filter/filter_1.html" "Mozilla/4.0 (compatible; MSIE 8.0; Windows NT 5.1; Trident/4.0; InfoPath.1; .NET CLR 2.0.50727; .NET CLR 3.0.04506.30; .NET4.0C; .NET CLR 3.0.4506.2152; .NET CLR 3.5.30729; .NET4.0E)"
66.249.72.226 - - [14/Aug/2013:20:14:33 +0200] "GET /Shop/shop.html HTTP/1.1" 304 - "-" "Mozilla/5.0 (iPhone; U; CPU iPhone OS 4_1 like Mac OS X; en-us) AppleWebKit/532.9 (KHTML, like Gecko) Version/4.0.5 Mobile/8B117 Safari/6531.22.7 (compatible; Googlebot-Mobile/2.1; +http://www.google.com/bot.html)"
141.8.147.12 - - [14/Aug/2013:20:47:54 +0200] "GET /robots.txt HTTP/1.1" 404 1256 "-" "Mozilla/5.0 (compatible; YandexBot/3.0; +http://yandex.com/bots)"
141.8.147.12 - - [14/Aug/2013:21:12:14 +0200] "GET / HTTP/1.1" 200 12828 "-" "Mozilla/5.0 (compatible; YandexBot/3.0; +http://yandex.com/bots)"
141.8.147.12 - - [14/Aug/2013:21:17:00 +0200] "GET /Produkte_NnBanner.gif HTTP/1.1" 304 - "-" "Mozilla/5.0 (compatible; YandexImages/3.0; +http://yandex.com/bots)"
141.8.147.12 - - [14/Aug/2013:21:54:46 +0200] "GET /db_micronair_100a.jpg HTTP/1.1" 304 - "-" "Mozilla/5.0 (compatible; YandexImages/3.0; +http://yandex.com/bots)"
178.238.232.180 - - [14/Aug/2013:23:08:39 +0200] "GET / HTTP/1.1" 200 12828 "-" "-"
178.238.232.180 - - [14/Aug/2013:23:08:39 +0200] "GET / HTTP/1.1" 200 12828 "-" "-"
178.238.232.180 - - [14/Aug/2013:23:08:39 +0200] "GET / HTTP/1.1" 200 12828 "-" "-"
178.238.232.180 - - [14/Aug/2013:23:08:41 +0200] "GET /index.html HTTP/1.1" 200 12828 "-" "-"
178.238.232.180 - - [14/Aug/2013:23:08:41 +0200] "GET /Produkte/produkte.html HTTP/1.1" 200 17755 "-" "-"
178.238.232.180 - - [14/Aug/2013:23:08:41 +0200] "GET /Feinstaubfilter/feinstaubfilter.html HTTP/1.1" 200 13065 "-" "-"
178.238.232.180 - - [14/Aug/2013:23:08:42 +0200] "GET /Service_Kontakt/service_kontakt.html HTTP/1.1" 200 11157 "-" "-"
178.238.232.180 - - [14/Aug/2013:23:08:42 +0200] "GET /Impressum/impressum.html HTTP/1.1" 200 11991 "-" "-"
178.238.232.180 - - [14/Aug/2013:23:08:42 +0200] "GET /Shop/shop.html HTTP/1.1" 200 59578 "-" "-"
144.76.42.76 - - [14/Aug/2013:23:39:19 +0200] "GET / HTTP/1.1" 200 12828 "-" "Mozilla/5.0 (Macintosh; Intel Mac OS X 10_8_2) AppleWebKit/537.17 (KHTML, like Gecko) Chrome/24.0.1312.52 Safari/537.17"
144.76.42.76 - - [14/Aug/2013:23:39:19 +0200] "GET / HTTP/1.1" 200 12828 "-" "Mozilla/5.0 (Macintosh; Intel Mac OS X 10_8_2) AppleWebKit/537.17 (KHTML, like Gecko) Chrome/24.0.1312.52 Safari/537.17"
66.249.72.226 - - [15/Aug/2013:03:11:43 +0200] "GET /robots.txt HTTP/1.1" 404 1256 "-" "Mozilla/5.0 (compatible; Googlebot/2.1; +http://www.google.com/bot.html)"
66.249.72.226 - - [15/Aug/2013:03:12:21 +0200] "GET / HTTP/1.1" 200 12828 "-" "Mozilla/5.0 (compatible; Googlebot/2.1; +http://www.google.com/bot.html)"
141.8.147.12 - - [15/Aug/2013:06:33:16 +0200] "GET /Produkte_Hp3.gif HTTP/1.1" 304 - "-" "Mozilla/5.0 (compatible; YandexImages/3.0; +http://yandex.com/bots)"
66.249.72.226 - - [15/Aug/2013:06:40:07 +0200] "GET /Feinstaubfilter/feinstaubfilter.html HTTP/1.1" 304 - "-" "Mozilla/5.0 (iPhone; U; CPU iPhone OS 4_1 like Mac OS X; en-us) AppleWebKit/532.9 (KHTML, like Gecko) Version/4.0.5 Mobile/8B117 Safari/6531.22.7 (compatible; Googlebot-Mobile/2.1; +http://www.google.com/bot.html)"
141.8.147.12 - - [15/Aug/2013:07:14:50 +0200] "GET /Filter_NnBanner.gif HTTP/1.1" 304 - "-" "Mozilla/5.0 (compatible; YandexImages/3.0; +http://yandex.com/bots)"
141.8.147.12 - - [15/Aug/2013:07:31:54 +0200] "GET /db_micronair_70a.jpg HTTP/1.1" 304 - "-" "Mozilla/5.0 (compatible; YandexImages/3.0; +http://yandex.com/bots)"
85.13.131.53 - - [15/Aug/2013:08:21:51 +0200] "GET / HTTP/1.0" 200 12828 "-" "-"
85.13.131.53 - - [15/Aug/2013:08:21:51 +0200] "GET / HTTP/1.0" 200 12828 "-" "-"
141.8.147.12 - - [15/Aug/2013:09:30:01 +0200] "GET /robots.txt HTTP/1.1" 404 1256 "-" "Mozilla/5.0 (compatible; YandexBot/3.0; +http://yandex.com/bots)"
141.8.147.12 - - [15/Aug/2013:09:30:03 +0200] "GET /weitere_Produkte_Hs1.gif HTTP/1.1" 304 - "-" "Mozilla/5.0 (compatible; YandexImages/3.0; +http://yandex.com/bots)"
141.8.147.12 - - [15/Aug/2013:09:39:55 +0200] "GET /db_micronair_80a1.jpg HTTP/1.1" 304 - "-" "Mozilla/5.0 (compatible; YandexImages/3.0; +http://yandex.com/bots)"
141.8.147.12 - - [15/Aug/2013:10:01:19 +0200] "GET /TUV_Siegel1.jpg HTTP/1.1" 304 - "-" "Mozilla/5.0 (compatible; YandexImages/3.0; +http://yandex.com/bots)"
141.8.147.12 - - [15/Aug/2013:10:55:21 +0200] "GET /zertifikat04.gif HTTP/1.1" 304 - "-" "Mozilla/5.0 (compatible; YandexImages/3.0; +http://yandex.com/bots)"
199.30.20.70 - - [15/Aug/2013:11:00:53 +0200] "GET /robots.txt HTTP/1.1" 404 1256 "-" "msnbot-media/1.1 (+http://search.msn.com/msnbot.htm)"
199.30.20.70 - - [15/Aug/2013:11:00:54 +0200] "GET /DSC00199.JPG HTTP/1.1" 200 7772 "-" "msnbot-media/1.1 (+http://search.msn.com/msnbot.htm)"
141.8.147.12 - - [15/Aug/2013:11:22:08 +0200] "GET /Produkte/a_thumb_Multipack02.jpg HTTP/1.1" 304 - "-" "Mozilla/5.0 (compatible; YandexImages/3.0; +http://yandex.com/bots)"
66.249.72.226 - - [15/Aug/2013:11:31:59 +0200] "GET /Feinstaubfilter/Dexwet/dexwet.html HTTP/1.1" 200 16100 "-" "Mozilla/5.0 (iPhone; U; CPU iPhone OS 4_1 like Mac OS X; en-us) AppleWebKit/532.9 (KHTML, like Gecko) Version/4.0.5 Mobile/8B117 Safari/6531.22.7 (compatible; Googlebot-Mobile/2.1; +http://www.google.com/bot.html)"
141.8.147.12 - - [15/Aug/2013:11:46:20 +0200] "GET /DSC00199.JPG HTTP/1.1" 304 - "-" "Mozilla/5.0 (compatible; YandexImages/3.0; +http://yandex.com/bots)"
141.8.147.12 - - [15/Aug/2013:12:23:53 +0200] "GET /RAL-UZ-55-FEB-2004_16003.jpg HTTP/1.1" 304 - "-" "Mozilla/5.0 (compatible; YandexImages/3.0; +http://yandex.com/bots)"
141.8.147.12 - - [15/Aug/2013:12:26:58 +0200] "GET / HTTP/1.1" 200 12828 "-" "Mozilla/5.0 (compatible; YandexBot/3.0; +http://yandex.com/bots)"
141.8.147.12 - - [15/Aug/2013:12:27:05 +0200] "GET / HTTP/1.1" 200 12828 "-" "Mozilla/5.0 (compatible; YandexBot/3.0; +http://yandex.com/bots)"
141.8.147.12 - - [15/Aug/2013:13:28:35 +0200] "GET /db_micronair_80a.jpg HTTP/1.1" 304 - "-" "Mozilla/5.0 (compatible; YandexImages/3.0; +http://yandex.com/bots)"
141.8.147.12 - - [15/Aug/2013:13:32:35 +0200] "GET /db_micronair_100a1.jpg HTTP/1.1" 304 - "-" "Mozilla/5.0 (compatible; YandexImages/3.0; +http://yandex.com/bots)"
141.8.147.12 - - [15/Aug/2013:14:42:41 +0200] "GET /Shop_Hp3.gif HTTP/1.1" 304 - "-" "Mozilla/5.0 (compatible; YandexImages/3.0; +http://yandex.com/bots)"
141.8.147.12 - - [15/Aug/2013:14:57:33 +0200] "GET /db_micronair_100a.jpg HTTP/1.1" 304 - "-" "Mozilla/5.0 (compatible; YandexImages/3.0; +http://yandex.com/bots)"
141.8.147.12 - - [15/Aug/2013:16:01:57 +0200] "GET /Shop_NnBanner.gif HTTP/1.1" 304 - "-" "Mozilla/5.0 (compatible; YandexImages/3.0; +http://yandex.com/bots)"
141.8.147.12 - - [15/Aug/2013:17:27:17 +0200] "GET /Shop_NnBanner.gif HTTP/1.1" 304 - "-" "Mozilla/5.0 (compatible; YandexImages/3.0; +http://yandex.com/bots)"
66.249.72.226 - - [15/Aug/2013:18:48:28 +0200] "GET /robots.txt HTTP/1.1" 404 1256 "-" "Mozilla/5.0 (compatible; Googlebot/2.1; +http://www.google.com/bot.html)"
5.10.83.35 - - [15/Aug/2013:19:35:33 +0200] "GET /robots.txt HTTP/1.1" 404 1256 "-" "Mozilla/5.0 (compatible; AhrefsBot/5.0; +http://ahrefs.com/robot/)"
141.8.147.12 - - [15/Aug/2013:19:50:25 +0200] "GET /weitere_Produkte_Hs1.gif HTTP/1.1" 304 - "-" "Mozilla/5.0 (compatible; YandexImages/3.0; +http://yandex.com/bots)"
141.8.147.12 - - [15/Aug/2013:20:02:26 +0200] "GET /Shop_Hp3.gif HTTP/1.1" 304 - "-" "Mozilla/5.0 (compatible; YandexImages/3.0; +http://yandex.com/bots)"
199.30.20.5 - - [15/Aug/2013:20:39:40 +0200] "GET /robots.txt HTTP/1.1" 404 1256 "-" "msnbot-media/1.1 (+http://search.msn.com/msnbot.htm)"
199.30.20.5 - - [15/Aug/2013:20:39:40 +0200] "GET /DSC00123a02.JPG HTTP/1.1" 200 4361 "-" "msnbot-media/1.1 (+http://search.msn.com/msnbot.htm)"
66.249.72.226 - - [15/Aug/2013:20:42:55 +0200] "GET /Produkte/produkte.html HTTP/1.1" 304 - "-" "Mozilla/5.0 (iPhone; U; CPU iPhone OS 4_1 like Mac OS X; en-us) AppleWebKit/532.9 (KHTML, like Gecko) Version/4.0.5 Mobile/8B117 Safari/6531.22.7 (compatible; Googlebot-Mobile/2.1; +http://www.google.com/bot.html)"
141.8.147.12 - - [15/Aug/2013:21:06:06 +0200] "GET /Tonerkartuschen_Ns1.gif HTTP/1.1" 304 - "-" "Mozilla/5.0 (compatible; YandexImages/3.0; +http://yandex.com/bots)"
141.8.147.12 - - [15/Aug/2013:21:09:42 +0200] "GET /db_micronair_80a.jpg HTTP/1.1" 304 - "-" "Mozilla/5.0 (compatible; YandexImages/3.0; +http://yandex.com/bots)"
157.55.32.104 - - [15/Aug/2013:21:37:18 +0200] "GET /robots.txt HTTP/1.1" 404 1256 "-" "Mozilla/5.0 (compatible; bingbot/2.0; +http://www.bing.com/bingbot.htm)"
157.55.32.104 - - [15/Aug/2013:21:37:53 +0200] "GET /Impressum/impressum.html HTTP/1.1" 200 11991 "-" "Mozilla/5.0 (compatible; bingbot/2.0; +http://www.bing.com/bingbot.htm)"
141.8.147.12 - - [15/Aug/2013:21:44:57 +0200] "GET /robots.txt HTTP/1.1" 404 1256 "-" "Mozilla/5.0 (compatible; YandexBot/3.0; +http://yandex.com/bots)"
141.8.147.12 - - [15/Aug/2013:21:44:59 +0200] "GET /RAL-UZ-55-FEB-2004_16003.jpg HTTP/1.1" 304 - "-" "Mozilla/5.0 (compatible; YandexImages/3.0; +http://yandex.com/bots)"
65.55.215.46 - - [15/Aug/2013:22:29:01 +0200] "GET /robots.txt HTTP/1.1" 404 1256 "-" "msnbot-media/1.1 (+http://search.msn.com/msnbot.htm)"
65.55.215.46 - - [15/Aug/2013:22:29:02 +0200] "GET /Gruppe02.jpg HTTP/1.1" 200 57869 "-" "msnbot-media/1.1 (+http://search.msn.com/msnbot.htm)"
141.8.147.12 - - [15/Aug/2013:22:30:21 +0200] "GET /db_micronair_80a1.jpg HTTP/1.1" 304 - "-" "Mozilla/5.0 (compatible; YandexImages/3.0; +http://yandex.com/bots)"
141.8.147.12 - - [15/Aug/2013:22:51:53 +0200] "GET /zertifikat04.gif HTTP/1.1" 304 - "-" "Mozilla/5.0 (compatible; YandexImages/3.0; +http://yandex.com/bots)"
93.220.223.182 - - [15/Aug/2013:23:06:47 +0200] "GET / HTTP/1.1" 200 12828 "-" "Mozilla/4.0 (compatible; MSIE 8.0; Windows NT 6.0; .NET CLR 1.1.4322)"
141.8.147.12 - - [15/Aug/2013:23:45:38 +0200] "GET /TUV_Siegel1.jpg HTTP/1.1" 304 - "-" "Mozilla/5.0 (compatible; YandexImages/3.0; +http://yandex.com/bots)"
131.253.38.101 - - [16/Aug/2013:00:13:02 +0200] "GET /robots.txt HTTP/1.1" 404 1256 "-" "msnbot-media/1.1 (+http://search.msn.com/msnbot.htm)"
131.253.38.101 - - [16/Aug/2013:00:13:02 +0200] "GET /Sirius-LOGO102.JPG HTTP/1.1" 200 4357 "-" "msnbot-media/1.1 (+http://search.msn.com/msnbot.htm)"
141.8.147.12 - - [16/Aug/2013:00:37:09 +0200] "GET /DSC00199.JPG HTTP/1.1" 304 - "-" "Mozilla/5.0 (compatible; YandexImages/3.0; +http://yandex.com/bots)"
141.8.147.12 - - [16/Aug/2013:00:52:55 +0200] "GET /db_micronair_100a1.jpg HTTP/1.1" 304 - "-" "Mozilla/5.0 (compatible; YandexImages/3.0; +http://yandex.com/bots)"
141.8.147.12 - - [16/Aug/2013:00:55:30 +0200] "GET /Produkte/a_thumb_Multipack02.jpg HTTP/1.1" 304 - "-" "Mozilla/5.0 (compatible; YandexImages/3.0; +http://yandex.com/bots)"
141.8.147.12 - - [16/Aug/2013:01:26:19 +0200] "GET /db_micronair_70a.jpg HTTP/1.1" 304 - "-" "Mozilla/5.0 (compatible; YandexImages/3.0; +http://yandex.com/bots)"
141.8.147.12 - - [16/Aug/2013:04:23:52 +0200] "GET /weitere_Produkte_Ns1.gif HTTP/1.1" 304 - "-" "Mozilla/5.0 (compatible; YandexImages/3.0; +http://yandex.com/bots)"
141.8.147.12 - - [16/Aug/2013:05:13:57 +0200] "GET /Gruppe02.jpg HTTP/1.1" 304 - "-" "Mozilla/5.0 (compatible; YandexImages/3.0; +http://yandex.com/bots)"
66.249.72.226 - - [16/Aug/2013:05:46:01 +0200] "GET /Service_Kontakt/service_kontakt.html HTTP/1.1" 304 - "-" "Mozilla/5.0 (iPhone; U; CPU iPhone OS 4_1 like Mac OS X; en-us) AppleWebKit/532.9 (KHTML, like Gecko) Version/4.0.5 Mobile/8B117 Safari/6531.22.7 (compatible; Googlebot-Mobile/2.1; +http://www.google.com/bot.html)"
65.55.52.86 - - [16/Aug/2013:05:50:53 +0200] "GET /robots.txt HTTP/1.1" 404 1256 "-" "Mozilla/5.0 (compatible; bingbot/2.0; +http://www.bing.com/bingbot.htm)"
65.55.52.86 - - [16/Aug/2013:05:51:18 +0200] "GET /Feinstaubfilter/Dexwet/dexwet.html HTTP/1.1" 200 16100 "-" "Mozilla/5.0 (compatible; bingbot/2.0; +http://www.bing.com/bingbot.htm)"
65.55.52.86 - - [16/Aug/2013:05:51:31 +0200] "GET /DSC00127a03.JPG HTTP/1.1" 200 4277 "-" "Mozilla/5.0 (compatible; bingbot/2.0; +http://www.bing.com/bingbot.htm)"
65.55.52.86 - - [16/Aug/2013:05:51:32 +0200] "GET /Shop_Np1.gif HTTP/1.1" 200 1699 "-" "Mozilla/5.0 (compatible; bingbot/2.0; +http://www.bing.com/bingbot.htm)"
157.55.32.113 - - [16/Aug/2013:05:51:58 +0200] "GET /Sirius-LOGO21.JPG HTTP/1.1" 200 2563 "-" "Mozilla/5.0 (compatible; bingbot/2.0; +http://www.bing.com/bingbot.htm)"
157.55.33.125 - - [16/Aug/2013:05:52:17 +0200] "GET /micronair_Ns1.gif HTTP/1.1" 200 1908 "-" "Mozilla/5.0 (compatible; bingbot/2.0; +http://www.bing.com/bingbot.htm)"
157.55.32.104 - - [16/Aug/2013:05:52:57 +0200] "GET /Dexwet_Hs1.gif HTTP/1.1" 200 1904 "-" "Mozilla/5.0 (compatible; bingbot/2.0; +http://www.bing.com/bingbot.htm)"
38.229.70.44 - - [16/Aug/2013:05:56:45 +0200] "GET / HTTP/1.0" 200 12828 "-" "Mozilla/5.0 (Windows NT 6.1; WOW64; rv:18.0) Gecko/20100101 Firefox/18.0"
157.55.32.104 - - [16/Aug/2013:06:00:57 +0200] "GET /Modular_Detail1.jpg HTTP/1.1" 200 8212 "-" "Mozilla/5.0 (compatible; bingbot/2.0; +http://www.bing.com/bingbot.htm)"
157.55.32.104 - - [16/Aug/2013:06:00:58 +0200] "GET /Home_Np1.gif HTTP/1.1" 200 1706 "-" "Mozilla/5.0 (compatible; bingbot/2.0; +http://www.bing.com/bingbot.htm)"
157.55.33.125 - - [16/Aug/2013:06:01:17 +0200] "GET /DSC00123a02.JPG HTTP/1.1" 200 4361 "-" "Mozilla/5.0 (compatible; bingbot/2.0; +http://www.bing.com/bingbot.htm)"
157.55.33.125 - - [16/Aug/2013:06:01:18 +0200] "GET /Produkte_Np1.gif HTTP/1.1" 200 1744 "-" "Mozilla/5.0 (compatible; bingbot/2.0; +http://www.bing.com/bingbot.htm)"
157.55.33.125 - - [16/Aug/2013:06:01:19 +0200] "GET /Service_Kontakt_Np1.gif HTTP/1.1" 200 1794 "-" "Mozilla/5.0 (compatible; bingbot/2.0; +http://www.bing.com/bingbot.htm)"
157.55.32.113 - - [16/Aug/2013:06:01:58 +0200] "GET /Feinstaubfilter_Hp3.gif HTTP/1.1" 200 1938 "-" "Mozilla/5.0 (compatible; bingbot/2.0; +http://www.bing.com/bingbot.htm)"
157.55.32.113 - - [16/Aug/2013:06:01:59 +0200] "GET /background.gif HTTP/1.1" 200 5457 "-" "Mozilla/5.0 (compatible; bingbot/2.0; +http://www.bing.com/bingbot.htm)"
141.8.147.12 - - [16/Aug/2013:06:02:22 +0200] "GET /Tonerkartuschen_Ns1.gif HTTP/1.1" 304 - "-" "Mozilla/5.0 (compatible; YandexImages/3.0; +http://yandex.com/bots)"
199.30.20.70 - - [16/Aug/2013:06:13:00 +0200] "GET /robots.txt HTTP/1.1" 404 1256 "-" "msnbot-media/1.1 (+http://search.msn.com/msnbot.htm)"
199.30.20.70 - - [16/Aug/2013:06:13:00 +0200] "GET /DSC00199.JPG HTTP/1.1" 200 7772 "-" "msnbot-media/1.1 (+http://search.msn.com/msnbot.htm)"
141.8.147.12 - - [16/Aug/2013:06:38:18 +0200] "GET /weitere_Produkte_NnBanner.gif HTTP/1.1" 304 - "-" "Mozilla/5.0 (compatible; YandexImages/3.0; +http://yandex.com/bots)"
199.30.25.0 - - [16/Aug/2013:06:52:35 +0200] "GET /rollover.js HTTP/1.1" 200 32709 "http://www.sirius-berlin.de/Feinstaubfilter/Dexwet/dexwet.html" "Mozilla/5.0 (Windows NT 6.1; WOW64) AppleWebKit/534+ (KHTML, like Gecko) BingPreview/1.0b"
199.30.25.0 - - [16/Aug/2013:06:52:37 +0200] "GET /Impressum_Np1.gif HTTP/1.1" 200 1750 "http://www.sirius-berlin.de/Feinstaubfilter/Dexwet/dexwet.html" "Mozilla/5.0 (Windows NT 6.1; WOW64) AppleWebKit/534+ (KHTML, like Gecko) BingPreview/1.0b"
199.30.25.0 - - [16/Aug/2013:06:52:37 +0200] "GET /Home_NRp2.gif HTTP/1.1" 200 1965 "http://www.sirius-berlin.de/Feinstaubfilter/Dexwet/dexwet.html" "Mozilla/5.0 (Windows NT 6.1; WOW64) AppleWebKit/534+ (KHTML, like Gecko) BingPreview/1.0b"
199.30.25.0 - - [16/Aug/2013:06:52:37 +0200] "GET /Dexwet_NnBanner.gif HTTP/1.1" 200 5987 "http://www.sirius-berlin.de/Feinstaubfilter/Dexwet/dexwet.html" "Mozilla/5.0 (Windows NT 6.1; WOW64) AppleWebKit/534+ (KHTML, like Gecko) BingPreview/1.0b"
199.30.25.0 - - [16/Aug/2013:06:52:38 +0200] "GET /Feinstaubfilter_HRp4.gif HTTP/1.1" 200 2579 "http://www.sirius-berlin.de/Feinstaubfilter/Dexwet/dexwet.html" "Mozilla/5.0 (Windows NT 6.1; WOW64) AppleWebKit/534+ (KHTML, like Gecko) BingPreview/1.0b"
199.30.25.0 - - [16/Aug/2013:06:52:38 +0200] "GET /Produkte_NRp2.gif HTTP/1.1" 200 2001 "http://www.sirius-berlin.de/Feinstaubfilter/Dexwet/dexwet.html" "Mozilla/5.0 (Windows NT 6.1; WOW64) AppleWebKit/534+ (KHTML, like Gecko) BingPreview/1.0b"
199.30.25.0 - - [16/Aug/2013:06:52:38 +0200] "GET /Dexwet_HRs4.gif HTTP/1.1" 200 1880 "http://www.sirius-berlin.de/Feinstaubfilter/Dexwet/dexwet.html" "Mozilla/5.0 (Windows NT 6.1; WOW64) AppleWebKit/534+ (KHTML, like Gecko) BingPreview/1.0b"
199.30.25.0 - - [16/Aug/2013:06:52:38 +0200] "GET /micronair_NRs2.gif HTTP/1.1" 200 1885 "http://www.sirius-berlin.de/Feinstaubfilter/Dexwet/dexwet.html" "Mozilla/5.0 (Windows NT 6.1; WOW64) AppleWebKit/534+ (KHTML, like Gecko) BingPreview/1.0b"
199.30.25.0 - - [16/Aug/2013:06:52:38 +0200] "GET /Shop_NRp2.gif HTTP/1.1" 200 1954 "http://www.sirius-berlin.de/Feinstaubfilter/Dexwet/dexwet.html" "Mozilla/5.0 (Windows NT 6.1; WOW64) AppleWebKit/534+ (KHTML, like Gecko) BingPreview/1.0b"
199.30.25.0 - - [16/Aug/2013:06:52:38 +0200] "GET /Service_Kontakt_NRp2.gif HTTP/1.1" 200 2044 "http://www.sirius-berlin.de/Feinstaubfilter/Dexwet/dexwet.html" "Mozilla/5.0 (Windows NT 6.1; WOW64) AppleWebKit/534+ (KHTML, like Gecko) BingPreview/1.0b"
199.30.25.0 - - [16/Aug/2013:06:52:39 +0200] "GET /Impressum_NRp2.gif HTTP/1.1" 200 2011 "http://www.sirius-berlin.de/Feinstaubfilter/Dexwet/dexwet.html" "Mozilla/5.0 (Windows NT 6.1; WOW64) AppleWebKit/534+ (KHTML, like Gecko) BingPreview/1.0b"
141.8.147.12 - - [16/Aug/2013:07:41:04 +0200] "GET /Filter_Ns1.gif HTTP/1.1" 304 - "-" "Mozilla/5.0 (compatible; YandexImages/3.0; +http://yandex.com/bots)"
65.55.215.60 - - [16/Aug/2013:08:37:49 +0200] "GET /robots.txt HTTP/1.1" 404 1256 "-" "msnbot-media/1.1 (+http://search.msn.com/msnbot.htm)"
65.55.215.60 - - [16/Aug/2013:08:37:49 +0200] "GET /Karte02.JPG HTTP/1.1" 200 14958 "-" "msnbot-media/1.1 (+http://search.msn.com/msnbot.htm)"
199.30.16.12 - - [16/Aug/2013:08:55:26 +0200] "GET /robots.txt HTTP/1.1" 404 1256 "-" "msnbot-media/1.1 (+http://search.msn.com/msnbot.htm)"
199.30.16.12 - - [16/Aug/2013:08:55:26 +0200] "GET /TUV_Siegel1.jpg HTTP/1.1" 200 34036 "-" "msnbot-media/1.1 (+http://search.msn.com/msnbot.htm)"
92.224.175.60 - - [16/Aug/2013:09:27:13 +0200] "GET / HTTP/1.1" 200 12828 "-" "Mozilla/5.0"
141.8.147.12 - - [16/Aug/2013:10:07:27 +0200] "GET /robots.txt HTTP/1.1" 404 1256 "-" "Mozilla/5.0 (compatible; YandexBot/3.0; +http://yandex.com/bots)"
141.8.147.12 - - [16/Aug/2013:10:07:29 +0200] "GET /Filter_Hs1.gif HTTP/1.1" 304 - "-" "Mozilla/5.0 (compatible; YandexImages/3.0; +http://yandex.com/bots)"
85.214.21.33 - - [16/Aug/2013:11:50:03 +0200] "GET / HTTP/1.0" 200 12828 "-" "-"
141.8.147.12 - - [16/Aug/2013:12:02:44 +0200] "GET /weitere_Produkte_Ns1.gif HTTP/1.1" 304 - "-" "Mozilla/5.0 (compatible; YandexImages/3.0; +http://yandex.com/bots)"
141.8.147.12 - - [16/Aug/2013:12:45:34 +0200] "GET /weitere_Produkte_NnBanner.gif HTTP/1.1" 304 - "-" "Mozilla/5.0 (compatible; YandexImages/3.0; +http://yandex.com/bots)"
141.8.147.12 - - [16/Aug/2013:14:08:44 +0200] "GET /Filter_Ns1.gif HTTP/1.1" 304 - "-" "Mozilla/5.0 (compatible; YandexImages/3.0; +http://yandex.com/bots)"
178.77.126.55 - - [16/Aug/2013:15:39:08 +0200] "GET /robots.txt HTTP/1.1" 404 1256 "-" "Mozilla/5.0 (compatible; CareerBot/1.1; +http://www.career-x.de/bot.html)"
178.77.126.55 - - [16/Aug/2013:15:39:08 +0200] "GET / HTTP/1.1" 200 12828 "-" "Mozilla/5.0 (compatible; CareerBot/1.1; +http://www.career-x.de/bot.html)"
141.8.147.12 - - [16/Aug/2013:15:49:55 +0200] "GET /Filter_Hs1.gif HTTP/1.1" 304 - "-" "Mozilla/5.0 (compatible; YandexImages/3.0; +http://yandex.com/bots)"
15.227.185.72 - - [16/Aug/2013:16:27:28 +0200] "GET /Impressum/impressum.html HTTP/1.1" 200 11991 "http://www.google.de/url?sa=t&rct=j&q=annemarie%20wernhammer%2Bberlin&source=web&cd=3&ved=0CEAQFjAC&url=http%3A%2F%2Fwww.sirius-berlin.de%2FImpressum%2Fimpressum.html&ei=ljYOUsndN4Sy2wX5soD4Cg&usg=AFQjCNGXSW3fpvGlrISY3JaZEnm2R0m1Zw" "Mozilla/5.0 (Windows NT 6.1; WOW64) AppleWebKit/537.36 (KHTML, like Gecko) Chrome/28.0.1500.95 Safari/537.36"
15.227.185.72 - - [16/Aug/2013:16:27:28 +0200] "GET /background.gif HTTP/1.1" 200 5457 "http://www.sirius-berlin.de/Impressum/impressum.html" "Mozilla/5.0 (Windows NT 6.1; WOW64) AppleWebKit/537.36 (KHTML, like Gecko) Chrome/28.0.1500.95 Safari/537.36"
15.227.185.72 - - [16/Aug/2013:16:27:28 +0200] "GET /Sirius-LOGO21.JPG HTTP/1.1" 200 2563 "http://www.sirius-berlin.de/Impressum/impressum.html" "Mozilla/5.0 (Windows NT 6.1; WOW64) AppleWebKit/537.36 (KHTML, like Gecko) Chrome/28.0.1500.95 Safari/537.36"
15.227.185.72 - - [16/Aug/2013:16:27:28 +0200] "GET /rollover.js HTTP/1.1" 200 32709 "http://www.sirius-berlin.de/Impressum/impressum.html" "Mozilla/5.0 (Windows NT 6.1; WOW64) AppleWebKit/537.36 (KHTML, like Gecko) Chrome/28.0.1500.95 Safari/537.36"
15.227.185.72 - - [16/Aug/2013:16:27:28 +0200] "GET /clearpixel.gif HTTP/1.1" 200 43 "http://www.sirius-berlin.de/Impressum/impressum.html" "Mozilla/5.0 (Windows NT 6.1; WOW64) AppleWebKit/537.36 (KHTML, like Gecko) Chrome/28.0.1500.95 Safari/537.36"
15.227.185.72 - - [16/Aug/2013:16:27:28 +0200] "GET /Home_Np1.gif HTTP/1.1" 200 1706 "http://www.sirius-berlin.de/Impressum/impressum.html" "Mozilla/5.0 (Windows NT 6.1; WOW64) AppleWebKit/537.36 (KHTML, like Gecko) Chrome/28.0.1500.95 Safari/537.36"
15.227.185.72 - - [16/Aug/2013:16:27:28 +0200] "GET /Shop_Np1.gif HTTP/1.1" 200 1699 "http://www.sirius-berlin.de/Impressum/impressum.html" "Mozilla/5.0 (Windows NT 6.1; WOW64) AppleWebKit/537.36 (KHTML, like Gecko) Chrome/28.0.1500.95 Safari/537.36"
15.227.185.72 - - [16/Aug/2013:16:27:28 +0200] "GET /Service_Kontakt_Np1.gif HTTP/1.1" 200 1794 "http://www.sirius-berlin.de/Impressum/impressum.html" "Mozilla/5.0 (Windows NT 6.1; WOW64) AppleWebKit/537.36 (KHTML, like Gecko) Chrome/28.0.1500.95 Safari/537.36"
15.227.185.72 - - [16/Aug/2013:16:27:28 +0200] "GET /Feinstaubfilter_Np1.gif HTTP/1.1" 200 1780 "http://www.sirius-berlin.de/Impressum/impressum.html" "Mozilla/5.0 (Windows NT 6.1; WOW64) AppleWebKit/537.36 (KHTML, like Gecko) Chrome/28.0.1500.95 Safari/537.36"
15.227.185.72 - - [16/Aug/2013:16:27:28 +0200] "GET /Impressum_Hp3.gif HTTP/1.1" 200 1876 "http://www.sirius-berlin.de/Impressum/impressum.html" "Mozilla/5.0 (Windows NT 6.1; WOW64) AppleWebKit/537.36 (KHTML, like Gecko) Chrome/28.0.1500.95 Safari/537.36"
15.227.185.72 - - [16/Aug/2013:16:27:29 +0200] "GET /Produkte_Np1.gif HTTP/1.1" 200 1744 "http://www.sirius-berlin.de/Impressum/impressum.html" "Mozilla/5.0 (Windows NT 6.1; WOW64) AppleWebKit/537.36 (KHTML, like Gecko) Chrome/28.0.1500.95 Safari/537.36"
15.227.185.72 - - [16/Aug/2013:16:27:30 +0200] "GET /BuiltWithNOF.gif HTTP/1.1" 200 2587 "http://www.sirius-berlin.de/Impressum/impressum.html" "Mozilla/5.0 (Windows NT 6.1; WOW64) AppleWebKit/537.36 (KHTML, like Gecko) Chrome/28.0.1500.95 Safari/537.36"
15.227.185.72 - - [16/Aug/2013:16:27:30 +0200] "GET /Impressum_NnBanner.gif HTTP/1.1" 200 5996 "http://www.sirius-berlin.de/Impressum/impressum.html" "Mozilla/5.0 (Windows NT 6.1; WOW64) AppleWebKit/537.36 (KHTML, like Gecko) Chrome/28.0.1500.95 Safari/537.36"
15.227.185.72 - - [16/Aug/2013:16:27:31 +0200] "GET /Karte02.JPG HTTP/1.1" 200 14958 "http://www.sirius-berlin.de/Impressum/impressum.html" "Mozilla/5.0 (Windows NT 6.1; WOW64) AppleWebKit/537.36 (KHTML, like Gecko) Chrome/28.0.1500.95 Safari/537.36"
15.227.185.72 - - [16/Aug/2013:16:27:31 +0200] "GET /Sirius-LOGO102.JPG HTTP/1.1" 200 4357 "http://www.sirius-berlin.de/Impressum/impressum.html" "Mozilla/5.0 (Windows NT 6.1; WOW64) AppleWebKit/537.36 (KHTML, like Gecko) Chrome/28.0.1500.95 Safari/537.36"
15.227.185.72 - - [16/Aug/2013:16:27:31 +0200] "GET /Produkte_NRp2.gif HTTP/1.1" 200 2001 "http://www.sirius-berlin.de/Impressum/impressum.html" "Mozilla/5.0 (Windows NT 6.1; WOW64) AppleWebKit/537.36 (KHTML, like Gecko) Chrome/28.0.1500.95 Safari/537.36"
15.227.185.72 - - [16/Aug/2013:16:27:31 +0200] "GET /Impressum_HRp4.gif HTTP/1.1" 200 2143 "http://www.sirius-berlin.de/Impressum/impressum.html" "Mozilla/5.0 (Windows NT 6.1; WOW64) AppleWebKit/537.36 (KHTML, like Gecko) Chrome/28.0.1500.95 Safari/537.36"
15.227.185.72 - - [16/Aug/2013:16:27:31 +0200] "GET /Feinstaubfilter_NRp2.gif HTTP/1.1" 200 2034 "http://www.sirius-berlin.de/Impressum/impressum.html" "Mozilla/5.0 (Windows NT 6.1; WOW64) AppleWebKit/537.36 (KHTML, like Gecko) Chrome/28.0.1500.95 Safari/537.36"
15.227.185.72 - - [16/Aug/2013:16:27:31 +0200] "GET /Shop_NRp2.gif HTTP/1.1" 200 1954 "http://www.sirius-berlin.de/Impressum/impressum.html" "Mozilla/5.0 (Windows NT 6.1; WOW64) AppleWebKit/537.36 (KHTML, like Gecko) Chrome/28.0.1500.95 Safari/537.36"
15.227.185.72 - - [16/Aug/2013:16:27:31 +0200] "GET /Service_Kontakt_NRp2.gif HTTP/1.1" 200 2044 "http://www.sirius-berlin.de/Impressum/impressum.html" "Mozilla/5.0 (Windows NT 6.1; WOW64) AppleWebKit/537.36 (KHTML, like Gecko) Chrome/28.0.1500.95 Safari/537.36"
15.227.185.72 - - [16/Aug/2013:16:27:31 +0200] "GET /Home_NRp2.gif HTTP/1.1" 200 1965 "http://www.sirius-berlin.de/Impressum/impressum.html" "Mozilla/5.0 (Windows NT 6.1; WOW64) AppleWebKit/537.36 (KHTML, like Gecko) Chrome/28.0.1500.95 Safari/537.36"
15.227.185.72 - - [16/Aug/2013:16:27:32 +0200] "GET /favicon.ico HTTP/1.1" 404 1256 "-" "Mozilla/5.0 (Windows NT 6.1; WOW64) AppleWebKit/537.36 (KHTML, like Gecko) Chrome/28.0.1500.95 Safari/537.36"
141.8.147.12 - - [16/Aug/2013:16:36:43 +0200] "GET /Gruppe02.jpg HTTP/1.1" 304 - "-" "Mozilla/5.0 (compatible; YandexImages/3.0; +http://yandex.com/bots)"
66.249.72.226 - - [16/Aug/2013:17:40:11 +0200] "GET /robots.txt HTTP/1.1" 404 1256 "-" "Mozilla/5.0 (compatible; Googlebot/2.1; +http://www.google.com/bot.html)"
66.249.72.226 - - [16/Aug/2013:17:40:11 +0200] "GET /Impressum/impressum.html HTTP/1.1" 304 - "-" "Mozilla/5.0 (iPhone; U; CPU iPhone OS 4_1 like Mac OS X; en-us) AppleWebKit/532.9 (KHTML, like Gecko) Version/4.0.5 Mobile/8B117 Safari/6531.22.7 (compatible; Googlebot-Mobile/2.1; +http://www.google.com/bot.html)"
84.38.65.176 - - [16/Aug/2013:18:07:39 +0200] "GET / HTTP/1.0" 200 12828 "http://www.domain-reputation.de/www.sirius-berlin.de" "T-Online Browser"
66.249.72.226 - - [16/Aug/2013:18:40:53 +0200] "GET /Produkte/Tintenpatronen/tintenpatronen.html HTTP/1.1" 200 15225 "-" "Mozilla/5.0 (iPhone; U; CPU iPhone OS 4_1 like Mac OS X; en-us) AppleWebKit/532.9 (KHTML, like Gecko) Version/4.0.5 Mobile/8B117 Safari/6531.22.7 (compatible; Googlebot-Mobile/2.1; +http://www.google.com/bot.html)"
65.55.215.46 - - [17/Aug/2013:01:02:33 +0200] "GET /robots.txt HTTP/1.1" 404 1256 "-" "msnbot-media/1.1 (+http://search.msn.com/msnbot.htm)"
65.55.215.46 - - [17/Aug/2013:01:02:34 +0200] "GET /Gruppe02.jpg HTTP/1.1" 200 57869 "-" "msnbot-media/1.1 (+http://search.msn.com/msnbot.htm)"
65.55.52.86 - - [17/Aug/2013:05:18:40 +0200] "GET /robots.txt HTTP/1.1" 404 1256 "-" "Mozilla/5.0 (compatible; bingbot/2.0; +http://www.bing.com/bingbot.htm)"
65.55.52.86 - - [17/Aug/2013:05:19:07 +0200] "GET / HTTP/1.1" 304 - "-" "Mozilla/5.0 (compatible; bingbot/2.0; +http://www.bing.com/bingbot.htm)"
66.249.72.226 - - [17/Aug/2013:06:07:44 +0200] "GET /robots.txt HTTP/1.1" 404 1256 "-" "Mozilla/5.0 (compatible; Googlebot/2.1; +http://www.google.com/bot.html)"
66.249.72.226 - - [17/Aug/2013:06:07:44 +0200] "GET / HTTP/1.1" 200 12828 "-" "Mozilla/5.0 (iPhone; U; CPU iPhone OS 4_1 like Mac OS X; en-us) AppleWebKit/532.9 (KHTML, like Gecko) Version/4.0.5 Mobile/8B117 Safari/6531.22.7 (compatible; Googlebot-Mobile/2.1; +http://www.google.com/bot.html)"
66.249.72.226 - - [17/Aug/2013:08:26:23 +0200] "GET /Shop/shop.html HTTP/1.1" 304 - "-" "Mozilla/5.0 (iPhone; U; CPU iPhone OS 4_1 like Mac OS X; en-us) AppleWebKit/532.9 (KHTML, like Gecko) Version/4.0.5 Mobile/8B117 Safari/6531.22.7 (compatible; Googlebot-Mobile/2.1; +http://www.google.com/bot.html)"
81.144.138.34 - - [17/Aug/2013:09:18:07 +0200] "GET /robots.txt HTTP/1.1" 404 1256 "-" "Wotbox/2.01 (+http://www.wotbox.com/bot/)"
81.144.138.34 - - [17/Aug/2013:09:18:19 +0200] "GET / HTTP/1.1" 200 12828 "-" "Wotbox/2.01 (+http://www.wotbox.com/bot/)"
81.144.138.34 - - [17/Aug/2013:09:18:26 +0200] "GET /index.html HTTP/1.1" 200 12828 "-" "Wotbox/2.01 (+http://www.wotbox.com/bot/)"
81.144.138.34 - - [17/Aug/2013:09:18:33 +0200] "GET /Produkte/produkte.html HTTP/1.1" 200 17755 "-" "Wotbox/2.01 (+http://www.wotbox.com/bot/)"
81.144.138.34 - - [17/Aug/2013:09:18:40 +0200] "GET /Feinstaubfilter/feinstaubfilter.html HTTP/1.1" 200 13065 "-" "Wotbox/2.01 (+http://www.wotbox.com/bot/)"
81.144.138.34 - - [17/Aug/2013:09:18:48 +0200] "GET /Service_Kontakt/service_kontakt.html HTTP/1.1" 200 11157 "-" "Wotbox/2.01 (+http://www.wotbox.com/bot/)"
81.144.138.34 - - [17/Aug/2013:09:18:53 +0200] "GET /Impressum/impressum.html HTTP/1.1" 200 11991 "-" "Wotbox/2.01 (+http://www.wotbox.com/bot/)"
81.144.138.34 - - [17/Aug/2013:09:19:02 +0200] "GET /Shop/shop.html HTTP/1.1" 200 59578 "-" "Wotbox/2.01 (+http://www.wotbox.com/bot/)"
81.144.138.34 - - [17/Aug/2013:09:19:10 +0200] "GET /Produkte/Tonerkartuschen/tonerkartuschen.html HTTP/1.1" 200 13203 "-" "Wotbox/2.01 (+http://www.wotbox.com/bot/)"
81.144.138.34 - - [17/Aug/2013:09:19:17 +0200] "GET /Produkte/Tintenpatronen/tintenpatronen.html HTTP/1.1" 200 15225 "-" "Wotbox/2.01 (+http://www.wotbox.com/bot/)"
81.144.138.34 - - [17/Aug/2013:09:19:25 +0200] "GET /Produkte/weitere_Produkte/weitere_produkte.html HTTP/1.1" 200 12524 "-" "Wotbox/2.01 (+http://www.wotbox.com/bot/)"
81.144.138.34 - - [17/Aug/2013:09:19:30 +0200] "GET /Feinstaubfilter/Dexwet/dexwet.html HTTP/1.1" 200 16100 "-" "Wotbox/2.01 (+http://www.wotbox.com/bot/)"
81.144.138.34 - - [17/Aug/2013:09:19:38 +0200] "GET /Feinstaubfilter/micronair/micronair.html HTTP/1.1" 200 19812 "-" "Wotbox/2.01 (+http://www.wotbox.com/bot/)"
81.144.138.34 - - [17/Aug/2013:09:19:45 +0200] "GET /Shop/Filter/filter_0.html HTTP/1.1" 200 26544 "-" "Wotbox/2.01 (+http://www.wotbox.com/bot/)"
81.144.138.34 - - [17/Aug/2013:09:19:52 +0200] "GET /Shop/Filter/filter_1.html HTTP/1.1" 200 26543 "-" "Wotbox/2.01 (+http://www.wotbox.com/bot/)"
81.144.138.34 - - [17/Aug/2013:09:19:58 +0200] "GET /Shop/Filter/filter_2.html HTTP/1.1" 200 26547 "-" "Wotbox/2.01 (+http://www.wotbox.com/bot/)"
92.226.20.197 - - [17/Aug/2013:14:57:24 +0200] "GET / HTTP/1.1" 200 12828 "http://www.bing.com/search?FORM=UP74DF&PC=UP74&dt=052913&q=sirius+berlin&src=IE-SearchBox" "Mozilla/4.0 (compatible; MSIE 9.0; GACID=imp_34780; LTID=34780 Gacela=2-{AB6191F8-7F48-4078-B0B2-C97FA710EC8E}-34780; Windows NT 6.1; WOW64; Trident/6.0; SLCC2; .NET CLR 2.0.50727; .NET CLR 3.5.30729; .NET CLR 3.0.30729; Media Center PC 6.0; BRI/2; MASM; LTID=34780; GACID=imp_34780; OfficeLiveConnector.1.5; OfficeLivePatch.1.3; Gacela=2-{AB6191F8-7F48-4078-B0B2-C97FA710EC8E}-34780; .NET4.0E; .NET4.0C; EIE10;DEDEWOL)"
92.226.20.197 - - [17/Aug/2013:14:57:24 +0200] "GET /clearpixel.gif HTTP/1.1" 200 43 "http://www.sirius-berlin.de/" "Mozilla/4.0 (compatible; MSIE 9.0; GACID=imp_34780; LTID=34780 Gacela=2-{AB6191F8-7F48-4078-B0B2-C97FA710EC8E}-34780; Windows NT 6.1; WOW64; Trident/6.0; SLCC2; .NET CLR 2.0.50727; .NET CLR 3.5.30729; .NET CLR 3.0.30729; Media Center PC 6.0; BRI/2; MASM; LTID=34780; GACID=imp_34780; OfficeLiveConnector.1.5; OfficeLivePatch.1.3; Gacela=2-{AB6191F8-7F48-4078-B0B2-C97FA710EC8E}-34780; .NET4.0E; .NET4.0C; EIE10;DEDEWOL)"
92.226.20.197 - - [17/Aug/2013:14:57:24 +0200] "GET /Sirius-LOGO21.JPG HTTP/1.1" 200 2563 "http://www.sirius-berlin.de/" "Mozilla/4.0 (compatible; MSIE 9.0; GACID=imp_34780; LTID=34780 Gacela=2-{AB6191F8-7F48-4078-B0B2-C97FA710EC8E}-34780; Windows NT 6.1; WOW64; Trident/6.0; SLCC2; .NET CLR 2.0.50727; .NET CLR 3.5.30729; .NET CLR 3.0.30729; Media Center PC 6.0; BRI/2; MASM; LTID=34780; GACID=imp_34780; OfficeLiveConnector.1.5; OfficeLivePatch.1.3; Gacela=2-{AB6191F8-7F48-4078-B0B2-C97FA710EC8E}-34780; .NET4.0E; .NET4.0C; EIE10;DEDEWOL)"
92.226.20.197 - - [17/Aug/2013:14:57:24 +0200] "GET /Produkte_Np1.gif HTTP/1.1" 200 1744 "http://www.sirius-berlin.de/" "Mozilla/4.0 (compatible; MSIE 9.0; GACID=imp_34780; LTID=34780 Gacela=2-{AB6191F8-7F48-4078-B0B2-C97FA710EC8E}-34780; Windows NT 6.1; WOW64; Trident/6.0; SLCC2; .NET CLR 2.0.50727; .NET CLR 3.5.30729; .NET CLR 3.0.30729; Media Center PC 6.0; BRI/2; MASM; LTID=34780; GACID=imp_34780; OfficeLiveConnector.1.5; OfficeLivePatch.1.3; Gacela=2-{AB6191F8-7F48-4078-B0B2-C97FA710EC8E}-34780; .NET4.0E; .NET4.0C; EIE10;DEDEWOL)"
92.226.20.197 - - [17/Aug/2013:14:57:24 +0200] "GET /Home_Hp3.gif HTTP/1.1" 200 1773 "http://www.sirius-berlin.de/" "Mozilla/4.0 (compatible; MSIE 9.0; GACID=imp_34780; LTID=34780 Gacela=2-{AB6191F8-7F48-4078-B0B2-C97FA710EC8E}-34780; Windows NT 6.1; WOW64; Trident/6.0; SLCC2; .NET CLR 2.0.50727; .NET CLR 3.5.30729; .NET CLR 3.0.30729; Media Center PC 6.0; BRI/2; MASM; LTID=34780; GACID=imp_34780; OfficeLiveConnector.1.5; OfficeLivePatch.1.3; Gacela=2-{AB6191F8-7F48-4078-B0B2-C97FA710EC8E}-34780; .NET4.0E; .NET4.0C; EIE10;DEDEWOL)"
92.226.20.197 - - [17/Aug/2013:14:57:24 +0200] "GET /Service_Kontakt_Np1.gif HTTP/1.1" 200 1794 "http://www.sirius-berlin.de/" "Mozilla/4.0 (compatible; MSIE 9.0; GACID=imp_34780; LTID=34780 Gacela=2-{AB6191F8-7F48-4078-B0B2-C97FA710EC8E}-34780; Windows NT 6.1; WOW64; Trident/6.0; SLCC2; .NET CLR 2.0.50727; .NET CLR 3.5.30729; .NET CLR 3.0.30729; Media Center PC 6.0; BRI/2; MASM; LTID=34780; GACID=imp_34780; OfficeLiveConnector.1.5; OfficeLivePatch.1.3; Gacela=2-{AB6191F8-7F48-4078-B0B2-C97FA710EC8E}-34780; .NET4.0E; .NET4.0C; EIE10;DEDEWOL)"
92.226.20.197 - - [17/Aug/2013:14:57:24 +0200] "GET /Feinstaubfilter_Np1.gif HTTP/1.1" 200 1780 "http://www.sirius-berlin.de/" "Mozilla/4.0 (compatible; MSIE 9.0; GACID=imp_34780; LTID=34780 Gacela=2-{AB6191F8-7F48-4078-B0B2-C97FA710EC8E}-34780; Windows NT 6.1; WOW64; Trident/6.0; SLCC2; .NET CLR 2.0.50727; .NET CLR 3.5.30729; .NET CLR 3.0.30729; Media Center PC 6.0; BRI/2; MASM; LTID=34780; GACID=imp_34780; OfficeLiveConnector.1.5; OfficeLivePatch.1.3; Gacela=2-{AB6191F8-7F48-4078-B0B2-C97FA710EC8E}-34780; .NET4.0E; .NET4.0C; EIE10;DEDEWOL)"
92.226.20.197 - - [17/Aug/2013:14:57:24 +0200] "GET /Impressum_Np1.gif HTTP/1.1" 200 1750 "http://www.sirius-berlin.de/" "Mozilla/4.0 (compatible; MSIE 9.0; GACID=imp_34780; LTID=34780 Gacela=2-{AB6191F8-7F48-4078-B0B2-C97FA710EC8E}-34780; Windows NT 6.1; WOW64; Trident/6.0; SLCC2; .NET CLR 2.0.50727; .NET CLR 3.5.30729; .NET CLR 3.0.30729; Media Center PC 6.0; BRI/2; MASM; LTID=34780; GACID=imp_34780; OfficeLiveConnector.1.5; OfficeLivePatch.1.3; Gacela=2-{AB6191F8-7F48-4078-B0B2-C97FA710EC8E}-34780; .NET4.0E; .NET4.0C; EIE10;DEDEWOL)"
92.226.20.197 - - [17/Aug/2013:14:57:24 +0200] "GET /Shop_Np1.gif HTTP/1.1" 200 1699 "http://www.sirius-berlin.de/" "Mozilla/4.0 (compatible; MSIE 9.0; GACID=imp_34780; LTID=34780 Gacela=2-{AB6191F8-7F48-4078-B0B2-C97FA710EC8E}-34780; Windows NT 6.1; WOW64; Trident/6.0; SLCC2; .NET CLR 2.0.50727; .NET CLR 3.5.30729; .NET CLR 3.0.30729; Media Center PC 6.0; BRI/2; MASM; LTID=34780; GACID=imp_34780; OfficeLiveConnector.1.5; OfficeLivePatch.1.3; Gacela=2-{AB6191F8-7F48-4078-B0B2-C97FA710EC8E}-34780; .NET4.0E; .NET4.0C; EIE10;DEDEWOL)"
92.226.20.197 - - [17/Aug/2013:14:57:24 +0200] "GET /BuiltWithNOF.gif HTTP/1.1" 200 2587 "http://www.sirius-berlin.de/" "Mozilla/4.0 (compatible; MSIE 9.0; GACID=imp_34780; LTID=34780 Gacela=2-{AB6191F8-7F48-4078-B0B2-C97FA710EC8E}-34780; Windows NT 6.1; WOW64; Trident/6.0; SLCC2; .NET CLR 2.0.50727; .NET CLR 3.5.30729; .NET CLR 3.0.30729; Media Center PC 6.0; BRI/2; MASM; LTID=34780; GACID=imp_34780; OfficeLiveConnector.1.5; OfficeLivePatch.1.3; Gacela=2-{AB6191F8-7F48-4078-B0B2-C97FA710EC8E}-34780; .NET4.0E; .NET4.0C; EIE10;DEDEWOL)"
92.226.20.197 - - [17/Aug/2013:14:57:24 +0200] "GET /Home_NnBanner.gif HTTP/1.1" 200 5803 "http://www.sirius-berlin.de/" "Mozilla/4.0 (compatible; MSIE 9.0; GACID=imp_34780; LTID=34780 Gacela=2-{AB6191F8-7F48-4078-B0B2-C97FA710EC8E}-34780; Windows NT 6.1; WOW64; Trident/6.0; SLCC2; .NET CLR 2.0.50727; .NET CLR 3.5.30729; .NET CLR 3.0.30729; Media Center PC 6.0; BRI/2; MASM; LTID=34780; GACID=imp_34780; OfficeLiveConnector.1.5; OfficeLivePatch.1.3; Gacela=2-{AB6191F8-7F48-4078-B0B2-C97FA710EC8E}-34780; .NET4.0E; .NET4.0C; EIE10;DEDEWOL)"
92.226.20.197 - - [17/Aug/2013:14:57:24 +0200] "GET /Sirius-LOGO1.JPG HTTP/1.1" 200 4357 "http://www.sirius-berlin.de/" "Mozilla/4.0 (compatible; MSIE 9.0; GACID=imp_34780; LTID=34780 Gacela=2-{AB6191F8-7F48-4078-B0B2-C97FA710EC8E}-34780; Windows NT 6.1; WOW64; Trident/6.0; SLCC2; .NET CLR 2.0.50727; .NET CLR 3.5.30729; .NET CLR 3.0.30729; Media Center PC 6.0; BRI/2; MASM; LTID=34780; GACID=imp_34780; OfficeLiveConnector.1.5; OfficeLivePatch.1.3; Gacela=2-{AB6191F8-7F48-4078-B0B2-C97FA710EC8E}-34780; .NET4.0E; .NET4.0C; EIE10;DEDEWOL)"
92.226.20.197 - - [17/Aug/2013:14:57:24 +0200] "GET /DSC0019902.JPG HTTP/1.1" 200 7772 "http://www.sirius-berlin.de/" "Mozilla/4.0 (compatible; MSIE 9.0; GACID=imp_34780; LTID=34780 Gacela=2-{AB6191F8-7F48-4078-B0B2-C97FA710EC8E}-34780; Windows NT 6.1; WOW64; Trident/6.0; SLCC2; .NET CLR 2.0.50727; .NET CLR 3.5.30729; .NET CLR 3.0.30729; Media Center PC 6.0; BRI/2; MASM; LTID=34780; GACID=imp_34780; OfficeLiveConnector.1.5; OfficeLivePatch.1.3; Gacela=2-{AB6191F8-7F48-4078-B0B2-C97FA710EC8E}-34780; .NET4.0E; .NET4.0C; EIE10;DEDEWOL)"
92.226.20.197 - - [17/Aug/2013:14:57:24 +0200] "GET /rollover.js HTTP/1.1" 200 32709 "http://www.sirius-berlin.de/" "Mozilla/4.0 (compatible; MSIE 9.0; GACID=imp_34780; LTID=34780 Gacela=2-{AB6191F8-7F48-4078-B0B2-C97FA710EC8E}-34780; Windows NT 6.1; WOW64; Trident/6.0; SLCC2; .NET CLR 2.0.50727; .NET CLR 3.5.30729; .NET CLR 3.0.30729; Media Center PC 6.0; BRI/2; MASM; LTID=34780; GACID=imp_34780; OfficeLiveConnector.1.5; OfficeLivePatch.1.3; Gacela=2-{AB6191F8-7F48-4078-B0B2-C97FA710EC8E}-34780; .NET4.0E; .NET4.0C; EIE10;DEDEWOL)"
92.226.20.197 - - [17/Aug/2013:14:57:24 +0200] "GET /background.gif HTTP/1.1" 200 5457 "http://www.sirius-berlin.de/" "Mozilla/4.0 (compatible; MSIE 9.0; GACID=imp_34780; LTID=34780 Gacela=2-{AB6191F8-7F48-4078-B0B2-C97FA710EC8E}-34780; Windows NT 6.1; WOW64; Trident/6.0; SLCC2; .NET CLR 2.0.50727; .NET CLR 3.5.30729; .NET CLR 3.0.30729; Media Center PC 6.0; BRI/2; MASM; LTID=34780; GACID=imp_34780; OfficeLiveConnector.1.5; OfficeLivePatch.1.3; Gacela=2-{AB6191F8-7F48-4078-B0B2-C97FA710EC8E}-34780; .NET4.0E; .NET4.0C; EIE10;DEDEWOL)"
92.226.20.197 - - [17/Aug/2013:14:57:24 +0200] "GET /Home_HRp4.gif HTTP/1.1" 200 2027 "http://www.sirius-berlin.de/" "Mozilla/4.0 (compatible; MSIE 9.0; GACID=imp_34780; LTID=34780 Gacela=2-{AB6191F8-7F48-4078-B0B2-C97FA710EC8E}-34780; Windows NT 6.1; WOW64; Trident/6.0; SLCC2; .NET CLR 2.0.50727; .NET CLR 3.5.30729; .NET CLR 3.0.30729; Media Center PC 6.0; BRI/2; MASM; LTID=34780; GACID=imp_34780; OfficeLiveConnector.1.5; OfficeLivePatch.1.3; Gacela=2-{AB6191F8-7F48-4078-B0B2-C97FA710EC8E}-34780; .NET4.0E; .NET4.0C; EIE10;DEDEWOL)"
92.226.20.197 - - [17/Aug/2013:14:57:24 +0200] "GET /Produkte_NRp2.gif HTTP/1.1" 200 2001 "http://www.sirius-berlin.de/" "Mozilla/4.0 (compatible; MSIE 9.0; GACID=imp_34780; LTID=34780 Gacela=2-{AB6191F8-7F48-4078-B0B2-C97FA710EC8E}-34780; Windows NT 6.1; WOW64; Trident/6.0; SLCC2; .NET CLR 2.0.50727; .NET CLR 3.5.30729; .NET CLR 3.0.30729; Media Center PC 6.0; BRI/2; MASM; LTID=34780; GACID=imp_34780; OfficeLiveConnector.1.5; OfficeLivePatch.1.3; Gacela=2-{AB6191F8-7F48-4078-B0B2-C97FA710EC8E}-34780; .NET4.0E; .NET4.0C; EIE10;DEDEWOL)"
92.226.20.197 - - [17/Aug/2013:14:57:24 +0200] "GET /Feinstaubfilter_NRp2.gif HTTP/1.1" 200 2034 "http://www.sirius-berlin.de/" "Mozilla/4.0 (compatible; MSIE 9.0; GACID=imp_34780; LTID=34780 Gacela=2-{AB6191F8-7F48-4078-B0B2-C97FA710EC8E}-34780; Windows NT 6.1; WOW64; Trident/6.0; SLCC2; .NET CLR 2.0.50727; .NET CLR 3.5.30729; .NET CLR 3.0.30729; Media Center PC 6.0; BRI/2; MASM; LTID=34780; GACID=imp_34780; OfficeLiveConnector.1.5; OfficeLivePatch.1.3; Gacela=2-{AB6191F8-7F48-4078-B0B2-C97FA710EC8E}-34780; .NET4.0E; .NET4.0C; EIE10;DEDEWOL)"
92.226.20.197 - - [17/Aug/2013:14:57:24 +0200] "GET /Service_Kontakt_NRp2.gif HTTP/1.1" 200 2044 "http://www.sirius-berlin.de/" "Mozilla/4.0 (compatible; MSIE 9.0; GACID=imp_34780; LTID=34780 Gacela=2-{AB6191F8-7F48-4078-B0B2-C97FA710EC8E}-34780; Windows NT 6.1; WOW64; Trident/6.0; SLCC2; .NET CLR 2.0.50727; .NET CLR 3.5.30729; .NET CLR 3.0.30729; Media Center PC 6.0; BRI/2; MASM; LTID=34780; GACID=imp_34780; OfficeLiveConnector.1.5; OfficeLivePatch.1.3; Gacela=2-{AB6191F8-7F48-4078-B0B2-C97FA710EC8E}-34780; .NET4.0E; .NET4.0C; EIE10;DEDEWOL)"
92.226.20.197 - - [17/Aug/2013:14:57:24 +0200] "GET /Impressum_NRp2.gif HTTP/1.1" 200 2011 "http://www.sirius-berlin.de/" "Mozilla/4.0 (compatible; MSIE 9.0; GACID=imp_34780; LTID=34780 Gacela=2-{AB6191F8-7F48-4078-B0B2-C97FA710EC8E}-34780; Windows NT 6.1; WOW64; Trident/6.0; SLCC2; .NET CLR 2.0.50727; .NET CLR 3.5.30729; .NET CLR 3.0.30729; Media Center PC 6.0; BRI/2; MASM; LTID=34780; GACID=imp_34780; OfficeLiveConnector.1.5; OfficeLivePatch.1.3; Gacela=2-{AB6191F8-7F48-4078-B0B2-C97FA710EC8E}-34780; .NET4.0E; .NET4.0C; EIE10;DEDEWOL)"
