141.91.136.40 - - [20/Aug/2013:15:32:31 +0200] "GET /Shop/Filter/filter_2.html HTTP/1.0" 200 26547 "http://www.sirius-berlin.de/Shop/Filter/filter_1.html" "Mozilla/5.0 (compatible; MSIE 9.0; Windows NT 6.1; Trident/5.0)"
141.91.136.40 - - [20/Aug/2013:15:32:31 +0200] "GET /db_micronair_100a.jpg HTTP/1.0" 200 3548 "http://www.sirius-berlin.de/Shop/Filter/filter_2.html" "Mozilla/5.0 (compatible; MSIE 9.0; Windows NT 6.1; Trident/5.0)"
95.97.231.194 - - [20/Aug/2013:15:45:43 +0200] "GET / HTTP/1.1" 200 12828 "http://www.google.de/url?sa=t&rct=j&q=&esrc=s&frm=1&source=web&cd=6&ved=0CFYQFjAF&url=http%3A%2F%2Fwww.sirius-berlin.de%2F&ei=93ITUqGlM4yV0QWm_oHwBA&usg=AFQjCNGPtAUXJumSlzcucuvDG92yo-pnyg&sig2=oaIGRtR1AFb6OBtQm4VP7w&bvm=bv.50952593,d.d2k" "Mozilla/5.0 (compatible; MSIE 9.0; Windows NT 6.1; Trident/5.0)"
95.97.231.194 - - [20/Aug/2013:15:45:43 +0200] "GET /rollover.js HTTP/1.1" 200 32709 "http://www.sirius-berlin.de/" "Mozilla/5.0 (compatible; MSIE 9.0; Windows NT 6.1; Trident/5.0)"
95.97.231.194 - - [20/Aug/2013:15:45:43 +0200] "GET /Sirius-LOGO21.JPG HTTP/1.1" 200 2563 "http://www.sirius-berlin.de/" "Mozilla/5.0 (compatible; MSIE 9.0; Windows NT 6.1; Trident/5.0)"
95.97.231.194 - - [20/Aug/2013:15:45:43 +0200] "GET /clearpixel.gif HTTP/1.1" 200 43 "http://www.sirius-berlin.de/" "Mozilla/5.0 (compatible; MSIE 9.0; Windows NT 6.1; Trident/5.0)"
95.97.231.194 - - [20/Aug/2013:15:45:43 +0200] "GET /Produkte_Np1.gif HTTP/1.1" 200 1744 "http://www.sirius-berlin.de/" "Mozilla/5.0 (compatible; MSIE 9.0; Windows NT 6.1; Trident/5.0)"
95.97.231.194 - - [20/Aug/2013:15:45:43 +0200] "GET /Home_Hp3.gif HTTP/1.1" 200 1773 "http://www.sirius-berlin.de/" "Mozilla/5.0 (compatible; MSIE 9.0; Windows NT 6.1; Trident/5.0)"
95.97.231.194 - - [20/Aug/2013:15:45:43 +0200] "GET /Feinstaubfilter_Np1.gif HTTP/1.1" 200 1780 "http://www.sirius-berlin.de/" "Mozilla/5.0 (compatible; MSIE 9.0; Windows NT 6.1; Trident/5.0)"
95.97.231.194 - - [20/Aug/2013:15:45:43 +0200] "GET /Service_Kontakt_Np1.gif HTTP/1.1" 200 1794 "http://www.sirius-berlin.de/" "Mozilla/5.0 (compatible; MSIE 9.0; Windows NT 6.1; Trident/5.0)"
95.97.231.194 - - [20/Aug/2013:15:45:43 +0200] "GET /Impressum_Np1.gif HTTP/1.1" 200 1750 "http://www.sirius-berlin.de/" "Mozilla/5.0 (compatible; MSIE 9.0; Windows NT 6.1; Trident/5.0)"
95.97.231.194 - - [20/Aug/2013:15:45:43 +0200] "GET /Shop_Np1.gif HTTP/1.1" 200 1699 "http://www.sirius-berlin.de/" "Mozilla/5.0 (compatible; MSIE 9.0; Windows NT 6.1; Trident/5.0)"
95.97.231.194 - - [20/Aug/2013:15:45:43 +0200] "GET /Home_NnBanner.gif HTTP/1.1" 200 5803 "http://www.sirius-berlin.de/" "Mozilla/5.0 (compatible; MSIE 9.0; Windows NT 6.1; Trident/5.0)"
95.97.231.194 - - [20/Aug/2013:15:45:43 +0200] "GET /BuiltWithNOF.gif HTTP/1.1" 200 2587 "http://www.sirius-berlin.de/" "Mozilla/5.0 (compatible; MSIE 9.0; Windows NT 6.1; Trident/5.0)"
95.97.231.194 - - [20/Aug/2013:15:45:43 +0200] "GET /Sirius-LOGO1.JPG HTTP/1.1" 200 4357 "http://www.sirius-berlin.de/" "Mozilla/5.0 (compatible; MSIE 9.0; Windows NT 6.1; Trident/5.0)"
95.97.231.194 - - [20/Aug/2013:15:45:44 +0200] "GET /DSC0019902.JPG HTTP/1.1" 200 7772 "http://www.sirius-berlin.de/" "Mozilla/5.0 (compatible; MSIE 9.0; Windows NT 6.1; Trident/5.0)"
95.97.231.194 - - [20/Aug/2013:15:45:43 +0200] "GET /rollover.js HTTP/1.1" 200 32709 "http://www.sirius-berlin.de/" "Mozilla/5.0 (compatible; MSIE 9.0; Windows NT 6.1; Trident/5.0)"
95.97.231.194 - - [20/Aug/2013:15:45:44 +0200] "GET /background.gif HTTP/1.1" 200 5457 "http://www.sirius-berlin.de/" "Mozilla/5.0 (compatible; MSIE 9.0; Windows NT 6.1; Trident/5.0)"
95.97.231.194 - - [20/Aug/2013:15:45:44 +0200] "GET /Produkte_NRp2.gif HTTP/1.1" 200 2001 "http://www.sirius-berlin.de/" "Mozilla/5.0 (compatible; MSIE 9.0; Windows NT 6.1; Trident/5.0)"
95.97.231.194 - - [20/Aug/2013:15:45:44 +0200] "GET /Feinstaubfilter_NRp2.gif HTTP/1.1" 200 2034 "http://www.sirius-berlin.de/" "Mozilla/5.0 (compatible; MSIE 9.0; Windows NT 6.1; Trident/5.0)"
95.97.231.194 - - [20/Aug/2013:15:45:44 +0200] "GET /Home_HRp4.gif HTTP/1.1" 200 2027 "http://www.sirius-berlin.de/" "Mozilla/5.0 (compatible; MSIE 9.0; Windows NT 6.1; Trident/5.0)"
95.97.231.194 - - [20/Aug/2013:15:45:44 +0200] "GET /Shop_NRp2.gif HTTP/1.1" 200 1954 "http://www.sirius-berlin.de/" "Mozilla/5.0 (compatible; MSIE 9.0; Windows NT 6.1; Trident/5.0)"
95.97.231.194 - - [20/Aug/2013:15:45:44 +0200] "GET /Impressum_NRp2.gif HTTP/1.1" 200 2011 "http://www.sirius-berlin.de/" "Mozilla/5.0 (compatible; MSIE 9.0; Windows NT 6.1; Trident/5.0)"
95.97.231.194 - - [20/Aug/2013:15:45:44 +0200] "GET /Service_Kontakt_NRp2.gif HTTP/1.1" 200 2044 "http://www.sirius-berlin.de/" "Mozilla/5.0 (compatible; MSIE 9.0; Windows NT 6.1; Trident/5.0)"
95.97.231.194 - - [20/Aug/2013:15:45:46 +0200] "GET /favicon.ico HTTP/1.1" 404 1256 "-" "Mozilla/5.0 (compatible; MSIE 9.0; Windows NT 6.1; Trident/5.0)"
95.97.231.194 - - [20/Aug/2013:15:45:51 +0200] "GET /Produkte/produkte.html HTTP/1.1" 200 17755 "http://www.sirius-berlin.de/" "Mozilla/5.0 (compatible; MSIE 9.0; Windows NT 6.1; Trident/5.0)"
95.97.231.194 - - [20/Aug/2013:15:45:51 +0200] "GET /Home_Np1.gif HTTP/1.1" 200 1706 "http://www.sirius-berlin.de/Produkte/produkte.html" "Mozilla/5.0 (compatible; MSIE 9.0; Windows NT 6.1; Trident/5.0)"
95.97.231.194 - - [20/Aug/2013:15:45:51 +0200] "GET /Produkte_Hp3.gif HTTP/1.1" 200 1878 "http://www.sirius-berlin.de/Produkte/produkte.html" "Mozilla/5.0 (compatible; MSIE 9.0; Windows NT 6.1; Trident/5.0)"
95.97.231.194 - - [20/Aug/2013:15:45:51 +0200] "GET /Home_Np1.gif HTTP/1.1" 200 1706 "http://www.sirius-berlin.de/Produkte/produkte.html" "Mozilla/5.0 (compatible; MSIE 9.0; Windows NT 6.1; Trident/5.0)"
95.97.231.194 - - [20/Aug/2013:15:45:51 +0200] "GET /Produkte_HRp4.gif HTTP/1.1" 200 2518 "http://www.sirius-berlin.de/Produkte/produkte.html" "Mozilla/5.0 (compatible; MSIE 9.0; Windows NT 6.1; Trident/5.0)"
95.97.231.194 - - [20/Aug/2013:15:45:51 +0200] "GET /Home_NRp2.gif HTTP/1.1" 200 1965 "http://www.sirius-berlin.de/Produkte/produkte.html" "Mozilla/5.0 (compatible; MSIE 9.0; Windows NT 6.1; Trident/5.0)"
95.97.231.194 - - [20/Aug/2013:15:45:51 +0200] "GET /Tintenpatronen_Ns1.gif HTTP/1.1" 200 1954 "http://www.sirius-berlin.de/Produkte/produkte.html" "Mozilla/5.0 (compatible; MSIE 9.0; Windows NT 6.1; Trident/5.0)"
95.97.231.194 - - [20/Aug/2013:15:45:51 +0200] "GET /weitere_Produkte_Ns1.gif HTTP/1.1" 200 1960 "http://www.sirius-berlin.de/Produkte/produkte.html" "Mozilla/5.0 (compatible; MSIE 9.0; Windows NT 6.1; Trident/5.0)"
95.97.231.194 - - [20/Aug/2013:15:45:51 +0200] "GET /Tonerkartuschen_Ns1.gif HTTP/1.1" 200 1960 "http://www.sirius-berlin.de/Produkte/produkte.html" "Mozilla/5.0 (compatible; MSIE 9.0; Windows NT 6.1; Trident/5.0)"
95.97.231.194 - - [20/Aug/2013:15:45:51 +0200] "GET /Produkte_NnBanner.gif HTTP/1.1" 200 5997 "http://www.sirius-berlin.de/Produkte/produkte.html" "Mozilla/5.0 (compatible; MSIE 9.0; Windows NT 6.1; Trident/5.0)"
95.97.231.194 - - [20/Aug/2013:15:45:51 +0200] "GET /Produkte/a_thumb_Multipack02.jpg HTTP/1.1" 200 19266 "http://www.sirius-berlin.de/Produkte/produkte.html" "Mozilla/5.0 (compatible; MSIE 9.0; Windows NT 6.1; Trident/5.0)"
95.97.231.194 - - [20/Aug/2013:15:45:51 +0200] "GET /DSC00199.JPG HTTP/1.1" 200 7772 "http://www.sirius-berlin.de/Produkte/produkte.html" "Mozilla/5.0 (compatible; MSIE 9.0; Windows NT 6.1; Trident/5.0)"
95.97.231.194 - - [20/Aug/2013:15:45:51 +0200] "GET /weitere_Produkte_NRs2.gif HTTP/1.1" 200 1935 "http://www.sirius-berlin.de/Produkte/produkte.html" "Mozilla/5.0 (compatible; MSIE 9.0; Windows NT 6.1; Trident/5.0)"
95.97.231.194 - - [20/Aug/2013:15:45:51 +0200] "GET /zertifikat04.gif HTTP/1.1" 200 18090 "http://www.sirius-berlin.de/Produkte/produkte.html" "Mozilla/5.0 (compatible; MSIE 9.0; Windows NT 6.1; Trident/5.0)"
95.97.231.194 - - [20/Aug/2013:15:45:51 +0200] "GET /Tintenpatronen_NRs2.gif HTTP/1.1" 200 1930 "http://www.sirius-berlin.de/Produkte/produkte.html" "Mozilla/5.0 (compatible; MSIE 9.0; Windows NT 6.1; Trident/5.0)"
95.97.231.194 - - [20/Aug/2013:15:45:51 +0200] "GET /Tonerkartuschen_NRs2.gif HTTP/1.1" 200 1935 "http://www.sirius-berlin.de/Produkte/produkte.html" "Mozilla/5.0 (compatible; MSIE 9.0; Windows NT 6.1; Trident/5.0)"
95.97.231.194 - - [20/Aug/2013:15:45:51 +0200] "GET /RAL-UZ-55-FEB-2004_16003.jpg HTTP/1.1" 200 52762 "http://www.sirius-berlin.de/Produkte/produkte.html" "Mozilla/5.0 (compatible; MSIE 9.0; Windows NT 6.1; Trident/5.0)"
95.97.231.194 - - [20/Aug/2013:15:45:51 +0200] "GET /favicon.ico HTTP/1.1" 404 1256 "-" "Mozilla/5.0 (compatible; MSIE 9.0; Windows NT 6.1; Trident/5.0)"
95.97.231.194 - - [20/Aug/2013:15:45:53 +0200] "GET /Produkte/Tonerkartuschen/tonerkartuschen.html HTTP/1.1" 200 13203 "http://www.sirius-berlin.de/Produkte/produkte.html" "Mozilla/5.0 (compatible; MSIE 9.0; Windows NT 6.1; Trident/5.0)"
95.97.231.194 - - [20/Aug/2013:15:45:53 +0200] "GET /Tonerkartuschen_Hs1.gif HTTP/1.1" 200 1956 "http://www.sirius-berlin.de/Produkte/Tonerkartuschen/tonerkartuschen.html" "Mozilla/5.0 (compatible; MSIE 9.0; Windows NT 6.1; Trident/5.0)"
95.97.231.194 - - [20/Aug/2013:15:45:53 +0200] "GET /Tonerkartuschen_NnBanner.gif HTTP/1.1" 200 6237 "http://www.sirius-berlin.de/Produkte/Tonerkartuschen/tonerkartuschen.html" "Mozilla/5.0 (compatible; MSIE 9.0; Windows NT 6.1; Trident/5.0)"
95.97.231.194 - - [20/Aug/2013:15:45:53 +0200] "GET /thumb_Grafik_Toner.jpg HTTP/1.1" 200 13262 "http://www.sirius-berlin.de/Produkte/Tonerkartuschen/tonerkartuschen.html" "Mozilla/5.0 (compatible; MSIE 9.0; Windows NT 6.1; Trident/5.0)"
95.97.231.194 - - [20/Aug/2013:15:45:53 +0200] "GET /Tonerkartuschen_HRs4.gif HTTP/1.1" 200 1931 "http://www.sirius-berlin.de/Produkte/Tonerkartuschen/tonerkartuschen.html" "Mozilla/5.0 (compatible; MSIE 9.0; Windows NT 6.1; Trident/5.0)"
95.97.231.194 - - [20/Aug/2013:15:46:00 +0200] "GET /Produkte/weitere_Produkte/weitere_produkte.html HTTP/1.1" 200 12524 "http://www.sirius-berlin.de/Produkte/Tonerkartuschen/tonerkartuschen.html" "Mozilla/5.0 (compatible; MSIE 9.0; Windows NT 6.1; Trident/5.0)"
95.97.231.194 - - [20/Aug/2013:15:46:00 +0200] "GET /weitere_Produkte_Hs1.gif HTTP/1.1" 200 1960 "http://www.sirius-berlin.de/Produkte/weitere_Produkte/weitere_produkte.html" "Mozilla/5.0 (compatible; MSIE 9.0; Windows NT 6.1; Trident/5.0)"
95.97.231.194 - - [20/Aug/2013:15:46:00 +0200] "GET /weitere_Produkte_NnBanner.gif HTTP/1.1" 200 6305 "http://www.sirius-berlin.de/Produkte/weitere_Produkte/weitere_produkte.html" "Mozilla/5.0 (compatible; MSIE 9.0; Windows NT 6.1; Trident/5.0)"
95.97.231.194 - - [20/Aug/2013:15:46:00 +0200] "GET /weitere_Produkte_HRs4.gif HTTP/1.1" 200 1935 "http://www.sirius-berlin.de/Produkte/weitere_Produkte/weitere_produkte.html" "Mozilla/5.0 (compatible; MSIE 9.0; Windows NT 6.1; Trident/5.0)"
95.97.231.194 - - [20/Aug/2013:15:46:00 +0200] "GET /Gruppe02.jpg HTTP/1.1" 200 57869 "http://www.sirius-berlin.de/Produkte/weitere_Produkte/weitere_produkte.html" "Mozilla/5.0 (compatible; MSIE 9.0; Windows NT 6.1; Trident/5.0)"
95.97.231.194 - - [20/Aug/2013:15:46:02 +0200] "GET /index.html HTTP/1.1" 200 12828 "http://www.sirius-berlin.de/Produkte/weitere_Produkte/weitere_produkte.html" "Mozilla/5.0 (compatible; MSIE 9.0; Windows NT 6.1; Trident/5.0)"
95.97.231.194 - - [20/Aug/2013:15:46:06 +0200] "GET /Impressum/impressum.html HTTP/1.1" 200 11991 "http://www.sirius-berlin.de/index.html" "Mozilla/5.0 (compatible; MSIE 9.0; Windows NT 6.1; Trident/5.0)"
95.97.231.194 - - [20/Aug/2013:15:46:06 +0200] "GET /Impressum_Hp3.gif HTTP/1.1" 200 1876 "http://www.sirius-berlin.de/Impressum/impressum.html" "Mozilla/5.0 (compatible; MSIE 9.0; Windows NT 6.1; Trident/5.0)"
95.97.231.194 - - [20/Aug/2013:15:46:06 +0200] "GET /Impressum_NnBanner.gif HTTP/1.1" 200 5996 "http://www.sirius-berlin.de/Impressum/impressum.html" "Mozilla/5.0 (compatible; MSIE 9.0; Windows NT 6.1; Trident/5.0)"
95.97.231.194 - - [20/Aug/2013:15:46:06 +0200] "GET /Sirius-LOGO102.JPG HTTP/1.1" 200 4357 "http://www.sirius-berlin.de/Impressum/impressum.html" "Mozilla/5.0 (compatible; MSIE 9.0; Windows NT 6.1; Trident/5.0)"
95.97.231.194 - - [20/Aug/2013:15:46:06 +0200] "GET /Karte02.JPG HTTP/1.1" 200 14958 "http://www.sirius-berlin.de/Impressum/impressum.html" "Mozilla/5.0 (compatible; MSIE 9.0; Windows NT 6.1; Trident/5.0)"
95.97.231.194 - - [20/Aug/2013:15:46:06 +0200] "GET /Impressum_HRp4.gif HTTP/1.1" 200 2143 "http://www.sirius-berlin.de/Impressum/impressum.html" "Mozilla/5.0 (compatible; MSIE 9.0; Windows NT 6.1; Trident/5.0)"
95.97.231.194 - - [20/Aug/2013:15:46:14 +0200] "GET /Service_Kontakt/service_kontakt.html HTTP/1.1" 200 11157 "http://www.sirius-berlin.de/Impressum/impressum.html" "Mozilla/5.0 (compatible; MSIE 9.0; Windows NT 6.1; Trident/5.0)"
95.97.231.194 - - [20/Aug/2013:15:46:14 +0200] "GET /Service_Kontakt_Hp3.gif HTTP/1.1" 200 2451 "http://www.sirius-berlin.de/Service_Kontakt/service_kontakt.html" "Mozilla/5.0 (compatible; MSIE 9.0; Windows NT 6.1; Trident/5.0)"
95.97.231.194 - - [20/Aug/2013:15:46:14 +0200] "GET /Service_Kontakt_NnBanner.gif HTTP/1.1" 200 6313 "http://www.sirius-berlin.de/Service_Kontakt/service_kontakt.html" "Mozilla/5.0 (compatible; MSIE 9.0; Windows NT 6.1; Trident/5.0)"
95.97.231.194 - - [20/Aug/2013:15:46:14 +0200] "GET /Service_Kontakt_HRp4.gif HTTP/1.1" 200 2700 "http://www.sirius-berlin.de/Service_Kontakt/service_kontakt.html" "Mozilla/5.0 (compatible; MSIE 9.0; Windows NT 6.1; Trident/5.0)"
66.249.72.226 - - [20/Aug/2013:15:59:00 +0200] "GET /Vorher-nachher1.jpg HTTP/1.1" 304 - "-" "Googlebot-Image/1.0"
213.162.68.70 - - [20/Aug/2013:17:45:59 +0200] "GET / HTTP/1.1" 200 12828 "-" "Mozilla/5.0 (Linux; U; Android 4.3; de-de; Galaxy Nexus Build/JWR66V) AppleWebKit/534.30 (KHTML, like Gecko) Version/4.0 Mobile Safari/534.30"
213.162.68.70 - - [20/Aug/2013:17:45:59 +0200] "GET /rollover.js HTTP/1.1" 200 32709 "-" "Mozilla/5.0 (Linux; U; Android 4.3; de-de; Galaxy Nexus Build/JWR66V) AppleWebKit/534.30 (KHTML, like Gecko) Version/4.0 Mobile Safari/534.30"
213.162.68.70 - - [20/Aug/2013:17:46:00 +0200] "GET /clearpixel.gif HTTP/1.1" 200 43 "http://www.sirius-berlin.de/" "Mozilla/5.0 (Linux; U; Android 4.3; de-de; Galaxy Nexus Build/JWR66V) AppleWebKit/534.30 (KHTML, like Gecko) Version/4.0 Mobile Safari/534.30"
213.162.68.70 - - [20/Aug/2013:17:46:00 +0200] "GET /Sirius-LOGO21.JPG HTTP/1.1" 200 2563 "http://www.sirius-berlin.de/" "Mozilla/5.0 (Linux; U; Android 4.3; de-de; Galaxy Nexus Build/JWR66V) AppleWebKit/534.30 (KHTML, like Gecko) Version/4.0 Mobile Safari/534.30"
213.162.68.70 - - [20/Aug/2013:17:46:00 +0200] "GET /Home_Hp3.gif HTTP/1.1" 200 1773 "http://www.sirius-berlin.de/" "Mozilla/5.0 (Linux; U; Android 4.3; de-de; Galaxy Nexus Build/JWR66V) AppleWebKit/534.30 (KHTML, like Gecko) Version/4.0 Mobile Safari/534.30"
213.162.68.70 - - [20/Aug/2013:17:46:00 +0200] "GET /Produkte_Np1.gif HTTP/1.1" 200 1744 "http://www.sirius-berlin.de/" "Mozilla/5.0 (Linux; U; Android 4.3; de-de; Galaxy Nexus Build/JWR66V) AppleWebKit/534.30 (KHTML, like Gecko) Version/4.0 Mobile Safari/534.30"
213.162.68.70 - - [20/Aug/2013:17:46:00 +0200] "GET /Feinstaubfilter_Np1.gif HTTP/1.1" 200 1780 "http://www.sirius-berlin.de/" "Mozilla/5.0 (Linux; U; Android 4.3; de-de; Galaxy Nexus Build/JWR66V) AppleWebKit/534.30 (KHTML, like Gecko) Version/4.0 Mobile Safari/534.30"
213.162.68.70 - - [20/Aug/2013:17:46:00 +0200] "GET /Service_Kontakt_Np1.gif HTTP/1.1" 200 1794 "http://www.sirius-berlin.de/" "Mozilla/5.0 (Linux; U; Android 4.3; de-de; Galaxy Nexus Build/JWR66V) AppleWebKit/534.30 (KHTML, like Gecko) Version/4.0 Mobile Safari/534.30"
213.162.68.70 - - [20/Aug/2013:17:46:00 +0200] "GET /background.gif HTTP/1.1" 200 5457 "http://www.sirius-berlin.de/" "Mozilla/5.0 (Linux; U; Android 4.3; de-de; Galaxy Nexus Build/JWR66V) AppleWebKit/534.30 (KHTML, like Gecko) Version/4.0 Mobile Safari/534.30"
213.162.68.70 - - [20/Aug/2013:17:46:01 +0200] "GET /Home_HRp4.gif HTTP/1.1" 200 2027 "http://www.sirius-berlin.de/" "Mozilla/5.0 (Linux; U; Android 4.3; de-de; Galaxy Nexus Build/JWR66V) AppleWebKit/534.30 (KHTML, like Gecko) Version/4.0 Mobile Safari/534.30"
213.162.68.70 - - [20/Aug/2013:17:46:01 +0200] "GET /Produkte_NRp2.gif HTTP/1.1" 200 2001 "http://www.sirius-berlin.de/" "Mozilla/5.0 (Linux; U; Android 4.3; de-de; Galaxy Nexus Build/JWR66V) AppleWebKit/534.30 (KHTML, like Gecko) Version/4.0 Mobile Safari/534.30"
213.162.68.70 - - [20/Aug/2013:17:46:01 +0200] "GET /Feinstaubfilter_NRp2.gif HTTP/1.1" 200 2034 "http://www.sirius-berlin.de/" "Mozilla/5.0 (Linux; U; Android 4.3; de-de; Galaxy Nexus Build/JWR66V) AppleWebKit/534.30 (KHTML, like Gecko) Version/4.0 Mobile Safari/534.30"
213.162.68.70 - - [20/Aug/2013:17:46:01 +0200] "GET /Service_Kontakt_NRp2.gif HTTP/1.1" 200 2044 "http://www.sirius-berlin.de/" "Mozilla/5.0 (Linux; U; Android 4.3; de-de; Galaxy Nexus Build/JWR66V) AppleWebKit/534.30 (KHTML, like Gecko) Version/4.0 Mobile Safari/534.30"
213.162.68.70 - - [20/Aug/2013:17:46:03 +0200] "GET /Impressum_Np1.gif HTTP/1.1" 200 1750 "http://www.sirius-berlin.de/" "Mozilla/5.0 (Linux; U; Android 4.3; de-de; Galaxy Nexus Build/JWR66V) AppleWebKit/534.30 (KHTML, like Gecko) Version/4.0 Mobile Safari/534.30"
213.162.68.70 - - [20/Aug/2013:17:46:03 +0200] "GET /Shop_Np1.gif HTTP/1.1" 200 1699 "http://www.sirius-berlin.de/" "Mozilla/5.0 (Linux; U; Android 4.3; de-de; Galaxy Nexus Build/JWR66V) AppleWebKit/534.30 (KHTML, like Gecko) Version/4.0 Mobile Safari/534.30"
213.162.68.70 - - [20/Aug/2013:17:46:03 +0200] "GET /BuiltWithNOF.gif HTTP/1.1" 200 2587 "http://www.sirius-berlin.de/" "Mozilla/5.0 (Linux; U; Android 4.3; de-de; Galaxy Nexus Build/JWR66V) AppleWebKit/534.30 (KHTML, like Gecko) Version/4.0 Mobile Safari/534.30"
213.162.68.70 - - [20/Aug/2013:17:46:03 +0200] "GET /Home_NnBanner.gif HTTP/1.1" 200 5803 "http://www.sirius-berlin.de/" "Mozilla/5.0 (Linux; U; Android 4.3; de-de; Galaxy Nexus Build/JWR66V) AppleWebKit/534.30 (KHTML, like Gecko) Version/4.0 Mobile Safari/534.30"
213.162.68.70 - - [20/Aug/2013:17:46:03 +0200] "GET /Sirius-LOGO1.JPG HTTP/1.1" 200 4357 "http://www.sirius-berlin.de/" "Mozilla/5.0 (Linux; U; Android 4.3; de-de; Galaxy Nexus Build/JWR66V) AppleWebKit/534.30 (KHTML, like Gecko) Version/4.0 Mobile Safari/534.30"
213.162.68.70 - - [20/Aug/2013:17:46:03 +0200] "GET /DSC0019902.JPG HTTP/1.1" 200 7772 "http://www.sirius-berlin.de/" "Mozilla/5.0 (Linux; U; Android 4.3; de-de; Galaxy Nexus Build/JWR66V) AppleWebKit/534.30 (KHTML, like Gecko) Version/4.0 Mobile Safari/534.30"
213.162.68.70 - - [20/Aug/2013:17:46:03 +0200] "GET /Impressum_NRp2.gif HTTP/1.1" 200 2011 "http://www.sirius-berlin.de/" "Mozilla/5.0 (Linux; U; Android 4.3; de-de; Galaxy Nexus Build/JWR66V) AppleWebKit/534.30 (KHTML, like Gecko) Version/4.0 Mobile Safari/534.30"
213.162.68.70 - - [20/Aug/2013:17:46:03 +0200] "GET /Shop_NRp2.gif HTTP/1.1" 200 1954 "http://www.sirius-berlin.de/" "Mozilla/5.0 (Linux; U; Android 4.3; de-de; Galaxy Nexus Build/JWR66V) AppleWebKit/534.30 (KHTML, like Gecko) Version/4.0 Mobile Safari/534.30"
213.162.68.70 - - [20/Aug/2013:17:46:08 +0200] "GET /favicon.ico HTTP/1.1" 404 1256 "http://www.sirius-berlin.de/" "Mozilla/5.0 (Linux; U; Android 4.3; de-de; Galaxy Nexus Build/JWR66V) AppleWebKit/534.30 (KHTML, like Gecko) Version/4.0 Mobile Safari/534.30"
66.249.72.226 - - [20/Aug/2013:18:05:06 +0200] "GET /Shop/shop.html HTTP/1.1" 304 - "-" "Mozilla/5.0 (iPhone; U; CPU iPhone OS 4_1 like Mac OS X; en-us) AppleWebKit/532.9 (KHTML, like Gecko) Version/4.0.5 Mobile/8B117 Safari/6531.22.7 (compatible; Googlebot-Mobile/2.1; +http://www.google.com/bot.html)"
65.55.215.91 - - [20/Aug/2013:19:18:28 +0200] "GET /robots.txt HTTP/1.1" 404 1256 "-" "msnbot-media/1.1 (+http://search.msn.com/msnbot.htm)"
65.55.215.91 - - [20/Aug/2013:19:18:28 +0200] "GET /Alle_auf_blau102.jpg HTTP/1.1" 200 6908 "-" "msnbot-media/1.1 (+http://search.msn.com/msnbot.htm)"
65.55.215.94 - - [20/Aug/2013:20:05:15 +0200] "GET /robots.txt HTTP/1.1" 404 1256 "-" "msnbot-media/1.1 (+http://search.msn.com/msnbot.htm)"
65.55.215.94 - - [20/Aug/2013:20:05:15 +0200] "GET /Aufbau1.jpg HTTP/1.1" 200 10250 "-" "msnbot-media/1.1 (+http://search.msn.com/msnbot.htm)"
141.8.147.12 - - [20/Aug/2013:20:11:38 +0200] "GET /micronair_Ns1.gif HTTP/1.1" 304 - "-" "Mozilla/5.0 (compatible; YandexImages/3.0; +http://yandex.com/bots)"
66.249.72.226 - - [20/Aug/2013:21:24:11 +0200] "GET /thumb_Grafik_Toner.jpg HTTP/1.1" 304 - "-" "Googlebot-Image/1.0"
5.10.83.26 - - [20/Aug/2013:22:06:00 +0200] "GET /Feinstaubfilter/micronair/micronair.html HTTP/1.1" 200 19812 "-" "Mozilla/5.0 (compatible; AhrefsBot/5.0; +http://ahrefs.com/robot/)"
66.249.72.226 - - [20/Aug/2013:22:15:12 +0200] "GET / HTTP/1.1" 200 12828 "-" "Mozilla/5.0 (compatible; Googlebot/2.1; +http://www.google.com/bot.html)"
141.8.147.12 - - [20/Aug/2013:22:26:36 +0200] "GET /robots.txt HTTP/1.1" 404 1256 "-" "Mozilla/5.0 (compatible; YandexBot/3.0; +http://yandex.com/bots)"
50.31.96.15 - - [20/Aug/2013:23:31:47 +0200] "GET / HTTP/1.1" 200 12828 "-" "Mozilla/5.0 (X11; U; Linux x86_64; en-US) AppleWebKit/534.3 (KHTML, like Gecko) Qt/4.7.4 Safari/534.3"
50.31.96.15 - - [20/Aug/2013:23:31:47 +0200] "GET /rollover.js HTTP/1.1" 200 32709 "http://www.sirius-berlin.de/" "Mozilla/5.0 (X11; U; Linux x86_64; en-US) AppleWebKit/534.3 (KHTML, like Gecko) Qt/4.7.4 Safari/534.3"
50.31.96.15 - - [20/Aug/2013:23:31:48 +0200] "GET /clearpixel.gif HTTP/1.1" 200 43 "http://www.sirius-berlin.de/" "Mozilla/5.0 (X11; U; Linux x86_64; en-US) AppleWebKit/534.3 (KHTML, like Gecko) Qt/4.7.4 Safari/534.3"
50.31.96.15 - - [20/Aug/2013:23:31:48 +0200] "GET /Sirius-LOGO21.JPG HTTP/1.1" 200 2563 "http://www.sirius-berlin.de/" "Mozilla/5.0 (X11; U; Linux x86_64; en-US) AppleWebKit/534.3 (KHTML, like Gecko) Qt/4.7.4 Safari/534.3"
50.31.96.15 - - [20/Aug/2013:23:31:48 +0200] "GET /Produkte_Np1.gif HTTP/1.1" 200 1744 "http://www.sirius-berlin.de/" "Mozilla/5.0 (X11; U; Linux x86_64; en-US) AppleWebKit/534.3 (KHTML, like Gecko) Qt/4.7.4 Safari/534.3"
50.31.96.15 - - [20/Aug/2013:23:31:48 +0200] "GET /Home_Hp3.gif HTTP/1.1" 200 1773 "http://www.sirius-berlin.de/" "Mozilla/5.0 (X11; U; Linux x86_64; en-US) AppleWebKit/534.3 (KHTML, like Gecko) Qt/4.7.4 Safari/534.3"
50.31.96.15 - - [20/Aug/2013:23:31:48 +0200] "GET /Service_Kontakt_Np1.gif HTTP/1.1" 200 1794 "http://www.sirius-berlin.de/" "Mozilla/5.0 (X11; U; Linux x86_64; en-US) AppleWebKit/534.3 (KHTML, like Gecko) Qt/4.7.4 Safari/534.3"
50.31.96.15 - - [20/Aug/2013:23:31:48 +0200] "GET /Feinstaubfilter_Np1.gif HTTP/1.1" 200 1780 "http://www.sirius-berlin.de/" "Mozilla/5.0 (X11; U; Linux x86_64; en-US) AppleWebKit/534.3 (KHTML, like Gecko) Qt/4.7.4 Safari/534.3"
50.31.96.15 - - [20/Aug/2013:23:31:48 +0200] "GET /Impressum_Np1.gif HTTP/1.1" 200 1750 "http://www.sirius-berlin.de/" "Mozilla/5.0 (X11; U; Linux x86_64; en-US) AppleWebKit/534.3 (KHTML, like Gecko) Qt/4.7.4 Safari/534.3"
50.31.96.15 - - [20/Aug/2013:23:31:48 +0200] "GET /Shop_Np1.gif HTTP/1.1" 200 1699 "http://www.sirius-berlin.de/" "Mozilla/5.0 (X11; U; Linux x86_64; en-US) AppleWebKit/534.3 (KHTML, like Gecko) Qt/4.7.4 Safari/534.3"
50.31.96.15 - - [20/Aug/2013:23:31:48 +0200] "GET /BuiltWithNOF.gif HTTP/1.1" 200 2587 "http://www.sirius-berlin.de/" "Mozilla/5.0 (X11; U; Linux x86_64; en-US) AppleWebKit/534.3 (KHTML, like Gecko) Qt/4.7.4 Safari/534.3"
50.31.96.15 - - [20/Aug/2013:23:31:48 +0200] "GET /Sirius-LOGO1.JPG HTTP/1.1" 200 4357 "http://www.sirius-berlin.de/" "Mozilla/5.0 (X11; U; Linux x86_64; en-US) AppleWebKit/534.3 (KHTML, like Gecko) Qt/4.7.4 Safari/534.3"
50.31.96.15 - - [20/Aug/2013:23:31:48 +0200] "GET /Home_NnBanner.gif HTTP/1.1" 200 5803 "http://www.sirius-berlin.de/" "Mozilla/5.0 (X11; U; Linux x86_64; en-US) AppleWebKit/534.3 (KHTML, like Gecko) Qt/4.7.4 Safari/534.3"
50.31.96.15 - - [20/Aug/2013:23:31:48 +0200] "GET /DSC0019902.JPG HTTP/1.1" 200 7772 "http://www.sirius-berlin.de/" "Mozilla/5.0 (X11; U; Linux x86_64; en-US) AppleWebKit/534.3 (KHTML, like Gecko) Qt/4.7.4 Safari/534.3"
50.31.96.15 - - [20/Aug/2013:23:31:48 +0200] "GET /background.gif HTTP/1.1" 200 5457 "http://www.sirius-berlin.de/" "Mozilla/5.0 (X11; U; Linux x86_64; en-US) AppleWebKit/534.3 (KHTML, like Gecko) Qt/4.7.4 Safari/534.3"
50.31.96.15 - - [20/Aug/2013:23:31:48 +0200] "GET /Home_HRp4.gif HTTP/1.1" 200 2027 "http://www.sirius-berlin.de/" "Mozilla/5.0 (X11; U; Linux x86_64; en-US) AppleWebKit/534.3 (KHTML, like Gecko) Qt/4.7.4 Safari/534.3"
50.31.96.15 - - [20/Aug/2013:23:31:48 +0200] "GET /Produkte_NRp2.gif HTTP/1.1" 200 2001 "http://www.sirius-berlin.de/" "Mozilla/5.0 (X11; U; Linux x86_64; en-US) AppleWebKit/534.3 (KHTML, like Gecko) Qt/4.7.4 Safari/534.3"
50.31.96.15 - - [20/Aug/2013:23:31:48 +0200] "GET /Feinstaubfilter_NRp2.gif HTTP/1.1" 200 2034 "http://www.sirius-berlin.de/" "Mozilla/5.0 (X11; U; Linux x86_64; en-US) AppleWebKit/534.3 (KHTML, like Gecko) Qt/4.7.4 Safari/534.3"
50.31.96.15 - - [20/Aug/2013:23:31:48 +0200] "GET /Service_Kontakt_NRp2.gif HTTP/1.1" 200 2044 "http://www.sirius-berlin.de/" "Mozilla/5.0 (X11; U; Linux x86_64; en-US) AppleWebKit/534.3 (KHTML, like Gecko) Qt/4.7.4 Safari/534.3"
50.31.96.15 - - [20/Aug/2013:23:31:48 +0200] "GET /Impressum_NRp2.gif HTTP/1.1" 200 2011 "http://www.sirius-berlin.de/" "Mozilla/5.0 (X11; U; Linux x86_64; en-US) AppleWebKit/534.3 (KHTML, like Gecko) Qt/4.7.4 Safari/534.3"
50.31.96.15 - - [20/Aug/2013:23:31:48 +0200] "GET /Shop_NRp2.gif HTTP/1.1" 200 1954 "http://www.sirius-berlin.de/" "Mozilla/5.0 (X11; U; Linux x86_64; en-US) AppleWebKit/534.3 (KHTML, like Gecko) Qt/4.7.4 Safari/534.3"
65.55.215.91 - - [20/Aug/2013:23:51:03 +0200] "GET /robots.txt HTTP/1.1" 404 1256 "-" "msnbot-media/1.1 (+http://search.msn.com/msnbot.htm)"
65.55.215.91 - - [20/Aug/2013:23:51:04 +0200] "GET /Alle_auf_blau102.jpg HTTP/1.1" 200 6908 "-" "msnbot-media/1.1 (+http://search.msn.com/msnbot.htm)"
141.8.147.12 - - [21/Aug/2013:00:18:54 +0200] "GET /Service_Kontakt_Hp3.gif HTTP/1.1" 304 - "-" "Mozilla/5.0 (compatible; YandexImages/3.0; +http://yandex.com/bots)"
141.8.147.12 - - [21/Aug/2013:01:47:24 +0200] "GET / HTTP/1.1" 304 - "-" "Mozilla/5.0 (compatible; YandexBot/3.0; +http://yandex.com/bots)"
77.233.225.114 - - [21/Aug/2013:03:51:06 +0200] "GET /robots.txt HTTP/1.1" 404 1256 "-" "Mozilla/5.0 (compatible; Abonti/0.91 - http://www.abonti.com)"
77.233.225.114 - - [21/Aug/2013:03:52:24 +0200] "GET / HTTP/1.1" 200 12828 "-" "Mozilla/5.0 (compatible; Abonti/0.91 - http://www.abonti.com)"
77.233.225.114 - - [21/Aug/2013:03:52:50 +0200] "GET /Service_Kontakt/service_kontakt.html HTTP/1.1" 200 11157 "-" "Mozilla/5.0 (compatible; Abonti/0.91 - http://www.abonti.com)"
77.233.225.114 - - [21/Aug/2013:03:53:07 +0200] "GET /index.html HTTP/1.1" 200 12828 "-" "Mozilla/5.0 (compatible; Abonti/0.91 - http://www.abonti.com)"
77.233.225.114 - - [21/Aug/2013:03:53:30 +0200] "GET /Shop/shop.html HTTP/1.1" 200 59578 "-" "Mozilla/5.0 (compatible; Abonti/0.91 - http://www.abonti.com)"
77.233.225.114 - - [21/Aug/2013:03:54:03 +0200] "GET /Shop/Filter/filter_0.html HTTP/1.1" 200 26544 "-" "Mozilla/5.0 (compatible; Abonti/0.91 - http://www.abonti.com)"
141.8.147.12 - - [21/Aug/2013:03:54:13 +0200] "GET /Service_Kontakt/service_kontakt.html HTTP/1.1" 200 11157 "-" "Mozilla/5.0 (compatible; YandexBot/3.0; +http://yandex.com/bots)"
77.233.225.114 - - [21/Aug/2013:03:54:40 +0200] "GET /Shop/Filter/filter_1.html HTTP/1.1" 200 26543 "-" "Mozilla/5.0 (compatible; Abonti/0.91 - http://www.abonti.com)"
77.233.225.114 - - [21/Aug/2013:03:55:05 +0200] "GET /Produkte/produkte.html HTTP/1.1" 200 17755 "-" "Mozilla/5.0 (compatible; Abonti/0.91 - http://www.abonti.com)"
77.233.225.114 - - [21/Aug/2013:03:55:26 +0200] "GET /Produkte/Tonerkartuschen/tonerkartuschen.html HTTP/1.1" 200 13203 "-" "Mozilla/5.0 (compatible; Abonti/0.91 - http://www.abonti.com)"
66.249.72.226 - - [21/Aug/2013:03:55:58 +0200] "GET /robots.txt HTTP/1.1" 404 1256 "-" "Mozilla/5.0 (compatible; Googlebot/2.1; +http://www.google.com/bot.html)"
66.249.72.226 - - [21/Aug/2013:03:55:58 +0200] "GET /Impressum/impressum.html HTTP/1.1" 200 11991 "-" "Mozilla/5.0 (compatible; Googlebot/2.1; +http://www.google.com/bot.html)"
77.233.225.114 - - [21/Aug/2013:03:56:08 +0200] "GET /Shop/Filter/filter_2.html HTTP/1.1" 200 26547 "-" "Mozilla/5.0 (compatible; Abonti/0.91 - http://www.abonti.com)"
77.233.225.114 - - [21/Aug/2013:03:56:38 +0200] "GET /Feinstaubfilter/feinstaubfilter.html HTTP/1.1" 200 13065 "-" "Mozilla/5.0 (compatible; Abonti/0.91 - http://www.abonti.com)"
77.233.225.114 - - [21/Aug/2013:03:57:06 +0200] "GET /Feinstaubfilter/Dexwet/dexwet.html HTTP/1.1" 200 16100 "-" "Mozilla/5.0 (compatible; Abonti/0.91 - http://www.abonti.com)"
77.233.225.114 - - [21/Aug/2013:03:57:25 +0200] "GET /Feinstaubfilter/micronair/micronair.html HTTP/1.1" 200 19812 "-" "Mozilla/5.0 (compatible; Abonti/0.91 - http://www.abonti.com)"
77.233.225.114 - - [21/Aug/2013:03:57:43 +0200] "GET /Produkte/weitere_Produkte/weitere_produkte.html HTTP/1.1" 200 12524 "-" "Mozilla/5.0 (compatible; Abonti/0.91 - http://www.abonti.com)"
77.233.225.114 - - [21/Aug/2013:03:58:20 +0200] "GET /Produkte/Tintenpatronen/tintenpatronen.html HTTP/1.1" 200 15225 "-" "Mozilla/5.0 (compatible; Abonti/0.91 - http://www.abonti.com)"
77.233.225.114 - - [21/Aug/2013:03:58:38 +0200] "GET /Impressum/impressum.html HTTP/1.1" 200 11991 "-" "Mozilla/5.0 (compatible; Abonti/0.91 - http://www.abonti.com)"
65.55.215.94 - - [21/Aug/2013:04:28:16 +0200] "GET /robots.txt HTTP/1.1" 404 1256 "-" "msnbot-media/1.1 (+http://search.msn.com/msnbot.htm)"
65.55.215.94 - - [21/Aug/2013:04:28:16 +0200] "GET /Aufbau1.jpg HTTP/1.1" 200 10250 "-" "msnbot-media/1.1 (+http://search.msn.com/msnbot.htm)"
5.10.83.26 - - [21/Aug/2013:05:45:55 +0200] "GET /Produkte/weitere_Produkte/weitere_produkte.html HTTP/1.1" 200 12524 "-" "Mozilla/5.0 (compatible; AhrefsBot/5.0; +http://ahrefs.com/robot/)"
207.241.226.239 - - [21/Aug/2013:06:32:00 +0200] "GET /robots.txt HTTP/1.1" 404 1256 "-" "ia_archiver(OS-Wayback)"
85.13.131.53 - - [21/Aug/2013:06:39:47 +0200] "GET / HTTP/1.0" 200 12828 "-" "-"
85.13.131.53 - - [21/Aug/2013:06:39:47 +0200] "GET / HTTP/1.0" 200 12828 "-" "-"
66.249.72.226 - - [21/Aug/2013:06:45:10 +0200] "GET /Feinstaubfilter/feinstaubfilter.html HTTP/1.1" 304 - "-" "Mozilla/5.0 (iPhone; U; CPU iPhone OS 4_1 like Mac OS X; en-us) AppleWebKit/532.9 (KHTML, like Gecko) Version/4.0.5 Mobile/8B117 Safari/6531.22.7 (compatible; Googlebot-Mobile/2.1; +http://www.google.com/bot.html)"
5.10.83.26 - - [21/Aug/2013:10:03:23 +0200] "GET /Shop/Filter/filter_0.html HTTP/1.1" 200 26544 "-" "Mozilla/5.0 (compatible; AhrefsBot/5.0; +http://ahrefs.com/robot/)"
141.8.147.12 - - [21/Aug/2013:10:22:53 +0200] "GET /micronair_Ns1.gif HTTP/1.1" 304 - "-" "Mozilla/5.0 (compatible; YandexImages/3.0; +http://yandex.com/bots)"
101.226.167.210 - - [21/Aug/2013:10:31:47 +0200] "GET /index.html HTTP/1.1" 200 12828 "http://www.sirius-berlin.de/index.html" "Mozilla/4.0 (compatible; MSIE 8.0; Windows NT 6.1; Trident/4.0; SLCC2; .NET CLR 2.0.50727; .NET CLR 3.5.30729; .NET CLR 3.0.30729; Media Center PC 6.0; MDDR; .NET4.0C; .NET4.0E; .NET CLR 1.1.4322; Tablet PC 2.0); 360Spider"
182.118.48.123 - - [21/Aug/2013:10:31:53 +0200] "GET /index.html HTTP/1.1" 200 12828 "-" "Mozilla/4.0 (compatible; MSIE 8.0; Windows NT 5.1; Trident/4.0)"
182.118.48.123 - - [21/Aug/2013:10:31:54 +0200] "GET /rollover.js HTTP/1.1" 200 32709 "http://www.sirius-berlin.de/index.html" "Mozilla/4.0 (compatible; MSIE 8.0; Windows NT 5.1; Trident/4.0)"
66.249.72.226 - - [21/Aug/2013:12:05:50 +0200] "GET /robots.txt HTTP/1.1" 404 1256 "-" "Mozilla/5.0 (compatible; Googlebot/2.1; +http://www.google.com/bot.html)"
66.249.72.226 - - [21/Aug/2013:12:05:50 +0200] "GET /Service_Kontakt/service_kontakt.html HTTP/1.1" 200 11157 "-" "Mozilla/5.0 (compatible; Googlebot/2.1; +http://www.google.com/bot.html)"
5.10.83.26 - - [21/Aug/2013:13:07:31 +0200] "GET /Produkte/Tonerkartuschen/tonerkartuschen.html HTTP/1.1" 200 13203 "-" "Mozilla/5.0 (compatible; AhrefsBot/5.0; +http://ahrefs.com/robot/)"
5.10.83.26 - - [21/Aug/2013:14:46:54 +0200] "GET /Shop/Filter/filter_2.html HTTP/1.1" 200 26547 "-" "Mozilla/5.0 (compatible; AhrefsBot/5.0; +http://ahrefs.com/robot/)"
66.249.72.226 - - [21/Aug/2013:15:15:48 +0200] "GET /Service_Kontakt/service_kontakt.html HTTP/1.1" 304 - "-" "Mozilla/5.0 (iPhone; U; CPU iPhone OS 4_1 like Mac OS X; en-us) AppleWebKit/532.9 (KHTML, like Gecko) Version/4.0.5 Mobile/8B117 Safari/6531.22.7 (compatible; Googlebot-Mobile/2.1; +http://www.google.com/bot.html)"
141.8.147.12 - - [21/Aug/2013:15:15:52 +0200] "GET /robots.txt HTTP/1.1" 404 1256 "-" "Mozilla/5.0 (compatible; YandexBot/3.0; +http://yandex.com/bots)"
5.10.83.26 - - [21/Aug/2013:16:42:48 +0200] "GET /index.html HTTP/1.1" 200 12828 "-" "Mozilla/5.0 (compatible; AhrefsBot/5.0; +http://ahrefs.com/robot/)"
141.8.147.12 - - [21/Aug/2013:17:44:02 +0200] "GET /Feinstaubfilter_Hp3.gif HTTP/1.1" 304 - "-" "Mozilla/5.0 (compatible; YandexImages/3.0; +http://yandex.com/bots)"
5.10.83.26 - - [21/Aug/2013:17:52:00 +0200] "GET /Produkte/produkte.html HTTP/1.1" 200 17755 "-" "Mozilla/5.0 (compatible; AhrefsBot/5.0; +http://ahrefs.com/robot/)"
208.115.113.83 - - [21/Aug/2013:19:59:49 +0200] "GET /robots.txt HTTP/1.1" 404 1256 "-" "Mozilla/5.0 (compatible; Ezooms/1.0; ezooms.bot@gmail.com)"
178.255.215.70 - - [21/Aug/2013:20:12:28 +0200] "GET /robots.txt HTTP/1.1" 404 1256 "-" "Mozilla/5.0 (compatible; Exabot/3.0; +http://www.exabot.com/go/robot)"
178.255.215.70 - - [21/Aug/2013:20:12:28 +0200] "GET / HTTP/1.1" 304 - "-" "Mozilla/5.0 (compatible; Exabot/3.0; +http://www.exabot.com/go/robot)"
141.8.147.12 - - [21/Aug/2013:20:40:59 +0200] "GET /Dexwet_Ns1.gif HTTP/1.1" 304 - "-" "Mozilla/5.0 (compatible; YandexImages/3.0; +http://yandex.com/bots)"
178.77.126.55 - - [21/Aug/2013:21:09:32 +0200] "GET /robots.txt HTTP/1.1" 404 1256 "-" "Mozilla/5.0 (compatible; CareerBot/1.1; +http://www.career-x.de/bot.html)"
178.77.126.55 - - [21/Aug/2013:21:09:32 +0200] "GET / HTTP/1.1" 200 12828 "-" "Mozilla/5.0 (compatible; CareerBot/1.1; +http://www.career-x.de/bot.html)"
208.115.113.83 - - [21/Aug/2013:21:46:38 +0200] "GET /Feinstaubfilter/micronair/micronair.html HTTP/1.1" 200 19812 "-" "Mozilla/5.0 (compatible; Ezooms/1.0; ezooms.bot@gmail.com)"
66.249.72.226 - - [21/Aug/2013:22:29:34 +0200] "GET /Feinstaubfilter/feinstaubfilter.html HTTP/1.1" 200 13065 "-" "Mozilla/5.0 (compatible; Googlebot/2.1; +http://www.google.com/bot.html)"
199.30.16.23 - - [21/Aug/2013:23:20:53 +0200] "GET /robots.txt HTTP/1.1" 404 1256 "-" "msnbot-media/1.1 (+http://search.msn.com/msnbot.htm)"
199.30.16.23 - - [21/Aug/2013:23:20:54 +0200] "GET /zertifikat04.gif HTTP/1.1" 200 18090 "-" "msnbot-media/1.1 (+http://search.msn.com/msnbot.htm)"
66.249.72.226 - - [21/Aug/2013:23:30:05 +0200] "GET /Shop/Filter/filter_0.html HTTP/1.1" 200 26544 "-" "Mozilla/5.0 (compatible; Googlebot/2.1; +http://www.google.com/bot.html)"
85.214.21.33 - - [21/Aug/2013:23:47:51 +0200] "GET / HTTP/1.0" 200 12828 "-" "-"
5.10.83.26 - - [21/Aug/2013:23:52:26 +0200] "GET /Shop/Filter/filter_1.html HTTP/1.1" 200 26543 "-" "Mozilla/5.0 (compatible; AhrefsBot/5.0; +http://ahrefs.com/robot/)"
182.118.21.254 - - [22/Aug/2013:00:17:22 +0200] "GET /robots.txt HTTP/1.1" 404 1256 "http://www.sirius-berlin.de/robots.txt" "Mozilla/5.0 (Windows; U; Windows NT 5.1; zh-CN; rv:1.8.0.11) Firefox/1.5.0.11; 360Spider"
66.249.72.226 - - [22/Aug/2013:01:07:36 +0200] "GET /robots.txt HTTP/1.1" 404 1256 "-" "Mozilla/5.0 (compatible; Googlebot/2.1; +http://www.google.com/bot.html)"
66.249.72.226 - - [22/Aug/2013:01:07:36 +0200] "GET /Shop/Filter/filter_2.html HTTP/1.1" 200 26547 "-" "Mozilla/5.0 (compatible; Googlebot/2.1; +http://www.google.com/bot.html)"
5.10.83.26 - - [22/Aug/2013:02:03:00 +0200] "GET /Feinstaubfilter/Dexwet/dexwet.html HTTP/1.1" 200 16100 "-" "Mozilla/5.0 (compatible; AhrefsBot/5.0; +http://ahrefs.com/robot/)"
199.30.16.23 - - [22/Aug/2013:02:22:31 +0200] "GET /robots.txt HTTP/1.1" 404 1256 "-" "msnbot-media/1.1 (+http://search.msn.com/msnbot.htm)"
199.30.16.23 - - [22/Aug/2013:02:22:32 +0200] "GET /zertifikat04.gif HTTP/1.1" 200 18090 "-" "msnbot-media/1.1 (+http://search.msn.com/msnbot.htm)"
141.8.147.12 - - [22/Aug/2013:02:36:04 +0200] "GET /Feinstaubfilter_Hp3.gif HTTP/1.1" 304 - "-" "Mozilla/5.0 (compatible; YandexImages/3.0; +http://yandex.com/bots)"
66.249.72.226 - - [22/Aug/2013:03:45:18 +0200] "GET /Shop/Filter/filter_1.html HTTP/1.1" 200 26543 "-" "Mozilla/5.0 (compatible; Googlebot/2.1; +http://www.google.com/bot.html)"
66.249.72.226 - - [22/Aug/2013:04:39:30 +0200] "GET / HTTP/1.1" 200 12828 "-" "Mozilla/5.0 (iPhone; U; CPU iPhone OS 4_1 like Mac OS X; en-us) AppleWebKit/532.9 (KHTML, like Gecko) Version/4.0.5 Mobile/8B117 Safari/6531.22.7 (compatible; Googlebot-Mobile/2.1; +http://www.google.com/bot.html)"
66.249.72.226 - - [22/Aug/2013:04:45:28 +0200] "GET /Feinstaubfilter/Dexwet/dexwet.html HTTP/1.1" 200 16100 "-" "Mozilla/5.0 (compatible; Googlebot/2.1; +http://www.google.com/bot.html)"
66.249.72.226 - - [22/Aug/2013:06:00:57 +0200] "GET /Impressum/impressum.html HTTP/1.1" 304 - "-" "Mozilla/5.0 (iPhone; U; CPU iPhone OS 4_1 like Mac OS X; en-us) AppleWebKit/532.9 (KHTML, like Gecko) Version/4.0.5 Mobile/8B117 Safari/6531.22.7 (compatible; Googlebot-Mobile/2.1; +http://www.google.com/bot.html)"
66.249.72.226 - - [22/Aug/2013:06:14:33 +0200] "GET /Impressum/impressum.html HTTP/1.1" 304 - "-" "Mozilla/5.0 (compatible; Googlebot/2.1; +http://www.google.com/bot.html)"
141.8.147.12 - - [22/Aug/2013:07:56:50 +0200] "GET /robots.txt HTTP/1.1" 404 1256 "-" "Mozilla/5.0 (compatible; YandexBot/3.0; +http://yandex.com/bots)"
141.8.147.12 - - [22/Aug/2013:07:56:52 +0200] "GET /Service_Kontakt_NnBanner.gif HTTP/1.1" 304 - "-" "Mozilla/5.0 (compatible; YandexImages/3.0; +http://yandex.com/bots)"
141.8.147.12 - - [22/Aug/2013:08:09:31 +0200] "GET /Dexwet_Ns1.gif HTTP/1.1" 304 - "-" "Mozilla/5.0 (compatible; YandexImages/3.0; +http://yandex.com/bots)"
87.123.125.36 - - [22/Aug/2013:08:34:05 +0200] "GET / HTTP/1.1" 200 12828 "http://www.gelbeseiten.de/buerobedarf/berlin/s3/relevanz/details-web-link" "Mozilla/5.0 (Windows NT 5.1; rv:23.0) Gecko/20100101 Firefox/23.0"
87.123.125.36 - - [22/Aug/2013:08:34:05 +0200] "GET /rollover.js HTTP/1.1" 200 32709 "http://www.sirius-berlin.de/" "Mozilla/5.0 (Windows NT 5.1; rv:23.0) Gecko/20100101 Firefox/23.0"
87.123.125.36 - - [22/Aug/2013:08:34:05 +0200] "GET /clearpixel.gif HTTP/1.1" 200 43 "http://www.sirius-berlin.de/" "Mozilla/5.0 (Windows NT 5.1; rv:23.0) Gecko/20100101 Firefox/23.0"
87.123.125.36 - - [22/Aug/2013:08:34:05 +0200] "GET /Sirius-LOGO21.JPG HTTP/1.1" 200 2563 "http://www.sirius-berlin.de/" "Mozilla/5.0 (Windows NT 5.1; rv:23.0) Gecko/20100101 Firefox/23.0"
87.123.125.36 - - [22/Aug/2013:08:34:05 +0200] "GET /Home_Hp3.gif HTTP/1.1" 200 1773 "http://www.sirius-berlin.de/" "Mozilla/5.0 (Windows NT 5.1; rv:23.0) Gecko/20100101 Firefox/23.0"
87.123.125.36 - - [22/Aug/2013:08:34:05 +0200] "GET /Produkte_Np1.gif HTTP/1.1" 200 1744 "http://www.sirius-berlin.de/" "Mozilla/5.0 (Windows NT 5.1; rv:23.0) Gecko/20100101 Firefox/23.0"
87.123.125.36 - - [22/Aug/2013:08:34:05 +0200] "GET /Impressum_Np1.gif HTTP/1.1" 200 1750 "http://www.sirius-berlin.de/" "Mozilla/5.0 (Windows NT 5.1; rv:23.0) Gecko/20100101 Firefox/23.0"
87.123.125.36 - - [22/Aug/2013:08:34:05 +0200] "GET /Feinstaubfilter_Np1.gif HTTP/1.1" 200 1780 "http://www.sirius-berlin.de/" "Mozilla/5.0 (Windows NT 5.1; rv:23.0) Gecko/20100101 Firefox/23.0"
87.123.125.36 - - [22/Aug/2013:08:34:05 +0200] "GET /Service_Kontakt_Np1.gif HTTP/1.1" 200 1794 "http://www.sirius-berlin.de/" "Mozilla/5.0 (Windows NT 5.1; rv:23.0) Gecko/20100101 Firefox/23.0"
87.123.125.36 - - [22/Aug/2013:08:34:05 +0200] "GET /Shop_Np1.gif HTTP/1.1" 200 1699 "http://www.sirius-berlin.de/" "Mozilla/5.0 (Windows NT 5.1; rv:23.0) Gecko/20100101 Firefox/23.0"
87.123.125.36 - - [22/Aug/2013:08:34:06 +0200] "GET /BuiltWithNOF.gif HTTP/1.1" 200 2587 "http://www.sirius-berlin.de/" "Mozilla/5.0 (Windows NT 5.1; rv:23.0) Gecko/20100101 Firefox/23.0"
87.123.125.36 - - [22/Aug/2013:08:34:06 +0200] "GET /Home_NnBanner.gif HTTP/1.1" 200 5803 "http://www.sirius-berlin.de/" "Mozilla/5.0 (Windows NT 5.1; rv:23.0) Gecko/20100101 Firefox/23.0"
87.123.125.36 - - [22/Aug/2013:08:34:06 +0200] "GET /Sirius-LOGO1.JPG HTTP/1.1" 200 4357 "http://www.sirius-berlin.de/" "Mozilla/5.0 (Windows NT 5.1; rv:23.0) Gecko/20100101 Firefox/23.0"
87.123.125.36 - - [22/Aug/2013:08:34:06 +0200] "GET /DSC0019902.JPG HTTP/1.1" 200 7772 "http://www.sirius-berlin.de/" "Mozilla/5.0 (Windows NT 5.1; rv:23.0) Gecko/20100101 Firefox/23.0"
87.123.125.36 - - [22/Aug/2013:08:34:06 +0200] "GET /background.gif HTTP/1.1" 200 5457 "http://www.sirius-berlin.de/" "Mozilla/5.0 (Windows NT 5.1; rv:23.0) Gecko/20100101 Firefox/23.0"
87.123.125.36 - - [22/Aug/2013:08:34:06 +0200] "GET /Impressum_NRp2.gif HTTP/1.1" 200 2011 "http://www.sirius-berlin.de/" "Mozilla/5.0 (Windows NT 5.1; rv:23.0) Gecko/20100101 Firefox/23.0"
87.123.125.36 - - [22/Aug/2013:08:34:06 +0200] "GET /Home_HRp4.gif HTTP/1.1" 200 2027 "http://www.sirius-berlin.de/" "Mozilla/5.0 (Windows NT 5.1; rv:23.0) Gecko/20100101 Firefox/23.0"
87.123.125.36 - - [22/Aug/2013:08:34:06 +0200] "GET /Feinstaubfilter_NRp2.gif HTTP/1.1" 200 2034 "http://www.sirius-berlin.de/" "Mozilla/5.0 (Windows NT 5.1; rv:23.0) Gecko/20100101 Firefox/23.0"
87.123.125.36 - - [22/Aug/2013:08:34:06 +0200] "GET /Service_Kontakt_NRp2.gif HTTP/1.1" 200 2044 "http://www.sirius-berlin.de/" "Mozilla/5.0 (Windows NT 5.1; rv:23.0) Gecko/20100101 Firefox/23.0"
87.123.125.36 - - [22/Aug/2013:08:34:06 +0200] "GET /Produkte_NRp2.gif HTTP/1.1" 200 2001 "http://www.sirius-berlin.de/" "Mozilla/5.0 (Windows NT 5.1; rv:23.0) Gecko/20100101 Firefox/23.0"
87.123.125.36 - - [22/Aug/2013:08:34:06 +0200] "GET /Shop_NRp2.gif HTTP/1.1" 200 1954 "http://www.sirius-berlin.de/" "Mozilla/5.0 (Windows NT 5.1; rv:23.0) Gecko/20100101 Firefox/23.0"
87.123.125.36 - - [22/Aug/2013:08:34:07 +0200] "GET /favicon.ico HTTP/1.1" 404 1256 "-" "Mozilla/5.0 (Windows NT 5.1; rv:23.0) Gecko/20100101 Firefox/23.0"
66.249.72.226 - - [22/Aug/2013:09:56:13 +0200] "GET /Produkte/produkte.html HTTP/1.1" 304 - "-" "Mozilla/5.0 (compatible; Googlebot/2.1; +http://www.google.com/bot.html)"
66.249.72.226 - - [22/Aug/2013:11:18:34 +0200] "GET /Shop/shop.html HTTP/1.1" 304 - "-" "Mozilla/5.0 (compatible; Googlebot/2.1; +http://www.google.com/bot.html)"
93.220.238.225 - - [22/Aug/2013:11:49:12 +0200] "GET / HTTP/1.1" 200 12828 "-" "Mozilla/5.0 (Windows; U; Windows NT 5.1; de; rv:1.9.0.10) Gecko/2009042316 Firefox/3.0.10 (.NET CLR 3.5.30729)"
208.115.113.83 - - [22/Aug/2013:11:55:21 +0200] "GET /robots.txt HTTP/1.1" 404 1256 "-" "Mozilla/5.0 (compatible; Ezooms/1.0; ezooms.bot@gmail.com)"
66.249.72.226 - - [22/Aug/2013:12:41:04 +0200] "GET / HTTP/1.1" 304 - "-" "Mozilla/5.0 (compatible; Googlebot/2.1; +http://www.google.com/bot.html)"
157.55.36.39 - - [22/Aug/2013:13:31:43 +0200] "GET /robots.txt HTTP/1.1" 404 1256 "-" "Mozilla/5.0 (compatible; bingbot/2.0; +http://www.bing.com/bingbot.htm)"
157.55.36.39 - - [22/Aug/2013:13:33:56 +0200] "GET /Feinstaubfilter/feinstaubfilter.html HTTP/1.1" 200 13065 "-" "Mozilla/5.0 (compatible; bingbot/2.0; +http://www.bing.com/bingbot.htm)"
5.10.83.26 - - [22/Aug/2013:13:36:44 +0200] "GET /Impressum/impressum.html HTTP/1.1" 200 11991 "-" "Mozilla/5.0 (compatible; AhrefsBot/5.0; +http://ahrefs.com/robot/)"
208.115.113.83 - - [22/Aug/2013:13:42:29 +0200] "GET /Feinstaubfilter/Dexwet/dexwet.html HTTP/1.1" 200 16100 "-" "Mozilla/5.0 (compatible; Ezooms/1.0; ezooms.bot@gmail.com)"
5.10.83.26 - - [22/Aug/2013:13:58:23 +0200] "GET /Service_Kontakt/service_kontakt.html HTTP/1.1" 200 11157 "-" "Mozilla/5.0 (compatible; AhrefsBot/5.0; +http://ahrefs.com/robot/)"
208.115.111.66 - - [22/Aug/2013:13:59:49 +0200] "GET /robots.txt HTTP/1.1" 404 1256 "-" "Mozilla/5.0 (compatible; Ezooms/1.0; ezooms.bot@gmail.com)"
141.8.147.12 - - [22/Aug/2013:14:40:11 +0200] "GET /Service_Kontakt_NnBanner.gif HTTP/1.1" 304 - "-" "Mozilla/5.0 (compatible; YandexImages/3.0; +http://yandex.com/bots)"
157.55.36.39 - - [22/Aug/2013:15:24:27 +0200] "GET /robots.txt HTTP/1.1" 404 1256 "-" "Mozilla/5.0 (compatible; bingbot/2.0; +http://www.bing.com/bingbot.htm)"
157.55.36.39 - - [22/Aug/2013:15:24:56 +0200] "GET /rollover.js HTTP/1.1" 200 32709 "-" "Mozilla/5.0 (compatible; bingbot/2.0; +http://www.bing.com/bingbot.htm)"
208.115.111.66 - - [22/Aug/2013:15:54:19 +0200] "GET /Produkte/Tonerkartuschen/tonerkartuschen.html HTTP/1.1" 200 13203 "-" "Mozilla/5.0 (compatible; Ezooms/1.0; ezooms.bot@gmail.com)"
208.115.111.66 - - [22/Aug/2013:15:54:27 +0200] "GET /Produkte/produkte.html HTTP/1.1" 200 17755 "-" "Mozilla/5.0 (compatible; Ezooms/1.0; ezooms.bot@gmail.com)"
5.10.83.26 - - [22/Aug/2013:16:25:34 +0200] "GET /Feinstaubfilter/feinstaubfilter.html HTTP/1.1" 200 13065 "-" "Mozilla/5.0 (compatible; AhrefsBot/5.0; +http://ahrefs.com/robot/)"
93.130.8.36 - - [22/Aug/2013:16:53:26 +0200] "GET / HTTP/1.1" 200 12828 "http://www.firmium.de/firma/330524" "Mozilla/5.0 (Windows NT 5.1; rv:23.0) Gecko/20100101 Firefox/23.0"
93.130.8.36 - - [22/Aug/2013:16:53:26 +0200] "GET /rollover.js HTTP/1.1" 200 32709 "http://www.sirius-berlin.de/" "Mozilla/5.0 (Windows NT 5.1; rv:23.0) Gecko/20100101 Firefox/23.0"
93.130.8.36 - - [22/Aug/2013:16:53:26 +0200] "GET /clearpixel.gif HTTP/1.1" 200 43 "http://www.sirius-berlin.de/" "Mozilla/5.0 (Windows NT 5.1; rv:23.0) Gecko/20100101 Firefox/23.0"
93.130.8.36 - - [22/Aug/2013:16:53:26 +0200] "GET /Sirius-LOGO21.JPG HTTP/1.1" 200 2563 "http://www.sirius-berlin.de/" "Mozilla/5.0 (Windows NT 5.1; rv:23.0) Gecko/20100101 Firefox/23.0"
93.130.8.36 - - [22/Aug/2013:16:53:26 +0200] "GET /Home_Hp3.gif HTTP/1.1" 200 1773 "http://www.sirius-berlin.de/" "Mozilla/5.0 (Windows NT 5.1; rv:23.0) Gecko/20100101 Firefox/23.0"
93.130.8.36 - - [22/Aug/2013:16:53:26 +0200] "GET /Produkte_Np1.gif HTTP/1.1" 200 1744 "http://www.sirius-berlin.de/" "Mozilla/5.0 (Windows NT 5.1; rv:23.0) Gecko/20100101 Firefox/23.0"
93.130.8.36 - - [22/Aug/2013:16:53:26 +0200] "GET /Feinstaubfilter_Np1.gif HTTP/1.1" 200 1780 "http://www.sirius-berlin.de/" "Mozilla/5.0 (Windows NT 5.1; rv:23.0) Gecko/20100101 Firefox/23.0"
93.130.8.36 - - [22/Aug/2013:16:53:26 +0200] "GET /Service_Kontakt_Np1.gif HTTP/1.1" 200 1794 "http://www.sirius-berlin.de/" "Mozilla/5.0 (Windows NT 5.1; rv:23.0) Gecko/20100101 Firefox/23.0"
93.130.8.36 - - [22/Aug/2013:16:53:26 +0200] "GET /Impressum_Np1.gif HTTP/1.1" 200 1750 "http://www.sirius-berlin.de/" "Mozilla/5.0 (Windows NT 5.1; rv:23.0) Gecko/20100101 Firefox/23.0"
93.130.8.36 - - [22/Aug/2013:16:53:26 +0200] "GET /Shop_Np1.gif HTTP/1.1" 200 1699 "http://www.sirius-berlin.de/" "Mozilla/5.0 (Windows NT 5.1; rv:23.0) Gecko/20100101 Firefox/23.0"
93.130.8.36 - - [22/Aug/2013:16:53:26 +0200] "GET /BuiltWithNOF.gif HTTP/1.1" 200 2587 "http://www.sirius-berlin.de/" "Mozilla/5.0 (Windows NT 5.1; rv:23.0) Gecko/20100101 Firefox/23.0"
93.130.8.36 - - [22/Aug/2013:16:53:26 +0200] "GET /Home_NnBanner.gif HTTP/1.1" 200 5803 "http://www.sirius-berlin.de/" "Mozilla/5.0 (Windows NT 5.1; rv:23.0) Gecko/20100101 Firefox/23.0"
93.130.8.36 - - [22/Aug/2013:16:53:26 +0200] "GET /Sirius-LOGO1.JPG HTTP/1.1" 200 4357 "http://www.sirius-berlin.de/" "Mozilla/5.0 (Windows NT 5.1; rv:23.0) Gecko/20100101 Firefox/23.0"
93.130.8.36 - - [22/Aug/2013:16:53:26 +0200] "GET /DSC0019902.JPG HTTP/1.1" 200 7772 "http://www.sirius-berlin.de/" "Mozilla/5.0 (Windows NT 5.1; rv:23.0) Gecko/20100101 Firefox/23.0"
93.130.8.36 - - [22/Aug/2013:16:53:26 +0200] "GET /background.gif HTTP/1.1" 200 5457 "http://www.sirius-berlin.de/" "Mozilla/5.0 (Windows NT 5.1; rv:23.0) Gecko/20100101 Firefox/23.0"
93.130.8.36 - - [22/Aug/2013:16:53:26 +0200] "GET /Home_HRp4.gif HTTP/1.1" 200 2027 "http://www.sirius-berlin.de/" "Mozilla/5.0 (Windows NT 5.1; rv:23.0) Gecko/20100101 Firefox/23.0"
93.130.8.36 - - [22/Aug/2013:16:53:26 +0200] "GET /Produkte_NRp2.gif HTTP/1.1" 200 2001 "http://www.sirius-berlin.de/" "Mozilla/5.0 (Windows NT 5.1; rv:23.0) Gecko/20100101 Firefox/23.0"
93.130.8.36 - - [22/Aug/2013:16:53:27 +0200] "GET /Feinstaubfilter_NRp2.gif HTTP/1.1" 200 2034 "http://www.sirius-berlin.de/" "Mozilla/5.0 (Windows NT 5.1; rv:23.0) Gecko/20100101 Firefox/23.0"
93.130.8.36 - - [22/Aug/2013:16:53:27 +0200] "GET /Service_Kontakt_NRp2.gif HTTP/1.1" 200 2044 "http://www.sirius-berlin.de/" "Mozilla/5.0 (Windows NT 5.1; rv:23.0) Gecko/20100101 Firefox/23.0"
93.130.8.36 - - [22/Aug/2013:16:53:27 +0200] "GET /Impressum_NRp2.gif HTTP/1.1" 200 2011 "http://www.sirius-berlin.de/" "Mozilla/5.0 (Windows NT 5.1; rv:23.0) Gecko/20100101 Firefox/23.0"
93.130.8.36 - - [22/Aug/2013:16:53:27 +0200] "GET /Shop_NRp2.gif HTTP/1.1" 200 1954 "http://www.sirius-berlin.de/" "Mozilla/5.0 (Windows NT 5.1; rv:23.0) Gecko/20100101 Firefox/23.0"
93.130.8.36 - - [22/Aug/2013:16:53:28 +0200] "GET /favicon.ico HTTP/1.1" 404 1256 "-" "Mozilla/5.0 (Windows NT 5.1; rv:23.0) Gecko/20100101 Firefox/23.0"
93.130.8.36 - - [22/Aug/2013:16:53:28 +0200] "GET /favicon.ico HTTP/1.1" 404 1256 "-" "Mozilla/5.0 (Windows NT 5.1; rv:23.0) Gecko/20100101 Firefox/23.0"
157.56.229.189 - - [22/Aug/2013:19:03:45 +0200] "GET /robots.txt HTTP/1.1" 404 1256 "-" "Mozilla/5.0 (compatible; bingbot/2.0; +http://www.bing.com/bingbot.htm)"
157.56.229.189 - - [22/Aug/2013:19:04:19 +0200] "GET /Produkte/Tintenpatronen/tintenpatronen.html HTTP/1.1" 304 - "-" "Mozilla/5.0 (compatible; bingbot/2.0; +http://www.bing.com/bingbot.htm)"
157.56.229.189 - - [22/Aug/2013:19:47:40 +0200] "GET / HTTP/1.1" 304 - "-" "Mozilla/5.0 (compatible; bingbot/2.0; +http://www.bing.com/bingbot.htm)"
