188.0.87.136 - - [12/Aug/2013:06:24:20 +0200] "GET /robots.txt HTTP/1.1" 404 1256 "-" "Mozilla/5.0 (compatible; 008/0.83; http://www.80legs.com/webcrawler.html;) Gecko/2008032620"
188.0.87.136 - - [12/Aug/2013:06:24:20 +0200] "GET / HTTP/1.1" 200 12828 "-" "Mozilla/5.0 (compatible; 008/0.85; http://www.80legs.com/webcrawler.html) Gecko/2008032620"
176.32.18.206 - - [12/Aug/2013:06:25:57 +0200] "GET /robots.txt HTTP/1.1" 404 1256 "-" "Mozilla/5.0 (compatible; 008/0.83; http://www.80legs.com/webcrawler.html;) Gecko/2008032620"
176.32.18.206 - - [12/Aug/2013:06:25:58 +0200] "GET / HTTP/1.1" 200 12828 "-" "Mozilla/5.0 (compatible; 008/0.85; http://www.80legs.com/webcrawler.html) Gecko/2008032620"
89.23.106.107 - - [12/Aug/2013:06:35:35 +0200] "GET /robots.txt HTTP/1.1" 404 1256 "-" "Mozilla/5.0 (compatible; 008/0.83; http://www.80legs.com/webcrawler.html;) Gecko/2008032620"
89.23.106.107 - - [12/Aug/2013:06:35:35 +0200] "GET / HTTP/1.1" 200 12828 "-" "Mozilla/5.0 (compatible; 008/0.85; http://www.80legs.com/webcrawler.html) Gecko/2008032620"
46.138.229.98 - - [12/Aug/2013:06:36:05 +0200] "GET /robots.txt HTTP/1.1" 404 1256 "-" "Mozilla/5.0 (compatible; 008/0.83; http://www.80legs.com/webcrawler.html;) Gecko/2008032620"
46.138.229.98 - - [12/Aug/2013:06:36:05 +0200] "GET / HTTP/1.1" 200 12828 "-" "Mozilla/5.0 (compatible; 008/0.85; http://www.80legs.com/webcrawler.html) Gecko/2008032620"
115.77.241.0 - - [12/Aug/2013:06:38:40 +0200] "GET /robots.txt HTTP/1.1" 404 1256 "-" "Mozilla/5.0 (compatible; 008/0.83; http://www.80legs.com/webcrawler.html;) Gecko/2008032620"
115.77.241.0 - - [12/Aug/2013:06:38:41 +0200] "GET / HTTP/1.1" 200 12828 "-" "Mozilla/5.0 (compatible; 008/0.85; http://www.80legs.com/webcrawler.html) Gecko/2008032620"
180.245.187.9 - - [12/Aug/2013:07:07:16 +0200] "GET /robots.txt HTTP/1.1" 404 1256 "-" "Mozilla/5.0 (compatible; 008/0.83; http://www.80legs.com/webcrawler.html;) Gecko/2008032620"
180.245.187.9 - - [12/Aug/2013:07:07:17 +0200] "GET /Feinstaubfilter/feinstaubfilter.html HTTP/1.1" 200 13065 "-" "Mozilla/5.0 (compatible; 008/0.85; http://www.80legs.com/webcrawler.html) Gecko/2008032620"
66.249.72.226 - - [12/Aug/2013:07:08:02 +0200] "GET /robots.txt HTTP/1.1" 404 1256 "-" "Mozilla/5.0 (compatible; Googlebot/2.1; +http://www.google.com/bot.html)"
66.249.72.226 - - [12/Aug/2013:07:08:02 +0200] "GET /Produkte/produkte.html HTTP/1.1" 304 - "-" "Mozilla/5.0 (iPhone; U; CPU iPhone OS 4_1 like Mac OS X; en-us) AppleWebKit/532.9 (KHTML, like Gecko) Version/4.0.5 Mobile/8B117 Safari/6531.22.7 (compatible; Googlebot-Mobile/2.1; +http://www.google.com/bot.html)"
217.150.72.12 - - [12/Aug/2013:07:14:02 +0200] "GET /robots.txt HTTP/1.1" 404 1256 "-" "Mozilla/5.0 (compatible; 008/0.83; http://www.80legs.com/webcrawler.html;) Gecko/2008032620"
217.150.72.12 - - [12/Aug/2013:07:14:02 +0200] "GET /Service_Kontakt/service_kontakt.html HTTP/1.1" 200 11157 "-" "Mozilla/5.0 (compatible; 008/0.85; http://www.80legs.com/webcrawler.html) Gecko/2008032620"
176.194.209.62 - - [12/Aug/2013:07:21:49 +0200] "GET /robots.txt HTTP/1.1" 404 1256 "-" "Mozilla/5.0 (compatible; 008/0.83; http://www.80legs.com/webcrawler.html;) Gecko/2008032620"
176.194.209.62 - - [12/Aug/2013:07:21:49 +0200] "GET /Shop/shop.html HTTP/1.1" 200 59578 "-" "Mozilla/5.0 (compatible; 008/0.85; http://www.80legs.com/webcrawler.html) Gecko/2008032620"
180.245.187.9 - - [12/Aug/2013:07:23:36 +0200] "GET /Impressum/impressum.html HTTP/1.1" 200 11991 "-" "Mozilla/5.0 (compatible; 008/0.85; http://www.80legs.com/webcrawler.html) Gecko/2008032620"
64.125.222.16 - - [12/Aug/2013:07:33:12 +0200] "GET /robots.txt HTTP/1.1" 404 1256 "-" "Mozilla/5.0 (compatible; 008/0.83; http://www.80legs.com/webcrawler.html;) Gecko/2008032620"
178.94.82.130 - - [12/Aug/2013:07:33:34 +0200] "GET /index.html HTTP/1.1" 200 12828 "-" "Mozilla/5.0 (compatible; 008/0.85; http://www.80legs.com/webcrawler.html) Gecko/2008032620"
95.81.221.1 - - [12/Aug/2013:07:33:41 +0200] "GET /index.html HTTP/1.1" 200 12828 "-" "Mozilla/5.0 (compatible; 008/0.85; http://www.80legs.com/webcrawler.html) Gecko/2008032620"
81.200.28.90 - - [12/Aug/2013:07:33:45 +0200] "GET /index.html HTTP/1.1" 200 12828 "-" "Mozilla/5.0 (compatible; 008/0.85; http://www.80legs.com/webcrawler.html) Gecko/2008032620"
213.87.89.172 - - [12/Aug/2013:07:33:48 +0200] "GET /index.html HTTP/1.1" 200 12828 "-" "Mozilla/5.0 (compatible; 008/0.85; http://www.80legs.com/webcrawler.html) Gecko/2008032620"
178.94.82.130 - - [12/Aug/2013:07:33:56 +0200] "GET /index.html HTTP/1.1" 200 12828 "-" "Mozilla/5.0 (compatible; 008/0.85; http://www.80legs.com/webcrawler.html) Gecko/2008032620"
91.234.62.58 - - [12/Aug/2013:07:36:53 +0200] "GET /Produkte/produkte.html HTTP/1.1" 200 17755 "-" "Mozilla/5.0 (compatible; 008/0.85; http://www.80legs.com/webcrawler.html) Gecko/2008032620"
81.30.220.91 - - [12/Aug/2013:08:04:25 +0200] "GET /robots.txt HTTP/1.1" 404 1256 "-" "Mozilla/5.0 (compatible; 008/0.83; http://www.80legs.com/webcrawler.html;) Gecko/2008032620"
81.30.220.91 - - [12/Aug/2013:08:04:26 +0200] "GET /Produkte/produkte.html HTTP/1.1" 200 17755 "-" "Mozilla/5.0 (compatible; 008/0.85; http://www.80legs.com/webcrawler.html) Gecko/2008032620"
46.185.44.113 - - [12/Aug/2013:08:04:26 +0200] "GET /robots.txt HTTP/1.1" 404 1256 "-" "Mozilla/5.0 (compatible; 008/0.83; http://www.80legs.com/webcrawler.html;) Gecko/2008032620"
46.185.44.113 - - [12/Aug/2013:08:04:26 +0200] "GET /index.html HTTP/1.1" 200 12828 "-" "Mozilla/5.0 (compatible; 008/0.85; http://www.80legs.com/webcrawler.html) Gecko/2008032620"
95.81.221.1 - - [12/Aug/2013:08:04:27 +0200] "GET /robots.txt HTTP/1.1" 404 1256 "-" "Mozilla/5.0 (compatible; 008/0.83; http://www.80legs.com/webcrawler.html;) Gecko/2008032620"
81.30.220.91 - - [12/Aug/2013:08:04:27 +0200] "GET /Produkte/produkte.html HTTP/1.1" 200 17755 "-" "Mozilla/5.0 (compatible; 008/0.85; http://www.80legs.com/webcrawler.html) Gecko/2008032620"
95.81.221.1 - - [12/Aug/2013:08:04:27 +0200] "GET /Produkte/produkte.html HTTP/1.1" 200 17755 "-" "Mozilla/5.0 (compatible; 008/0.85; http://www.80legs.com/webcrawler.html) Gecko/2008032620"
81.30.220.91 - - [12/Aug/2013:08:04:28 +0200] "GET /Service_Kontakt/service_kontakt.html HTTP/1.1" 200 11157 "-" "Mozilla/5.0 (compatible; 008/0.85; http://www.80legs.com/webcrawler.html) Gecko/2008032620"
81.30.220.91 - - [12/Aug/2013:08:04:29 +0200] "GET /index.html HTTP/1.1" 200 12828 "-" "Mozilla/5.0 (compatible; 008/0.85; http://www.80legs.com/webcrawler.html) Gecko/2008032620"
84.18.126.221 - - [12/Aug/2013:08:05:07 +0200] "GET /robots.txt HTTP/1.1" 404 1256 "-" "Mozilla/5.0 (compatible; 008/0.83; http://www.80legs.com/webcrawler.html;) Gecko/2008032620"
92.112.146.75 - - [12/Aug/2013:08:05:07 +0200] "GET /robots.txt HTTP/1.1" 404 1256 "-" "Mozilla/5.0 (compatible; 008/0.83; http://www.80legs.com/webcrawler.html;) Gecko/2008032620"
92.112.146.75 - - [12/Aug/2013:08:05:08 +0200] "GET /index.html HTTP/1.1" 200 12828 "-" "Mozilla/5.0 (compatible; 008/0.85; http://www.80legs.com/webcrawler.html) Gecko/2008032620"
84.18.126.221 - - [12/Aug/2013:08:05:11 +0200] "GET /Produkte/produkte.html HTTP/1.1" 200 17755 "-" "Mozilla/5.0 (compatible; 008/0.85; http://www.80legs.com/webcrawler.html) Gecko/2008032620"
178.206.8.35 - - [12/Aug/2013:08:06:59 +0200] "GET /Produkte/Tintenpatronen/tintenpatronen.html HTTP/1.1" 200 15225 "-" "Mozilla/5.0 (compatible; 008/0.85; http://www.80legs.com/webcrawler.html) Gecko/2008032620"
178.206.8.35 - - [12/Aug/2013:08:07:03 +0200] "GET /Produkte/Tonerkartuschen/tonerkartuschen.html HTTP/1.1" 200 13203 "-" "Mozilla/5.0 (compatible; 008/0.85; http://www.80legs.com/webcrawler.html) Gecko/2008032620"
178.206.8.35 - - [12/Aug/2013:08:07:06 +0200] "GET /Produkte/weitere_Produkte/weitere_produkte.html HTTP/1.1" 200 12524 "-" "Mozilla/5.0 (compatible; 008/0.85; http://www.80legs.com/webcrawler.html) Gecko/2008032620"
64.125.222.50 - - [12/Aug/2013:08:10:08 +0200] "GET /robots.txt HTTP/1.1" 404 1256 "-" "Mozilla/5.0 (compatible; 008/0.83; http://www.80legs.com/webcrawler.html;) Gecko/2008032620"
91.226.4.161 - - [12/Aug/2013:08:10:22 +0200] "GET /Produkte/Tintenpatronen/tintenpatronen.html HTTP/1.1" 200 15225 "-" "Mozilla/5.0 (compatible; 008/0.85; http://www.80legs.com/webcrawler.html) Gecko/2008032620"
91.226.4.161 - - [12/Aug/2013:08:10:23 +0200] "GET /Produkte/Tonerkartuschen/tonerkartuschen.html HTTP/1.1" 200 13203 "-" "Mozilla/5.0 (compatible; 008/0.85; http://www.80legs.com/webcrawler.html) Gecko/2008032620"
91.226.4.161 - - [12/Aug/2013:08:10:25 +0200] "GET /Produkte/weitere_Produkte/weitere_produkte.html HTTP/1.1" 200 12524 "-" "Mozilla/5.0 (compatible; 008/0.85; http://www.80legs.com/webcrawler.html) Gecko/2008032620"
78.36.37.97 - - [12/Aug/2013:08:10:25 +0200] "GET /Produkte/Tintenpatronen/tintenpatronen.html HTTP/1.1" 200 15225 "-" "Mozilla/5.0 (compatible; 008/0.85; http://www.80legs.com/webcrawler.html) Gecko/2008032620"
78.36.37.97 - - [12/Aug/2013:08:10:27 +0200] "GET /Produkte/Tonerkartuschen/tonerkartuschen.html HTTP/1.1" 200 13203 "-" "Mozilla/5.0 (compatible; 008/0.85; http://www.80legs.com/webcrawler.html) Gecko/2008032620"
78.36.37.97 - - [12/Aug/2013:08:10:28 +0200] "GET /Produkte/weitere_Produkte/weitere_produkte.html HTTP/1.1" 200 12524 "-" "Mozilla/5.0 (compatible; 008/0.85; http://www.80legs.com/webcrawler.html) Gecko/2008032620"
212.116.127.50 - - [12/Aug/2013:08:10:29 +0200] "GET /Produkte/Tintenpatronen/tintenpatronen.html HTTP/1.1" 200 15225 "-" "Mozilla/5.0 (compatible; 008/0.85; http://www.80legs.com/webcrawler.html) Gecko/2008032620"
212.116.127.50 - - [12/Aug/2013:08:10:30 +0200] "GET /Produkte/Tonerkartuschen/tonerkartuschen.html HTTP/1.1" 200 13203 "-" "Mozilla/5.0 (compatible; 008/0.85; http://www.80legs.com/webcrawler.html) Gecko/2008032620"
212.116.127.50 - - [12/Aug/2013:08:10:31 +0200] "GET /Produkte/weitere_Produkte/weitere_produkte.html HTTP/1.1" 200 12524 "-" "Mozilla/5.0 (compatible; 008/0.85; http://www.80legs.com/webcrawler.html) Gecko/2008032620"
91.226.4.161 - - [12/Aug/2013:08:10:34 +0200] "GET /Produkte/Tintenpatronen/tintenpatronen.html HTTP/1.1" 200 15225 "-" "Mozilla/5.0 (compatible; 008/0.85; http://www.80legs.com/webcrawler.html) Gecko/2008032620"
91.226.4.161 - - [12/Aug/2013:08:10:35 +0200] "GET /Produkte/Tonerkartuschen/tonerkartuschen.html HTTP/1.1" 200 13203 "-" "Mozilla/5.0 (compatible; 008/0.85; http://www.80legs.com/webcrawler.html) Gecko/2008032620"
91.226.4.161 - - [12/Aug/2013:08:10:36 +0200] "GET /Produkte/weitere_Produkte/weitere_produkte.html HTTP/1.1" 200 12524 "-" "Mozilla/5.0 (compatible; 008/0.85; http://www.80legs.com/webcrawler.html) Gecko/2008032620"
46.98.150.220 - - [12/Aug/2013:08:26:29 +0200] "GET /Shop/Filter/filter_2.html HTTP/1.1" 200 26547 "-" "Mozilla/5.0 (compatible; 008/0.85; http://www.80legs.com/webcrawler.html) Gecko/2008032620"
217.29.180.240 - - [12/Aug/2013:08:32:03 +0200] "GET /Feinstaubfilter/Dexwet/dexwet.html HTTP/1.1" 200 16100 "-" "Mozilla/5.0 (compatible; 008/0.85; http://www.80legs.com/webcrawler.html) Gecko/2008032620"
31.202.209.41 - - [12/Aug/2013:08:32:06 +0200] "GET /Feinstaubfilter/Dexwet/dexwet.html HTTP/1.1" 200 16100 "-" "Mozilla/5.0 (compatible; 008/0.85; http://www.80legs.com/webcrawler.html) Gecko/2008032620"
188.134.34.113 - - [12/Aug/2013:08:32:07 +0200] "GET /Feinstaubfilter/Dexwet/dexwet.html HTTP/1.1" 200 16100 "-" "Mozilla/5.0 (compatible; 008/0.85; http://www.80legs.com/webcrawler.html) Gecko/2008032620"
178.137.21.73 - - [12/Aug/2013:08:32:13 +0200] "GET /Feinstaubfilter/Dexwet/dexwet.html HTTP/1.1" 200 16100 "-" "Mozilla/5.0 (compatible; 008/0.85; http://www.80legs.com/webcrawler.html) Gecko/2008032620"
94.233.98.139 - - [12/Aug/2013:08:32:15 +0200] "GET /Feinstaubfilter/Dexwet/dexwet.html HTTP/1.1" 200 16100 "-" "Mozilla/5.0 (compatible; 008/0.85; http://www.80legs.com/webcrawler.html) Gecko/2008032620"
217.29.180.240 - - [12/Aug/2013:08:32:17 +0200] "GET /Feinstaubfilter/Dexwet/dexwet.html HTTP/1.1" 200 16100 "-" "Mozilla/5.0 (compatible; 008/0.85; http://www.80legs.com/webcrawler.html) Gecko/2008032620"
213.154.216.231 - - [12/Aug/2013:09:02:33 +0200] "GET /Shop/Filter/filter_1.html HTTP/1.1" 200 26543 "-" "Mozilla/5.0 (compatible; 008/0.85; http://www.80legs.com/webcrawler.html) Gecko/2008032620"
46.46.72.244 - - [12/Aug/2013:09:02:35 +0200] "GET /Shop/shop.html HTTP/1.1" 200 59578 "-" "Mozilla/5.0 (compatible; 008/0.85; http://www.80legs.com/webcrawler.html) Gecko/2008032620"
46.46.72.244 - - [12/Aug/2013:09:02:46 +0200] "GET /Shop/shop.html HTTP/1.1" 200 59578 "-" "Mozilla/5.0 (compatible; 008/0.85; http://www.80legs.com/webcrawler.html) Gecko/2008032620"
213.111.234.254 - - [12/Aug/2013:09:03:21 +0200] "GET /Feinstaubfilter/micronair/micronair.html HTTP/1.1" 200 19812 "-" "Mozilla/5.0 (compatible; 008/0.85; http://www.80legs.com/webcrawler.html) Gecko/2008032620"
174.140.165.12 - - [12/Aug/2013:09:04:11 +0200] "GET /Feinstaubfilter/micronair/micronair.html HTTP/1.1" 200 19812 "-" "Mozilla/5.0 (compatible; 008/0.85; http://www.80legs.com/webcrawler.html) Gecko/2008032620"
178.18.105.28 - - [12/Aug/2013:09:14:06 +0200] "GET /Shop/Filter/filter_0.html HTTP/1.1" 200 26544 "-" "Mozilla/5.0 (compatible; 008/0.85; http://www.80legs.com/webcrawler.html) Gecko/2008032620"
173.199.114.3 - - [12/Aug/2013:12:36:14 +0200] "GET /Produkte/Tonerkartuschen/tonerkartuschen.html HTTP/1.1" 200 13203 "-" "Mozilla/5.0 (compatible; AhrefsBot/4.0; +http://ahrefs.com/robot/)"
66.249.72.226 - - [12/Aug/2013:13:10:27 +0200] "GET /robots.txt HTTP/1.1" 404 1256 "-" "Mozilla/5.0 (compatible; Googlebot/2.1; +http://www.google.com/bot.html)"
66.249.72.226 - - [12/Aug/2013:13:10:27 +0200] "GET /Shop_Np1.gif HTTP/1.1" 304 - "-" "Googlebot-Image/1.0"
46.229.164.97 - - [12/Aug/2013:14:44:05 +0200] "GET /robots.txt HTTP/1.1" 404 1256 "-" "Mozilla/5.0 (compatible; SemrushBot/0.96.4; +http://www.semrush.com/bot.html)"
141.8.147.12 - - [12/Aug/2013:16:54:14 +0200] "GET /robots.txt HTTP/1.1" 404 1256 "-" "Mozilla/5.0 (compatible; YandexBot/3.0; +http://yandex.com/bots)"
173.199.114.3 - - [12/Aug/2013:17:12:58 +0200] "GET / HTTP/1.1" 200 12828 "-" "Mozilla/5.0 (compatible; AhrefsBot/4.0; +http://ahrefs.com/robot/)"
66.249.75.226 - - [12/Aug/2013:17:25:45 +0200] "GET /robots.txt HTTP/1.1" 404 1256 "-" "Mozilla/5.0 (compatible; Googlebot/2.1; +http://www.google.com/bot.html)"
66.249.75.226 - - [12/Aug/2013:17:25:45 +0200] "GET /Gruppe02.jpg HTTP/1.1" 304 - "-" "Googlebot-Image/1.0"
66.249.75.226 - - [12/Aug/2013:19:33:12 +0200] "GET /Dexwet_Hs1.gif HTTP/1.1" 304 - "-" "Googlebot-Image/1.0"
173.199.114.3 - - [12/Aug/2013:20:50:12 +0200] "GET /Impressum/impressum.html HTTP/1.1" 200 11991 "-" "Mozilla/5.0 (compatible; AhrefsBot/4.0; +http://ahrefs.com/robot/)"
199.30.16.45 - - [12/Aug/2013:21:16:59 +0200] "GET /robots.txt HTTP/1.1" 404 1256 "-" "msnbot-media/1.1 (+http://search.msn.com/msnbot.htm)"
199.30.16.45 - - [12/Aug/2013:21:16:59 +0200] "GET /Produkte/a_thumb_Multipack02.jpg HTTP/1.1" 200 19266 "-" "msnbot-media/1.1 (+http://search.msn.com/msnbot.htm)"
176.9.58.141 - - [12/Aug/2013:21:47:54 +0200] "GET /robots.txt HTTP/1.0" 404 1256 "-" "Mozilla/5.0 (compatible; SEOkicks-Robot +http://www.seokicks.de/robot.html)"
176.9.58.141 - - [12/Aug/2013:21:48:00 +0200] "GET / HTTP/1.0" 200 12828 "-" "Mozilla/5.0 (compatible; SEOkicks-Robot +http://www.seokicks.de/robot.html)"
78.158.11.226 - - [12/Aug/2013:22:56:02 +0200] "GET / HTTP/1.1" 200 12828 "http://sameid.net/domain/www.sirius-berlin.de/" "Lynx/2.8.5rel.1 libwww-FM/2.15FC SSL-MM/1.4.1c OpenSSL/0.9.7e-dev"
78.158.11.226 - - [12/Aug/2013:22:56:02 +0200] "GET / HTTP/1.1" 200 12828 "http://www.google.com/url?sa=t&rct=j&q=www.sirius-berlin.de&source=web&cd=5&ved=0CF0QFjAE&url=http:%2F%2Fwww.sirius-berlin.de%2F&cad=rja" "Lynx/2.8.5rel.1 libwww-FM/2.15FC SSL-MM/1.4.1c OpenSSL/0.9.7e-dev"
78.158.11.226 - - [12/Aug/2013:22:56:02 +0200] "GET /./service_kontakt/service_kontakt.html HTTP/1.1" 404 1256 "http://www.sirius-berlin.de/" "Lynx/2.8.5rel.1 libwww-FM/2.15FC SSL-MM/1.4.1c OpenSSL/0.9.7e-dev"
78.158.11.226 - - [12/Aug/2013:22:56:02 +0200] "GET /./service_kontakt/service_kontakt.html HTTP/1.1" 404 1256 "-" "Lynx/2.8.5rel.1 libwww-FM/2.15FC SSL-MM/1.4.1c OpenSSL/0.9.7e-dev"
173.199.114.3 - - [13/Aug/2013:01:28:05 +0200] "GET /Feinstaubfilter/feinstaubfilter.html HTTP/1.1" 200 13065 "-" "Mozilla/5.0 (compatible; AhrefsBot/4.0; +http://ahrefs.com/robot/)"
141.8.147.12 - - [13/Aug/2013:01:44:45 +0200] "GET / HTTP/1.1" 200 12828 "-" "Mozilla/5.0 (compatible; YandexBot/3.0; +http://yandex.com/bots)"
141.8.147.12 - - [13/Aug/2013:03:13:35 +0200] "GET /Aufbau_Detail1.jpg HTTP/1.1" 304 - "-" "Mozilla/5.0 (compatible; YandexImages/3.0; +http://yandex.com/bots)"
66.249.75.226 - - [13/Aug/2013:03:20:29 +0200] "GET /Shop_Np1.gif HTTP/1.1" 304 - "-" "Googlebot-Image/1.0"
141.8.147.12 - - [13/Aug/2013:03:46:30 +0200] "GET /micronair_Hs1.gif HTTP/1.1" 304 - "-" "Mozilla/5.0 (compatible; YandexImages/3.0; +http://yandex.com/bots)"
141.8.147.12 - - [13/Aug/2013:03:53:45 +0200] "GET /thumb_Carrier.jpg HTTP/1.1" 304 - "-" "Mozilla/5.0 (compatible; YandexImages/3.0; +http://yandex.com/bots)"
141.8.147.12 - - [13/Aug/2013:05:12:58 +0200] "GET /robots.txt HTTP/1.1" 404 1256 "-" "Mozilla/5.0 (compatible; YandexBot/3.0; +http://yandex.com/bots)"
141.8.147.12 - - [13/Aug/2013:05:15:01 +0200] "GET /Vorher-nachher1.jpg HTTP/1.1" 304 - "-" "Mozilla/5.0 (compatible; YandexImages/3.0; +http://yandex.com/bots)"
141.8.147.12 - - [13/Aug/2013:05:21:42 +0200] "GET /Modular_Detail1.jpg HTTP/1.1" 304 - "-" "Mozilla/5.0 (compatible; YandexImages/3.0; +http://yandex.com/bots)"
141.8.147.12 - - [13/Aug/2013:05:27:43 +0200] "GET /Alle_auf_blau102.jpg HTTP/1.1" 304 - "-" "Mozilla/5.0 (compatible; YandexImages/3.0; +http://yandex.com/bots)"
66.249.75.226 - - [13/Aug/2013:05:30:54 +0200] "GET /robots.txt HTTP/1.1" 404 1256 "-" "Mozilla/5.0 (compatible; Googlebot/2.1; +http://www.google.com/bot.html)"
66.249.75.226 - - [13/Aug/2013:05:30:54 +0200] "GET / HTTP/1.1" 200 12828 "-" "Mozilla/5.0 (iPhone; U; CPU iPhone OS 4_1 like Mac OS X; en-us) AppleWebKit/532.9 (KHTML, like Gecko) Version/4.0.5 Mobile/8B117 Safari/6531.22.7 (compatible; Googlebot-Mobile/2.1; +http://www.google.com/bot.html)"
141.8.147.12 - - [13/Aug/2013:05:56:21 +0200] "GET /DSC00123a02.JPG HTTP/1.1" 304 - "-" "Mozilla/5.0 (compatible; YandexImages/3.0; +http://yandex.com/bots)"
141.8.147.12 - - [13/Aug/2013:06:13:15 +0200] "GET /Aufbau1.jpg HTTP/1.1" 304 - "-" "Mozilla/5.0 (compatible; YandexImages/3.0; +http://yandex.com/bots)"
141.8.147.12 - - [13/Aug/2013:07:14:27 +0200] "GET /Tintenpatronen_NnBanner.gif HTTP/1.1" 304 - "-" "Mozilla/5.0 (compatible; YandexImages/3.0; +http://yandex.com/bots)"
141.8.147.12 - - [13/Aug/2013:07:14:45 +0200] "GET /thumb_Multipack.jpg HTTP/1.1" 304 - "-" "Mozilla/5.0 (compatible; YandexImages/3.0; +http://yandex.com/bots)"
141.8.147.12 - - [13/Aug/2013:07:29:00 +0200] "GET /Dexwet_Hs1.gif HTTP/1.1" 304 - "-" "Mozilla/5.0 (compatible; YandexImages/3.0; +http://yandex.com/bots)"
85.214.21.33 - - [13/Aug/2013:07:52:27 +0200] "GET / HTTP/1.0" 200 12828 "-" "-"
173.199.114.3 - - [13/Aug/2013:07:59:17 +0200] "GET /Feinstaubfilter/micronair/micronair.html HTTP/1.1" 200 19812 "-" "Mozilla/5.0 (compatible; AhrefsBot/4.0; +http://ahrefs.com/robot/)"
173.199.114.3 - - [13/Aug/2013:08:13:11 +0200] "GET /index.html HTTP/1.1" 200 12828 "-" "Mozilla/5.0 (compatible; AhrefsBot/4.0; +http://ahrefs.com/robot/)"
141.8.147.12 - - [13/Aug/2013:08:29:53 +0200] "GET /thumb_H11.jpg HTTP/1.1" 304 - "-" "Mozilla/5.0 (compatible; YandexImages/3.0; +http://yandex.com/bots)"
141.8.147.12 - - [13/Aug/2013:08:48:59 +0200] "GET /thumb_Tintentank.jpg HTTP/1.1" 304 - "-" "Mozilla/5.0 (compatible; YandexImages/3.0; +http://yandex.com/bots)"
66.249.75.226 - - [13/Aug/2013:09:42:59 +0200] "GET / HTTP/1.1" 200 12828 "-" "Mozilla/5.0 (compatible; Googlebot/2.1; +http://www.google.com/bot.html)"
141.8.147.12 - - [13/Aug/2013:10:05:35 +0200] "GET /DSC00127a03.JPG HTTP/1.1" 304 - "-" "Mozilla/5.0 (compatible; YandexImages/3.0; +http://yandex.com/bots)"
141.8.147.12 - - [13/Aug/2013:11:14:05 +0200] "GET /Tintenpatronen_Hs1.gif HTTP/1.1" 304 - "-" "Mozilla/5.0 (compatible; YandexImages/3.0; +http://yandex.com/bots)"
66.249.75.226 - - [13/Aug/2013:11:56:00 +0200] "GET /Produkte/Tonerkartuschen/tonerkartuschen.html HTTP/1.1" 200 13203 "-" "Mozilla/5.0 (iPhone; U; CPU iPhone OS 4_1 like Mac OS X; en-us) AppleWebKit/532.9 (KHTML, like Gecko) Version/4.0.5 Mobile/8B117 Safari/6531.22.7 (compatible; Googlebot-Mobile/2.1; +http://www.google.com/bot.html)"
66.249.75.226 - - [13/Aug/2013:14:56:21 +0200] "GET /Dexwet_Hs1.gif HTTP/1.1" 304 - "-" "Googlebot-Image/1.0"
66.249.75.226 - - [13/Aug/2013:15:08:24 +0200] "GET /Produkte/Tintenpatronen/tintenpatronen.html HTTP/1.1" 304 - "-" "Mozilla/5.0 (compatible; Googlebot/2.1; +http://www.google.com/bot.html)"
66.249.75.226 - - [13/Aug/2013:16:21:12 +0200] "GET /Shop/Filter/filter_0.html HTTP/1.1" 200 26544 "-" "Mozilla/5.0 (compatible; Googlebot/2.1; +http://www.google.com/bot.html)"
66.249.75.226 - - [13/Aug/2013:16:31:52 +0200] "GET /store.js HTTP/1.1" 200 4275 "-" "Mozilla/5.0 (compatible; Googlebot/2.1; +http://www.google.com/bot.html)"
66.249.75.226 - - [13/Aug/2013:17:07:24 +0200] "GET /Feinstaubfilter/Dexwet/dexwet.html HTTP/1.1" 304 - "-" "Mozilla/5.0 (compatible; Googlebot/2.1; +http://www.google.com/bot.html)"
113.105.164.225 - - [13/Aug/2013:17:10:10 +0200] "GET /robots.txt HTTP/1.1" 404 1256 "http://www.sirius-berlin.de/" "Mozilla/5.0 (compatible; MSIE 8.0; Windows NT 6.1)"
115.236.138.106 - - [13/Aug/2013:17:10:20 +0200] "GET /robots.txt HTTP/1.1" 404 1256 "http://www.sirius-berlin.de/" "Mozilla/5.0 (compatible; MSIE 8.0; Windows NT 6.1)"
66.249.75.226 - - [13/Aug/2013:18:48:38 +0200] "GET /robots.txt HTTP/1.1" 404 1256 "-" "Mozilla/5.0 (compatible; Googlebot/2.1; +http://www.google.com/bot.html)"
66.249.75.226 - - [13/Aug/2013:18:48:38 +0200] "GET /Shop/Filter/filter_1.html HTTP/1.1" 304 - "-" "Mozilla/5.0 (compatible; Googlebot/2.1; +http://www.google.com/bot.html)"
141.8.147.12 - - [13/Aug/2013:18:50:50 +0200] "GET /robots.txt HTTP/1.1" 404 1256 "-" "Mozilla/5.0 (compatible; YandexBot/3.0; +http://yandex.com/bots)"
141.8.147.12 - - [13/Aug/2013:19:30:40 +0200] "GET /Aufbau1.jpg HTTP/1.1" 304 - "-" "Mozilla/5.0 (compatible; YandexImages/3.0; +http://yandex.com/bots)"
173.199.114.3 - - [13/Aug/2013:19:43:41 +0200] "GET /Produkte/produkte.html HTTP/1.1" 200 17755 "-" "Mozilla/5.0 (compatible; AhrefsBot/4.0; +http://ahrefs.com/robot/)"
141.8.147.12 - - [13/Aug/2013:19:48:18 +0200] "GET /thumb_Multipack.jpg HTTP/1.1" 304 - "-" "Mozilla/5.0 (compatible; YandexImages/3.0; +http://yandex.com/bots)"
66.249.75.226 - - [13/Aug/2013:19:57:52 +0200] "GET /Produkte/weitere_Produkte/weitere_produkte.html HTTP/1.1" 304 - "-" "Mozilla/5.0 (compatible; Googlebot/2.1; +http://www.google.com/bot.html)"
141.8.147.12 - - [13/Aug/2013:20:05:35 +0200] "GET /Aufbau_Detail1.jpg HTTP/1.1" 304 - "-" "Mozilla/5.0 (compatible; YandexImages/3.0; +http://yandex.com/bots)"
141.8.147.12 - - [13/Aug/2013:20:06:45 +0200] "GET /Dexwet_Hs1.gif HTTP/1.1" 304 - "-" "Mozilla/5.0 (compatible; YandexImages/3.0; +http://yandex.com/bots)"
66.249.75.226 - - [13/Aug/2013:20:22:02 +0200] "GET /Service_Kontakt/service_kontakt.html HTTP/1.1" 304 - "-" "Mozilla/5.0 (iPhone; U; CPU iPhone OS 4_1 like Mac OS X; en-us) AppleWebKit/532.9 (KHTML, like Gecko) Version/4.0.5 Mobile/8B117 Safari/6531.22.7 (compatible; Googlebot-Mobile/2.1; +http://www.google.com/bot.html)"
141.8.147.12 - - [13/Aug/2013:20:30:14 +0200] "GET /micronair_Hs1.gif HTTP/1.1" 304 - "-" "Mozilla/5.0 (compatible; YandexImages/3.0; +http://yandex.com/bots)"
182.118.25.202 - - [13/Aug/2013:21:22:34 +0200] "GET /robots.txt HTTP/1.1" 404 1256 "http://www.sirius-berlin.de/robots.txt" "Mozilla/5.0 (Windows; U; Windows NT 5.1; zh-CN; rv:1.8.0.11) Firefox/1.5.0.11; 360Spider"
141.8.147.12 - - [13/Aug/2013:21:40:27 +0200] "GET /Tintenpatronen_Hs1.gif HTTP/1.1" 304 - "-" "Mozilla/5.0 (compatible; YandexImages/3.0; +http://yandex.com/bots)"
178.77.126.55 - - [13/Aug/2013:21:47:56 +0200] "GET /robots.txt HTTP/1.1" 404 1256 "-" "Mozilla/5.0 (compatible; CareerBot/1.1; +http://www.career-x.de/bot.html)"
178.77.126.55 - - [13/Aug/2013:21:47:56 +0200] "GET / HTTP/1.1" 200 12828 "-" "Mozilla/5.0 (compatible; CareerBot/1.1; +http://www.career-x.de/bot.html)"
141.8.147.12 - - [13/Aug/2013:22:29:56 +0200] "GET /DSC00127a03.JPG HTTP/1.1" 304 - "-" "Mozilla/5.0 (compatible; YandexImages/3.0; +http://yandex.com/bots)"
141.8.147.12 - - [13/Aug/2013:22:31:13 +0200] "GET /thumb_H11.jpg HTTP/1.1" 304 - "-" "Mozilla/5.0 (compatible; YandexImages/3.0; +http://yandex.com/bots)"
173.199.114.3 - - [13/Aug/2013:22:39:18 +0200] "GET /Shop/Filter/filter_0.html HTTP/1.1" 200 26544 "-" "Mozilla/5.0 (compatible; AhrefsBot/4.0; +http://ahrefs.com/robot/)"
141.8.147.12 - - [13/Aug/2013:22:56:20 +0200] "GET /Tintenpatronen_NnBanner.gif HTTP/1.1" 304 - "-" "Mozilla/5.0 (compatible; YandexImages/3.0; +http://yandex.com/bots)"
173.199.114.3 - - [13/Aug/2013:23:17:21 +0200] "GET /Produkte/weitere_Produkte/weitere_produkte.html HTTP/1.1" 200 12524 "-" "Mozilla/5.0 (compatible; AhrefsBot/4.0; +http://ahrefs.com/robot/)"
141.8.147.12 - - [14/Aug/2013:00:32:23 +0200] "GET /Alle_auf_blau102.jpg HTTP/1.1" 304 - "-" "Mozilla/5.0 (compatible; YandexImages/3.0; +http://yandex.com/bots)"
54.224.79.153 - - [14/Aug/2013:00:43:05 +0200] "HEAD /robots.txt HTTP/1.1" 404 - "http://netcomber.com/sirius-berlin.de?st=br2" "NCBot http://netcomber.com?st=ba2 Tool for finding all their domain names."
54.224.79.153 - - [14/Aug/2013:00:43:05 +0200] "GET /robots.txt HTTP/1.1" 404 1256 "http://netcomber.com/sirius-berlin.de?st=br2" "NCBot http://netcomber.com?st=ba2 Tool for finding all their domain names."
54.224.79.153 - - [14/Aug/2013:00:43:08 +0200] "HEAD / HTTP/1.1" 200 - "http://netcomber.com/sirius-berlin.de?st=br2" "NCBot http://netcomber.com?st=ba2 Tool for finding all their domain names."
54.224.79.153 - - [14/Aug/2013:00:43:08 +0200] "GET / HTTP/1.1" 200 12828 "http://netcomber.com/sirius-berlin.de?st=br2" "NCBot http://netcomber.com?st=ba2 Tool for finding all their domain names."
141.8.147.12 - - [14/Aug/2013:00:47:06 +0200] "GET /Modular_Detail1.jpg HTTP/1.1" 304 - "-" "Mozilla/5.0 (compatible; YandexImages/3.0; +http://yandex.com/bots)"
141.8.147.12 - - [14/Aug/2013:01:23:39 +0200] "GET /thumb_Tintentank.jpg HTTP/1.1" 304 - "-" "Mozilla/5.0 (compatible; YandexImages/3.0; +http://yandex.com/bots)"
141.8.147.12 - - [14/Aug/2013:02:18:17 +0200] "GET /Vorher-nachher1.jpg HTTP/1.1" 304 - "-" "Mozilla/5.0 (compatible; YandexImages/3.0; +http://yandex.com/bots)"
141.8.147.12 - - [14/Aug/2013:02:26:26 +0200] "GET /DSC00123a02.JPG HTTP/1.1" 304 - "-" "Mozilla/5.0 (compatible; YandexImages/3.0; +http://yandex.com/bots)"
141.8.147.12 - - [14/Aug/2013:03:04:28 +0200] "GET /thumb_Carrier.jpg HTTP/1.1" 304 - "-" "Mozilla/5.0 (compatible; YandexImages/3.0; +http://yandex.com/bots)"
66.249.72.226 - - [14/Aug/2013:03:41:05 +0200] "GET /robots.txt HTTP/1.1" 404 1256 "-" "Mozilla/5.0 (compatible; Googlebot/2.1; +http://www.google.com/bot.html)"
66.249.72.226 - - [14/Aug/2013:03:41:05 +0200] "GET / HTTP/1.1" 200 12828 "-" "Mozilla/5.0 (iPhone; U; CPU iPhone OS 4_1 like Mac OS X; en-us) AppleWebKit/532.9 (KHTML, like Gecko) Version/4.0.5 Mobile/8B117 Safari/6531.22.7 (compatible; Googlebot-Mobile/2.1; +http://www.google.com/bot.html)"
173.199.114.3 - - [14/Aug/2013:06:50:34 +0200] "GET /Service_Kontakt/service_kontakt.html HTTP/1.1" 200 11157 "-" "Mozilla/5.0 (compatible; AhrefsBot/4.0; +http://ahrefs.com/robot/)"
65.55.52.86 - - [14/Aug/2013:07:34:11 +0200] "GET /robots.txt HTTP/1.1" 404 1256 "-" "Mozilla/5.0 (compatible; bingbot/2.0; +http://www.bing.com/bingbot.htm)"
65.55.52.86 - - [14/Aug/2013:07:34:45 +0200] "GET / HTTP/1.1" 304 - "-" "Mozilla/5.0 (compatible; bingbot/2.0; +http://www.bing.com/bingbot.htm)"
66.249.72.226 - - [14/Aug/2013:08:34:03 +0200] "GET /robots.txt HTTP/1.1" 404 1256 "-" "Mozilla/5.0 (compatible; Googlebot/2.1; +http://www.google.com/bot.html)"
66.249.72.226 - - [14/Aug/2013:08:34:03 +0200] "GET /Impressum/impressum.html HTTP/1.1" 304 - "-" "Mozilla/5.0 (iPhone; U; CPU iPhone OS 4_1 like Mac OS X; en-us) AppleWebKit/532.9 (KHTML, like Gecko) Version/4.0.5 Mobile/8B117 Safari/6531.22.7 (compatible; Googlebot-Mobile/2.1; +http://www.google.com/bot.html)"
141.8.147.12 - - [14/Aug/2013:08:47:47 +0200] "GET /robots.txt HTTP/1.1" 404 1256 "-" "Mozilla/5.0 (compatible; YandexBot/3.0; +http://yandex.com/bots)"
141.8.147.12 - - [14/Aug/2013:08:47:49 +0200] "GET /Produkte_NnBanner.gif HTTP/1.1" 304 - "-" "Mozilla/5.0 (compatible; YandexImages/3.0; +http://yandex.com/bots)"
132.230.35.160 - - [14/Aug/2013:09:06:05 +0200] "GET /Feinstaubfilter/feinstaubfilter.html HTTP/1.0" 200 13065 "http://www.google.de/url?sa=t&rct=j&q=sirius%20feinstaubfilter&source=web&cd=2&ved=0CDUQFjAB&url=http%3A%2F%2Fwww.sirius-berlin.de%2FFeinstaubfilter%2Ffeinstaubfilter.html&ei=PiwLUsKlCIGktAahxIFQ&usg=AFQjCNGwXzCTfZo1khdB_EOHps5kXbFtpQ&bvm=bv.50723672,d.ZWU" "Mozilla/4.0 (compatible; MSIE 8.0; Windows NT 5.1; Trident/4.0; InfoPath.1; .NET CLR 2.0.50727; .NET CLR 3.0.04506.30; .NET4.0C; .NET CLR 3.0.4506.2152; .NET CLR 3.5.30729; .NET4.0E)"
132.230.35.160 - - [14/Aug/2013:09:06:05 +0200] "GET /rollover.js HTTP/1.0" 200 32709 "http://www.sirius-berlin.de/Feinstaubfilter/feinstaubfilter.html" "Mozilla/4.0 (compatible; MSIE 8.0; Windows NT 5.1; Trident/4.0; InfoPath.1; .NET CLR 2.0.50727; .NET CLR 3.0.04506.30; .NET4.0C; .NET CLR 3.0.4506.2152; .NET CLR 3.5.30729; .NET4.0E)"
132.230.35.160 - - [14/Aug/2013:09:06:06 +0200] "GET /background.gif HTTP/1.0" 200 5457 "http://www.sirius-berlin.de/Feinstaubfilter/feinstaubfilter.html" "Mozilla/4.0 (compatible; MSIE 8.0; Windows NT 5.1; Trident/4.0; InfoPath.1; .NET CLR 2.0.50727; .NET CLR 3.0.04506.30; .NET4.0C; .NET CLR 3.0.4506.2152; .NET CLR 3.5.30729; .NET4.0E)"
132.230.35.160 - - [14/Aug/2013:09:06:06 +0200] "GET /clearpixel.gif HTTP/1.0" 200 43 "http://www.sirius-berlin.de/Feinstaubfilter/feinstaubfilter.html" "Mozilla/4.0 (compatible; MSIE 8.0; Windows NT 5.1; Trident/4.0; InfoPath.1; .NET CLR 2.0.50727; .NET CLR 3.0.04506.30; .NET4.0C; .NET CLR 3.0.4506.2152; .NET CLR 3.5.30729; .NET4.0E)"
132.230.35.160 - - [14/Aug/2013:09:06:06 +0200] "GET /Sirius-LOGO21.JPG HTTP/1.0" 200 2563 "http://www.sirius-berlin.de/Feinstaubfilter/feinstaubfilter.html" "Mozilla/4.0 (compatible; MSIE 8.0; Windows NT 5.1; Trident/4.0; InfoPath.1; .NET CLR 2.0.50727; .NET CLR 3.0.04506.30; .NET4.0C; .NET CLR 3.0.4506.2152; .NET CLR 3.5.30729; .NET4.0E)"
132.230.35.160 - - [14/Aug/2013:09:06:06 +0200] "GET /Feinstaubfilter_Hp3.gif HTTP/1.0" 200 1938 "http://www.sirius-berlin.de/Feinstaubfilter/feinstaubfilter.html" "Mozilla/4.0 (compatible; MSIE 8.0; Windows NT 5.1; Trident/4.0; InfoPath.1; .NET CLR 2.0.50727; .NET CLR 3.0.04506.30; .NET4.0C; .NET CLR 3.0.4506.2152; .NET CLR 3.5.30729; .NET4.0E)"
132.230.35.160 - - [14/Aug/2013:09:06:06 +0200] "GET /Produkte_Np1.gif HTTP/1.0" 200 1744 "http://www.sirius-berlin.de/Feinstaubfilter/feinstaubfilter.html" "Mozilla/4.0 (compatible; MSIE 8.0; Windows NT 5.1; Trident/4.0; InfoPath.1; .NET CLR 2.0.50727; .NET CLR 3.0.04506.30; .NET4.0C; .NET CLR 3.0.4506.2152; .NET CLR 3.5.30729; .NET4.0E)"
132.230.35.160 - - [14/Aug/2013:09:06:06 +0200] "GET /Home_Np1.gif HTTP/1.0" 200 1706 "http://www.sirius-berlin.de/Feinstaubfilter/feinstaubfilter.html" "Mozilla/4.0 (compatible; MSIE 8.0; Windows NT 5.1; Trident/4.0; InfoPath.1; .NET CLR 2.0.50727; .NET CLR 3.0.04506.30; .NET4.0C; .NET CLR 3.0.4506.2152; .NET CLR 3.5.30729; .NET4.0E)"
132.230.35.160 - - [14/Aug/2013:09:06:06 +0200] "GET /Dexwet_Ns1.gif HTTP/1.0" 200 1904 "http://www.sirius-berlin.de/Feinstaubfilter/feinstaubfilter.html" "Mozilla/4.0 (compatible; MSIE 8.0; Windows NT 5.1; Trident/4.0; InfoPath.1; .NET CLR 2.0.50727; .NET CLR 3.0.04506.30; .NET4.0C; .NET CLR 3.0.4506.2152; .NET CLR 3.5.30729; .NET4.0E)"
132.230.35.160 - - [14/Aug/2013:09:06:06 +0200] "GET /Service_Kontakt_Np1.gif HTTP/1.0" 200 1794 "http://www.sirius-berlin.de/Feinstaubfilter/feinstaubfilter.html" "Mozilla/4.0 (compatible; MSIE 8.0; Windows NT 5.1; Trident/4.0; InfoPath.1; .NET CLR 2.0.50727; .NET CLR 3.0.04506.30; .NET4.0C; .NET CLR 3.0.4506.2152; .NET CLR 3.5.30729; .NET4.0E)"
132.230.35.160 - - [14/Aug/2013:09:06:06 +0200] "GET /Shop_Np1.gif HTTP/1.0" 200 1699 "http://www.sirius-berlin.de/Feinstaubfilter/feinstaubfilter.html" "Mozilla/4.0 (compatible; MSIE 8.0; Windows NT 5.1; Trident/4.0; InfoPath.1; .NET CLR 2.0.50727; .NET CLR 3.0.04506.30; .NET4.0C; .NET CLR 3.0.4506.2152; .NET CLR 3.5.30729; .NET4.0E)"
132.230.35.160 - - [14/Aug/2013:09:06:06 +0200] "GET /micronair_Ns1.gif HTTP/1.0" 200 1908 "http://www.sirius-berlin.de/Feinstaubfilter/feinstaubfilter.html" "Mozilla/4.0 (compatible; MSIE 8.0; Windows NT 5.1; Trident/4.0; InfoPath.1; .NET CLR 2.0.50727; .NET CLR 3.0.04506.30; .NET4.0C; .NET CLR 3.0.4506.2152; .NET CLR 3.5.30729; .NET4.0E)"
132.230.35.160 - - [14/Aug/2013:09:06:06 +0200] "GET /Impressum_Np1.gif HTTP/1.0" 200 1750 "http://www.sirius-berlin.de/Feinstaubfilter/feinstaubfilter.html" "Mozilla/4.0 (compatible; MSIE 8.0; Windows NT 5.1; Trident/4.0; InfoPath.1; .NET CLR 2.0.50727; .NET CLR 3.0.04506.30; .NET4.0C; .NET CLR 3.0.4506.2152; .NET CLR 3.5.30729; .NET4.0E)"
132.230.35.160 - - [14/Aug/2013:09:06:06 +0200] "GET /Home_NRp2.gif HTTP/1.0" 200 1965 "http://www.sirius-berlin.de/Feinstaubfilter/feinstaubfilter.html" "Mozilla/4.0 (compatible; MSIE 8.0; Windows NT 5.1; Trident/4.0; InfoPath.1; .NET CLR 2.0.50727; .NET CLR 3.0.04506.30; .NET4.0C; .NET CLR 3.0.4506.2152; .NET CLR 3.5.30729; .NET4.0E)"
132.230.35.160 - - [14/Aug/2013:09:06:06 +0200] "GET /Feinstaubfilter_HRp4.gif HTTP/1.0" 200 2579 "http://www.sirius-berlin.de/Feinstaubfilter/feinstaubfilter.html" "Mozilla/4.0 (compatible; MSIE 8.0; Windows NT 5.1; Trident/4.0; InfoPath.1; .NET CLR 2.0.50727; .NET CLR 3.0.04506.30; .NET4.0C; .NET CLR 3.0.4506.2152; .NET CLR 3.5.30729; .NET4.0E)"
132.230.35.160 - - [14/Aug/2013:09:06:06 +0200] "GET /Produkte_NRp2.gif HTTP/1.0" 200 2001 "http://www.sirius-berlin.de/Feinstaubfilter/feinstaubfilter.html" "Mozilla/4.0 (compatible; MSIE 8.0; Windows NT 5.1; Trident/4.0; InfoPath.1; .NET CLR 2.0.50727; .NET CLR 3.0.04506.30; .NET4.0C; .NET CLR 3.0.4506.2152; .NET CLR 3.5.30729; .NET4.0E)"
132.230.35.160 - - [14/Aug/2013:09:06:06 +0200] "GET /micronair_NRs2.gif HTTP/1.0" 200 1885 "http://www.sirius-berlin.de/Feinstaubfilter/feinstaubfilter.html" "Mozilla/4.0 (compatible; MSIE 8.0; Windows NT 5.1; Trident/4.0; InfoPath.1; .NET CLR 2.0.50727; .NET CLR 3.0.04506.30; .NET4.0C; .NET CLR 3.0.4506.2152; .NET CLR 3.5.30729; .NET4.0E)"
132.230.35.160 - - [14/Aug/2013:09:06:06 +0200] "GET /Service_Kontakt_NRp2.gif HTTP/1.0" 200 2044 "http://www.sirius-berlin.de/Feinstaubfilter/feinstaubfilter.html" "Mozilla/4.0 (compatible; MSIE 8.0; Windows NT 5.1; Trident/4.0; InfoPath.1; .NET CLR 2.0.50727; .NET CLR 3.0.04506.30; .NET4.0C; .NET CLR 3.0.4506.2152; .NET CLR 3.5.30729; .NET4.0E)"
132.230.35.160 - - [14/Aug/2013:09:06:06 +0200] "GET /Dexwet_NRs2.gif HTTP/1.0" 200 1880 "http://www.sirius-berlin.de/Feinstaubfilter/feinstaubfilter.html" "Mozilla/4.0 (compatible; MSIE 8.0; Windows NT 5.1; Trident/4.0; InfoPath.1; .NET CLR 2.0.50727; .NET CLR 3.0.04506.30; .NET4.0C; .NET CLR 3.0.4506.2152; .NET CLR 3.5.30729; .NET4.0E)"
132.230.35.160 - - [14/Aug/2013:09:06:06 +0200] "GET /Impressum_NRp2.gif HTTP/1.0" 200 2011 "http://www.sirius-berlin.de/Feinstaubfilter/feinstaubfilter.html" "Mozilla/4.0 (compatible; MSIE 8.0; Windows NT 5.1; Trident/4.0; InfoPath.1; .NET CLR 2.0.50727; .NET CLR 3.0.04506.30; .NET4.0C; .NET CLR 3.0.4506.2152; .NET CLR 3.5.30729; .NET4.0E)"
132.230.35.160 - - [14/Aug/2013:09:06:06 +0200] "GET /Shop_NRp2.gif HTTP/1.0" 200 1954 "http://www.sirius-berlin.de/Feinstaubfilter/feinstaubfilter.html" "Mozilla/4.0 (compatible; MSIE 8.0; Windows NT 5.1; Trident/4.0; InfoPath.1; .NET CLR 2.0.50727; .NET CLR 3.0.04506.30; .NET4.0C; .NET CLR 3.0.4506.2152; .NET CLR 3.5.30729; .NET4.0E)"
132.230.35.160 - - [14/Aug/2013:09:06:07 +0200] "GET /Feinstaubfilter_NnBanner.gif HTTP/1.0" 200 6169 "http://www.sirius-berlin.de/Feinstaubfilter/feinstaubfilter.html" "Mozilla/4.0 (compatible; MSIE 8.0; Windows NT 5.1; Trident/4.0; InfoPath.1; .NET CLR 2.0.50727; .NET CLR 3.0.04506.30; .NET4.0C; .NET CLR 3.0.4506.2152; .NET CLR 3.5.30729; .NET4.0E)"
132.230.35.160 - - [14/Aug/2013:09:06:07 +0200] "GET /Dexwet_logo1.jpg HTTP/1.0" 200 8184 "http://www.sirius-berlin.de/Feinstaubfilter/feinstaubfilter.html" "Mozilla/4.0 (compatible; MSIE 8.0; Windows NT 5.1; Trident/4.0; InfoPath.1; .NET CLR 2.0.50727; .NET CLR 3.0.04506.30; .NET4.0C; .NET CLR 3.0.4506.2152; .NET CLR 3.5.30729; .NET4.0E)"
132.230.35.160 - - [14/Aug/2013:09:06:07 +0200] "GET /micronair_Logo102.jpg HTTP/1.0" 200 5727 "http://www.sirius-berlin.de/Feinstaubfilter/feinstaubfilter.html" "Mozilla/4.0 (compatible; MSIE 8.0; Windows NT 5.1; Trident/4.0; InfoPath.1; .NET CLR 2.0.50727; .NET CLR 3.0.04506.30; .NET4.0C; .NET CLR 3.0.4506.2152; .NET CLR 3.5.30729; .NET4.0E)"
132.230.35.160 - - [14/Aug/2013:09:06:07 +0200] "GET /Beide_Filter1.jpg HTTP/1.0" 200 9542 "http://www.sirius-berlin.de/Feinstaubfilter/feinstaubfilter.html" "Mozilla/4.0 (compatible; MSIE 8.0; Windows NT 5.1; Trident/4.0; InfoPath.1; .NET CLR 2.0.50727; .NET CLR 3.0.04506.30; .NET4.0C; .NET CLR 3.0.4506.2152; .NET CLR 3.5.30729; .NET4.0E)"
132.230.35.160 - - [14/Aug/2013:09:06:07 +0200] "GET /Alle_auf_blau1.jpg HTTP/1.0" 200 6908 "http://www.sirius-berlin.de/Feinstaubfilter/feinstaubfilter.html" "Mozilla/4.0 (compatible; MSIE 8.0; Windows NT 5.1; Trident/4.0; InfoPath.1; .NET CLR 2.0.50727; .NET CLR 3.0.04506.30; .NET4.0C; .NET CLR 3.0.4506.2152; .NET CLR 3.5.30729; .NET4.0E)"
132.230.35.160 - - [14/Aug/2013:09:06:07 +0200] "GET /BuiltWithNOF.gif HTTP/1.0" 200 2587 "http://www.sirius-berlin.de/Feinstaubfilter/feinstaubfilter.html" "Mozilla/4.0 (compatible; MSIE 8.0; Windows NT 5.1; Trident/4.0; InfoPath.1; .NET CLR 2.0.50727; .NET CLR 3.0.04506.30; .NET4.0C; .NET CLR 3.0.4506.2152; .NET CLR 3.5.30729; .NET4.0E)"
132.230.35.160 - - [14/Aug/2013:09:06:07 +0200] "GET /favicon.ico HTTP/1.0" 404 1256 "-" "Mozilla/4.0 (compatible; MSIE 8.0; Windows NT 5.1; Trident/4.0; InfoPath.1; .NET CLR 2.0.50727; .NET CLR 3.0.04506.30; .NET4.0C; .NET CLR 3.0.4506.2152; .NET CLR 3.5.30729; .NET4.0E)"
132.230.35.160 - - [14/Aug/2013:09:06:49 +0200] "GET /Shop/shop.html HTTP/1.0" 200 59578 "http://www.sirius-berlin.de/Feinstaubfilter/feinstaubfilter.html" "Mozilla/4.0 (compatible; MSIE 8.0; Windows NT 5.1; Trident/4.0; InfoPath.1; .NET CLR 2.0.50727; .NET CLR 3.0.04506.30; .NET4.0C; .NET CLR 3.0.4506.2152; .NET CLR 3.5.30729; .NET4.0E)"
132.230.35.160 - - [14/Aug/2013:09:06:49 +0200] "GET /store.js HTTP/1.0" 200 4275 "http://www.sirius-berlin.de/Shop/shop.html" "Mozilla/4.0 (compatible; MSIE 8.0; Windows NT 5.1; Trident/4.0; InfoPath.1; .NET CLR 2.0.50727; .NET CLR 3.0.04506.30; .NET4.0C; .NET CLR 3.0.4506.2152; .NET CLR 3.5.30729; .NET4.0E)"
132.230.35.160 - - [14/Aug/2013:09:06:49 +0200] "GET /Feinstaubfilter_Np1.gif HTTP/1.0" 200 1780 "http://www.sirius-berlin.de/Shop/shop.html" "Mozilla/4.0 (compatible; MSIE 8.0; Windows NT 5.1; Trident/4.0; InfoPath.1; .NET CLR 2.0.50727; .NET CLR 3.0.04506.30; .NET4.0C; .NET CLR 3.0.4506.2152; .NET CLR 3.5.30729; .NET4.0E)"
132.230.35.160 - - [14/Aug/2013:09:06:49 +0200] "GET /Filter_Ns1.gif HTTP/1.0" 200 1886 "http://www.sirius-berlin.de/Shop/shop.html" "Mozilla/4.0 (compatible; MSIE 8.0; Windows NT 5.1; Trident/4.0; InfoPath.1; .NET CLR 2.0.50727; .NET CLR 3.0.04506.30; .NET4.0C; .NET CLR 3.0.4506.2152; .NET CLR 3.5.30729; .NET4.0E)"
132.230.35.160 - - [14/Aug/2013:09:06:49 +0200] "GET /Shop_Hp3.gif HTTP/1.0" 200 1803 "http://www.sirius-berlin.de/Shop/shop.html" "Mozilla/4.0 (compatible; MSIE 8.0; Windows NT 5.1; Trident/4.0; InfoPath.1; .NET CLR 2.0.50727; .NET CLR 3.0.04506.30; .NET4.0C; .NET CLR 3.0.4506.2152; .NET CLR 3.5.30729; .NET4.0E)"
132.230.35.160 - - [14/Aug/2013:09:06:49 +0200] "GET /Feinstaubfilter_NRp2.gif HTTP/1.0" 200 2034 "http://www.sirius-berlin.de/Shop/shop.html" "Mozilla/4.0 (compatible; MSIE 8.0; Windows NT 5.1; Trident/4.0; InfoPath.1; .NET CLR 2.0.50727; .NET CLR 3.0.04506.30; .NET4.0C; .NET CLR 3.0.4506.2152; .NET CLR 3.5.30729; .NET4.0E)"
132.230.35.160 - - [14/Aug/2013:09:06:49 +0200] "GET /Shop_HRp4.gif HTTP/1.0" 200 2051 "http://www.sirius-berlin.de/Shop/shop.html" "Mozilla/4.0 (compatible; MSIE 8.0; Windows NT 5.1; Trident/4.0; InfoPath.1; .NET CLR 2.0.50727; .NET CLR 3.0.04506.30; .NET4.0C; .NET CLR 3.0.4506.2152; .NET CLR 3.5.30729; .NET4.0E)"
132.230.35.160 - - [14/Aug/2013:09:06:49 +0200] "GET /Filter_NRs2.gif HTTP/1.0" 200 1863 "http://www.sirius-berlin.de/Shop/shop.html" "Mozilla/4.0 (compatible; MSIE 8.0; Windows NT 5.1; Trident/4.0; InfoPath.1; .NET CLR 2.0.50727; .NET CLR 3.0.04506.30; .NET4.0C; .NET CLR 3.0.4506.2152; .NET CLR 3.5.30729; .NET4.0E)"
132.230.35.160 - - [14/Aug/2013:09:06:49 +0200] "GET /Shop_NnBanner.gif HTTP/1.0" 200 5825 "http://www.sirius-berlin.de/Shop/shop.html" "Mozilla/4.0 (compatible; MSIE 8.0; Windows NT 5.1; Trident/4.0; InfoPath.1; .NET CLR 2.0.50727; .NET CLR 3.0.04506.30; .NET4.0C; .NET CLR 3.0.4506.2152; .NET CLR 3.5.30729; .NET4.0E)"
132.230.35.160 - - [14/Aug/2013:09:06:49 +0200] "GET /db_micronair_70a.jpg HTTP/1.0" 200 1386 "http://www.sirius-berlin.de/Shop/shop.html" "Mozilla/4.0 (compatible; MSIE 8.0; Windows NT 5.1; Trident/4.0; InfoPath.1; .NET CLR 2.0.50727; .NET CLR 3.0.04506.30; .NET4.0C; .NET CLR 3.0.4506.2152; .NET CLR 3.5.30729; .NET4.0E)"
132.230.35.160 - - [14/Aug/2013:09:06:49 +0200] "GET /Shop/spacer.gif HTTP/1.0" 200 43 "http://www.sirius-berlin.de/Shop/shop.html" "Mozilla/4.0 (compatible; MSIE 8.0; Windows NT 5.1; Trident/4.0; InfoPath.1; .NET CLR 2.0.50727; .NET CLR 3.0.04506.30; .NET4.0C; .NET CLR 3.0.4506.2152; .NET CLR 3.5.30729; .NET4.0E)"
132.230.35.160 - - [14/Aug/2013:09:06:49 +0200] "GET /db_micronair_80a1.jpg HTTP/1.0" 200 1398 "http://www.sirius-berlin.de/Shop/shop.html" "Mozilla/4.0 (compatible; MSIE 8.0; Windows NT 5.1; Trident/4.0; InfoPath.1; .NET CLR 2.0.50727; .NET CLR 3.0.04506.30; .NET4.0C; .NET CLR 3.0.4506.2152; .NET CLR 3.5.30729; .NET4.0E)"
132.230.35.160 - - [14/Aug/2013:09:06:49 +0200] "GET /db_micronair_100a1.jpg HTTP/1.0" 200 1448 "http://www.sirius-berlin.de/Shop/shop.html" "Mozilla/4.0 (compatible; MSIE 8.0; Windows NT 5.1; Trident/4.0; InfoPath.1; .NET CLR 2.0.50727; .NET CLR 3.0.04506.30; .NET4.0C; .NET CLR 3.0.4506.2152; .NET CLR 3.5.30729; .NET4.0E)"
132.230.35.160 - - [14/Aug/2013:09:06:49 +0200] "GET /TUV_Siegel1.jpg HTTP/1.0" 200 34036 "http://www.sirius-berlin.de/Shop/shop.html" "Mozilla/4.0 (compatible; MSIE 8.0; Windows NT 5.1; Trident/4.0; InfoPath.1; .NET CLR 2.0.50727; .NET CLR 3.0.04506.30; .NET4.0C; .NET CLR 3.0.4506.2152; .NET CLR 3.5.30729; .NET4.0E)"
132.230.35.160 - - [14/Aug/2013:09:07:00 +0200] "GET /Shop/Filter/filter_0.html HTTP/1.0" 200 26544 "http://www.sirius-berlin.de/Shop/shop.html" "Mozilla/4.0 (compatible; MSIE 8.0; Windows NT 5.1; Trident/4.0; InfoPath.1; .NET CLR 2.0.50727; .NET CLR 3.0.04506.30; .NET4.0C; .NET CLR 3.0.4506.2152; .NET CLR 3.5.30729; .NET4.0E)"
132.230.35.160 - - [14/Aug/2013:09:07:01 +0200] "GET /Filter_Hs1.gif HTTP/1.0" 200 1891 "http://www.sirius-berlin.de/Shop/Filter/filter_0.html" "Mozilla/4.0 (compatible; MSIE 8.0; Windows NT 5.1; Trident/4.0; InfoPath.1; .NET CLR 2.0.50727; .NET CLR 3.0.04506.30; .NET4.0C; .NET CLR 3.0.4506.2152; .NET CLR 3.5.30729; .NET4.0E)"
132.230.35.160 - - [14/Aug/2013:09:07:01 +0200] "GET /Filter_HRs4.gif HTTP/1.0" 200 1868 "http://www.sirius-berlin.de/Shop/Filter/filter_0.html" "Mozilla/4.0 (compatible; MSIE 8.0; Windows NT 5.1; Trident/4.0; InfoPath.1; .NET CLR 2.0.50727; .NET CLR 3.0.04506.30; .NET4.0C; .NET CLR 3.0.4506.2152; .NET CLR 3.5.30729; .NET4.0E)"
132.230.35.160 - - [14/Aug/2013:09:07:01 +0200] "GET /Filter_NnBanner.gif HTTP/1.0" 200 5779 "http://www.sirius-berlin.de/Shop/Filter/filter_0.html" "Mozilla/4.0 (compatible; MSIE 8.0; Windows NT 5.1; Trident/4.0; InfoPath.1; .NET CLR 2.0.50727; .NET CLR 3.0.04506.30; .NET4.0C; .NET CLR 3.0.4506.2152; .NET CLR 3.5.30729; .NET4.0E)"
132.230.35.160 - - [14/Aug/2013:09:07:01 +0200] "GET /Shop/Filter/spacer1.gif HTTP/1.0" 200 43 "http://www.sirius-berlin.de/Shop/Filter/filter_0.html" "Mozilla/4.0 (compatible; MSIE 8.0; Windows NT 5.1; Trident/4.0; InfoPath.1; .NET CLR 2.0.50727; .NET CLR 3.0.04506.30; .NET4.0C; .NET CLR 3.0.4506.2152; .NET CLR 3.5.30729; .NET4.0E)"
132.230.35.160 - - [14/Aug/2013:09:07:01 +0200] "GET /db_micronair_70a1.jpg HTTP/1.0" 200 3396 "http://www.sirius-berlin.de/Shop/Filter/filter_0.html" "Mozilla/4.0 (compatible; MSIE 8.0; Windows NT 5.1; Trident/4.0; InfoPath.1; .NET CLR 2.0.50727; .NET CLR 3.0.04506.30; .NET4.0C; .NET CLR 3.0.4506.2152; .NET CLR 3.5.30729; .NET4.0E)"
132.230.35.160 - - [14/Aug/2013:09:07:01 +0200] "GET /NavLeft.gif HTTP/1.0" 200 284 "http://www.sirius-berlin.de/Shop/Filter/filter_0.html" "Mozilla/4.0 (compatible; MSIE 8.0; Windows NT 5.1; Trident/4.0; InfoPath.1; .NET CLR 2.0.50727; .NET CLR 3.0.04506.30; .NET4.0C; .NET CLR 3.0.4506.2152; .NET CLR 3.5.30729; .NET4.0E)"
132.230.35.160 - - [14/Aug/2013:09:07:01 +0200] "GET /NavRight.gif HTTP/1.0" 200 280 "http://www.sirius-berlin.de/Shop/Filter/filter_0.html" "Mozilla/4.0 (compatible; MSIE 8.0; Windows NT 5.1; Trident/4.0; InfoPath.1; .NET CLR 2.0.50727; .NET CLR 3.0.04506.30; .NET4.0C; .NET CLR 3.0.4506.2152; .NET CLR 3.5.30729; .NET4.0E)"
132.230.35.160 - - [14/Aug/2013:09:07:01 +0200] "GET /NavUp.gif HTTP/1.0" 200 289 "http://www.sirius-berlin.de/Shop/Filter/filter_0.html" "Mozilla/4.0 (compatible; MSIE 8.0; Windows NT 5.1; Trident/4.0; InfoPath.1; .NET CLR 2.0.50727; .NET CLR 3.0.04506.30; .NET4.0C; .NET CLR 3.0.4506.2152; .NET CLR 3.5.30729; .NET4.0E)"
132.230.35.160 - - [14/Aug/2013:09:07:07 +0200] "GET /Produkte/produkte.html HTTP/1.0" 200 17755 "http://www.sirius-berlin.de/Shop/Filter/filter_0.html" "Mozilla/4.0 (compatible; MSIE 8.0; Windows NT 5.1; Trident/4.0; InfoPath.1; .NET CLR 2.0.50727; .NET CLR 3.0.04506.30; .NET4.0C; .NET CLR 3.0.4506.2152; .NET CLR 3.5.30729; .NET4.0E)"
132.230.35.160 - - [14/Aug/2013:09:07:07 +0200] "GET /Produkte_Hp3.gif HTTP/1.0" 200 1878 "http://www.sirius-berlin.de/Produkte/produkte.html" "Mozilla/4.0 (compatible; MSIE 8.0; Windows NT 5.1; Trident/4.0; InfoPath.1; .NET CLR 2.0.50727; .NET CLR 3.0.04506.30; .NET4.0C; .NET CLR 3.0.4506.2152; .NET CLR 3.5.30729; .NET4.0E)"
132.230.35.160 - - [14/Aug/2013:09:07:07 +0200] "GET /Tonerkartuschen_Ns1.gif HTTP/1.0" 200 1960 "http://www.sirius-berlin.de/Produkte/produkte.html" "Mozilla/4.0 (compatible; MSIE 8.0; Windows NT 5.1; Trident/4.0; InfoPath.1; .NET CLR 2.0.50727; .NET CLR 3.0.04506.30; .NET4.0C; .NET CLR 3.0.4506.2152; .NET CLR 3.5.30729; .NET4.0E)"
132.230.35.160 - - [14/Aug/2013:09:07:07 +0200] "GET /Tintenpatronen_Ns1.gif HTTP/1.0" 200 1954 "http://www.sirius-berlin.de/Produkte/produkte.html" "Mozilla/4.0 (compatible; MSIE 8.0; Windows NT 5.1; Trident/4.0; InfoPath.1; .NET CLR 2.0.50727; .NET CLR 3.0.04506.30; .NET4.0C; .NET CLR 3.0.4506.2152; .NET CLR 3.5.30729; .NET4.0E)"
132.230.35.160 - - [14/Aug/2013:09:07:07 +0200] "GET /weitere_Produkte_Ns1.gif HTTP/1.0" 200 1960 "http://www.sirius-berlin.de/Produkte/produkte.html" "Mozilla/4.0 (compatible; MSIE 8.0; Windows NT 5.1; Trident/4.0; InfoPath.1; .NET CLR 2.0.50727; .NET CLR 3.0.04506.30; .NET4.0C; .NET CLR 3.0.4506.2152; .NET CLR 3.5.30729; .NET4.0E)"
132.230.35.160 - - [14/Aug/2013:09:07:07 +0200] "GET /Produkte_HRp4.gif HTTP/1.0" 200 2518 "http://www.sirius-berlin.de/Produkte/produkte.html" "Mozilla/4.0 (compatible; MSIE 8.0; Windows NT 5.1; Trident/4.0; InfoPath.1; .NET CLR 2.0.50727; .NET CLR 3.0.04506.30; .NET4.0C; .NET CLR 3.0.4506.2152; .NET CLR 3.5.30729; .NET4.0E)"
132.230.35.160 - - [14/Aug/2013:09:07:07 +0200] "GET /Tonerkartuschen_NRs2.gif HTTP/1.0" 200 1935 "http://www.sirius-berlin.de/Produkte/produkte.html" "Mozilla/4.0 (compatible; MSIE 8.0; Windows NT 5.1; Trident/4.0; InfoPath.1; .NET CLR 2.0.50727; .NET CLR 3.0.04506.30; .NET4.0C; .NET CLR 3.0.4506.2152; .NET CLR 3.5.30729; .NET4.0E)"
132.230.35.160 - - [14/Aug/2013:09:07:07 +0200] "GET /Tintenpatronen_NRs2.gif HTTP/1.0" 200 1930 "http://www.sirius-berlin.de/Produkte/produkte.html" "Mozilla/4.0 (compatible; MSIE 8.0; Windows NT 5.1; Trident/4.0; InfoPath.1; .NET CLR 2.0.50727; .NET CLR 3.0.04506.30; .NET4.0C; .NET CLR 3.0.4506.2152; .NET CLR 3.5.30729; .NET4.0E)"
132.230.35.160 - - [14/Aug/2013:09:07:08 +0200] "GET /weitere_Produkte_NRs2.gif HTTP/1.0" 200 1935 "http://www.sirius-berlin.de/Produkte/produkte.html" "Mozilla/4.0 (compatible; MSIE 8.0; Windows NT 5.1; Trident/4.0; InfoPath.1; .NET CLR 2.0.50727; .NET CLR 3.0.04506.30; .NET4.0C; .NET CLR 3.0.4506.2152; .NET CLR 3.5.30729; .NET4.0E)"
132.230.35.160 - - [14/Aug/2013:09:07:08 +0200] "GET /Produkte_NnBanner.gif HTTP/1.0" 200 5997 "http://www.sirius-berlin.de/Produkte/produkte.html" "Mozilla/4.0 (compatible; MSIE 8.0; Windows NT 5.1; Trident/4.0; InfoPath.1; .NET CLR 2.0.50727; .NET CLR 3.0.04506.30; .NET4.0C; .NET CLR 3.0.4506.2152; .NET CLR 3.5.30729; .NET4.0E)"
132.230.35.160 - - [14/Aug/2013:09:07:08 +0200] "GET /Produkte/a_thumb_Multipack02.jpg HTTP/1.0" 200 19266 "http://www.sirius-berlin.de/Produkte/produkte.html" "Mozilla/4.0 (compatible; MSIE 8.0; Windows NT 5.1; Trident/4.0; InfoPath.1; .NET CLR 2.0.50727; .NET CLR 3.0.04506.30; .NET4.0C; .NET CLR 3.0.4506.2152; .NET CLR 3.5.30729; .NET4.0E)"
