66.235.124.82 - - [06/Aug/2010:10:51:39 +0200] "GET / HTTP/1.1" 200 12828 "-" "Mozilla/5.0 (compatible; Ask Jeeves/Teoma; +http://about.ask.com/en/docs/about/webmasters.shtml)"
66.249.65.39 - - [06/Aug/2010:11:38:12 +0200] "GET /robots.txt HTTP/1.1" 404 1256 "-" "Mozilla/5.0 (compatible; Googlebot/2.1; +http://www.google.com/bot.html)"
66.249.65.39 - - [06/Aug/2010:11:38:12 +0200] "GET /Shop/Filter/filter_0.html HTTP/1.1" 200 26544 "-" "Mozilla/5.0 (compatible; Googlebot/2.1; +http://www.google.com/bot.html)"
92.226.57.135 - - [06/Aug/2010:14:06:38 +0200] "GET / HTTP/1.1" 200 12828 "http://www.google.de/search?q=sirius+berlin&ie=utf-8&oe=utf-8&aq=t&rls=org.mozilla:en-US:official&client=firefox-a" "Mozilla/5.0 (Windows; U; Windows NT 5.1; en-US; rv:1.9.1.11) Gecko/20100701 Firefox/3.5.11 (.NET CLR 3.5.30729)"
92.226.57.135 - - [06/Aug/2010:14:06:38 +0200] "GET /rollover.js HTTP/1.1" 200 32709 "http://www.sirius-berlin.de/" "Mozilla/5.0 (Windows; U; Windows NT 5.1; en-US; rv:1.9.1.11) Gecko/20100701 Firefox/3.5.11 (.NET CLR 3.5.30729)"
92.226.57.135 - - [06/Aug/2010:14:06:38 +0200] "GET /background.gif HTTP/1.1" 200 5457 "http://www.sirius-berlin.de/" "Mozilla/5.0 (Windows; U; Windows NT 5.1; en-US; rv:1.9.1.11) Gecko/20100701 Firefox/3.5.11 (.NET CLR 3.5.30729)"
92.226.57.135 - - [06/Aug/2010:14:06:38 +0200] "GET /clearpixel.gif HTTP/1.1" 200 43 "http://www.sirius-berlin.de/" "Mozilla/5.0 (Windows; U; Windows NT 5.1; en-US; rv:1.9.1.11) Gecko/20100701 Firefox/3.5.11 (.NET CLR 3.5.30729)"
92.226.57.135 - - [06/Aug/2010:14:06:38 +0200] "GET /Sirius-LOGO21.JPG HTTP/1.1" 200 2563 "http://www.sirius-berlin.de/" "Mozilla/5.0 (Windows; U; Windows NT 5.1; en-US; rv:1.9.1.11) Gecko/20100701 Firefox/3.5.11 (.NET CLR 3.5.30729)"
92.226.57.135 - - [06/Aug/2010:14:06:38 +0200] "GET /Home_Hp3.gif HTTP/1.1" 200 1773 "http://www.sirius-berlin.de/" "Mozilla/5.0 (Windows; U; Windows NT 5.1; en-US; rv:1.9.1.11) Gecko/20100701 Firefox/3.5.11 (.NET CLR 3.5.30729)"
92.226.57.135 - - [06/Aug/2010:14:06:38 +0200] "GET /Produkte_Np1.gif HTTP/1.1" 200 1744 "http://www.sirius-berlin.de/" "Mozilla/5.0 (Windows; U; Windows NT 5.1; en-US; rv:1.9.1.11) Gecko/20100701 Firefox/3.5.11 (.NET CLR 3.5.30729)"
92.226.57.135 - - [06/Aug/2010:14:06:38 +0200] "GET /Feinstaubfilter_Np1.gif HTTP/1.1" 200 1780 "http://www.sirius-berlin.de/" "Mozilla/5.0 (Windows; U; Windows NT 5.1; en-US; rv:1.9.1.11) Gecko/20100701 Firefox/3.5.11 (.NET CLR 3.5.30729)"
92.226.57.135 - - [06/Aug/2010:14:06:38 +0200] "GET /Service_Kontakt_Np1.gif HTTP/1.1" 200 1794 "http://www.sirius-berlin.de/" "Mozilla/5.0 (Windows; U; Windows NT 5.1; en-US; rv:1.9.1.11) Gecko/20100701 Firefox/3.5.11 (.NET CLR 3.5.30729)"
92.226.57.135 - - [06/Aug/2010:14:06:38 +0200] "GET /Impressum_Np1.gif HTTP/1.1" 200 1750 "http://www.sirius-berlin.de/" "Mozilla/5.0 (Windows; U; Windows NT 5.1; en-US; rv:1.9.1.11) Gecko/20100701 Firefox/3.5.11 (.NET CLR 3.5.30729)"
92.226.57.135 - - [06/Aug/2010:14:06:38 +0200] "GET /Shop_Np1.gif HTTP/1.1" 200 1699 "http://www.sirius-berlin.de/" "Mozilla/5.0 (Windows; U; Windows NT 5.1; en-US; rv:1.9.1.11) Gecko/20100701 Firefox/3.5.11 (.NET CLR 3.5.30729)"
92.226.57.135 - - [06/Aug/2010:14:06:38 +0200] "GET /Home_HRp4.gif HTTP/1.1" 200 2027 "http://www.sirius-berlin.de/" "Mozilla/5.0 (Windows; U; Windows NT 5.1; en-US; rv:1.9.1.11) Gecko/20100701 Firefox/3.5.11 (.NET CLR 3.5.30729)"
92.226.57.135 - - [06/Aug/2010:14:06:38 +0200] "GET /Produkte_NRp2.gif HTTP/1.1" 200 2001 "http://www.sirius-berlin.de/" "Mozilla/5.0 (Windows; U; Windows NT 5.1; en-US; rv:1.9.1.11) Gecko/20100701 Firefox/3.5.11 (.NET CLR 3.5.30729)"
92.226.57.135 - - [06/Aug/2010:14:06:38 +0200] "GET /Feinstaubfilter_NRp2.gif HTTP/1.1" 200 2034 "http://www.sirius-berlin.de/" "Mozilla/5.0 (Windows; U; Windows NT 5.1; en-US; rv:1.9.1.11) Gecko/20100701 Firefox/3.5.11 (.NET CLR 3.5.30729)"
92.226.57.135 - - [06/Aug/2010:14:06:38 +0200] "GET /Service_Kontakt_NRp2.gif HTTP/1.1" 200 2044 "http://www.sirius-berlin.de/" "Mozilla/5.0 (Windows; U; Windows NT 5.1; en-US; rv:1.9.1.11) Gecko/20100701 Firefox/3.5.11 (.NET CLR 3.5.30729)"
92.226.57.135 - - [06/Aug/2010:14:06:38 +0200] "GET /Impressum_NRp2.gif HTTP/1.1" 200 2011 "http://www.sirius-berlin.de/" "Mozilla/5.0 (Windows; U; Windows NT 5.1; en-US; rv:1.9.1.11) Gecko/20100701 Firefox/3.5.11 (.NET CLR 3.5.30729)"
92.226.57.135 - - [06/Aug/2010:14:06:38 +0200] "GET /Shop_NRp2.gif HTTP/1.1" 200 1954 "http://www.sirius-berlin.de/" "Mozilla/5.0 (Windows; U; Windows NT 5.1; en-US; rv:1.9.1.11) Gecko/20100701 Firefox/3.5.11 (.NET CLR 3.5.30729)"
92.226.57.135 - - [06/Aug/2010:14:06:39 +0200] "GET /BuiltWithNOF.gif HTTP/1.1" 200 2587 "http://www.sirius-berlin.de/" "Mozilla/5.0 (Windows; U; Windows NT 5.1; en-US; rv:1.9.1.11) Gecko/20100701 Firefox/3.5.11 (.NET CLR 3.5.30729)"
92.226.57.135 - - [06/Aug/2010:14:06:39 +0200] "GET /Home_NnBanner.gif HTTP/1.1" 200 5803 "http://www.sirius-berlin.de/" "Mozilla/5.0 (Windows; U; Windows NT 5.1; en-US; rv:1.9.1.11) Gecko/20100701 Firefox/3.5.11 (.NET CLR 3.5.30729)"
92.226.57.135 - - [06/Aug/2010:14:06:39 +0200] "GET /Sirius-LOGO1.JPG HTTP/1.1" 200 4357 "http://www.sirius-berlin.de/" "Mozilla/5.0 (Windows; U; Windows NT 5.1; en-US; rv:1.9.1.11) Gecko/20100701 Firefox/3.5.11 (.NET CLR 3.5.30729)"
92.226.57.135 - - [06/Aug/2010:14:06:39 +0200] "GET /DSC0019902.JPG HTTP/1.1" 200 7772 "http://www.sirius-berlin.de/" "Mozilla/5.0 (Windows; U; Windows NT 5.1; en-US; rv:1.9.1.11) Gecko/20100701 Firefox/3.5.11 (.NET CLR 3.5.30729)"
92.226.57.135 - - [06/Aug/2010:14:06:40 +0200] "GET /favicon.ico HTTP/1.1" 404 1256 "-" "Mozilla/5.0 (Windows; U; Windows NT 5.1; en-US; rv:1.9.1.11) Gecko/20100701 Firefox/3.5.11 (.NET CLR 3.5.30729)"
92.226.57.135 - - [06/Aug/2010:14:06:43 +0200] "GET /favicon.ico HTTP/1.1" 404 1256 "-" "Mozilla/5.0 (Windows; U; Windows NT 5.1; en-US; rv:1.9.1.11) Gecko/20100701 Firefox/3.5.11 (.NET CLR 3.5.30729)"
95.108.158.134 - - [06/Aug/2010:14:36:02 +0200] "GET /robots.txt HTTP/1.1" 404 1256 "-" "Mozilla/5.0 (compatible; YandexBot/3.0; +http://yandex.com/bots)"
95.108.158.134 - - [06/Aug/2010:15:19:47 +0200] "GET /Produkte/Tonerkartuschen/tonerkartuschen.html HTTP/1.1" 200 13203 "-" "Mozilla/5.0 (compatible; YandexBot/3.0; +http://yandex.com/bots)"
208.80.194.27 - - [06/Aug/2010:15:41:51 +0200] "GET / HTTP/1.0" 200 12828 "-" "Mozilla/4.0 (compatible; MSIE 6.0; Windows NT 5.0; Avant Browser; .NET CLR 1.1.4322)"
95.108.158.134 - - [06/Aug/2010:22:03:45 +0200] "GET /robots.txt HTTP/1.1" 404 1256 "-" "Mozilla/5.0 (compatible; YandexBot/3.0; +http://yandex.com/bots)"
207.46.199.44 - - [07/Aug/2010:02:46:18 +0200] "GET /robots.txt HTTP/1.1" 404 1256 "-" "msnbot/2.0b (+http://search.msn.com/msnbot.htm)"
207.46.199.44 - - [07/Aug/2010:03:31:25 +0200] "GET /Produkte/Tonerkartuschen/tonerkartuschen.html HTTP/1.1" 200 13203 "-" "msnbot/2.0b (+http://search.msn.com/msnbot.htm)"
95.108.158.134 - - [07/Aug/2010:04:09:55 +0200] "GET /Service_Kontakt/service_kontakt.html HTTP/1.1" 200 11157 "-" "Mozilla/5.0 (compatible; YandexBot/3.0; +http://yandex.com/bots)"
66.249.65.57 - - [07/Aug/2010:07:40:24 +0200] "GET /robots.txt HTTP/1.1" 404 1256 "-" "Googlebot-Image/1.0"
66.249.65.57 - - [07/Aug/2010:07:40:24 +0200] "GET /Produkte_Hp3.gif HTTP/1.1" 304 - "-" "Googlebot-Image/1.0"
95.108.158.134 - - [07/Aug/2010:09:22:21 +0200] "GET /Impressum/impressum.html HTTP/1.1" 200 11991 "-" "Mozilla/5.0 (compatible; YandexBot/3.0; +http://yandex.com/bots)"
72.51.47.138 - - [07/Aug/2010:13:35:58 +0200] "GET /robots.txt HTTP/1.1" 404 1256 "-" "Mozilla/4.0 (compatible; MSIE 5.01; Windows NT)"
72.51.47.138 - - [07/Aug/2010:13:36:06 +0200] "GET / HTTP/1.1" 200 12828 "-" "Mozilla/4.0 (compatible; MSIE 5.01; Windows NT)"
72.51.47.138 - - [07/Aug/2010:13:36:13 +0200] "GET /./index.html HTTP/1.1" 200 12828 "-" "Mozilla/4.0 (compatible; MSIE 5.01; Windows NT)"
72.51.47.138 - - [07/Aug/2010:13:36:21 +0200] "GET /./produkte/produkte.html HTTP/1.1" 404 1256 "-" "Mozilla/4.0 (compatible; MSIE 5.01; Windows NT)"
72.51.47.138 - - [07/Aug/2010:13:36:28 +0200] "GET /./feinstaubfilter/feinstaubfilter.html HTTP/1.1" 404 1256 "-" "Mozilla/4.0 (compatible; MSIE 5.01; Windows NT)"
72.51.47.138 - - [07/Aug/2010:13:36:35 +0200] "GET /./service_kontakt/service_kontakt.html HTTP/1.1" 404 1256 "-" "Mozilla/4.0 (compatible; MSIE 5.01; Windows NT)"
72.51.47.138 - - [07/Aug/2010:13:36:43 +0200] "GET /./impressum/impressum.html HTTP/1.1" 404 1256 "-" "Mozilla/4.0 (compatible; MSIE 5.01; Windows NT)"
72.51.47.138 - - [07/Aug/2010:13:36:50 +0200] "GET /./shop/shop.html HTTP/1.1" 404 1256 "-" "Mozilla/4.0 (compatible; MSIE 5.01; Windows NT)"
207.46.204.232 - - [07/Aug/2010:16:11:00 +0200] "GET /robots.txt HTTP/1.1" 404 1256 "-" "msnbot/2.0b (+http://search.msn.com/msnbot.htm)"
207.46.204.232 - - [07/Aug/2010:17:05:55 +0200] "GET /Shop/Filter/filter_2.html HTTP/1.1" 200 26547 "-" "msnbot/2.0b (+http://search.msn.com/msnbot.htm)"
67.195.115.233 - - [07/Aug/2010:18:07:58 +0200] "GET /robots.txt HTTP/1.0" 404 1256 "-" "Mozilla/5.0 (compatible; Yahoo! Slurp; http://help.yahoo.com/help/us/ysearch/slurp)"
67.195.115.233 - - [07/Aug/2010:18:07:58 +0200] "GET / HTTP/1.0" 200 12828 "-" "Mozilla/5.0 (compatible; Yahoo! Slurp/3.0; http://help.yahoo.com/help/us/ysearch/slurp)"
193.47.80.42 - - [08/Aug/2010:00:37:57 +0200] "GET /robots.txt HTTP/1.1" 404 1256 "-" "Mozilla/5.0 (compatible; Exabot/3.0; +http://www.exabot.com/go/robot)"
193.47.80.42 - - [08/Aug/2010:00:37:57 +0200] "GET / HTTP/1.1" 304 - "-" "Mozilla/5.0 (compatible; Exabot/3.0; +http://www.exabot.com/go/robot)"
67.195.115.233 - - [08/Aug/2010:04:20:35 +0200] "GET /robots.txt HTTP/1.0" 404 1256 "-" "Mozilla/5.0 (compatible; Yahoo! Slurp; http://help.yahoo.com/help/us/ysearch/slurp)"
67.195.115.233 - - [08/Aug/2010:04:20:35 +0200] "GET /Produkte/produkte.html HTTP/1.0" 200 17755 "-" "Mozilla/5.0 (compatible; Yahoo! Slurp/3.0; http://help.yahoo.com/help/us/ysearch/slurp)"
208.80.194.32 - - [08/Aug/2010:04:35:20 +0200] "GET / HTTP/1.0" 200 12828 "-" "Mozilla/4.0 (compatible; MSIE 6.0; Windows NT 5.1; {81C5C242-8D35-668E-2F8C-257FA808E6CA}; .NET CLR 2.0.50727)"
95.108.158.134 - - [08/Aug/2010:05:41:17 +0200] "GET /robots.txt HTTP/1.1" 404 1256 "-" "Mozilla/5.0 (compatible; YandexBot/3.0; +http://yandex.com/bots)"
66.249.65.34 - - [08/Aug/2010:06:20:03 +0200] "GET /robots.txt HTTP/1.1" 404 1256 "-" "Mozilla/5.0 (compatible; Googlebot/2.1; +http://www.google.com/bot.html)"
66.249.65.34 - - [08/Aug/2010:06:20:03 +0200] "GET /index.html HTTP/1.1" 200 12828 "-" "Mozilla/5.0 (compatible; Googlebot/2.1; +http://www.google.com/bot.html)"
66.249.65.38 - - [08/Aug/2010:07:40:04 +0200] "GET /Feinstaubfilter_Np1.gif HTTP/1.1" 304 - "-" "Googlebot-Image/1.0"
95.108.158.134 - - [08/Aug/2010:09:01:45 +0200] "GET / HTTP/1.1" 200 12828 "-" "Mozilla/5.0 (compatible; YandexBot/3.0; +http://yandex.com/bots)"
66.249.65.38 - - [08/Aug/2010:09:04:21 +0200] "GET /Shop/shop.html HTTP/1.1" 200 59578 "-" "Mozilla/5.0 (compatible; Googlebot/2.1; +http://www.google.com/bot.html)"
66.249.65.38 - - [08/Aug/2010:09:06:27 +0200] "GET /Produkte/produkte.html HTTP/1.1" 200 17755 "-" "Mozilla/5.0 (compatible; Googlebot/2.1; +http://www.google.com/bot.html)"
66.249.65.38 - - [08/Aug/2010:09:11:40 +0200] "GET /Impressum/impressum.html HTTP/1.1" 200 11991 "-" "Mozilla/5.0 (compatible; Googlebot/2.1; +http://www.google.com/bot.html)"
66.249.65.38 - - [08/Aug/2010:09:14:03 +0200] "GET /Service_Kontakt/service_kontakt.html HTTP/1.1" 200 11157 "-" "Mozilla/5.0 (compatible; Googlebot/2.1; +http://www.google.com/bot.html)"
66.249.65.38 - - [08/Aug/2010:09:16:20 +0200] "GET /Feinstaubfilter/feinstaubfilter.html HTTP/1.1" 200 13065 "-" "Mozilla/5.0 (compatible; Googlebot/2.1; +http://www.google.com/bot.html)"
66.249.65.38 - - [08/Aug/2010:12:05:26 +0200] "GET /Shop/Filter/filter_1.html HTTP/1.1" 200 26543 "-" "Mozilla/5.0 (compatible; Googlebot/2.1; +http://www.google.com/bot.html)"
66.249.65.38 - - [08/Aug/2010:12:07:49 +0200] "GET /Shop/Filter/filter_0.html HTTP/1.1" 200 26544 "-" "Mozilla/5.0 (compatible; Googlebot/2.1; +http://www.google.com/bot.html)"
86.109.255.22 - - [08/Aug/2010:12:09:16 +0200] "GET /robots.txt HTTP/1.1" 404 1256 "-" "gonzo/1[D] (+http://www.suchen.de/faq.html)"
86.109.255.22 - - [08/Aug/2010:12:09:16 +0200] "GET / HTTP/1.1" 304 - "-" "gonzo/1[D] (+http://www.suchen.de/faq.html)"
66.249.65.38 - - [08/Aug/2010:12:10:06 +0200] "GET /Shop/Filter/filter_2.html HTTP/1.1" 200 26547 "-" "Mozilla/5.0 (compatible; Googlebot/2.1; +http://www.google.com/bot.html)"
86.109.255.22 - - [08/Aug/2010:12:10:16 +0200] "GET /index.html HTTP/1.1" 200 12828 "http://www.sirius-berlin.de/" "gonzo/1[D] (+http://www.suchen.de/faq.html)"
86.109.255.22 - - [08/Aug/2010:12:11:17 +0200] "GET /Produkte/produkte.html HTTP/1.1" 304 - "http://www.sirius-berlin.de/" "gonzo/1[D] (+http://www.suchen.de/faq.html)"
86.109.255.22 - - [08/Aug/2010:12:12:17 +0200] "GET /Feinstaubfilter/feinstaubfilter.html HTTP/1.1" 304 - "http://www.sirius-berlin.de/" "gonzo/1[D] (+http://www.suchen.de/faq.html)"
66.249.65.38 - - [08/Aug/2010:12:12:42 +0200] "GET /Produkte/Tintenpatronen/tintenpatronen.html HTTP/1.1" 200 15225 "-" "Mozilla/5.0 (compatible; Googlebot/2.1; +http://www.google.com/bot.html)"
86.109.255.22 - - [08/Aug/2010:12:13:17 +0200] "GET /Service_Kontakt/service_kontakt.html HTTP/1.1" 304 - "http://www.sirius-berlin.de/" "gonzo/1[D] (+http://www.suchen.de/faq.html)"
86.109.255.22 - - [08/Aug/2010:12:14:18 +0200] "GET /Impressum/impressum.html HTTP/1.1" 304 - "http://www.sirius-berlin.de/" "gonzo/1[D] (+http://www.suchen.de/faq.html)"
86.109.255.22 - - [08/Aug/2010:12:15:18 +0200] "GET /Shop/shop.html HTTP/1.1" 304 - "http://www.sirius-berlin.de/" "gonzo/1[D] (+http://www.suchen.de/faq.html)"
66.249.65.38 - - [08/Aug/2010:12:16:55 +0200] "GET /Produkte/Tonerkartuschen/tonerkartuschen.html HTTP/1.1" 200 13203 "-" "Mozilla/5.0 (compatible; Googlebot/2.1; +http://www.google.com/bot.html)"
66.249.65.38 - - [08/Aug/2010:12:19:18 +0200] "GET /Produkte/weitere_Produkte/weitere_produkte.html HTTP/1.1" 200 12524 "-" "Mozilla/5.0 (compatible; Googlebot/2.1; +http://www.google.com/bot.html)"
93.192.129.68 - - [08/Aug/2010:12:19:19 +0200] "GET / HTTP/1.1" 200 12828 "-" "Mozilla/5.0 (Macintosh; U; Intel Mac OS X 10_5_6; en-us) AppleWebKit/528.16 (KHTML, like Gecko) Version/4.0 Safari/528.16"
66.249.65.38 - - [08/Aug/2010:13:52:03 +0200] "GET /Feinstaubfilter/Dexwet/dexwet.html HTTP/1.1" 200 16100 "-" "Mozilla/5.0 (compatible; Googlebot/2.1; +http://www.google.com/bot.html)"
66.249.65.38 - - [08/Aug/2010:13:57:01 +0200] "GET /Feinstaubfilter/micronair/micronair.html HTTP/1.1" 200 19812 "-" "Mozilla/5.0 (compatible; Googlebot/2.1; +http://www.google.com/bot.html)"
220.181.7.44 - - [08/Aug/2010:15:26:44 +0200] "GET /robots.txt HTTP/1.1" 404 1256 "-" "Baiduspider+(+http://www.baidu.com/search/spider.htm)"
62.116.172.150 - - [08/Aug/2010:16:19:33 +0200] "GET / HTTP/1.1" 200 12828 "-" "PECL::HTTP/1.6.5 (PHP/5.2.6)"
62.116.172.130 - - [08/Aug/2010:16:19:33 +0200] "GET / HTTP/1.0" 200 12828 "-" "tc-components"
62.116.172.130 - - [08/Aug/2010:16:19:33 +0200] "GET /robots.txt HTTP/1.0" 404 1256 "-" "tc-components"
62.116.172.130 - - [08/Aug/2010:16:19:34 +0200] "GET /rollover.js HTTP/1.0" 200 32709 "http://www.sirius-berlin.de/" "tc-components"
62.116.172.130 - - [08/Aug/2010:16:19:34 +0200] "GET /background.gif HTTP/1.0" 200 5457 "http://www.sirius-berlin.de/" "tc-components"
62.116.172.130 - - [08/Aug/2010:16:19:34 +0200] "GET /clearpixel.gif HTTP/1.0" 200 43 "http://www.sirius-berlin.de/" "tc-components"
62.116.172.130 - - [08/Aug/2010:16:19:34 +0200] "GET /Sirius-LOGO21.JPG HTTP/1.0" 200 2563 "http://www.sirius-berlin.de/" "tc-components"
62.116.172.130 - - [08/Aug/2010:16:19:34 +0200] "GET /Home_Hp3.gif HTTP/1.0" 200 1773 "http://www.sirius-berlin.de/" "tc-components"
62.116.172.130 - - [08/Aug/2010:16:19:34 +0200] "GET /Produkte_Np1.gif HTTP/1.0" 200 1744 "http://www.sirius-berlin.de/" "tc-components"
62.116.172.130 - - [08/Aug/2010:16:19:34 +0200] "GET /Feinstaubfilter_Np1.gif HTTP/1.0" 200 1780 "http://www.sirius-berlin.de/" "tc-components"
62.116.172.130 - - [08/Aug/2010:16:19:34 +0200] "GET /Service_Kontakt_Np1.gif HTTP/1.0" 200 1794 "http://www.sirius-berlin.de/" "tc-components"
62.116.172.130 - - [08/Aug/2010:16:19:34 +0200] "GET /Impressum_Np1.gif HTTP/1.0" 200 1750 "http://www.sirius-berlin.de/" "tc-components"
62.116.172.130 - - [08/Aug/2010:16:19:34 +0200] "GET /Shop_Np1.gif HTTP/1.0" 200 1699 "http://www.sirius-berlin.de/" "tc-components"
62.116.172.130 - - [08/Aug/2010:16:19:35 +0200] "GET /BuiltWithNOF.gif HTTP/1.0" 200 2587 "http://www.sirius-berlin.de/" "tc-components"
62.116.172.130 - - [08/Aug/2010:16:19:35 +0200] "GET /Home_NnBanner.gif HTTP/1.0" 200 5803 "http://www.sirius-berlin.de/" "tc-components"
62.116.172.130 - - [08/Aug/2010:16:19:35 +0200] "GET /Sirius-LOGO1.JPG HTTP/1.0" 200 4357 "http://www.sirius-berlin.de/" "tc-components"
62.116.172.130 - - [08/Aug/2010:16:19:35 +0200] "GET /DSC0019902.JPG HTTP/1.0" 200 7772 "http://www.sirius-berlin.de/" "tc-components"
66.249.65.38 - - [08/Aug/2010:17:57:00 +0200] "GET /Dexwet_Ns1.gif HTTP/1.1" 200 1904 "-" "Mozilla/5.0 (compatible; Googlebot/2.1; +http://www.google.com/bot.html)"
66.249.65.38 - - [08/Aug/2010:17:57:00 +0200] "GET /micronair_Hs1.gif HTTP/1.1" 200 1908 "-" "Mozilla/5.0 (compatible; Googlebot/2.1; +http://www.google.com/bot.html)"
66.249.65.38 - - [08/Aug/2010:17:57:01 +0200] "GET /Feinstaubfilter_Hp3.gif HTTP/1.1" 200 1938 "-" "Mozilla/5.0 (compatible; Googlebot/2.1; +http://www.google.com/bot.html)"
66.249.65.38 - - [08/Aug/2010:17:57:01 +0200] "GET /micronair_NnBanner.gif HTTP/1.1" 200 5954 "-" "Mozilla/5.0 (compatible; Googlebot/2.1; +http://www.google.com/bot.html)"
66.249.65.38 - - [08/Aug/2010:17:57:02 +0200] "GET /Aufbau1.jpg HTTP/1.1" 200 10250 "-" "Mozilla/5.0 (compatible; Googlebot/2.1; +http://www.google.com/bot.html)"
66.249.65.38 - - [08/Aug/2010:17:57:02 +0200] "GET /Alle_auf_blau102.jpg HTTP/1.1" 200 6908 "-" "Mozilla/5.0 (compatible; Googlebot/2.1; +http://www.google.com/bot.html)"
66.249.65.38 - - [08/Aug/2010:17:57:03 +0200] "GET /Home_Np1.gif HTTP/1.1" 200 1706 "-" "Mozilla/5.0 (compatible; Googlebot/2.1; +http://www.google.com/bot.html)"
66.249.65.38 - - [08/Aug/2010:17:57:03 +0200] "GET /Aufbau_Detail1.jpg HTTP/1.1" 200 15510 "-" "Mozilla/5.0 (compatible; Googlebot/2.1; +http://www.google.com/bot.html)"
66.249.65.38 - - [08/Aug/2010:17:57:04 +0200] "GET /Vorher-nachher1.jpg HTTP/1.1" 200 6971 "-" "Mozilla/5.0 (compatible; Googlebot/2.1; +http://www.google.com/bot.html)"
66.249.65.38 - - [08/Aug/2010:17:57:04 +0200] "GET /Dexwet_NRs2.gif HTTP/1.1" 200 1880 "-" "Mozilla/5.0 (compatible; Googlebot/2.1; +http://www.google.com/bot.html)"
66.249.65.38 - - [08/Aug/2010:17:57:05 +0200] "GET /micronair_HRs4.gif HTTP/1.1" 200 1885 "-" "Mozilla/5.0 (compatible; Googlebot/2.1; +http://www.google.com/bot.html)"
66.249.65.38 - - [08/Aug/2010:17:57:05 +0200] "GET /Feinstaubfilter_HRp4.gif HTTP/1.1" 200 2579 "-" "Mozilla/5.0 (compatible; Googlebot/2.1; +http://www.google.com/bot.html)"
66.249.65.38 - - [08/Aug/2010:17:57:06 +0200] "GET /Home_NRp2.gif HTTP/1.1" 200 1965 "-" "Mozilla/5.0 (compatible; Googlebot/2.1; +http://www.google.com/bot.html)"
95.108.158.134 - - [08/Aug/2010:23:13:55 +0200] "GET /Feinstaubfilter/Dexwet/dexwet.html HTTP/1.1" 200 16100 "-" "Mozilla/5.0 (compatible; YandexBot/3.0; +http://yandex.com/bots)"
95.108.158.134 - - [09/Aug/2010:04:12:29 +0200] "GET /Produkte/produkte.html HTTP/1.1" 200 17755 "-" "Mozilla/5.0 (compatible; YandexBot/3.0; +http://yandex.com/bots)"
81.17.208.4 - - [09/Aug/2010:08:28:22 +0200] "GET /robots.txt HTTP/1.0" 404 1256 "http://www.sirius-berlin.de/" "Mozilla/5.0 (compatible; jobs.de-Robot +http://www.jobs.de)"
81.17.208.4 - - [09/Aug/2010:08:46:40 +0200] "GET / HTTP/1.0" 200 12828 "-" "Mozilla/5.0 (compatible; jobs.de-Robot +http://www.jobs.de)"
81.17.208.4 - - [09/Aug/2010:09:27:30 +0200] "GET /Feinstaubfilter/feinstaubfilter.html HTTP/1.0" 200 13065 "http://www.sirius-berlin.de/" "Mozilla/5.0 (compatible; jobs.de-Robot +http://www.jobs.de)"
81.17.208.4 - - [09/Aug/2010:09:52:16 +0200] "GET /Produkte/produkte.html HTTP/1.0" 200 17755 "http://www.sirius-berlin.de/" "Mozilla/5.0 (compatible; jobs.de-Robot +http://www.jobs.de)"
81.17.208.4 - - [09/Aug/2010:10:09:38 +0200] "GET /Service_Kontakt/service_kontakt.html HTTP/1.0" 200 11157 "http://www.sirius-berlin.de/" "Mozilla/5.0 (compatible; jobs.de-Robot +http://www.jobs.de)"
81.17.208.4 - - [09/Aug/2010:10:29:22 +0200] "GET /Shop/shop.html HTTP/1.0" 200 59578 "http://www.sirius-berlin.de/" "Mozilla/5.0 (compatible; jobs.de-Robot +http://www.jobs.de)"
95.108.158.134 - - [09/Aug/2010:10:44:32 +0200] "GET /robots.txt HTTP/1.1" 404 1256 "-" "Mozilla/5.0 (compatible; YandexBot/3.0; +http://yandex.com/bots)"
81.17.208.4 - - [09/Aug/2010:10:52:26 +0200] "GET /Impressum/impressum.html HTTP/1.0" 200 11991 "http://www.sirius-berlin.de/" "Mozilla/5.0 (compatible; jobs.de-Robot +http://www.jobs.de)"
81.17.208.4 - - [09/Aug/2010:11:12:17 +0200] "GET /index.html HTTP/1.0" 200 12828 "http://www.sirius-berlin.de/" "Mozilla/5.0 (compatible; jobs.de-Robot +http://www.jobs.de)"
81.17.208.4 - - [09/Aug/2010:11:34:53 +0200] "GET /Feinstaubfilter/micronair/micronair.html HTTP/1.0" 200 19812 "http://www.sirius-berlin.de/Feinstaubfilter/feinstaubfilter.html" "Mozilla/5.0 (compatible; jobs.de-Robot +http://www.jobs.de)"
81.17.208.4 - - [09/Aug/2010:11:56:00 +0200] "GET /Feinstaubfilter/Dexwet/dexwet.html HTTP/1.0" 200 16100 "http://www.sirius-berlin.de/Feinstaubfilter/feinstaubfilter.html" "Mozilla/5.0 (compatible; jobs.de-Robot +http://www.jobs.de)"
81.17.208.4 - - [09/Aug/2010:12:11:37 +0200] "GET /Produkte/weitere_Produkte/weitere_produkte.html HTTP/1.0" 200 12524 "http://www.sirius-berlin.de/Produkte/produkte.html" "Mozilla/5.0 (compatible; jobs.de-Robot +http://www.jobs.de)"
81.17.208.4 - - [09/Aug/2010:12:31:17 +0200] "GET /Produkte/Tonerkartuschen/tonerkartuschen.html HTTP/1.0" 200 13203 "http://www.sirius-berlin.de/Produkte/produkte.html" "Mozilla/5.0 (compatible; jobs.de-Robot +http://www.jobs.de)"
81.17.208.4 - - [09/Aug/2010:12:47:08 +0200] "GET /Produkte/Tintenpatronen/tintenpatronen.html HTTP/1.0" 200 15225 "http://www.sirius-berlin.de/Produkte/produkte.html" "Mozilla/5.0 (compatible; jobs.de-Robot +http://www.jobs.de)"
81.17.208.4 - - [09/Aug/2010:13:01:46 +0200] "GET /Shop/Filter/filter_0.html HTTP/1.0" 200 26544 "http://www.sirius-berlin.de/Shop/shop.html" "Mozilla/5.0 (compatible; jobs.de-Robot +http://www.jobs.de)"
81.17.208.4 - - [09/Aug/2010:13:18:18 +0200] "GET /Shop/Filter/filter_2.html HTTP/1.0" 200 26547 "http://www.sirius-berlin.de/Shop/shop.html" "Mozilla/5.0 (compatible; jobs.de-Robot +http://www.jobs.de)"
81.17.208.4 - - [09/Aug/2010:13:31:47 +0200] "GET /Shop/Filter/filter_1.html HTTP/1.0" 200 26543 "http://www.sirius-berlin.de/Shop/shop.html" "Mozilla/5.0 (compatible; jobs.de-Robot +http://www.jobs.de)"
95.108.158.134 - - [09/Aug/2010:16:14:05 +0200] "GET /Produkte/weitere_Produkte/weitere_produkte.html HTTP/1.1" 200 12524 "-" "Mozilla/5.0 (compatible; YandexBot/3.0; +http://yandex.com/bots)"
67.195.115.233 - - [09/Aug/2010:16:55:58 +0200] "GET /robots.txt HTTP/1.0" 404 1256 "-" "Mozilla/5.0 (compatible; Yahoo! Slurp; http://help.yahoo.com/help/us/ysearch/slurp)"
67.195.115.233 - - [09/Aug/2010:16:55:59 +0200] "GET /Shop/shop.html HTTP/1.0" 200 59578 "-" "Mozilla/5.0 (compatible; Yahoo! Slurp/3.0; http://help.yahoo.com/help/us/ysearch/slurp)"
220.181.7.40 - - [09/Aug/2010:17:16:50 +0200] "GET /robots.txt HTTP/1.1" 404 1256 "-" "Baiduspider+(+http://www.baidu.com/search/spider.htm)"
64.246.161.190 - - [09/Aug/2010:17:55:35 +0200] "GET /robots.txt HTTP/1.0" 404 1256 "-" "Mozilla/5.0 (Windows; U; Windows NT 5.1; en; rv:1.9.0.13) Gecko/2009073022 Firefox/3.5.2 (.NET CLR 3.5.30729) SurveyBot/2.3 (DomainTools)"
64.246.161.190 - - [09/Aug/2010:17:55:35 +0200] "GET / HTTP/1.1" 200 12828 "http://whois.domaintools.com/sirius-berlin.de" "Mozilla/5.0 (Windows; U; Windows NT 5.1; en; rv:1.9.0.13) Gecko/2009073022 Firefox/3.5.2 (.NET CLR 3.5.30729) SurveyBot/2.3 (DomainTools)"
208.80.194.31 - - [09/Aug/2010:18:28:40 +0200] "GET / HTTP/1.0" 200 12828 "-" "Mozilla/4.0 (compatible; MSIE 6.0; Windows NT 5.1; SV1; SIMBAR Enabled; SIMBAR=0)"
66.249.65.50 - - [09/Aug/2010:21:48:29 +0200] "GET /robots.txt HTTP/1.1" 404 1256 "-" "Googlebot-Image/1.0"
66.249.65.50 - - [09/Aug/2010:21:48:29 +0200] "GET /Produkte_Np1.gif HTTP/1.1" 304 - "-" "Googlebot-Image/1.0"
66.249.65.50 - - [10/Aug/2010:00:38:16 +0200] "GET /Alle_auf_blau102.jpg HTTP/1.1" 304 - "-" "Googlebot-Image/1.0"
220.181.7.33 - - [10/Aug/2010:02:10:38 +0200] "GET / HTTP/1.1" 200 12828 "-" "Baiduspider+(+http://www.baidu.com/search/spider.htm)"
95.108.158.134 - - [10/Aug/2010:02:11:23 +0200] "GET /index.html HTTP/1.1" 200 12828 "-" "Mozilla/5.0 (compatible; YandexBot/3.0; +http://yandex.com/bots)"
220.181.7.44 - - [10/Aug/2010:10:57:37 +0200] "GET / HTTP/1.1" 200 12828 "-" "Baiduspider+(+http://www.baidu.com/search/spider.htm)"
195.113.214.206 - - [10/Aug/2010:11:21:57 +0200] "GET /robots.txt HTTP/1.0" 404 1256 "-" "Jyxobot/1"
195.113.214.206 - - [10/Aug/2010:11:22:07 +0200] "GET /Service_Kontakt/service_kontakt.html HTTP/1.0" 200 11157 "-" "Jyxobot/1"
195.113.214.206 - - [10/Aug/2010:11:22:17 +0200] "GET /Feinstaubfilter/micronair/micronair.html HTTP/1.0" 200 19812 "-" "Jyxobot/1"
212.91.247.102 - - [10/Aug/2010:14:11:23 +0200] "GET / HTTP/1.0" 200 12828 "http://www.google.de/search?q=sirius+berlin&ie=utf-8&oe=utf-8&aq=t&rls=org.mozilla:de:official&client=firefox-a" "Mozilla/5.0 (Windows; U; Windows NT 5.1; de; rv:1.9.2.8) Gecko/20100722 Firefox/3.6.8 (.NET CLR 3.5.30729)"
212.91.247.102 - - [10/Aug/2010:14:11:23 +0200] "GET /rollover.js HTTP/1.0" 200 32709 "http://www.sirius-berlin.de/" "Mozilla/5.0 (Windows; U; Windows NT 5.1; de; rv:1.9.2.8) Gecko/20100722 Firefox/3.6.8 (.NET CLR 3.5.30729)"
212.91.247.102 - - [10/Aug/2010:14:11:24 +0200] "GET /background.gif HTTP/1.0" 200 5457 "http://www.sirius-berlin.de/" "Mozilla/5.0 (Windows; U; Windows NT 5.1; de; rv:1.9.2.8) Gecko/20100722 Firefox/3.6.8 (.NET CLR 3.5.30729)"
212.91.247.102 - - [10/Aug/2010:14:11:24 +0200] "GET /Service_Kontakt_Np1.gif HTTP/1.0" 200 1794 "http://www.sirius-berlin.de/" "Mozilla/5.0 (Windows; U; Windows NT 5.1; de; rv:1.9.2.8) Gecko/20100722 Firefox/3.6.8 (.NET CLR 3.5.30729)"
212.91.247.102 - - [10/Aug/2010:14:11:24 +0200] "GET /Impressum_Np1.gif HTTP/1.0" 200 1750 "http://www.sirius-berlin.de/" "Mozilla/5.0 (Windows; U; Windows NT 5.1; de; rv:1.9.2.8) Gecko/20100722 Firefox/3.6.8 (.NET CLR 3.5.30729)"
212.91.247.102 - - [10/Aug/2010:14:11:24 +0200] "GET /Shop_Np1.gif HTTP/1.0" 200 1699 "http://www.sirius-berlin.de/" "Mozilla/5.0 (Windows; U; Windows NT 5.1; de; rv:1.9.2.8) Gecko/20100722 Firefox/3.6.8 (.NET CLR 3.5.30729)"
212.91.247.102 - - [10/Aug/2010:14:11:24 +0200] "GET /Service_Kontakt_NRp2.gif HTTP/1.0" 200 2044 "http://www.sirius-berlin.de/" "Mozilla/5.0 (Windows; U; Windows NT 5.1; de; rv:1.9.2.8) Gecko/20100722 Firefox/3.6.8 (.NET CLR 3.5.30729)"
212.91.247.102 - - [10/Aug/2010:14:11:24 +0200] "GET /Impressum_NRp2.gif HTTP/1.0" 200 2011 "http://www.sirius-berlin.de/" "Mozilla/5.0 (Windows; U; Windows NT 5.1; de; rv:1.9.2.8) Gecko/20100722 Firefox/3.6.8 (.NET CLR 3.5.30729)"
212.91.247.102 - - [10/Aug/2010:14:11:24 +0200] "GET /Shop_NRp2.gif HTTP/1.0" 200 1954 "http://www.sirius-berlin.de/" "Mozilla/5.0 (Windows; U; Windows NT 5.1; de; rv:1.9.2.8) Gecko/20100722 Firefox/3.6.8 (.NET CLR 3.5.30729)"
212.91.247.102 - - [10/Aug/2010:14:11:24 +0200] "GET /clearpixel.gif HTTP/1.0" 200 43 "http://www.sirius-berlin.de/" "Mozilla/5.0 (Windows; U; Windows NT 5.1; de; rv:1.9.2.8) Gecko/20100722 Firefox/3.6.8 (.NET CLR 3.5.30729)"
212.91.247.102 - - [10/Aug/2010:14:11:24 +0200] "GET /Sirius-LOGO21.JPG HTTP/1.0" 200 2563 "http://www.sirius-berlin.de/" "Mozilla/5.0 (Windows; U; Windows NT 5.1; de; rv:1.9.2.8) Gecko/20100722 Firefox/3.6.8 (.NET CLR 3.5.30729)"
212.91.247.102 - - [10/Aug/2010:14:11:25 +0200] "GET /BuiltWithNOF.gif HTTP/1.0" 200 2587 "http://www.sirius-berlin.de/" "Mozilla/5.0 (Windows; U; Windows NT 5.1; de; rv:1.9.2.8) Gecko/20100722 Firefox/3.6.8 (.NET CLR 3.5.30729)"
212.91.247.102 - - [10/Aug/2010:14:11:25 +0200] "GET /Home_NnBanner.gif HTTP/1.0" 200 5803 "http://www.sirius-berlin.de/" "Mozilla/5.0 (Windows; U; Windows NT 5.1; de; rv:1.9.2.8) Gecko/20100722 Firefox/3.6.8 (.NET CLR 3.5.30729)"
212.91.247.102 - - [10/Aug/2010:14:11:25 +0200] "GET /Sirius-LOGO1.JPG HTTP/1.0" 200 4357 "http://www.sirius-berlin.de/" "Mozilla/5.0 (Windows; U; Windows NT 5.1; de; rv:1.9.2.8) Gecko/20100722 Firefox/3.6.8 (.NET CLR 3.5.30729)"
212.91.247.102 - - [10/Aug/2010:14:11:25 +0200] "GET /DSC0019902.JPG HTTP/1.0" 200 7772 "http://www.sirius-berlin.de/" "Mozilla/5.0 (Windows; U; Windows NT 5.1; de; rv:1.9.2.8) Gecko/20100722 Firefox/3.6.8 (.NET CLR 3.5.30729)"
212.91.247.102 - - [10/Aug/2010:14:11:25 +0200] "GET /Feinstaubfilter_Np1.gif HTTP/1.0" 200 1780 "http://www.sirius-berlin.de/" "Mozilla/5.0 (Windows; U; Windows NT 5.1; de; rv:1.9.2.8) Gecko/20100722 Firefox/3.6.8 (.NET CLR 3.5.30729)"
212.91.247.102 - - [10/Aug/2010:14:11:25 +0200] "GET /Produkte_Np1.gif HTTP/1.0" 200 1744 "http://www.sirius-berlin.de/" "Mozilla/5.0 (Windows; U; Windows NT 5.1; de; rv:1.9.2.8) Gecko/20100722 Firefox/3.6.8 (.NET CLR 3.5.30729)"
212.91.247.102 - - [10/Aug/2010:14:11:25 +0200] "GET /Home_Hp3.gif HTTP/1.0" 200 1773 "http://www.sirius-berlin.de/" "Mozilla/5.0 (Windows; U; Windows NT 5.1; de; rv:1.9.2.8) Gecko/20100722 Firefox/3.6.8 (.NET CLR 3.5.30729)"
212.91.247.102 - - [10/Aug/2010:14:11:27 +0200] "GET /favicon.ico HTTP/1.0" 404 1256 "-" "Mozilla/5.0 (Windows; U; Windows NT 5.1; de; rv:1.9.2.8) Gecko/20100722 Firefox/3.6.8 (.NET CLR 3.5.30729)"
212.91.247.102 - - [10/Aug/2010:14:11:49 +0200] "GET /Home_HRp4.gif HTTP/1.0" 200 2027 "http://www.sirius-berlin.de/" "Mozilla/5.0 (Windows; U; Windows NT 5.1; de; rv:1.9.2.8) Gecko/20100722 Firefox/3.6.8 (.NET CLR 3.5.30729)"
212.91.247.102 - - [10/Aug/2010:14:11:49 +0200] "GET /Produkte_NRp2.gif HTTP/1.0" 200 2001 "http://www.sirius-berlin.de/" "Mozilla/5.0 (Windows; U; Windows NT 5.1; de; rv:1.9.2.8) Gecko/20100722 Firefox/3.6.8 (.NET CLR 3.5.30729)"
212.91.247.102 - - [10/Aug/2010:14:11:49 +0200] "GET /Feinstaubfilter_NRp2.gif HTTP/1.0" 200 2034 "http://www.sirius-berlin.de/" "Mozilla/5.0 (Windows; U; Windows NT 5.1; de; rv:1.9.2.8) Gecko/20100722 Firefox/3.6.8 (.NET CLR 3.5.30729)"
212.91.247.102 - - [10/Aug/2010:14:11:52 +0200] "GET /Produkte/produkte.html HTTP/1.0" 200 17755 "http://www.sirius-berlin.de/" "Mozilla/5.0 (Windows; U; Windows NT 5.1; de; rv:1.9.2.8) Gecko/20100722 Firefox/3.6.8 (.NET CLR 3.5.30729)"
212.91.247.102 - - [10/Aug/2010:14:11:52 +0200] "GET /Home_Np1.gif HTTP/1.0" 200 1706 "http://www.sirius-berlin.de/Produkte/produkte.html" "Mozilla/5.0 (Windows; U; Windows NT 5.1; de; rv:1.9.2.8) Gecko/20100722 Firefox/3.6.8 (.NET CLR 3.5.30729)"
212.91.247.102 - - [10/Aug/2010:14:11:52 +0200] "GET /Produkte_Hp3.gif HTTP/1.0" 200 1878 "http://www.sirius-berlin.de/Produkte/produkte.html" "Mozilla/5.0 (Windows; U; Windows NT 5.1; de; rv:1.9.2.8) Gecko/20100722 Firefox/3.6.8 (.NET CLR 3.5.30729)"
212.91.247.102 - - [10/Aug/2010:14:11:52 +0200] "GET /Tonerkartuschen_Ns1.gif HTTP/1.0" 200 1960 "http://www.sirius-berlin.de/Produkte/produkte.html" "Mozilla/5.0 (Windows; U; Windows NT 5.1; de; rv:1.9.2.8) Gecko/20100722 Firefox/3.6.8 (.NET CLR 3.5.30729)"
212.91.247.102 - - [10/Aug/2010:14:11:52 +0200] "GET /weitere_Produkte_Ns1.gif HTTP/1.0" 200 1960 "http://www.sirius-berlin.de/Produkte/produkte.html" "Mozilla/5.0 (Windows; U; Windows NT 5.1; de; rv:1.9.2.8) Gecko/20100722 Firefox/3.6.8 (.NET CLR 3.5.30729)"
212.91.247.102 - - [10/Aug/2010:14:11:52 +0200] "GET /Tintenpatronen_Ns1.gif HTTP/1.0" 200 1954 "http://www.sirius-berlin.de/Produkte/produkte.html" "Mozilla/5.0 (Windows; U; Windows NT 5.1; de; rv:1.9.2.8) Gecko/20100722 Firefox/3.6.8 (.NET CLR 3.5.30729)"
212.91.247.102 - - [10/Aug/2010:14:11:52 +0200] "GET /Home_NRp2.gif HTTP/1.0" 200 1965 "http://www.sirius-berlin.de/Produkte/produkte.html" "Mozilla/5.0 (Windows; U; Windows NT 5.1; de; rv:1.9.2.8) Gecko/20100722 Firefox/3.6.8 (.NET CLR 3.5.30729)"
212.91.247.102 - - [10/Aug/2010:14:11:52 +0200] "GET /Produkte_HRp4.gif HTTP/1.0" 200 2518 "http://www.sirius-berlin.de/Produkte/produkte.html" "Mozilla/5.0 (Windows; U; Windows NT 5.1; de; rv:1.9.2.8) Gecko/20100722 Firefox/3.6.8 (.NET CLR 3.5.30729)"
212.91.247.102 - - [10/Aug/2010:14:11:52 +0200] "GET /Tonerkartuschen_NRs2.gif HTTP/1.0" 200 1935 "http://www.sirius-berlin.de/Produkte/produkte.html" "Mozilla/5.0 (Windows; U; Windows NT 5.1; de; rv:1.9.2.8) Gecko/20100722 Firefox/3.6.8 (.NET CLR 3.5.30729)"
212.91.247.102 - - [10/Aug/2010:14:11:52 +0200] "GET /weitere_Produkte_NRs2.gif HTTP/1.0" 200 1935 "http://www.sirius-berlin.de/Produkte/produkte.html" "Mozilla/5.0 (Windows; U; Windows NT 5.1; de; rv:1.9.2.8) Gecko/20100722 Firefox/3.6.8 (.NET CLR 3.5.30729)"
212.91.247.102 - - [10/Aug/2010:14:11:52 +0200] "GET /Tintenpatronen_NRs2.gif HTTP/1.0" 200 1930 "http://www.sirius-berlin.de/Produkte/produkte.html" "Mozilla/5.0 (Windows; U; Windows NT 5.1; de; rv:1.9.2.8) Gecko/20100722 Firefox/3.6.8 (.NET CLR 3.5.30729)"
212.91.247.102 - - [10/Aug/2010:14:11:53 +0200] "GET /Produkte_NnBanner.gif HTTP/1.0" 200 5997 "http://www.sirius-berlin.de/Produkte/produkte.html" "Mozilla/5.0 (Windows; U; Windows NT 5.1; de; rv:1.9.2.8) Gecko/20100722 Firefox/3.6.8 (.NET CLR 3.5.30729)"
212.91.247.102 - - [10/Aug/2010:14:11:53 +0200] "GET /DSC00199.JPG HTTP/1.0" 200 7772 "http://www.sirius-berlin.de/Produkte/produkte.html" "Mozilla/5.0 (Windows; U; Windows NT 5.1; de; rv:1.9.2.8) Gecko/20100722 Firefox/3.6.8 (.NET CLR 3.5.30729)"
212.91.247.102 - - [10/Aug/2010:14:11:53 +0200] "GET /zertifikat04.gif HTTP/1.0" 200 18090 "http://www.sirius-berlin.de/Produkte/produkte.html" "Mozilla/5.0 (Windows; U; Windows NT 5.1; de; rv:1.9.2.8) Gecko/20100722 Firefox/3.6.8 (.NET CLR 3.5.30729)"
212.91.247.102 - - [10/Aug/2010:14:11:53 +0200] "GET /Produkte/a_thumb_Multipack02.jpg HTTP/1.0" 200 19266 "http://www.sirius-berlin.de/Produkte/produkte.html" "Mozilla/5.0 (Windows; U; Windows NT 5.1; de; rv:1.9.2.8) Gecko/20100722 Firefox/3.6.8 (.NET CLR 3.5.30729)"
212.91.247.102 - - [10/Aug/2010:14:11:53 +0200] "GET /RAL-UZ-55-FEB-2004_16003.jpg HTTP/1.0" 200 52762 "http://www.sirius-berlin.de/Produkte/produkte.html" "Mozilla/5.0 (Windows; U; Windows NT 5.1; de; rv:1.9.2.8) Gecko/20100722 Firefox/3.6.8 (.NET CLR 3.5.30729)"
212.91.247.102 - - [10/Aug/2010:14:11:59 +0200] "GET /Produkte/weitere_Produkte/weitere_produkte.html HTTP/1.0" 200 12524 "http://www.sirius-berlin.de/Produkte/produkte.html" "Mozilla/5.0 (Windows; U; Windows NT 5.1; de; rv:1.9.2.8) Gecko/20100722 Firefox/3.6.8 (.NET CLR 3.5.30729)"
212.91.247.102 - - [10/Aug/2010:14:11:59 +0200] "GET /weitere_Produkte_Hs1.gif HTTP/1.0" 200 1960 "http://www.sirius-berlin.de/Produkte/weitere_Produkte/weitere_produkte.html" "Mozilla/5.0 (Windows; U; Windows NT 5.1; de; rv:1.9.2.8) Gecko/20100722 Firefox/3.6.8 (.NET CLR 3.5.30729)"
212.91.247.102 - - [10/Aug/2010:14:11:59 +0200] "GET /weitere_Produkte_HRs4.gif HTTP/1.0" 200 1935 "http://www.sirius-berlin.de/Produkte/weitere_Produkte/weitere_produkte.html" "Mozilla/5.0 (Windows; U; Windows NT 5.1; de; rv:1.9.2.8) Gecko/20100722 Firefox/3.6.8 (.NET CLR 3.5.30729)"
212.91.247.102 - - [10/Aug/2010:14:12:00 +0200] "GET /weitere_Produkte_NnBanner.gif HTTP/1.0" 200 6305 "http://www.sirius-berlin.de/Produkte/weitere_Produkte/weitere_produkte.html" "Mozilla/5.0 (Windows; U; Windows NT 5.1; de; rv:1.9.2.8) Gecko/20100722 Firefox/3.6.8 (.NET CLR 3.5.30729)"
212.91.247.102 - - [10/Aug/2010:14:12:00 +0200] "GET /Gruppe02.jpg HTTP/1.0" 200 57869 "http://www.sirius-berlin.de/Produkte/weitere_Produkte/weitere_produkte.html" "Mozilla/5.0 (Windows; U; Windows NT 5.1; de; rv:1.9.2.8) Gecko/20100722 Firefox/3.6.8 (.NET CLR 3.5.30729)"
212.91.247.102 - - [10/Aug/2010:14:12:12 +0200] "GET /Shop/shop.html HTTP/1.0" 200 59578 "http://www.sirius-berlin.de/Produkte/weitere_Produkte/weitere_produkte.html" "Mozilla/5.0 (Windows; U; Windows NT 5.1; de; rv:1.9.2.8) Gecko/20100722 Firefox/3.6.8 (.NET CLR 3.5.30729)"
212.91.247.102 - - [10/Aug/2010:14:12:13 +0200] "GET /Filter_Ns1.gif HTTP/1.0" 200 1886 "http://www.sirius-berlin.de/Shop/shop.html" "Mozilla/5.0 (Windows; U; Windows NT 5.1; de; rv:1.9.2.8) Gecko/20100722 Firefox/3.6.8 (.NET CLR 3.5.30729)"
212.91.247.102 - - [10/Aug/2010:14:12:13 +0200] "GET /Shop_Hp3.gif HTTP/1.0" 200 1803 "http://www.sirius-berlin.de/Shop/shop.html" "Mozilla/5.0 (Windows; U; Windows NT 5.1; de; rv:1.9.2.8) Gecko/20100722 Firefox/3.6.8 (.NET CLR 3.5.30729)"
212.91.247.102 - - [10/Aug/2010:14:12:13 +0200] "GET /Filter_NRs2.gif HTTP/1.0" 200 1863 "http://www.sirius-berlin.de/Shop/shop.html" "Mozilla/5.0 (Windows; U; Windows NT 5.1; de; rv:1.9.2.8) Gecko/20100722 Firefox/3.6.8 (.NET CLR 3.5.30729)"
212.91.247.102 - - [10/Aug/2010:14:12:13 +0200] "GET /Shop_HRp4.gif HTTP/1.0" 200 2051 "http://www.sirius-berlin.de/Shop/shop.html" "Mozilla/5.0 (Windows; U; Windows NT 5.1; de; rv:1.9.2.8) Gecko/20100722 Firefox/3.6.8 (.NET CLR 3.5.30729)"
212.91.247.102 - - [10/Aug/2010:14:12:13 +0200] "GET /Shop_NnBanner.gif HTTP/1.0" 200 5825 "http://www.sirius-berlin.de/Shop/shop.html" "Mozilla/5.0 (Windows; U; Windows NT 5.1; de; rv:1.9.2.8) Gecko/20100722 Firefox/3.6.8 (.NET CLR 3.5.30729)"
212.91.247.102 - - [10/Aug/2010:14:12:13 +0200] "GET /store.js HTTP/1.0" 200 4275 "http://www.sirius-berlin.de/Shop/shop.html" "Mozilla/5.0 (Windows; U; Windows NT 5.1; de; rv:1.9.2.8) Gecko/20100722 Firefox/3.6.8 (.NET CLR 3.5.30729)"
212.91.247.102 - - [10/Aug/2010:14:12:14 +0200] "GET /Shop/spacer.gif HTTP/1.0" 200 43 "http://www.sirius-berlin.de/Shop/shop.html" "Mozilla/5.0 (Windows; U; Windows NT 5.1; de; rv:1.9.2.8) Gecko/20100722 Firefox/3.6.8 (.NET CLR 3.5.30729)"
212.91.247.102 - - [10/Aug/2010:14:12:14 +0200] "GET /db_micronair_70a.jpg HTTP/1.0" 200 1386 "http://www.sirius-berlin.de/Shop/shop.html" "Mozilla/5.0 (Windows; U; Windows NT 5.1; de; rv:1.9.2.8) Gecko/20100722 Firefox/3.6.8 (.NET CLR 3.5.30729)"
212.91.247.102 - - [10/Aug/2010:14:12:14 +0200] "GET /db_micronair_80a1.jpg HTTP/1.0" 200 1398 "http://www.sirius-berlin.de/Shop/shop.html" "Mozilla/5.0 (Windows; U; Windows NT 5.1; de; rv:1.9.2.8) Gecko/20100722 Firefox/3.6.8 (.NET CLR 3.5.30729)"
212.91.247.102 - - [10/Aug/2010:14:12:14 +0200] "GET /db_micronair_100a1.jpg HTTP/1.0" 200 1448 "http://www.sirius-berlin.de/Shop/shop.html" "Mozilla/5.0 (Windows; U; Windows NT 5.1; de; rv:1.9.2.8) Gecko/20100722 Firefox/3.6.8 (.NET CLR 3.5.30729)"
212.91.247.102 - - [10/Aug/2010:14:12:14 +0200] "GET /TUV_Siegel1.jpg HTTP/1.0" 200 34036 "http://www.sirius-berlin.de/Shop/shop.html" "Mozilla/5.0 (Windows; U; Windows NT 5.1; de; rv:1.9.2.8) Gecko/20100722 Firefox/3.6.8 (.NET CLR 3.5.30729)"
212.91.247.102 - - [10/Aug/2010:14:12:19 +0200] "GET /Shop/Filter/filter_0.html HTTP/1.0" 200 26544 "http://www.sirius-berlin.de/Shop/shop.html" "Mozilla/5.0 (Windows; U; Windows NT 5.1; de; rv:1.9.2.8) Gecko/20100722 Firefox/3.6.8 (.NET CLR 3.5.30729)"
212.91.247.102 - - [10/Aug/2010:14:12:19 +0200] "GET /Filter_Hs1.gif HTTP/1.0" 200 1891 "http://www.sirius-berlin.de/Shop/Filter/filter_0.html" "Mozilla/5.0 (Windows; U; Windows NT 5.1; de; rv:1.9.2.8) Gecko/20100722 Firefox/3.6.8 (.NET CLR 3.5.30729)"
212.91.247.102 - - [10/Aug/2010:14:12:19 +0200] "GET /Filter_HRs4.gif HTTP/1.0" 200 1868 "http://www.sirius-berlin.de/Shop/Filter/filter_0.html" "Mozilla/5.0 (Windows; U; Windows NT 5.1; de; rv:1.9.2.8) Gecko/20100722 Firefox/3.6.8 (.NET CLR 3.5.30729)"
212.91.247.102 - - [10/Aug/2010:14:12:19 +0200] "GET /Filter_NnBanner.gif HTTP/1.0" 200 5779 "http://www.sirius-berlin.de/Shop/Filter/filter_0.html" "Mozilla/5.0 (Windows; U; Windows NT 5.1; de; rv:1.9.2.8) Gecko/20100722 Firefox/3.6.8 (.NET CLR 3.5.30729)"
212.91.247.102 - - [10/Aug/2010:14:12:20 +0200] "GET /db_micronair_70a1.jpg HTTP/1.0" 200 3396 "http://www.sirius-berlin.de/Shop/Filter/filter_0.html" "Mozilla/5.0 (Windows; U; Windows NT 5.1; de; rv:1.9.2.8) Gecko/20100722 Firefox/3.6.8 (.NET CLR 3.5.30729)"
212.91.247.102 - - [10/Aug/2010:14:12:20 +0200] "GET /Shop/Filter/spacer1.gif HTTP/1.0" 200 43 "http://www.sirius-berlin.de/Shop/Filter/filter_0.html" "Mozilla/5.0 (Windows; U; Windows NT 5.1; de; rv:1.9.2.8) Gecko/20100722 Firefox/3.6.8 (.NET CLR 3.5.30729)"
212.91.247.102 - - [10/Aug/2010:14:12:20 +0200] "GET /NavLeft.gif HTTP/1.0" 200 284 "http://www.sirius-berlin.de/Shop/Filter/filter_0.html" "Mozilla/5.0 (Windows; U; Windows NT 5.1; de; rv:1.9.2.8) Gecko/20100722 Firefox/3.6.8 (.NET CLR 3.5.30729)"
212.91.247.102 - - [10/Aug/2010:14:12:20 +0200] "GET /NavUp.gif HTTP/1.0" 200 289 "http://www.sirius-berlin.de/Shop/Filter/filter_0.html" "Mozilla/5.0 (Windows; U; Windows NT 5.1; de; rv:1.9.2.8) Gecko/20100722 Firefox/3.6.8 (.NET CLR 3.5.30729)"
212.91.247.102 - - [10/Aug/2010:14:12:20 +0200] "GET /NavRight.gif HTTP/1.0" 200 280 "http://www.sirius-berlin.de/Shop/Filter/filter_0.html" "Mozilla/5.0 (Windows; U; Windows NT 5.1; de; rv:1.9.2.8) Gecko/20100722 Firefox/3.6.8 (.NET CLR 3.5.30729)"
212.91.247.102 - - [10/Aug/2010:14:35:01 +0200] "GET /Service_Kontakt/service_kontakt.html HTTP/1.0" 200 11157 "http://www.sirius-berlin.de/Produkte/weitere_Produkte/weitere_produkte.html" "Mozilla/5.0 (Windows; U; Windows NT 5.1; de; rv:1.9.2.8) Gecko/20100722 Firefox/3.6.8 (.NET CLR 3.5.30729)"
212.91.247.102 - - [10/Aug/2010:14:35:01 +0200] "GET /Service_Kontakt_Hp3.gif HTTP/1.0" 200 2451 "http://www.sirius-berlin.de/Service_Kontakt/service_kontakt.html" "Mozilla/5.0 (Windows; U; Windows NT 5.1; de; rv:1.9.2.8) Gecko/20100722 Firefox/3.6.8 (.NET CLR 3.5.30729)"
212.91.247.102 - - [10/Aug/2010:14:35:01 +0200] "GET /Service_Kontakt_HRp4.gif HTTP/1.0" 200 2700 "http://www.sirius-berlin.de/Service_Kontakt/service_kontakt.html" "Mozilla/5.0 (Windows; U; Windows NT 5.1; de; rv:1.9.2.8) Gecko/20100722 Firefox/3.6.8 (.NET CLR 3.5.30729)"
212.91.247.102 - - [10/Aug/2010:14:35:02 +0200] "GET /Service_Kontakt_NnBanner.gif HTTP/1.0" 200 6313 "http://www.sirius-berlin.de/Service_Kontakt/service_kontakt.html" "Mozilla/5.0 (Windows; U; Windows NT 5.1; de; rv:1.9.2.8) Gecko/20100722 Firefox/3.6.8 (.NET CLR 3.5.30729)"
67.195.115.233 - - [10/Aug/2010:17:44:28 +0200] "GET /robots.txt HTTP/1.0" 404 1256 "-" "Mozilla/5.0 (compatible; Yahoo! Slurp; http://help.yahoo.com/help/us/ysearch/slurp)"
67.195.115.233 - - [10/Aug/2010:17:44:28 +0200] "GET /Produkte/produkte.html HTTP/1.0" 200 17755 "-" "Mozilla/5.0 (compatible; Yahoo! Slurp/3.0; http://help.yahoo.com/help/us/ysearch/slurp)"
220.181.7.97 - - [10/Aug/2010:18:42:37 +0200] "GET /robots.txt HTTP/1.1" 404 1256 "-" "Baiduspider+(+http://www.baidu.com/search/spider.htm)"
95.108.158.134 - - [10/Aug/2010:20:05:52 +0200] "GET /robots.txt HTTP/1.1" 404 1256 "-" "Mozilla/5.0 (compatible; YandexBot/3.0; +http://yandex.com/bots)"
66.235.124.82 - - [10/Aug/2010:23:53:30 +0200] "GET /robots.txt HTTP/1.1" 404 1256 "-" "Mozilla/5.0 (compatible; Ask Jeeves/Teoma; +http://about.ask.com/en/docs/about/webmasters.shtml)"
66.235.124.82 - - [10/Aug/2010:23:53:30 +0200] "GET / HTTP/1.1" 200 12828 "-" "Mozilla/5.0 (compatible; Ask Jeeves/Teoma; +http://about.ask.com/en/docs/about/webmasters.shtml)"
95.108.158.134 - - [11/Aug/2010:00:58:02 +0200] "GET /Impressum/impressum.html HTTP/1.1" 304 - "-" "Mozilla/5.0 (compatible; YandexBot/3.0; +http://yandex.com/bots)"
174.129.131.202 - - [11/Aug/2010:03:27:11 +0200] "GET / HTTP/1.0" 200 12828 "-" "Mozilla/5.0 (compatible; NetcraftSurveyAgent/1.0; +info@netcraft.com)"
95.108.158.134 - - [11/Aug/2010:06:32:06 +0200] "GET /Feinstaubfilter/micronair/micronair.html HTTP/1.1" 200 19812 "-" "Mozilla/5.0 (compatible; YandexBot/3.0; +http://yandex.com/bots)"
208.80.194.34 - - [11/Aug/2010:08:22:36 +0200] "GET / HTTP/1.0" 200 12828 "-" "Mozilla/4.0 (compatible; MSIE 6.0; Windows NT 5.1; SV1; iebar; acc=jocker; (jocker); (none); FunWebProducts)"
220.181.7.24 - - [11/Aug/2010:08:43:47 +0200] "GET /robots.txt HTTP/1.1" 404 1256 "-" "Baiduspider+(+http://www.baidu.com/search/spider.htm)"
95.108.158.134 - - [11/Aug/2010:11:26:39 +0200] "GET /Service_Kontakt/service_kontakt.html HTTP/1.1" 304 - "-" "Mozilla/5.0 (compatible; YandexBot/3.0; +http://yandex.com/bots)"
66.235.124.82 - - [11/Aug/2010:11:55:27 +0200] "GET /robots.txt HTTP/1.1" 404 1256 "-" "Mozilla/5.0 (compatible; Ask Jeeves/Teoma; +http://about.ask.com/en/docs/about/webmasters.shtml)"
66.235.124.82 - - [11/Aug/2010:11:55:27 +0200] "GET / HTTP/1.1" 200 12828 "-" "Mozilla/5.0 (compatible; Ask Jeeves/Teoma; +http://about.ask.com/en/docs/about/webmasters.shtml)"
62.116.172.150 - - [11/Aug/2010:13:21:45 +0200] "GET / HTTP/1.1" 200 12828 "-" "PECL::HTTP/1.6.5 (PHP/5.2.6)"
62.116.172.150 - - [11/Aug/2010:13:21:46 +0200] "GET / HTTP/1.1" 200 12828 "-" "Mozilla/4.0 (compatible; MSIE 7.0; Windows NT 6.1; WOW64; Trident/4.0; SLCC2; .NET CLR 2.0.50727)"
62.116.172.150 - - [11/Aug/2010:13:21:46 +0200] "GET /rollover.js HTTP/1.1" 200 32709 "http://www.sirius-berlin.de/" "Mozilla/4.0 (compatible; MSIE 7.0; Windows NT 6.1; WOW64; Trident/4.0; SLCC2; .NET CLR 2.0.50727)"
62.116.172.150 - - [11/Aug/2010:13:21:46 +0200] "GET /background.gif HTTP/1.1" 200 5457 "http://www.sirius-berlin.de/" "Mozilla/4.0 (compatible; MSIE 7.0; Windows NT 6.1; WOW64; Trident/4.0; SLCC2; .NET CLR 2.0.50727)"
62.116.172.150 - - [11/Aug/2010:13:21:46 +0200] "GET /clearpixel.gif HTTP/1.1" 200 43 "http://www.sirius-berlin.de/" "Mozilla/4.0 (compatible; MSIE 7.0; Windows NT 6.1; WOW64; Trident/4.0; SLCC2; .NET CLR 2.0.50727)"
62.116.172.150 - - [11/Aug/2010:13:21:46 +0200] "GET /Sirius-LOGO21.JPG HTTP/1.1" 200 2563 "http://www.sirius-berlin.de/" "Mozilla/4.0 (compatible; MSIE 7.0; Windows NT 6.1; WOW64; Trident/4.0; SLCC2; .NET CLR 2.0.50727)"
62.116.172.150 - - [11/Aug/2010:13:21:46 +0200] "GET /Home_Hp3.gif HTTP/1.1" 200 1773 "http://www.sirius-berlin.de/" "Mozilla/4.0 (compatible; MSIE 7.0; Windows NT 6.1; WOW64; Trident/4.0; SLCC2; .NET CLR 2.0.50727)"
62.116.172.150 - - [11/Aug/2010:13:21:46 +0200] "GET /Produkte_Np1.gif HTTP/1.1" 200 1744 "http://www.sirius-berlin.de/" "Mozilla/4.0 (compatible; MSIE 7.0; Windows NT 6.1; WOW64; Trident/4.0; SLCC2; .NET CLR 2.0.50727)"
62.116.172.150 - - [11/Aug/2010:13:21:46 +0200] "GET /Feinstaubfilter_Np1.gif HTTP/1.1" 200 1780 "http://www.sirius-berlin.de/" "Mozilla/4.0 (compatible; MSIE 7.0; Windows NT 6.1; WOW64; Trident/4.0; SLCC2; .NET CLR 2.0.50727)"
62.116.172.150 - - [11/Aug/2010:13:21:46 +0200] "GET /Service_Kontakt_Np1.gif HTTP/1.1" 200 1794 "http://www.sirius-berlin.de/" "Mozilla/4.0 (compatible; MSIE 7.0; Windows NT 6.1; WOW64; Trident/4.0; SLCC2; .NET CLR 2.0.50727)"
62.116.172.150 - - [11/Aug/2010:13:21:46 +0200] "GET /Impressum_Np1.gif HTTP/1.1" 200 1750 "http://www.sirius-berlin.de/" "Mozilla/4.0 (compatible; MSIE 7.0; Windows NT 6.1; WOW64; Trident/4.0; SLCC2; .NET CLR 2.0.50727)"
62.116.172.150 - - [11/Aug/2010:13:21:46 +0200] "GET /Shop_Np1.gif HTTP/1.1" 200 1699 "http://www.sirius-berlin.de/" "Mozilla/4.0 (compatible; MSIE 7.0; Windows NT 6.1; WOW64; Trident/4.0; SLCC2; .NET CLR 2.0.50727)"
62.116.172.150 - - [11/Aug/2010:13:21:46 +0200] "GET /Produkte_NRp2.gif HTTP/1.1" 200 2001 "http://www.sirius-berlin.de/" "Mozilla/4.0 (compatible; MSIE 7.0; Windows NT 6.1; WOW64; Trident/4.0; SLCC2; .NET CLR 2.0.50727)"
62.116.172.150 - - [11/Aug/2010:13:21:46 +0200] "GET /Home_HRp4.gif HTTP/1.1" 200 2027 "http://www.sirius-berlin.de/" "Mozilla/4.0 (compatible; MSIE 7.0; Windows NT 6.1; WOW64; Trident/4.0; SLCC2; .NET CLR 2.0.50727)"
62.116.172.150 - - [11/Aug/2010:13:21:46 +0200] "GET /Feinstaubfilter_NRp2.gif HTTP/1.1" 200 2034 "http://www.sirius-berlin.de/" "Mozilla/4.0 (compatible; MSIE 7.0; Windows NT 6.1; WOW64; Trident/4.0; SLCC2; .NET CLR 2.0.50727)"
62.116.172.150 - - [11/Aug/2010:13:21:46 +0200] "GET /Service_Kontakt_NRp2.gif HTTP/1.1" 200 2044 "http://www.sirius-berlin.de/" "Mozilla/4.0 (compatible; MSIE 7.0; Windows NT 6.1; WOW64; Trident/4.0; SLCC2; .NET CLR 2.0.50727)"
62.116.172.150 - - [11/Aug/2010:13:21:46 +0200] "GET /Shop_NRp2.gif HTTP/1.1" 200 1954 "http://www.sirius-berlin.de/" "Mozilla/4.0 (compatible; MSIE 7.0; Windows NT 6.1; WOW64; Trident/4.0; SLCC2; .NET CLR 2.0.50727)"
62.116.172.150 - - [11/Aug/2010:13:21:46 +0200] "GET /Impressum_NRp2.gif HTTP/1.1" 200 2011 "http://www.sirius-berlin.de/" "Mozilla/4.0 (compatible; MSIE 7.0; Windows NT 6.1; WOW64; Trident/4.0; SLCC2; .NET CLR 2.0.50727)"
62.116.172.150 - - [11/Aug/2010:13:21:46 +0200] "GET /BuiltWithNOF.gif HTTP/1.1" 200 2587 "http://www.sirius-berlin.de/" "Mozilla/4.0 (compatible; MSIE 7.0; Windows NT 6.1; WOW64; Trident/4.0; SLCC2; .NET CLR 2.0.50727)"
62.116.172.150 - - [11/Aug/2010:13:21:46 +0200] "GET /Home_NnBanner.gif HTTP/1.1" 200 5803 "http://www.sirius-berlin.de/" "Mozilla/4.0 (compatible; MSIE 7.0; Windows NT 6.1; WOW64; Trident/4.0; SLCC2; .NET CLR 2.0.50727)"
62.116.172.150 - - [11/Aug/2010:13:21:46 +0200] "GET /Sirius-LOGO1.JPG HTTP/1.1" 200 4357 "http://www.sirius-berlin.de/" "Mozilla/4.0 (compatible; MSIE 7.0; Windows NT 6.1; WOW64; Trident/4.0; SLCC2; .NET CLR 2.0.50727)"
62.116.172.150 - - [11/Aug/2010:13:21:46 +0200] "GET /DSC0019902.JPG HTTP/1.1" 200 7772 "http://www.sirius-berlin.de/" "Mozilla/4.0 (compatible; MSIE 7.0; Windows NT 6.1; WOW64; Trident/4.0; SLCC2; .NET CLR 2.0.50727)"
87.230.47.8 - - [11/Aug/2010:15:57:00 +0200] "HEAD / HTTP/1.1" 200 - "-" "-"
77.8.65.54 - - [11/Aug/2010:21:45:06 +0200] "GET / HTTP/1.1" 200 12828 "http://www.google.com/search?client=ubuntu&channel=fs&q=Sirius+Berlin&ie=utf-8&oe=utf-8" "Mozilla/5.0 (X11; U; Linux i686; de; rv:1.9.2.8) Gecko/20100723 Ubuntu/10.04 (lucid) Firefox/3.6.8"
