84.169.206.159 - - [26/May/2017:21:20:45 +0200] "GET /img/zert_1gross.jpg HTTP/1.1" 200 22004 "-" "Mozilla/5.0 (Linux; Android 7.0; PRA-LX1 Build/HUAWEIPRA-LX1) AppleWebKit/537.36 (KHTML, like Gecko) Chrome/57.0.2987.132 Mobile Safari/537.36"
84.169.206.159 - - [26/May/2017:21:20:45 +0200] "GET /img/lay14.gif HTTP/1.1" 200 104 "-" "Mozilla/5.0 (Linux; Android 7.0; PRA-LX1 Build/HUAWEIPRA-LX1) AppleWebKit/537.36 (KHTML, like Gecko) Chrome/57.0.2987.132 Mobile Safari/537.36"
84.169.206.159 - - [26/May/2017:21:20:45 +0200] "GET /img/lay03.gif HTTP/1.1" 200 1060 "-" "Mozilla/5.0 (Linux; Android 7.0; PRA-LX1 Build/HUAWEIPRA-LX1) AppleWebKit/537.36 (KHTML, like Gecko) Chrome/57.0.2987.132 Mobile Safari/537.36"
84.169.206.159 - - [26/May/2017:21:20:45 +0200] "GET /img/header_neu.gif HTTP/1.1" 200 32567 "-" "Mozilla/5.0 (Linux; Android 7.0; PRA-LX1 Build/HUAWEIPRA-LX1) AppleWebKit/537.36 (KHTML, like Gecko) Chrome/57.0.2987.132 Mobile Safari/537.36"
84.169.206.159 - - [26/May/2017:21:20:45 +0200] "GET /img/lay02.gif HTTP/1.1" 200 68 "-" "Mozilla/5.0 (Linux; Android 7.0; PRA-LX1 Build/HUAWEIPRA-LX1) AppleWebKit/537.36 (KHTML, like Gecko) Chrome/57.0.2987.132 Mobile Safari/537.36"
84.169.206.159 - - [26/May/2017:21:20:45 +0200] "GET /img/left_bg2.gif HTTP/1.1" 200 176 "-" "Mozilla/5.0 (Linux; Android 7.0; PRA-LX1 Build/HUAWEIPRA-LX1) AppleWebKit/537.36 (KHTML, like Gecko) Chrome/57.0.2987.132 Mobile Safari/537.36"
84.169.206.159 - - [26/May/2017:21:20:45 +0200] "GET /img/lay08.gif HTTP/1.1" 200 534 "-" "Mozilla/5.0 (Linux; Android 7.0; PRA-LX1 Build/HUAWEIPRA-LX1) AppleWebKit/537.36 (KHTML, like Gecko) Chrome/57.0.2987.132 Mobile Safari/537.36"
84.169.206.159 - - [26/May/2017:21:20:45 +0200] "GET /img/roll_trans2.gif HTTP/1.1" 200 609 "-" "Mozilla/5.0 (Linux; Android 7.0; PRA-LX1 Build/HUAWEIPRA-LX1) AppleWebKit/537.36 (KHTML, like Gecko) Chrome/57.0.2987.132 Mobile Safari/537.36"
84.169.206.159 - - [26/May/2017:21:20:45 +0200] "GET /img/hg_zahn2.gif HTTP/1.1" 200 20816 "-" "Mozilla/5.0 (Linux; Android 7.0; PRA-LX1 Build/HUAWEIPRA-LX1) AppleWebKit/537.36 (KHTML, like Gecko) Chrome/57.0.2987.132 Mobile Safari/537.36"
84.169.206.159 - - [26/May/2017:21:20:45 +0200] "GET /img/tel_footer.gif HTTP/1.1" 200 1051 "-" "Mozilla/5.0 (Linux; Android 7.0; PRA-LX1 Build/HUAWEIPRA-LX1) AppleWebKit/537.36 (KHTML, like Gecko) Chrome/57.0.2987.132 Mobile Safari/537.36"
84.169.206.159 - - [26/May/2017:21:20:45 +0200] "GET /img/lay01.gif HTTP/1.1" 200 273 "-" "Mozilla/5.0 (Linux; Android 7.0; PRA-LX1 Build/HUAWEIPRA-LX1) AppleWebKit/537.36 (KHTML, like Gecko) Chrome/57.0.2987.132 Mobile Safari/537.36"
84.169.206.159 - - [26/May/2017:21:20:45 +0200] "GET /img/lay05.gif HTTP/1.1" 200 331 "-" "Mozilla/5.0 (Linux; Android 7.0; PRA-LX1 Build/HUAWEIPRA-LX1) AppleWebKit/537.36 (KHTML, like Gecko) Chrome/57.0.2987.132 Mobile Safari/537.36"
84.169.206.159 - - [26/May/2017:21:20:45 +0200] "GET /img/lay10.gif HTTP/1.1" 200 252 "-" "Mozilla/5.0 (Linux; Android 7.0; PRA-LX1 Build/HUAWEIPRA-LX1) AppleWebKit/537.36 (KHTML, like Gecko) Chrome/57.0.2987.132 Mobile Safari/537.36"
84.169.206.159 - - [26/May/2017:21:20:45 +0200] "GET /img/bottom_bg.gif HTTP/1.1" 200 79 "-" "Mozilla/5.0 (Linux; Android 7.0; PRA-LX1 Build/HUAWEIPRA-LX1) AppleWebKit/537.36 (KHTML, like Gecko) Chrome/57.0.2987.132 Mobile Safari/537.36"
84.169.206.159 - - [26/May/2017:21:20:45 +0200] "GET /img/left_bg.gif HTTP/1.1" 200 98 "-" "Mozilla/5.0 (Linux; Android 7.0; PRA-LX1 Build/HUAWEIPRA-LX1) AppleWebKit/537.36 (KHTML, like Gecko) Chrome/57.0.2987.132 Mobile Safari/537.36"
84.169.206.159 - - [26/May/2017:21:20:45 +0200] "GET /img/roll_trans.gif HTTP/1.1" 200 609 "-" "Mozilla/5.0 (Linux; Android 7.0; PRA-LX1 Build/HUAWEIPRA-LX1) AppleWebKit/537.36 (KHTML, like Gecko) Chrome/57.0.2987.132 Mobile Safari/537.36"
84.169.206.159 - - [26/May/2017:21:20:45 +0200] "GET /img/lay06neu.gif HTTP/1.1" 200 583 "-" "Mozilla/5.0 (Linux; Android 7.0; PRA-LX1 Build/HUAWEIPRA-LX1) AppleWebKit/537.36 (KHTML, like Gecko) Chrome/57.0.2987.132 Mobile Safari/537.36"
84.169.206.159 - - [26/May/2017:21:20:45 +0200] "GET /img/right_bg.gif HTTP/1.1" 200 76 "-" "Mozilla/5.0 (Linux; Android 7.0; PRA-LX1 Build/HUAWEIPRA-LX1) AppleWebKit/537.36 (KHTML, like Gecko) Chrome/57.0.2987.132 Mobile Safari/537.36"
84.169.206.159 - - [26/May/2017:21:20:45 +0200] "GET /img/hg_body.jpg HTTP/1.1" 200 2615 "-" "Mozilla/5.0 (Linux; Android 7.0; PRA-LX1 Build/HUAWEIPRA-LX1) AppleWebKit/537.36 (KHTML, like Gecko) Chrome/57.0.2987.132 Mobile Safari/537.36"
84.169.206.159 - - [26/May/2017:21:20:45 +0200] "GET /img/f_1-p.gif HTTP/1.1" 200 43 "-" "Mozilla/5.0 (Linux; Android 7.0; PRA-LX1 Build/HUAWEIPRA-LX1) AppleWebKit/537.36 (KHTML, like Gecko) Chrome/57.0.2987.132 Mobile Safari/537.36"
207.46.13.25 - - [26/May/2017:21:43:41 +0200] "GET /praxis.php HTTP/1.1" 200 7017 "-" "Mozilla/5.0 (compatible; bingbot/2.0; +http://www.bing.com/bingbot.htm)"
207.46.13.25 - - [26/May/2017:21:43:56 +0200] "GET /index.php HTTP/1.1" 200 9626 "-" "Mozilla/5.0 (compatible; bingbot/2.0; +http://www.bing.com/bingbot.htm)"
157.55.39.7 - - [26/May/2017:21:43:56 +0200] "GET /robots.txt HTTP/1.1" 200 218 "-" "Mozilla/5.0 (compatible; bingbot/2.0; +http://www.bing.com/bingbot.htm)"
5.255.251.7 - - [26/May/2017:21:53:14 +0200] "GET /robots.txt HTTP/1.1" 200 218 "-" "Mozilla/5.0 (compatible; YandexBot/3.0; +http://yandex.com/bots)"
5.255.251.7 - - [26/May/2017:21:53:18 +0200] "GET /favicon.ico HTTP/1.1" 404 1256 "-" "Mozilla/5.0 (compatible; YandexBot/3.0; +http://yandex.com/bots)"
5.10.148.124 - - [26/May/2017:22:10:37 +0200] "GET /robots.txt HTTP/1.0" 200 218 "-" "Mozilla/5.0 (compatible; electricmonk/3.2.0 +https://www.duedil.com/our-crawler/)"
5.10.148.124 - - [26/May/2017:22:10:41 +0200] "GET / HTTP/1.0" 200 9626 "-" "Mozilla/5.0 (compatible; electricmonk/3.2.0 +https://www.duedil.com/our-crawler/)"
5.10.148.124 - - [26/May/2017:22:10:46 +0200] "GET /index.php HTTP/1.0" 200 9626 "http://www.dr-heidi-fleischer.de/" "Mozilla/5.0 (compatible; electricmonk/3.2.0 +https://www.duedil.com/our-crawler/)"
5.10.148.124 - - [26/May/2017:22:10:50 +0200] "GET /praxis.php HTTP/1.0" 200 7017 "http://www.dr-heidi-fleischer.de/" "Mozilla/5.0 (compatible; electricmonk/3.2.0 +https://www.duedil.com/our-crawler/)"
5.10.148.124 - - [26/May/2017:22:10:53 +0200] "GET /leistungen.php HTTP/1.0" 200 8056 "http://www.dr-heidi-fleischer.de/" "Mozilla/5.0 (compatible; electricmonk/3.2.0 +https://www.duedil.com/our-crawler/)"
5.10.148.124 - - [26/May/2017:22:10:57 +0200] "GET /spez_leistungen.php HTTP/1.0" 200 7752 "http://www.dr-heidi-fleischer.de/" "Mozilla/5.0 (compatible; electricmonk/3.2.0 +https://www.duedil.com/our-crawler/)"
5.10.148.124 - - [26/May/2017:22:11:00 +0200] "GET /impressum.php HTTP/1.0" 200 8293 "http://www.dr-heidi-fleischer.de/" "Mozilla/5.0 (compatible; electricmonk/3.2.0 +https://www.duedil.com/our-crawler/)"
5.10.148.124 - - [26/May/2017:22:11:04 +0200] "GET /kont.php HTTP/1.0" 200 8494 "http://www.dr-heidi-fleischer.de/" "Mozilla/5.0 (compatible; electricmonk/3.2.0 +https://www.duedil.com/our-crawler/)"
5.10.148.124 - - [26/May/2017:22:11:10 +0200] "GET /anfahrt.php HTTP/1.0" 200 8074 "http://www.dr-heidi-fleischer.de/" "Mozilla/5.0 (compatible; electricmonk/3.2.0 +https://www.duedil.com/our-crawler/)"
5.10.148.124 - - [26/May/2017:22:28:23 +0200] "GET /robots.txt HTTP/1.0" 200 218 "-" "Mozilla/5.0 (compatible; electricmonk/3.2.0 +https://www.duedil.com/our-crawler/)"
5.10.148.124 - - [26/May/2017:22:28:26 +0200] "GET / HTTP/1.0" 200 9626 "-" "Mozilla/5.0 (compatible; electricmonk/3.2.0 +https://www.duedil.com/our-crawler/)"
5.10.148.124 - - [26/May/2017:22:28:30 +0200] "GET /index.php HTTP/1.0" 200 9626 "http://www.zahnmedizin-im-alter.de/" "Mozilla/5.0 (compatible; electricmonk/3.2.0 +https://www.duedil.com/our-crawler/)"
5.10.148.124 - - [26/May/2017:22:28:34 +0200] "GET /praxis.php HTTP/1.0" 200 7017 "http://www.zahnmedizin-im-alter.de/" "Mozilla/5.0 (compatible; electricmonk/3.2.0 +https://www.duedil.com/our-crawler/)"
5.10.148.124 - - [26/May/2017:22:28:37 +0200] "GET /leistungen.php HTTP/1.0" 200 8056 "http://www.zahnmedizin-im-alter.de/" "Mozilla/5.0 (compatible; electricmonk/3.2.0 +https://www.duedil.com/our-crawler/)"
5.10.148.124 - - [26/May/2017:22:28:41 +0200] "GET /spez_leistungen.php HTTP/1.0" 200 7752 "http://www.zahnmedizin-im-alter.de/" "Mozilla/5.0 (compatible; electricmonk/3.2.0 +https://www.duedil.com/our-crawler/)"
5.10.148.124 - - [26/May/2017:22:28:44 +0200] "GET /impressum.php HTTP/1.0" 200 8293 "http://www.zahnmedizin-im-alter.de/" "Mozilla/5.0 (compatible; electricmonk/3.2.0 +https://www.duedil.com/our-crawler/)"
5.10.148.124 - - [26/May/2017:22:28:48 +0200] "GET /kont.php HTTP/1.0" 200 8494 "http://www.zahnmedizin-im-alter.de/" "Mozilla/5.0 (compatible; electricmonk/3.2.0 +https://www.duedil.com/our-crawler/)"
5.10.148.124 - - [26/May/2017:22:28:51 +0200] "GET /anfahrt.php HTTP/1.0" 200 8074 "http://www.zahnmedizin-im-alter.de/" "Mozilla/5.0 (compatible; electricmonk/3.2.0 +https://www.duedil.com/our-crawler/)"
66.249.76.111 - - [26/May/2017:22:47:53 +0200] "GET /robots.txt HTTP/1.1" 200 218 "-" "Mozilla/5.0 (compatible; Googlebot/2.1; +http://www.google.com/bot.html)"
66.249.64.5 - - [26/May/2017:22:47:53 +0200] "GET / HTTP/1.1" 200 9626 "-" "Mozilla/5.0 (Linux; Android 6.0.1; Nexus 5X Build/MMB29P) AppleWebKit/537.36 (KHTML, like Gecko) Chrome/41.0.2272.96 Mobile Safari/537.36 (compatible; Googlebot/2.1; +http://www.google.com/bot.html)"
66.249.76.113 - - [26/May/2017:23:18:33 +0200] "GET / HTTP/1.1" 200 9626 "-" "Mozilla/5.0 (compatible; Googlebot/2.1; +http://www.google.com/bot.html)"
207.46.13.25 - - [27/May/2017:00:49:51 +0200] "GET / HTTP/1.1" 200 9626 "-" "Mozilla/5.0 (compatible; bingbot/2.0; +http://www.bing.com/bingbot.htm)"
207.46.13.25 - - [27/May/2017:01:40:30 +0200] "GET / HTTP/1.1" 200 9626 "-" "Mozilla/5.0 (compatible; bingbot/2.0; +http://www.bing.com/bingbot.htm)"
84.169.206.159 - - [27/May/2017:02:49:13 +0200] "GET /img/lay09.gif HTTP/1.1" 200 135 "-" "Mozilla/5.0 (Linux; Android 7.0; PRA-LX1 Build/HUAWEIPRA-LX1) AppleWebKit/537.36 (KHTML, like Gecko) Chrome/57.0.2987.132 Mobile Safari/537.36"
84.169.206.159 - - [27/May/2017:02:49:13 +0200] "GET /img/lay13.gif HTTP/1.1" 200 181 "-" "Mozilla/5.0 (Linux; Android 7.0; PRA-LX1 Build/HUAWEIPRA-LX1) AppleWebKit/537.36 (KHTML, like Gecko) Chrome/57.0.2987.132 Mobile Safari/537.36"
84.169.206.159 - - [27/May/2017:02:49:14 +0200] "GET /img/lay07.gif HTTP/1.1" 200 453 "-" "Mozilla/5.0 (Linux; Android 7.0; PRA-LX1 Build/HUAWEIPRA-LX1) AppleWebKit/537.36 (KHTML, like Gecko) Chrome/57.0.2987.132 Mobile Safari/537.36"
84.169.206.159 - - [27/May/2017:02:49:14 +0200] "GET /img/lay04.gif HTTP/1.1" 200 68 "-" "Mozilla/5.0 (Linux; Android 7.0; PRA-LX1 Build/HUAWEIPRA-LX1) AppleWebKit/537.36 (KHTML, like Gecko) Chrome/57.0.2987.132 Mobile Safari/537.36"
84.169.206.159 - - [27/May/2017:02:49:14 +0200] "GET /css/fl_style.css HTTP/1.1" 200 10194 "-" "Mozilla/5.0 (Linux; Android 7.0; PRA-LX1 Build/HUAWEIPRA-LX1) AppleWebKit/537.36 (KHTML, like Gecko) Chrome/57.0.2987.132 Mobile Safari/537.36"
84.169.206.159 - - [27/May/2017:02:49:14 +0200] "GET /img/lay16.gif HTTP/1.1" 200 309 "-" "Mozilla/5.0 (Linux; Android 7.0; PRA-LX1 Build/HUAWEIPRA-LX1) AppleWebKit/537.36 (KHTML, like Gecko) Chrome/57.0.2987.132 Mobile Safari/537.36"
84.169.206.159 - - [27/May/2017:02:49:14 +0200] "GET /img/zert_1gross.jpg HTTP/1.1" 200 22004 "-" "Mozilla/5.0 (Linux; Android 7.0; PRA-LX1 Build/HUAWEIPRA-LX1) AppleWebKit/537.36 (KHTML, like Gecko) Chrome/57.0.2987.132 Mobile Safari/537.36"
84.169.206.159 - - [27/May/2017:02:49:14 +0200] "GET /scripte/all_scripts.js HTTP/1.1" 200 249 "-" "Mozilla/5.0 (Linux; Android 7.0; PRA-LX1 Build/HUAWEIPRA-LX1) AppleWebKit/537.36 (KHTML, like Gecko) Chrome/57.0.2987.132 Mobile Safari/537.36"
84.169.206.159 - - [27/May/2017:02:49:14 +0200] "GET /img/lay14.gif HTTP/1.1" 200 104 "-" "Mozilla/5.0 (Linux; Android 7.0; PRA-LX1 Build/HUAWEIPRA-LX1) AppleWebKit/537.36 (KHTML, like Gecko) Chrome/57.0.2987.132 Mobile Safari/537.36"
84.169.206.159 - - [27/May/2017:02:49:14 +0200] "GET /img/lay03.gif HTTP/1.1" 200 1060 "-" "Mozilla/5.0 (Linux; Android 7.0; PRA-LX1 Build/HUAWEIPRA-LX1) AppleWebKit/537.36 (KHTML, like Gecko) Chrome/57.0.2987.132 Mobile Safari/537.36"
84.169.206.159 - - [27/May/2017:02:49:14 +0200] "GET /img/header_neu.gif HTTP/1.1" 200 32567 "-" "Mozilla/5.0 (Linux; Android 7.0; PRA-LX1 Build/HUAWEIPRA-LX1) AppleWebKit/537.36 (KHTML, like Gecko) Chrome/57.0.2987.132 Mobile Safari/537.36"
84.169.206.159 - - [27/May/2017:02:49:14 +0200] "GET /img/lay02.gif HTTP/1.1" 200 68 "-" "Mozilla/5.0 (Linux; Android 7.0; PRA-LX1 Build/HUAWEIPRA-LX1) AppleWebKit/537.36 (KHTML, like Gecko) Chrome/57.0.2987.132 Mobile Safari/537.36"
84.169.206.159 - - [27/May/2017:02:49:14 +0200] "GET /img/left_bg2.gif HTTP/1.1" 200 176 "-" "Mozilla/5.0 (Linux; Android 7.0; PRA-LX1 Build/HUAWEIPRA-LX1) AppleWebKit/537.36 (KHTML, like Gecko) Chrome/57.0.2987.132 Mobile Safari/537.36"
84.169.206.159 - - [27/May/2017:02:49:14 +0200] "GET /img/lay08.gif HTTP/1.1" 200 534 "-" "Mozilla/5.0 (Linux; Android 7.0; PRA-LX1 Build/HUAWEIPRA-LX1) AppleWebKit/537.36 (KHTML, like Gecko) Chrome/57.0.2987.132 Mobile Safari/537.36"
84.169.206.159 - - [27/May/2017:02:49:14 +0200] "GET /img/roll_trans2.gif HTTP/1.1" 200 609 "-" "Mozilla/5.0 (Linux; Android 7.0; PRA-LX1 Build/HUAWEIPRA-LX1) AppleWebKit/537.36 (KHTML, like Gecko) Chrome/57.0.2987.132 Mobile Safari/537.36"
84.169.206.159 - - [27/May/2017:02:49:14 +0200] "GET /img/hg_zahn2.gif HTTP/1.1" 200 20816 "-" "Mozilla/5.0 (Linux; Android 7.0; PRA-LX1 Build/HUAWEIPRA-LX1) AppleWebKit/537.36 (KHTML, like Gecko) Chrome/57.0.2987.132 Mobile Safari/537.36"
84.169.206.159 - - [27/May/2017:02:49:14 +0200] "GET /img/tel_footer.gif HTTP/1.1" 200 1051 "-" "Mozilla/5.0 (Linux; Android 7.0; PRA-LX1 Build/HUAWEIPRA-LX1) AppleWebKit/537.36 (KHTML, like Gecko) Chrome/57.0.2987.132 Mobile Safari/537.36"
84.169.206.159 - - [27/May/2017:02:49:14 +0200] "GET /img/lay01.gif HTTP/1.1" 200 273 "-" "Mozilla/5.0 (Linux; Android 7.0; PRA-LX1 Build/HUAWEIPRA-LX1) AppleWebKit/537.36 (KHTML, like Gecko) Chrome/57.0.2987.132 Mobile Safari/537.36"
84.169.206.159 - - [27/May/2017:02:49:14 +0200] "GET /img/lay05.gif HTTP/1.1" 200 331 "-" "Mozilla/5.0 (Linux; Android 7.0; PRA-LX1 Build/HUAWEIPRA-LX1) AppleWebKit/537.36 (KHTML, like Gecko) Chrome/57.0.2987.132 Mobile Safari/537.36"
84.169.206.159 - - [27/May/2017:02:49:15 +0200] "GET /img/lay10.gif HTTP/1.1" 200 252 "-" "Mozilla/5.0 (Linux; Android 7.0; PRA-LX1 Build/HUAWEIPRA-LX1) AppleWebKit/537.36 (KHTML, like Gecko) Chrome/57.0.2987.132 Mobile Safari/537.36"
84.169.206.159 - - [27/May/2017:02:49:15 +0200] "GET /img/bottom_bg.gif HTTP/1.1" 200 79 "-" "Mozilla/5.0 (Linux; Android 7.0; PRA-LX1 Build/HUAWEIPRA-LX1) AppleWebKit/537.36 (KHTML, like Gecko) Chrome/57.0.2987.132 Mobile Safari/537.36"
84.169.206.159 - - [27/May/2017:02:49:15 +0200] "GET /img/left_bg.gif HTTP/1.1" 200 98 "-" "Mozilla/5.0 (Linux; Android 7.0; PRA-LX1 Build/HUAWEIPRA-LX1) AppleWebKit/537.36 (KHTML, like Gecko) Chrome/57.0.2987.132 Mobile Safari/537.36"
84.169.206.159 - - [27/May/2017:02:49:15 +0200] "GET /img/roll_trans.gif HTTP/1.1" 200 609 "-" "Mozilla/5.0 (Linux; Android 7.0; PRA-LX1 Build/HUAWEIPRA-LX1) AppleWebKit/537.36 (KHTML, like Gecko) Chrome/57.0.2987.132 Mobile Safari/537.36"
84.169.206.159 - - [27/May/2017:02:49:15 +0200] "GET /img/lay06neu.gif HTTP/1.1" 200 583 "-" "Mozilla/5.0 (Linux; Android 7.0; PRA-LX1 Build/HUAWEIPRA-LX1) AppleWebKit/537.36 (KHTML, like Gecko) Chrome/57.0.2987.132 Mobile Safari/537.36"
84.169.206.159 - - [27/May/2017:02:49:15 +0200] "GET /img/right_bg.gif HTTP/1.1" 200 76 "-" "Mozilla/5.0 (Linux; Android 7.0; PRA-LX1 Build/HUAWEIPRA-LX1) AppleWebKit/537.36 (KHTML, like Gecko) Chrome/57.0.2987.132 Mobile Safari/537.36"
84.169.206.159 - - [27/May/2017:02:49:15 +0200] "GET /img/hg_body.jpg HTTP/1.1" 200 2615 "-" "Mozilla/5.0 (Linux; Android 7.0; PRA-LX1 Build/HUAWEIPRA-LX1) AppleWebKit/537.36 (KHTML, like Gecko) Chrome/57.0.2987.132 Mobile Safari/537.36"
84.169.206.159 - - [27/May/2017:02:49:15 +0200] "GET /img/f_1-p.gif HTTP/1.1" 200 43 "-" "Mozilla/5.0 (Linux; Android 7.0; PRA-LX1 Build/HUAWEIPRA-LX1) AppleWebKit/537.36 (KHTML, like Gecko) Chrome/57.0.2987.132 Mobile Safari/537.36"
178.255.215.84 - - [27/May/2017:07:30:05 +0200] "GET /robots.txt HTTP/1.1" 200 218 "-" "Mozilla/5.0 (compatible; Exabot/3.0; +http://www.exabot.com/go/robot)"
178.255.215.84 - - [27/May/2017:07:30:05 +0200] "GET / HTTP/1.1" 200 9626 "-" "Mozilla/5.0 (compatible; Exabot/3.0; +http://www.exabot.com/go/robot)"
138.201.59.34 - - [27/May/2017:08:33:23 +0200] "GET /robots.txt HTTP/1.0" 200 218 "-" "Mozilla/5.0 (compatible; SEOkicks-Robot; +http://www.seokicks.de/robot.html)"
138.201.59.34 - - [27/May/2017:08:33:26 +0200] "GET / HTTP/1.0" 200 9626 "-" "Mozilla/5.0 (compatible; SEOkicks-Robot; +http://www.seokicks.de/robot.html)"
138.201.59.34 - - [27/May/2017:08:33:27 +0200] "GET /img/favicon.ico HTTP/1.0" 200 5430 "http://www.dr-heidi-fleischer.de/" "Mozilla/5.0 (compatible; SEOkicks-Robot; +http://www.seokicks.de/robot.html)"
138.201.59.34 - - [27/May/2017:08:33:29 +0200] "GET /css/fl_style.css HTTP/1.0" 200 10194 "http://www.dr-heidi-fleischer.de/" "Mozilla/5.0 (compatible; SEOkicks-Robot; +http://www.seokicks.de/robot.html)"
138.201.59.34 - - [27/May/2017:08:33:32 +0200] "GET /index.php HTTP/1.0" 200 9626 "http://www.dr-heidi-fleischer.de/" "Mozilla/5.0 (compatible; SEOkicks-Robot; +http://www.seokicks.de/robot.html)"
138.201.59.34 - - [27/May/2017:08:33:33 +0200] "GET /praxis.php HTTP/1.0" 200 7017 "http://www.dr-heidi-fleischer.de/" "Mozilla/5.0 (compatible; SEOkicks-Robot; +http://www.seokicks.de/robot.html)"
138.201.59.34 - - [27/May/2017:08:33:35 +0200] "GET /leistungen.php HTTP/1.0" 200 8056 "http://www.dr-heidi-fleischer.de/" "Mozilla/5.0 (compatible; SEOkicks-Robot; +http://www.seokicks.de/robot.html)"
138.201.59.34 - - [27/May/2017:08:33:38 +0200] "GET /spez_leistungen.php HTTP/1.0" 200 7752 "http://www.dr-heidi-fleischer.de/" "Mozilla/5.0 (compatible; SEOkicks-Robot; +http://www.seokicks.de/robot.html)"
138.201.59.34 - - [27/May/2017:08:33:39 +0200] "GET /impressum.php HTTP/1.0" 200 8293 "http://www.dr-heidi-fleischer.de/" "Mozilla/5.0 (compatible; SEOkicks-Robot; +http://www.seokicks.de/robot.html)"
195.154.191.62 - - [27/May/2017:11:28:11 +0200] "GET /fckeditor/editor/ HTTP/1.1" 404 1256 "-" "compatible;Baiduspider/2.0; +http://www.baidu.com/search/spider.html"
66.249.76.111 - - [27/May/2017:11:50:23 +0200] "GET /kont.php HTTP/1.1" 200 8494 "-" "Mozilla/5.0 (compatible; Googlebot/2.1; +http://www.google.com/bot.html)"
195.154.191.62 - - [27/May/2017:14:51:05 +0200] "GET /js/fckeditor/editor/ HTTP/1.1" 404 1256 "-" "compatible;Baiduspider/2.0; +http://www.baidu.com/search/spider.html"
207.46.13.25 - - [27/May/2017:16:22:46 +0200] "GET / HTTP/1.1" 200 9626 "-" "Mozilla/5.0 (compatible; bingbot/2.0; +http://www.bing.com/bingbot.htm)"
178.255.215.83 - - [27/May/2017:18:22:04 +0200] "GET /robots.txt HTTP/1.1" 200 218 "-" "Mozilla/5.0 (compatible; Exabot/3.0; +http://www.exabot.com/go/robot)"
178.255.215.83 - - [27/May/2017:18:22:04 +0200] "GET /kont.php HTTP/1.1" 200 8494 "-" "Mozilla/5.0 (compatible; Exabot/3.0; +http://www.exabot.com/go/robot)"
195.154.191.62 - - [27/May/2017:18:27:53 +0200] "GET /admin/fckeditor/editor/ HTTP/1.1" 404 1256 "-" "compatible;Baiduspider/2.0; +http://www.baidu.com/search/spider.html"
207.46.13.25 - - [27/May/2017:19:11:39 +0200] "GET / HTTP/1.1" 200 9626 "-" "Mozilla/5.0 (compatible; bingbot/2.0; +http://www.bing.com/bingbot.htm)"
40.77.167.80 - - [27/May/2017:19:11:45 +0200] "GET /robots.txt HTTP/1.1" 200 218 "-" "Mozilla/5.0 (compatible; bingbot/2.0; +http://www.bing.com/bingbot.htm)"
40.77.167.80 - - [27/May/2017:19:11:45 +0200] "GET /robots.txt HTTP/1.1" 200 218 "-" "Mozilla/5.0 (compatible; bingbot/2.0; +http://www.bing.com/bingbot.htm)"
40.77.167.80 - - [27/May/2017:19:11:45 +0200] "GET /robots.txt HTTP/1.1" 200 218 "-" "Mozilla/5.0 (compatible; bingbot/2.0; +http://www.bing.com/bingbot.htm)"
195.154.191.62 - - [27/May/2017:21:53:43 +0200] "GET /manage/fckeditor/editor/ HTTP/1.1" 404 1256 "-" "compatible;Baiduspider/2.0; +http://www.baidu.com/search/spider.html"
36.80.191.122 - - [28/May/2017:00:56:56 +0200] "GET / HTTP/1.1" 200 9626 "http://www.zahnmedizin-im-alter.de" "Mozilla/5.0 (Windows NT 6.3; WOW64; rv:50.0) Gecko/20100101 Firefox/50.0"
84.169.206.159 - - [28/May/2017:01:01:01 +0200] "GET /img/lay09.gif HTTP/1.1" 200 135 "-" "Mozilla/5.0 (Linux; Android 7.0; PRA-LX1 Build/HUAWEIPRA-LX1) AppleWebKit/537.36 (KHTML, like Gecko) Chrome/57.0.2987.132 Mobile Safari/537.36"
84.169.206.159 - - [28/May/2017:01:01:01 +0200] "GET /img/lay13.gif HTTP/1.1" 200 181 "-" "Mozilla/5.0 (Linux; Android 7.0; PRA-LX1 Build/HUAWEIPRA-LX1) AppleWebKit/537.36 (KHTML, like Gecko) Chrome/57.0.2987.132 Mobile Safari/537.36"
84.169.206.159 - - [28/May/2017:01:01:02 +0200] "GET /img/lay07.gif HTTP/1.1" 200 453 "-" "Mozilla/5.0 (Linux; Android 7.0; PRA-LX1 Build/HUAWEIPRA-LX1) AppleWebKit/537.36 (KHTML, like Gecko) Chrome/57.0.2987.132 Mobile Safari/537.36"
84.169.206.159 - - [28/May/2017:01:01:02 +0200] "GET /img/lay04.gif HTTP/1.1" 200 68 "-" "Mozilla/5.0 (Linux; Android 7.0; PRA-LX1 Build/HUAWEIPRA-LX1) AppleWebKit/537.36 (KHTML, like Gecko) Chrome/57.0.2987.132 Mobile Safari/537.36"
84.169.206.159 - - [28/May/2017:01:01:02 +0200] "GET /css/fl_style.css HTTP/1.1" 200 10194 "-" "Mozilla/5.0 (Linux; Android 7.0; PRA-LX1 Build/HUAWEIPRA-LX1) AppleWebKit/537.36 (KHTML, like Gecko) Chrome/57.0.2987.132 Mobile Safari/537.36"
195.154.191.62 - - [28/May/2017:01:14:48 +0200] "GET /sysadmin/fckeditor/editor/ HTTP/1.1" 404 1256 "-" "compatible;Baiduspider/2.0; +http://www.baidu.com/search/spider.html"
66.249.64.5 - - [28/May/2017:02:57:39 +0200] "GET /robots.txt HTTP/1.1" 200 218 "-" "Mozilla/5.0 (compatible; Googlebot/2.1; +http://www.google.com/bot.html)"
180.76.15.34 - - [28/May/2017:03:31:45 +0200] "GET / HTTP/1.1" 200 9626 "-" "Mozilla/5.0 (compatible; Baiduspider/2.0; +http://www.baidu.com/search/spider.html)"
207.46.13.25 - - [28/May/2017:03:54:56 +0200] "GET / HTTP/1.1" 200 9626 "-" "Mozilla/5.0 (compatible; bingbot/2.0; +http://www.bing.com/bingbot.htm)"
195.154.191.62 - - [28/May/2017:04:44:09 +0200] "GET /editor/editor/ HTTP/1.1" 404 1256 "-" "compatible;Baiduspider/2.0; +http://www.baidu.com/search/spider.html"
52.192.171.63 - - [28/May/2017:05:22:10 +0200] "GET /scripte/all_scripts.js HTTP/1.1" 200 249 "http://www.zahnmedizin-im-alter.de/" "Mozilla/5.0 (Windows NT 6.3; WOW64; rv:50.0) Gecko/20100101 Firefox/50.0"
52.174.89.111 - - [28/May/2017:05:22:14 +0200] "GET /leistungen.php HTTP/1.1" 200 8056 "http://www.zahnmedizin-im-alter.de/" "Mozilla/5.0 (Windows NT 6.3; WOW64; rv:50.0) Gecko/20100101 Firefox/50.0"
51.255.199.243 - - [28/May/2017:05:22:15 +0200] "GET /index.php HTTP/1.0" 200 9626 "http://www.zahnmedizin-im-alter.de/" "Mozilla/5.0 (Windows NT 6.3; WOW64; rv:50.0) Gecko/20100101 Firefox/50.0"
52.18.168.142 - - [28/May/2017:05:22:15 +0200] "GET /praxis.php HTTP/1.1" 200 7017 "http://www.zahnmedizin-im-alter.de/" "Mozilla/5.0 (Windows NT 6.3; WOW64; rv:50.0) Gecko/20100101 Firefox/50.0"
52.220.104.187 - - [28/May/2017:05:22:22 +0200] "GET /url; HTTP/1.1" 404 1256 "http://www.zahnmedizin-im-alter.de/" "Mozilla/5.0 (Windows NT 6.3; WOW64; rv:50.0) Gecko/20100101 Firefox/50.0"
52.214.127.213 - - [28/May/2017:05:22:23 +0200] "GET /spez_leistungen.php HTTP/1.1" 200 7752 "http://www.zahnmedizin-im-alter.de/" "Mozilla/5.0 (Windows NT 6.3; WOW64; rv:50.0) Gecko/20100101 Firefox/50.0"
52.166.17.22 - - [28/May/2017:05:22:27 +0200] "GET /kont.php HTTP/1.1" 200 8494 "http://www.zahnmedizin-im-alter.de/" "Mozilla/5.0 (Windows NT 6.3; WOW64; rv:50.0) Gecko/20100101 Firefox/50.0"
51.254.67.214 - - [28/May/2017:05:23:25 +0200] "GET /anfahrt.php HTTP/1.1" 200 8074 "http://www.zahnmedizin-im-alter.de/" "Mozilla/5.0 (Windows NT 6.3; WOW64; rv:50.0) Gecko/20100101 Firefox/50.0"
207.46.13.25 - - [28/May/2017:07:12:59 +0200] "GET / HTTP/1.1" 200 9626 "-" "Mozilla/5.0 (compatible; bingbot/2.0; +http://www.bing.com/bingbot.htm)"
195.154.191.62 - - [28/May/2017:07:55:36 +0200] "GET /common/fckeditor/editor/ HTTP/1.1" 404 1256 "-" "compatible;Baiduspider/2.0; +http://www.baidu.com/search/spider.html"
180.76.15.8 - - [28/May/2017:08:33:20 +0200] "GET /impressum.php HTTP/1.1" 200 8293 "-" "Mozilla/5.0 (compatible; Baiduspider/2.0; +http://www.baidu.com/search/spider.html)"
5.255.251.7 - - [28/May/2017:09:21:22 +0200] "GET /robots.txt HTTP/1.1" 200 218 "-" "Mozilla/5.0 (compatible; YandexBot/3.0; +http://yandex.com/bots)"
5.255.251.2 - - [28/May/2017:09:21:22 +0200] "GET /robots.txt HTTP/1.1" 200 218 "-" "Mozilla/5.0 (compatible; YandexBot/3.0; +http://yandex.com/bots)"
5.255.251.7 - - [28/May/2017:09:21:26 +0200] "GET / HTTP/1.1" 200 9626 "-" "Mozilla/5.0 (compatible; YandexBot/3.0; +http://yandex.com/bots)"
5.255.251.2 - - [28/May/2017:09:21:26 +0200] "GET / HTTP/1.1" 200 9626 "-" "Mozilla/5.0 (compatible; YandexBot/3.0; +http://yandex.com/bots)"
51.255.65.73 - - [28/May/2017:10:50:23 +0200] "GET / HTTP/1.1" 200 9626 "-" "Mozilla/5.0 (compatible; AhrefsBot/5.2; +http://ahrefs.com/robot/)"
5.196.87.72 - - [28/May/2017:10:50:43 +0200] "GET /robots.txt HTTP/1.1" 200 218 "-" "Mozilla/5.0 (compatible; AhrefsBot/5.2; +http://ahrefs.com/robot/)"
5.255.251.7 - - [28/May/2017:10:54:53 +0200] "GET /img/animated_favicon1.gif HTTP/1.1" 200 1808 "-" "Mozilla/5.0 (compatible; YandexBot/3.0; +http://yandex.com/bots)"
195.154.191.62 - - [28/May/2017:11:14:48 +0200] "GET /scripts/fckeditor/editor/ HTTP/1.1" 404 1256 "-" "compatible;Baiduspider/2.0; +http://www.baidu.com/search/spider.html"
195.154.191.62 - - [28/May/2017:14:39:49 +0200] "GET /includes/fckeditor/editor/ HTTP/1.1" 404 1256 "-" "compatible;Baiduspider/2.0; +http://www.baidu.com/search/spider.html"
52.36.125.174 - - [28/May/2017:14:57:52 +0200] "GET / HTTP/1.1" 200 9626 "-" "Mozilla/5.0 (Windows; U; MSIE 9.0; Windows NT 9.0; en-US"
52.36.125.174 - - [28/May/2017:14:57:53 +0200] "GET /kont.php HTTP/1.1" 200 8494 "-" "Mozilla/5.0 (Windows; U; MSIE 9.0; Windows NT 9.0; en-US"
52.36.125.174 - - [28/May/2017:14:57:53 +0200] "GET /index.php HTTP/1.1" 200 9626 "-" "Mozilla/5.0 (Windows; U; MSIE 9.0; Windows NT 9.0; en-US"
52.36.125.174 - - [28/May/2017:14:57:54 +0200] "GET /praxis.php HTTP/1.1" 200 7017 "-" "Mozilla/5.0 (Windows; U; MSIE 9.0; Windows NT 9.0; en-US"
52.36.125.174 - - [28/May/2017:14:57:54 +0200] "GET /anfahrt.php HTTP/1.1" 200 8074 "-" "Mozilla/5.0 (Windows; U; MSIE 9.0; Windows NT 9.0; en-US"
52.36.125.174 - - [28/May/2017:14:57:54 +0200] "GET /impressum.php HTTP/1.1" 200 8293 "-" "Mozilla/5.0 (Windows; U; MSIE 9.0; Windows NT 9.0; en-US"
52.36.125.174 - - [28/May/2017:14:57:55 +0200] "GET /leistungen.php HTTP/1.1" 200 8056 "-" "Mozilla/5.0 (Windows; U; MSIE 9.0; Windows NT 9.0; en-US"
52.36.125.174 - - [28/May/2017:14:57:56 +0200] "GET /spez_leistungen.php HTTP/1.1" 200 7752 "-" "Mozilla/5.0 (Windows; U; MSIE 9.0; Windows NT 9.0; en-US"
52.36.125.174 - - [28/May/2017:14:57:56 +0200] "GET /spez_leistungen.php HTTP/1.1" 200 7752 "-" "Mozilla/5.0 (Windows; U; MSIE 9.0; Windows NT 9.0; en-US"
69.84.207.250 - - [28/May/2017:15:57:51 +0200] "GET /img/spez_leistungen_2.jpg HTTP/1.1" 200 13667 "-" "Mozilla/5.0 (Windows; U; MSIE 9.0; Windows NT 9.0; en-US"
69.84.207.250 - - [28/May/2017:15:57:52 +0200] "GET /img/spez_leistungen_1.jpg HTTP/1.1" 200 18858 "-" "Mozilla/5.0 (Windows; U; MSIE 9.0; Windows NT 9.0; en-US"
69.84.207.250 - - [28/May/2017:15:57:53 +0200] "GET /img/leistungen_1.jpg HTTP/1.1" 200 15190 "-" "Mozilla/5.0 (Windows; U; MSIE 9.0; Windows NT 9.0; en-US"
69.84.207.250 - - [28/May/2017:15:57:54 +0200] "GET /img/zert_1gross.jpg HTTP/1.1" 200 22004 "-" "Mozilla/5.0 (Windows; U; MSIE 9.0; Windows NT 9.0; en-US"
69.84.207.250 - - [28/May/2017:15:57:55 +0200] "GET /img/praxis_1.jpg HTTP/1.1" 200 39868 "-" "Mozilla/5.0 (Windows; U; MSIE 9.0; Windows NT 9.0; en-US"
69.84.207.250 - - [28/May/2017:15:57:56 +0200] "GET /img/leistungen_2.jpg HTTP/1.1" 200 13824 "-" "Mozilla/5.0 (Windows; U; MSIE 9.0; Windows NT 9.0; en-US"
69.84.207.250 - - [28/May/2017:15:57:57 +0200] "GET /img/praxis_2.jpg HTTP/1.1" 200 30574 "-" "Mozilla/5.0 (Windows; U; MSIE 9.0; Windows NT 9.0; en-US"
69.84.207.250 - - [28/May/2017:15:57:57 +0200] "GET /img/praxis_3.jpg HTTP/1.1" 200 36951 "-" "Mozilla/5.0 (Windows; U; MSIE 9.0; Windows NT 9.0; en-US"
195.154.191.62 - - [28/May/2017:17:58:10 +0200] "GET /include/fckeditor/editor/ HTTP/1.1" 404 1256 "-" "compatible;Baiduspider/2.0; +http://www.baidu.com/search/spider.html"
207.46.13.25 - - [28/May/2017:18:28:43 +0200] "GET / HTTP/1.1" 200 9626 "-" "Mozilla/5.0 (compatible; bingbot/2.0; +http://www.bing.com/bingbot.htm)"
5.255.251.7 - - [28/May/2017:19:28:37 +0200] "GET /robots.txt HTTP/1.1" 200 218 "-" "Mozilla/5.0 (compatible; YandexBot/3.0; +http://yandex.com/bots)"
5.255.251.7 - - [28/May/2017:19:28:41 +0200] "GET /img/favicon.ico HTTP/1.1" 200 5430 "-" "Mozilla/5.0 (compatible; YandexBot/3.0; +http://yandex.com/bots)"
207.46.13.140 - - [28/May/2017:19:52:48 +0200] "GET /leistungen.php HTTP/1.1" 200 8056 "-" "Mozilla/5.0 (compatible; bingbot/2.0; +http://www.bing.com/bingbot.htm)"
68.180.229.152 - - [28/May/2017:20:44:16 +0200] "GET /robots.txt HTTP/1.1" 200 218 "-" "Mozilla/5.0 (compatible; Yahoo! Slurp; http://help.yahoo.com/help/us/ysearch/slurp)"
68.180.229.152 - - [28/May/2017:20:44:17 +0200] "GET /spez_leistungen.php HTTP/1.1" 200 7752 "-" "Mozilla/5.0 (compatible; Yahoo! Slurp; http://help.yahoo.com/help/us/ysearch/slurp)"
31.16.251.148 - - [28/May/2017:21:10:06 +0200] "GET /kont.php HTTP/1.1" 200 8494 "http://www.google.de/" "Mozilla/5.0 (Linux; Android 7.0; SM-G930F Build/NRD90M) AppleWebKit/537.36 (KHTML, like Gecko) Chrome/58.0.3029.83 Mobile Safari/537.36"
31.16.251.148 - - [28/May/2017:21:10:06 +0200] "GET /css/fl_style.css HTTP/1.1" 200 10194 "http://www.dr-heidi-fleischer.de/kont.php" "Mozilla/5.0 (Linux; Android 7.0; SM-G930F Build/NRD90M) AppleWebKit/537.36 (KHTML, like Gecko) Chrome/58.0.3029.83 Mobile Safari/537.36"
31.16.251.148 - - [28/May/2017:21:10:06 +0200] "GET /scripte/all_scripts.js HTTP/1.1" 200 249 "http://www.dr-heidi-fleischer.de/kont.php" "Mozilla/5.0 (Linux; Android 7.0; SM-G930F Build/NRD90M) AppleWebKit/537.36 (KHTML, like Gecko) Chrome/58.0.3029.83 Mobile Safari/537.36"
31.16.251.148 - - [28/May/2017:21:10:06 +0200] "GET /img/lay01.gif HTTP/1.1" 200 273 "http://www.dr-heidi-fleischer.de/kont.php" "Mozilla/5.0 (Linux; Android 7.0; SM-G930F Build/NRD90M) AppleWebKit/537.36 (KHTML, like Gecko) Chrome/58.0.3029.83 Mobile Safari/537.36"
31.16.251.148 - - [28/May/2017:21:10:06 +0200] "GET /img/f_1-p.gif HTTP/1.1" 200 43 "http://www.dr-heidi-fleischer.de/kont.php" "Mozilla/5.0 (Linux; Android 7.0; SM-G930F Build/NRD90M) AppleWebKit/537.36 (KHTML, like Gecko) Chrome/58.0.3029.83 Mobile Safari/537.36"
31.16.251.148 - - [28/May/2017:21:10:06 +0200] "GET /img/tel_footer.gif HTTP/1.1" 200 1051 "http://www.dr-heidi-fleischer.de/kont.php" "Mozilla/5.0 (Linux; Android 7.0; SM-G930F Build/NRD90M) AppleWebKit/537.36 (KHTML, like Gecko) Chrome/58.0.3029.83 Mobile Safari/537.36"
31.16.251.148 - - [28/May/2017:21:10:06 +0200] "GET /img/lay06neu.gif HTTP/1.1" 200 583 "http://www.dr-heidi-fleischer.de/kont.php" "Mozilla/5.0 (Linux; Android 7.0; SM-G930F Build/NRD90M) AppleWebKit/537.36 (KHTML, like Gecko) Chrome/58.0.3029.83 Mobile Safari/537.36"
31.16.251.148 - - [28/May/2017:21:10:06 +0200] "GET /img/lay07.gif HTTP/1.1" 200 453 "http://www.dr-heidi-fleischer.de/kont.php" "Mozilla/5.0 (Linux; Android 7.0; SM-G930F Build/NRD90M) AppleWebKit/537.36 (KHTML, like Gecko) Chrome/58.0.3029.83 Mobile Safari/537.36"
31.16.251.148 - - [28/May/2017:21:10:06 +0200] "GET /img/roll_trans.gif HTTP/1.1" 200 609 "http://www.dr-heidi-fleischer.de/kont.php" "Mozilla/5.0 (Linux; Android 7.0; SM-G930F Build/NRD90M) AppleWebKit/537.36 (KHTML, like Gecko) Chrome/58.0.3029.83 Mobile Safari/537.36"
31.16.251.148 - - [28/May/2017:21:10:06 +0200] "GET /img/roll_trans2.gif HTTP/1.1" 200 609 "http://www.dr-heidi-fleischer.de/kont.php" "Mozilla/5.0 (Linux; Android 7.0; SM-G930F Build/NRD90M) AppleWebKit/537.36 (KHTML, like Gecko) Chrome/58.0.3029.83 Mobile Safari/537.36"
31.16.251.148 - - [28/May/2017:21:10:06 +0200] "GET /img/lay09.gif HTTP/1.1" 200 135 "http://www.dr-heidi-fleischer.de/kont.php" "Mozilla/5.0 (Linux; Android 7.0; SM-G930F Build/NRD90M) AppleWebKit/537.36 (KHTML, like Gecko) Chrome/58.0.3029.83 Mobile Safari/537.36"
31.16.251.148 - - [28/May/2017:21:10:06 +0200] "GET /img/lay13.gif HTTP/1.1" 200 181 "http://www.dr-heidi-fleischer.de/kont.php" "Mozilla/5.0 (Linux; Android 7.0; SM-G930F Build/NRD90M) AppleWebKit/537.36 (KHTML, like Gecko) Chrome/58.0.3029.83 Mobile Safari/537.36"
31.16.251.148 - - [28/May/2017:21:10:06 +0200] "GET /img/lay08.gif HTTP/1.1" 200 534 "http://www.dr-heidi-fleischer.de/kont.php" "Mozilla/5.0 (Linux; Android 7.0; SM-G930F Build/NRD90M) AppleWebKit/537.36 (KHTML, like Gecko) Chrome/58.0.3029.83 Mobile Safari/537.36"
31.16.251.148 - - [28/May/2017:21:10:06 +0200] "GET /img/lay16.gif HTTP/1.1" 200 309 "http://www.dr-heidi-fleischer.de/kont.php" "Mozilla/5.0 (Linux; Android 7.0; SM-G930F Build/NRD90M) AppleWebKit/537.36 (KHTML, like Gecko) Chrome/58.0.3029.83 Mobile Safari/537.36"
31.16.251.148 - - [28/May/2017:21:10:06 +0200] "GET /img/zert_1gross.jpg HTTP/1.1" 200 22004 "http://www.dr-heidi-fleischer.de/kont.php" "Mozilla/5.0 (Linux; Android 7.0; SM-G930F Build/NRD90M) AppleWebKit/537.36 (KHTML, like Gecko) Chrome/58.0.3029.83 Mobile Safari/537.36"
31.16.251.148 - - [28/May/2017:21:10:06 +0200] "GET /img/lay14.gif HTTP/1.1" 200 104 "http://www.dr-heidi-fleischer.de/kont.php" "Mozilla/5.0 (Linux; Android 7.0; SM-G930F Build/NRD90M) AppleWebKit/537.36 (KHTML, like Gecko) Chrome/58.0.3029.83 Mobile Safari/537.36"
31.16.251.148 - - [28/May/2017:21:10:06 +0200] "GET /img/hg_body.jpg HTTP/1.1" 200 2615 "http://www.dr-heidi-fleischer.de/css/fl_style.css" "Mozilla/5.0 (Linux; Android 7.0; SM-G930F Build/NRD90M) AppleWebKit/537.36 (KHTML, like Gecko) Chrome/58.0.3029.83 Mobile Safari/537.36"
31.16.251.148 - - [28/May/2017:21:10:06 +0200] "GET /img/header_neu.gif HTTP/1.1" 200 32567 "http://www.dr-heidi-fleischer.de/css/fl_style.css" "Mozilla/5.0 (Linux; Android 7.0; SM-G930F Build/NRD90M) AppleWebKit/537.36 (KHTML, like Gecko) Chrome/58.0.3029.83 Mobile Safari/537.36"
31.16.251.148 - - [28/May/2017:21:10:06 +0200] "GET /img/hg_zahn2.gif HTTP/1.1" 200 20816 "http://www.dr-heidi-fleischer.de/kont.php" "Mozilla/5.0 (Linux; Android 7.0; SM-G930F Build/NRD90M) AppleWebKit/537.36 (KHTML, like Gecko) Chrome/58.0.3029.83 Mobile Safari/537.36"
31.16.251.148 - - [28/May/2017:21:10:06 +0200] "GET /img/lay02.gif HTTP/1.1" 200 68 "http://www.dr-heidi-fleischer.de/kont.php" "Mozilla/5.0 (Linux; Android 7.0; SM-G930F Build/NRD90M) AppleWebKit/537.36 (KHTML, like Gecko) Chrome/58.0.3029.83 Mobile Safari/537.36"
31.16.251.148 - - [28/May/2017:21:10:06 +0200] "GET /img/lay04.gif HTTP/1.1" 200 68 "http://www.dr-heidi-fleischer.de/kont.php" "Mozilla/5.0 (Linux; Android 7.0; SM-G930F Build/NRD90M) AppleWebKit/537.36 (KHTML, like Gecko) Chrome/58.0.3029.83 Mobile Safari/537.36"
31.16.251.148 - - [28/May/2017:21:10:06 +0200] "GET /img/left_bg.gif HTTP/1.1" 200 98 "http://www.dr-heidi-fleischer.de/kont.php" "Mozilla/5.0 (Linux; Android 7.0; SM-G930F Build/NRD90M) AppleWebKit/537.36 (KHTML, like Gecko) Chrome/58.0.3029.83 Mobile Safari/537.36"
31.16.251.148 - - [28/May/2017:21:10:06 +0200] "GET /img/lay03.gif HTTP/1.1" 200 1060 "http://www.dr-heidi-fleischer.de/kont.php" "Mozilla/5.0 (Linux; Android 7.0; SM-G930F Build/NRD90M) AppleWebKit/537.36 (KHTML, like Gecko) Chrome/58.0.3029.83 Mobile Safari/537.36"
31.16.251.148 - - [28/May/2017:21:10:06 +0200] "GET /img/bottom_bg.gif HTTP/1.1" 200 79 "http://www.dr-heidi-fleischer.de/kont.php" "Mozilla/5.0 (Linux; Android 7.0; SM-G930F Build/NRD90M) AppleWebKit/537.36 (KHTML, like Gecko) Chrome/58.0.3029.83 Mobile Safari/537.36"
31.16.251.148 - - [28/May/2017:21:10:06 +0200] "GET /img/left_bg2.gif HTTP/1.1" 200 176 "http://www.dr-heidi-fleischer.de/kont.php" "Mozilla/5.0 (Linux; Android 7.0; SM-G930F Build/NRD90M) AppleWebKit/537.36 (KHTML, like Gecko) Chrome/58.0.3029.83 Mobile Safari/537.36"
31.16.251.148 - - [28/May/2017:21:10:06 +0200] "GET /img/lay10.gif HTTP/1.1" 200 252 "http://www.dr-heidi-fleischer.de/kont.php" "Mozilla/5.0 (Linux; Android 7.0; SM-G930F Build/NRD90M) AppleWebKit/537.36 (KHTML, like Gecko) Chrome/58.0.3029.83 Mobile Safari/537.36"
31.16.251.148 - - [28/May/2017:21:10:06 +0200] "GET /img/lay05.gif HTTP/1.1" 200 331 "http://www.dr-heidi-fleischer.de/kont.php" "Mozilla/5.0 (Linux; Android 7.0; SM-G930F Build/NRD90M) AppleWebKit/537.36 (KHTML, like Gecko) Chrome/58.0.3029.83 Mobile Safari/537.36"
31.16.251.148 - - [28/May/2017:21:10:06 +0200] "GET /img/right_bg.gif HTTP/1.1" 200 76 "http://www.dr-heidi-fleischer.de/kont.php" "Mozilla/5.0 (Linux; Android 7.0; SM-G930F Build/NRD90M) AppleWebKit/537.36 (KHTML, like Gecko) Chrome/58.0.3029.83 Mobile Safari/537.36"
31.16.251.148 - - [28/May/2017:21:10:06 +0200] "GET /img/animated_favicon1.gif HTTP/1.1" 200 1808 "http://www.dr-heidi-fleischer.de/kont.php" "Mozilla/5.0 (Linux; Android 7.0; SM-G930F Build/NRD90M) AppleWebKit/537.36 (KHTML, like Gecko) Chrome/58.0.3029.83 Mobile Safari/537.36"
195.154.191.62 - - [28/May/2017:21:13:10 +0200] "GET /system/fckeditor/editor/ HTTP/1.1" 404 1256 "-" "compatible;Baiduspider/2.0; +http://www.baidu.com/search/spider.html"
206.253.226.12 - - [28/May/2017:22:12:36 +0200] "GET /robots.txt HTTP/1.1" 200 218 "-" "Mozilla/5.0 (compatible; oBot/2.3.1; http://filterdb.iss.net/crawler/)"
206.253.226.12 - - [28/May/2017:22:12:36 +0200] "HEAD /img/spez_leistungen_1.jpg HTTP/1.1" 200 - "-" "Mozilla/5.0 (compatible; oBot/2.3.1; http://filterdb.iss.net/crawler/)"
206.253.226.12 - - [28/May/2017:22:12:36 +0200] "HEAD /img/zert_1.jpg HTTP/1.1" 200 - "-" "Mozilla/5.0 (compatible; oBot/2.3.1; http://filterdb.iss.net/crawler/)"
206.253.226.12 - - [28/May/2017:22:12:36 +0200] "HEAD /img/leistungen_2.jpg HTTP/1.1" 200 - "-" "Mozilla/5.0 (compatible; oBot/2.3.1; http://filterdb.iss.net/crawler/)"
206.253.226.12 - - [28/May/2017:22:12:36 +0200] "HEAD /img/spez_leistungen_2.jpg HTTP/1.1" 200 - "-" "Mozilla/5.0 (compatible; oBot/2.3.1; http://filterdb.iss.net/crawler/)"
206.253.226.12 - - [28/May/2017:22:12:36 +0200] "HEAD /img/zert_1gross.jpg HTTP/1.1" 200 - "-" "Mozilla/5.0 (compatible; oBot/2.3.1; http://filterdb.iss.net/crawler/)"
206.253.226.12 - - [28/May/2017:22:12:36 +0200] "HEAD /img/leistungen_1.jpg HTTP/1.1" 200 - "-" "Mozilla/5.0 (compatible; oBot/2.3.1; http://filterdb.iss.net/crawler/)"
206.253.226.12 - - [28/May/2017:22:12:36 +0200] "HEAD /img/lay07.gif HTTP/1.1" 200 - "-" "Mozilla/5.0 (compatible; oBot/2.3.1; http://filterdb.iss.net/crawler/)"
206.253.226.12 - - [28/May/2017:22:12:36 +0200] "HEAD /img/dr_fleischer_ani.gif HTTP/1.1" 200 - "-" "Mozilla/5.0 (compatible; oBot/2.3.1; http://filterdb.iss.net/crawler/)"
206.253.226.12 - - [28/May/2017:22:12:36 +0200] "HEAD /img/lay13.gif HTTP/1.1" 200 - "-" "Mozilla/5.0 (compatible; oBot/2.3.1; http://filterdb.iss.net/crawler/)"
206.253.226.12 - - [28/May/2017:22:12:36 +0200] "HEAD /img/praxis_2.jpg HTTP/1.1" 200 - "-" "Mozilla/5.0 (compatible; oBot/2.3.1; http://filterdb.iss.net/crawler/)"
206.253.226.12 - - [28/May/2017:22:12:36 +0200] "HEAD /img/lay16.gif HTTP/1.1" 200 - "-" "Mozilla/5.0 (compatible; oBot/2.3.1; http://filterdb.iss.net/crawler/)"
206.253.226.12 - - [28/May/2017:22:12:36 +0200] "HEAD /img/praxis_3.jpg HTTP/1.1" 200 - "-" "Mozilla/5.0 (compatible; oBot/2.3.1; http://filterdb.iss.net/crawler/)"
206.253.226.12 - - [28/May/2017:22:12:36 +0200] "HEAD /img/lay06neu.gif HTTP/1.1" 200 - "-" "Mozilla/5.0 (compatible; oBot/2.3.1; http://filterdb.iss.net/crawler/)"
206.253.226.12 - - [28/May/2017:22:12:36 +0200] "HEAD /img/praxis_1.jpg HTTP/1.1" 200 - "-" "Mozilla/5.0 (compatible; oBot/2.3.1; http://filterdb.iss.net/crawler/)"
206.253.226.12 - - [28/May/2017:22:12:36 +0200] "HEAD /img/lay01.gif HTTP/1.1" 200 - "-" "Mozilla/5.0 (compatible; oBot/2.3.1; http://filterdb.iss.net/crawler/)"
206.253.226.12 - - [28/May/2017:22:12:36 +0200] "HEAD /img/lay08.gif HTTP/1.1" 200 - "-" "Mozilla/5.0 (compatible; oBot/2.3.1; http://filterdb.iss.net/crawler/)"
180.76.15.5 - - [28/May/2017:22:43:44 +0200] "GET / HTTP/1.1" 200 9626 "-" "Mozilla/5.0 (compatible; Baiduspider/2.0; +http://www.baidu.com/search/spider.html)"
5.255.251.7 - - [28/May/2017:23:09:39 +0200] "GET /img/animated_favicon1.gif HTTP/1.1" 200 1808 "-" "Mozilla/5.0 (compatible; YandexBot/3.0; +http://yandex.com/bots)"
195.154.191.62 - - [29/May/2017:00:33:10 +0200] "GET /inc/fckeditor/editor/ HTTP/1.1" 404 1256 "-" "compatible;Baiduspider/2.0; +http://www.baidu.com/search/spider.html"
180.76.15.142 - - [29/May/2017:03:23:07 +0200] "GET /leistungen.php HTTP/1.1" 200 8056 "-" "Mozilla/5.0 (compatible; Baiduspider/2.0; +http://www.baidu.com/search/spider.html)"
195.154.191.62 - - [29/May/2017:03:36:13 +0200] "GET /editor/fckeditor/editor/ HTTP/1.1" 404 1256 "-" "compatible;Baiduspider/2.0; +http://www.baidu.com/search/spider.html"
157.55.39.52 - - [29/May/2017:04:51:34 +0200] "GET /robots.txt HTTP/1.1" 200 218 "-" "Mozilla/5.0 (compatible; bingbot/2.0; +http://www.bing.com/bingbot.htm)"
207.46.13.140 - - [29/May/2017:04:51:38 +0200] "GET /img/zert_1gross.jpg HTTP/1.1" 200 22004 "-" "Mozilla/5.0 (compatible; bingbot/2.0; +http://www.bing.com/bingbot.htm)"
40.77.167.9 - - [29/May/2017:05:11:51 +0200] "GET /img/praxis_3.jpg HTTP/1.1" 200 36951 "-" "Mozilla/5.0 (compatible; bingbot/2.0; +http://www.bing.com/bingbot.htm)"
207.46.13.25 - - [29/May/2017:05:41:38 +0200] "GET /anfahrt.php HTTP/1.1" 200 8074 "-" "Mozilla/5.0 (iPhone; CPU iPhone OS 7_0 like Mac OS X) AppleWebKit/537.51.1 (KHTML, like Gecko) Version/7.0 Mobile/11A465 Safari/9537.53 (compatible; bingbot/2.0; +http://www.bing.com/bingbot.htm)"
40.77.167.80 - - [29/May/2017:05:41:44 +0200] "GET /robots.txt HTTP/1.1" 200 218 "-" "Mozilla/5.0 (compatible; bingbot/2.0; +http://www.bing.com/bingbot.htm)"
40.77.167.9 - - [29/May/2017:05:41:54 +0200] "GET /img/f_1-p.gif HTTP/1.1" 200 43 "-" "Mozilla/5.0 (iPhone; CPU iPhone OS 7_0 like Mac OS X) AppleWebKit/537.51.1 (KHTML, like Gecko) Version/7.0 Mobile/11A465 Safari/9537.53 (compatible; bingbot/2.0; +http://www.bing.com/bingbot.htm)"
40.77.167.9 - - [29/May/2017:05:41:54 +0200] "GET /img/hg_zahn2.gif HTTP/1.1" 200 20816 "-" "Mozilla/5.0 (iPhone; CPU iPhone OS 7_0 like Mac OS X) AppleWebKit/537.51.1 (KHTML, like Gecko) Version/7.0 Mobile/11A465 Safari/9537.53 (compatible; bingbot/2.0; +http://www.bing.com/bingbot.htm)"
40.77.167.9 - - [29/May/2017:05:41:54 +0200] "GET /img/left_bg2.gif HTTP/1.1" 200 176 "-" "Mozilla/5.0 (iPhone; CPU iPhone OS 7_0 like Mac OS X) AppleWebKit/537.51.1 (KHTML, like Gecko) Version/7.0 Mobile/11A465 Safari/9537.53 (compatible; bingbot/2.0; +http://www.bing.com/bingbot.htm)"
40.77.167.9 - - [29/May/2017:05:41:54 +0200] "GET /img/right_bg.gif HTTP/1.1" 200 76 "-" "Mozilla/5.0 (iPhone; CPU iPhone OS 7_0 like Mac OS X) AppleWebKit/537.51.1 (KHTML, like Gecko) Version/7.0 Mobile/11A465 Safari/9537.53 (compatible; bingbot/2.0; +http://www.bing.com/bingbot.htm)"
40.77.167.80 - - [29/May/2017:05:41:58 +0200] "GET /css/fl_style.css HTTP/1.1" 200 10194 "-" "Mozilla/5.0 (iPhone; CPU iPhone OS 7_0 like Mac OS X) AppleWebKit/537.51.1 (KHTML, like Gecko) Version/7.0 Mobile/11A465 Safari/9537.53 (compatible; bingbot/2.0; +http://www.bing.com/bingbot.htm)"
40.77.167.80 - - [29/May/2017:05:41:58 +0200] "GET /img/lay03.gif HTTP/1.1" 200 1060 "-" "Mozilla/5.0 (iPhone; CPU iPhone OS 7_0 like Mac OS X) AppleWebKit/537.51.1 (KHTML, like Gecko) Version/7.0 Mobile/11A465 Safari/9537.53 (compatible; bingbot/2.0; +http://www.bing.com/bingbot.htm)"
40.77.167.80 - - [29/May/2017:05:41:58 +0200] "GET /img/lay05.gif HTTP/1.1" 200 331 "-" "Mozilla/5.0 (iPhone; CPU iPhone OS 7_0 like Mac OS X) AppleWebKit/537.51.1 (KHTML, like Gecko) Version/7.0 Mobile/11A465 Safari/9537.53 (compatible; bingbot/2.0; +http://www.bing.com/bingbot.htm)"
40.77.167.80 - - [29/May/2017:05:41:58 +0200] "GET /img/right_bg.jpg HTTP/1.1" 404 1256 "-" "Mozilla/5.0 (iPhone; CPU iPhone OS 7_0 like Mac OS X) AppleWebKit/537.51.1 (KHTML, like Gecko) Version/7.0 Mobile/11A465 Safari/9537.53 (compatible; bingbot/2.0; +http://www.bing.com/bingbot.htm)"
207.46.13.140 - - [29/May/2017:05:42:03 +0200] "GET /img/bottom_bg.gif HTTP/1.1" 200 79 "-" "Mozilla/5.0 (iPhone; CPU iPhone OS 7_0 like Mac OS X) AppleWebKit/537.51.1 (KHTML, like Gecko) Version/7.0 Mobile/11A465 Safari/9537.53 (compatible; bingbot/2.0; +http://www.bing.com/bingbot.htm)"
207.46.13.140 - - [29/May/2017:05:42:03 +0200] "GET /img/lay01.gif HTTP/1.1" 200 273 "-" "Mozilla/5.0 (iPhone; CPU iPhone OS 7_0 like Mac OS X) AppleWebKit/537.51.1 (KHTML, like Gecko) Version/7.0 Mobile/11A465 Safari/9537.53 (compatible; bingbot/2.0; +http://www.bing.com/bingbot.htm)"
207.46.13.140 - - [29/May/2017:05:42:04 +0200] "GET /img/lay07.gif HTTP/1.1" 200 453 "-" "Mozilla/5.0 (iPhone; CPU iPhone OS 7_0 like Mac OS X) AppleWebKit/537.51.1 (KHTML, like Gecko) Version/7.0 Mobile/11A465 Safari/9537.53 (compatible; bingbot/2.0; +http://www.bing.com/bingbot.htm)"
207.46.13.140 - - [29/May/2017:05:42:04 +0200] "GET /img/lay10.gif HTTP/1.1" 200 252 "-" "Mozilla/5.0 (iPhone; CPU iPhone OS 7_0 like Mac OS X) AppleWebKit/537.51.1 (KHTML, like Gecko) Version/7.0 Mobile/11A465 Safari/9537.53 (compatible; bingbot/2.0; +http://www.bing.com/bingbot.htm)"
207.46.13.140 - - [29/May/2017:05:42:04 +0200] "GET /img/left_bg.gif HTTP/1.1" 200 98 "-" "Mozilla/5.0 (iPhone; CPU iPhone OS 7_0 like Mac OS X) AppleWebKit/537.51.1 (KHTML, like Gecko) Version/7.0 Mobile/11A465 Safari/9537.53 (compatible; bingbot/2.0; +http://www.bing.com/bingbot.htm)"
207.46.13.25 - - [29/May/2017:05:42:08 +0200] "GET /img/lay02.gif HTTP/1.1" 200 68 "-" "Mozilla/5.0 (iPhone; CPU iPhone OS 7_0 like Mac OS X) AppleWebKit/537.51.1 (KHTML, like Gecko) Version/7.0 Mobile/11A465 Safari/9537.53 (compatible; bingbot/2.0; +http://www.bing.com/bingbot.htm)"
207.46.13.25 - - [29/May/2017:05:42:08 +0200] "GET /img/lay04.gif HTTP/1.1" 200 68 "-" "Mozilla/5.0 (iPhone; CPU iPhone OS 7_0 like Mac OS X) AppleWebKit/537.51.1 (KHTML, like Gecko) Version/7.0 Mobile/11A465 Safari/9537.53 (compatible; bingbot/2.0; +http://www.bing.com/bingbot.htm)"
207.46.13.25 - - [29/May/2017:05:42:08 +0200] "GET /img/lay08.gif HTTP/1.1" 200 534 "-" "Mozilla/5.0 (iPhone; CPU iPhone OS 7_0 like Mac OS X) AppleWebKit/537.51.1 (KHTML, like Gecko) Version/7.0 Mobile/11A465 Safari/9537.53 (compatible; bingbot/2.0; +http://www.bing.com/bingbot.htm)"
207.46.13.25 - - [29/May/2017:06:09:41 +0200] "GET / HTTP/1.1" 200 9626 "-" "Mozilla/5.0 (compatible; bingbot/2.0; +http://www.bing.com/bingbot.htm)"
195.154.191.62 - - [29/May/2017:06:34:31 +0200] "GET /ckeditor/editor/ HTTP/1.1" 404 1256 "-" "compatible;Baiduspider/2.0; +http://www.baidu.com/search/spider.html"
40.77.179.146 - - [29/May/2017:06:42:59 +0200] "GET /img/hg_body.jpg HTTP/1.1" 200 2615 "-" "Mozilla/5.0 (iPhone; CPU iPhone OS 7_0 like Mac OS X) AppleWebKit/537.51.1 (KHTML, like Gecko) Version/7.0 Mobile/11A465 Safari/9537.53 BingPreview/1.0b"
40.77.179.146 - - [29/May/2017:06:42:59 +0200] "GET /img/header_neu.gif HTTP/1.1" 200 32567 "-" "Mozilla/5.0 (iPhone; CPU iPhone OS 7_0 like Mac OS X) AppleWebKit/537.51.1 (KHTML, like Gecko) Version/7.0 Mobile/11A465 Safari/9537.53 BingPreview/1.0b"
66.249.64.9 - - [29/May/2017:09:06:42 +0200] "GET /robots.txt HTTP/1.1" 200 218 "-" "Mozilla/5.0 (compatible; Googlebot/2.1; +http://www.google.com/bot.html)"
66.249.64.5 - - [29/May/2017:09:06:43 +0200] "GET / HTTP/1.1" 200 9626 "-" "Mozilla/5.0 (Linux; Android 6.0.1; Nexus 5X Build/MMB29P) AppleWebKit/537.36 (KHTML, like Gecko) Chrome/41.0.2272.96 Mobile Safari/537.36 (compatible; Googlebot/2.1; +http://www.google.com/bot.html)"
66.249.64.9 - - [29/May/2017:09:06:45 +0200] "GET /css/fl_style.css HTTP/1.1" 200 10194 "http://www.dr-heidi-fleischer.de/" "Mozilla/5.0 (compatible; Googlebot/2.1; +http://www.google.com/bot.html)"
195.154.191.62 - - [29/May/2017:09:50:43 +0200] "GET /editorold/editor/ HTTP/1.1" 404 1256 "-" "compatible;Baiduspider/2.0; +http://www.baidu.com/search/spider.html"
66.249.64.7 - - [29/May/2017:11:14:18 +0200] "GET /index.phpDr HTTP/1.1" 404 1256 "-" "Mozilla/5.0 (compatible; Googlebot/2.1; +http://www.google.com/bot.html)"
66.249.64.5 - - [29/May/2017:11:29:43 +0200] "GET / HTTP/1.1" 200 9626 "-" "Mozilla/5.0 (compatible; Googlebot/2.1; +http://www.google.com/bot.html)"
195.154.191.62 - - [29/May/2017:13:04:58 +0200] "GET /fck/editor/ HTTP/1.1" 404 1256 "-" "compatible;Baiduspider/2.0; +http://www.baidu.com/search/spider.html"
85.25.202.18 - - [29/May/2017:14:13:19 +0200] "GET / HTTP/1.1" 200 9626 "http://www.sumaja.de/?such_wert=zahnarzt" "Mozilla/4.0 (compatible; MSIE 7.0; Windows NT 6.0; GTB6; SLCC1; .NET CLR 2.0.50727; Media Center PC 5.0; eSobiSubscriber 2.0.4.16; .NET CLR 3.5.30729; .NET CLR 3.0.30729; .NET4.0C)"
123.125.71.30 - - [29/May/2017:15:57:22 +0200] "GET /robots.txt HTTP/1.1" 200 218 "-" "Mozilla/5.0 (compatible; Baiduspider/2.0; +http://www.baidu.com/search/spider.html)"
195.154.191.62 - - [29/May/2017:16:15:30 +0200] "GET /editor1/editor/ HTTP/1.1" 404 1256 "-" "compatible;Baiduspider/2.0; +http://www.baidu.com/search/spider.html"
131.188.6.200 - - [29/May/2017:16:25:05 +0200] "GET / HTTP/1.1" 200 9626 "https://www.google.de/" "Mozilla/5.0 (Windows NT 6.1; rv:53.0) Gecko/20100101 Firefox/53.0"
131.188.6.200 - - [29/May/2017:16:25:05 +0200] "GET /css/fl_style.css HTTP/1.1" 200 10194 "http://www.dr-heidi-fleischer.de/" "Mozilla/5.0 (Windows NT 6.1; rv:53.0) Gecko/20100101 Firefox/53.0"
