157.55.50.77 - - [01/Nov/2011:06:16:17 +0100] "GET /robots.txt HTTP/1.1" 200 218 "-" "Mozilla/5.0 (compatible; bingbot/2.0; +http://www.bing.com/bingbot.htm)"
66.249.71.136 - - [01/Nov/2011:07:19:00 +0100] "GET /robots.txt HTTP/1.1" 200 218 "-" "Mozilla/5.0 (compatible; Googlebot/2.1; +http://www.google.com/bot.html)"
66.249.71.136 - - [01/Nov/2011:07:19:00 +0100] "GET /kont.php HTTP/1.1" 200 8494 "-" "Mozilla/5.0 (compatible; Googlebot/2.1; +http://www.google.com/bot.html)"
134.247.251.248 - - [01/Nov/2011:07:33:02 +0100] "GET / HTTP/1.1" 200 9626 "http://www.gelbeseiten.de/yp/122/search.yp?subject=Zahn%e4rzte&location=N%fcrnberg&direction=regional&pid=epro&zanpid=1566338332903216128&rz=122" "Mozilla/4.0 (compatible; MSIE 8.0; Windows NT 5.1; Trident/4.0; .NET CLR 1.1.4322; .NET CLR 2.0.50727; .NET CLR 3.0.4506.2152; .NET CLR 3.5.30729)"
95.108.158.244 - - [01/Nov/2011:08:19:37 +0100] "GET /robots.txt HTTP/1.1" 200 218 "-" "Mozilla/5.0 (compatible; YandexImages/3.0; +http://yandex.com/bots)"
95.108.158.244 - - [01/Nov/2011:09:38:52 +0100] "GET /img/lay06neu.gif HTTP/1.1" 304 - "-" "Mozilla/5.0 (compatible; YandexImages/3.0; +http://yandex.com/bots)"
95.108.158.244 - - [01/Nov/2011:10:54:58 +0100] "GET /img/tel_footer.gif HTTP/1.1" 304 - "-" "Mozilla/5.0 (compatible; YandexImages/3.0; +http://yandex.com/bots)"
95.108.158.244 - - [01/Nov/2011:11:33:00 +0100] "GET /img/lay14.gif HTTP/1.1" 304 - "-" "Mozilla/5.0 (compatible; YandexImages/3.0; +http://yandex.com/bots)"
95.108.158.244 - - [01/Nov/2011:12:11:03 +0100] "GET /img/roll_trans2.gif HTTP/1.1" 304 - "-" "Mozilla/5.0 (compatible; YandexImages/3.0; +http://yandex.com/bots)"
95.108.158.244 - - [01/Nov/2011:12:49:05 +0100] "GET /img/lay16.gif HTTP/1.1" 304 - "-" "Mozilla/5.0 (compatible; YandexImages/3.0; +http://yandex.com/bots)"
95.108.158.244 - - [01/Nov/2011:13:46:08 +0100] "GET /img/roll_trans.gif HTTP/1.1" 304 - "-" "Mozilla/5.0 (compatible; YandexImages/3.0; +http://yandex.com/bots)"
95.108.158.244 - - [01/Nov/2011:14:24:10 +0100] "GET /img/f_1-p.gif HTTP/1.1" 304 - "-" "Mozilla/5.0 (compatible; YandexImages/3.0; +http://yandex.com/bots)"
157.55.50.77 - - [01/Nov/2011:20:27:22 +0100] "GET /robots.txt HTTP/1.1" 200 218 "-" "Mozilla/5.0 (compatible; bingbot/2.0; +http://www.bing.com/bingbot.htm)"
88.65.62.35 - - [01/Nov/2011:21:15:52 +0100] "GET / HTTP/1.1" 200 9626 "http://www.gelbeseiten.de/yp/122/search.yp?sessionDataString=H4sIAAAAAAAAAEWHvQqCMQwAn8YxkHytaSS7OoqCjpL-poZu0WXx7uzkcd0cdmbFUgR4sQRQpIMYdYs417NFCZ4JcLAYU0Y308P1o3G3H6TZ8tre3Nafb8%2F8qPqy22WyUlzqQnlEvqNdVd9THUlp0ioFZUmLSH3IbtxCHAAAA&at=yp&kindOfSearch=tradesearch&subject=zahn%E4rzte&location=N%FCrnberg&x=0&y=0&distance=-1&execute=Suchen&suggest_choose=on&rz=122" "Mozilla/5.0 (Windows NT 6.1; WOW64) AppleWebKit/534.51.22 (KHTML, like Gecko) Version/5.1.1 Safari/534.51.22"
93.215.203.117 - - [01/Nov/2011:22:18:44 +0100] "GET / HTTP/1.1" 200 9626 "http://www.gelbeseiten.de/yp/122/subscriberlist_pageAction.yp?sessionDataString=H4sIAAAAAAAAAFVOy0oDQRD8mj1O6J7peVEnWRL14AMFBS9hshnNimzi7KImX-p8YFGJDQ1dRj-pYsyQbrOmU0ZSU-pO5WyFsW2y7JOPjnxylgdPJOBNjCNXuTykldDP77145QrPr9f%2FqMQ9zu4p7QZmrmUQyXSdbNoy7CqMkh19MOYS%2Foz%2F6Ix91UappLWecypdBusWWtM0UXG-p0nEK0XrhI6DbSTsqCo-pRLON-pFTsObLBl8SZWLIae-pYZBZKAA-pPscPLYBeNy3JZpeWzFVe0jw5ad4Ygb9sKEWx1wpxjtibExx5hU78a3eBD2eFTc6JZ-pFr7qn5mYPPugI74Bz6rAMGkBAAA-e" "Mozilla/4.0 (compatible; MSIE 8.0; TOB 6.12; Windows NT 5.1; Trident/4.0; GTB6.3; (R1 1.5); .NET CLR 1.1.4322; .NET CLR 2.0.50727; .NET CLR 3.0.04506.30; .NET CLR 3.0.4506.2152; .NET CLR 3.5.30729; OfficeLiveConnector.1.5; OfficeLivePatch.1.3; .NET4.0C)"
46.177.239.115 - - [02/Nov/2011:06:01:09 +0100] "GET / HTTP/1.0" 200 9626 "-" "Mozilla/4.0 (compatible; MSIE 5.0; Windows NT 4.0)"
46.177.239.115 - - [02/Nov/2011:06:01:13 +0100] "GET /index.php HTTP/1.0" 200 9626 "http://www.dr-heidi-fleischer.de/" "Mozilla/4.0 (compatible; MSIE 5.0; Windows NT 4.0)"
46.177.239.115 - - [02/Nov/2011:06:01:13 +0100] "GET /praxis.php HTTP/1.0" 200 7017 "http://www.dr-heidi-fleischer.de/" "Mozilla/4.0 (compatible; MSIE 5.0; Windows NT 4.0)"
46.177.239.115 - - [02/Nov/2011:06:01:14 +0100] "GET /kont.php HTTP/1.0" 200 8494 "http://www.dr-heidi-fleischer.de/" "Mozilla/4.0 (compatible; MSIE 5.0; Windows NT 4.0)"
46.177.239.115 - - [02/Nov/2011:06:01:14 +0100] "GET /spez_leistungen.php HTTP/1.0" 200 7752 "http://www.dr-heidi-fleischer.de/" "Mozilla/4.0 (compatible; MSIE 5.0; Windows NT 4.0)"
46.177.239.115 - - [02/Nov/2011:06:01:14 +0100] "GET /anfahrt.php HTTP/1.0" 200 8074 "http://www.dr-heidi-fleischer.de/" "Mozilla/4.0 (compatible; MSIE 5.0; Windows NT 4.0)"
46.177.239.115 - - [02/Nov/2011:06:01:14 +0100] "GET /impressum.php HTTP/1.0" 200 8293 "http://www.dr-heidi-fleischer.de/" "Mozilla/4.0 (compatible; MSIE 5.0; Windows NT 4.0)"
46.177.239.115 - - [02/Nov/2011:06:01:16 +0100] "GET /scripte/all_scripts.js HTTP/1.0" 200 249 "http://www.dr-heidi-fleischer.de/" "Mozilla/4.0 (compatible; MSIE 5.0; Windows NT 4.0)"
46.177.239.115 - - [02/Nov/2011:06:01:16 +0100] "GET /leistungen.php HTTP/1.0" 200 8056 "http://www.dr-heidi-fleischer.de/" "Mozilla/4.0 (compatible; MSIE 5.0; Windows NT 4.0)"
95.108.158.244 - - [02/Nov/2011:07:26:19 +0100] "GET /img/lay14.gif HTTP/1.1" 304 - "-" "Mozilla/5.0 (compatible; YandexImages/3.0; +http://yandex.com/bots)"
95.108.158.244 - - [02/Nov/2011:08:48:04 +0100] "GET /robots.txt HTTP/1.1" 200 218 "-" "Mozilla/5.0 (compatible; YandexImages/3.0; +http://yandex.com/bots)"
93.143.40.73 - - [02/Nov/2011:10:15:18 +0100] "GET / HTTP/1.1" 200 9626 "http://www.gelbeseiten.de/yp/122//subscriberlist_search.yp?sessionDataString=H4sIAAAAAAAAAI1QwU7DMAz9mp6mTHbqJI18mioKHGAIJA5cpixN16KpG2kZbF9PQEJqOeHbs9%2FzezbWOUisZSOCDYUgsiAs5iCcR2qc8XkDjVDotHeOWCrOM1mFuAvbvhv23TCGhK-pfNrMW2%2FOR9Ytr-p-pyK4iVx8tViHd3et118j7suLDJZVM63lwlHWnb3WVXGfpu2Mf3HqBijq8MQXPQt1yglj1Zb5LfJolewShP8FB8s8BES40QSleUPgQbTxfxJdkkKlOQz4hIKoIIvyKtJwsVhdkIzz883wLfDIY6bGPbh5Hof-pC4lAm2kAU2G12gIgR-pAHwVy-pUeffvTbcQlnppzZpfEcm3Iungj5GRWb5NFQYaWG7498AaCRxwfqAQAA&at=yp&kindOfSearch=tradesearch&subject=Zahn%E4rzt-m.frank&location=N%FCrnberg&distance=-1&execute=Suchen&sort=sort_relevance&sort=sort_relevance&suggest_choose=on¬iceName=Name+des+Merkzettels&saveNotice=%3CSPAN%3E%3CSPAN%3ESpeichern%3C%2FSPAN%3E%3C%2FSPAN%3E¬iceTargetUrl=http%3A%2F%2Fwww.gelbeseiten.de%2Fyp%2F122%2Fmeinegelbeseiten%2FajaxSpeicherMerkzettel.yp%3FsessionDataString%3DH4sIAAAAAAAAAI1QwU7DMAz9mp6mTHbqJI18mioKHGAIJA5cpixN16KpG2kZbF9PQEJqOeHbs9%2FzezbWOUisZSOCDYUgsiAs5iCcR2qc8XkDjVDotHeOWCrOM1mFuAvbvhv23TCGhK-pfNrMW2%2FOR9Ytr-p-pyK4iVx8tViHd3et118j7suLDJZVM63lwlHWnb3WVXGfpu2Mf3HqBijq8MQXPQt1yglj1Zb5LfJolewShP8FB8s8BES40QSleUPgQbTxfxJdkkKlOQz4hIKoIIvyKtJwsVhdkIzz883wLfDIY6bGPbh5Hof-pC4lAm2kAU2G12gIgR-pAHwVy-pUeffvTbcQlnppzZpfEcm3Iungj5GRWb5NFQYaWG7498AaCRxwfqAQAA&x=61&y=12" "Mozilla/5.0 (compatible; MSIE 9.0; Windows NT 6.1; WOW64; Trident/5.0)"
88.67.197.6 - - [02/Nov/2011:11:56:30 +0100] "GET / HTTP/1.1" 200 9626 "-" "Opera/9.80 (Windows NT 6.1; U; en) Presto/2.9.168 Version/11.52"
141.75.22.108 - - [02/Nov/2011:13:46:27 +0100] "GET / HTTP/1.1" 200 9626 "http://www.gelbeseiten.de/yp/11/subscriberlist_pageAction.yp?sessionDataString=H4sIAAAAAAAAAFVOy07DQAz8mhy3sh3vbqw5oYgCBx4CiQOXKk22tAilZRMB7dcT5RR8Gc9oZmwWC62ImktM5FQDO2OJLu1ar12X2iqoYzWvXBmEYecTwluz74trzZcxoXko1nXutym/QwtZT5i2/WH4PAxjmvjNy-pafhGrMTZeG1OR2j44ZowVjfC16Psh8UJoHRyOcaHJ8q7A3/DiObFziV22lnrzgzLyiirTChXF1WXx3S7gbjnnczEdxzyIUokQKGvHIUZnwRHh2jHqRK8q5pZn2ItZ4VQ6Ik2cnwaSkkqb0H4bYPOI8AQAA&page=1&filterTrade=&filterFunction=&sortBy=sort_trade&availableLetters=ABCDEFGHIJKLMNOPQRSTUVWXZ" "Mozilla/4.0 (compatible; MSIE 7.0; Windows NT 5.1; Trident/4.0; InfoPath.2; .NET CLR 2.0.50727; .NET CLR 1.1.4322; .NET CLR 3.0.4506.2152; .NET CLR 3.5.30729; .NET4.0C; .NET4.0E)"
91.21.33.191 - - [02/Nov/2011:15:14:37 +0100] "GET / HTTP/1.1" 200 9626 "http://www.gelbeseiten.de/yp/122//subscriberlist_search.yp?sessionDataString=H4sIAAAAAAAAAI2Oy07DMBBFvyZLV-pPXjK1ZoVQ8FghEJVhWduKUoJAUxy3074EWCaFumNWdkebcI1sd0GrvhDaxESZGLWLnrLBd7DQq3ypUAlNEbztkZVhX6jLlTYpjPw%2F9XNLXfrVa%2FzmxP2wZl2ksYRhCnHIoU-p7TyGFVdqVsQi5s%2FsNxJYc2zSnk5plbqRQXZ73lt1%2FOCzgpJRyHJwLeAkneC48OJb8LZRCI-pMO4BRFJhXzwC-pmAwPFFe654DXwzT7mscxrSPoxN4lsLYMEikiXQfCfJGMn3wA%2F22FqfYyp9xt69VlTzo%2FGGn45%2FlapPlt%2FhR5NOxE4rIlAGNPInMrmPb6MBAAA-e&at=yp&kindOfSearch=tradesearch&subject=Zahnarzt&location=Erlangen&radial_check=on&x=48&y=8&distance=50000&execute=Suchen&sort=sort_alphabetical&sort=sort_alphabetical&suggest_choose=on¬iceName=Name+des+Merkzettels¬iceTargetUrl=http%3A%2F%2Fwww.gelbeseiten.de%2Fyp%2F122%2Fmeinegelbeseiten%2FajaxSpeicherMerkzettel.yp%3FsessionDataString%3DH4sIAAAAAAAAAI2Oy07DMBBFvyZLV-pPXjK1ZoVQ8FghEJVhWduKUoJAUxy3074EWCaFumNWdkebcI1sd0GrvhDaxESZGLWLnrLBd7DQq3ypUAlNEbztkZVhX6jLlTYpjPw%2F9XNLXfrVa%2FzmxP2wZl2ksYRhCnHIoU-p7TyGFVdqVsQi5s%2FsNxJYc2zSnk5plbqRQXZ73lt1%2FOCzgpJRyHJwLeAkneC48OJb8LZRCI-pMO4BRFJhXzwC-pmAwPFFe654DXwzT7mscxrSPoxN4lsLYMEikiXQfCfJGMn3wA%2F22FqfYyp9xt69VlTzo%2FGGn45%2FlapPlt%2FhR5NOxE4rIlAGNPInMrmPb6MBAAA-e" "Mozilla/5.0 (Windows NT 5.1; rv:5.0) Gecko/20100101 Firefox/5.0"
208.115.111.67 - - [02/Nov/2011:21:45:59 +0100] "GET /robots.txt HTTP/1.1" 200 218 "-" "Mozilla/5.0 (compatible; Ezooms/1.0; ezooms.bot@gmail.com)"
208.115.111.67 - - [02/Nov/2011:23:03:58 +0100] "GET /spez_leistungen.php HTTP/1.1" 200 7752 "-" "Mozilla/5.0 (compatible; Ezooms/1.0; ezooms.bot@gmail.com)"
207.46.199.204 - - [02/Nov/2011:23:46:02 +0100] "GET /robots.txt HTTP/1.1" 200 218 "-" "Mozilla/5.0 (compatible; bingbot/2.0; +http://www.bing.com/bingbot.htm)"
64.246.165.140 - - [03/Nov/2011:02:11:22 +0100] "GET /robots.txt HTTP/1.0" 200 218 "-" "Mozilla/5.0 (Windows; U; Windows NT 5.1; en; rv:1.9.0.13) Gecko/2009073022 Firefox/3.5.2 (.NET CLR 3.5.30729) SurveyBot/2.3 (DomainTools)"
64.246.165.140 - - [03/Nov/2011:02:11:23 +0100] "GET / HTTP/1.1" 200 9626 "http://whois.domaintools.com/zahnmedizin-im-alter.de" "Mozilla/5.0 (Windows; U; Windows NT 5.1; en; rv:1.9.0.13) Gecko/2009073022 Firefox/3.5.2 (.NET CLR 3.5.30729) SurveyBot/2.3 (DomainTools)"
66.249.72.87 - - [03/Nov/2011:02:40:57 +0100] "GET /robots.txt HTTP/1.1" 200 218 "-" "Mozilla/5.0 (compatible; Googlebot/2.1; +http://www.google.com/bot.html)"
207.46.12.238 - - [03/Nov/2011:04:17:26 +0100] "GET /robots.txt HTTP/1.1" 200 218 "-" "Mozilla/5.0 (compatible; bingbot/2.0; +http://www.bing.com/bingbot.htm)"
95.108.158.244 - - [03/Nov/2011:06:04:37 +0100] "GET /robots.txt HTTP/1.1" 200 218 "-" "Mozilla/5.0 (compatible; YandexImages/3.0; +http://yandex.com/bots)"
95.108.158.244 - - [03/Nov/2011:07:18:05 +0100] "GET /img/tel_footer.gif HTTP/1.1" 304 - "-" "Mozilla/5.0 (compatible; YandexImages/3.0; +http://yandex.com/bots)"
95.108.158.244 - - [03/Nov/2011:08:08:52 +0100] "GET /img/f_1-p.gif HTTP/1.1" 304 - "-" "Mozilla/5.0 (compatible; YandexImages/3.0; +http://yandex.com/bots)"
95.108.158.244 - - [03/Nov/2011:09:16:35 +0100] "GET /img/roll_trans.gif HTTP/1.1" 304 - "-" "Mozilla/5.0 (compatible; YandexImages/3.0; +http://yandex.com/bots)"
62.128.7.69 - - [03/Nov/2011:10:01:34 +0100] "GET / HTTP/1.1" 200 9626 "http://www.gelbeseiten.de/yp/122//subscriberlist_search.yp?sessionDataString=H4sIAAAAAAAAAI2PS0sDQRCEf82eZEL3vIc6LYEYD0aJ4iGXMLs7eUjYxNklmvx6B0HRm32qbr7q6uaWiE3nSZjUJaE3MolGcyusb5VvTOuaZEXksCH2DaSEquQs5W1q-pv1w2A9jKv3t0%2FrPCOFygr3GXR-pveURcVLNp7pvCQP%2FH7sccuzSkmNsdOi6pO67cFGOwgfH2a90rBWM1fRWOgXCiQpy1ZBPwLthxYIUPHSbakJG4ME%2FIk%2Fa4MupVPV%2FUy9XzDeaEu-pGYx3VOh3SOfZtwX3LJOunIaocHdpoJj4SlYEy%2Ff6tU%2FSPLgS-paDFwBNkoZpUgq7%2FEJmjopomQBAAA-e&at=yp&kindOfSearch=tradesearch&subject=zahnarzt&location=N%FCrnberg&distance=-1&execute=Suchen&sort=sort_relevance&sort=sort_relevance&suggest_choose=on¬iceName=Name+des+Merkzettels&saveNotice=%3CSPAN%3E%3CSPAN%3ESpeichern%3C%2FSPAN%3E%3C%2FSPAN%3E¬iceTargetUrl=http%3A%2F%2Fwww.gelbeseiten.de%2Fyp%2F122%2Fmeinegelbeseiten%2FajaxSpeicherMerkzettel.yp%3FsessionDataString%3DH4sIAAAAAAAAAI2PS0sDQRCEf82eZEL3vIc6LYEYD0aJ4iGXMLs7eUjYxNklmvx6B0HRm32qbr7q6uaWiE3nSZjUJaE3MolGcyusb5VvTOuaZEXksCH2DaSEquQs5W1q-pv1w2A9jKv3t0%2FrPCOFygr3GXR-pveURcVLNp7pvCQP%2FH7sccuzSkmNsdOi6pO67cFGOwgfH2a90rBWM1fRWOgXCiQpy1ZBPwLthxYIUPHSbakJG4ME%2FIk%2Fa4MupVPV%2FUy9XzDeaEu-pGYx3VOh3SOfZtwX3LJOunIaocHdpoJj4SlYEy%2Ff6tU%2FSPLgS-paDFwBNkoZpUgq7%2FEJmjopomQBAAA-e" "Mozilla/4.0 (compatible; MSIE 8.0; Windows NT 5.1; Trident/4.0; .NET CLR 1.1.4322; .NET CLR 2.0.50727; .NET CLR 3.0.04506.30; .NET CLR 3.0.4506.2152; .NET CLR 3.5.30729; MS-RTC LM 8; InfoPath.3)"
176.31.246.150 - - [03/Nov/2011:10:13:00 +0100] "GET /kont.php HTTP/1.1" 200 8494 "-" "Mozilla/5.0 (X11; Linux i686; rv:6.0) Gecko/20100101 Firefox/6.0"
95.108.158.244 - - [03/Nov/2011:10:24:17 +0100] "GET /img/lay16.gif HTTP/1.1" 304 - "-" "Mozilla/5.0 (compatible; YandexImages/3.0; +http://yandex.com/bots)"
188.195.159.133 - - [03/Nov/2011:10:58:55 +0100] "GET / HTTP/1.1" 200 9626 "http://www.gelbeseiten.de/yp/11/subscriberlist_pageAction.yp?sessionDataString=H4sIAAAAAAAAAFWOS0/DQAyEf02OW9m73pfmhCIKHHgIJA5cqjw2tAilZRMB7a9nlVPwZWzrm7HZhp7YklHd4LwSw4OKlnulvRjTtw1T2ykzMDlOBpoRzye4t2Y/VteSL3NC81Bt6zy2Kb9DKr0tmtrxMH0epjmV-peZl92-pFMOemT1NqcrdHz4w5usj4WuV8ULROaCkcI-pFEhfgWzTbiR7HnyAa/EjdiyWqcmTcUSAIujKvL6rtbwt10zPNuOYp71pqc156ceDyyFyY8EZ4Vo175KrOkNKWvfI1XYQdfmKHwQVMQI/gDkp4wnTwBAAA-e&page=1&filterTrade=&filterFunction=&sortBy=sort_trade&availableLetters=ABCDEFGHIJKLMNOPQRSTUVWXZ" "Mozilla/4.0 (compatible; MSIE 8.0; Windows NT 5.1; Trident/4.0; GTB7.1; BTRS31753; .NET CLR 1.1.4322; ShopperReports 3.0.517.0; SRS_IT_E8790471B7765B5537AB91)"
194.138.39.61 - - [03/Nov/2011:11:12:52 +0100] "GET / HTTP/1.1" 200 9626 "http://www.gelbeseiten.de/branchenbuch/nuernberg/zahnaerzte-nuernberg.html" "Mozilla/4.0 (compatible; MSIE 8.0; Windows NT 5.1; Trident/4.0; .NET CLR 1.0.3705; .NET CLR 2.0.50727; .NET CLR 1.1.4322; InfoPath.1; .NET CLR 3.0.04506.30; .NET CLR 3.0.4506.2152; .NET CLR 3.5.30729; MS-RTC LM 8; .NET4.0C; .NET4.0E)"
95.108.158.244 - - [03/Nov/2011:11:15:04 +0100] "GET /img/lay14.gif HTTP/1.1" 304 - "-" "Mozilla/5.0 (compatible; YandexImages/3.0; +http://yandex.com/bots)"
157.55.50.76 - - [03/Nov/2011:11:45:46 +0100] "GET /robots.txt HTTP/1.1" 200 218 "-" "Mozilla/5.0 (compatible; bingbot/2.0; +http://www.bing.com/bingbot.htm)"
95.108.158.244 - - [03/Nov/2011:12:22:46 +0100] "GET /img/lay06neu.gif HTTP/1.1" 304 - "-" "Mozilla/5.0 (compatible; YandexImages/3.0; +http://yandex.com/bots)"
194.153.113.7 - - [03/Nov/2011:12:55:07 +0100] "GET / HTTP/1.1" 200 9626 "-" "Mozilla/5.0 (compatible; oBot/2.3.1; +http://filterdb.iss.net/crawler/)"
95.108.158.244 - - [03/Nov/2011:13:48:35 +0100] "GET /img/roll_trans2.gif HTTP/1.1" 304 - "-" "Mozilla/5.0 (compatible; YandexImages/3.0; +http://yandex.com/bots)"
195.50.168.2 - - [03/Nov/2011:15:17:17 +0100] "HEAD / HTTP/1.1" 200 - "-" "Mozilla/5.0 (Windows; U; Windows NT 5.1; de; rv:1.9.2.6) Gecko/20100625 Firefox/3.6.6 ( .NET CLR 3.5.30729)"
212.204.68.178 - - [03/Nov/2011:17:02:47 +0100] "GET / HTTP/1.1" 200 9626 "http://www.gelbeseiten.de/yp/122/search.yp?sessionDataString=H4sIAAAAAAAAAEWHsQ5CIQwAv8axSeHxaEl3dTSa6GgKlOhmgMW%2Fl83hcneu-pIhoVmHLTSEwMeSQIuy5UA4Uc00VWiJVLE28k%2FT9SDj445ja57D3tDWn2%2FP%2FwrNrtWHay0smODmjXFCuq-p4ojyVaNI-pbY96ZUH4HBnHahwAAAA-e-e&at=yp&kindOfSearch=tradesearch&subject=Zahn%E4rzte&location=N%FCrnberg&x=10&y=20&distance=-1&execute=Suchen&suggest_choose=on&rz=122" "Mozilla/5.0 (Windows NT 6.1; WOW64; rv:7.0.1) Gecko/20100101 Firefox/7.0.1"
82.165.37.69 - - [03/Nov/2011:18:11:48 +0100] "GET / HTTP/1.0" 200 9626 "http://valerie-bistro.de/robot.html?=dr-heidi-fleischer.de" "Mozilla/5.0 (compatible; IPTCBOT;"
109.91.244.249 - - [03/Nov/2011:20:51:18 +0100] "HEAD / HTTP/1.1" 200 - "-" "Mozilla/5.0 (Windows; U; Windows NT 5.1; de; rv:1.9.2.6) Gecko/20100625 Firefox/3.6.6 ( .NET CLR 3.5.30729)"
89.134.72.49 - - [03/Nov/2011:20:54:37 +0100] "GET / HTTP/1.1" 200 9626 "http://www.gelbeseiten.de/yp/122/subscriberlist_pageAction.yp?sessionDataString=H4sIAAAAAAAAAFWOS0/DQAyEf02OW9kb70tzQhEFDjwEEgcuVZLd0CKUlk0EtL-peVU7BF3us8XzmWAfXMteqj-pyVDD6pMHivYhdcT4ZdGpwSNla6IUIzwvkE-p9bux-ppa8mVOaB-pqbZPHLuV3SKW3paduPEyfh2lORd-p87P6t4OfcxjSlNvd7RNYac7CB8bUK-pqBQkLQUjoFwouL4Fs0m4Eex48A1fiVsxJDRODNvyJN4XBhXl9V7t4S76Zjn3ULFfeGRddqRFYdHdsKEJ8KzYjSru6peUtoyV67Bq7CFK56hNtpb8joI/gDyOcNdPQEAAA-e-e&page=1&filterTrade=&filterFunction=&sortBy=sort_trade&availableLetters=ABCDEFGHIJKLMNOPQRSTUVWXZ" "Mozilla/4.0 (compatible; MSIE 8.0; Windows NT 6.1; WOW64; Trident/4.0; GTB7.1; SLCC2; .NET CLR 2.0.50727; .NET CLR 3.5.30729; .NET CLR 3.0.30729; Media Center PC 6.0; InfoPath.2; .NET4.0C)"
89.134.72.49 - - [03/Nov/2011:20:58:28 +0100] "GET / HTTP/1.1" 200 9626 "http://www.gelbeseiten.de/yp/122/subscriberlist_pageAction.yp?sessionDataString=H4sIAAAAAAAAAFWOS0/DQAyEf02OW9kb70tzQhEFDjwEEgcuVZLd0CKUlk0EtL-peVU7BF3us8XzmWAfXMteqj-pyVDD6pMHivYhdcT4ZdGpwSNla6IUIzwvkE-p9bux-ppa8mVOaB-pqbZPHLuV3SKW3paduPEyfh2lORd-p87P6t4OfcxjSlNvd7RNYac7CB8bUK-pqBQkLQUjoFwouL4Fs0m4Eex48A1fiVsxJDRODNvyJN4XBhXl9V7t4S76Zjn3ULFfeGRddqRFYdHdsKEJ8KzYjSru6peUtoyV67Bq7CFK56hNtpb8joI/gDyOcNdPQEAAA-e-e&page=1&filterTrade=&filterFunction=&sortBy=sort_trade&availableLetters=ABCDEFGHIJKLMNOPQRSTUVWXZ" "Mozilla/4.0 (compatible; MSIE 8.0; Windows NT 6.1; WOW64; Trident/4.0; GTB7.1; SLCC2; .NET CLR 2.0.50727; .NET CLR 3.5.30729; .NET CLR 3.0.30729; Media Center PC 6.0; InfoPath.2; .NET4.0C)"
157.55.50.76 - - [03/Nov/2011:22:10:56 +0100] "GET /robots.txt HTTP/1.1" 200 218 "-" "Mozilla/5.0 (compatible; bingbot/2.0; +http://www.bing.com/bingbot.htm)"
109.91.244.249 - - [03/Nov/2011:22:23:14 +0100] "HEAD / HTTP/1.1" 200 - "-" "Mozilla/5.0 (Windows; U; Windows NT 5.1; de; rv:1.9.2.6) Gecko/20100625 Firefox/3.6.6 ( .NET CLR 3.5.30729)"
207.46.199.189 - - [04/Nov/2011:09:07:38 +0100] "GET /robots.txt HTTP/1.1" 200 218 "-" "Mozilla/5.0 (compatible; bingbot/2.0; +http://www.bing.com/bingbot.htm)"
207.46.199.189 - - [04/Nov/2011:10:10:09 +0100] "GET /robots.txt HTTP/1.1" 200 218 "-" "Mozilla/5.0 (compatible; bingbot/2.0; +http://www.bing.com/bingbot.htm)"
207.46.199.189 - - [04/Nov/2011:11:24:26 +0100] "GET /robots.txt HTTP/1.1" 200 218 "-" "Mozilla/5.0 (compatible; bingbot/2.0; +http://www.bing.com/bingbot.htm)"
157.55.50.76 - - [04/Nov/2011:13:20:25 +0100] "GET /robots.txt HTTP/1.1" 200 218 "-" "Mozilla/5.0 (compatible; bingbot/2.0; +http://www.bing.com/bingbot.htm)"
74.52.245.146 - - [04/Nov/2011:13:47:56 +0100] "GET / HTTP/1.0" 200 9626 "-" "Mozilla/5.0 (X11; U; Linux i686; en-US; rv:1.7.5) Gecko/20041107 Firefox/1.0"
95.108.158.244 - - [04/Nov/2011:16:23:21 +0100] "GET /robots.txt HTTP/1.1" 200 218 "-" "Mozilla/5.0 (compatible; YandexImages/3.0; +http://yandex.com/bots)"
95.108.158.244 - - [04/Nov/2011:17:36:43 +0100] "GET /img/lay06neu.gif HTTP/1.1" 304 - "-" "Mozilla/5.0 (compatible; YandexImages/3.0; +http://yandex.com/bots)"
95.108.158.244 - - [04/Nov/2011:18:52:29 +0100] "GET /img/lay14.gif HTTP/1.1" 304 - "-" "Mozilla/5.0 (compatible; YandexImages/3.0; +http://yandex.com/bots)"
157.55.50.76 - - [04/Nov/2011:19:06:05 +0100] "GET /robots.txt HTTP/1.1" 200 218 "-" "Mozilla/5.0 (compatible; bingbot/2.0; +http://www.bing.com/bingbot.htm)"
66.249.72.87 - - [04/Nov/2011:20:16:40 +0100] "GET /robots.txt HTTP/1.1" 200 218 "-" "Mozilla/5.0 (compatible; Googlebot/2.1; +http://www.google.com/bot.html)"
66.249.72.87 - - [04/Nov/2011:20:16:41 +0100] "GET /img/dr_fleischer_ani.gif HTTP/1.1" 304 - "-" "Googlebot-Image/1.0"
95.108.158.244 - - [04/Nov/2011:20:26:48 +0100] "GET /img/f_1-p.gif HTTP/1.1" 304 - "-" "Mozilla/5.0 (compatible; YandexImages/3.0; +http://yandex.com/bots)"
66.249.72.87 - - [04/Nov/2011:20:36:22 +0100] "GET /img/zert_1.jpg HTTP/1.1" 304 - "-" "Googlebot-Image/1.0"
66.249.72.87 - - [04/Nov/2011:20:56:11 +0100] "GET /img/lay13.gif HTTP/1.1" 304 - "-" "Googlebot-Image/1.0"
66.249.72.87 - - [04/Nov/2011:21:15:52 +0100] "GET /img/zert_1gross.jpg HTTP/1.1" 304 - "-" "Googlebot-Image/1.0"
95.108.158.244 - - [04/Nov/2011:21:32:33 +0100] "GET /img/roll_trans.gif HTTP/1.1" 304 - "-" "Mozilla/5.0 (compatible; YandexImages/3.0; +http://yandex.com/bots)"
157.55.50.76 - - [04/Nov/2011:21:33:11 +0100] "GET /robots.txt HTTP/1.1" 200 218 "-" "Mozilla/5.0 (compatible; bingbot/2.0; +http://www.bing.com/bingbot.htm)"
66.249.72.87 - - [04/Nov/2011:21:35:40 +0100] "GET /img/leistungen_1.jpg HTTP/1.1" 304 - "-" "Googlebot-Image/1.0"
66.249.72.87 - - [04/Nov/2011:21:55:22 +0100] "GET /img/leistungen_2.jpg HTTP/1.1" 304 - "-" "Googlebot-Image/1.0"
66.249.72.87 - - [04/Nov/2011:22:15:07 +0100] "GET /img/spez_leistungen_2.jpg HTTP/1.1" 304 - "-" "Googlebot-Image/1.0"
66.249.72.87 - - [04/Nov/2011:22:34:53 +0100] "GET /img/praxis_1.jpg HTTP/1.1" 304 - "-" "Googlebot-Image/1.0"
95.108.158.244 - - [04/Nov/2011:22:38:17 +0100] "GET /img/lay16.gif HTTP/1.1" 304 - "-" "Mozilla/5.0 (compatible; YandexImages/3.0; +http://yandex.com/bots)"
66.249.72.87 - - [04/Nov/2011:22:54:41 +0100] "GET /img/praxis_3.jpg HTTP/1.1" 304 - "-" "Googlebot-Image/1.0"
66.249.72.87 - - [04/Nov/2011:23:14:22 +0100] "GET /img/praxis_2.jpg HTTP/1.1" 304 - "-" "Googlebot-Image/1.0"
95.108.158.244 - - [05/Nov/2011:00:16:53 +0100] "GET /img/roll_trans2.gif HTTP/1.1" 304 - "-" "Mozilla/5.0 (compatible; YandexImages/3.0; +http://yandex.com/bots)"
95.108.158.244 - - [05/Nov/2011:01:22:38 +0100] "GET /img/tel_footer.gif HTTP/1.1" 304 - "-" "Mozilla/5.0 (compatible; YandexImages/3.0; +http://yandex.com/bots)"
208.115.111.72 - - [05/Nov/2011:05:43:35 +0100] "GET /robots.txt HTTP/1.1" 200 218 "-" "Mozilla/5.0 (compatible; Ezooms/1.0; ezooms.bot@gmail.com)"
208.115.111.72 - - [05/Nov/2011:07:57:07 +0100] "GET / HTTP/1.1" 200 9626 "-" "Mozilla/5.0 (compatible; Ezooms/1.0; ezooms.bot@gmail.com)"
157.55.50.76 - - [05/Nov/2011:08:37:08 +0100] "GET /robots.txt HTTP/1.1" 200 218 "-" "Mozilla/5.0 (compatible; bingbot/2.0; +http://www.bing.com/bingbot.htm)"
208.115.111.67 - - [05/Nov/2011:09:51:34 +0100] "GET /robots.txt HTTP/1.1" 200 218 "-" "Mozilla/5.0 (compatible; Ezooms/1.0; ezooms.bot@gmail.com)"
208.115.111.67 - - [05/Nov/2011:10:14:38 +0100] "GET / HTTP/1.1" 200 9626 "-" "Mozilla/5.0 (compatible; Ezooms/1.0; ezooms.bot@gmail.com)"
66.249.72.87 - - [05/Nov/2011:10:29:28 +0100] "GET /impressum.php HTTP/1.1" 200 8293 "-" "Mozilla/5.0 (compatible; Googlebot/2.1; +http://www.google.com/bot.html)"
207.46.12.238 - - [05/Nov/2011:11:44:44 +0100] "GET /robots.txt HTTP/1.1" 200 218 "-" "Mozilla/5.0 (compatible; bingbot/2.0; +http://www.bing.com/bingbot.htm)"
207.46.12.238 - - [05/Nov/2011:11:45:24 +0100] "GET /spez_leistungen.php HTTP/1.1" 200 7752 "-" "Mozilla/5.0 (compatible; bingbot/2.0; +http://www.bing.com/bingbot.htm)"
93.193.76.61 - - [05/Nov/2011:12:20:47 +0100] "GET / HTTP/1.1" 200 9626 "http://www.gelbeseiten.de/yp/122/subscriberlist_pageAction.yp?sessionDataString=H4sIAAAAAAAAAFVOy07DMBD8mhxd7TobPzQnFFHgwEMgceBS2Y1Di1BanAhovh4rp7CX2RnNzizXbF3fxU5JikaJiUEF12tlQnSp9s71JKqWIE2KEZrhL2eYt3AYqmvJ85QQHqptm4eY8juk0tuCKQ7H8fM4Tqnwm5fdPwluyqFLYwp5f0DHWmPyxjO-pVkEf5BsjtAxOnnCm4vgWzY3Hj2LLnmv8it9IQ43GhXlDjsRhZlzNq/duCXfjKU-p7pRX3pY-pM1ZaMWDyyFSY8EZ4Vo13dVfWSEspe2Ravwga2eHomZqe9MOMPXCFkMD0BAAA-e&page=1&filterTrade=&filterFunction=&sortBy=sort_trade&availableLetters=ABCDEFGHIJKLMNOPQRSTUVWXZ" "Mozilla/5.0 (Windows NT 6.1; rv:7.0.1) Gecko/20100101 Firefox/7.0.1"
95.108.158.244 - - [05/Nov/2011:14:58:22 +0100] "GET /img/roll_trans.gif HTTP/1.1" 304 - "-" "Mozilla/5.0 (compatible; YandexImages/3.0; +http://yandex.com/bots)"
95.108.151.244 - - [05/Nov/2011:15:53:25 +0100] "GET /robots.txt HTTP/1.1" 200 218 "-" "Mozilla/5.0 (compatible; YandexBot/3.0; +http://yandex.com/bots)"
95.108.151.244 - - [05/Nov/2011:15:53:26 +0100] "GET / HTTP/1.1" 200 9626 "-" "Mozilla/5.0 (compatible; YandexBot/3.0; +http://yandex.com/bots)"
95.108.151.244 - - [05/Nov/2011:15:53:27 +0100] "GET / HTTP/1.1" 200 9626 "-" "Mozilla/5.0 (compatible; YandexBot/3.0; +http://yandex.com/bots)"
95.108.158.244 - - [05/Nov/2011:15:53:36 +0100] "GET /img/lay14.gif HTTP/1.1" 304 - "-" "Mozilla/5.0 (compatible; YandexImages/3.0; +http://yandex.com/bots)"
95.108.151.244 - - [05/Nov/2011:15:54:12 +0100] "GET /robots.txt HTTP/1.1" 200 218 "-" "Mozilla/5.0 (compatible; YandexBot/3.0; +http://yandex.com/bots)"
95.108.151.244 - - [05/Nov/2011:15:54:13 +0100] "GET / HTTP/1.1" 200 9626 "-" "Mozilla/5.0 (compatible; YandexBot/3.0; +http://yandex.com/bots)"
95.108.151.244 - - [05/Nov/2011:15:54:14 +0100] "GET / HTTP/1.1" 200 9626 "-" "Mozilla/5.0 (compatible; YandexBot/3.0; +http://yandex.com/bots)"
188.110.55.50 - - [05/Nov/2011:16:28:38 +0100] "GET / HTTP/1.1" 200 9626 "http://www.google.de/url?sa=t&rct=j&q=heidi%20fleischer&source=web&cd=4&sqi=2&ved=0CDgQFjAD&url=http%3A%2F%2Fwww.dr-heidi-fleischer.de%2F&ei=21W1Tr6rDcOg4gTu7f3BAw&usg=AFQjCNFtUEW4ruGRBkbh9xWO3kO7xPGlWQ" "Opera/9.80 (Windows NT 5.1; U; de) Presto/2.9.168 Version/11.51"
188.110.55.50 - - [05/Nov/2011:16:28:39 +0100] "GET /img/animated_favicon1.gif HTTP/1.1" 200 1808 "http://www.dr-heidi-fleischer.de/" "Opera/9.80 (Windows NT 5.1; U; de) Presto/2.9.168 Version/11.51"
188.110.55.50 - - [05/Nov/2011:16:28:39 +0100] "GET /img/favicon.ico HTTP/1.1" 200 5430 "http://www.dr-heidi-fleischer.de/" "Opera/9.80 (Windows NT 5.1; U; de) Presto/2.9.168 Version/11.51"
188.110.55.50 - - [05/Nov/2011:16:28:39 +0100] "GET /css/fl_style.css HTTP/1.1" 200 10194 "http://www.dr-heidi-fleischer.de/" "Opera/9.80 (Windows NT 5.1; U; de) Presto/2.9.168 Version/11.51"
188.110.55.50 - - [05/Nov/2011:16:28:39 +0100] "GET /scripte/all_scripts.js HTTP/1.1" 200 249 "http://www.dr-heidi-fleischer.de/" "Opera/9.80 (Windows NT 5.1; U; de) Presto/2.9.168 Version/11.51"
188.110.55.50 - - [05/Nov/2011:16:28:39 +0100] "GET /img/lay01.gif HTTP/1.1" 200 273 "http://www.dr-heidi-fleischer.de/" "Opera/9.80 (Windows NT 5.1; U; de) Presto/2.9.168 Version/11.51"
188.110.55.50 - - [05/Nov/2011:16:28:39 +0100] "GET /img/f_1-p.gif HTTP/1.1" 200 43 "http://www.dr-heidi-fleischer.de/" "Opera/9.80 (Windows NT 5.1; U; de) Presto/2.9.168 Version/11.51"
188.110.55.50 - - [05/Nov/2011:16:28:39 +0100] "GET /img/tel_footer.gif HTTP/1.1" 200 1051 "http://www.dr-heidi-fleischer.de/" "Opera/9.80 (Windows NT 5.1; U; de) Presto/2.9.168 Version/11.51"
188.110.55.50 - - [05/Nov/2011:16:28:39 +0100] "GET /img/lay07.gif HTTP/1.1" 200 453 "http://www.dr-heidi-fleischer.de/" "Opera/9.80 (Windows NT 5.1; U; de) Presto/2.9.168 Version/11.51"
188.110.55.50 - - [05/Nov/2011:16:28:39 +0100] "GET /img/zert_1.jpg HTTP/1.1" 200 6013 "http://www.dr-heidi-fleischer.de/" "Opera/9.80 (Windows NT 5.1; U; de) Presto/2.9.168 Version/11.51"
188.110.55.50 - - [05/Nov/2011:16:28:39 +0100] "GET /img/roll_trans.gif HTTP/1.1" 200 609 "http://www.dr-heidi-fleischer.de/" "Opera/9.80 (Windows NT 5.1; U; de) Presto/2.9.168 Version/11.51"
188.110.55.50 - - [05/Nov/2011:16:28:39 +0100] "GET /img/roll_trans2.gif HTTP/1.1" 200 609 "http://www.dr-heidi-fleischer.de/" "Opera/9.80 (Windows NT 5.1; U; de) Presto/2.9.168 Version/11.51"
188.110.55.50 - - [05/Nov/2011:16:28:39 +0100] "GET /img/lay06neu.gif HTTP/1.1" 200 583 "http://www.dr-heidi-fleischer.de/" "Opera/9.80 (Windows NT 5.1; U; de) Presto/2.9.168 Version/11.51"
188.110.55.50 - - [05/Nov/2011:16:28:39 +0100] "GET /img/lay08.gif HTTP/1.1" 200 534 "http://www.dr-heidi-fleischer.de/" "Opera/9.80 (Windows NT 5.1; U; de) Presto/2.9.168 Version/11.51"
188.110.55.50 - - [05/Nov/2011:16:28:39 +0100] "GET /img/lay14.gif HTTP/1.1" 200 104 "http://www.dr-heidi-fleischer.de/" "Opera/9.80 (Windows NT 5.1; U; de) Presto/2.9.168 Version/11.51"
188.110.55.50 - - [05/Nov/2011:16:28:39 +0100] "GET /img/lay16.gif HTTP/1.1" 200 309 "http://www.dr-heidi-fleischer.de/" "Opera/9.80 (Windows NT 5.1; U; de) Presto/2.9.168 Version/11.51"
188.110.55.50 - - [05/Nov/2011:16:28:39 +0100] "GET /img/hg_body.jpg HTTP/1.1" 200 2615 "http://www.dr-heidi-fleischer.de/" "Opera/9.80 (Windows NT 5.1; U; de) Presto/2.9.168 Version/11.51"
188.110.55.50 - - [05/Nov/2011:16:28:39 +0100] "GET /img/lay05.gif HTTP/1.1" 200 331 "http://www.dr-heidi-fleischer.de/" "Opera/9.80 (Windows NT 5.1; U; de) Presto/2.9.168 Version/11.51"
188.110.55.50 - - [05/Nov/2011:16:28:39 +0100] "GET /img/lay13.gif HTTP/1.1" 200 181 "http://www.dr-heidi-fleischer.de/" "Opera/9.80 (Windows NT 5.1; U; de) Presto/2.9.168 Version/11.51"
188.110.55.50 - - [05/Nov/2011:16:28:39 +0100] "GET /img/lay02.gif HTTP/1.1" 200 68 "http://www.dr-heidi-fleischer.de/" "Opera/9.80 (Windows NT 5.1; U; de) Presto/2.9.168 Version/11.51"
188.110.55.50 - - [05/Nov/2011:16:28:39 +0100] "GET /img/right_bg.gif HTTP/1.1" 200 76 "http://www.dr-heidi-fleischer.de/" "Opera/9.80 (Windows NT 5.1; U; de) Presto/2.9.168 Version/11.51"
188.110.55.50 - - [05/Nov/2011:16:28:39 +0100] "GET /img/lay04.gif HTTP/1.1" 200 68 "http://www.dr-heidi-fleischer.de/" "Opera/9.80 (Windows NT 5.1; U; de) Presto/2.9.168 Version/11.51"
188.110.55.50 - - [05/Nov/2011:16:28:39 +0100] "GET /img/left_bg2.gif HTTP/1.1" 200 176 "http://www.dr-heidi-fleischer.de/" "Opera/9.80 (Windows NT 5.1; U; de) Presto/2.9.168 Version/11.51"
188.110.55.50 - - [05/Nov/2011:16:28:40 +0100] "GET /img/left_bg.gif HTTP/1.1" 200 98 "http://www.dr-heidi-fleischer.de/" "Opera/9.80 (Windows NT 5.1; U; de) Presto/2.9.168 Version/11.51"
188.110.55.50 - - [05/Nov/2011:16:28:39 +0100] "GET /img/right_bg.jpg HTTP/1.1" 404 1256 "http://www.dr-heidi-fleischer.de/" "Opera/9.80 (Windows NT 5.1; U; de) Presto/2.9.168 Version/11.51"
188.110.55.50 - - [05/Nov/2011:16:28:40 +0100] "GET /img/bottom_bg.gif HTTP/1.1" 200 79 "http://www.dr-heidi-fleischer.de/" "Opera/9.80 (Windows NT 5.1; U; de) Presto/2.9.168 Version/11.51"
188.110.55.50 - - [05/Nov/2011:16:28:39 +0100] "GET /img/zert_1gross.jpg HTTP/1.1" 200 22004 "http://www.dr-heidi-fleischer.de/" "Opera/9.80 (Windows NT 5.1; U; de) Presto/2.9.168 Version/11.51"
188.110.55.50 - - [05/Nov/2011:16:28:40 +0100] "GET /img/lay03.gif HTTP/1.1" 200 1060 "http://www.dr-heidi-fleischer.de/" "Opera/9.80 (Windows NT 5.1; U; de) Presto/2.9.168 Version/11.51"
188.110.55.50 - - [05/Nov/2011:16:28:40 +0100] "GET /img/lay10.gif HTTP/1.1" 200 252 "http://www.dr-heidi-fleischer.de/" "Opera/9.80 (Windows NT 5.1; U; de) Presto/2.9.168 Version/11.51"
188.110.55.50 - - [05/Nov/2011:16:28:40 +0100] "GET /img/lay09.gif HTTP/1.1" 200 135 "http://www.dr-heidi-fleischer.de/" "Opera/9.80 (Windows NT 5.1; U; de) Presto/2.9.168 Version/11.51"
188.110.55.50 - - [05/Nov/2011:16:28:39 +0100] "GET /img/hg_zahn2.gif HTTP/1.1" 200 20816 "http://www.dr-heidi-fleischer.de/" "Opera/9.80 (Windows NT 5.1; U; de) Presto/2.9.168 Version/11.51"
188.110.55.50 - - [05/Nov/2011:16:28:40 +0100] "GET /img/header_neu.gif HTTP/1.1" 200 32567 "http://www.dr-heidi-fleischer.de/" "Opera/9.80 (Windows NT 5.1; U; de) Presto/2.9.168 Version/11.51"
188.110.55.50 - - [05/Nov/2011:16:28:40 +0100] "GET /img/header_neu.gif HTTP/1.1" 200 32567 "http://www.dr-heidi-fleischer.de/" "Opera/9.80 (Windows NT 5.1; U; de) Presto/2.9.168 Version/11.51"
188.110.55.50 - - [05/Nov/2011:16:28:39 +0100] "GET /img/dr_fleischer_ani.gif HTTP/1.1" 200 854042 "http://www.dr-heidi-fleischer.de/" "Opera/9.80 (Windows NT 5.1; U; de) Presto/2.9.168 Version/11.51"
188.110.55.50 - - [05/Nov/2011:16:28:47 +0100] "GET /img/lay09.gif HTTP/1.1" 200 135 "http://www.dr-heidi-fleischer.de/" "Opera/9.80 (Windows NT 5.1; U; de) Presto/2.9.168 Version/11.51"
188.110.55.50 - - [05/Nov/2011:16:28:47 +0100] "GET /img/lay03.gif HTTP/1.1" 200 1060 "http://www.dr-heidi-fleischer.de/" "Opera/9.80 (Windows NT 5.1; U; de) Presto/2.9.168 Version/11.51"
188.110.55.50 - - [05/Nov/2011:16:29:00 +0100] "GET /praxis.php HTTP/1.1" 200 7017 "http://www.dr-heidi-fleischer.de/" "Opera/9.80 (Windows NT 5.1; U; de) Presto/2.9.168 Version/11.51"
188.110.55.50 - - [05/Nov/2011:16:29:00 +0100] "GET /img/right_bg.jpg HTTP/1.1" 404 1256 "http://www.dr-heidi-fleischer.de/praxis.php" "Opera/9.80 (Windows NT 5.1; U; de) Presto/2.9.168 Version/11.51"
188.110.55.50 - - [05/Nov/2011:16:29:00 +0100] "GET /img/praxis_2.jpg HTTP/1.1" 200 30574 "http://www.dr-heidi-fleischer.de/praxis.php" "Opera/9.80 (Windows NT 5.1; U; de) Presto/2.9.168 Version/11.51"
188.110.55.50 - - [05/Nov/2011:16:29:00 +0100] "GET /img/praxis_1.jpg HTTP/1.1" 200 39868 "http://www.dr-heidi-fleischer.de/praxis.php" "Opera/9.80 (Windows NT 5.1; U; de) Presto/2.9.168 Version/11.51"
188.110.55.50 - - [05/Nov/2011:16:29:00 +0100] "GET /img/praxis_3.jpg HTTP/1.1" 200 36951 "http://www.dr-heidi-fleischer.de/praxis.php" "Opera/9.80 (Windows NT 5.1; U; de) Presto/2.9.168 Version/11.51"
188.110.55.50 - - [05/Nov/2011:16:29:06 +0100] "GET /spez_leistungen.php HTTP/1.1" 200 7752 "http://www.dr-heidi-fleischer.de/praxis.php" "Opera/9.80 (Windows NT 5.1; U; de) Presto/2.9.168 Version/11.51"
188.110.55.50 - - [05/Nov/2011:16:29:06 +0100] "GET /img/spez_leistungen_1.jpg HTTP/1.1" 200 18858 "http://www.dr-heidi-fleischer.de/spez_leistungen.php" "Opera/9.80 (Windows NT 5.1; U; de) Presto/2.9.168 Version/11.51"
188.110.55.50 - - [05/Nov/2011:16:29:06 +0100] "GET /img/spez_leistungen_2.jpg HTTP/1.1" 200 13667 "http://www.dr-heidi-fleischer.de/spez_leistungen.php" "Opera/9.80 (Windows NT 5.1; U; de) Presto/2.9.168 Version/11.51"
188.110.55.50 - - [05/Nov/2011:16:29:12 +0100] "GET /leistungen.php HTTP/1.1" 200 8056 "http://www.dr-heidi-fleischer.de/spez_leistungen.php" "Opera/9.80 (Windows NT 5.1; U; de) Presto/2.9.168 Version/11.51"
188.110.55.50 - - [05/Nov/2011:16:29:12 +0100] "GET /img/leistungen_1.jpg HTTP/1.1" 200 15190 "http://www.dr-heidi-fleischer.de/leistungen.php" "Opera/9.80 (Windows NT 5.1; U; de) Presto/2.9.168 Version/11.51"
188.110.55.50 - - [05/Nov/2011:16:29:12 +0100] "GET /img/leistungen_2.jpg HTTP/1.1" 200 13824 "http://www.dr-heidi-fleischer.de/leistungen.php" "Opera/9.80 (Windows NT 5.1; U; de) Presto/2.9.168 Version/11.51"
95.108.158.244 - - [05/Nov/2011:17:16:13 +0100] "GET /robots.txt HTTP/1.1" 200 218 "-" "Mozilla/5.0 (compatible; YandexImages/3.0; +http://yandex.com/bots)"
66.249.71.136 - - [05/Nov/2011:17:37:52 +0100] "GET /robots.txt HTTP/1.1" 200 218 "-" "Mozilla/5.0 (compatible; Googlebot/2.1; +http://www.google.com/bot.html)"
66.249.71.136 - - [05/Nov/2011:17:37:52 +0100] "GET /spez_leistungen.php HTTP/1.1" 200 7752 "-" "Mozilla/5.0 (compatible; Googlebot/2.1; +http://www.google.com/bot.html)"
95.108.158.244 - - [05/Nov/2011:18:20:07 +0100] "GET /img/lay06neu.gif HTTP/1.1" 304 - "-" "Mozilla/5.0 (compatible; YandexImages/3.0; +http://yandex.com/bots)"
66.249.71.136 - - [05/Nov/2011:19:20:04 +0100] "GET /img/spez_leistungen_1.jpg HTTP/1.1" 304 - "-" "Googlebot-Image/1.0"
95.108.158.244 - - [05/Nov/2011:19:36:48 +0100] "GET /img/tel_footer.gif HTTP/1.1" 304 - "-" "Mozilla/5.0 (compatible; YandexImages/3.0; +http://yandex.com/bots)"
95.108.158.244 - - [05/Nov/2011:20:40:41 +0100] "GET /img/roll_trans2.gif HTTP/1.1" 304 - "-" "Mozilla/5.0 (compatible; YandexImages/3.0; +http://yandex.com/bots)"
95.108.158.244 - - [05/Nov/2011:21:57:21 +0100] "GET /img/f_1-p.gif HTTP/1.1" 304 - "-" "Mozilla/5.0 (compatible; YandexImages/3.0; +http://yandex.com/bots)"
80.187.103.150 - - [05/Nov/2011:22:15:23 +0100] "GET / HTTP/1.1" 200 9626 "http://www.google.de/search?hl=de&site=&q=heidi+fleischer&oq=heidi+fleis&aq=2&aqi=g5&aql=1&gs_sm=c&gs_upl=5472l21985l0l26600l17l17l2l3l3l0l376l3431l2-9.3l12l0" "Mozilla/5.0 (Linux; U; Android 2.2; de-de; HTC Desire Build/FRF91) AppleWebKit/533.1 (KHTML, like Gecko) Version/4.0 Mobile Safari/533.1"
80.187.103.150 - - [05/Nov/2011:22:15:23 +0100] "GET /css/fl_style.css HTTP/1.1" 200 10194 "http://www.dr-heidi-fleischer.de/" "Mozilla/5.0 (Linux; U; Android 2.2; de-de; HTC Desire Build/FRF91) AppleWebKit/533.1 (KHTML, like Gecko) Version/4.0 Mobile Safari/533.1"
80.187.103.150 - - [05/Nov/2011:22:15:23 +0100] "GET /scripte/all_scripts.js HTTP/1.1" 200 249 "http://www.dr-heidi-fleischer.de/" "Mozilla/5.0 (Linux; U; Android 2.2; de-de; HTC Desire Build/FRF91) AppleWebKit/533.1 (KHTML, like Gecko) Version/4.0 Mobile Safari/533.1"
80.187.103.150 - - [05/Nov/2011:22:15:23 +0100] "GET /img/hg_body.jpg HTTP/1.1" 200 2615 "http://www.dr-heidi-fleischer.de/" "Mozilla/5.0 (Linux; U; Android 2.2; de-de; HTC Desire Build/FRF91) AppleWebKit/533.1 (KHTML, like Gecko) Version/4.0 Mobile Safari/533.1"
80.187.103.150 - - [05/Nov/2011:22:15:23 +0100] "GET /img/lay01.gif HTTP/1.1" 200 273 "http://www.dr-heidi-fleischer.de/" "Mozilla/5.0 (Linux; U; Android 2.2; de-de; HTC Desire Build/FRF91) AppleWebKit/533.1 (KHTML, like Gecko) Version/4.0 Mobile Safari/533.1"
80.187.103.150 - - [05/Nov/2011:22:15:23 +0100] "GET /img/lay02.gif HTTP/1.1" 200 68 "http://www.dr-heidi-fleischer.de/" "Mozilla/5.0 (Linux; U; Android 2.2; de-de; HTC Desire Build/FRF91) AppleWebKit/533.1 (KHTML, like Gecko) Version/4.0 Mobile Safari/533.1"
80.187.103.150 - - [05/Nov/2011:22:15:24 +0100] "GET /img/f_1-p.gif HTTP/1.1" 200 43 "http://www.dr-heidi-fleischer.de/" "Mozilla/5.0 (Linux; U; Android 2.2; de-de; HTC Desire Build/FRF91) AppleWebKit/533.1 (KHTML, like Gecko) Version/4.0 Mobile Safari/533.1"
80.187.103.150 - - [05/Nov/2011:22:15:24 +0100] "GET /img/lay03.gif HTTP/1.1" 200 1060 "http://www.dr-heidi-fleischer.de/" "Mozilla/5.0 (Linux; U; Android 2.2; de-de; HTC Desire Build/FRF91) AppleWebKit/533.1 (KHTML, like Gecko) Version/4.0 Mobile Safari/533.1"
80.187.103.150 - - [05/Nov/2011:22:15:24 +0100] "GET /img/lay04.gif HTTP/1.1" 200 68 "http://www.dr-heidi-fleischer.de/" "Mozilla/5.0 (Linux; U; Android 2.2; de-de; HTC Desire Build/FRF91) AppleWebKit/533.1 (KHTML, like Gecko) Version/4.0 Mobile Safari/533.1"
80.187.103.150 - - [05/Nov/2011:22:15:24 +0100] "GET /img/tel_footer.gif HTTP/1.1" 200 1051 "http://www.dr-heidi-fleischer.de/" "Mozilla/5.0 (Linux; U; Android 2.2; de-de; HTC Desire Build/FRF91) AppleWebKit/533.1 (KHTML, like Gecko) Version/4.0 Mobile Safari/533.1"
80.187.103.150 - - [05/Nov/2011:22:15:24 +0100] "GET /img/left_bg2.gif HTTP/1.1" 200 176 "http://www.dr-heidi-fleischer.de/" "Mozilla/5.0 (Linux; U; Android 2.2; de-de; HTC Desire Build/FRF91) AppleWebKit/533.1 (KHTML, like Gecko) Version/4.0 Mobile Safari/533.1"
80.187.103.150 - - [05/Nov/2011:22:15:24 +0100] "GET /img/lay07.gif HTTP/1.1" 200 453 "http://www.dr-heidi-fleischer.de/" "Mozilla/5.0 (Linux; U; Android 2.2; de-de; HTC Desire Build/FRF91) AppleWebKit/533.1 (KHTML, like Gecko) Version/4.0 Mobile Safari/533.1"
80.187.103.150 - - [05/Nov/2011:22:15:24 +0100] "GET /img/hg_zahn2.gif HTTP/1.1" 200 20816 "http://www.dr-heidi-fleischer.de/" "Mozilla/5.0 (Linux; U; Android 2.2; de-de; HTC Desire Build/FRF91) AppleWebKit/533.1 (KHTML, like Gecko) Version/4.0 Mobile Safari/533.1"
80.187.103.150 - - [05/Nov/2011:22:15:24 +0100] "GET /img/lay06neu.gif HTTP/1.1" 200 583 "http://www.dr-heidi-fleischer.de/" "Mozilla/5.0 (Linux; U; Android 2.2; de-de; HTC Desire Build/FRF91) AppleWebKit/533.1 (KHTML, like Gecko) Version/4.0 Mobile Safari/533.1"
80.187.103.150 - - [05/Nov/2011:22:15:24 +0100] "GET /img/lay05.gif HTTP/1.1" 200 331 "http://www.dr-heidi-fleischer.de/" "Mozilla/5.0 (Linux; U; Android 2.2; de-de; HTC Desire Build/FRF91) AppleWebKit/533.1 (KHTML, like Gecko) Version/4.0 Mobile Safari/533.1"
80.187.103.150 - - [05/Nov/2011:22:15:24 +0100] "GET /img/header_neu.gif HTTP/1.1" 200 32567 "http://www.dr-heidi-fleischer.de/" "Mozilla/5.0 (Linux; U; Android 2.2; de-de; HTC Desire Build/FRF91) AppleWebKit/533.1 (KHTML, like Gecko) Version/4.0 Mobile Safari/533.1"
80.187.103.150 - - [05/Nov/2011:22:15:24 +0100] "GET /img/roll_trans2.gif HTTP/1.1" 200 609 "http://www.dr-heidi-fleischer.de/" "Mozilla/5.0 (Linux; U; Android 2.2; de-de; HTC Desire Build/FRF91) AppleWebKit/533.1 (KHTML, like Gecko) Version/4.0 Mobile Safari/533.1"
80.187.103.150 - - [05/Nov/2011:22:15:24 +0100] "GET /img/right_bg.jpg HTTP/1.1" 404 1256 "http://www.dr-heidi-fleischer.de/" "Mozilla/5.0 (Linux; U; Android 2.2; de-de; HTC Desire Build/FRF91) AppleWebKit/533.1 (KHTML, like Gecko) Version/4.0 Mobile Safari/533.1"
80.187.103.150 - - [05/Nov/2011:22:15:24 +0100] "GET /img/lay16.gif HTTP/1.1" 200 309 "http://www.dr-heidi-fleischer.de/" "Mozilla/5.0 (Linux; U; Android 2.2; de-de; HTC Desire Build/FRF91) AppleWebKit/533.1 (KHTML, like Gecko) Version/4.0 Mobile Safari/533.1"
80.187.103.150 - - [05/Nov/2011:22:15:24 +0100] "GET /img/left_bg.gif HTTP/1.1" 200 98 "http://www.dr-heidi-fleischer.de/" "Mozilla/5.0 (Linux; U; Android 2.2; de-de; HTC Desire Build/FRF91) AppleWebKit/533.1 (KHTML, like Gecko) Version/4.0 Mobile Safari/533.1"
80.187.103.150 - - [05/Nov/2011:22:15:24 +0100] "GET /img/right_bg.gif HTTP/1.1" 200 76 "http://www.dr-heidi-fleischer.de/" "Mozilla/5.0 (Linux; U; Android 2.2; de-de; HTC Desire Build/FRF91) AppleWebKit/533.1 (KHTML, like Gecko) Version/4.0 Mobile Safari/533.1"
80.187.103.150 - - [05/Nov/2011:22:15:24 +0100] "GET /img/lay08.gif HTTP/1.1" 200 534 "http://www.dr-heidi-fleischer.de/" "Mozilla/5.0 (Linux; U; Android 2.2; de-de; HTC Desire Build/FRF91) AppleWebKit/533.1 (KHTML, like Gecko) Version/4.0 Mobile Safari/533.1"
80.187.103.150 - - [05/Nov/2011:22:15:24 +0100] "GET /img/roll_trans.gif HTTP/1.1" 200 609 "http://www.dr-heidi-fleischer.de/" "Mozilla/5.0 (Linux; U; Android 2.2; de-de; HTC Desire Build/FRF91) AppleWebKit/533.1 (KHTML, like Gecko) Version/4.0 Mobile Safari/533.1"
80.187.103.150 - - [05/Nov/2011:22:15:24 +0100] "GET /img/lay09.gif HTTP/1.1" 200 135 "http://www.dr-heidi-fleischer.de/" "Mozilla/5.0 (Linux; U; Android 2.2; de-de; HTC Desire Build/FRF91) AppleWebKit/533.1 (KHTML, like Gecko) Version/4.0 Mobile Safari/533.1"
80.187.103.150 - - [05/Nov/2011:22:15:24 +0100] "GET /img/lay10.gif HTTP/1.1" 200 252 "http://www.dr-heidi-fleischer.de/" "Mozilla/5.0 (Linux; U; Android 2.2; de-de; HTC Desire Build/FRF91) AppleWebKit/533.1 (KHTML, like Gecko) Version/4.0 Mobile Safari/533.1"
80.187.103.150 - - [05/Nov/2011:22:15:24 +0100] "GET /img/dr_fleischer_ani.gif HTTP/1.1" 200 854042 "http://www.dr-heidi-fleischer.de/" "Mozilla/5.0 (Linux; U; Android 2.2; de-de; HTC Desire Build/FRF91) AppleWebKit/533.1 (KHTML, like Gecko) Version/4.0 Mobile Safari/533.1"
80.187.103.150 - - [05/Nov/2011:22:15:24 +0100] "GET /img/bottom_bg.gif HTTP/1.1" 200 79 "http://www.dr-heidi-fleischer.de/" "Mozilla/5.0 (Linux; U; Android 2.2; de-de; HTC Desire Build/FRF91) AppleWebKit/533.1 (KHTML, like Gecko) Version/4.0 Mobile Safari/533.1"
80.187.103.150 - - [05/Nov/2011:22:15:24 +0100] "GET /img/lay13.gif HTTP/1.1" 200 181 "http://www.dr-heidi-fleischer.de/" "Mozilla/5.0 (Linux; U; Android 2.2; de-de; HTC Desire Build/FRF91) AppleWebKit/533.1 (KHTML, like Gecko) Version/4.0 Mobile Safari/533.1"
80.187.103.150 - - [05/Nov/2011:22:15:24 +0100] "GET /img/lay14.gif HTTP/1.1" 200 104 "http://www.dr-heidi-fleischer.de/" "Mozilla/5.0 (Linux; U; Android 2.2; de-de; HTC Desire Build/FRF91) AppleWebKit/533.1 (KHTML, like Gecko) Version/4.0 Mobile Safari/533.1"
80.187.103.150 - - [05/Nov/2011:22:15:24 +0100] "GET /img/zert_1gross.jpg HTTP/1.1" 200 22004 "http://www.dr-heidi-fleischer.de/" "Mozilla/5.0 (Linux; U; Android 2.2; de-de; HTC Desire Build/FRF91) AppleWebKit/533.1 (KHTML, like Gecko) Version/4.0 Mobile Safari/533.1"
80.187.103.150 - - [05/Nov/2011:22:15:25 +0100] "GET /img/zert_1.jpg HTTP/1.1" 200 6013 "http://www.dr-heidi-fleischer.de/" "Mozilla/5.0 (Linux; U; Android 2.2; de-de; HTC Desire Build/FRF91) AppleWebKit/533.1 (KHTML, like Gecko) Version/4.0 Mobile Safari/533.1"
80.187.103.150 - - [05/Nov/2011:22:15:26 +0100] "GET /img/animated_favicon1.gif HTTP/1.1" 200 1808 "http://www.dr-heidi-fleischer.de/" "Mozilla/5.0 (Linux; U; Android 2.2; de-de; HTC Desire Build/FRF91) AppleWebKit/533.1 (KHTML, like Gecko) Version/4.0 Mobile Safari/533.1"
80.187.103.150 - - [05/Nov/2011:22:16:04 +0100] "GET /spez_leistungen.php HTTP/1.1" 200 7752 "http://www.dr-heidi-fleischer.de/" "Mozilla/5.0 (Linux; U; Android 2.2; de-de; HTC Desire Build/FRF91) AppleWebKit/533.1 (KHTML, like Gecko) Version/4.0 Mobile Safari/533.1"
80.187.103.150 - - [05/Nov/2011:22:16:04 +0100] "GET /img/spez_leistungen_1.jpg HTTP/1.1" 200 18858 "http://www.dr-heidi-fleischer.de/spez_leistungen.php" "Mozilla/5.0 (Linux; U; Android 2.2; de-de; HTC Desire Build/FRF91) AppleWebKit/533.1 (KHTML, like Gecko) Version/4.0 Mobile Safari/533.1"
80.187.103.150 - - [05/Nov/2011:22:16:04 +0100] "GET /img/spez_leistungen_2.jpg HTTP/1.1" 200 13667 "http://www.dr-heidi-fleischer.de/spez_leistungen.php" "Mozilla/5.0 (Linux; U; Android 2.2; de-de; HTC Desire Build/FRF91) AppleWebKit/533.1 (KHTML, like Gecko) Version/4.0 Mobile Safari/533.1"
95.108.158.244 - - [05/Nov/2011:22:54:01 +0100] "GET /img/lay16.gif HTTP/1.1" 304 - "-" "Mozilla/5.0 (compatible; YandexImages/3.0; +http://yandex.com/bots)"
66.249.71.136 - - [05/Nov/2011:23:00:53 +0100] "GET /anfahrt.php HTTP/1.1" 200 8074 "-" "Mozilla/5.0 (compatible; Googlebot/2.1; +http://www.google.com/bot.html)"
83.133.125.202 - - [06/Nov/2011:05:51:03 +0100] "GET / HTTP/1.1" 200 9626 "http://www.bigfinder.de/" "Mozilla/4.0 (compatible; MSIE 8.0; Windows NT 6.1; Trident/4.0; SLCC2; .NET CLR 2.0.50727; .NET CLR 3.5.30729; .NET CLR 3.0.30729; Media Center PC 6.0)"
157.55.50.76 - - [06/Nov/2011:09:48:09 +0100] "GET /robots.txt HTTP/1.1" 200 218 "-" "Mozilla/5.0 (compatible; bingbot/2.0; +http://www.bing.com/bingbot.htm)"
208.115.111.67 - - [06/Nov/2011:09:48:25 +0100] "GET /robots.txt HTTP/1.1" 200 218 "-" "Mozilla/5.0 (compatible; Ezooms/1.0; ezooms.bot@gmail.com)"
95.108.158.244 - - [06/Nov/2011:11:45:17 +0100] "GET /img/roll_trans2.gif HTTP/1.1" 304 - "-" "Mozilla/5.0 (compatible; YandexImages/3.0; +http://yandex.com/bots)"
95.108.158.244 - - [06/Nov/2011:12:32:52 +0100] "GET /img/lay14.gif HTTP/1.1" 304 - "-" "Mozilla/5.0 (compatible; YandexImages/3.0; +http://yandex.com/bots)"
208.115.111.67 - - [06/Nov/2011:12:46:55 +0100] "GET /anfahrt.php HTTP/1.1" 200 8074 "-" "Mozilla/5.0 (compatible; Ezooms/1.0; ezooms.bot@gmail.com)"
95.108.158.244 - - [06/Nov/2011:13:44:16 +0100] "GET /img/lay06neu.gif HTTP/1.1" 304 - "-" "Mozilla/5.0 (compatible; YandexImages/3.0; +http://yandex.com/bots)"
95.108.158.244 - - [06/Nov/2011:14:55:40 +0100] "GET /img/roll_trans.gif HTTP/1.1" 304 - "-" "Mozilla/5.0 (compatible; YandexImages/3.0; +http://yandex.com/bots)"
95.108.158.244 - - [06/Nov/2011:16:01:27 +0100] "GET /img/lay16.gif HTTP/1.1" 304 - "-" "Mozilla/5.0 (compatible; YandexImages/3.0; +http://yandex.com/bots)"
87.158.157.148 - - [06/Nov/2011:18:03:53 +0100] "GET / HTTP/1.1" 200 9626 "http://www.gelbeseiten.de/yp/11/subscriberlist_pageAction.yp?sessionDataString=H4sIAAAAAAAAAFVOy07DMBD8mhxd7brrl-paEIgoceAgkDlwqO7FpEUpLEgHN1xPlFOayO6PZ2WFPidocirLZeCUmaBWzGNXoxKl4jkkXVYpuig5baEa4nGHf4qGrrqWfxoz4UO3qvku5f4dUejfPnLrj8Hkcxjzzm5f9Pwl-p7GObhxz75oCWGWOwgfG1yvmgYKzQApwC4Uyz41s0m4AfxY4Db/ErYSOGjMaFeUOexGNiXE2rdreEu-pHUj/vlKe5Za7JOO7Li8MhOmPBEeFaMenVXbZeUOO-pVq/EqbOFmTxFm55jFEf4ATRJ/izwBAAA-e&page=1&filterTrade=&filterFunction=&sortBy=sort_trade&availableLetters=ABCDEFGHIJKLMNOPQRSTUVWXZ" "Mozilla/5.0 (compatible; MSIE 9.0; Windows NT 6.0; Trident/5.0)"
95.108.158.244 - - [06/Nov/2011:18:26:29 +0100] "GET /robots.txt HTTP/1.1" 200 218 "-" "Mozilla/5.0 (compatible; YandexImages/3.0; +http://yandex.com/bots)"
77.190.13.6 - - [06/Nov/2011:18:40:50 +0100] "GET / HTTP/1.1" 200 9626 "http://www.gelbeseiten.de/yp/122/search.yp?sessionDataString=H4sIAAAAAAAAAEWHuw4CMQzAvoYxUtPHNVF2uBGBBCMKuZxgQ20X%2Fp5uDJZtJPNUFiVYVAtkIoMnG4Oz7zVlrxUZohlS2KJEFP5-pJB%2FisQ9to%2Ft7-pJzT9fF%2FodF08-p7a7CUDUNYg5yCXWbcg96k62THVxCHHkuUHSyMnDocAAAA-e&at=yp&kindOfSearch=tradesearch&subject=Zahn%E4rzte&location=N%FCrnberg&distance=-1&execute=Suchen&suggest_choose=on&x=67&y=12&rz=122" "Mozilla/4.0 (compatible; MSIE 7.0; Windows NT 6.0; Trident/4.0; SIMBAR={067ED0F9-A490-4BCD-8375-63F9D8275F94}; (webde/1.1.0.22); GTB7.1; Mozilla/4.0 (compatible; MSIE 6.0; Windows NT 5.1; SV1) ; SLCC1; .NET CLR 2.0.50727; Media Center PC 5.1; InfoPath.2; .NET CLR 3.5.30729; .NET CLR 3.0.30618; .NET4.0C; msn OptimizedIE8;DEDE)"
95.108.158.244 - - [06/Nov/2011:20:28:37 +0100] "GET /img/f_1-p.gif HTTP/1.1" 304 - "-" "Mozilla/5.0 (compatible; YandexImages/3.0; +http://yandex.com/bots)"
207.46.13.97 - - [06/Nov/2011:20:48:15 +0100] "GET /robots.txt HTTP/1.1" 200 218 "-" "Mozilla/5.0 (compatible; bingbot/2.0; +http://www.bing.com/bingbot.htm)"
207.46.13.97 - - [06/Nov/2011:20:48:53 +0100] "GET /leistungen.php HTTP/1.1" 200 8056 "-" "Mozilla/5.0 (compatible; bingbot/2.0; +http://www.bing.com/bingbot.htm)"
83.133.125.202 - - [06/Nov/2011:21:49:13 +0100] "GET / HTTP/1.1" 200 9626 "http://www.bigfinder.de/" "Mozilla/4.0 (compatible; MSIE 8.0; Windows NT 6.1; Trident/4.0; SLCC2; .NET CLR 2.0.50727; .NET CLR 3.5.30729; .NET CLR 3.0.30729; Media Center PC 6.0)"
65.52.104.89 - - [07/Nov/2011:10:54:18 +0100] "GET /robots.txt HTTP/1.1" 200 218 "-" "Mozilla/5.0 (compatible; bingbot/2.0; +http://www.bing.com/bingbot.htm)"
65.52.104.89 - - [07/Nov/2011:10:54:53 +0100] "GET /spez_leistungen.php HTTP/1.1" 200 7752 "-" "Mozilla/5.0 (compatible; bingbot/2.0; +http://www.bing.com/bingbot.htm)"
92.194.21.233 - - [07/Nov/2011:11:40:28 +0100] "GET / HTTP/1.1" 200 9626 "http://www.gelbeseiten.de/yp/122/subscriberlist_pageAction.yp?sessionDataString=H4sIAAAAAAAAAFWPS0sDQRCEf80eJ3TP9ryokyxEPfhAwYOXMDs7eYgkcXZRs7/eIRDRvjRdVPXXzTmYmFxPKlrWSlpKqs8xqcGvB2-p0sUlb5SRxS9ZBM8LpCPsat/tY5gnxvll2Zd/nsoE0ell77ve78X03TrnO18-prfxL8VOKQxxxL2mJgrTEFGxgffxa9UTBW6Fw4BMKRquNTNJuAL8WOA7f4lrAQQ0bjxLwgT-pIxM67my203hNvxUKbVGYm7Cqs/aEdWHB7YCRMeCU-pK0V1CTfubb1yHF2ELVw1rFjGeXKiQH/g2/580AQAA&page=1&filterTrade=&filterFunction=&sortBy=sort_trade&availableLetters=ABCDEFGHIJKLMNOPQRSTUVWXZ" "Mozilla/5.0 (Windows NT 6.1; WOW64; rv:7.0.1) Gecko/20100101 Firefox/7.0.1"
65.52.109.152 - - [07/Nov/2011:13:22:35 +0100] "GET /robots.txt HTTP/1.1" 200 218 "-" "Mozilla/5.0 (compatible; bingbot/2.0; +http://www.bing.com/bingbot.htm)"
65.52.109.152 - - [07/Nov/2011:13:23:36 +0100] "GET /impressum.php HTTP/1.1" 200 8293 "-" "Mozilla/5.0 (compatible; bingbot/2.0; +http://www.bing.com/bingbot.htm)"
