212.114.239.40 - - [21/Nov/2011:13:25:26 +0100] "GET / HTTP/1.1" 200 9626 "http://www.gelbeseiten.de/yp/122/subscriberlist_pageAction.yp?sessionDataString=H4sIAAAAAAAAAFVOy07DMBD8mhxd7W7Wcaw5oYgCBx4CiQOXyklcWoTS4kRA8/VYOYW9zM5odmY5SE-pBgzVB9taoc2qC71pT2jZKp0KRo6lt6PreMYThL2dUb-pEwFNea5ikiPBTbJg1tTO/QQrYZYzscx8/jOMXMb152/yTUUwp9HGNI3QE9i2DylWd8rYI-pyNtKaRmcPOFM2fGtwtbjx7BjzyV-p1W/UkhVcmDdUk9aYGVfz6r1bwt14StNuacV97qPKiaNKHR7ZKROeCM-pG0azuinJJCXkvXINXZQuXPXsrolTZkvAHkd9-pzzwBAAA-e&page=1&filterTrade=&filterFunction=&sortBy=sort_trade&availableLetters=ABCDEFGHIJKLMNOPQRSTUVWXZ" "Mozilla/5.0 (Macintosh; Intel Mac OS X 10_7_2) AppleWebKit/534.51.22 (KHTML, like Gecko) Version/5.1.1 Safari/534.51.22"
208.115.111.67 - - [21/Nov/2011:13:30:18 +0100] "GET /kont.php HTTP/1.1" 200 8494 "-" "Mozilla/5.0 (compatible; Ezooms/1.0; ezooms.bot@gmail.com)"
207.46.199.180 - - [21/Nov/2011:13:42:44 +0100] "GET /robots.txt HTTP/1.1" 200 218 "-" "Mozilla/5.0 (compatible; bingbot/2.0; +http://www.bing.com/bingbot.htm)"
208.115.113.88 - - [21/Nov/2011:14:30:46 +0100] "GET /robots.txt HTTP/1.1" 200 218 "-" "Mozilla/5.0 (compatible; Ezooms/1.0; ezooms.bot@gmail.com)"
83.171.174.136 - - [21/Nov/2011:14:33:32 +0100] "GET / HTTP/1.1" 200 9626 "http://www.gelbeseiten.de/yp/122/search.yp?sessionDataString=H4sIAAAAAAAAAEWHMQ7CMAwAX8NoyUmcppZ3YERUghG5rS3YUJKF35Otw-pnuAhmXPPMKqyUH0o2AGRWyKxcyQkeGsNNE0V1iEP59hU7x3LrW3uzTbcxleR0vc6-p6WzOt21s6BLmi3FDuox4oz6Ey8JCwTFRSJvkD1h858IcAAAA-e&at=yp&kindOfSearch=tradesearch&subject=Zahn%E4rzte&location=N%FCrnberg&x=49&y=11&distance=-1&execute=Suchen&suggest_choose=on&rz=122" "Mozilla/5.0 (Windows NT 5.1; rv:2.0) Gecko/20100101 Firefox/4.0"
208.115.113.88 - - [21/Nov/2011:14:54:42 +0100] "GET / HTTP/1.1" 200 9626 "-" "Mozilla/5.0 (compatible; Ezooms/1.0; ezooms.bot@gmail.com)"
91.1.163.78 - - [21/Nov/2011:19:46:21 +0100] "GET / HTTP/1.1" 200 9626 "http://www.gelbeseiten.de/yp/122//subscriberlist_search.yp?sessionDataString=H4sIAAAAAAAAAI2Oy07DQAxFvybLqex5Zay7QpEKLHgIJLbVZDJtg6KkJKFQvp6IDWGHd9c6PtdsgrOGJarEiZSlkJSYmNQ-pOJdiLZFDVpEC65AaaAdT6G0eD7nu26lrpzkv-pfp592cFuZzg-p3jI3TS%2FN-p2A2BfbauzrBYP9jyHMY2zylOOYjmhYa8zihfF2%2Fyt6JXHe0s9gEMKJFuJsNTvBh-pKShQ0-prWysI6dxYd5QIBvwxbhav3dDuJ2Gcd6Nucvn2KeMu6WTtFjvmAUPNnDAI-pFJMarVaWHWoqKs8OItyoXasyejDbEVfAOrx9gvZwEAAA-e-e&at=yp&kindOfSearch=tradesearch&subject=zahnarzt&location=n%FCrnberg&x=59&y=9&distance=-1&execute=&sort=sort_relevance&sort=sort_relevance" "Mozilla/5.0 (Windows; U; Windows NT 5.1; de; rv:1.9.2.24) Gecko/20111103 Firefox/3.6.24"
91.1.163.78 - - [21/Nov/2011:19:46:39 +0100] "GET / HTTP/1.1" 200 9626 "http://www.gelbeseiten.de/yp/122//subscriberlist_search.yp?sessionDataString=H4sIAAAAAAAAAI2Oy07DQAxFvybLqex5Zay7QpEKLHgIJLbVZDJtg6KkJKFQvp6IDWGHd9c6PtdsgrOGJarEiZSlkJSYmNQ-pOJdiLZFDVpEC65AaaAdT6G0eD7nu26lrpzkv-pfp592cFuZzg-p3jI3TS%2FN-p2A2BfbauzrBYP9jyHMY2zylOOYjmhYa8zihfF2%2Fyt6JXHe0s9gEMKJFuJsNTvBh-pKShQ0-prWysI6dxYd5QIBvwxbhav3dDuJ2Gcd6Nucvn2KeMu6WTtFjvmAUPNnDAI-pFJMarVaWHWoqKs8OItyoXasyejDbEVfAOrx9gvZwEAAA-e-e&at=yp&kindOfSearch=tradesearch&subject=zahnarzt&location=n%FCrnberg&x=59&y=9&distance=-1&execute=&sort=sort_relevance&sort=sort_relevance" "Mozilla/5.0 (Windows; U; Windows NT 5.1; de; rv:1.9.2.24) Gecko/20111103 Firefox/3.6.24"
91.1.163.78 - - [21/Nov/2011:19:46:43 +0100] "GET / HTTP/1.1" 200 9626 "http://www.gelbeseiten.de/yp/122//subscriberlist_search.yp?sessionDataString=H4sIAAAAAAAAAI2Oy07DQAxFvybLqex5Zay7QpEKLHgIJLbVZDJtg6KkJKFQvp6IDWGHd9c6PtdsgrOGJarEiZSlkJSYmNQ-pOJdiLZFDVpEC65AaaAdT6G0eD7nu26lrpzkv-pfp592cFuZzg-p3jI3TS%2FN-p2A2BfbauzrBYP9jyHMY2zylOOYjmhYa8zihfF2%2Fyt6JXHe0s9gEMKJFuJsNTvBh-pKShQ0-prWysI6dxYd5QIBvwxbhav3dDuJ2Gcd6Nucvn2KeMu6WTtFjvmAUPNnDAI-pFJMarVaWHWoqKs8OItyoXasyejDbEVfAOrx9gvZwEAAA-e-e&at=yp&kindOfSearch=tradesearch&subject=zahnarzt&location=n%FCrnberg&x=59&y=9&distance=-1&execute=&sort=sort_relevance&sort=sort_relevance" "Mozilla/5.0 (Windows; U; Windows NT 5.1; de; rv:1.9.2.24) Gecko/20111103 Firefox/3.6.24"
91.1.163.78 - - [21/Nov/2011:19:46:44 +0100] "GET /img/f_1-p.gif HTTP/1.1" 200 43 "http://www.dr-heidi-fleischer.de/" "Mozilla/5.0 (Windows; U; Windows NT 5.1; de; rv:1.9.2.24) Gecko/20111103 Firefox/3.6.24"
91.1.163.78 - - [21/Nov/2011:19:46:44 +0100] "GET /css/fl_style.css HTTP/1.1" 200 10194 "http://www.dr-heidi-fleischer.de/" "Mozilla/5.0 (Windows; U; Windows NT 5.1; de; rv:1.9.2.24) Gecko/20111103 Firefox/3.6.24"
91.1.163.78 - - [21/Nov/2011:19:46:44 +0100] "GET /img/lay01.gif HTTP/1.1" 200 273 "http://www.dr-heidi-fleischer.de/" "Mozilla/5.0 (Windows; U; Windows NT 5.1; de; rv:1.9.2.24) Gecko/20111103 Firefox/3.6.24"
91.1.163.78 - - [21/Nov/2011:19:46:44 +0100] "GET /img/lay07.gif HTTP/1.1" 200 453 "http://www.dr-heidi-fleischer.de/" "Mozilla/5.0 (Windows; U; Windows NT 5.1; de; rv:1.9.2.24) Gecko/20111103 Firefox/3.6.24"
91.1.163.78 - - [21/Nov/2011:19:46:44 +0100] "GET /img/tel_footer.gif HTTP/1.1" 200 1051 "http://www.dr-heidi-fleischer.de/" "Mozilla/5.0 (Windows; U; Windows NT 5.1; de; rv:1.9.2.24) Gecko/20111103 Firefox/3.6.24"
91.1.163.78 - - [21/Nov/2011:19:46:44 +0100] "GET /img/zert_1.jpg HTTP/1.1" 200 6013 "http://www.dr-heidi-fleischer.de/" "Mozilla/5.0 (Windows; U; Windows NT 5.1; de; rv:1.9.2.24) Gecko/20111103 Firefox/3.6.24"
91.1.163.78 - - [21/Nov/2011:19:46:44 +0100] "GET /img/roll_trans.gif HTTP/1.1" 200 609 "http://www.dr-heidi-fleischer.de/" "Mozilla/5.0 (Windows; U; Windows NT 5.1; de; rv:1.9.2.24) Gecko/20111103 Firefox/3.6.24"
91.1.163.78 - - [21/Nov/2011:19:46:44 +0100] "GET /img/lay06neu.gif HTTP/1.1" 200 583 "http://www.dr-heidi-fleischer.de/" "Mozilla/5.0 (Windows; U; Windows NT 5.1; de; rv:1.9.2.24) Gecko/20111103 Firefox/3.6.24"
91.1.163.78 - - [21/Nov/2011:19:46:44 +0100] "GET /img/roll_trans2.gif HTTP/1.1" 200 609 "http://www.dr-heidi-fleischer.de/" "Mozilla/5.0 (Windows; U; Windows NT 5.1; de; rv:1.9.2.24) Gecko/20111103 Firefox/3.6.24"
91.1.163.78 - - [21/Nov/2011:19:46:44 +0100] "GET /img/lay16.gif HTTP/1.1" 200 309 "http://www.dr-heidi-fleischer.de/" "Mozilla/5.0 (Windows; U; Windows NT 5.1; de; rv:1.9.2.24) Gecko/20111103 Firefox/3.6.24"
91.1.163.78 - - [21/Nov/2011:19:46:44 +0100] "GET /img/lay08.gif HTTP/1.1" 200 534 "http://www.dr-heidi-fleischer.de/" "Mozilla/5.0 (Windows; U; Windows NT 5.1; de; rv:1.9.2.24) Gecko/20111103 Firefox/3.6.24"
91.1.163.78 - - [21/Nov/2011:19:46:44 +0100] "GET /img/lay09.gif HTTP/1.1" 200 135 "http://www.dr-heidi-fleischer.de/" "Mozilla/5.0 (Windows; U; Windows NT 5.1; de; rv:1.9.2.24) Gecko/20111103 Firefox/3.6.24"
91.1.163.78 - - [21/Nov/2011:19:46:44 +0100] "GET /img/lay13.gif HTTP/1.1" 200 181 "http://www.dr-heidi-fleischer.de/" "Mozilla/5.0 (Windows; U; Windows NT 5.1; de; rv:1.9.2.24) Gecko/20111103 Firefox/3.6.24"
91.1.163.78 - - [21/Nov/2011:19:46:44 +0100] "GET /img/lay14.gif HTTP/1.1" 200 104 "http://www.dr-heidi-fleischer.de/" "Mozilla/5.0 (Windows; U; Windows NT 5.1; de; rv:1.9.2.24) Gecko/20111103 Firefox/3.6.24"
91.1.163.78 - - [21/Nov/2011:19:46:44 +0100] "GET /img/lay02.gif HTTP/1.1" 200 68 "http://www.dr-heidi-fleischer.de/" "Mozilla/5.0 (Windows; U; Windows NT 5.1; de; rv:1.9.2.24) Gecko/20111103 Firefox/3.6.24"
91.1.163.78 - - [21/Nov/2011:19:46:44 +0100] "GET /img/lay03.gif HTTP/1.1" 200 1060 "http://www.dr-heidi-fleischer.de/" "Mozilla/5.0 (Windows; U; Windows NT 5.1; de; rv:1.9.2.24) Gecko/20111103 Firefox/3.6.24"
91.1.163.78 - - [21/Nov/2011:19:46:44 +0100] "GET /img/lay04.gif HTTP/1.1" 200 68 "http://www.dr-heidi-fleischer.de/" "Mozilla/5.0 (Windows; U; Windows NT 5.1; de; rv:1.9.2.24) Gecko/20111103 Firefox/3.6.24"
91.1.163.78 - - [21/Nov/2011:19:46:44 +0100] "GET /img/lay05.gif HTTP/1.1" 200 331 "http://www.dr-heidi-fleischer.de/" "Mozilla/5.0 (Windows; U; Windows NT 5.1; de; rv:1.9.2.24) Gecko/20111103 Firefox/3.6.24"
91.1.163.78 - - [21/Nov/2011:19:46:44 +0100] "GET /img/hg_body.jpg HTTP/1.1" 200 2615 "http://www.dr-heidi-fleischer.de/css/fl_style.css" "Mozilla/5.0 (Windows; U; Windows NT 5.1; de; rv:1.9.2.24) Gecko/20111103 Firefox/3.6.24"
91.1.163.78 - - [21/Nov/2011:19:46:44 +0100] "GET /img/header_neu.gif HTTP/1.1" 200 32567 "http://www.dr-heidi-fleischer.de/css/fl_style.css" "Mozilla/5.0 (Windows; U; Windows NT 5.1; de; rv:1.9.2.24) Gecko/20111103 Firefox/3.6.24"
91.1.163.78 - - [21/Nov/2011:19:46:44 +0100] "GET /img/left_bg2.gif HTTP/1.1" 200 176 "http://www.dr-heidi-fleischer.de/" "Mozilla/5.0 (Windows; U; Windows NT 5.1; de; rv:1.9.2.24) Gecko/20111103 Firefox/3.6.24"
91.1.163.78 - - [21/Nov/2011:19:46:44 +0100] "GET /img/hg_zahn2.gif HTTP/1.1" 200 20816 "http://www.dr-heidi-fleischer.de/" "Mozilla/5.0 (Windows; U; Windows NT 5.1; de; rv:1.9.2.24) Gecko/20111103 Firefox/3.6.24"
91.1.163.78 - - [21/Nov/2011:19:46:45 +0100] "GET /img/right_bg.jpg HTTP/1.1" 404 1256 "http://www.dr-heidi-fleischer.de/" "Mozilla/5.0 (Windows; U; Windows NT 5.1; de; rv:1.9.2.24) Gecko/20111103 Firefox/3.6.24"
91.1.163.78 - - [21/Nov/2011:19:46:45 +0100] "GET /img/right_bg.gif HTTP/1.1" 200 76 "http://www.dr-heidi-fleischer.de/" "Mozilla/5.0 (Windows; U; Windows NT 5.1; de; rv:1.9.2.24) Gecko/20111103 Firefox/3.6.24"
91.1.163.78 - - [21/Nov/2011:19:46:45 +0100] "GET /img/lay10.gif HTTP/1.1" 200 252 "http://www.dr-heidi-fleischer.de/" "Mozilla/5.0 (Windows; U; Windows NT 5.1; de; rv:1.9.2.24) Gecko/20111103 Firefox/3.6.24"
91.1.163.78 - - [21/Nov/2011:19:46:45 +0100] "GET /img/bottom_bg.gif HTTP/1.1" 200 79 "http://www.dr-heidi-fleischer.de/" "Mozilla/5.0 (Windows; U; Windows NT 5.1; de; rv:1.9.2.24) Gecko/20111103 Firefox/3.6.24"
91.1.163.78 - - [21/Nov/2011:19:46:46 +0100] "GET /img/left_bg.gif HTTP/1.1" 200 98 "http://www.dr-heidi-fleischer.de/" "Mozilla/5.0 (Windows; U; Windows NT 5.1; de; rv:1.9.2.24) Gecko/20111103 Firefox/3.6.24"
91.1.163.78 - - [21/Nov/2011:19:46:47 +0100] "GET /img/favicon.ico HTTP/1.1" 200 5430 "-" "Mozilla/5.0 (Windows; U; Windows NT 5.1; de; rv:1.9.2.24) Gecko/20111103 Firefox/3.6.24"
91.1.163.78 - - [21/Nov/2011:19:46:47 +0100] "GET /img/animated_favicon1.gif HTTP/1.1" 200 1808 "-" "Mozilla/5.0 (Windows; U; Windows NT 5.1; de; rv:1.9.2.24) Gecko/20111103 Firefox/3.6.24"
91.1.163.78 - - [21/Nov/2011:19:46:44 +0100] "GET /img/dr_fleischer_ani.gif HTTP/1.1" 200 854042 "http://www.dr-heidi-fleischer.de/" "Mozilla/5.0 (Windows; U; Windows NT 5.1; de; rv:1.9.2.24) Gecko/20111103 Firefox/3.6.24"
62.158.43.17 - - [21/Nov/2011:20:08:17 +0100] "GET / HTTP/1.1" 200 9626 "http://www.gelbeseiten.de/yp/122/subscriberlist_pageAction.yp?sessionDataString=H4sIAAAAAAAAAFWOy07DQAxFvybLqeyJ56W7QlELLHgIJBZsqkkyoUUoLZMIaL6eoavihV-p6vsfMdTfYlrQKNjglQ0lBJ6s8d6ZNQ4p916sYhMiHHpoRTkfY17gbq7XkZU6I99WmyWOb8huk0ptSUzvup4/9NKcyXz9v/63g5xz7NKWYux161hpzgTM-pL4zeKRhboH-pBQyAcqSi-pRLMJ-pFbsOHCNHwkrMWQ0Tswr8iQeC-pNquXjvhnA7HfK8PVNxV3hknXZkxeGBnTDhkfCkGM3FXVWfXWLpK9fgRdjAFc0gJOScZufxC1Dajjg9AQAA&page=1&filterTrade=&filterFunction=&sortBy=sort_trade&availableLetters=ABCDEFGHIJKLMNOPQRSTUVWXZ" "Mozilla/5.0 (Windows NT 5.1) AppleWebKit/535.2 (KHTML, like Gecko) Chrome/15.0.874.121 Safari/535.2"
79.238.164.23 - - [21/Nov/2011:21:33:16 +0100] "GET / HTTP/1.1" 200 9626 "http://www.gelbeseiten.de/yp/122/subscriberlist_pageAction.yp?sessionDataString=H4sIAAAAAAAAAFWOzU7DMBCEnyZHV7vrtR1rTihSgQM/AokDl8ppnLYItcWJgObpiSoVwV5GO/pmZzn1kvqUraltl4y2kk3Kfm1sF9U6z5Lb1rSh75JkgTDi6Qj/mrb7VKYR6b5aNmXf5rKBVrKcNbf73fC-pG8Y879fPq38W6rGkLg85lfUWHYtgjD4yPv4ceqPovNJ5cIiEI83Epwq7iC/DgSNbfGtcqCMnODEvqCatMTGupstvN4Tb4VDG1bkSd3MZ-pSCBvAY8cFAmPBKeDKO5hCr7m69CgxdlhzADPasT67kOih8ZneFxNAEAAA-e-e&page=1&filterTrade=&filterFunction=&sortBy=sort_trade&availableLetters=ABCDEFGHIJKLMNOPQRSTUVWXZ" "Mozilla/5.0 (compatible; MSIE 9.0; Windows NT 6.1; WOW64; Trident/5.0)"
178.2.171.10 - - [21/Nov/2011:22:42:24 +0100] "GET / HTTP/1.1" 200 9626 "http://www.gelbeseiten.de/yp/11/subscriberlist_pageAction.yp?sessionDataString=H4sIAAAAAAAAAFWOT0vDQBDFP02OW2Y2s7sZ3kkCVQ/-pQcGDl7JJNm1F0roJavPpDYWKzmV4j9-pbNyzUa1ISo-pScEdVgtLG9KZ1UsWlIWm5MorLstCVYhp6O8K9xN8Q8T4j3xbrOQ5PyFlLY9bJTM-pzH9/04pUVfP2/-pWaimHLs0ppjbHTpmTOqV8fHnzhup80LnwUEJR1qIT7HsFF-pGAyuX-pBZdiSNncWJeUUVSYWZczZfXbgi34yFPm3Mj7tha8sEG8hLwwEGY8Eh4Moz6EirK33wRarwIO4QF6K1nx8QUAn4Atl5VezMBAAA-e&page=3&filterTrade=&filterFunction=&sortBy=sort_trade&availableLetters=ABCDEFGHIJKLMNOPQRSTUVWXZ" "Mozilla/5.0 (Linux; U; Android 3.2; de-de; A501 Build/HTJ85B) AppleWebKit/534.13 (KHTML, like Gecko) Version/4.0 Safari/534.13"
93.104.132.25 - - [21/Nov/2011:23:05:58 +0100] "GET / HTTP/1.1" 200 9626 "http://www.gelbeseiten.de/yp/122/subscriberlist_search.yp?sessionDataString=H4sIAAAAAAAAAE2MywrCMBREv6bLQF4mDXclxddOFFy4KWl6QwraShIR-p%2FWGIuhuznBmmLK-pZoZzYnvliXTCE-pNER5Rx6FadF85rYpAJSrkEzkFUfJuyjTnhkLHA7tz-pGMz7Aepqw1htZJxLIYsyv4bkAo6LMn43z9K0HsMNY5un6V44DDlBnaPtMaGNLkDPGKznv7s9hUOaYm4XC44UToRB86dUYhnYkivdwEVRKkEXyXNTG6GV0iv4AJT8rKP4AAAA&kindOfSearch=tradesearch&subject=Zahn%E4rzte&location=N%FCrnberg&x=0&y=0&distance=-1&execute=Suchen&suggest_choose=on&rz=122" "Mozilla/5.0 (Windows NT 6.1; rv:8.0) Gecko/20100101 Firefox/8.0"
207.46.199.180 - - [22/Nov/2011:02:37:29 +0100] "GET /robots.txt HTTP/1.1" 200 218 "-" "Mozilla/5.0 (compatible; bingbot/2.0; +http://www.bing.com/bingbot.htm)"
66.249.71.197 - - [22/Nov/2011:05:32:15 +0100] "GET /robots.txt HTTP/1.1" 200 218 "-" "Mozilla/5.0 (compatible; Googlebot/2.1; +http://www.google.com/bot.html)"
66.249.71.197 - - [22/Nov/2011:05:32:16 +0100] "GET /kont.php HTTP/1.1" 200 8494 "-" "Mozilla/5.0 (compatible; Googlebot/2.1; +http://www.google.com/bot.html)"
208.115.113.88 - - [22/Nov/2011:05:51:20 +0100] "GET /robots.txt HTTP/1.1" 200 218 "-" "Mozilla/5.0 (compatible; Ezooms/1.0; ezooms.bot@gmail.com)"
208.115.113.88 - - [22/Nov/2011:06:32:50 +0100] "GET / HTTP/1.1" 200 9626 "-" "Mozilla/5.0 (compatible; Ezooms/1.0; ezooms.bot@gmail.com)"
207.46.199.180 - - [22/Nov/2011:08:07:29 +0100] "GET /robots.txt HTTP/1.1" 200 218 "-" "Mozilla/5.0 (compatible; bingbot/2.0; +http://www.bing.com/bingbot.htm)"
82.165.37.69 - - [22/Nov/2011:12:00:04 +0100] "GET / HTTP/1.0" 200 9626 "http://valerie-bistro.de/robot.html?=dr-heidi-fleischer.de" "Mozilla/5.0 (compatible; IPTCBOT;"
83.171.167.213 - - [22/Nov/2011:14:28:27 +0100] "GET / HTTP/1.1" 200 9626 "http://www.gelbeseiten.de/yp/122/search.yp?sessionDataString=H4sIAAAAAAAAAEWHMQ4CMQzAXsMYqcnleq2yAyMCCUaUXhPBhtou%2FJ5uDJZtLLrkqpUha4rAkXfQXMos97j56oUZzBwJaRFCyd-pP8IGOfWgb3d7D5pxuz%2F9LGk2rddO2v2QAyjnIJch11j3IY2qbOAUMa4oRs%2FwArlwG3YcAAAA-e&at=yp&kindOfSearch=tradesearch&subject=Zahnarzt&location=90480&radial_check=on&x=45&y=12&distance=5000&execute=Suchen&suggest_choose=on&rz=122" "Mozilla/5.0 (Windows NT 5.1; rv:8.0) Gecko/20100101 Firefox/8.0"
83.171.167.213 - - [22/Nov/2011:14:39:48 +0100] "GET / HTTP/1.1" 200 9626 "http://www.gelbeseiten.de/yp/122/search.yp?sessionDataString=H4sIAAAAAAAAAEWHMQ4CMQzAXsMYqcnleq2yAyMCCUaUXhPBhtou%2FJ5uDJZtLLrkqpUha4rAkXfQXMos97j56oUZzBwJaRFCyd-pP8IGOfWgb3d7D5pxuz%2F9LGk2rddO2v2QAyjnIJch11j3IY2qbOAUMa4oRs%2FwArlwG3YcAAAA-e&at=yp&kindOfSearch=tradesearch&subject=Zahnarzt&location=90480&radial_check=on&x=45&y=12&distance=5000&execute=Suchen&suggest_choose=on&rz=122" "Mozilla/5.0 (Windows NT 5.1; rv:8.0) Gecko/20100101 Firefox/8.0"
207.46.199.180 - - [22/Nov/2011:21:05:07 +0100] "GET /robots.txt HTTP/1.1" 200 218 "-" "Mozilla/5.0 (compatible; bingbot/2.0; +http://www.bing.com/bingbot.htm)"
208.115.113.88 - - [22/Nov/2011:21:45:03 +0100] "GET /robots.txt HTTP/1.1" 200 218 "-" "Mozilla/5.0 (compatible; Ezooms/1.0; ezooms.bot@gmail.com)"
208.115.113.88 - - [22/Nov/2011:22:32:35 +0100] "GET / HTTP/1.1" 200 9626 "-" "Mozilla/5.0 (compatible; Ezooms/1.0; ezooms.bot@gmail.com)"
77.190.97.205 - - [22/Nov/2011:23:27:57 +0100] "GET / HTTP/1.1" 200 9626 "http://www.gelbeseiten.de/yp/122/search.yp?sessionDataString=H4sIAAAAAAAAAEWHsQ5CIQwAv8axSQulpemujkYTHQ0iL7oZYPHvZXO43B3xxhJVBajVCpwqQdaY4JEEE1czNoQcVFJk9UBu34%2FzLuzHLH2O9p5tzeFy%2F7%2Fn2cuzjVZ6ffkE8iP6Cf286op-pW9LFFi2QZGIU%2FwFEcC9ohwAAAA-e-e&at=yp&kindOfSearch=tradesearch&subject=zahnarzt&location=n%FCrnberg&distance=-1&execute=Suchen&suggest_choose=on&rz=122" "Mozilla/5.0 (compatible; MSIE 9.0; Windows NT 6.1; Win64; x64; Trident/5.0)"
208.115.111.72 - - [23/Nov/2011:07:40:02 +0100] "GET /robots.txt HTTP/1.1" 200 218 "-" "Mozilla/5.0 (compatible; Ezooms/1.0; ezooms.bot@gmail.com)"
208.115.111.72 - - [23/Nov/2011:08:36:25 +0100] "GET /leistungen.php HTTP/1.1" 200 8056 "-" "Mozilla/5.0 (compatible; Ezooms/1.0; ezooms.bot@gmail.com)"
95.108.150.235 - - [23/Nov/2011:11:35:15 +0100] "GET /robots.txt HTTP/1.1" 200 218 "-" "Mozilla/5.0 (compatible; YandexBot/3.0; +http://yandex.com/bots)"
95.108.150.235 - - [23/Nov/2011:11:35:15 +0100] "GET /robots.txt HTTP/1.1" 200 218 "-" "Mozilla/5.0 (compatible; YandexBot/3.0; +http://yandex.com/bots)"
95.108.150.235 - - [23/Nov/2011:11:35:16 +0100] "GET / HTTP/1.1" 200 9626 "-" "Mozilla/5.0 (compatible; YandexBot/3.0; +http://yandex.com/bots)"
95.108.150.235 - - [23/Nov/2011:11:35:16 +0100] "GET / HTTP/1.1" 200 9626 "-" "Mozilla/5.0 (compatible; YandexBot/3.0; +http://yandex.com/bots)"
95.108.150.235 - - [23/Nov/2011:11:35:17 +0100] "GET / HTTP/1.1" 200 9626 "-" "Mozilla/5.0 (compatible; YandexBot/3.0; +http://yandex.com/bots)"
95.108.150.235 - - [23/Nov/2011:11:35:17 +0100] "GET / HTTP/1.1" 200 9626 "-" "Mozilla/5.0 (compatible; YandexBot/3.0; +http://yandex.com/bots)"
195.88.117.149 - - [23/Nov/2011:11:56:12 +0100] "GET / HTTP/1.0" 200 9626 "http://www.google.de/url?sa=t&rct=j&q=zahnarzt+fleischer+nurnberg&source=web&cd=1&ved=0CFwQFjAA&url=http%3A%2F%2Fwww.dr-heidi-fleischer.de%2F&ei=RtHMToHIHIer-gat5IDyDg&usg=AFQjCNFtUEW4ruGRBkbh9xWO3kO7xPGlWQ" "Mozilla/4.0 (compatible; MSIE 8.0; Windows NT 5.1; Trident/4.0; .NET CLR 1.1.4322; .NET CLR 2.0.50727; .NET CLR 3.0.4506.2152; .NET CLR 3.5.30729; .NET4.0C; .NET4.0E)"
195.88.117.149 - - [23/Nov/2011:11:56:12 +0100] "GET /css/fl_style.css HTTP/1.0" 200 10194 "http://www.dr-heidi-fleischer.de/" "Mozilla/4.0 (compatible; MSIE 8.0; Windows NT 5.1; Trident/4.0; .NET CLR 1.1.4322; .NET CLR 2.0.50727; .NET CLR 3.0.4506.2152; .NET CLR 3.5.30729; .NET4.0C; .NET4.0E)"
195.88.117.149 - - [23/Nov/2011:11:56:13 +0100] "GET /scripte/all_scripts.js HTTP/1.0" 200 249 "http://www.dr-heidi-fleischer.de/" "Mozilla/4.0 (compatible; MSIE 8.0; Windows NT 5.1; Trident/4.0; .NET CLR 1.1.4322; .NET CLR 2.0.50727; .NET CLR 3.0.4506.2152; .NET CLR 3.5.30729; .NET4.0C; .NET4.0E)"
195.88.117.149 - - [23/Nov/2011:11:56:13 +0100] "GET /img/f_1-p.gif HTTP/1.0" 200 43 "http://www.dr-heidi-fleischer.de/" "Mozilla/4.0 (compatible; MSIE 8.0; Windows NT 5.1; Trident/4.0; .NET CLR 1.1.4322; .NET CLR 2.0.50727; .NET CLR 3.0.4506.2152; .NET CLR 3.5.30729; .NET4.0C; .NET4.0E)"
195.88.117.149 - - [23/Nov/2011:11:56:13 +0100] "GET /img/lay01.gif HTTP/1.0" 200 273 "http://www.dr-heidi-fleischer.de/" "Mozilla/4.0 (compatible; MSIE 8.0; Windows NT 5.1; Trident/4.0; .NET CLR 1.1.4322; .NET CLR 2.0.50727; .NET CLR 3.0.4506.2152; .NET CLR 3.5.30729; .NET4.0C; .NET4.0E)"
195.88.117.149 - - [23/Nov/2011:11:56:13 +0100] "GET /img/tel_footer.gif HTTP/1.0" 200 1051 "http://www.dr-heidi-fleischer.de/" "Mozilla/4.0 (compatible; MSIE 8.0; Windows NT 5.1; Trident/4.0; .NET CLR 1.1.4322; .NET CLR 2.0.50727; .NET CLR 3.0.4506.2152; .NET CLR 3.5.30729; .NET4.0C; .NET4.0E)"
195.88.117.149 - - [23/Nov/2011:11:56:13 +0100] "GET /img/lay07.gif HTTP/1.0" 200 453 "http://www.dr-heidi-fleischer.de/" "Mozilla/4.0 (compatible; MSIE 8.0; Windows NT 5.1; Trident/4.0; .NET CLR 1.1.4322; .NET CLR 2.0.50727; .NET CLR 3.0.4506.2152; .NET CLR 3.5.30729; .NET4.0C; .NET4.0E)"
195.88.117.149 - - [23/Nov/2011:11:56:13 +0100] "GET /img/roll_trans.gif HTTP/1.0" 200 609 "http://www.dr-heidi-fleischer.de/" "Mozilla/4.0 (compatible; MSIE 8.0; Windows NT 5.1; Trident/4.0; .NET CLR 1.1.4322; .NET CLR 2.0.50727; .NET CLR 3.0.4506.2152; .NET CLR 3.5.30729; .NET4.0C; .NET4.0E)"
195.88.117.149 - - [23/Nov/2011:11:56:13 +0100] "GET /img/zert_1.jpg HTTP/1.0" 200 6013 "http://www.dr-heidi-fleischer.de/" "Mozilla/4.0 (compatible; MSIE 8.0; Windows NT 5.1; Trident/4.0; .NET CLR 1.1.4322; .NET CLR 2.0.50727; .NET CLR 3.0.4506.2152; .NET CLR 3.5.30729; .NET4.0C; .NET4.0E)"
195.88.117.149 - - [23/Nov/2011:11:56:13 +0100] "GET /img/lay02.gif HTTP/1.0" 200 68 "http://www.dr-heidi-fleischer.de/" "Mozilla/4.0 (compatible; MSIE 8.0; Windows NT 5.1; Trident/4.0; .NET CLR 1.1.4322; .NET CLR 2.0.50727; .NET CLR 3.0.4506.2152; .NET CLR 3.5.30729; .NET4.0C; .NET4.0E)"
195.88.117.149 - - [23/Nov/2011:11:56:14 +0100] "GET /img/lay08.gif HTTP/1.0" 200 534 "http://www.dr-heidi-fleischer.de/" "Mozilla/4.0 (compatible; MSIE 8.0; Windows NT 5.1; Trident/4.0; .NET CLR 1.1.4322; .NET CLR 2.0.50727; .NET CLR 3.0.4506.2152; .NET CLR 3.5.30729; .NET4.0C; .NET4.0E)"
195.88.117.149 - - [23/Nov/2011:11:56:14 +0100] "GET /img/hg_body.jpg HTTP/1.0" 200 2615 "http://www.dr-heidi-fleischer.de/" "Mozilla/4.0 (compatible; MSIE 8.0; Windows NT 5.1; Trident/4.0; .NET CLR 1.1.4322; .NET CLR 2.0.50727; .NET CLR 3.0.4506.2152; .NET CLR 3.5.30729; .NET4.0C; .NET4.0E)"
195.88.117.149 - - [23/Nov/2011:11:56:14 +0100] "GET /img/lay06neu.gif HTTP/1.0" 200 583 "http://www.dr-heidi-fleischer.de/" "Mozilla/4.0 (compatible; MSIE 8.0; Windows NT 5.1; Trident/4.0; .NET CLR 1.1.4322; .NET CLR 2.0.50727; .NET CLR 3.0.4506.2152; .NET CLR 3.5.30729; .NET4.0C; .NET4.0E)"
195.88.117.149 - - [23/Nov/2011:11:56:14 +0100] "GET /img/lay04.gif HTTP/1.0" 200 68 "http://www.dr-heidi-fleischer.de/" "Mozilla/4.0 (compatible; MSIE 8.0; Windows NT 5.1; Trident/4.0; .NET CLR 1.1.4322; .NET CLR 2.0.50727; .NET CLR 3.0.4506.2152; .NET CLR 3.5.30729; .NET4.0C; .NET4.0E)"
195.88.117.149 - - [23/Nov/2011:11:56:14 +0100] "GET /img/dr_fleischer_ani.gif HTTP/1.0" 200 854042 "http://www.dr-heidi-fleischer.de/" "Mozilla/4.0 (compatible; MSIE 8.0; Windows NT 5.1; Trident/4.0; .NET CLR 1.1.4322; .NET CLR 2.0.50727; .NET CLR 3.0.4506.2152; .NET CLR 3.5.30729; .NET4.0C; .NET4.0E)"
195.88.117.149 - - [23/Nov/2011:11:56:14 +0100] "GET /img/lay03.gif HTTP/1.0" 200 1060 "http://www.dr-heidi-fleischer.de/" "Mozilla/4.0 (compatible; MSIE 8.0; Windows NT 5.1; Trident/4.0; .NET CLR 1.1.4322; .NET CLR 2.0.50727; .NET CLR 3.0.4506.2152; .NET CLR 3.5.30729; .NET4.0C; .NET4.0E)"
195.88.117.149 - - [23/Nov/2011:11:56:14 +0100] "GET /img/lay16.gif HTTP/1.0" 200 309 "http://www.dr-heidi-fleischer.de/" "Mozilla/4.0 (compatible; MSIE 8.0; Windows NT 5.1; Trident/4.0; .NET CLR 1.1.4322; .NET CLR 2.0.50727; .NET CLR 3.0.4506.2152; .NET CLR 3.5.30729; .NET4.0C; .NET4.0E)"
195.88.117.149 - - [23/Nov/2011:11:56:15 +0100] "GET /img/lay09.gif HTTP/1.0" 200 135 "http://www.dr-heidi-fleischer.de/" "Mozilla/4.0 (compatible; MSIE 8.0; Windows NT 5.1; Trident/4.0; .NET CLR 1.1.4322; .NET CLR 2.0.50727; .NET CLR 3.0.4506.2152; .NET CLR 3.5.30729; .NET4.0C; .NET4.0E)"
195.88.117.149 - - [23/Nov/2011:11:56:15 +0100] "GET /img/lay05.gif HTTP/1.0" 200 331 "http://www.dr-heidi-fleischer.de/" "Mozilla/4.0 (compatible; MSIE 8.0; Windows NT 5.1; Trident/4.0; .NET CLR 1.1.4322; .NET CLR 2.0.50727; .NET CLR 3.0.4506.2152; .NET CLR 3.5.30729; .NET4.0C; .NET4.0E)"
195.88.117.149 - - [23/Nov/2011:11:56:15 +0100] "GET /img/roll_trans2.gif HTTP/1.0" 200 609 "http://www.dr-heidi-fleischer.de/" "Mozilla/4.0 (compatible; MSIE 8.0; Windows NT 5.1; Trident/4.0; .NET CLR 1.1.4322; .NET CLR 2.0.50727; .NET CLR 3.0.4506.2152; .NET CLR 3.5.30729; .NET4.0C; .NET4.0E)"
195.88.117.149 - - [23/Nov/2011:11:56:15 +0100] "GET /img/lay13.gif HTTP/1.0" 200 181 "http://www.dr-heidi-fleischer.de/" "Mozilla/4.0 (compatible; MSIE 8.0; Windows NT 5.1; Trident/4.0; .NET CLR 1.1.4322; .NET CLR 2.0.50727; .NET CLR 3.0.4506.2152; .NET CLR 3.5.30729; .NET4.0C; .NET4.0E)"
195.88.117.149 - - [23/Nov/2011:11:56:15 +0100] "GET /img/lay14.gif HTTP/1.0" 200 104 "http://www.dr-heidi-fleischer.de/" "Mozilla/4.0 (compatible; MSIE 8.0; Windows NT 5.1; Trident/4.0; .NET CLR 1.1.4322; .NET CLR 2.0.50727; .NET CLR 3.0.4506.2152; .NET CLR 3.5.30729; .NET4.0C; .NET4.0E)"
195.88.117.149 - - [23/Nov/2011:11:56:15 +0100] "GET /img/zert_1gross.jpg HTTP/1.0" 200 22004 "http://www.dr-heidi-fleischer.de/" "Mozilla/4.0 (compatible; MSIE 8.0; Windows NT 5.1; Trident/4.0; .NET CLR 1.1.4322; .NET CLR 2.0.50727; .NET CLR 3.0.4506.2152; .NET CLR 3.5.30729; .NET4.0C; .NET4.0E)"
195.88.117.149 - - [23/Nov/2011:11:56:15 +0100] "GET /img/hg_zahn2.gif HTTP/1.0" 200 20816 "http://www.dr-heidi-fleischer.de/" "Mozilla/4.0 (compatible; MSIE 8.0; Windows NT 5.1; Trident/4.0; .NET CLR 1.1.4322; .NET CLR 2.0.50727; .NET CLR 3.0.4506.2152; .NET CLR 3.5.30729; .NET4.0C; .NET4.0E)"
195.88.117.149 - - [23/Nov/2011:11:56:15 +0100] "GET /img/right_bg.jpg HTTP/1.0" 404 1256 "http://www.dr-heidi-fleischer.de/" "Mozilla/4.0 (compatible; MSIE 8.0; Windows NT 5.1; Trident/4.0; .NET CLR 1.1.4322; .NET CLR 2.0.50727; .NET CLR 3.0.4506.2152; .NET CLR 3.5.30729; .NET4.0C; .NET4.0E)"
195.88.117.149 - - [23/Nov/2011:11:56:15 +0100] "GET /img/left_bg2.gif HTTP/1.0" 200 176 "http://www.dr-heidi-fleischer.de/" "Mozilla/4.0 (compatible; MSIE 8.0; Windows NT 5.1; Trident/4.0; .NET CLR 1.1.4322; .NET CLR 2.0.50727; .NET CLR 3.0.4506.2152; .NET CLR 3.5.30729; .NET4.0C; .NET4.0E)"
195.88.117.149 - - [23/Nov/2011:11:56:15 +0100] "GET /img/left_bg.gif HTTP/1.0" 200 98 "http://www.dr-heidi-fleischer.de/" "Mozilla/4.0 (compatible; MSIE 8.0; Windows NT 5.1; Trident/4.0; .NET CLR 1.1.4322; .NET CLR 2.0.50727; .NET CLR 3.0.4506.2152; .NET CLR 3.5.30729; .NET4.0C; .NET4.0E)"
195.88.117.149 - - [23/Nov/2011:11:56:15 +0100] "GET /img/lay10.gif HTTP/1.0" 200 252 "http://www.dr-heidi-fleischer.de/" "Mozilla/4.0 (compatible; MSIE 8.0; Windows NT 5.1; Trident/4.0; .NET CLR 1.1.4322; .NET CLR 2.0.50727; .NET CLR 3.0.4506.2152; .NET CLR 3.5.30729; .NET4.0C; .NET4.0E)"
195.88.117.149 - - [23/Nov/2011:11:56:16 +0100] "GET /img/bottom_bg.gif HTTP/1.0" 200 79 "http://www.dr-heidi-fleischer.de/" "Mozilla/4.0 (compatible; MSIE 8.0; Windows NT 5.1; Trident/4.0; .NET CLR 1.1.4322; .NET CLR 2.0.50727; .NET CLR 3.0.4506.2152; .NET CLR 3.5.30729; .NET4.0C; .NET4.0E)"
195.88.117.149 - - [23/Nov/2011:11:56:16 +0100] "GET /img/header_neu.gif HTTP/1.0" 200 32567 "http://www.dr-heidi-fleischer.de/" "Mozilla/4.0 (compatible; MSIE 8.0; Windows NT 5.1; Trident/4.0; .NET CLR 1.1.4322; .NET CLR 2.0.50727; .NET CLR 3.0.4506.2152; .NET CLR 3.5.30729; .NET4.0C; .NET4.0E)"
195.88.117.149 - - [23/Nov/2011:11:56:16 +0100] "GET /img/right_bg.gif HTTP/1.0" 200 76 "http://www.dr-heidi-fleischer.de/" "Mozilla/4.0 (compatible; MSIE 8.0; Windows NT 5.1; Trident/4.0; .NET CLR 1.1.4322; .NET CLR 2.0.50727; .NET CLR 3.0.4506.2152; .NET CLR 3.5.30729; .NET4.0C; .NET4.0E)"
195.88.117.149 - - [23/Nov/2011:11:56:17 +0100] "GET /img/favicon.ico HTTP/1.0" 200 5430 "-" "Mozilla/4.0 (compatible; MSIE 8.0; Windows NT 5.1; Trident/4.0; .NET CLR 1.1.4322; .NET CLR 2.0.50727; .NET CLR 3.0.4506.2152; .NET CLR 3.5.30729; .NET4.0C; .NET4.0E)"
195.88.117.149 - - [23/Nov/2011:11:56:45 +0100] "GET /spez_leistungen.php HTTP/1.0" 200 7752 "http://www.dr-heidi-fleischer.de/" "Mozilla/4.0 (compatible; MSIE 8.0; Windows NT 5.1; Trident/4.0; .NET CLR 1.1.4322; .NET CLR 2.0.50727; .NET CLR 3.0.4506.2152; .NET CLR 3.5.30729; .NET4.0C; .NET4.0E)"
195.88.117.149 - - [23/Nov/2011:11:56:46 +0100] "GET /img/spez_leistungen_1.jpg HTTP/1.0" 200 18858 "http://www.dr-heidi-fleischer.de/spez_leistungen.php" "Mozilla/4.0 (compatible; MSIE 8.0; Windows NT 5.1; Trident/4.0; .NET CLR 1.1.4322; .NET CLR 2.0.50727; .NET CLR 3.0.4506.2152; .NET CLR 3.5.30729; .NET4.0C; .NET4.0E)"
195.88.117.149 - - [23/Nov/2011:11:56:47 +0100] "GET /leistungen.php HTTP/1.0" 200 8056 "http://www.dr-heidi-fleischer.de/spez_leistungen.php" "Mozilla/4.0 (compatible; MSIE 8.0; Windows NT 5.1; Trident/4.0; .NET CLR 1.1.4322; .NET CLR 2.0.50727; .NET CLR 3.0.4506.2152; .NET CLR 3.5.30729; .NET4.0C; .NET4.0E)"
195.88.117.149 - - [23/Nov/2011:11:56:48 +0100] "GET /img/leistungen_2.jpg HTTP/1.0" 200 13824 "http://www.dr-heidi-fleischer.de/leistungen.php" "Mozilla/4.0 (compatible; MSIE 8.0; Windows NT 5.1; Trident/4.0; .NET CLR 1.1.4322; .NET CLR 2.0.50727; .NET CLR 3.0.4506.2152; .NET CLR 3.5.30729; .NET4.0C; .NET4.0E)"
195.88.117.149 - - [23/Nov/2011:11:56:48 +0100] "GET /img/leistungen_1.jpg HTTP/1.0" 200 15190 "http://www.dr-heidi-fleischer.de/leistungen.php" "Mozilla/4.0 (compatible; MSIE 8.0; Windows NT 5.1; Trident/4.0; .NET CLR 1.1.4322; .NET CLR 2.0.50727; .NET CLR 3.0.4506.2152; .NET CLR 3.5.30729; .NET4.0C; .NET4.0E)"
195.88.117.149 - - [23/Nov/2011:11:56:49 +0100] "GET /img/spez_leistungen_2.jpg HTTP/1.0" 200 13667 "http://www.dr-heidi-fleischer.de/spez_leistungen.php" "Mozilla/4.0 (compatible; MSIE 8.0; Windows NT 5.1; Trident/4.0; .NET CLR 1.1.4322; .NET CLR 2.0.50727; .NET CLR 3.0.4506.2152; .NET CLR 3.5.30729; .NET4.0C; .NET4.0E)"
195.88.117.149 - - [23/Nov/2011:11:56:49 +0100] "GET /praxis.php HTTP/1.0" 200 7017 "http://www.dr-heidi-fleischer.de/leistungen.php" "Mozilla/4.0 (compatible; MSIE 8.0; Windows NT 5.1; Trident/4.0; .NET CLR 1.1.4322; .NET CLR 2.0.50727; .NET CLR 3.0.4506.2152; .NET CLR 3.5.30729; .NET4.0C; .NET4.0E)"
195.88.117.149 - - [23/Nov/2011:11:56:50 +0100] "GET /img/right_bg.jpg HTTP/1.0" 404 1256 "http://www.dr-heidi-fleischer.de/praxis.php" "Mozilla/4.0 (compatible; MSIE 8.0; Windows NT 5.1; Trident/4.0; .NET CLR 1.1.4322; .NET CLR 2.0.50727; .NET CLR 3.0.4506.2152; .NET CLR 3.5.30729; .NET4.0C; .NET4.0E)"
195.88.117.149 - - [23/Nov/2011:11:56:50 +0100] "GET /img/praxis_1.jpg HTTP/1.0" 200 39868 "http://www.dr-heidi-fleischer.de/praxis.php" "Mozilla/4.0 (compatible; MSIE 8.0; Windows NT 5.1; Trident/4.0; .NET CLR 1.1.4322; .NET CLR 2.0.50727; .NET CLR 3.0.4506.2152; .NET CLR 3.5.30729; .NET4.0C; .NET4.0E)"
195.88.117.149 - - [23/Nov/2011:11:56:50 +0100] "GET /img/praxis_2.jpg HTTP/1.0" 200 30574 "http://www.dr-heidi-fleischer.de/praxis.php" "Mozilla/4.0 (compatible; MSIE 8.0; Windows NT 5.1; Trident/4.0; .NET CLR 1.1.4322; .NET CLR 2.0.50727; .NET CLR 3.0.4506.2152; .NET CLR 3.5.30729; .NET4.0C; .NET4.0E)"
195.88.117.149 - - [23/Nov/2011:11:56:50 +0100] "GET /img/praxis_3.jpg HTTP/1.0" 200 36951 "http://www.dr-heidi-fleischer.de/praxis.php" "Mozilla/4.0 (compatible; MSIE 8.0; Windows NT 5.1; Trident/4.0; .NET CLR 1.1.4322; .NET CLR 2.0.50727; .NET CLR 3.0.4506.2152; .NET CLR 3.5.30729; .NET4.0C; .NET4.0E)"
150.70.172.109 - - [23/Nov/2011:11:58:53 +0100] "GET /scripte/all_scripts.js HTTP/1.0" 200 249 "-" "Mozilla/4.0 (compatible; MSIE 6.0; Windows NT 5.1)"
150.70.172.109 - - [23/Nov/2011:11:59:55 +0100] "GET /leistungen.php HTTP/1.0" 200 8056 "-" "Mozilla/4.0 (compatible; MSIE 6.0; Windows NT 5.1)"
150.70.75.29 - - [23/Nov/2011:12:17:23 +0100] "GET /spez_leistungen.php HTTP/1.0" 200 7752 "-" "Mozilla/4.0 (compatible; MSIE 6.0; Windows NT 5.1)"
150.70.75.29 - - [23/Nov/2011:12:17:30 +0100] "GET / HTTP/1.0" 200 9626 "-" "Mozilla/4.0 (compatible; MSIE 6.0; Windows NT 5.1)"
150.70.75.29 - - [23/Nov/2011:12:18:09 +0100] "GET /spez_leistungen.php HTTP/1.0" 200 7752 "-" "Mozilla/4.0 (compatible; MSIE 6.0; Windows NT 5.1)"
150.70.75.29 - - [23/Nov/2011:12:18:19 +0100] "GET / HTTP/1.0" 200 9626 "-" "Mozilla/4.0 (compatible; MSIE 6.0; Windows NT 5.1)"
150.70.75.29 - - [23/Nov/2011:12:19:25 +0100] "GET /img/favicon.ico HTTP/1.0" 200 5430 "-" "Mozilla/4.0 (compatible; MSIE 6.0; Windows NT 5.1)"
150.70.75.29 - - [23/Nov/2011:12:22:06 +0100] "GET /praxis.php HTTP/1.0" 200 7017 "-" "Mozilla/4.0 (compatible; MSIE 6.0; Windows NT 5.1)"
150.70.75.29 - - [23/Nov/2011:12:44:32 +0100] "GET /scripte/all_scripts.js HTTP/1.0" 200 249 "-" "Mozilla/4.0 (compatible; MSIE 6.0; Windows NT 5.1)"
62.91.39.98 - - [23/Nov/2011:12:47:38 +0100] "GET / HTTP/1.1" 200 9626 "http://www.gelbeseiten.de/yp/11/subscriberlist_pageAction.yp?sessionDataString=H4sIAAAAAAAAAFVOy07DMBD8mhxd7drrONacUESBAw-pBxIFL5doOLUJpSSKg-pXqsnMJedmc0OzNsQnI2Za2SWK8k-pqCCd1npzrpsYowmkgpiYpdyB83wlzPqt3Doq2sZ5ikjPFTbduj3eXiHVHpbdt73x/HzOE654JuX3T8KzTSElMcchnhAYsbka8/4Wvl8kLe10DI4ecKZiuJbNFuPH8WOPRv8it-pIJatxYd5QQ9JgZlzNq3a3hLvxNEy7JRT3rDXVTjuqxeGRnTDhifCsGO3qrzKLSyh35Vq8Clu4oulKtNXamdLpD5Y7LxQ8AQAA&page=1&filterTrade=&filterFunction=&sortBy=sort_trade&availableLetters=ABCDEFGHIJKLMNOPQRSTUVWXZ" "Mozilla/5.0 (Macintosh; U; Intel Mac OS X 10_6_7; en-us) AppleWebKit/533.21.1 (KHTML, like Gecko) Version/5.0.5 Safari/533.21.1"
208.115.113.88 - - [23/Nov/2011:13:44:15 +0100] "GET /robots.txt HTTP/1.1" 200 218 "-" "Mozilla/5.0 (compatible; Ezooms/1.0; ezooms.bot@gmail.com)"
208.115.113.88 - - [23/Nov/2011:14:33:05 +0100] "GET / HTTP/1.1" 200 9626 "-" "Mozilla/5.0 (compatible; Ezooms/1.0; ezooms.bot@gmail.com)"
208.115.111.67 - - [23/Nov/2011:16:14:58 +0100] "GET /robots.txt HTTP/1.1" 200 218 "-" "Mozilla/5.0 (compatible; Ezooms/1.0; ezooms.bot@gmail.com)"
150.70.64.201 - - [23/Nov/2011:16:26:22 +0100] "GET /img/lay05.gif HTTP/1.0" 200 331 "-" "Mozilla/4.0 (compatible; MSIE 6.0; Windows NT 5.1)"
87.139.7.27 - - [23/Nov/2011:16:30:14 +0100] "GET / HTTP/1.1" 200 9626 "http://www.gelbeseiten.de/yp/122/search.yp?sessionDataString=H4sIAAAAAAAAAH2Luw4CIRAAv-pZKkgV2jyVb-p6iMUWNrgEW9zgCNfr3X2VlNZpKxkVjRl2LI5mQQIpgEFExUpuyVuLAaDZmsIxTnxE9u20dqo9dl1FV259vPJb5fMl-pW2qYNts8a0iE%2FBP9PPFrS2mtq5Sl7kCPIyVi5goQVd7aAEZlm-pQI3h9SCrwAAAA-e-e&at=yp&kindOfSearch=tradesearch&subject=Zahn%E4rzte&location=N%FCrnberg&x=41&y=25&distance=-1&execute=Suchen&suggest_choose=on&rz=122" "Mozilla/5.0 (Windows; U; Windows NT 5.1; de; rv:1.9.2.24) Gecko/20111103 Firefox/3.6.24"
208.115.111.67 - - [23/Nov/2011:16:38:11 +0100] "GET / HTTP/1.1" 200 9626 "-" "Mozilla/5.0 (compatible; Ezooms/1.0; ezooms.bot@gmail.com)"
150.70.64.202 - - [23/Nov/2011:16:50:04 +0100] "GET /img/lay04.gif HTTP/1.0" 200 68 "-" "Mozilla/4.0 (compatible; MSIE 6.0; Windows NT 5.1)"
207.46.199.180 - - [23/Nov/2011:22:42:46 +0100] "GET /robots.txt HTTP/1.1" 200 218 "-" "Mozilla/5.0 (compatible; bingbot/2.0; +http://www.bing.com/bingbot.htm)"
204.236.235.245 - - [24/Nov/2011:03:30:02 +0100] "GET /robots.txt HTTP/1.0" 200 218 "-" "ia_archiver (+http://www.alexa.com/site/help/webmasters; crawler@alexa.com)"
204.236.235.245 - - [24/Nov/2011:03:30:03 +0100] "GET / HTTP/1.0" 200 9626 "-" "ia_archiver (+http://www.alexa.com/site/help/webmasters; crawler@alexa.com)"
207.46.199.51 - - [24/Nov/2011:03:56:00 +0100] "GET /robots.txt HTTP/1.1" 200 218 "-" "Mozilla/5.0 (compatible; bingbot/2.0; +http://www.bing.com/bingbot.htm)"
207.46.199.51 - - [24/Nov/2011:04:02:44 +0100] "GET / HTTP/1.1" 200 9626 "-" "Mozilla/5.0 (compatible; bingbot/2.0; +http://www.bing.com/bingbot.htm)"
213.79.125.20 - - [24/Nov/2011:07:58:45 +0100] "GET /muieblackcat HTTP/1.1" 404 1256 "-" "-"
213.79.125.20 - - [24/Nov/2011:07:58:46 +0100] "GET //scripts/setup.php HTTP/1.1" 404 1256 "-" "-"
213.79.125.20 - - [24/Nov/2011:07:58:46 +0100] "GET //admin/scripts/setup.php HTTP/1.1" 404 1256 "-" "-"
213.79.125.20 - - [24/Nov/2011:07:58:46 +0100] "GET //admin/pma/scripts/setup.php HTTP/1.1" 404 1256 "-" "-"
213.79.125.20 - - [24/Nov/2011:07:58:46 +0100] "GET //admin/phpmyadmin/scripts/setup.php HTTP/1.1" 404 1256 "-" "-"
213.79.125.20 - - [24/Nov/2011:07:58:46 +0100] "GET //dbadmin/scripts/setup.php HTTP/1.1" 404 1256 "-" "-"
213.79.125.20 - - [24/Nov/2011:07:58:46 +0100] "GET //myadmin/scripts/setup.php HTTP/1.1" 404 1256 "-" "-"
213.79.125.20 - - [24/Nov/2011:07:58:46 +0100] "GET //mysql/scripts/setup.php HTTP/1.1" 404 1256 "-" "-"
213.79.125.20 - - [24/Nov/2011:07:58:47 +0100] "GET //mysqladmin/scripts/setup.php HTTP/1.1" 404 1256 "-" "-"
213.79.125.20 - - [24/Nov/2011:07:58:47 +0100] "GET //pma/scripts/setup.php HTTP/1.1" 404 1256 "-" "-"
213.79.125.20 - - [24/Nov/2011:07:58:50 +0100] "GET //phpMyAdmin/scripts/setup.php HTTP/1.1" 404 1256 "-" "-"
213.79.125.20 - - [24/Nov/2011:07:58:50 +0100] "GET //mysqlmanager/scripts/setup.php HTTP/1.1" 404 1256 "-" "-"
213.79.125.20 - - [24/Nov/2011:07:58:50 +0100] "GET //p/m/a/scripts/setup.php HTTP/1.1" 404 1256 "-" "-"
213.79.125.20 - - [24/Nov/2011:07:58:50 +0100] "GET //mysqladmin/scripts/setup.php HTTP/1.1" 404 1256 "-" "-"
213.79.125.20 - - [24/Nov/2011:07:58:51 +0100] "GET / HTTP/1.1" 200 9626 "-" "-"
208.115.113.88 - - [24/Nov/2011:09:43:14 +0100] "GET /robots.txt HTTP/1.1" 200 218 "-" "Mozilla/5.0 (compatible; Ezooms/1.0; ezooms.bot@gmail.com)"
66.249.72.52 - - [24/Nov/2011:10:20:03 +0100] "GET /robots.txt HTTP/1.1" 200 218 "-" "Mozilla/5.0 (compatible; Googlebot/2.1; +http://www.google.com/bot.html)"
66.249.72.52 - - [24/Nov/2011:10:20:03 +0100] "GET / HTTP/1.1" 200 9626 "-" "Mozilla/5.0 (iPhone; U; CPU iPhone OS 4_1 like Mac OS X; en-us) AppleWebKit/532.9 (KHTML, like Gecko) Version/4.0.5 Mobile/8B117 Safari/6531.22.7 (compatible; Googlebot-Mobile/2.1; +http://www.google.com/bot.html)"
208.115.113.88 - - [24/Nov/2011:10:33:15 +0100] "GET / HTTP/1.1" 200 9626 "-" "Mozilla/5.0 (compatible; Ezooms/1.0; ezooms.bot@gmail.com)"
79.249.109.109 - - [24/Nov/2011:10:51:38 +0100] "GET / HTTP/1.1" 200 9626 "http://www.gelbeseiten.de/yp/122/search.yp?subject=Zahn%e4rzte&location=N%fcrnberg&direction=regional&pid=epro&zanpid=1574723499728528384&rz=122" "Mozilla/5.0 (Windows NT 6.0) AppleWebKit/535.2 (KHTML, like Gecko) Chrome/15.0.874.121 Safari/535.2"
213.79.125.20 - - [24/Nov/2011:10:54:05 +0100] "GET /muieblackcat HTTP/1.1" 404 1256 "-" "-"
213.79.125.20 - - [24/Nov/2011:10:54:06 +0100] "GET //scripts/setup.php HTTP/1.1" 404 1256 "-" "-"
213.79.125.20 - - [24/Nov/2011:10:54:06 +0100] "GET //admin/scripts/setup.php HTTP/1.1" 404 1256 "-" "-"
213.79.125.20 - - [24/Nov/2011:10:54:06 +0100] "GET //admin/pma/scripts/setup.php HTTP/1.1" 404 1256 "-" "-"
213.79.125.20 - - [24/Nov/2011:10:54:06 +0100] "GET //admin/phpmyadmin/scripts/setup.php HTTP/1.1" 404 1256 "-" "-"
213.79.125.20 - - [24/Nov/2011:10:54:06 +0100] "GET //dbadmin/scripts/setup.php HTTP/1.1" 404 1256 "-" "-"
213.79.125.20 - - [24/Nov/2011:10:54:07 +0100] "GET //myadmin/scripts/setup.php HTTP/1.1" 404 1256 "-" "-"
213.79.125.20 - - [24/Nov/2011:10:54:07 +0100] "GET //mysql/scripts/setup.php HTTP/1.1" 404 1256 "-" "-"
213.79.125.20 - - [24/Nov/2011:10:54:07 +0100] "GET //mysqladmin/scripts/setup.php HTTP/1.1" 404 1256 "-" "-"
213.79.125.20 - - [24/Nov/2011:10:54:07 +0100] "GET //pma/scripts/setup.php HTTP/1.1" 404 1256 "-" "-"
213.79.125.20 - - [24/Nov/2011:10:54:07 +0100] "GET //phpmyadmin/scripts/setup.php HTTP/1.1" 404 1256 "-" "-"
213.79.125.20 - - [24/Nov/2011:10:54:07 +0100] "GET //phpMyAdmin/scripts/setup.php HTTP/1.1" 404 1256 "-" "-"
213.79.125.20 - - [24/Nov/2011:10:54:08 +0100] "GET //mysqlmanager/scripts/setup.php HTTP/1.1" 404 1256 "-" "-"
213.79.125.20 - - [24/Nov/2011:10:54:08 +0100] "GET //p/m/a/scripts/setup.php HTTP/1.1" 404 1256 "-" "-"
213.79.125.20 - - [24/Nov/2011:10:54:08 +0100] "GET //mysqladmin/scripts/setup.php HTTP/1.1" 404 1256 "-" "-"
213.79.125.20 - - [24/Nov/2011:10:54:08 +0100] "GET / HTTP/1.1" 200 9626 "-" "-"
194.153.113.7 - - [24/Nov/2011:15:46:45 +0100] "GET / HTTP/1.1" 200 9626 "-" "Mozilla/5.0 (compatible; oBot/2.3.1; +http://filterdb.iss.net/crawler/)"
95.108.150.235 - - [24/Nov/2011:19:37:50 +0100] "GET /robots.txt HTTP/1.1" 200 218 "-" "Mozilla/5.0 (compatible; YandexBot/3.0; +http://yandex.com/bots)"
95.108.150.235 - - [24/Nov/2011:19:37:50 +0100] "GET /robots.txt HTTP/1.1" 200 218 "-" "Mozilla/5.0 (compatible; YandexBot/3.0; +http://yandex.com/bots)"
95.108.150.235 - - [24/Nov/2011:19:37:51 +0100] "GET / HTTP/1.1" 200 9626 "-" "Mozilla/5.0 (compatible; YandexBot/3.0; +http://yandex.com/bots)"
95.108.150.235 - - [24/Nov/2011:19:37:51 +0100] "GET / HTTP/1.1" 200 9626 "-" "Mozilla/5.0 (compatible; YandexBot/3.0; +http://yandex.com/bots)"
95.108.150.235 - - [24/Nov/2011:19:37:52 +0100] "GET / HTTP/1.1" 200 9626 "-" "Mozilla/5.0 (compatible; YandexBot/3.0; +http://yandex.com/bots)"
95.108.150.235 - - [24/Nov/2011:19:37:52 +0100] "GET / HTTP/1.1" 200 9626 "-" "Mozilla/5.0 (compatible; YandexBot/3.0; +http://yandex.com/bots)"
83.133.125.202 - - [24/Nov/2011:20:16:01 +0100] "GET / HTTP/1.1" 200 9626 "http://www.bigfinder.de/" "Mozilla/4.0 (compatible; MSIE 8.0; Windows NT 5.1; Trident/4.0; FBSMTWB; ATC/1.0; .NET CLR 1.1.4322; ATC/1.0; .NET CLR 2.0.50727; .NET CLR 3.0.4506.2152; .NET CLR 3.5.30729)"
176.9.19.103 - - [24/Nov/2011:20:49:48 +0100] "GET /robots.txt HTTP/1.0" 200 218 "-" "nutch/1.2 (nutch)"
176.9.19.103 - - [24/Nov/2011:20:49:48 +0100] "GET / HTTP/1.0" 200 9626 "-" "nutch/1.2 (nutch)"
207.46.199.180 - - [24/Nov/2011:22:25:12 +0100] "GET /robots.txt HTTP/1.1" 200 218 "-" "Mozilla/5.0 (compatible; bingbot/2.0; +http://www.bing.com/bingbot.htm)"
67.202.20.1 - - [24/Nov/2011:22:40:48 +0100] "HEAD / HTTP/1.1" 200 - "http://www.netcraft.com/survey/" "Mozilla/4.0 (compatible; Netcraft Web Server Survey)"
207.46.199.180 - - [24/Nov/2011:22:44:55 +0100] "GET /robots.txt HTTP/1.1" 200 218 "-" "Mozilla/5.0 (compatible; bingbot/2.0; +http://www.bing.com/bingbot.htm)"
157.55.107.141 - - [24/Nov/2011:22:53:32 +0100] "GET /robots.txt HTTP/1.1" 200 218 "-" "Mozilla/5.0 (compatible; bingbot/2.0; +http://www.bing.com/bingbot.htm)"
157.55.107.141 - - [24/Nov/2011:23:26:05 +0100] "GET /robots.txt HTTP/1.1" 200 218 "-" "Mozilla/5.0 (compatible; bingbot/2.0; +http://www.bing.com/bingbot.htm)"
208.115.111.72 - - [24/Nov/2011:23:40:07 +0100] "GET /robots.txt HTTP/1.1" 200 218 "-" "Mozilla/5.0 (compatible; Ezooms/1.0; ezooms.bot@gmail.com)"
157.55.107.141 - - [24/Nov/2011:23:49:32 +0100] "GET /robots.txt HTTP/1.1" 200 218 "-" "Mozilla/5.0 (compatible; bingbot/2.0; +http://www.bing.com/bingbot.htm)"
207.46.199.180 - - [24/Nov/2011:23:53:53 +0100] "GET /robots.txt HTTP/1.1" 200 218 "-" "Mozilla/5.0 (compatible; bingbot/2.0; +http://www.bing.com/bingbot.htm)"
157.55.107.141 - - [25/Nov/2011:00:10:52 +0100] "GET /robots.txt HTTP/1.1" 200 218 "-" "Mozilla/5.0 (compatible; bingbot/2.0; +http://www.bing.com/bingbot.htm)"
207.46.199.180 - - [25/Nov/2011:00:24:32 +0100] "GET /robots.txt HTTP/1.1" 200 218 "-" "Mozilla/5.0 (compatible; bingbot/2.0; +http://www.bing.com/bingbot.htm)"
157.55.107.141 - - [25/Nov/2011:00:30:11 +0100] "GET /robots.txt HTTP/1.1" 200 218 "-" "Mozilla/5.0 (compatible; bingbot/2.0; +http://www.bing.com/bingbot.htm)"
208.115.111.72 - - [25/Nov/2011:00:36:42 +0100] "GET /index.php HTTP/1.1" 200 9626 "-" "Mozilla/5.0 (compatible; Ezooms/1.0; ezooms.bot@gmail.com)"
157.55.107.141 - - [25/Nov/2011:01:16:30 +0100] "GET /robots.txt HTTP/1.1" 200 218 "-" "Mozilla/5.0 (compatible; bingbot/2.0; +http://www.bing.com/bingbot.htm)"
157.55.107.141 - - [25/Nov/2011:01:38:58 +0100] "GET /robots.txt HTTP/1.1" 200 218 "-" "Mozilla/5.0 (compatible; bingbot/2.0; +http://www.bing.com/bingbot.htm)"
157.55.50.12 - - [25/Nov/2011:01:42:45 +0100] "GET /robots.txt HTTP/1.1" 200 218 "-" "Mozilla/5.0 (compatible; bingbot/2.0; +http://www.bing.com/bingbot.htm)"
157.55.107.141 - - [25/Nov/2011:02:06:11 +0100] "GET /robots.txt HTTP/1.1" 200 218 "-" "Mozilla/5.0 (compatible; bingbot/2.0; +http://www.bing.com/bingbot.htm)"
176.9.0.12 - - [25/Nov/2011:02:21:49 +0100] "GET /robots.txt HTTP/1.0" 200 218 "-" "nutch/1.2 (nutch)"
176.9.0.12 - - [25/Nov/2011:02:21:49 +0100] "GET /img/lay08.gif HTTP/1.0" 200 534 "-" "nutch/1.2 (nutch)"
208.115.113.88 - - [25/Nov/2011:02:42:15 +0100] "GET /robots.txt HTTP/1.1" 200 218 "-" "Mozilla/5.0 (compatible; Ezooms/1.0; ezooms.bot@gmail.com)"
208.115.113.88 - - [25/Nov/2011:03:06:24 +0100] "GET / HTTP/1.1" 200 9626 "-" "Mozilla/5.0 (compatible; Ezooms/1.0; ezooms.bot@gmail.com)"
188.40.85.200 - - [25/Nov/2011:03:07:51 +0100] "GET /robots.txt HTTP/1.0" 200 218 "-" "nutch/1.2 (nutch)"
188.40.85.200 - - [25/Nov/2011:03:07:51 +0100] "GET /leistungen.php HTTP/1.0" 200 8056 "-" "nutch/1.2 (nutch)"
46.4.121.154 - - [25/Nov/2011:03:40:26 +0100] "GET /robots.txt HTTP/1.0" 200 218 "-" "nutch/1.2 (nutch)"
46.4.121.154 - - [25/Nov/2011:03:40:26 +0100] "GET /img/lay01.gif HTTP/1.0" 200 273 "-" "nutch/1.2 (nutch)"
157.55.50.12 - - [25/Nov/2011:03:41:45 +0100] "GET /robots.txt HTTP/1.1" 200 218 "-" "Mozilla/5.0 (compatible; bingbot/2.0; +http://www.bing.com/bingbot.htm)"
157.55.107.141 - - [25/Nov/2011:04:14:46 +0100] "GET /robots.txt HTTP/1.1" 200 218 "-" "Mozilla/5.0 (compatible; bingbot/2.0; +http://www.bing.com/bingbot.htm)"
46.4.121.154 - - [25/Nov/2011:04:26:17 +0100] "GET /robots.txt HTTP/1.0" 200 218 "-" "nutch/1.2 (nutch)"
46.4.121.154 - - [25/Nov/2011:04:26:17 +0100] "GET /img/f_1-p.gif HTTP/1.0" 200 43 "-" "nutch/1.2 (nutch)"
157.55.107.141 - - [25/Nov/2011:04:31:24 +0100] "GET /robots.txt HTTP/1.1" 200 218 "-" "Mozilla/5.0 (compatible; bingbot/2.0; +http://www.bing.com/bingbot.htm)"
46.4.121.154 - - [25/Nov/2011:04:55:54 +0100] "GET /robots.txt HTTP/1.0" 200 218 "-" "nutch/1.2 (nutch)"
46.4.121.154 - - [25/Nov/2011:04:55:54 +0100] "GET /index.php HTTP/1.0" 200 9626 "-" "nutch/1.2 (nutch)"
46.4.121.154 - - [25/Nov/2011:04:56:04 +0100] "GET /img/tel_footer.gif HTTP/1.0" 200 1051 "-" "nutch/1.2 (nutch)"
208.115.111.72 - - [25/Nov/2011:07:50:25 +0100] "GET /robots.txt HTTP/1.1" 200 218 "-" "Mozilla/5.0 (compatible; Ezooms/1.0; ezooms.bot@gmail.com)"
212.17.245.184 - - [25/Nov/2011:09:30:40 +0100] "GET / HTTP/1.1" 200 9626 "http://www.google.de/url?sa=t&rct=j&q=fleischer%20heidi%20dr.&source=web&cd=1&ved=0CCEQFjAA&url=http%3A%2F%2Fwww.dr-heidi-fleischer.de%2F&ei=LVLPTsOMHMPLhAfSt8XeDQ&usg=AFQjCNFtUEW4ruGRBkbh9xWO3kO7xPGlWQ" "Mozilla/4.0 (compatible; MSIE 8.0; Windows NT 6.1; WOW64; Trident/4.0; SLCC2; .NET CLR 2.0.50727; .NET CLR 3.5.30729; .NET CLR 3.0.30729; Media Center PC 6.0; .NET4.0C; .NET4.0E; MS-RTC LM 8)"
212.17.245.184 - - [25/Nov/2011:09:30:41 +0100] "GET /css/fl_style.css HTTP/1.1" 200 10194 "http://www.dr-heidi-fleischer.de/" "Mozilla/4.0 (compatible; MSIE 8.0; Windows NT 6.1; WOW64; Trident/4.0; SLCC2; .NET CLR 2.0.50727; .NET CLR 3.5.30729; .NET CLR 3.0.30729; Media Center PC 6.0; .NET4.0C; .NET4.0E; MS-RTC LM 8)"
212.17.245.184 - - [25/Nov/2011:09:30:41 +0100] "GET /scripte/all_scripts.js HTTP/1.1" 200 249 "http://www.dr-heidi-fleischer.de/" "Mozilla/4.0 (compatible; MSIE 8.0; Windows NT 6.1; WOW64; Trident/4.0; SLCC2; .NET CLR 2.0.50727; .NET CLR 3.5.30729; .NET CLR 3.0.30729; Media Center PC 6.0; .NET4.0C; .NET4.0E; MS-RTC LM 8)"
212.17.245.184 - - [25/Nov/2011:09:30:41 +0100] "GET /img/lay01.gif HTTP/1.1" 200 273 "http://www.dr-heidi-fleischer.de/" "Mozilla/4.0 (compatible; MSIE 8.0; Windows NT 6.1; WOW64; Trident/4.0; SLCC2; .NET CLR 2.0.50727; .NET CLR 3.5.30729; .NET CLR 3.0.30729; Media Center PC 6.0; .NET4.0C; .NET4.0E; MS-RTC LM 8)"
212.17.245.184 - - [25/Nov/2011:09:30:41 +0100] "GET /img/f_1-p.gif HTTP/1.1" 200 43 "http://www.dr-heidi-fleischer.de/" "Mozilla/4.0 (compatible; MSIE 8.0; Windows NT 6.1; WOW64; Trident/4.0; SLCC2; .NET CLR 2.0.50727; .NET CLR 3.5.30729; .NET CLR 3.0.30729; Media Center PC 6.0; .NET4.0C; .NET4.0E; MS-RTC LM 8)"
212.17.245.184 - - [25/Nov/2011:09:30:41 +0100] "GET /img/lay04.gif HTTP/1.1" 200 68 "http://www.dr-heidi-fleischer.de/" "Mozilla/4.0 (compatible; MSIE 8.0; Windows NT 6.1; WOW64; Trident/4.0; SLCC2; .NET CLR 2.0.50727; .NET CLR 3.5.30729; .NET CLR 3.0.30729; Media Center PC 6.0; .NET4.0C; .NET4.0E; MS-RTC LM 8)"
212.17.245.184 - - [25/Nov/2011:09:30:41 +0100] "GET /img/lay06neu.gif HTTP/1.1" 200 583 "http://www.dr-heidi-fleischer.de/" "Mozilla/4.0 (compatible; MSIE 8.0; Windows NT 6.1; WOW64; Trident/4.0; SLCC2; .NET CLR 2.0.50727; .NET CLR 3.5.30729; .NET CLR 3.0.30729; Media Center PC 6.0; .NET4.0C; .NET4.0E; MS-RTC LM 8)"
212.17.245.184 - - [25/Nov/2011:09:30:41 +0100] "GET /img/lay07.gif HTTP/1.1" 200 453 "http://www.dr-heidi-fleischer.de/" "Mozilla/4.0 (compatible; MSIE 8.0; Windows NT 6.1; WOW64; Trident/4.0; SLCC2; .NET CLR 2.0.50727; .NET CLR 3.5.30729; .NET CLR 3.0.30729; Media Center PC 6.0; .NET4.0C; .NET4.0E; MS-RTC LM 8)"
212.17.245.184 - - [25/Nov/2011:09:30:41 +0100] "GET /img/lay02.gif HTTP/1.1" 200 68 "http://www.dr-heidi-fleischer.de/" "Mozilla/4.0 (compatible; MSIE 8.0; Windows NT 6.1; WOW64; Trident/4.0; SLCC2; .NET CLR 2.0.50727; .NET CLR 3.5.30729; .NET CLR 3.0.30729; Media Center PC 6.0; .NET4.0C; .NET4.0E; MS-RTC LM 8)"
212.17.245.184 - - [25/Nov/2011:09:30:41 +0100] "GET /img/lay03.gif HTTP/1.1" 200 1060 "http://www.dr-heidi-fleischer.de/" "Mozilla/4.0 (compatible; MSIE 8.0; Windows NT 6.1; WOW64; Trident/4.0; SLCC2; .NET CLR 2.0.50727; .NET CLR 3.5.30729; .NET CLR 3.0.30729; Media Center PC 6.0; .NET4.0C; .NET4.0E; MS-RTC LM 8)"
212.17.245.184 - - [25/Nov/2011:09:30:41 +0100] "GET /img/zert_1.jpg HTTP/1.1" 200 6013 "http://www.dr-heidi-fleischer.de/" "Mozilla/4.0 (compatible; MSIE 8.0; Windows NT 6.1; WOW64; Trident/4.0; SLCC2; .NET CLR 2.0.50727; .NET CLR 3.5.30729; .NET CLR 3.0.30729; Media Center PC 6.0; .NET4.0C; .NET4.0E; MS-RTC LM 8)"
212.17.245.184 - - [25/Nov/2011:09:30:41 +0100] "GET /img/lay05.gif HTTP/1.1" 200 331 "http://www.dr-heidi-fleischer.de/" "Mozilla/4.0 (compatible; MSIE 8.0; Windows NT 6.1; WOW64; Trident/4.0; SLCC2; .NET CLR 2.0.50727; .NET CLR 3.5.30729; .NET CLR 3.0.30729; Media Center PC 6.0; .NET4.0C; .NET4.0E; MS-RTC LM 8)"
212.17.245.184 - - [25/Nov/2011:09:30:41 +0100] "GET /img/tel_footer.gif HTTP/1.1" 200 1051 "http://www.dr-heidi-fleischer.de/" "Mozilla/4.0 (compatible; MSIE 8.0; Windows NT 6.1; WOW64; Trident/4.0; SLCC2; .NET CLR 2.0.50727; .NET CLR 3.5.30729; .NET CLR 3.0.30729; Media Center PC 6.0; .NET4.0C; .NET4.0E; MS-RTC LM 8)"
212.17.245.184 - - [25/Nov/2011:09:30:41 +0100] "GET /img/left_bg2.gif HTTP/1.1" 200 176 "http://www.dr-heidi-fleischer.de/" "Mozilla/4.0 (compatible; MSIE 8.0; Windows NT 6.1; WOW64; Trident/4.0; SLCC2; .NET CLR 2.0.50727; .NET CLR 3.5.30729; .NET CLR 3.0.30729; Media Center PC 6.0; .NET4.0C; .NET4.0E; MS-RTC LM 8)"
212.17.245.184 - - [25/Nov/2011:09:30:41 +0100] "GET /img/hg_body.jpg HTTP/1.1" 200 2615 "http://www.dr-heidi-fleischer.de/" "Mozilla/4.0 (compatible; MSIE 8.0; Windows NT 6.1; WOW64; Trident/4.0; SLCC2; .NET CLR 2.0.50727; .NET CLR 3.5.30729; .NET CLR 3.0.30729; Media Center PC 6.0; .NET4.0C; .NET4.0E; MS-RTC LM 8)"
