109.201.222.181 - - [11/Sep/2011:04:42:13 +0200] "GET /spez_leistungen.php HTTP/1.1" 200 7752 "-" "Mozilla/5.0 (compatible; 008/0.83; http://www.80legs.com/webcrawler.html) Gecko/2008032620"
78.156.225.21 - - [11/Sep/2011:04:42:15 +0200] "GET /impressum.php HTTP/1.1" 200 8293 "-" "Mozilla/5.0 (compatible; 008/0.83; http://www.80legs.com/webcrawler.html) Gecko/2008032620"
78.156.225.21 - - [11/Sep/2011:04:42:18 +0200] "GET /kont.php HTTP/1.1" 200 8494 "-" "Mozilla/5.0 (compatible; 008/0.83; http://www.80legs.com/webcrawler.html) Gecko/2008032620"
176.15.186.96 - - [11/Sep/2011:04:42:19 +0200] "GET /index.php HTTP/1.1" 200 9626 "-" "Mozilla/5.0 (compatible; 008/0.83; http://www.80legs.com/webcrawler.html) Gecko/2008032620"
176.15.186.96 - - [11/Sep/2011:04:42:23 +0200] "GET /praxis.php HTTP/1.1" 200 7017 "-" "Mozilla/5.0 (compatible; 008/0.83; http://www.80legs.com/webcrawler.html) Gecko/2008032620"
92.255.160.219 - - [11/Sep/2011:04:42:28 +0200] "GET /kont.php HTTP/1.1" 200 8494 "-" "Mozilla/5.0 (compatible; 008/0.83; http://www.80legs.com/webcrawler.html) Gecko/2008032620"
92.113.8.195 - - [11/Sep/2011:04:42:45 +0200] "GET /index.php HTTP/1.1" 200 9626 "-" "Mozilla/5.0 (compatible; 008/0.83; http://www.80legs.com/webcrawler.html) Gecko/2008032620"
92.113.8.195 - - [11/Sep/2011:04:42:48 +0200] "GET /leistungen.php HTTP/1.1" 200 8056 "-" "Mozilla/5.0 (compatible; 008/0.83; http://www.80legs.com/webcrawler.html) Gecko/2008032620"
92.255.160.219 - - [11/Sep/2011:04:48:04 +0200] "GET /anfahrt.php HTTP/1.1" 200 8074 "-" "Mozilla/5.0 (compatible; 008/0.83; http://www.80legs.com/webcrawler.html) Gecko/2008032620"
92.255.160.219 - - [11/Sep/2011:04:48:06 +0200] "GET /leistungen.php HTTP/1.1" 200 8056 "-" "Mozilla/5.0 (compatible; 008/0.83; http://www.80legs.com/webcrawler.html) Gecko/2008032620"
77.35.56.65 - - [11/Sep/2011:04:48:18 +0200] "GET /index.php HTTP/1.1" 200 9626 "-" "Mozilla/5.0 (compatible; 008/0.83; http://www.80legs.com/webcrawler.html) Gecko/2008032620"
77.35.56.65 - - [11/Sep/2011:04:48:22 +0200] "GET /praxis.php HTTP/1.1" 200 7017 "-" "Mozilla/5.0 (compatible; 008/0.83; http://www.80legs.com/webcrawler.html) Gecko/2008032620"
95.108.158.244 - - [11/Sep/2011:04:50:00 +0200] "GET /img/tel_footer.gif HTTP/1.1" 304 - "-" "Mozilla/5.0 (compatible; YandexImages/3.0; +http://yandex.com/bots)"
92.113.8.195 - - [11/Sep/2011:04:50:14 +0200] "GET /datenschutz.php HTTP/1.1" 404 1256 "-" "Mozilla/5.0 (compatible; 008/0.83; http://www.80legs.com/webcrawler.html) Gecko/2008032620"
78.156.225.21 - - [11/Sep/2011:04:51:02 +0200] "GET /impressum.php HTTP/1.1" 200 8293 "-" "Mozilla/5.0 (compatible; 008/0.83; http://www.80legs.com/webcrawler.html) Gecko/2008032620"
78.156.225.21 - - [11/Sep/2011:04:51:04 +0200] "GET /spez_leistungen.php HTTP/1.1" 200 7752 "-" "Mozilla/5.0 (compatible; 008/0.83; http://www.80legs.com/webcrawler.html) Gecko/2008032620"
176.15.186.96 - - [11/Sep/2011:04:51:24 +0200] "GET /kont.php HTTP/1.1" 200 8494 "-" "Mozilla/5.0 (compatible; 008/0.83; http://www.80legs.com/webcrawler.html) Gecko/2008032620"
68.50.237.237 - - [11/Sep/2011:04:58:03 +0200] "GET /anfahrt.php HTTP/1.1" 200 8074 "-" "Mozilla/5.0 (compatible; 008/0.83; http://www.80legs.com/webcrawler.html) Gecko/2008032620"
68.50.237.237 - - [11/Sep/2011:04:58:05 +0200] "GET /leistungen.php HTTP/1.1" 200 8056 "-" "Mozilla/5.0 (compatible; 008/0.83; http://www.80legs.com/webcrawler.html) Gecko/2008032620"
176.15.186.96 - - [11/Sep/2011:04:58:52 +0200] "GET /index.php HTTP/1.1" 200 9626 "-" "Mozilla/5.0 (compatible; 008/0.83; http://www.80legs.com/webcrawler.html) Gecko/2008032620"
176.15.186.96 - - [11/Sep/2011:04:58:55 +0200] "GET /praxis.php HTTP/1.1" 200 7017 "-" "Mozilla/5.0 (compatible; 008/0.83; http://www.80legs.com/webcrawler.html) Gecko/2008032620"
176.15.186.96 - - [11/Sep/2011:05:02:42 +0200] "GET /datenschutz.php HTTP/1.1" 404 1256 "-" "Mozilla/5.0 (compatible; 008/0.83; http://www.80legs.com/webcrawler.html) Gecko/2008032620"
95.189.51.64 - - [11/Sep/2011:05:04:06 +0200] "GET /impressum.php HTTP/1.1" 200 8293 "-" "Mozilla/5.0 (compatible; 008/0.83; http://www.80legs.com/webcrawler.html) Gecko/2008032620"
95.189.51.64 - - [11/Sep/2011:05:04:10 +0200] "GET /spez_leistungen.php HTTP/1.1" 200 7752 "-" "Mozilla/5.0 (compatible; 008/0.83; http://www.80legs.com/webcrawler.html) Gecko/2008032620"
95.189.51.64 - - [11/Sep/2011:05:05:16 +0200] "GET /kont.php HTTP/1.1" 200 8494 "-" "Mozilla/5.0 (compatible; 008/0.83; http://www.80legs.com/webcrawler.html) Gecko/2008032620"
95.189.51.64 - - [11/Sep/2011:05:16:53 +0200] "GET /index.php HTTP/1.1" 200 9626 "-" "Mozilla/5.0 (compatible; 008/0.83; http://www.80legs.com/webcrawler.html) Gecko/2008032620"
176.15.186.96 - - [11/Sep/2011:05:20:04 +0200] "GET /impressum.php HTTP/1.1" 200 8293 "-" "Mozilla/5.0 (compatible; 008/0.83; http://www.80legs.com/webcrawler.html) Gecko/2008032620"
176.15.186.96 - - [11/Sep/2011:05:20:06 +0200] "GET /spez_leistungen.php HTTP/1.1" 200 7752 "-" "Mozilla/5.0 (compatible; 008/0.83; http://www.80legs.com/webcrawler.html) Gecko/2008032620"
176.15.186.96 - - [11/Sep/2011:05:20:30 +0200] "GET /kont.php HTTP/1.1" 200 8494 "-" "Mozilla/5.0 (compatible; 008/0.83; http://www.80legs.com/webcrawler.html) Gecko/2008032620"
95.108.158.244 - - [11/Sep/2011:05:50:04 +0200] "GET /img/roll_trans.gif HTTP/1.1" 304 - "-" "Mozilla/5.0 (compatible; YandexImages/3.0; +http://yandex.com/bots)"
178.187.140.56 - - [11/Sep/2011:06:04:40 +0200] "GET /spez_leistungen.php HTTP/1.1" 200 7752 "-" "Mozilla/5.0 (compatible; 008/0.83; http://www.80legs.com/webcrawler.html) Gecko/2008032620"
178.187.140.56 - - [11/Sep/2011:06:04:45 +0200] "GET /spez_leistungen.php HTTP/1.1" 200 7752 "-" "Mozilla/5.0 (compatible; 008/0.83; http://www.80legs.com/webcrawler.html) Gecko/2008032620"
178.187.140.56 - - [11/Sep/2011:06:05:00 +0200] "GET /impressum.php HTTP/1.1" 200 8293 "-" "Mozilla/5.0 (compatible; 008/0.83; http://www.80legs.com/webcrawler.html) Gecko/2008032620"
178.187.140.56 - - [11/Sep/2011:06:05:04 +0200] "GET /kont.php HTTP/1.1" 200 8494 "-" "Mozilla/5.0 (compatible; 008/0.83; http://www.80legs.com/webcrawler.html) Gecko/2008032620"
178.187.140.56 - - [11/Sep/2011:06:05:17 +0200] "GET /impressum.php HTTP/1.1" 200 8293 "-" "Mozilla/5.0 (compatible; 008/0.83; http://www.80legs.com/webcrawler.html) Gecko/2008032620"
95.108.158.244 - - [11/Sep/2011:06:14:00 +0200] "GET /img/f_1-p.gif HTTP/1.1" 304 - "-" "Mozilla/5.0 (compatible; YandexImages/3.0; +http://yandex.com/bots)"
95.108.158.244 - - [11/Sep/2011:06:37:54 +0200] "GET /img/zert_1gross.jpg HTTP/1.1" 304 - "-" "Mozilla/5.0 (compatible; YandexImages/3.0; +http://yandex.com/bots)"
70.95.146.52 - - [11/Sep/2011:06:57:49 +0200] "GET /index.php HTTP/1.1" 200 9626 "-" "Mozilla/5.0 (compatible; 008/0.83; http://www.80legs.com/webcrawler.html) Gecko/2008032620"
70.95.146.52 - - [11/Sep/2011:06:57:55 +0200] "GET /kont.php HTTP/1.1" 200 8494 "-" "Mozilla/5.0 (compatible; 008/0.83; http://www.80legs.com/webcrawler.html) Gecko/2008032620"
95.108.158.244 - - [11/Sep/2011:07:25:46 +0200] "GET /img/lay16.gif HTTP/1.1" 304 - "-" "Mozilla/5.0 (compatible; YandexImages/3.0; +http://yandex.com/bots)"
64.125.222.50 - - [11/Sep/2011:08:02:02 +0200] "GET /robots.txt HTTP/1.1" 200 218 "-" "Mozilla/5.0 (compatible; 008/0.83; http://www.80legs.com/webcrawler.html;) Gecko/2008032620"
85.141.109.57 - - [11/Sep/2011:08:31:02 +0200] "GET /= HTTP/1.1" 404 1256 "-" "Mozilla/5.0 (compatible; 008/0.83; http://www.80legs.com/webcrawler.html) Gecko/2008032620"
75.73.17.162 - - [11/Sep/2011:08:39:12 +0200] "GET /= HTTP/1.1" 404 1256 "-" "Mozilla/5.0 (compatible; 008/0.83; http://www.80legs.com/webcrawler.html) Gecko/2008032620"
95.108.158.244 - - [11/Sep/2011:13:12:37 +0200] "GET /robots.txt HTTP/1.1" 200 218 "-" "Mozilla/5.0 (compatible; YandexImages/3.0; +http://yandex.com/bots)"
82.165.37.69 - - [11/Sep/2011:13:47:51 +0200] "GET / HTTP/1.0" 200 9626 "http://werbung-public-relations.18x24.com/?roboto.html/" "Mozilla/5.0 (compatible; IPTCBOT;"
95.108.158.244 - - [11/Sep/2011:14:07:25 +0200] "GET /img/lay16.gif HTTP/1.1" 304 - "-" "Mozilla/5.0 (compatible; YandexImages/3.0; +http://yandex.com/bots)"
95.108.158.244 - - [11/Sep/2011:21:18:46 +0200] "GET /img/roll_trans.gif HTTP/1.1" 304 - "-" "Mozilla/5.0 (compatible; YandexImages/3.0; +http://yandex.com/bots)"
95.108.158.244 - - [11/Sep/2011:21:53:02 +0200] "GET /img/lay16.gif HTTP/1.1" 304 - "-" "Mozilla/5.0 (compatible; YandexImages/3.0; +http://yandex.com/bots)"
95.108.158.244 - - [11/Sep/2011:23:35:49 +0200] "GET /img/f_1-p.gif HTTP/1.1" 304 - "-" "Mozilla/5.0 (compatible; YandexImages/3.0; +http://yandex.com/bots)"
157.55.116.68 - - [12/Sep/2011:00:00:48 +0200] "GET /robots.txt HTTP/1.1" 200 218 "-" "msnbot/2.0b (+http://search.msn.com/msnbot.htm)._"
157.55.116.68 - - [12/Sep/2011:00:00:48 +0200] "GET /anfahrt.php HTTP/1.1" 200 8074 "-" "msnbot/2.0b (+http://search.msn.com/msnbot.htm)._"
95.108.158.244 - - [12/Sep/2011:00:10:04 +0200] "GET /img/tel_footer.gif HTTP/1.1" 304 - "-" "Mozilla/5.0 (compatible; YandexImages/3.0; +http://yandex.com/bots)"
95.108.158.244 - - [12/Sep/2011:01:18:35 +0200] "GET /img/roll_trans2.gif HTTP/1.1" 304 - "-" "Mozilla/5.0 (compatible; YandexImages/3.0; +http://yandex.com/bots)"
207.46.199.180 - - [12/Sep/2011:01:55:22 +0200] "GET /robots.txt HTTP/1.1" 200 218 "-" "Mozilla/5.0 (compatible; bingbot/2.0; +http://www.bing.com/bingbot.htm)"
95.108.158.244 - - [12/Sep/2011:03:18:29 +0200] "GET /img/tel_footer.gif HTTP/1.1" 304 - "-" "Mozilla/5.0 (compatible; YandexImages/3.0; +http://yandex.com/bots)"
95.108.158.244 - - [12/Sep/2011:03:52:44 +0200] "GET /img/lay06neu.gif HTTP/1.1" 304 - "-" "Mozilla/5.0 (compatible; YandexImages/3.0; +http://yandex.com/bots)"
95.108.158.244 - - [12/Sep/2011:09:05:07 +0200] "GET /img/lay16.gif HTTP/1.1" 304 - "-" "Mozilla/5.0 (compatible; YandexImages/3.0; +http://yandex.com/bots)"
207.46.199.193 - - [12/Sep/2011:12:10:01 +0200] "GET /robots.txt HTTP/1.1" 200 218 "-" "Mozilla/5.0 (compatible; bingbot/2.0; +http://www.bing.com/bingbot.htm)"
66.249.72.37 - - [12/Sep/2011:13:03:16 +0200] "GET /robots.txt HTTP/1.1" 200 218 "-" "Mozilla/5.0 (compatible; Googlebot/2.1; +http://www.google.com/bot.html)"
66.249.72.37 - - [12/Sep/2011:13:03:16 +0200] "GET / HTTP/1.1" 200 9626 "-" "Mozilla/5.0 (compatible; Googlebot/2.1; +http://www.google.com/bot.html)"
207.46.199.204 - - [12/Sep/2011:13:12:58 +0200] "GET /robots.txt HTTP/1.1" 200 218 "-" "Mozilla/5.0 (compatible; bingbot/2.0; +http://www.bing.com/bingbot.htm)"
176.9.9.80 - - [12/Sep/2011:13:16:28 +0200] "GET /robots.txt HTTP/1.1" 200 218 "-" "Mozilla/5.0 (compatible; NerdByNature.Bot; http://www.nerdbynature.net/bot)"
176.9.9.80 - - [12/Sep/2011:13:16:28 +0200] "GET / HTTP/1.1" 200 9626 "-" "Mozilla/5.0 (compatible; NerdByNature.Bot; http://www.nerdbynature.net/bot)"
176.9.9.80 - - [12/Sep/2011:13:16:29 +0200] "GET /leistungen.php HTTP/1.1" 200 8056 "-" "Mozilla/5.0 (compatible; NerdByNature.Bot; http://www.nerdbynature.net/bot)"
176.9.9.80 - - [12/Sep/2011:13:16:30 +0200] "GET /praxis.php HTTP/1.1" 200 7017 "-" "Mozilla/5.0 (compatible; NerdByNature.Bot; http://www.nerdbynature.net/bot)"
176.9.9.80 - - [12/Sep/2011:13:16:30 +0200] "GET /kont.php HTTP/1.1" 200 8494 "-" "Mozilla/5.0 (compatible; NerdByNature.Bot; http://www.nerdbynature.net/bot)"
176.9.9.80 - - [12/Sep/2011:13:16:31 +0200] "GET /spez_leistungen.php HTTP/1.1" 200 7752 "-" "Mozilla/5.0 (compatible; NerdByNature.Bot; http://www.nerdbynature.net/bot)"
176.9.9.80 - - [12/Sep/2011:13:16:32 +0200] "GET /index.php HTTP/1.1" 200 9626 "-" "Mozilla/5.0 (compatible; NerdByNature.Bot; http://www.nerdbynature.net/bot)"
176.9.9.80 - - [12/Sep/2011:13:16:33 +0200] "GET /anfahrt.php HTTP/1.1" 200 8074 "-" "Mozilla/5.0 (compatible; NerdByNature.Bot; http://www.nerdbynature.net/bot)"
176.9.9.80 - - [12/Sep/2011:13:16:33 +0200] "GET /impressum.php HTTP/1.1" 200 8293 "-" "Mozilla/5.0 (compatible; NerdByNature.Bot; http://www.nerdbynature.net/bot)"
176.9.9.80 - - [12/Sep/2011:13:16:34 +0200] "GET / HTTP/1.1" 200 9626 "-" "Mozilla/5.0 (compatible; NerdByNature.Bot; http://www.nerdbynature.net/bot)"
157.55.116.68 - - [12/Sep/2011:14:20:20 +0200] "GET /robots.txt HTTP/1.1" 200 218 "-" "msnbot/2.0b (+http://search.msn.com/msnbot.htm)._"
157.55.116.68 - - [12/Sep/2011:14:20:20 +0200] "GET /praxis.php HTTP/1.1" 200 7017 "-" "msnbot/2.0b (+http://search.msn.com/msnbot.htm)._"
157.55.116.68 - - [12/Sep/2011:14:45:27 +0200] "GET /leistungen.php HTTP/1.1" 200 8056 "-" "msnbot/2.0b (+http://search.msn.com/msnbot.htm)._"
66.249.71.112 - - [12/Sep/2011:15:10:35 +0200] "GET /robots.txt HTTP/1.1" 200 218 "-" "Mozilla/5.0 (compatible; Googlebot/2.1; +http://www.google.com/bot.html)"
66.249.71.112 - - [12/Sep/2011:15:10:35 +0200] "GET / HTTP/1.1" 200 9626 "-" "Mozilla/5.0 (compatible; Googlebot/2.1; +http://www.google.com/bot.html)"
95.108.158.244 - - [12/Sep/2011:16:58:59 +0200] "GET /robots.txt HTTP/1.1" 200 218 "-" "Mozilla/5.0 (compatible; YandexImages/3.0; +http://yandex.com/bots)"
95.108.158.244 - - [12/Sep/2011:17:15:56 +0200] "GET /robots.txt HTTP/1.1" 200 218 "-" "Mozilla/5.0 (compatible; YandexImages/3.0; +http://yandex.com/bots)"
207.46.199.178 - - [12/Sep/2011:17:52:21 +0200] "GET /robots.txt HTTP/1.1" 200 218 "-" "Mozilla/5.0 (compatible; bingbot/2.0; +http://www.bing.com/bingbot.htm)"
95.108.158.244 - - [12/Sep/2011:18:43:40 +0200] "GET /img/f_1-p.gif HTTP/1.1" 304 - "-" "Mozilla/5.0 (compatible; YandexImages/3.0; +http://yandex.com/bots)"
95.108.158.244 - - [12/Sep/2011:19:13:08 +0200] "GET /img/tel_footer.gif HTTP/1.1" 304 - "-" "Mozilla/5.0 (compatible; YandexImages/3.0; +http://yandex.com/bots)"
95.108.158.244 - - [12/Sep/2011:20:28:02 +0200] "GET /img/lay16.gif HTTP/1.1" 304 - "-" "Mozilla/5.0 (compatible; YandexImages/3.0; +http://yandex.com/bots)"
95.108.158.244 - - [12/Sep/2011:21:42:56 +0200] "GET /img/roll_trans.gif HTTP/1.1" 304 - "-" "Mozilla/5.0 (compatible; YandexImages/3.0; +http://yandex.com/bots)"
95.108.158.244 - - [12/Sep/2011:22:39:06 +0200] "GET /img/lay06neu.gif HTTP/1.1" 304 - "-" "Mozilla/5.0 (compatible; YandexImages/3.0; +http://yandex.com/bots)"
95.108.158.244 - - [12/Sep/2011:23:35:17 +0200] "GET /img/roll_trans2.gif HTTP/1.1" 304 - "-" "Mozilla/5.0 (compatible; YandexImages/3.0; +http://yandex.com/bots)"
95.108.158.244 - - [13/Sep/2011:00:12:44 +0200] "GET /img/tel_footer.gif HTTP/1.1" 304 - "-" "Mozilla/5.0 (compatible; YandexImages/3.0; +http://yandex.com/bots)"
81.209.177.145 - - [13/Sep/2011:02:42:27 +0200] "GET /robots.txt HTTP/1.1" 200 218 "-" "Python-urllib/2.5"
81.209.177.145 - - [13/Sep/2011:02:42:27 +0200] "GET / HTTP/1.1" 200 9626 "-" "netEstate NE Crawler (+http://www.sengine.info/)"
81.209.177.145 - - [13/Sep/2011:02:42:38 +0200] "GET /anfahrt.php HTTP/1.1" 200 8074 "-" "netEstate NE Crawler (+http://www.sengine.info/)"
81.209.177.145 - - [13/Sep/2011:02:42:49 +0200] "GET /spez_leistungen.php HTTP/1.1" 200 7752 "-" "netEstate NE Crawler (+http://www.sengine.info/)"
81.209.177.145 - - [13/Sep/2011:02:43:04 +0200] "GET /leistungen.php HTTP/1.1" 200 8056 "-" "netEstate NE Crawler (+http://www.sengine.info/)"
81.209.177.145 - - [13/Sep/2011:02:43:16 +0200] "GET /impressum.php HTTP/1.1" 200 8293 "-" "netEstate NE Crawler (+http://www.sengine.info/)"
81.209.177.145 - - [13/Sep/2011:02:43:37 +0200] "GET /kont.php HTTP/1.1" 200 8494 "-" "netEstate NE Crawler (+http://www.sengine.info/)"
81.209.177.145 - - [13/Sep/2011:02:43:51 +0200] "GET /praxis.php HTTP/1.1" 200 7017 "-" "netEstate NE Crawler (+http://www.sengine.info/)"
81.209.177.145 - - [13/Sep/2011:02:44:04 +0200] "GET /index.php HTTP/1.1" 200 9626 "-" "netEstate NE Crawler (+http://www.sengine.info/)"
95.108.158.244 - - [13/Sep/2011:05:52:21 +0200] "GET /img/lay16.gif HTTP/1.1" 304 - "-" "Mozilla/5.0 (compatible; YandexImages/3.0; +http://yandex.com/bots)"
207.46.199.177 - - [13/Sep/2011:09:43:05 +0200] "GET /robots.txt HTTP/1.1" 200 218 "-" "Mozilla/5.0 (compatible; bingbot/2.0; +http://www.bing.com/bingbot.htm)"
157.55.112.223 - - [13/Sep/2011:10:36:50 +0200] "GET /kont.php HTTP/1.1" 200 8494 "-" "Mozilla/4.0 (compatible; MSIE 6.0; Windows NT 5.2; SLCC1; .NET CLR 1.1.4325; .NET CLR 2.0.50727; .NET CLR 3.0.04506.648)"
157.55.112.223 - - [13/Sep/2011:10:36:52 +0200] "GET /css/fl_style.css HTTP/1.1" 200 10194 "http://www.dr-heidi-fleischer.de/kont.php" "Mozilla/4.0 (compatible; MSIE 6.0; Windows NT 5.2; SLCC1; .NET CLR 1.1.4325; .NET CLR 2.0.50727; .NET CLR 3.0.04506.648)"
157.55.112.223 - - [13/Sep/2011:10:36:53 +0200] "GET /scripte/all_scripts.js HTTP/1.1" 200 249 "http://www.dr-heidi-fleischer.de/kont.php" "Mozilla/4.0 (compatible; MSIE 6.0; Windows NT 5.2; SLCC1; .NET CLR 1.1.4325; .NET CLR 2.0.50727; .NET CLR 3.0.04506.648)"
65.52.110.34 - - [13/Sep/2011:10:37:07 +0200] "GET /robots.txt HTTP/1.1" 200 218 "-" "Mozilla/5.0 (compatible; bingbot/2.0; +http://www.bing.com/bingbot.htm)"
65.52.110.34 - - [13/Sep/2011:10:38:01 +0200] "GET /leistungen.php HTTP/1.1" 200 8056 "-" "Mozilla/5.0 (compatible; bingbot/2.0; +http://www.bing.com/bingbot.htm)"
207.46.199.189 - - [13/Sep/2011:11:32:50 +0200] "GET /robots.txt HTTP/1.1" 200 218 "-" "Mozilla/5.0 (compatible; bingbot/2.0; +http://www.bing.com/bingbot.htm)"
95.108.158.244 - - [13/Sep/2011:14:45:30 +0200] "GET /img/roll_trans2.gif HTTP/1.1" 304 - "-" "Mozilla/5.0 (compatible; YandexImages/3.0; +http://yandex.com/bots)"
95.108.158.244 - - [13/Sep/2011:15:17:29 +0200] "GET /img/lay06neu.gif HTTP/1.1" 304 - "-" "Mozilla/5.0 (compatible; YandexImages/3.0; +http://yandex.com/bots)"
62.53.205.197 - - [13/Sep/2011:15:19:30 +0200] "GET / HTTP/1.0" 200 9626 "http://www.google.de/search?q=schlechtermann+zahnarzt+bucherstrasse+n%C3%BCrnberg&ie=utf-8&oe=utf-8&aq=t&rls=org.mozilla:de:official&client=firefox-a&safe=strict" "Mozilla/5.0 (Windows NT 5.1; rv:5.0) Gecko/20100101 Firefox/5.0"
62.53.205.197 - - [13/Sep/2011:15:19:31 +0200] "GET /css/fl_style.css HTTP/1.0" 200 10194 "http://www.dr-heidi-fleischer.de/" "Mozilla/5.0 (Windows NT 5.1; rv:5.0) Gecko/20100101 Firefox/5.0"
62.53.205.197 - - [13/Sep/2011:15:19:31 +0200] "GET /scripte/all_scripts.js HTTP/1.0" 200 249 "http://www.dr-heidi-fleischer.de/" "Mozilla/5.0 (Windows NT 5.1; rv:5.0) Gecko/20100101 Firefox/5.0"
62.53.205.197 - - [13/Sep/2011:15:19:31 +0200] "GET /img/lay01.gif HTTP/1.0" 200 273 "http://www.dr-heidi-fleischer.de/" "Mozilla/5.0 (Windows NT 5.1; rv:5.0) Gecko/20100101 Firefox/5.0"
62.53.205.197 - - [13/Sep/2011:15:19:31 +0200] "GET /img/tel_footer.gif HTTP/1.0" 200 1051 "http://www.dr-heidi-fleischer.de/" "Mozilla/5.0 (Windows NT 5.1; rv:5.0) Gecko/20100101 Firefox/5.0"
62.53.205.197 - - [13/Sep/2011:15:19:31 +0200] "GET /img/f_1-p.gif HTTP/1.0" 200 43 "http://www.dr-heidi-fleischer.de/" "Mozilla/5.0 (Windows NT 5.1; rv:5.0) Gecko/20100101 Firefox/5.0"
62.53.205.197 - - [13/Sep/2011:15:19:31 +0200] "GET /img/lay06neu.gif HTTP/1.0" 200 583 "http://www.dr-heidi-fleischer.de/" "Mozilla/5.0 (Windows NT 5.1; rv:5.0) Gecko/20100101 Firefox/5.0"
62.53.205.197 - - [13/Sep/2011:15:19:31 +0200] "GET /img/lay07.gif HTTP/1.0" 200 453 "http://www.dr-heidi-fleischer.de/" "Mozilla/5.0 (Windows NT 5.1; rv:5.0) Gecko/20100101 Firefox/5.0"
62.53.205.197 - - [13/Sep/2011:15:19:31 +0200] "GET /img/zert_1.jpg HTTP/1.0" 200 6013 "http://www.dr-heidi-fleischer.de/" "Mozilla/5.0 (Windows NT 5.1; rv:5.0) Gecko/20100101 Firefox/5.0"
62.53.205.197 - - [13/Sep/2011:15:19:31 +0200] "GET /img/roll_trans.gif HTTP/1.0" 200 609 "http://www.dr-heidi-fleischer.de/" "Mozilla/5.0 (Windows NT 5.1; rv:5.0) Gecko/20100101 Firefox/5.0"
62.53.205.197 - - [13/Sep/2011:15:19:31 +0200] "GET /img/roll_trans2.gif HTTP/1.0" 200 609 "http://www.dr-heidi-fleischer.de/" "Mozilla/5.0 (Windows NT 5.1; rv:5.0) Gecko/20100101 Firefox/5.0"
62.53.205.197 - - [13/Sep/2011:15:19:31 +0200] "GET /img/lay16.gif HTTP/1.0" 200 309 "http://www.dr-heidi-fleischer.de/" "Mozilla/5.0 (Windows NT 5.1; rv:5.0) Gecko/20100101 Firefox/5.0"
62.53.205.197 - - [13/Sep/2011:15:19:31 +0200] "GET /img/lay08.gif HTTP/1.0" 200 534 "http://www.dr-heidi-fleischer.de/" "Mozilla/5.0 (Windows NT 5.1; rv:5.0) Gecko/20100101 Firefox/5.0"
62.53.205.197 - - [13/Sep/2011:15:19:31 +0200] "GET /img/lay09.gif HTTP/1.0" 200 135 "http://www.dr-heidi-fleischer.de/" "Mozilla/5.0 (Windows NT 5.1; rv:5.0) Gecko/20100101 Firefox/5.0"
62.53.205.197 - - [13/Sep/2011:15:19:31 +0200] "GET /img/lay13.gif HTTP/1.0" 200 181 "http://www.dr-heidi-fleischer.de/" "Mozilla/5.0 (Windows NT 5.1; rv:5.0) Gecko/20100101 Firefox/5.0"
62.53.205.197 - - [13/Sep/2011:15:19:31 +0200] "GET /img/lay14.gif HTTP/1.0" 200 104 "http://www.dr-heidi-fleischer.de/" "Mozilla/5.0 (Windows NT 5.1; rv:5.0) Gecko/20100101 Firefox/5.0"
62.53.205.197 - - [13/Sep/2011:15:19:31 +0200] "GET /img/dr_fleischer_ani.gif HTTP/1.0" 200 854042 "http://www.dr-heidi-fleischer.de/" "Mozilla/5.0 (Windows NT 5.1; rv:5.0) Gecko/20100101 Firefox/5.0"
62.53.205.197 - - [13/Sep/2011:15:19:31 +0200] "GET /img/favicon.ico HTTP/1.0" 200 5430 "-" "Mozilla/5.0 (Windows NT 5.1; rv:5.0) Gecko/20100101 Firefox/5.0"
62.53.205.197 - - [13/Sep/2011:15:19:31 +0200] "GET /img/hg_body.jpg HTTP/1.0" 200 2615 "http://www.dr-heidi-fleischer.de/css/fl_style.css" "Mozilla/5.0 (Windows NT 5.1; rv:5.0) Gecko/20100101 Firefox/5.0"
62.53.205.197 - - [13/Sep/2011:15:19:31 +0200] "GET /img/zert_1gross.jpg HTTP/1.0" 200 22004 "http://www.dr-heidi-fleischer.de/" "Mozilla/5.0 (Windows NT 5.1; rv:5.0) Gecko/20100101 Firefox/5.0"
62.53.205.197 - - [13/Sep/2011:15:19:31 +0200] "GET /img/lay03.gif HTTP/1.0" 200 1060 "http://www.dr-heidi-fleischer.de/" "Mozilla/5.0 (Windows NT 5.1; rv:5.0) Gecko/20100101 Firefox/5.0"
62.53.205.197 - - [13/Sep/2011:15:19:31 +0200] "GET /img/lay02.gif HTTP/1.0" 200 68 "http://www.dr-heidi-fleischer.de/" "Mozilla/5.0 (Windows NT 5.1; rv:5.0) Gecko/20100101 Firefox/5.0"
62.53.205.197 - - [13/Sep/2011:15:19:31 +0200] "GET /img/lay04.gif HTTP/1.0" 200 68 "http://www.dr-heidi-fleischer.de/" "Mozilla/5.0 (Windows NT 5.1; rv:5.0) Gecko/20100101 Firefox/5.0"
62.53.205.197 - - [13/Sep/2011:15:19:31 +0200] "GET /img/lay05.gif HTTP/1.0" 200 331 "http://www.dr-heidi-fleischer.de/" "Mozilla/5.0 (Windows NT 5.1; rv:5.0) Gecko/20100101 Firefox/5.0"
62.53.205.197 - - [13/Sep/2011:15:19:31 +0200] "GET /img/left_bg2.gif HTTP/1.0" 200 176 "http://www.dr-heidi-fleischer.de/" "Mozilla/5.0 (Windows NT 5.1; rv:5.0) Gecko/20100101 Firefox/5.0"
62.53.205.197 - - [13/Sep/2011:15:19:31 +0200] "GET /img/header_neu.gif HTTP/1.0" 200 32567 "http://www.dr-heidi-fleischer.de/css/fl_style.css" "Mozilla/5.0 (Windows NT 5.1; rv:5.0) Gecko/20100101 Firefox/5.0"
62.53.205.197 - - [13/Sep/2011:15:19:31 +0200] "GET /img/hg_zahn2.gif HTTP/1.0" 200 20816 "http://www.dr-heidi-fleischer.de/" "Mozilla/5.0 (Windows NT 5.1; rv:5.0) Gecko/20100101 Firefox/5.0"
62.53.205.197 - - [13/Sep/2011:15:19:31 +0200] "GET /img/right_bg.jpg HTTP/1.0" 404 1256 "http://www.dr-heidi-fleischer.de/" "Mozilla/5.0 (Windows NT 5.1; rv:5.0) Gecko/20100101 Firefox/5.0"
62.53.205.197 - - [13/Sep/2011:15:19:31 +0200] "GET /img/left_bg.gif HTTP/1.0" 200 98 "http://www.dr-heidi-fleischer.de/" "Mozilla/5.0 (Windows NT 5.1; rv:5.0) Gecko/20100101 Firefox/5.0"
62.53.205.197 - - [13/Sep/2011:15:19:31 +0200] "GET /img/right_bg.gif HTTP/1.0" 200 76 "http://www.dr-heidi-fleischer.de/" "Mozilla/5.0 (Windows NT 5.1; rv:5.0) Gecko/20100101 Firefox/5.0"
62.53.205.197 - - [13/Sep/2011:15:19:31 +0200] "GET /img/lay10.gif HTTP/1.0" 200 252 "http://www.dr-heidi-fleischer.de/" "Mozilla/5.0 (Windows NT 5.1; rv:5.0) Gecko/20100101 Firefox/5.0"
62.53.205.197 - - [13/Sep/2011:15:19:31 +0200] "GET /img/bottom_bg.gif HTTP/1.0" 200 79 "http://www.dr-heidi-fleischer.de/" "Mozilla/5.0 (Windows NT 5.1; rv:5.0) Gecko/20100101 Firefox/5.0"
62.53.205.197 - - [13/Sep/2011:15:19:31 +0200] "GET /img/animated_favicon1.gif HTTP/1.0" 200 1808 "-" "Mozilla/5.0 (Windows NT 5.1; rv:5.0) Gecko/20100101 Firefox/5.0"
62.53.205.197 - - [13/Sep/2011:15:20:34 +0200] "GET / HTTP/1.0" 200 9626 "http://www.google.de/search?hl=de&safe=strict&client=firefox-a&hs=6Xo&rls=org.mozilla%3Ade%3Aofficial&q=schechtermann+zahnarzt+bucherstrasse+n%C3%BCrnberg&oq=schechtermann+zahnarzt+bucherstrasse+n%C3%BCrnberg&aq=f&aqi=&aql=&gs_sm=e&gs_upl=29969l29969l0l30409l1l1l0l0l0l0l169l169l0.1l1l0" "Mozilla/5.0 (Windows NT 5.1; rv:5.0) Gecko/20100101 Firefox/5.0"
62.53.205.197 - - [13/Sep/2011:15:20:37 +0200] "GET /praxis.php HTTP/1.0" 200 7017 "http://www.dr-heidi-fleischer.de/" "Mozilla/5.0 (Windows NT 5.1; rv:5.0) Gecko/20100101 Firefox/5.0"
62.53.205.197 - - [13/Sep/2011:15:20:38 +0200] "GET /img/praxis_1.jpg HTTP/1.0" 200 39868 "http://www.dr-heidi-fleischer.de/praxis.php" "Mozilla/5.0 (Windows NT 5.1; rv:5.0) Gecko/20100101 Firefox/5.0"
62.53.205.197 - - [13/Sep/2011:15:20:38 +0200] "GET /img/praxis_2.jpg HTTP/1.0" 200 30574 "http://www.dr-heidi-fleischer.de/praxis.php" "Mozilla/5.0 (Windows NT 5.1; rv:5.0) Gecko/20100101 Firefox/5.0"
62.53.205.197 - - [13/Sep/2011:15:20:38 +0200] "GET /img/praxis_3.jpg HTTP/1.0" 200 36951 "http://www.dr-heidi-fleischer.de/praxis.php" "Mozilla/5.0 (Windows NT 5.1; rv:5.0) Gecko/20100101 Firefox/5.0"
66.249.72.8 - - [13/Sep/2011:16:45:54 +0200] "GET /robots.txt HTTP/1.1" 200 218 "-" "Mozilla/5.0 (compatible; Googlebot/2.1; +http://www.google.com/bot.html)"
66.249.72.8 - - [13/Sep/2011:16:45:54 +0200] "GET /leistungen.php HTTP/1.1" 200 8056 "-" "Mozilla/5.0 (compatible; Googlebot/2.1; +http://www.google.com/bot.html)"
95.108.158.244 - - [13/Sep/2011:16:52:38 +0200] "GET /robots.txt HTTP/1.1" 200 218 "-" "Mozilla/5.0 (compatible; YandexImages/3.0; +http://yandex.com/bots)"
95.108.158.244 - - [13/Sep/2011:17:37:22 +0200] "GET /robots.txt HTTP/1.1" 200 218 "-" "Mozilla/5.0 (compatible; YandexImages/3.0; +http://yandex.com/bots)"
95.108.158.244 - - [13/Sep/2011:18:06:04 +0200] "GET /img/lay16.gif HTTP/1.1" 304 - "-" "Mozilla/5.0 (compatible; YandexImages/3.0; +http://yandex.com/bots)"
95.108.158.244 - - [13/Sep/2011:19:17:48 +0200] "GET /img/roll_trans.gif HTTP/1.1" 304 - "-" "Mozilla/5.0 (compatible; YandexImages/3.0; +http://yandex.com/bots)"
95.108.158.244 - - [13/Sep/2011:19:46:30 +0200] "GET /img/f_1-p.gif HTTP/1.1" 304 - "-" "Mozilla/5.0 (compatible; YandexImages/3.0; +http://yandex.com/bots)"
95.108.158.244 - - [13/Sep/2011:20:00:51 +0200] "GET /img/tel_footer.gif HTTP/1.1" 304 - "-" "Mozilla/5.0 (compatible; YandexImages/3.0; +http://yandex.com/bots)"
95.108.158.244 - - [13/Sep/2011:20:29:32 +0200] "GET /img/tel_footer.gif HTTP/1.1" 304 - "-" "Mozilla/5.0 (compatible; YandexImages/3.0; +http://yandex.com/bots)"
157.55.116.68 - - [13/Sep/2011:23:10:20 +0200] "GET /robots.txt HTTP/1.1" 200 218 "-" "msnbot/2.0b (+http://search.msn.com/msnbot.htm)._"
157.55.116.68 - - [13/Sep/2011:23:10:20 +0200] "GET /index.php HTTP/1.1" 200 9626 "-" "msnbot/2.0b (+http://search.msn.com/msnbot.htm)._"
207.46.199.189 - - [14/Sep/2011:01:01:31 +0200] "GET /robots.txt HTTP/1.1" 200 218 "-" "Mozilla/5.0 (compatible; bingbot/2.0; +http://www.bing.com/bingbot.htm)"
207.46.199.185 - - [14/Sep/2011:07:51:39 +0200] "GET /robots.txt HTTP/1.1" 200 218 "-" "Mozilla/5.0 (compatible; bingbot/2.0; +http://www.bing.com/bingbot.htm)"
95.108.158.244 - - [14/Sep/2011:10:35:25 +0200] "GET /img/lay06neu.gif HTTP/1.1" 304 - "-" "Mozilla/5.0 (compatible; YandexImages/3.0; +http://yandex.com/bots)"
95.108.158.244 - - [14/Sep/2011:11:59:34 +0200] "GET /img/tel_footer.gif HTTP/1.1" 304 - "-" "Mozilla/5.0 (compatible; YandexImages/3.0; +http://yandex.com/bots)"
95.108.158.244 - - [14/Sep/2011:13:13:58 +0200] "GET /img/tel_footer.gif HTTP/1.1" 304 - "-" "Mozilla/5.0 (compatible; YandexImages/3.0; +http://yandex.com/bots)"
95.108.158.244 - - [14/Sep/2011:13:43:43 +0200] "GET /img/lay16.gif HTTP/1.1" 304 - "-" "Mozilla/5.0 (compatible; YandexImages/3.0; +http://yandex.com/bots)"
80.153.186.171 - - [14/Sep/2011:13:55:17 +0200] "GET / HTTP/1.1" 200 9626 "http://www.google.de/url?sa=t&source=web&cd=3&ved=0CC4QFjAC&url=http%3A%2F%2Fwww.dr-heidi-fleischer.de%2F&rct=j&q=Fleischer%20Zahnarzt%20N%C3%BCrnberg&ei=HpZwTuuZKYOVOvnSpKgJ&usg=AFQjCNFtUEW4ruGRBkbh9xWO3kO7xPGlWQ" "Mozilla/4.0 (compatible; MSIE 8.0; Windows NT 5.1; Trident/4.0; .NET CLR 1.1.4322; .NET CLR 2.0.50727; .NET CLR 3.0.4506.2152; .NET CLR 3.5.30729; InfoPath.2)"
80.153.186.171 - - [14/Sep/2011:13:55:17 +0200] "GET /css/fl_style.css HTTP/1.1" 200 10194 "http://www.dr-heidi-fleischer.de/" "Mozilla/4.0 (compatible; MSIE 8.0; Windows NT 5.1; Trident/4.0; .NET CLR 1.1.4322; .NET CLR 2.0.50727; .NET CLR 3.0.4506.2152; .NET CLR 3.5.30729; InfoPath.2)"
80.153.186.171 - - [14/Sep/2011:13:55:18 +0200] "GET /scripte/all_scripts.js HTTP/1.1" 200 249 "http://www.dr-heidi-fleischer.de/" "Mozilla/4.0 (compatible; MSIE 8.0; Windows NT 5.1; Trident/4.0; .NET CLR 1.1.4322; .NET CLR 2.0.50727; .NET CLR 3.0.4506.2152; .NET CLR 3.5.30729; InfoPath.2)"
80.153.186.171 - - [14/Sep/2011:13:55:18 +0200] "GET /img/lay01.gif HTTP/1.1" 200 273 "http://www.dr-heidi-fleischer.de/" "Mozilla/4.0 (compatible; MSIE 8.0; Windows NT 5.1; Trident/4.0; .NET CLR 1.1.4322; .NET CLR 2.0.50727; .NET CLR 3.0.4506.2152; .NET CLR 3.5.30729; InfoPath.2)"
80.153.186.171 - - [14/Sep/2011:13:55:18 +0200] "GET /img/tel_footer.gif HTTP/1.1" 200 1051 "http://www.dr-heidi-fleischer.de/" "Mozilla/4.0 (compatible; MSIE 8.0; Windows NT 5.1; Trident/4.0; .NET CLR 1.1.4322; .NET CLR 2.0.50727; .NET CLR 3.0.4506.2152; .NET CLR 3.5.30729; InfoPath.2)"
80.153.186.171 - - [14/Sep/2011:13:55:18 +0200] "GET /img/lay06neu.gif HTTP/1.1" 200 583 "http://www.dr-heidi-fleischer.de/" "Mozilla/4.0 (compatible; MSIE 8.0; Windows NT 5.1; Trident/4.0; .NET CLR 1.1.4322; .NET CLR 2.0.50727; .NET CLR 3.0.4506.2152; .NET CLR 3.5.30729; InfoPath.2)"
80.153.186.171 - - [14/Sep/2011:13:55:18 +0200] "GET /img/lay02.gif HTTP/1.1" 200 68 "http://www.dr-heidi-fleischer.de/" "Mozilla/4.0 (compatible; MSIE 8.0; Windows NT 5.1; Trident/4.0; .NET CLR 1.1.4322; .NET CLR 2.0.50727; .NET CLR 3.0.4506.2152; .NET CLR 3.5.30729; InfoPath.2)"
80.153.186.171 - - [14/Sep/2011:13:55:18 +0200] "GET /img/f_1-p.gif HTTP/1.1" 200 43 "http://www.dr-heidi-fleischer.de/" "Mozilla/4.0 (compatible; MSIE 8.0; Windows NT 5.1; Trident/4.0; .NET CLR 1.1.4322; .NET CLR 2.0.50727; .NET CLR 3.0.4506.2152; .NET CLR 3.5.30729; InfoPath.2)"
80.153.186.171 - - [14/Sep/2011:13:55:18 +0200] "GET /img/zert_1.jpg HTTP/1.1" 200 6013 "http://www.dr-heidi-fleischer.de/" "Mozilla/4.0 (compatible; MSIE 8.0; Windows NT 5.1; Trident/4.0; .NET CLR 1.1.4322; .NET CLR 2.0.50727; .NET CLR 3.0.4506.2152; .NET CLR 3.5.30729; InfoPath.2)"
80.153.186.171 - - [14/Sep/2011:13:55:18 +0200] "GET /img/hg_body.jpg HTTP/1.1" 200 2615 "http://www.dr-heidi-fleischer.de/" "Mozilla/4.0 (compatible; MSIE 8.0; Windows NT 5.1; Trident/4.0; .NET CLR 1.1.4322; .NET CLR 2.0.50727; .NET CLR 3.0.4506.2152; .NET CLR 3.5.30729; InfoPath.2)"
80.153.186.171 - - [14/Sep/2011:13:55:18 +0200] "GET /img/lay07.gif HTTP/1.1" 200 453 "http://www.dr-heidi-fleischer.de/" "Mozilla/4.0 (compatible; MSIE 8.0; Windows NT 5.1; Trident/4.0; .NET CLR 1.1.4322; .NET CLR 2.0.50727; .NET CLR 3.0.4506.2152; .NET CLR 3.5.30729; InfoPath.2)"
80.153.186.171 - - [14/Sep/2011:13:55:18 +0200] "GET /img/roll_trans2.gif HTTP/1.1" 200 609 "http://www.dr-heidi-fleischer.de/" "Mozilla/4.0 (compatible; MSIE 8.0; Windows NT 5.1; Trident/4.0; .NET CLR 1.1.4322; .NET CLR 2.0.50727; .NET CLR 3.0.4506.2152; .NET CLR 3.5.30729; InfoPath.2)"
80.153.186.171 - - [14/Sep/2011:13:55:18 +0200] "GET /img/lay04.gif HTTP/1.1" 200 68 "http://www.dr-heidi-fleischer.de/" "Mozilla/4.0 (compatible; MSIE 8.0; Windows NT 5.1; Trident/4.0; .NET CLR 1.1.4322; .NET CLR 2.0.50727; .NET CLR 3.0.4506.2152; .NET CLR 3.5.30729; InfoPath.2)"
80.153.186.171 - - [14/Sep/2011:13:55:18 +0200] "GET /img/roll_trans.gif HTTP/1.1" 200 609 "http://www.dr-heidi-fleischer.de/" "Mozilla/4.0 (compatible; MSIE 8.0; Windows NT 5.1; Trident/4.0; .NET CLR 1.1.4322; .NET CLR 2.0.50727; .NET CLR 3.0.4506.2152; .NET CLR 3.5.30729; InfoPath.2)"
80.153.186.171 - - [14/Sep/2011:13:55:18 +0200] "GET /img/lay16.gif HTTP/1.1" 200 309 "http://www.dr-heidi-fleischer.de/" "Mozilla/4.0 (compatible; MSIE 8.0; Windows NT 5.1; Trident/4.0; .NET CLR 1.1.4322; .NET CLR 2.0.50727; .NET CLR 3.0.4506.2152; .NET CLR 3.5.30729; InfoPath.2)"
80.153.186.171 - - [14/Sep/2011:13:55:18 +0200] "GET /img/lay03.gif HTTP/1.1" 200 1060 "http://www.dr-heidi-fleischer.de/" "Mozilla/4.0 (compatible; MSIE 8.0; Windows NT 5.1; Trident/4.0; .NET CLR 1.1.4322; .NET CLR 2.0.50727; .NET CLR 3.0.4506.2152; .NET CLR 3.5.30729; InfoPath.2)"
80.153.186.171 - - [14/Sep/2011:13:55:18 +0200] "GET /img/lay08.gif HTTP/1.1" 200 534 "http://www.dr-heidi-fleischer.de/" "Mozilla/4.0 (compatible; MSIE 8.0; Windows NT 5.1; Trident/4.0; .NET CLR 1.1.4322; .NET CLR 2.0.50727; .NET CLR 3.0.4506.2152; .NET CLR 3.5.30729; InfoPath.2)"
80.153.186.171 - - [14/Sep/2011:13:55:18 +0200] "GET /img/lay09.gif HTTP/1.1" 200 135 "http://www.dr-heidi-fleischer.de/" "Mozilla/4.0 (compatible; MSIE 8.0; Windows NT 5.1; Trident/4.0; .NET CLR 1.1.4322; .NET CLR 2.0.50727; .NET CLR 3.0.4506.2152; .NET CLR 3.5.30729; InfoPath.2)"
80.153.186.171 - - [14/Sep/2011:13:55:18 +0200] "GET /img/lay13.gif HTTP/1.1" 200 181 "http://www.dr-heidi-fleischer.de/" "Mozilla/4.0 (compatible; MSIE 8.0; Windows NT 5.1; Trident/4.0; .NET CLR 1.1.4322; .NET CLR 2.0.50727; .NET CLR 3.0.4506.2152; .NET CLR 3.5.30729; InfoPath.2)"
80.153.186.171 - - [14/Sep/2011:13:55:18 +0200] "GET /img/lay05.gif HTTP/1.1" 200 331 "http://www.dr-heidi-fleischer.de/" "Mozilla/4.0 (compatible; MSIE 8.0; Windows NT 5.1; Trident/4.0; .NET CLR 1.1.4322; .NET CLR 2.0.50727; .NET CLR 3.0.4506.2152; .NET CLR 3.5.30729; InfoPath.2)"
80.153.186.171 - - [14/Sep/2011:13:55:18 +0200] "GET /img/lay14.gif HTTP/1.1" 200 104 "http://www.dr-heidi-fleischer.de/" "Mozilla/4.0 (compatible; MSIE 8.0; Windows NT 5.1; Trident/4.0; .NET CLR 1.1.4322; .NET CLR 2.0.50727; .NET CLR 3.0.4506.2152; .NET CLR 3.5.30729; InfoPath.2)"
80.153.186.171 - - [14/Sep/2011:13:55:18 +0200] "GET /img/left_bg2.gif HTTP/1.1" 200 176 "http://www.dr-heidi-fleischer.de/" "Mozilla/4.0 (compatible; MSIE 8.0; Windows NT 5.1; Trident/4.0; .NET CLR 1.1.4322; .NET CLR 2.0.50727; .NET CLR 3.0.4506.2152; .NET CLR 3.5.30729; InfoPath.2)"
80.153.186.171 - - [14/Sep/2011:13:55:18 +0200] "GET /img/hg_zahn2.gif HTTP/1.1" 200 20816 "http://www.dr-heidi-fleischer.de/" "Mozilla/4.0 (compatible; MSIE 8.0; Windows NT 5.1; Trident/4.0; .NET CLR 1.1.4322; .NET CLR 2.0.50727; .NET CLR 3.0.4506.2152; .NET CLR 3.5.30729; InfoPath.2)"
80.153.186.171 - - [14/Sep/2011:13:55:18 +0200] "GET /img/zert_1gross.jpg HTTP/1.1" 200 22004 "http://www.dr-heidi-fleischer.de/" "Mozilla/4.0 (compatible; MSIE 8.0; Windows NT 5.1; Trident/4.0; .NET CLR 1.1.4322; .NET CLR 2.0.50727; .NET CLR 3.0.4506.2152; .NET CLR 3.5.30729; InfoPath.2)"
80.153.186.171 - - [14/Sep/2011:13:55:18 +0200] "GET /img/right_bg.jpg HTTP/1.1" 404 1256 "http://www.dr-heidi-fleischer.de/" "Mozilla/4.0 (compatible; MSIE 8.0; Windows NT 5.1; Trident/4.0; .NET CLR 1.1.4322; .NET CLR 2.0.50727; .NET CLR 3.0.4506.2152; .NET CLR 3.5.30729; InfoPath.2)"
80.153.186.171 - - [14/Sep/2011:13:55:18 +0200] "GET /img/left_bg.gif HTTP/1.1" 200 98 "http://www.dr-heidi-fleischer.de/" "Mozilla/4.0 (compatible; MSIE 8.0; Windows NT 5.1; Trident/4.0; .NET CLR 1.1.4322; .NET CLR 2.0.50727; .NET CLR 3.0.4506.2152; .NET CLR 3.5.30729; InfoPath.2)"
80.153.186.171 - - [14/Sep/2011:13:55:18 +0200] "GET /img/right_bg.gif HTTP/1.1" 200 76 "http://www.dr-heidi-fleischer.de/" "Mozilla/4.0 (compatible; MSIE 8.0; Windows NT 5.1; Trident/4.0; .NET CLR 1.1.4322; .NET CLR 2.0.50727; .NET CLR 3.0.4506.2152; .NET CLR 3.5.30729; InfoPath.2)"
80.153.186.171 - - [14/Sep/2011:13:55:19 +0200] "GET /img/lay10.gif HTTP/1.1" 200 252 "http://www.dr-heidi-fleischer.de/" "Mozilla/4.0 (compatible; MSIE 8.0; Windows NT 5.1; Trident/4.0; .NET CLR 1.1.4322; .NET CLR 2.0.50727; .NET CLR 3.0.4506.2152; .NET CLR 3.5.30729; InfoPath.2)"
80.153.186.171 - - [14/Sep/2011:13:55:19 +0200] "GET /img/bottom_bg.gif HTTP/1.1" 200 79 "http://www.dr-heidi-fleischer.de/" "Mozilla/4.0 (compatible; MSIE 8.0; Windows NT 5.1; Trident/4.0; .NET CLR 1.1.4322; .NET CLR 2.0.50727; .NET CLR 3.0.4506.2152; .NET CLR 3.5.30729; InfoPath.2)"
80.153.186.171 - - [14/Sep/2011:13:55:19 +0200] "GET /img/header_neu.gif HTTP/1.1" 200 32567 "http://www.dr-heidi-fleischer.de/" "Mozilla/4.0 (compatible; MSIE 8.0; Windows NT 5.1; Trident/4.0; .NET CLR 1.1.4322; .NET CLR 2.0.50727; .NET CLR 3.0.4506.2152; .NET CLR 3.5.30729; InfoPath.2)"
80.153.186.171 - - [14/Sep/2011:13:55:18 +0200] "GET /img/dr_fleischer_ani.gif HTTP/1.1" 200 854042 "http://www.dr-heidi-fleischer.de/" "Mozilla/4.0 (compatible; MSIE 8.0; Windows NT 5.1; Trident/4.0; .NET CLR 1.1.4322; .NET CLR 2.0.50727; .NET CLR 3.0.4506.2152; .NET CLR 3.5.30729; InfoPath.2)"
80.153.186.171 - - [14/Sep/2011:13:55:21 +0200] "GET /img/favicon.ico HTTP/1.1" 200 5430 "-" "Mozilla/4.0 (compatible; MSIE 8.0; Windows NT 5.1; Trident/4.0; .NET CLR 1.1.4322; .NET CLR 2.0.50727; .NET CLR 3.0.4506.2152; .NET CLR 3.5.30729; InfoPath.2)"
80.153.186.171 - - [14/Sep/2011:13:55:42 +0200] "GET /leistungen.php HTTP/1.1" 200 8056 "http://www.dr-heidi-fleischer.de/" "Mozilla/4.0 (compatible; MSIE 8.0; Windows NT 5.1; Trident/4.0; .NET CLR 1.1.4322; .NET CLR 2.0.50727; .NET CLR 3.0.4506.2152; .NET CLR 3.5.30729; InfoPath.2)"
80.153.186.171 - - [14/Sep/2011:13:55:43 +0200] "GET /img/leistungen_1.jpg HTTP/1.1" 200 15190 "http://www.dr-heidi-fleischer.de/leistungen.php" "Mozilla/4.0 (compatible; MSIE 8.0; Windows NT 5.1; Trident/4.0; .NET CLR 1.1.4322; .NET CLR 2.0.50727; .NET CLR 3.0.4506.2152; .NET CLR 3.5.30729; InfoPath.2)"
80.153.186.171 - - [14/Sep/2011:13:55:43 +0200] "GET /img/leistungen_2.jpg HTTP/1.1" 200 13824 "http://www.dr-heidi-fleischer.de/leistungen.php" "Mozilla/4.0 (compatible; MSIE 8.0; Windows NT 5.1; Trident/4.0; .NET CLR 1.1.4322; .NET CLR 2.0.50727; .NET CLR 3.0.4506.2152; .NET CLR 3.5.30729; InfoPath.2)"
95.108.128.242 - - [14/Sep/2011:14:09:45 +0200] "GET /robots.txt HTTP/1.1" 200 218 "-" "Mozilla/5.0 (compatible; YandexBot/3.0; +http://yandex.com/bots)"
95.108.158.244 - - [14/Sep/2011:14:13:28 +0200] "GET /img/roll_trans.gif HTTP/1.1" 304 - "-" "Mozilla/5.0 (compatible; YandexImages/3.0; +http://yandex.com/bots)"
64.246.165.50 - - [14/Sep/2011:14:24:55 +0200] "GET /robots.txt HTTP/1.0" 200 218 "-" "Mozilla/5.0 (Windows; U; Windows NT 5.1; en; rv:1.9.0.13) Gecko/2009073022 Firefox/3.5.2 (.NET CLR 3.5.30729) SurveyBot/2.3 (DomainTools)"
64.246.165.50 - - [14/Sep/2011:14:24:55 +0200] "GET / HTTP/1.1" 200 9626 "http://whois.domaintools.com/zahnmedizin-im-alter.de" "Mozilla/5.0 (Windows; U; Windows NT 5.1; en; rv:1.9.0.13) Gecko/2009073022 Firefox/3.5.2 (.NET CLR 3.5.30729) SurveyBot/2.3 (DomainTools)"
95.108.158.244 - - [14/Sep/2011:15:27:51 +0200] "GET /img/f_1-p.gif HTTP/1.1" 304 - "-" "Mozilla/5.0 (compatible; YandexImages/3.0; +http://yandex.com/bots)"
95.108.128.242 - - [14/Sep/2011:16:54:37 +0200] "GET / HTTP/1.1" 200 9626 "-" "Mozilla/5.0 (compatible; YandexBot/3.0; +http://yandex.com/bots)"
67.195.115.47 - - [14/Sep/2011:16:59:08 +0200] "GET /robots.txt HTTP/1.0" 200 218 "-" "Mozilla/5.0 (compatible; Yahoo! Slurp; http://help.yahoo.com/help/us/ysearch/slurp)"
67.195.115.47 - - [14/Sep/2011:16:59:09 +0200] "GET /index.php HTTP/1.0" 200 9626 "-" "Mozilla/5.0 (compatible; Yahoo! Slurp; http://help.yahoo.com/help/us/ysearch/slurp)"
67.195.115.47 - - [14/Sep/2011:16:59:11 +0200] "GET /css/fl_style.css HTTP/1.0" 200 10194 "http://www.zahnmedizin-im-alter.de/index.php" "Mozilla/5.0 (compatible; Yahoo! Slurp; http://help.yahoo.com/help/us/ysearch/slurp)"
95.108.158.244 - - [14/Sep/2011:17:39:15 +0200] "GET /robots.txt HTTP/1.1" 200 218 "-" "Mozilla/5.0 (compatible; YandexImages/3.0; +http://yandex.com/bots)"
95.108.158.244 - - [14/Sep/2011:18:04:03 +0200] "GET /img/roll_trans2.gif HTTP/1.1" 304 - "-" "Mozilla/5.0 (compatible; YandexImages/3.0; +http://yandex.com/bots)"
65.52.110.34 - - [14/Sep/2011:18:47:32 +0200] "GET /robots.txt HTTP/1.1" 200 218 "-" "Mozilla/5.0 (compatible; bingbot/2.0; +http://www.bing.com/bingbot.htm)"
65.52.110.34 - - [14/Sep/2011:18:48:31 +0200] "GET / HTTP/1.1" 200 9626 "-" "Mozilla/5.0 (compatible; bingbot/2.0; +http://www.bing.com/bingbot.htm)"
208.115.111.73 - - [14/Sep/2011:22:51:32 +0200] "GET /robots.txt HTTP/1.1" 200 218 "-" "Mozilla/5.0 (compatible; Ezooms/1.0; ezooms.bot@gmail.com)"
81.209.177.145 - - [14/Sep/2011:23:16:15 +0200] "GET /robots.txt HTTP/1.1" 200 218 "-" "Python-urllib/2.5"
81.209.177.145 - - [14/Sep/2011:23:16:15 +0200] "GET / HTTP/1.1" 200 9626 "-" "netEstate NE Crawler (+http://www.sengine.info/)"
95.108.158.244 - - [14/Sep/2011:23:20:57 +0200] "GET /robots.txt HTTP/1.1" 200 218 "-" "Mozilla/5.0 (compatible; YandexImages/3.0; +http://yandex.com/bots)"
207.46.199.180 - - [14/Sep/2011:23:58:40 +0200] "GET /robots.txt HTTP/1.1" 200 218 "-" "Mozilla/5.0 (compatible; bingbot/2.0; +http://www.bing.com/bingbot.htm)"
208.115.111.73 - - [15/Sep/2011:00:37:05 +0200] "GET / HTTP/1.1" 200 9626 "-" "Mozilla/5.0 (compatible; Ezooms/1.0; ezooms.bot@gmail.com)"
95.108.158.244 - - [15/Sep/2011:01:47:43 +0200] "GET /img/lay16.gif HTTP/1.1" 304 - "-" "Mozilla/5.0 (compatible; YandexImages/3.0; +http://yandex.com/bots)"
65.52.110.34 - - [15/Sep/2011:05:03:03 +0200] "GET /robots.txt HTTP/1.1" 200 218 "-" "Mozilla/5.0 (compatible; bingbot/2.0; +http://www.bing.com/bingbot.htm)"
65.52.110.34 - - [15/Sep/2011:05:04:01 +0200] "GET /impressum.php HTTP/1.1" 200 8293 "-" "Mozilla/5.0 (compatible; bingbot/2.0; +http://www.bing.com/bingbot.htm)"
208.115.111.68 - - [15/Sep/2011:05:17:22 +0200] "GET /robots.txt HTTP/1.1" 200 218 "-" "Mozilla/5.0 (compatible; Ezooms/1.0; ezooms.bot@gmail.com)"
208.115.111.68 - - [15/Sep/2011:05:52:28 +0200] "GET / HTTP/1.1" 200 9626 "-" "Mozilla/5.0 (compatible; Ezooms/1.0; ezooms.bot@gmail.com)"
95.108.150.235 - - [15/Sep/2011:13:33:52 +0200] "GET /robots.txt HTTP/1.1" 200 218 "-" "Mozilla/5.0 (compatible; YandexBot/3.0; +http://yandex.com/bots)"
95.108.150.235 - - [15/Sep/2011:13:33:53 +0200] "GET / HTTP/1.1" 200 9626 "-" "Mozilla/5.0 (compatible; YandexBot/3.0; +http://yandex.com/bots)"
95.108.150.235 - - [15/Sep/2011:13:33:54 +0200] "GET /robots.txt HTTP/1.1" 200 218 "-" "Mozilla/5.0 (compatible; YandexBot/3.0; +http://yandex.com/bots)"
95.108.150.235 - - [15/Sep/2011:13:33:54 +0200] "GET / HTTP/1.1" 200 9626 "-" "Mozilla/5.0 (compatible; YandexBot/3.0; +http://yandex.com/bots)"
95.108.150.235 - - [15/Sep/2011:13:33:55 +0200] "GET / HTTP/1.1" 200 9626 "-" "Mozilla/5.0 (compatible; YandexBot/3.0; +http://yandex.com/bots)"
95.108.150.235 - - [15/Sep/2011:13:33:56 +0200] "GET / HTTP/1.1" 200 9626 "-" "Mozilla/5.0 (compatible; YandexBot/3.0; +http://yandex.com/bots)"
95.108.158.244 - - [15/Sep/2011:14:16:16 +0200] "GET /img/lay16.gif HTTP/1.1" 304 - "-" "Mozilla/5.0 (compatible; YandexImages/3.0; +http://yandex.com/bots)"
95.108.158.244 - - [15/Sep/2011:14:25:57 +0200] "GET /img/lay06neu.gif HTTP/1.1" 304 - "-" "Mozilla/5.0 (compatible; YandexImages/3.0; +http://yandex.com/bots)"
80.153.186.171 - - [15/Sep/2011:14:40:42 +0200] "GET / HTTP/1.1" 200 9626 "http://www.google.de/url?sa=t&source=web&cd=3&ved=0CD8QFjAC&url=http%3A%2F%2Fwww.dr-heidi-fleischer.de%2F&rct=j&q=Fleischer%20Zahnarzt%20N%C3%BCrnberg&ei=RPJxTtTYKMmeOoGpuY8J&usg=AFQjCNFtUEW4ruGRBkbh9xWO3kO7xPGlWQ" "Mozilla/4.0 (compatible; MSIE 8.0; Windows NT 5.1; Trident/4.0; .NET CLR 1.1.4322; .NET CLR 2.0.50727; .NET CLR 3.0.4506.2152; .NET CLR 3.5.30729; InfoPath.2)"
80.153.186.171 - - [15/Sep/2011:14:40:42 +0200] "GET /css/fl_style.css HTTP/1.1" 304 - "http://www.dr-heidi-fleischer.de/" "Mozilla/4.0 (compatible; MSIE 8.0; Windows NT 5.1; Trident/4.0; .NET CLR 1.1.4322; .NET CLR 2.0.50727; .NET CLR 3.0.4506.2152; .NET CLR 3.5.30729; InfoPath.2)"
80.153.186.171 - - [15/Sep/2011:14:40:42 +0200] "GET /scripte/all_scripts.js HTTP/1.1" 304 - "http://www.dr-heidi-fleischer.de/" "Mozilla/4.0 (compatible; MSIE 8.0; Windows NT 5.1; Trident/4.0; .NET CLR 1.1.4322; .NET CLR 2.0.50727; .NET CLR 3.0.4506.2152; .NET CLR 3.5.30729; InfoPath.2)"
80.153.186.171 - - [15/Sep/2011:14:40:43 +0200] "GET /img/lay01.gif HTTP/1.1" 304 - "http://www.dr-heidi-fleischer.de/" "Mozilla/4.0 (compatible; MSIE 8.0; Windows NT 5.1; Trident/4.0; .NET CLR 1.1.4322; .NET CLR 2.0.50727; .NET CLR 3.0.4506.2152; .NET CLR 3.5.30729; InfoPath.2)"
80.153.186.171 - - [15/Sep/2011:14:40:43 +0200] "GET /img/hg_body.jpg HTTP/1.1" 304 - "http://www.dr-heidi-fleischer.de/" "Mozilla/4.0 (compatible; MSIE 8.0; Windows NT 5.1; Trident/4.0; .NET CLR 1.1.4322; .NET CLR 2.0.50727; .NET CLR 3.0.4506.2152; .NET CLR 3.5.30729; InfoPath.2)"
80.153.186.171 - - [15/Sep/2011:14:40:43 +0200] "GET /img/f_1-p.gif HTTP/1.1" 304 - "http://www.dr-heidi-fleischer.de/" "Mozilla/4.0 (compatible; MSIE 8.0; Windows NT 5.1; Trident/4.0; .NET CLR 1.1.4322; .NET CLR 2.0.50727; .NET CLR 3.0.4506.2152; .NET CLR 3.5.30729; InfoPath.2)"
80.153.186.171 - - [15/Sep/2011:14:40:43 +0200] "GET /img/lay03.gif HTTP/1.1" 304 - "http://www.dr-heidi-fleischer.de/" "Mozilla/4.0 (compatible; MSIE 8.0; Windows NT 5.1; Trident/4.0; .NET CLR 1.1.4322; .NET CLR 2.0.50727; .NET CLR 3.0.4506.2152; .NET CLR 3.5.30729; InfoPath.2)"
80.153.186.171 - - [15/Sep/2011:14:40:43 +0200] "GET /img/lay02.gif HTTP/1.1" 304 - "http://www.dr-heidi-fleischer.de/" "Mozilla/4.0 (compatible; MSIE 8.0; Windows NT 5.1; Trident/4.0; .NET CLR 1.1.4322; .NET CLR 2.0.50727; .NET CLR 3.0.4506.2152; .NET CLR 3.5.30729; InfoPath.2)"
80.153.186.171 - - [15/Sep/2011:14:40:43 +0200] "GET /img/lay06neu.gif HTTP/1.1" 304 - "http://www.dr-heidi-fleischer.de/" "Mozilla/4.0 (compatible; MSIE 8.0; Windows NT 5.1; Trident/4.0; .NET CLR 1.1.4322; .NET CLR 2.0.50727; .NET CLR 3.0.4506.2152; .NET CLR 3.5.30729; InfoPath.2)"
80.153.186.171 - - [15/Sep/2011:14:40:43 +0200] "GET /img/tel_footer.gif HTTP/1.1" 304 - "http://www.dr-heidi-fleischer.de/" "Mozilla/4.0 (compatible; MSIE 8.0; Windows NT 5.1; Trident/4.0; .NET CLR 1.1.4322; .NET CLR 2.0.50727; .NET CLR 3.0.4506.2152; .NET CLR 3.5.30729; InfoPath.2)"
80.153.186.171 - - [15/Sep/2011:14:40:43 +0200] "GET /img/lay07.gif HTTP/1.1" 304 - "http://www.dr-heidi-fleischer.de/" "Mozilla/4.0 (compatible; MSIE 8.0; Windows NT 5.1; Trident/4.0; .NET CLR 1.1.4322; .NET CLR 2.0.50727; .NET CLR 3.0.4506.2152; .NET CLR 3.5.30729; InfoPath.2)"
80.153.186.171 - - [15/Sep/2011:14:40:43 +0200] "GET /img/lay04.gif HTTP/1.1" 304 - "http://www.dr-heidi-fleischer.de/" "Mozilla/4.0 (compatible; MSIE 8.0; Windows NT 5.1; Trident/4.0; .NET CLR 1.1.4322; .NET CLR 2.0.50727; .NET CLR 3.0.4506.2152; .NET CLR 3.5.30729; InfoPath.2)"
80.153.186.171 - - [15/Sep/2011:14:40:43 +0200] "GET /img/lay05.gif HTTP/1.1" 304 - "http://www.dr-heidi-fleischer.de/" "Mozilla/4.0 (compatible; MSIE 8.0; Windows NT 5.1; Trident/4.0; .NET CLR 1.1.4322; .NET CLR 2.0.50727; .NET CLR 3.0.4506.2152; .NET CLR 3.5.30729; InfoPath.2)"
80.153.186.171 - - [15/Sep/2011:14:40:43 +0200] "GET /img/left_bg2.gif HTTP/1.1" 304 - "http://www.dr-heidi-fleischer.de/" "Mozilla/4.0 (compatible; MSIE 8.0; Windows NT 5.1; Trident/4.0; .NET CLR 1.1.4322; .NET CLR 2.0.50727; .NET CLR 3.0.4506.2152; .NET CLR 3.5.30729; InfoPath.2)"
80.153.186.171 - - [15/Sep/2011:14:40:43 +0200] "GET /img/dr_fleischer_ani.gif HTTP/1.1" 304 - "http://www.dr-heidi-fleischer.de/" "Mozilla/4.0 (compatible; MSIE 8.0; Windows NT 5.1; Trident/4.0; .NET CLR 1.1.4322; .NET CLR 2.0.50727; .NET CLR 3.0.4506.2152; .NET CLR 3.5.30729; InfoPath.2)"
80.153.186.171 - - [15/Sep/2011:14:40:43 +0200] "GET /img/zert_1.jpg HTTP/1.1" 304 - "http://www.dr-heidi-fleischer.de/" "Mozilla/4.0 (compatible; MSIE 8.0; Windows NT 5.1; Trident/4.0; .NET CLR 1.1.4322; .NET CLR 2.0.50727; .NET CLR 3.0.4506.2152; .NET CLR 3.5.30729; InfoPath.2)"
80.153.186.171 - - [15/Sep/2011:14:40:43 +0200] "GET /img/hg_zahn2.gif HTTP/1.1" 304 - "http://www.dr-heidi-fleischer.de/" "Mozilla/4.0 (compatible; MSIE 8.0; Windows NT 5.1; Trident/4.0; .NET CLR 1.1.4322; .NET CLR 2.0.50727; .NET CLR 3.0.4506.2152; .NET CLR 3.5.30729; InfoPath.2)"
80.153.186.171 - - [15/Sep/2011:14:40:43 +0200] "GET /img/roll_trans.gif HTTP/1.1" 304 - "http://www.dr-heidi-fleischer.de/" "Mozilla/4.0 (compatible; MSIE 8.0; Windows NT 5.1; Trident/4.0; .NET CLR 1.1.4322; .NET CLR 2.0.50727; .NET CLR 3.0.4506.2152; .NET CLR 3.5.30729; InfoPath.2)"
80.153.186.171 - - [15/Sep/2011:14:40:43 +0200] "GET /img/roll_trans2.gif HTTP/1.1" 304 - "http://www.dr-heidi-fleischer.de/" "Mozilla/4.0 (compatible; MSIE 8.0; Windows NT 5.1; Trident/4.0; .NET CLR 1.1.4322; .NET CLR 2.0.50727; .NET CLR 3.0.4506.2152; .NET CLR 3.5.30729; InfoPath.2)"
80.153.186.171 - - [15/Sep/2011:14:40:43 +0200] "GET /img/lay16.gif HTTP/1.1" 304 - "http://www.dr-heidi-fleischer.de/" "Mozilla/4.0 (compatible; MSIE 8.0; Windows NT 5.1; Trident/4.0; .NET CLR 1.1.4322; .NET CLR 2.0.50727; .NET CLR 3.0.4506.2152; .NET CLR 3.5.30729; InfoPath.2)"
80.153.186.171 - - [15/Sep/2011:14:40:43 +0200] "GET /img/lay08.gif HTTP/1.1" 304 - "http://www.dr-heidi-fleischer.de/" "Mozilla/4.0 (compatible; MSIE 8.0; Windows NT 5.1; Trident/4.0; .NET CLR 1.1.4322; .NET CLR 2.0.50727; .NET CLR 3.0.4506.2152; .NET CLR 3.5.30729; InfoPath.2)"
80.153.186.171 - - [15/Sep/2011:14:40:43 +0200] "GET /img/lay09.gif HTTP/1.1" 304 - "http://www.dr-heidi-fleischer.de/" "Mozilla/4.0 (compatible; MSIE 8.0; Windows NT 5.1; Trident/4.0; .NET CLR 1.1.4322; .NET CLR 2.0.50727; .NET CLR 3.0.4506.2152; .NET CLR 3.5.30729; InfoPath.2)"
80.153.186.171 - - [15/Sep/2011:14:40:43 +0200] "GET /img/lay14.gif HTTP/1.1" 304 - "http://www.dr-heidi-fleischer.de/" "Mozilla/4.0 (compatible; MSIE 8.0; Windows NT 5.1; Trident/4.0; .NET CLR 1.1.4322; .NET CLR 2.0.50727; .NET CLR 3.0.4506.2152; .NET CLR 3.5.30729; InfoPath.2)"
