95.108.158.244 - - [01/Sep/2011:00:33:53 +0200] "GET /img/lay06neu.gif HTTP/1.1" 304 - "-" "Mozilla/5.0 (compatible; YandexImages/3.0; +http://yandex.com/bots)"
95.108.158.244 - - [01/Sep/2011:01:10:43 +0200] "GET /img/roll_trans2.gif HTTP/1.1" 304 - "-" "Mozilla/5.0 (compatible; YandexImages/3.0; +http://yandex.com/bots)"
95.108.158.244 - - [01/Sep/2011:02:32:45 +0200] "GET /img/lay16.gif HTTP/1.1" 304 - "-" "Mozilla/5.0 (compatible; YandexImages/3.0; +http://yandex.com/bots)"
208.115.111.68 - - [01/Sep/2011:05:23:11 +0200] "GET /robots.txt HTTP/1.1" 200 218 "-" "Mozilla/5.0 (compatible; Ezooms/1.0; ezooms.bot@gmail.com)"
208.115.111.68 - - [01/Sep/2011:06:00:30 +0200] "GET / HTTP/1.1" 200 9626 "-" "Mozilla/5.0 (compatible; Ezooms/1.0; ezooms.bot@gmail.com)"
95.108.158.244 - - [01/Sep/2011:06:44:31 +0200] "GET /img/roll_trans2.gif HTTP/1.1" 304 - "-" "Mozilla/5.0 (compatible; YandexImages/3.0; +http://yandex.com/bots)"
95.108.158.244 - - [01/Sep/2011:07:09:19 +0200] "GET /img/tel_footer.gif HTTP/1.1" 304 - "-" "Mozilla/5.0 (compatible; YandexImages/3.0; +http://yandex.com/bots)"
213.68.0.55 - - [01/Sep/2011:08:15:04 +0200] "GET / HTTP/1.1" 200 9626 "http://www.google.de/search?hl=de&source=hp&q=dr.fleischer+n%C3%BCrnberg&aq=f&aqi=&aql=&oq=" "Mozilla/4.0 (compatible; MSIE 7.0; Windows NT 5.1; .NET CLR 2.0.50727; .NET CLR 3.0.4506.2152; .NET CLR 3.5.30729; InfoPath.3)"
213.68.0.55 - - [01/Sep/2011:08:15:04 +0200] "GET /css/fl_style.css HTTP/1.1" 200 10194 "http://www.dr-heidi-fleischer.de/" "Mozilla/4.0 (compatible; MSIE 7.0; Windows NT 5.1; .NET CLR 2.0.50727; .NET CLR 3.0.4506.2152; .NET CLR 3.5.30729; InfoPath.3)"
213.68.0.55 - - [01/Sep/2011:08:15:05 +0200] "GET /scripte/all_scripts.js HTTP/1.1" 200 249 "http://www.dr-heidi-fleischer.de/" "Mozilla/4.0 (compatible; MSIE 7.0; Windows NT 5.1; .NET CLR 2.0.50727; .NET CLR 3.0.4506.2152; .NET CLR 3.5.30729; InfoPath.3)"
213.68.0.55 - - [01/Sep/2011:08:15:05 +0200] "GET /img/lay01.gif HTTP/1.1" 200 273 "http://www.dr-heidi-fleischer.de/" "Mozilla/4.0 (compatible; MSIE 7.0; Windows NT 5.1; .NET CLR 2.0.50727; .NET CLR 3.0.4506.2152; .NET CLR 3.5.30729; InfoPath.3)"
213.68.0.55 - - [01/Sep/2011:08:15:05 +0200] "GET /img/f_1-p.gif HTTP/1.1" 200 43 "http://www.dr-heidi-fleischer.de/" "Mozilla/4.0 (compatible; MSIE 7.0; Windows NT 5.1; .NET CLR 2.0.50727; .NET CLR 3.0.4506.2152; .NET CLR 3.5.30729; InfoPath.3)"
213.68.0.55 - - [01/Sep/2011:08:15:05 +0200] "GET /img/tel_footer.gif HTTP/1.1" 200 1051 "http://www.dr-heidi-fleischer.de/" "Mozilla/4.0 (compatible; MSIE 7.0; Windows NT 5.1; .NET CLR 2.0.50727; .NET CLR 3.0.4506.2152; .NET CLR 3.5.30729; InfoPath.3)"
213.68.0.55 - - [01/Sep/2011:08:15:05 +0200] "GET /img/lay06neu.gif HTTP/1.1" 200 583 "http://www.dr-heidi-fleischer.de/" "Mozilla/4.0 (compatible; MSIE 7.0; Windows NT 5.1; .NET CLR 2.0.50727; .NET CLR 3.0.4506.2152; .NET CLR 3.5.30729; InfoPath.3)"
213.68.0.55 - - [01/Sep/2011:08:15:05 +0200] "GET /img/lay07.gif HTTP/1.1" 200 453 "http://www.dr-heidi-fleischer.de/" "Mozilla/4.0 (compatible; MSIE 7.0; Windows NT 5.1; .NET CLR 2.0.50727; .NET CLR 3.0.4506.2152; .NET CLR 3.5.30729; InfoPath.3)"
213.68.0.55 - - [01/Sep/2011:08:15:05 +0200] "GET /img/zert_1.jpg HTTP/1.1" 200 6013 "http://www.dr-heidi-fleischer.de/" "Mozilla/4.0 (compatible; MSIE 7.0; Windows NT 5.1; .NET CLR 2.0.50727; .NET CLR 3.0.4506.2152; .NET CLR 3.5.30729; InfoPath.3)"
213.68.0.55 - - [01/Sep/2011:08:15:05 +0200] "GET /img/roll_trans.gif HTTP/1.1" 200 609 "http://www.dr-heidi-fleischer.de/" "Mozilla/4.0 (compatible; MSIE 7.0; Windows NT 5.1; .NET CLR 2.0.50727; .NET CLR 3.0.4506.2152; .NET CLR 3.5.30729; InfoPath.3)"
213.68.0.55 - - [01/Sep/2011:08:15:05 +0200] "GET /img/roll_trans2.gif HTTP/1.1" 200 609 "http://www.dr-heidi-fleischer.de/" "Mozilla/4.0 (compatible; MSIE 7.0; Windows NT 5.1; .NET CLR 2.0.50727; .NET CLR 3.0.4506.2152; .NET CLR 3.5.30729; InfoPath.3)"
213.68.0.55 - - [01/Sep/2011:08:15:05 +0200] "GET /img/lay16.gif HTTP/1.1" 200 309 "http://www.dr-heidi-fleischer.de/" "Mozilla/4.0 (compatible; MSIE 7.0; Windows NT 5.1; .NET CLR 2.0.50727; .NET CLR 3.0.4506.2152; .NET CLR 3.5.30729; InfoPath.3)"
213.68.0.55 - - [01/Sep/2011:08:15:05 +0200] "GET /img/lay08.gif HTTP/1.1" 200 534 "http://www.dr-heidi-fleischer.de/" "Mozilla/4.0 (compatible; MSIE 7.0; Windows NT 5.1; .NET CLR 2.0.50727; .NET CLR 3.0.4506.2152; .NET CLR 3.5.30729; InfoPath.3)"
213.68.0.55 - - [01/Sep/2011:08:15:05 +0200] "GET /img/lay09.gif HTTP/1.1" 200 135 "http://www.dr-heidi-fleischer.de/" "Mozilla/4.0 (compatible; MSIE 7.0; Windows NT 5.1; .NET CLR 2.0.50727; .NET CLR 3.0.4506.2152; .NET CLR 3.5.30729; InfoPath.3)"
213.68.0.55 - - [01/Sep/2011:08:15:05 +0200] "GET /img/hg_body.jpg HTTP/1.1" 200 2615 "http://www.dr-heidi-fleischer.de/" "Mozilla/4.0 (compatible; MSIE 7.0; Windows NT 5.1; .NET CLR 2.0.50727; .NET CLR 3.0.4506.2152; .NET CLR 3.5.30729; InfoPath.3)"
213.68.0.55 - - [01/Sep/2011:08:15:05 +0200] "GET /img/lay13.gif HTTP/1.1" 200 181 "http://www.dr-heidi-fleischer.de/" "Mozilla/4.0 (compatible; MSIE 7.0; Windows NT 5.1; .NET CLR 2.0.50727; .NET CLR 3.0.4506.2152; .NET CLR 3.5.30729; InfoPath.3)"
213.68.0.55 - - [01/Sep/2011:08:15:05 +0200] "GET /img/lay02.gif HTTP/1.1" 200 68 "http://www.dr-heidi-fleischer.de/" "Mozilla/4.0 (compatible; MSIE 7.0; Windows NT 5.1; .NET CLR 2.0.50727; .NET CLR 3.0.4506.2152; .NET CLR 3.5.30729; InfoPath.3)"
213.68.0.55 - - [01/Sep/2011:08:15:05 +0200] "GET /img/lay14.gif HTTP/1.1" 200 104 "http://www.dr-heidi-fleischer.de/" "Mozilla/4.0 (compatible; MSIE 7.0; Windows NT 5.1; .NET CLR 2.0.50727; .NET CLR 3.0.4506.2152; .NET CLR 3.5.30729; InfoPath.3)"
213.68.0.55 - - [01/Sep/2011:08:15:06 +0200] "GET /img/zert_1gross.jpg HTTP/1.1" 200 22004 "http://www.dr-heidi-fleischer.de/" "Mozilla/4.0 (compatible; MSIE 7.0; Windows NT 5.1; .NET CLR 2.0.50727; .NET CLR 3.0.4506.2152; .NET CLR 3.5.30729; InfoPath.3)"
213.68.0.55 - - [01/Sep/2011:08:15:05 +0200] "GET /img/dr_fleischer_ani.gif HTTP/1.1" 200 854042 "http://www.dr-heidi-fleischer.de/" "Mozilla/4.0 (compatible; MSIE 7.0; Windows NT 5.1; .NET CLR 2.0.50727; .NET CLR 3.0.4506.2152; .NET CLR 3.5.30729; InfoPath.3)"
213.68.0.55 - - [01/Sep/2011:08:15:06 +0200] "GET /img/lay03.gif HTTP/1.1" 200 1060 "http://www.dr-heidi-fleischer.de/" "Mozilla/4.0 (compatible; MSIE 7.0; Windows NT 5.1; .NET CLR 2.0.50727; .NET CLR 3.0.4506.2152; .NET CLR 3.5.30729; InfoPath.3)"
213.68.0.55 - - [01/Sep/2011:08:15:06 +0200] "GET /img/lay04.gif HTTP/1.1" 200 68 "http://www.dr-heidi-fleischer.de/" "Mozilla/4.0 (compatible; MSIE 7.0; Windows NT 5.1; .NET CLR 2.0.50727; .NET CLR 3.0.4506.2152; .NET CLR 3.5.30729; InfoPath.3)"
213.68.0.55 - - [01/Sep/2011:08:15:06 +0200] "GET /img/lay05.gif HTTP/1.1" 200 331 "http://www.dr-heidi-fleischer.de/" "Mozilla/4.0 (compatible; MSIE 7.0; Windows NT 5.1; .NET CLR 2.0.50727; .NET CLR 3.0.4506.2152; .NET CLR 3.5.30729; InfoPath.3)"
213.68.0.55 - - [01/Sep/2011:08:15:06 +0200] "GET /img/left_bg2.gif HTTP/1.1" 200 176 "http://www.dr-heidi-fleischer.de/" "Mozilla/4.0 (compatible; MSIE 7.0; Windows NT 5.1; .NET CLR 2.0.50727; .NET CLR 3.0.4506.2152; .NET CLR 3.5.30729; InfoPath.3)"
213.68.0.55 - - [01/Sep/2011:08:15:06 +0200] "GET /img/hg_zahn2.gif HTTP/1.1" 200 20816 "http://www.dr-heidi-fleischer.de/" "Mozilla/4.0 (compatible; MSIE 7.0; Windows NT 5.1; .NET CLR 2.0.50727; .NET CLR 3.0.4506.2152; .NET CLR 3.5.30729; InfoPath.3)"
213.68.0.55 - - [01/Sep/2011:08:15:06 +0200] "GET /img/right_bg.jpg HTTP/1.1" 404 1256 "http://www.dr-heidi-fleischer.de/" "Mozilla/4.0 (compatible; MSIE 7.0; Windows NT 5.1; .NET CLR 2.0.50727; .NET CLR 3.0.4506.2152; .NET CLR 3.5.30729; InfoPath.3)"
213.68.0.55 - - [01/Sep/2011:08:15:06 +0200] "GET /img/left_bg.gif HTTP/1.1" 200 98 "http://www.dr-heidi-fleischer.de/" "Mozilla/4.0 (compatible; MSIE 7.0; Windows NT 5.1; .NET CLR 2.0.50727; .NET CLR 3.0.4506.2152; .NET CLR 3.5.30729; InfoPath.3)"
213.68.0.55 - - [01/Sep/2011:08:15:06 +0200] "GET /img/right_bg.gif HTTP/1.1" 200 76 "http://www.dr-heidi-fleischer.de/" "Mozilla/4.0 (compatible; MSIE 7.0; Windows NT 5.1; .NET CLR 2.0.50727; .NET CLR 3.0.4506.2152; .NET CLR 3.5.30729; InfoPath.3)"
213.68.0.55 - - [01/Sep/2011:08:15:07 +0200] "GET /img/lay10.gif HTTP/1.1" 200 252 "http://www.dr-heidi-fleischer.de/" "Mozilla/4.0 (compatible; MSIE 7.0; Windows NT 5.1; .NET CLR 2.0.50727; .NET CLR 3.0.4506.2152; .NET CLR 3.5.30729; InfoPath.3)"
213.68.0.55 - - [01/Sep/2011:08:15:07 +0200] "GET /img/bottom_bg.gif HTTP/1.1" 200 79 "http://www.dr-heidi-fleischer.de/" "Mozilla/4.0 (compatible; MSIE 7.0; Windows NT 5.1; .NET CLR 2.0.50727; .NET CLR 3.0.4506.2152; .NET CLR 3.5.30729; InfoPath.3)"
213.68.0.55 - - [01/Sep/2011:08:15:07 +0200] "GET /img/header_neu.gif HTTP/1.1" 200 32567 "http://www.dr-heidi-fleischer.de/" "Mozilla/4.0 (compatible; MSIE 7.0; Windows NT 5.1; .NET CLR 2.0.50727; .NET CLR 3.0.4506.2152; .NET CLR 3.5.30729; InfoPath.3)"
213.68.0.55 - - [01/Sep/2011:08:15:07 +0200] "GET /img/favicon.ico HTTP/1.1" 200 5430 "-" "Mozilla/4.0 (compatible; MSIE 7.0; Windows NT 5.1; .NET CLR 2.0.50727; .NET CLR 3.0.4506.2152; .NET CLR 3.5.30729; InfoPath.3)"
213.68.0.55 - - [01/Sep/2011:08:15:10 +0200] "GET /praxis.php HTTP/1.1" 200 7017 "http://www.dr-heidi-fleischer.de/" "Mozilla/4.0 (compatible; MSIE 7.0; Windows NT 5.1; .NET CLR 2.0.50727; .NET CLR 3.0.4506.2152; .NET CLR 3.5.30729; InfoPath.3)"
213.68.0.55 - - [01/Sep/2011:08:15:11 +0200] "GET /img/praxis_2.jpg HTTP/1.1" 200 30574 "http://www.dr-heidi-fleischer.de/praxis.php" "Mozilla/4.0 (compatible; MSIE 7.0; Windows NT 5.1; .NET CLR 2.0.50727; .NET CLR 3.0.4506.2152; .NET CLR 3.5.30729; InfoPath.3)"
213.68.0.55 - - [01/Sep/2011:08:15:11 +0200] "GET /img/praxis_1.jpg HTTP/1.1" 200 39868 "http://www.dr-heidi-fleischer.de/praxis.php" "Mozilla/4.0 (compatible; MSIE 7.0; Windows NT 5.1; .NET CLR 2.0.50727; .NET CLR 3.0.4506.2152; .NET CLR 3.5.30729; InfoPath.3)"
213.68.0.55 - - [01/Sep/2011:08:15:11 +0200] "GET /img/right_bg.jpg HTTP/1.1" 404 1256 "http://www.dr-heidi-fleischer.de/praxis.php" "Mozilla/4.0 (compatible; MSIE 7.0; Windows NT 5.1; .NET CLR 2.0.50727; .NET CLR 3.0.4506.2152; .NET CLR 3.5.30729; InfoPath.3)"
213.68.0.55 - - [01/Sep/2011:08:15:11 +0200] "GET /img/praxis_3.jpg HTTP/1.1" 200 36951 "http://www.dr-heidi-fleischer.de/praxis.php" "Mozilla/4.0 (compatible; MSIE 7.0; Windows NT 5.1; .NET CLR 2.0.50727; .NET CLR 3.0.4506.2152; .NET CLR 3.5.30729; InfoPath.3)"
213.68.0.55 - - [01/Sep/2011:08:15:13 +0200] "GET /leistungen.php HTTP/1.1" 200 8056 "http://www.dr-heidi-fleischer.de/praxis.php" "Mozilla/4.0 (compatible; MSIE 7.0; Windows NT 5.1; .NET CLR 2.0.50727; .NET CLR 3.0.4506.2152; .NET CLR 3.5.30729; InfoPath.3)"
213.68.0.55 - - [01/Sep/2011:08:15:13 +0200] "GET /img/leistungen_1.jpg HTTP/1.1" 200 15190 "http://www.dr-heidi-fleischer.de/leistungen.php" "Mozilla/4.0 (compatible; MSIE 7.0; Windows NT 5.1; .NET CLR 2.0.50727; .NET CLR 3.0.4506.2152; .NET CLR 3.5.30729; InfoPath.3)"
213.68.0.55 - - [01/Sep/2011:08:15:13 +0200] "GET /img/leistungen_2.jpg HTTP/1.1" 200 13824 "http://www.dr-heidi-fleischer.de/leistungen.php" "Mozilla/4.0 (compatible; MSIE 7.0; Windows NT 5.1; .NET CLR 2.0.50727; .NET CLR 3.0.4506.2152; .NET CLR 3.5.30729; InfoPath.3)"
213.68.0.55 - - [01/Sep/2011:08:15:15 +0200] "GET /spez_leistungen.php HTTP/1.1" 200 7752 "http://www.dr-heidi-fleischer.de/leistungen.php" "Mozilla/4.0 (compatible; MSIE 7.0; Windows NT 5.1; .NET CLR 2.0.50727; .NET CLR 3.0.4506.2152; .NET CLR 3.5.30729; InfoPath.3)"
213.68.0.55 - - [01/Sep/2011:08:15:16 +0200] "GET /img/spez_leistungen_2.jpg HTTP/1.1" 200 13667 "http://www.dr-heidi-fleischer.de/spez_leistungen.php" "Mozilla/4.0 (compatible; MSIE 7.0; Windows NT 5.1; .NET CLR 2.0.50727; .NET CLR 3.0.4506.2152; .NET CLR 3.5.30729; InfoPath.3)"
213.68.0.55 - - [01/Sep/2011:08:15:16 +0200] "GET /img/spez_leistungen_1.jpg HTTP/1.1" 200 18858 "http://www.dr-heidi-fleischer.de/spez_leistungen.php" "Mozilla/4.0 (compatible; MSIE 7.0; Windows NT 5.1; .NET CLR 2.0.50727; .NET CLR 3.0.4506.2152; .NET CLR 3.5.30729; InfoPath.3)"
213.68.0.55 - - [01/Sep/2011:08:15:25 +0200] "GET /index.php HTTP/1.1" 200 9626 "http://www.dr-heidi-fleischer.de/spez_leistungen.php" "Mozilla/4.0 (compatible; MSIE 7.0; Windows NT 5.1; .NET CLR 2.0.50727; .NET CLR 3.0.4506.2152; .NET CLR 3.5.30729; InfoPath.3)"
213.68.0.55 - - [01/Sep/2011:08:15:25 +0200] "GET /img/right_bg.jpg HTTP/1.1" 404 1256 "http://www.dr-heidi-fleischer.de/index.php" "Mozilla/4.0 (compatible; MSIE 7.0; Windows NT 5.1; .NET CLR 2.0.50727; .NET CLR 3.0.4506.2152; .NET CLR 3.5.30729; InfoPath.3)"
213.68.0.55 - - [01/Sep/2011:08:15:41 +0200] "GET /kont.php HTTP/1.1" 200 8494 "http://www.dr-heidi-fleischer.de/index.php" "Mozilla/4.0 (compatible; MSIE 7.0; Windows NT 5.1; .NET CLR 2.0.50727; .NET CLR 3.0.4506.2152; .NET CLR 3.5.30729; InfoPath.3)"
213.68.0.55 - - [01/Sep/2011:08:16:06 +0200] "GET / HTTP/1.1" 200 9626 "http://www.dr-heidi-fleischer.de/kont.php" "Mozilla/4.0 (compatible; MSIE 7.0; Windows NT 5.1; .NET CLR 2.0.50727; .NET CLR 3.0.4506.2152; .NET CLR 3.5.30729; InfoPath.3)"
213.68.0.55 - - [01/Sep/2011:08:16:06 +0200] "GET /scripte/all_scripts.js HTTP/1.1" 200 249 "http://www.zahnmedizin-im-alter.de/" "Mozilla/4.0 (compatible; MSIE 7.0; Windows NT 5.1; .NET CLR 2.0.50727; .NET CLR 3.0.4506.2152; .NET CLR 3.5.30729; InfoPath.3)"
213.68.0.55 - - [01/Sep/2011:08:16:06 +0200] "GET /css/fl_style.css HTTP/1.1" 200 10194 "http://www.zahnmedizin-im-alter.de/" "Mozilla/4.0 (compatible; MSIE 7.0; Windows NT 5.1; .NET CLR 2.0.50727; .NET CLR 3.0.4506.2152; .NET CLR 3.5.30729; InfoPath.3)"
213.68.0.55 - - [01/Sep/2011:08:16:07 +0200] "GET /img/lay01.gif HTTP/1.1" 200 273 "http://www.zahnmedizin-im-alter.de/" "Mozilla/4.0 (compatible; MSIE 7.0; Windows NT 5.1; .NET CLR 2.0.50727; .NET CLR 3.0.4506.2152; .NET CLR 3.5.30729; InfoPath.3)"
213.68.0.55 - - [01/Sep/2011:08:16:07 +0200] "GET /img/f_1-p.gif HTTP/1.1" 200 43 "http://www.zahnmedizin-im-alter.de/" "Mozilla/4.0 (compatible; MSIE 7.0; Windows NT 5.1; .NET CLR 2.0.50727; .NET CLR 3.0.4506.2152; .NET CLR 3.5.30729; InfoPath.3)"
213.68.0.55 - - [01/Sep/2011:08:16:07 +0200] "GET /img/tel_footer.gif HTTP/1.1" 200 1051 "http://www.zahnmedizin-im-alter.de/" "Mozilla/4.0 (compatible; MSIE 7.0; Windows NT 5.1; .NET CLR 2.0.50727; .NET CLR 3.0.4506.2152; .NET CLR 3.5.30729; InfoPath.3)"
213.68.0.55 - - [01/Sep/2011:08:16:07 +0200] "GET /img/lay06neu.gif HTTP/1.1" 200 583 "http://www.zahnmedizin-im-alter.de/" "Mozilla/4.0 (compatible; MSIE 7.0; Windows NT 5.1; .NET CLR 2.0.50727; .NET CLR 3.0.4506.2152; .NET CLR 3.5.30729; InfoPath.3)"
213.68.0.55 - - [01/Sep/2011:08:16:07 +0200] "GET /img/lay07.gif HTTP/1.1" 200 453 "http://www.zahnmedizin-im-alter.de/" "Mozilla/4.0 (compatible; MSIE 7.0; Windows NT 5.1; .NET CLR 2.0.50727; .NET CLR 3.0.4506.2152; .NET CLR 3.5.30729; InfoPath.3)"
213.68.0.55 - - [01/Sep/2011:08:16:07 +0200] "GET /img/zert_1.jpg HTTP/1.1" 200 6013 "http://www.zahnmedizin-im-alter.de/" "Mozilla/4.0 (compatible; MSIE 7.0; Windows NT 5.1; .NET CLR 2.0.50727; .NET CLR 3.0.4506.2152; .NET CLR 3.5.30729; InfoPath.3)"
213.68.0.55 - - [01/Sep/2011:08:16:07 +0200] "GET /img/roll_trans.gif HTTP/1.1" 200 609 "http://www.zahnmedizin-im-alter.de/" "Mozilla/4.0 (compatible; MSIE 7.0; Windows NT 5.1; .NET CLR 2.0.50727; .NET CLR 3.0.4506.2152; .NET CLR 3.5.30729; InfoPath.3)"
213.68.0.55 - - [01/Sep/2011:08:16:07 +0200] "GET /img/roll_trans2.gif HTTP/1.1" 200 609 "http://www.zahnmedizin-im-alter.de/" "Mozilla/4.0 (compatible; MSIE 7.0; Windows NT 5.1; .NET CLR 2.0.50727; .NET CLR 3.0.4506.2152; .NET CLR 3.5.30729; InfoPath.3)"
213.68.0.55 - - [01/Sep/2011:08:16:07 +0200] "GET /img/lay16.gif HTTP/1.1" 200 309 "http://www.zahnmedizin-im-alter.de/" "Mozilla/4.0 (compatible; MSIE 7.0; Windows NT 5.1; .NET CLR 2.0.50727; .NET CLR 3.0.4506.2152; .NET CLR 3.5.30729; InfoPath.3)"
213.68.0.55 - - [01/Sep/2011:08:16:07 +0200] "GET /img/lay08.gif HTTP/1.1" 200 534 "http://www.zahnmedizin-im-alter.de/" "Mozilla/4.0 (compatible; MSIE 7.0; Windows NT 5.1; .NET CLR 2.0.50727; .NET CLR 3.0.4506.2152; .NET CLR 3.5.30729; InfoPath.3)"
213.68.0.55 - - [01/Sep/2011:08:16:07 +0200] "GET /img/lay09.gif HTTP/1.1" 200 135 "http://www.zahnmedizin-im-alter.de/" "Mozilla/4.0 (compatible; MSIE 7.0; Windows NT 5.1; .NET CLR 2.0.50727; .NET CLR 3.0.4506.2152; .NET CLR 3.5.30729; InfoPath.3)"
213.68.0.55 - - [01/Sep/2011:08:16:07 +0200] "GET /img/lay13.gif HTTP/1.1" 200 181 "http://www.zahnmedizin-im-alter.de/" "Mozilla/4.0 (compatible; MSIE 7.0; Windows NT 5.1; .NET CLR 2.0.50727; .NET CLR 3.0.4506.2152; .NET CLR 3.5.30729; InfoPath.3)"
213.68.0.55 - - [01/Sep/2011:08:16:07 +0200] "GET /img/hg_body.jpg HTTP/1.1" 200 2615 "http://www.zahnmedizin-im-alter.de/" "Mozilla/4.0 (compatible; MSIE 7.0; Windows NT 5.1; .NET CLR 2.0.50727; .NET CLR 3.0.4506.2152; .NET CLR 3.5.30729; InfoPath.3)"
213.68.0.55 - - [01/Sep/2011:08:16:07 +0200] "GET /img/lay14.gif HTTP/1.1" 200 104 "http://www.zahnmedizin-im-alter.de/" "Mozilla/4.0 (compatible; MSIE 7.0; Windows NT 5.1; .NET CLR 2.0.50727; .NET CLR 3.0.4506.2152; .NET CLR 3.5.30729; InfoPath.3)"
213.68.0.55 - - [01/Sep/2011:08:16:08 +0200] "GET /img/lay02.gif HTTP/1.1" 200 68 "http://www.zahnmedizin-im-alter.de/" "Mozilla/4.0 (compatible; MSIE 7.0; Windows NT 5.1; .NET CLR 2.0.50727; .NET CLR 3.0.4506.2152; .NET CLR 3.5.30729; InfoPath.3)"
213.68.0.55 - - [01/Sep/2011:08:16:08 +0200] "GET /img/zert_1gross.jpg HTTP/1.1" 200 22004 "http://www.zahnmedizin-im-alter.de/" "Mozilla/4.0 (compatible; MSIE 7.0; Windows NT 5.1; .NET CLR 2.0.50727; .NET CLR 3.0.4506.2152; .NET CLR 3.5.30729; InfoPath.3)"
213.68.0.55 - - [01/Sep/2011:08:16:07 +0200] "GET /img/dr_fleischer_ani.gif HTTP/1.1" 200 854042 "http://www.zahnmedizin-im-alter.de/" "Mozilla/4.0 (compatible; MSIE 7.0; Windows NT 5.1; .NET CLR 2.0.50727; .NET CLR 3.0.4506.2152; .NET CLR 3.5.30729; InfoPath.3)"
213.68.0.55 - - [01/Sep/2011:08:16:08 +0200] "GET /img/lay03.gif HTTP/1.1" 200 1060 "http://www.zahnmedizin-im-alter.de/" "Mozilla/4.0 (compatible; MSIE 7.0; Windows NT 5.1; .NET CLR 2.0.50727; .NET CLR 3.0.4506.2152; .NET CLR 3.5.30729; InfoPath.3)"
213.68.0.55 - - [01/Sep/2011:08:16:08 +0200] "GET /img/lay04.gif HTTP/1.1" 200 68 "http://www.zahnmedizin-im-alter.de/" "Mozilla/4.0 (compatible; MSIE 7.0; Windows NT 5.1; .NET CLR 2.0.50727; .NET CLR 3.0.4506.2152; .NET CLR 3.5.30729; InfoPath.3)"
213.68.0.55 - - [01/Sep/2011:08:16:08 +0200] "GET /img/lay05.gif HTTP/1.1" 200 331 "http://www.zahnmedizin-im-alter.de/" "Mozilla/4.0 (compatible; MSIE 7.0; Windows NT 5.1; .NET CLR 2.0.50727; .NET CLR 3.0.4506.2152; .NET CLR 3.5.30729; InfoPath.3)"
213.68.0.55 - - [01/Sep/2011:08:16:08 +0200] "GET /img/left_bg2.gif HTTP/1.1" 200 176 "http://www.zahnmedizin-im-alter.de/" "Mozilla/4.0 (compatible; MSIE 7.0; Windows NT 5.1; .NET CLR 2.0.50727; .NET CLR 3.0.4506.2152; .NET CLR 3.5.30729; InfoPath.3)"
213.68.0.55 - - [01/Sep/2011:08:16:08 +0200] "GET /img/hg_zahn2.gif HTTP/1.1" 200 20816 "http://www.zahnmedizin-im-alter.de/" "Mozilla/4.0 (compatible; MSIE 7.0; Windows NT 5.1; .NET CLR 2.0.50727; .NET CLR 3.0.4506.2152; .NET CLR 3.5.30729; InfoPath.3)"
213.68.0.55 - - [01/Sep/2011:08:16:08 +0200] "GET /img/right_bg.jpg HTTP/1.1" 404 1256 "http://www.zahnmedizin-im-alter.de/" "Mozilla/4.0 (compatible; MSIE 7.0; Windows NT 5.1; .NET CLR 2.0.50727; .NET CLR 3.0.4506.2152; .NET CLR 3.5.30729; InfoPath.3)"
213.68.0.55 - - [01/Sep/2011:08:16:08 +0200] "GET /img/left_bg.gif HTTP/1.1" 200 98 "http://www.zahnmedizin-im-alter.de/" "Mozilla/4.0 (compatible; MSIE 7.0; Windows NT 5.1; .NET CLR 2.0.50727; .NET CLR 3.0.4506.2152; .NET CLR 3.5.30729; InfoPath.3)"
213.68.0.55 - - [01/Sep/2011:08:16:08 +0200] "GET /img/right_bg.gif HTTP/1.1" 200 76 "http://www.zahnmedizin-im-alter.de/" "Mozilla/4.0 (compatible; MSIE 7.0; Windows NT 5.1; .NET CLR 2.0.50727; .NET CLR 3.0.4506.2152; .NET CLR 3.5.30729; InfoPath.3)"
213.68.0.55 - - [01/Sep/2011:08:16:09 +0200] "GET /img/lay10.gif HTTP/1.1" 200 252 "http://www.zahnmedizin-im-alter.de/" "Mozilla/4.0 (compatible; MSIE 7.0; Windows NT 5.1; .NET CLR 2.0.50727; .NET CLR 3.0.4506.2152; .NET CLR 3.5.30729; InfoPath.3)"
213.68.0.55 - - [01/Sep/2011:08:16:09 +0200] "GET /img/bottom_bg.gif HTTP/1.1" 200 79 "http://www.zahnmedizin-im-alter.de/" "Mozilla/4.0 (compatible; MSIE 7.0; Windows NT 5.1; .NET CLR 2.0.50727; .NET CLR 3.0.4506.2152; .NET CLR 3.5.30729; InfoPath.3)"
213.68.0.55 - - [01/Sep/2011:08:16:09 +0200] "GET /img/header_neu.gif HTTP/1.1" 200 32567 "http://www.zahnmedizin-im-alter.de/" "Mozilla/4.0 (compatible; MSIE 7.0; Windows NT 5.1; .NET CLR 2.0.50727; .NET CLR 3.0.4506.2152; .NET CLR 3.5.30729; InfoPath.3)"
213.68.0.55 - - [01/Sep/2011:08:16:09 +0200] "GET /img/favicon.ico HTTP/1.1" 200 5430 "-" "Mozilla/4.0 (compatible; MSIE 7.0; Windows NT 5.1; .NET CLR 2.0.50727; .NET CLR 3.0.4506.2152; .NET CLR 3.5.30729; InfoPath.3)"
213.68.0.55 - - [01/Sep/2011:08:16:25 +0200] "GET /index.php HTTP/1.1" 200 9626 "http://www.dr-heidi-fleischer.de/spez_leistungen.php" "Mozilla/4.0 (compatible; MSIE 7.0; Windows NT 5.1; .NET CLR 2.0.50727; .NET CLR 3.0.4506.2152; .NET CLR 3.5.30729; InfoPath.3)"
213.68.0.55 - - [01/Sep/2011:08:16:25 +0200] "GET /scripte/all_scripts.js HTTP/1.1" 304 - "http://www.dr-heidi-fleischer.de/index.php" "Mozilla/4.0 (compatible; MSIE 7.0; Windows NT 5.1; .NET CLR 2.0.50727; .NET CLR 3.0.4506.2152; .NET CLR 3.5.30729; InfoPath.3)"
213.68.0.55 - - [01/Sep/2011:08:16:25 +0200] "GET /css/fl_style.css HTTP/1.1" 304 - "http://www.dr-heidi-fleischer.de/index.php" "Mozilla/4.0 (compatible; MSIE 7.0; Windows NT 5.1; .NET CLR 2.0.50727; .NET CLR 3.0.4506.2152; .NET CLR 3.5.30729; InfoPath.3)"
213.68.0.55 - - [01/Sep/2011:08:16:25 +0200] "GET /img/f_1-p.gif HTTP/1.1" 304 - "http://www.dr-heidi-fleischer.de/index.php" "Mozilla/4.0 (compatible; MSIE 7.0; Windows NT 5.1; .NET CLR 2.0.50727; .NET CLR 3.0.4506.2152; .NET CLR 3.5.30729; InfoPath.3)"
213.68.0.55 - - [01/Sep/2011:08:16:25 +0200] "GET /img/lay01.gif HTTP/1.1" 304 - "http://www.dr-heidi-fleischer.de/index.php" "Mozilla/4.0 (compatible; MSIE 7.0; Windows NT 5.1; .NET CLR 2.0.50727; .NET CLR 3.0.4506.2152; .NET CLR 3.5.30729; InfoPath.3)"
213.68.0.55 - - [01/Sep/2011:08:16:25 +0200] "GET /img/lay06neu.gif HTTP/1.1" 304 - "http://www.dr-heidi-fleischer.de/index.php" "Mozilla/4.0 (compatible; MSIE 7.0; Windows NT 5.1; .NET CLR 2.0.50727; .NET CLR 3.0.4506.2152; .NET CLR 3.5.30729; InfoPath.3)"
213.68.0.55 - - [01/Sep/2011:08:16:25 +0200] "GET /img/tel_footer.gif HTTP/1.1" 304 - "http://www.dr-heidi-fleischer.de/index.php" "Mozilla/4.0 (compatible; MSIE 7.0; Windows NT 5.1; .NET CLR 2.0.50727; .NET CLR 3.0.4506.2152; .NET CLR 3.5.30729; InfoPath.3)"
213.68.0.55 - - [01/Sep/2011:08:16:25 +0200] "GET /img/lay07.gif HTTP/1.1" 304 - "http://www.dr-heidi-fleischer.de/index.php" "Mozilla/4.0 (compatible; MSIE 7.0; Windows NT 5.1; .NET CLR 2.0.50727; .NET CLR 3.0.4506.2152; .NET CLR 3.5.30729; InfoPath.3)"
213.68.0.55 - - [01/Sep/2011:08:16:25 +0200] "GET /img/dr_fleischer_ani.gif HTTP/1.1" 304 - "http://www.dr-heidi-fleischer.de/index.php" "Mozilla/4.0 (compatible; MSIE 7.0; Windows NT 5.1; .NET CLR 2.0.50727; .NET CLR 3.0.4506.2152; .NET CLR 3.5.30729; InfoPath.3)"
213.68.0.55 - - [01/Sep/2011:08:16:26 +0200] "GET /img/zert_1.jpg HTTP/1.1" 304 - "http://www.dr-heidi-fleischer.de/index.php" "Mozilla/4.0 (compatible; MSIE 7.0; Windows NT 5.1; .NET CLR 2.0.50727; .NET CLR 3.0.4506.2152; .NET CLR 3.5.30729; InfoPath.3)"
213.68.0.55 - - [01/Sep/2011:08:16:26 +0200] "GET /img/roll_trans.gif HTTP/1.1" 304 - "http://www.dr-heidi-fleischer.de/index.php" "Mozilla/4.0 (compatible; MSIE 7.0; Windows NT 5.1; .NET CLR 2.0.50727; .NET CLR 3.0.4506.2152; .NET CLR 3.5.30729; InfoPath.3)"
213.68.0.55 - - [01/Sep/2011:08:16:26 +0200] "GET /img/roll_trans2.gif HTTP/1.1" 304 - "http://www.dr-heidi-fleischer.de/index.php" "Mozilla/4.0 (compatible; MSIE 7.0; Windows NT 5.1; .NET CLR 2.0.50727; .NET CLR 3.0.4506.2152; .NET CLR 3.5.30729; InfoPath.3)"
213.68.0.55 - - [01/Sep/2011:08:16:26 +0200] "GET /img/lay16.gif HTTP/1.1" 304 - "http://www.dr-heidi-fleischer.de/index.php" "Mozilla/4.0 (compatible; MSIE 7.0; Windows NT 5.1; .NET CLR 2.0.50727; .NET CLR 3.0.4506.2152; .NET CLR 3.5.30729; InfoPath.3)"
213.68.0.55 - - [01/Sep/2011:08:16:26 +0200] "GET /img/hg_body.jpg HTTP/1.1" 304 - "http://www.dr-heidi-fleischer.de/index.php" "Mozilla/4.0 (compatible; MSIE 7.0; Windows NT 5.1; .NET CLR 2.0.50727; .NET CLR 3.0.4506.2152; .NET CLR 3.5.30729; InfoPath.3)"
213.68.0.55 - - [01/Sep/2011:08:16:26 +0200] "GET /img/lay08.gif HTTP/1.1" 304 - "http://www.dr-heidi-fleischer.de/index.php" "Mozilla/4.0 (compatible; MSIE 7.0; Windows NT 5.1; .NET CLR 2.0.50727; .NET CLR 3.0.4506.2152; .NET CLR 3.5.30729; InfoPath.3)"
213.68.0.55 - - [01/Sep/2011:08:16:26 +0200] "GET /img/lay02.gif HTTP/1.1" 304 - "http://www.dr-heidi-fleischer.de/index.php" "Mozilla/4.0 (compatible; MSIE 7.0; Windows NT 5.1; .NET CLR 2.0.50727; .NET CLR 3.0.4506.2152; .NET CLR 3.5.30729; InfoPath.3)"
213.68.0.55 - - [01/Sep/2011:08:16:26 +0200] "GET /img/lay09.gif HTTP/1.1" 304 - "http://www.dr-heidi-fleischer.de/index.php" "Mozilla/4.0 (compatible; MSIE 7.0; Windows NT 5.1; .NET CLR 2.0.50727; .NET CLR 3.0.4506.2152; .NET CLR 3.5.30729; InfoPath.3)"
213.68.0.55 - - [01/Sep/2011:08:16:26 +0200] "GET /img/lay03.gif HTTP/1.1" 304 - "http://www.dr-heidi-fleischer.de/index.php" "Mozilla/4.0 (compatible; MSIE 7.0; Windows NT 5.1; .NET CLR 2.0.50727; .NET CLR 3.0.4506.2152; .NET CLR 3.5.30729; InfoPath.3)"
213.68.0.55 - - [01/Sep/2011:08:16:26 +0200] "GET /img/lay13.gif HTTP/1.1" 304 - "http://www.dr-heidi-fleischer.de/index.php" "Mozilla/4.0 (compatible; MSIE 7.0; Windows NT 5.1; .NET CLR 2.0.50727; .NET CLR 3.0.4506.2152; .NET CLR 3.5.30729; InfoPath.3)"
213.68.0.55 - - [01/Sep/2011:08:16:26 +0200] "GET /img/lay14.gif HTTP/1.1" 304 - "http://www.dr-heidi-fleischer.de/index.php" "Mozilla/4.0 (compatible; MSIE 7.0; Windows NT 5.1; .NET CLR 2.0.50727; .NET CLR 3.0.4506.2152; .NET CLR 3.5.30729; InfoPath.3)"
213.68.0.55 - - [01/Sep/2011:08:16:26 +0200] "GET /img/lay04.gif HTTP/1.1" 304 - "http://www.dr-heidi-fleischer.de/index.php" "Mozilla/4.0 (compatible; MSIE 7.0; Windows NT 5.1; .NET CLR 2.0.50727; .NET CLR 3.0.4506.2152; .NET CLR 3.5.30729; InfoPath.3)"
213.68.0.55 - - [01/Sep/2011:08:16:26 +0200] "GET /img/zert_1gross.jpg HTTP/1.1" 304 - "http://www.dr-heidi-fleischer.de/index.php" "Mozilla/4.0 (compatible; MSIE 7.0; Windows NT 5.1; .NET CLR 2.0.50727; .NET CLR 3.0.4506.2152; .NET CLR 3.5.30729; InfoPath.3)"
213.68.0.55 - - [01/Sep/2011:08:16:26 +0200] "GET /img/lay05.gif HTTP/1.1" 304 - "http://www.dr-heidi-fleischer.de/index.php" "Mozilla/4.0 (compatible; MSIE 7.0; Windows NT 5.1; .NET CLR 2.0.50727; .NET CLR 3.0.4506.2152; .NET CLR 3.5.30729; InfoPath.3)"
213.68.0.55 - - [01/Sep/2011:08:16:26 +0200] "GET /img/hg_zahn2.gif HTTP/1.1" 304 - "http://www.dr-heidi-fleischer.de/index.php" "Mozilla/4.0 (compatible; MSIE 7.0; Windows NT 5.1; .NET CLR 2.0.50727; .NET CLR 3.0.4506.2152; .NET CLR 3.5.30729; InfoPath.3)"
213.68.0.55 - - [01/Sep/2011:08:16:26 +0200] "GET /img/left_bg2.gif HTTP/1.1" 304 - "http://www.dr-heidi-fleischer.de/index.php" "Mozilla/4.0 (compatible; MSIE 7.0; Windows NT 5.1; .NET CLR 2.0.50727; .NET CLR 3.0.4506.2152; .NET CLR 3.5.30729; InfoPath.3)"
213.68.0.55 - - [01/Sep/2011:08:16:26 +0200] "GET /img/right_bg.jpg HTTP/1.1" 404 1256 "http://www.dr-heidi-fleischer.de/index.php" "Mozilla/4.0 (compatible; MSIE 7.0; Windows NT 5.1; .NET CLR 2.0.50727; .NET CLR 3.0.4506.2152; .NET CLR 3.5.30729; InfoPath.3)"
213.68.0.55 - - [01/Sep/2011:08:16:26 +0200] "GET /img/left_bg.gif HTTP/1.1" 304 - "http://www.dr-heidi-fleischer.de/index.php" "Mozilla/4.0 (compatible; MSIE 7.0; Windows NT 5.1; .NET CLR 2.0.50727; .NET CLR 3.0.4506.2152; .NET CLR 3.5.30729; InfoPath.3)"
213.68.0.55 - - [01/Sep/2011:08:16:26 +0200] "GET /img/right_bg.gif HTTP/1.1" 304 - "http://www.dr-heidi-fleischer.de/index.php" "Mozilla/4.0 (compatible; MSIE 7.0; Windows NT 5.1; .NET CLR 2.0.50727; .NET CLR 3.0.4506.2152; .NET CLR 3.5.30729; InfoPath.3)"
213.68.0.55 - - [01/Sep/2011:08:16:26 +0200] "GET /img/lay10.gif HTTP/1.1" 304 - "http://www.dr-heidi-fleischer.de/index.php" "Mozilla/4.0 (compatible; MSIE 7.0; Windows NT 5.1; .NET CLR 2.0.50727; .NET CLR 3.0.4506.2152; .NET CLR 3.5.30729; InfoPath.3)"
213.68.0.55 - - [01/Sep/2011:08:16:26 +0200] "GET /img/bottom_bg.gif HTTP/1.1" 304 - "http://www.dr-heidi-fleischer.de/index.php" "Mozilla/4.0 (compatible; MSIE 7.0; Windows NT 5.1; .NET CLR 2.0.50727; .NET CLR 3.0.4506.2152; .NET CLR 3.5.30729; InfoPath.3)"
213.68.0.55 - - [01/Sep/2011:08:16:26 +0200] "GET /img/header_neu.gif HTTP/1.1" 304 - "http://www.dr-heidi-fleischer.de/index.php" "Mozilla/4.0 (compatible; MSIE 7.0; Windows NT 5.1; .NET CLR 2.0.50727; .NET CLR 3.0.4506.2152; .NET CLR 3.5.30729; InfoPath.3)"
213.68.0.55 - - [01/Sep/2011:08:16:26 +0200] "GET /spez_leistungen.php HTTP/1.1" 200 7752 "http://www.dr-heidi-fleischer.de/leistungen.php" "Mozilla/4.0 (compatible; MSIE 7.0; Windows NT 5.1; .NET CLR 2.0.50727; .NET CLR 3.0.4506.2152; .NET CLR 3.5.30729; InfoPath.3)"
213.68.0.55 - - [01/Sep/2011:08:16:27 +0200] "GET /img/spez_leistungen_2.jpg HTTP/1.1" 304 - "http://www.dr-heidi-fleischer.de/spez_leistungen.php" "Mozilla/4.0 (compatible; MSIE 7.0; Windows NT 5.1; .NET CLR 2.0.50727; .NET CLR 3.0.4506.2152; .NET CLR 3.5.30729; InfoPath.3)"
213.68.0.55 - - [01/Sep/2011:08:16:27 +0200] "GET /img/spez_leistungen_1.jpg HTTP/1.1" 304 - "http://www.dr-heidi-fleischer.de/spez_leistungen.php" "Mozilla/4.0 (compatible; MSIE 7.0; Windows NT 5.1; .NET CLR 2.0.50727; .NET CLR 3.0.4506.2152; .NET CLR 3.5.30729; InfoPath.3)"
213.68.0.55 - - [01/Sep/2011:08:16:28 +0200] "GET /leistungen.php HTTP/1.1" 200 8056 "http://www.dr-heidi-fleischer.de/praxis.php" "Mozilla/4.0 (compatible; MSIE 7.0; Windows NT 5.1; .NET CLR 2.0.50727; .NET CLR 3.0.4506.2152; .NET CLR 3.5.30729; InfoPath.3)"
213.68.0.55 - - [01/Sep/2011:08:16:28 +0200] "GET /img/leistungen_1.jpg HTTP/1.1" 304 - "http://www.dr-heidi-fleischer.de/leistungen.php" "Mozilla/4.0 (compatible; MSIE 7.0; Windows NT 5.1; .NET CLR 2.0.50727; .NET CLR 3.0.4506.2152; .NET CLR 3.5.30729; InfoPath.3)"
213.68.0.55 - - [01/Sep/2011:08:16:28 +0200] "GET /img/leistungen_2.jpg HTTP/1.1" 304 - "http://www.dr-heidi-fleischer.de/leistungen.php" "Mozilla/4.0 (compatible; MSIE 7.0; Windows NT 5.1; .NET CLR 2.0.50727; .NET CLR 3.0.4506.2152; .NET CLR 3.5.30729; InfoPath.3)"
213.68.0.55 - - [01/Sep/2011:08:16:30 +0200] "GET /praxis.php HTTP/1.1" 200 7017 "http://www.dr-heidi-fleischer.de/" "Mozilla/4.0 (compatible; MSIE 7.0; Windows NT 5.1; .NET CLR 2.0.50727; .NET CLR 3.0.4506.2152; .NET CLR 3.5.30729; InfoPath.3)"
213.68.0.55 - - [01/Sep/2011:08:16:30 +0200] "GET /img/praxis_1.jpg HTTP/1.1" 304 - "http://www.dr-heidi-fleischer.de/praxis.php" "Mozilla/4.0 (compatible; MSIE 7.0; Windows NT 5.1; .NET CLR 2.0.50727; .NET CLR 3.0.4506.2152; .NET CLR 3.5.30729; InfoPath.3)"
213.68.0.55 - - [01/Sep/2011:08:16:30 +0200] "GET /img/praxis_2.jpg HTTP/1.1" 304 - "http://www.dr-heidi-fleischer.de/praxis.php" "Mozilla/4.0 (compatible; MSIE 7.0; Windows NT 5.1; .NET CLR 2.0.50727; .NET CLR 3.0.4506.2152; .NET CLR 3.5.30729; InfoPath.3)"
213.68.0.55 - - [01/Sep/2011:08:16:30 +0200] "GET /img/praxis_3.jpg HTTP/1.1" 304 - "http://www.dr-heidi-fleischer.de/praxis.php" "Mozilla/4.0 (compatible; MSIE 7.0; Windows NT 5.1; .NET CLR 2.0.50727; .NET CLR 3.0.4506.2152; .NET CLR 3.5.30729; InfoPath.3)"
213.68.0.55 - - [01/Sep/2011:08:16:30 +0200] "GET /img/right_bg.jpg HTTP/1.1" 404 1256 "http://www.dr-heidi-fleischer.de/praxis.php" "Mozilla/4.0 (compatible; MSIE 7.0; Windows NT 5.1; .NET CLR 2.0.50727; .NET CLR 3.0.4506.2152; .NET CLR 3.5.30729; InfoPath.3)"
213.68.0.55 - - [01/Sep/2011:08:16:31 +0200] "GET / HTTP/1.1" 200 9626 "http://www.google.de/search?hl=de&source=hp&q=dr.fleischer+n%C3%BCrnberg&aq=f&aqi=&aql=&oq=" "Mozilla/4.0 (compatible; MSIE 7.0; Windows NT 5.1; .NET CLR 2.0.50727; .NET CLR 3.0.4506.2152; .NET CLR 3.5.30729; InfoPath.3)"
213.68.0.55 - - [01/Sep/2011:08:16:31 +0200] "GET /img/right_bg.jpg HTTP/1.1" 404 1256 "http://www.dr-heidi-fleischer.de/" "Mozilla/4.0 (compatible; MSIE 7.0; Windows NT 5.1; .NET CLR 2.0.50727; .NET CLR 3.0.4506.2152; .NET CLR 3.5.30729; InfoPath.3)"
95.108.158.244 - - [01/Sep/2011:08:23:42 +0200] "GET /img/f_1-p.gif HTTP/1.1" 304 - "-" "Mozilla/5.0 (compatible; YandexImages/3.0; +http://yandex.com/bots)"
207.46.199.179 - - [01/Sep/2011:08:29:39 +0200] "GET /robots.txt HTTP/1.1" 200 218 "-" "Mozilla/5.0 (compatible; bingbot/2.0; +http://www.bing.com/bingbot.htm)"
95.108.158.244 - - [01/Sep/2011:09:13:17 +0200] "GET /img/lay06neu.gif HTTP/1.1" 304 - "-" "Mozilla/5.0 (compatible; YandexImages/3.0; +http://yandex.com/bots)"
95.108.158.244 - - [01/Sep/2011:10:27:40 +0200] "GET /img/lay16.gif HTTP/1.1" 304 - "-" "Mozilla/5.0 (compatible; YandexImages/3.0; +http://yandex.com/bots)"
95.108.158.244 - - [01/Sep/2011:11:42:03 +0200] "GET /img/tel_footer.gif HTTP/1.1" 304 - "-" "Mozilla/5.0 (compatible; YandexImages/3.0; +http://yandex.com/bots)"
95.108.158.244 - - [01/Sep/2011:12:06:50 +0200] "GET /img/roll_trans.gif HTTP/1.1" 304 - "-" "Mozilla/5.0 (compatible; YandexImages/3.0; +http://yandex.com/bots)"
95.108.158.244 - - [01/Sep/2011:16:59:46 +0200] "GET /img/roll_trans2.gif HTTP/1.1" 304 - "-" "Mozilla/5.0 (compatible; YandexImages/3.0; +http://yandex.com/bots)"
208.115.111.68 - - [01/Sep/2011:17:17:21 +0200] "GET /robots.txt HTTP/1.1" 200 218 "-" "Mozilla/5.0 (compatible; Ezooms/1.0; ezooms.bot@gmail.com)"
207.46.199.189 - - [01/Sep/2011:17:22:07 +0200] "GET /robots.txt HTTP/1.1" 200 218 "-" "Mozilla/5.0 (compatible; bingbot/2.0; +http://www.bing.com/bingbot.htm)"
208.115.111.68 - - [01/Sep/2011:18:38:09 +0200] "GET /praxis.php HTTP/1.1" 200 7017 "-" "Mozilla/5.0 (compatible; Ezooms/1.0; ezooms.bot@gmail.com)"
95.108.158.244 - - [01/Sep/2011:20:20:30 +0200] "GET /img/lay16.gif HTTP/1.1" 304 - "-" "Mozilla/5.0 (compatible; YandexImages/3.0; +http://yandex.com/bots)"
207.46.199.178 - - [01/Sep/2011:20:52:51 +0200] "GET /robots.txt HTTP/1.1" 200 218 "-" "Mozilla/5.0 (compatible; bingbot/2.0; +http://www.bing.com/bingbot.htm)"
66.249.68.176 - - [01/Sep/2011:23:25:16 +0200] "GET /robots.txt HTTP/1.1" 200 218 "-" "Mozilla/5.0 (compatible; Googlebot/2.1; +http://www.google.com/bot.html)"
66.249.68.176 - - [01/Sep/2011:23:25:16 +0200] "GET / HTTP/1.1" 200 9626 "-" "Mozilla/5.0 (compatible; Googlebot/2.1; +http://www.google.com/bot.html)"
66.249.68.176 - - [02/Sep/2011:01:27:52 +0200] "GET /img/zert_1.jpg HTTP/1.1" 200 6013 "-" "Mozilla/5.0 (compatible; Googlebot/2.1; +http://www.google.com/bot.html)"
66.249.68.176 - - [02/Sep/2011:01:27:53 +0200] "GET /img/dr_fleischer_ani.gif HTTP/1.1" 200 854042 "-" "Mozilla/5.0 (compatible; Googlebot/2.1; +http://www.google.com/bot.html)"
66.249.68.176 - - [02/Sep/2011:01:27:55 +0200] "GET /img/right_bg.jpg HTTP/1.1" 404 1256 "-" "Mozilla/5.0 (compatible; Googlebot/2.1; +http://www.google.com/bot.html)"
66.249.67.82 - - [02/Sep/2011:01:53:05 +0200] "GET /robots.txt HTTP/1.1" 200 218 "-" "Mozilla/5.0 (compatible; Googlebot/2.1; +http://www.google.com/bot.html)"
66.249.67.82 - - [02/Sep/2011:01:53:05 +0200] "GET / HTTP/1.1" 200 9626 "-" "Mozilla/5.0 (compatible; Googlebot/2.1; +http://www.google.com/bot.html)"
95.108.158.244 - - [02/Sep/2011:01:59:47 +0200] "GET /robots.txt HTTP/1.1" 200 218 "-" "Mozilla/5.0 (compatible; YandexImages/3.0; +http://yandex.com/bots)"
95.108.158.244 - - [02/Sep/2011:02:15:04 +0200] "GET /robots.txt HTTP/1.1" 200 218 "-" "Mozilla/5.0 (compatible; YandexImages/3.0; +http://yandex.com/bots)"
95.108.158.244 - - [02/Sep/2011:03:51:03 +0200] "GET /img/lay16.gif HTTP/1.1" 304 - "-" "Mozilla/5.0 (compatible; YandexImages/3.0; +http://yandex.com/bots)"
95.108.158.244 - - [02/Sep/2011:04:04:46 +0200] "GET /img/tel_footer.gif HTTP/1.1" 304 - "-" "Mozilla/5.0 (compatible; YandexImages/3.0; +http://yandex.com/bots)"
207.46.199.177 - - [02/Sep/2011:05:02:49 +0200] "GET /robots.txt HTTP/1.1" 200 218 "-" "Mozilla/5.0 (compatible; bingbot/2.0; +http://www.bing.com/bingbot.htm)"
95.108.158.244 - - [02/Sep/2011:05:27:02 +0200] "GET /img/roll_trans2.gif HTTP/1.1" 304 - "-" "Mozilla/5.0 (compatible; YandexImages/3.0; +http://yandex.com/bots)"
67.195.112.159 - - [02/Sep/2011:05:55:03 +0200] "GET /robots.txt HTTP/1.0" 200 218 "-" "Mozilla/5.0 (compatible; Yahoo! Slurp; http://help.yahoo.com/help/us/ysearch/slurp)"
67.195.112.159 - - [02/Sep/2011:05:55:04 +0200] "GET / HTTP/1.0" 200 9626 "-" "Mozilla/5.0 (compatible; Yahoo! Slurp; http://help.yahoo.com/help/us/ysearch/slurp)"
67.195.112.159 - - [02/Sep/2011:05:55:07 +0200] "GET /css/fl_style.css HTTP/1.0" 200 10194 "http://www.dr-heidi-fleischer.de/" "Mozilla/5.0 (compatible; Yahoo! Slurp; http://help.yahoo.com/help/us/ysearch/slurp)"
95.108.158.244 - - [02/Sep/2011:06:05:59 +0200] "GET /img/lay06neu.gif HTTP/1.1" 304 - "-" "Mozilla/5.0 (compatible; YandexImages/3.0; +http://yandex.com/bots)"
95.108.158.244 - - [02/Sep/2011:06:58:27 +0200] "GET /img/f_1-p.gif HTTP/1.1" 304 - "-" "Mozilla/5.0 (compatible; YandexImages/3.0; +http://yandex.com/bots)"
67.195.115.47 - - [02/Sep/2011:06:59:05 +0200] "GET /robots.txt HTTP/1.0" 200 218 "-" "Mozilla/5.0 (compatible; Yahoo! Slurp; http://help.yahoo.com/help/us/ysearch/slurp)"
67.195.115.47 - - [02/Sep/2011:06:59:06 +0200] "GET /impressum.php HTTP/1.0" 200 8293 "-" "Mozilla/5.0 (compatible; Yahoo! Slurp; http://help.yahoo.com/help/us/ysearch/slurp)"
67.195.115.47 - - [02/Sep/2011:06:59:08 +0200] "GET /css/fl_style.css HTTP/1.0" 200 10194 "http://www.zahnmedizin-im-alter.de/impressum.php" "Mozilla/5.0 (compatible; Yahoo! Slurp; http://help.yahoo.com/help/us/ysearch/slurp)"
64.246.165.150 - - [02/Sep/2011:07:16:25 +0200] "GET /robots.txt HTTP/1.0" 200 218 "-" "Mozilla/5.0 (Windows; U; Windows NT 5.1; en; rv:1.9.0.13) Gecko/2009073022 Firefox/3.5.2 (.NET CLR 3.5.30729) SurveyBot/2.3 (DomainTools)"
64.246.165.150 - - [02/Sep/2011:07:16:26 +0200] "GET / HTTP/1.1" 200 9626 "http://whois.domaintools.com/zahnmedizin-im-alter.de" "Mozilla/5.0 (Windows; U; Windows NT 5.1; en; rv:1.9.0.13) Gecko/2009073022 Firefox/3.5.2 (.NET CLR 3.5.30729) SurveyBot/2.3 (DomainTools)"
67.195.112.159 - - [02/Sep/2011:07:20:10 +0200] "GET /leistungen.php HTTP/1.0" 200 8056 "-" "Mozilla/5.0 (compatible; Yahoo! Slurp; http://help.yahoo.com/help/us/ysearch/slurp)"
95.108.158.244 - - [02/Sep/2011:08:03:44 +0200] "GET /img/tel_footer.gif HTTP/1.1" 304 - "-" "Mozilla/5.0 (compatible; YandexImages/3.0; +http://yandex.com/bots)"
95.108.158.244 - - [02/Sep/2011:08:16:47 +0200] "GET /img/roll_trans.gif HTTP/1.1" 304 - "-" "Mozilla/5.0 (compatible; YandexImages/3.0; +http://yandex.com/bots)"
67.195.112.159 - - [02/Sep/2011:08:57:13 +0200] "GET /kont.php HTTP/1.0" 200 8494 "-" "Mozilla/5.0 (compatible; Yahoo! Slurp; http://help.yahoo.com/help/us/ysearch/slurp)"
67.195.112.159 - - [02/Sep/2011:08:57:14 +0200] "GET /css/fl_style.css HTTP/1.0" 304 - "http://www.dr-heidi-fleischer.de/kont.php" "Mozilla/5.0 (compatible; Yahoo! Slurp; http://help.yahoo.com/help/us/ysearch/slurp)"
95.108.158.244 - - [02/Sep/2011:12:50:48 +0200] "GET /img/roll_trans2.gif HTTP/1.1" 304 - "-" "Mozilla/5.0 (compatible; YandexImages/3.0; +http://yandex.com/bots)"
95.108.158.244 - - [02/Sep/2011:16:02:06 +0200] "GET /img/lay16.gif HTTP/1.1" 304 - "-" "Mozilla/5.0 (compatible; YandexImages/3.0; +http://yandex.com/bots)"
207.241.224.41 - - [02/Sep/2011:18:55:38 +0200] "GET /robots.txt HTTP/1.1" 200 218 "-" "ia_archiver(OS-Wayback)"
95.108.151.244 - - [02/Sep/2011:23:04:20 +0200] "GET /robots.txt HTTP/1.1" 200 218 "-" "Mozilla/5.0 (compatible; YandexBot/3.0; +http://yandex.com/bots)"
95.108.151.244 - - [02/Sep/2011:23:04:21 +0200] "GET / HTTP/1.1" 200 9626 "-" "Mozilla/5.0 (compatible; YandexBot/3.0; +http://yandex.com/bots)"
95.108.151.244 - - [02/Sep/2011:23:04:22 +0200] "GET / HTTP/1.1" 200 9626 "-" "Mozilla/5.0 (compatible; YandexBot/3.0; +http://yandex.com/bots)"
95.108.151.244 - - [02/Sep/2011:23:04:49 +0200] "GET /robots.txt HTTP/1.1" 200 218 "-" "Mozilla/5.0 (compatible; YandexBot/3.0; +http://yandex.com/bots)"
95.108.151.244 - - [02/Sep/2011:23:04:50 +0200] "GET / HTTP/1.1" 200 9626 "-" "Mozilla/5.0 (compatible; YandexBot/3.0; +http://yandex.com/bots)"
95.108.151.244 - - [02/Sep/2011:23:04:51 +0200] "GET / HTTP/1.1" 200 9626 "-" "Mozilla/5.0 (compatible; YandexBot/3.0; +http://yandex.com/bots)"
67.195.112.159 - - [03/Sep/2011:00:38:02 +0200] "GET /robots.txt HTTP/1.0" 200 218 "-" "Mozilla/5.0 (compatible; Yahoo! Slurp; http://help.yahoo.com/help/us/ysearch/slurp)"
67.195.112.159 - - [03/Sep/2011:00:38:03 +0200] "GET /index.php HTTP/1.0" 200 9626 "-" "Mozilla/5.0 (compatible; Yahoo! Slurp; http://help.yahoo.com/help/us/ysearch/slurp)"
67.195.112.159 - - [03/Sep/2011:00:38:03 +0200] "GET /css/fl_style.css HTTP/1.0" 200 10194 "http://www.dr-heidi-fleischer.de/index.php" "Mozilla/5.0 (compatible; Yahoo! Slurp; http://help.yahoo.com/help/us/ysearch/slurp)"
95.108.158.244 - - [03/Sep/2011:00:38:35 +0200] "GET /img/tel_footer.gif HTTP/1.1" 304 - "-" "Mozilla/5.0 (compatible; YandexImages/3.0; +http://yandex.com/bots)"
95.108.158.244 - - [03/Sep/2011:01:03:31 +0200] "GET /img/tel_footer.gif HTTP/1.1" 304 - "-" "Mozilla/5.0 (compatible; YandexImages/3.0; +http://yandex.com/bots)"
207.46.199.185 - - [03/Sep/2011:01:11:38 +0200] "GET /robots.txt HTTP/1.1" 200 218 "-" "Mozilla/5.0 (compatible; bingbot/2.0; +http://www.bing.com/bingbot.htm)"
194.153.113.7 - - [03/Sep/2011:02:17:01 +0200] "GET / HTTP/1.1" 200 9626 "-" "Mozilla/5.0 (compatible; oBot/2.3.1; +http://filterdb.iss.net/crawler/)"
207.46.199.185 - - [03/Sep/2011:02:31:01 +0200] "GET /robots.txt HTTP/1.1" 200 218 "-" "Mozilla/5.0 (compatible; bingbot/2.0; +http://www.bing.com/bingbot.htm)"
95.108.158.244 - - [03/Sep/2011:02:33:29 +0200] "GET /robots.txt HTTP/1.1" 200 218 "-" "Mozilla/5.0 (compatible; YandexImages/3.0; +http://yandex.com/bots)"
95.108.158.244 - - [03/Sep/2011:03:12:46 +0200] "GET /robots.txt HTTP/1.1" 200 218 "-" "Mozilla/5.0 (compatible; YandexImages/3.0; +http://yandex.com/bots)"
95.108.158.134 - - [03/Sep/2011:03:38:54 +0200] "GET /robots.txt HTTP/1.1" 200 218 "-" "Mozilla/5.0 (compatible; YandexBot/3.0; +http://yandex.com/bots)"
95.108.158.244 - - [03/Sep/2011:03:43:47 +0200] "GET /img/lay16.gif HTTP/1.1" 304 - "-" "Mozilla/5.0 (compatible; YandexImages/3.0; +http://yandex.com/bots)"
95.108.158.244 - - [03/Sep/2011:04:37:22 +0200] "GET /img/lay06neu.gif HTTP/1.1" 304 - "-" "Mozilla/5.0 (compatible; YandexImages/3.0; +http://yandex.com/bots)"
95.108.158.244 - - [03/Sep/2011:04:52:32 +0200] "GET /img/f_1-p.gif HTTP/1.1" 304 - "-" "Mozilla/5.0 (compatible; YandexImages/3.0; +http://yandex.com/bots)"
157.55.116.68 - - [03/Sep/2011:04:56:58 +0200] "GET /robots.txt HTTP/1.1" 200 218 "-" "msnbot/2.0b (+http://search.msn.com/msnbot.htm)._"
157.55.116.68 - - [03/Sep/2011:04:56:58 +0200] "GET / HTTP/1.1" 200 9626 "-" "msnbot/2.0b (+http://search.msn.com/msnbot.htm)._"
208.115.111.68 - - [03/Sep/2011:05:18:36 +0200] "GET /robots.txt HTTP/1.1" 200 218 "-" "Mozilla/5.0 (compatible; Ezooms/1.0; ezooms.bot@gmail.com)"
95.108.158.244 - - [03/Sep/2011:05:53:22 +0200] "GET /img/roll_trans2.gif HTTP/1.1" 304 - "-" "Mozilla/5.0 (compatible; YandexImages/3.0; +http://yandex.com/bots)"
208.115.111.68 - - [03/Sep/2011:05:55:03 +0200] "GET / HTTP/1.1" 200 9626 "-" "Mozilla/5.0 (compatible; Ezooms/1.0; ezooms.bot@gmail.com)"
95.108.158.244 - - [03/Sep/2011:06:15:56 +0200] "GET /img/roll_trans.gif HTTP/1.1" 304 - "-" "Mozilla/5.0 (compatible; YandexImages/3.0; +http://yandex.com/bots)"
95.108.158.244 - - [03/Sep/2011:11:23:12 +0200] "GET /img/lay16.gif HTTP/1.1" 304 - "-" "Mozilla/5.0 (compatible; YandexImages/3.0; +http://yandex.com/bots)"
95.108.158.134 - - [03/Sep/2011:11:46:11 +0200] "GET / HTTP/1.1" 200 9626 "-" "Mozilla/5.0 (compatible; YandexBot/3.0; +http://yandex.com/bots)"
207.46.199.205 - - [03/Sep/2011:12:09:23 +0200] "GET /robots.txt HTTP/1.1" 200 218 "-" "Mozilla/5.0 (compatible; bingbot/2.0; +http://www.bing.com/bingbot.htm)"
95.108.158.244 - - [03/Sep/2011:15:07:33 +0200] "GET /img/roll_trans2.gif HTTP/1.1" 304 - "-" "Mozilla/5.0 (compatible; YandexImages/3.0; +http://yandex.com/bots)"
207.46.199.204 - - [03/Sep/2011:16:00:15 +0200] "GET /robots.txt HTTP/1.1" 200 218 "-" "Mozilla/5.0 (compatible; bingbot/2.0; +http://www.bing.com/bingbot.htm)"
82.165.37.69 - - [03/Sep/2011:21:09:51 +0200] "GET / HTTP/1.0" 200 9626 "http://werbung-public-relations.18x24.com/?roboto.html/" "Mozilla/5.0 (compatible; IPTCBOT;"
95.108.158.244 - - [03/Sep/2011:21:21:46 +0200] "GET /img/f_1-p.gif HTTP/1.1" 304 - "-" "Mozilla/5.0 (compatible; YandexImages/3.0; +http://yandex.com/bots)"
95.108.158.244 - - [03/Sep/2011:21:48:24 +0200] "GET /img/tel_footer.gif HTTP/1.1" 304 - "-" "Mozilla/5.0 (compatible; YandexImages/3.0; +http://yandex.com/bots)"
95.108.158.244 - - [03/Sep/2011:23:08:19 +0200] "GET /img/lay16.gif HTTP/1.1" 304 - "-" "Mozilla/5.0 (compatible; YandexImages/3.0; +http://yandex.com/bots)"
95.108.158.244 - - [04/Sep/2011:00:01:36 +0200] "GET /img/roll_trans.gif HTTP/1.1" 304 - "-" "Mozilla/5.0 (compatible; YandexImages/3.0; +http://yandex.com/bots)"
95.108.158.244 - - [04/Sep/2011:01:18:51 +0200] "GET /img/roll_trans2.gif HTTP/1.1" 304 - "-" "Mozilla/5.0 (compatible; YandexImages/3.0; +http://yandex.com/bots)"
95.108.158.244 - - [04/Sep/2011:01:44:09 +0200] "GET /img/tel_footer.gif HTTP/1.1" 304 - "-" "Mozilla/5.0 (compatible; YandexImages/3.0; +http://yandex.com/bots)"
95.108.158.244 - - [04/Sep/2011:03:28:56 +0200] "GET /robots.txt HTTP/1.1" 200 218 "-" "Mozilla/5.0 (compatible; YandexImages/3.0; +http://yandex.com/bots)"
67.195.115.47 - - [04/Sep/2011:04:13:52 +0200] "GET /robots.txt HTTP/1.0" 200 218 "-" "Mozilla/5.0 (compatible; Yahoo! Slurp; http://help.yahoo.com/help/us/ysearch/slurp)"
67.195.115.47 - - [04/Sep/2011:04:13:52 +0200] "GET /praxis.php HTTP/1.0" 200 7017 "-" "Mozilla/5.0 (compatible; Yahoo! Slurp; http://help.yahoo.com/help/us/ysearch/slurp)"
67.195.115.47 - - [04/Sep/2011:04:13:53 +0200] "GET /css/fl_style.css HTTP/1.0" 200 10194 "http://www.zahnmedizin-im-alter.de/praxis.php" "Mozilla/5.0 (compatible; Yahoo! Slurp; http://help.yahoo.com/help/us/ysearch/slurp)"
95.108.158.244 - - [04/Sep/2011:04:36:42 +0200] "GET /img/lay06neu.gif HTTP/1.1" 304 - "-" "Mozilla/5.0 (compatible; YandexImages/3.0; +http://yandex.com/bots)"
66.249.68.176 - - [04/Sep/2011:06:48:58 +0200] "GET /robots.txt HTTP/1.1" 200 218 "-" "Mozilla/5.0 (compatible; Googlebot/2.1; +http://www.google.com/bot.html)"
66.249.68.176 - - [04/Sep/2011:06:48:58 +0200] "GET /spez_leistungen.php HTTP/1.1" 200 7752 "-" "Mozilla/5.0 (compatible; Googlebot/2.1; +http://www.google.com/bot.html)"
65.52.110.34 - - [04/Sep/2011:07:06:50 +0200] "GET /robots.txt HTTP/1.1" 200 218 "-" "Mozilla/5.0 (compatible; bingbot/2.0; +http://www.bing.com/bingbot.htm)"
65.52.110.34 - - [04/Sep/2011:07:08:01 +0200] "GET / HTTP/1.1" 200 9626 "-" "Mozilla/5.0 (compatible; bingbot/2.0; +http://www.bing.com/bingbot.htm)"
66.249.68.176 - - [04/Sep/2011:07:20:41 +0200] "GET /img/spez_leistungen_1.jpg HTTP/1.1" 200 18858 "-" "Googlebot-Image/1.0"
66.249.68.176 - - [04/Sep/2011:07:35:42 +0200] "GET /img/spez_leistungen_2.jpg HTTP/1.1" 200 13667 "-" "Googlebot-Image/1.0"
95.108.158.244 - - [04/Sep/2011:07:56:16 +0200] "GET /img/roll_trans2.gif HTTP/1.1" 304 - "-" "Mozilla/5.0 (compatible; YandexImages/3.0; +http://yandex.com/bots)"
207.46.199.185 - - [04/Sep/2011:09:03:22 +0200] "GET /robots.txt HTTP/1.1" 200 218 "-" "Mozilla/5.0 (compatible; bingbot/2.0; +http://www.bing.com/bingbot.htm)"
95.108.158.244 - - [04/Sep/2011:09:51:45 +0200] "GET /img/lay16.gif HTTP/1.1" 304 - "-" "Mozilla/5.0 (compatible; YandexImages/3.0; +http://yandex.com/bots)"
66.249.68.176 - - [04/Sep/2011:10:30:07 +0200] "GET /anfahrt.php HTTP/1.1" 200 8074 "-" "Mozilla/5.0 (compatible; Googlebot/2.1; +http://www.google.com/bot.html)"
207.46.199.180 - - [04/Sep/2011:11:33:48 +0200] "GET /robots.txt HTTP/1.1" 200 218 "-" "Mozilla/5.0 (compatible; bingbot/2.0; +http://www.bing.com/bingbot.htm)"
93.193.69.155 - - [04/Sep/2011:15:49:56 +0200] "GET / HTTP/1.1" 200 9626 "http://www.google.de/url?sa=t&source=web&cd=1&sqi=2&ved=0CB4QFjAA&url=http%3A%2F%2Fwww.dr-heidi-fleischer.de%2F&rct=j&q=fleischer%20heidi%20dr&ei=_YFjTunYK8KE-wbS3Z2sCg&usg=AFQjCNFtUEW4ruGRBkbh9xWO3kO7xPGlWQ" "Mozilla/5.0 (Windows NT 6.1; WOW64) AppleWebKit/535.1 (KHTML, like Gecko) Chrome/13.0.782.220 Safari/535.1"
93.193.69.155 - - [04/Sep/2011:15:49:56 +0200] "GET /css/fl_style.css HTTP/1.1" 200 10194 "http://www.dr-heidi-fleischer.de/" "Mozilla/5.0 (Windows NT 6.1; WOW64) AppleWebKit/535.1 (KHTML, like Gecko) Chrome/13.0.782.220 Safari/535.1"
93.193.69.155 - - [04/Sep/2011:15:49:56 +0200] "GET /scripte/all_scripts.js HTTP/1.1" 200 249 "http://www.dr-heidi-fleischer.de/" "Mozilla/5.0 (Windows NT 6.1; WOW64) AppleWebKit/535.1 (KHTML, like Gecko) Chrome/13.0.782.220 Safari/535.1"
93.193.69.155 - - [04/Sep/2011:15:49:56 +0200] "GET /img/hg_body.jpg HTTP/1.1" 200 2615 "http://www.dr-heidi-fleischer.de/" "Mozilla/5.0 (Windows NT 6.1; WOW64) AppleWebKit/535.1 (KHTML, like Gecko) Chrome/13.0.782.220 Safari/535.1"
93.193.69.155 - - [04/Sep/2011:15:49:56 +0200] "GET /img/lay01.gif HTTP/1.1" 200 273 "http://www.dr-heidi-fleischer.de/" "Mozilla/5.0 (Windows NT 6.1; WOW64) AppleWebKit/535.1 (KHTML, like Gecko) Chrome/13.0.782.220 Safari/535.1"
93.193.69.155 - - [04/Sep/2011:15:49:56 +0200] "GET /img/lay02.gif HTTP/1.1" 200 68 "http://www.dr-heidi-fleischer.de/" "Mozilla/5.0 (Windows NT 6.1; WOW64) AppleWebKit/535.1 (KHTML, like Gecko) Chrome/13.0.782.220 Safari/535.1"
93.193.69.155 - - [04/Sep/2011:15:49:56 +0200] "GET /img/f_1-p.gif HTTP/1.1" 200 43 "http://www.dr-heidi-fleischer.de/" "Mozilla/5.0 (Windows NT 6.1; WOW64) AppleWebKit/535.1 (KHTML, like Gecko) Chrome/13.0.782.220 Safari/535.1"
