178.24.168.126 - - [08/Apr/2017:19:57:07 +0200] "GET /img/head_hg.jpg HTTP/1.1" 304 - "-" "Mozilla/5.0 (Linux; Android 6.0.1; SM-A300FU Build/MMB29M) AppleWebKit/537.36 (KHTML, like Gecko) Chrome/57.0.2987.132 Mobile Safari/537.36"
178.24.168.126 - - [08/Apr/2017:19:57:09 +0200] "GET /img/berlin_footer2.gif HTTP/1.1" 304 - "-" "Mozilla/5.0 (Linux; Android 6.0.1; SM-A300FU Build/MMB29M) AppleWebKit/537.36 (KHTML, like Gecko) Chrome/57.0.2987.132 Mobile Safari/537.36"
178.24.168.126 - - [08/Apr/2017:19:57:09 +0200] "GET /css/print.css HTTP/1.1" 304 - "-" "Mozilla/5.0 (Linux; Android 6.0.1; SM-A300FU Build/MMB29M) AppleWebKit/537.36 (KHTML, like Gecko) Chrome/57.0.2987.132 Mobile Safari/537.36"
178.24.168.126 - - [08/Apr/2017:19:57:09 +0200] "GET /css/screen.css HTTP/1.1" 304 - "-" "Mozilla/5.0 (Linux; Android 6.0.1; SM-A300FU Build/MMB29M) AppleWebKit/537.36 (KHTML, like Gecko) Chrome/57.0.2987.132 Mobile Safari/537.36"
178.24.168.126 - - [08/Apr/2017:19:57:09 +0200] "GET /img/hg_body.gif HTTP/1.1" 304 - "-" "Mozilla/5.0 (Linux; Android 6.0.1; SM-A300FU Build/MMB29M) AppleWebKit/537.36 (KHTML, like Gecko) Chrome/57.0.2987.132 Mobile Safari/537.36"
178.24.168.126 - - [08/Apr/2017:19:57:09 +0200] "GET /js/curvycorners.src.js HTTP/1.1" 304 - "-" "Mozilla/5.0 (Linux; Android 6.0.1; SM-A300FU Build/MMB29M) AppleWebKit/537.36 (KHTML, like Gecko) Chrome/57.0.2987.132 Mobile Safari/537.36"
178.24.168.126 - - [08/Apr/2017:19:57:12 +0200] "GET /img/14351312.jpg HTTP/1.1" 304 - "-" "Mozilla/5.0 (Linux; Android 6.0.1; SM-A300FU Build/MMB29M) AppleWebKit/537.36 (KHTML, like Gecko) Chrome/57.0.2987.132 Mobile Safari/537.36"
178.24.168.126 - - [08/Apr/2017:19:57:12 +0200] "GET /img/9606427.jpg HTTP/1.1" 304 - "-" "Mozilla/5.0 (Linux; Android 6.0.1; SM-A300FU Build/MMB29M) AppleWebKit/537.36 (KHTML, like Gecko) Chrome/57.0.2987.132 Mobile Safari/537.36"
178.24.168.126 - - [08/Apr/2017:19:57:12 +0200] "GET /img/857034.jpg HTTP/1.1" 304 - "-" "Mozilla/5.0 (Linux; Android 6.0.1; SM-A300FU Build/MMB29M) AppleWebKit/537.36 (KHTML, like Gecko) Chrome/57.0.2987.132 Mobile Safari/537.36"
178.24.168.126 - - [08/Apr/2017:19:57:12 +0200] "GET /img/7183587b.jpg HTTP/1.1" 304 - "-" "Mozilla/5.0 (Linux; Android 6.0.1; SM-A300FU Build/MMB29M) AppleWebKit/537.36 (KHTML, like Gecko) Chrome/57.0.2987.132 Mobile Safari/537.36"
178.24.168.126 - - [08/Apr/2017:19:57:13 +0200] "GET /img/52814.jpg HTTP/1.1" 304 - "-" "Mozilla/5.0 (Linux; Android 6.0.1; SM-A300FU Build/MMB29M) AppleWebKit/537.36 (KHTML, like Gecko) Chrome/57.0.2987.132 Mobile Safari/537.36"
178.24.168.126 - - [08/Apr/2017:19:57:21 +0200] "GET /img/41954271.jpg HTTP/1.1" 304 - "-" "Mozilla/5.0 (Linux; Android 6.0.1; SM-A300FU Build/MMB29M) AppleWebKit/537.36 (KHTML, like Gecko) Chrome/57.0.2987.132 Mobile Safari/537.36"
178.24.168.126 - - [08/Apr/2017:19:57:22 +0200] "GET /img/39858922.jpg HTTP/1.1" 304 - "-" "Mozilla/5.0 (Linux; Android 6.0.1; SM-A300FU Build/MMB29M) AppleWebKit/537.36 (KHTML, like Gecko) Chrome/57.0.2987.132 Mobile Safari/537.36"
178.24.168.126 - - [08/Apr/2017:19:57:23 +0200] "GET /img/customdeclar.jpg HTTP/1.1" 304 - "-" "Mozilla/5.0 (Linux; Android 6.0.1; SM-A300FU Build/MMB29M) AppleWebKit/537.36 (KHTML, like Gecko) Chrome/57.0.2987.132 Mobile Safari/537.36"
178.24.168.126 - - [08/Apr/2017:19:57:23 +0200] "GET /img/42884495.jpg HTTP/1.1" 304 - "-" "Mozilla/5.0 (Linux; Android 6.0.1; SM-A300FU Build/MMB29M) AppleWebKit/537.36 (KHTML, like Gecko) Chrome/57.0.2987.132 Mobile Safari/537.36"
178.24.168.126 - - [08/Apr/2017:19:57:23 +0200] "GET /img/40362199.jpg HTTP/1.1" 304 - "-" "Mozilla/5.0 (Linux; Android 6.0.1; SM-A300FU Build/MMB29M) AppleWebKit/537.36 (KHTML, like Gecko) Chrome/57.0.2987.132 Mobile Safari/537.36"
178.24.168.126 - - [08/Apr/2017:19:57:25 +0200] "GET /img/30891670.jpg HTTP/1.1" 304 - "-" "Mozilla/5.0 (Linux; Android 6.0.1; SM-A300FU Build/MMB29M) AppleWebKit/537.36 (KHTML, like Gecko) Chrome/57.0.2987.132 Mobile Safari/537.36"
178.24.168.126 - - [08/Apr/2017:19:57:25 +0200] "GET /img/37796688.jpg HTTP/1.1" 304 - "-" "Mozilla/5.0 (Linux; Android 6.0.1; SM-A300FU Build/MMB29M) AppleWebKit/537.36 (KHTML, like Gecko) Chrome/57.0.2987.132 Mobile Safari/537.36"
83.77.32.139 - - [08/Apr/2017:20:17:15 +0200] "GET /img/P050222-05.jpg HTTP/1.1" 200 302910 "https://www.google.ch/" "Mozilla/5.0 (iPhone; CPU iPhone OS 10_1_1 like Mac OS X) AppleWebKit/602.2.14 (KHTML, like Gecko) Version/10.0 Mobile/14B100 Safari/602.1"
85.25.210.41 - - [08/Apr/2017:20:30:54 +0200] "GET /robots.txt HTTP/1.1" 200 2050 "-" "Mozilla/5.0 (compatible; seoscanners.net/1; +spider@seoscanners.net)"
85.25.210.41 - - [08/Apr/2017:20:30:54 +0200] "GET /empfehlen HTTP/1.1" 200 6272 "-" "Mozilla/5.0 (compatible; seoscanners.net/1; +spider@seoscanners.net)"
207.46.13.44 - - [08/Apr/2017:20:32:50 +0200] "GET /robots.txt HTTP/1.1" 200 2050 "-" "Mozilla/5.0 (compatible; bingbot/2.0; +http://www.bing.com/bingbot.htm)"
85.25.210.234 - - [08/Apr/2017:21:17:27 +0200] "GET /robots.txt HTTP/1.1" 200 2050 "-" "Mozilla/5.0 (compatible; seoscanners.net/1; +spider@seoscanners.net)"
85.25.210.234 - - [08/Apr/2017:21:17:27 +0200] "GET /privatkunden HTTP/1.1" 200 3936 "-" "Mozilla/5.0 (compatible; seoscanners.net/1; +spider@seoscanners.net)"
80.187.105.68 - - [08/Apr/2017:21:31:38 +0200] "GET / HTTP/1.1" 200 3464 "-" "Mozilla/5.0 (iPhone; CPU iPhone OS 10_2 like Mac OS X) AppleWebKit/602.3.12 (KHTML, like Gecko) Version/10.0 Mobile/14C92 Safari/602.1"
80.187.105.68 - - [08/Apr/2017:21:31:44 +0200] "GET / HTTP/1.1" 200 3464 "-" "Mozilla/5.0 (iPhone; CPU iPhone OS 10_2 like Mac OS X) AppleWebKit/602.3.12 (KHTML, like Gecko) Version/10.0 Mobile/14C92 Safari/602.1"
216.244.66.232 - - [08/Apr/2017:21:34:19 +0200] "GET /robots.txt HTTP/1.1" 200 2050 "-" "Mozilla/5.0 (compatible; DotBot/1.1; http://www.opensiteexplorer.org/dotbot, help@moz.com)"
216.244.66.232 - - [08/Apr/2017:21:40:51 +0200] "GET /unternehmen/philosophie HTTP/1.1" 200 4847 "-" "Mozilla/5.0 (compatible; DotBot/1.1; http://www.opensiteexplorer.org/dotbot, help@moz.com)"
163.172.66.67 - - [08/Apr/2017:22:01:25 +0200] "GET /geschaeftskunden/stueckgut_national HTTP/1.1" 200 4641 "-" "Mozilla/5.0 (compatible; AhrefsBot/5.2; +http://ahrefs.com/robot/)"
66.249.76.35 - - [08/Apr/2017:22:02:02 +0200] "GET /robots.txt HTTP/1.1" 200 2050 "-" "Mozilla/5.0 (compatible; Googlebot/2.1; +http://www.google.com/bot.html)"
66.249.76.37 - - [08/Apr/2017:22:02:03 +0200] "GET /exportdokumente/drittlandexporte HTTP/1.1" 200 7628 "-" "Mozilla/5.0 (compatible; Googlebot/2.1; +http://www.google.com/bot.html)"
173.252.75.116 - - [08/Apr/2017:22:45:44 +0200] "GET / HTTP/1.1" 200 3464 "https://www.facebook.com/check_tag" "Mozilla/5.0 (Windows NT 6.1; WOW64; rv:7.0.1) Gecko/20100101 Firefox/7.0.1"
66.249.76.37 - - [08/Apr/2017:23:27:14 +0200] "GET /robots.txt HTTP/1.1" 200 2050 "-" "Mozilla/5.0 (compatible; Googlebot/2.1; +http://www.google.com/bot.html)"
66.249.76.37 - - [08/Apr/2017:23:27:15 +0200] "GET /css/print.css HTTP/1.1" 200 830 "http://www.alle-ziele-spedition.de/exportdokumente/drittlandexporte" "Mozilla/5.0 (compatible; Googlebot/2.1; +http://www.google.com/bot.html)"
66.249.76.37 - - [08/Apr/2017:23:27:15 +0200] "GET /css/screen.css HTTP/1.1" 200 13627 "http://www.alle-ziele-spedition.de/exportdokumente/drittlandexporte" "Mozilla/5.0 (compatible; Googlebot/2.1; +http://www.google.com/bot.html)"
180.76.15.157 - - [08/Apr/2017:23:51:36 +0200] "GET / HTTP/1.1" 200 3464 "-" "Mozilla/5.0 (compatible; Baiduspider/2.0; +http://www.baidu.com/search/spider.html)"
180.76.15.12 - - [08/Apr/2017:23:52:59 +0200] "GET / HTTP/1.1" 200 3464 "-" "Mozilla/5.0 (compatible; Baiduspider/2.0; +http://www.baidu.com/search/spider.html)"
66.249.65.91 - - [09/Apr/2017:00:04:43 +0200] "GET /exportdokumente/drittlandexporte HTTP/1.1" 200 7628 "-" "Mozilla/5.0 (compatible; Googlebot/2.1; +http://www.google.com/bot.html)"
80.187.105.68 - - [09/Apr/2017:00:47:27 +0200] "GET / HTTP/1.1" 200 3464 "-" "Mozilla/5.0 (iPhone; CPU iPhone OS 10_2 like Mac OS X) AppleWebKit/602.3.12 (KHTML, like Gecko) Version/10.0 Mobile/14C92 Safari/602.1"
40.77.167.82 - - [09/Apr/2017:01:37:02 +0200] "GET /geschaeftskunden/sondertransporte HTTP/1.1" 200 5212 "-" "msnbot-media/1.1 (+http://search.msn.com/msnbot.htm)"
163.172.65.2 - - [09/Apr/2017:02:28:10 +0200] "GET /informationen HTTP/1.1" 200 4126 "-" "Mozilla/5.0 (compatible; AhrefsBot/5.2; +http://ahrefs.com/robot/)"
180.76.15.149 - - [09/Apr/2017:02:48:54 +0200] "GET / HTTP/1.1" 200 3464 "-" "Mozilla/5.0 (compatible; Baiduspider/2.0; +http://www.baidu.com/search/spider.html)"
180.76.15.6 - - [09/Apr/2017:02:50:14 +0200] "GET / HTTP/1.1" 200 3464 "-" "Mozilla/5.0 (compatible; Baiduspider/2.0; +http://www.baidu.com/search/spider.html)"
40.77.167.9 - - [09/Apr/2017:04:19:20 +0200] "GET /unternehmen/wir_ueber_uns HTTP/1.1" 200 5188 "-" "Mozilla/5.0 (iPhone; CPU iPhone OS 7_0 like Mac OS X) AppleWebKit/537.51.1 (KHTML, like Gecko) Version/7.0 Mobile/11A465 Safari/9537.53 (compatible; bingbot/2.0; +http://www.bing.com/bingbot.htm)"
40.77.167.3 - - [09/Apr/2017:04:26:11 +0200] "GET /img/7183587b.jpg HTTP/1.1" 200 12190 "-" "Mozilla/5.0 (iPhone; CPU iPhone OS 7_0 like Mac OS X) AppleWebKit/537.51.1 (KHTML, like Gecko) Version/7.0 Mobile/11A465 Safari/9537.53 (compatible; bingbot/2.0; +http://www.bing.com/bingbot.htm)"
40.77.167.3 - - [09/Apr/2017:04:26:12 +0200] "GET /img/berlin_footer2.gif HTTP/1.1" 200 2795 "-" "Mozilla/5.0 (iPhone; CPU iPhone OS 7_0 like Mac OS X) AppleWebKit/537.51.1 (KHTML, like Gecko) Version/7.0 Mobile/11A465 Safari/9537.53 (compatible; bingbot/2.0; +http://www.bing.com/bingbot.htm)"
40.77.167.3 - - [09/Apr/2017:04:26:12 +0200] "GET /img/hg_body.gif HTTP/1.1" 200 1754 "-" "Mozilla/5.0 (iPhone; CPU iPhone OS 7_0 like Mac OS X) AppleWebKit/537.51.1 (KHTML, like Gecko) Version/7.0 Mobile/11A465 Safari/9537.53 (compatible; bingbot/2.0; +http://www.bing.com/bingbot.htm)"
157.55.39.145 - - [09/Apr/2017:04:26:18 +0200] "GET /css/print.css HTTP/1.1" 200 830 "-" "Mozilla/5.0 (iPhone; CPU iPhone OS 7_0 like Mac OS X) AppleWebKit/537.51.1 (KHTML, like Gecko) Version/7.0 Mobile/11A465 Safari/9537.53 (compatible; bingbot/2.0; +http://www.bing.com/bingbot.htm)"
157.55.39.145 - - [09/Apr/2017:04:26:19 +0200] "GET /img/9606427.jpg HTTP/1.1" 200 21711 "-" "Mozilla/5.0 (iPhone; CPU iPhone OS 7_0 like Mac OS X) AppleWebKit/537.51.1 (KHTML, like Gecko) Version/7.0 Mobile/11A465 Safari/9537.53 (compatible; bingbot/2.0; +http://www.bing.com/bingbot.htm)"
157.55.39.145 - - [09/Apr/2017:04:26:19 +0200] "GET /js/curvycorners.src.js HTTP/1.1" 200 60221 "-" "Mozilla/5.0 (iPhone; CPU iPhone OS 7_0 like Mac OS X) AppleWebKit/537.51.1 (KHTML, like Gecko) Version/7.0 Mobile/11A465 Safari/9537.53 (compatible; bingbot/2.0; +http://www.bing.com/bingbot.htm)"
207.46.13.98 - - [09/Apr/2017:04:30:25 +0200] "GET /img/857034.jpg HTTP/1.1" 200 14613 "-" "Mozilla/5.0 (iPhone; CPU iPhone OS 7_0 like Mac OS X) AppleWebKit/537.51.1 (KHTML, like Gecko) Version/7.0 Mobile/11A465 Safari/9537.53 (compatible; bingbot/2.0; +http://www.bing.com/bingbot.htm)"
199.30.24.21 - - [09/Apr/2017:05:24:00 +0200] "GET /img/hg_body.gif HTTP/1.1" 200 1754 "http://www.alle-ziele-spedition.de/unternehmen/wir_ueber_uns" "Mozilla/5.0 (iPhone; CPU iPhone OS 7_0 like Mac OS X) AppleWebKit/537.51.1 (KHTML, like Gecko) Version/7.0 Mobile/11A465 Safari/9537.53 BingPreview/1.0b"
199.30.24.21 - - [09/Apr/2017:05:24:00 +0200] "GET /img/head_hg.jpg HTTP/1.1" 200 18629 "http://www.alle-ziele-spedition.de/unternehmen/wir_ueber_uns" "Mozilla/5.0 (iPhone; CPU iPhone OS 7_0 like Mac OS X) AppleWebKit/537.51.1 (KHTML, like Gecko) Version/7.0 Mobile/11A465 Safari/9537.53 BingPreview/1.0b"
199.30.24.21 - - [09/Apr/2017:05:24:00 +0200] "GET /img/14351312.jpg HTTP/1.1" 200 16335 "http://www.alle-ziele-spedition.de/unternehmen/wir_ueber_uns" "Mozilla/5.0 (iPhone; CPU iPhone OS 7_0 like Mac OS X) AppleWebKit/537.51.1 (KHTML, like Gecko) Version/7.0 Mobile/11A465 Safari/9537.53 BingPreview/1.0b"
199.30.24.21 - - [09/Apr/2017:05:24:00 +0200] "GET /img/52814.jpg HTTP/1.1" 200 14378 "http://www.alle-ziele-spedition.de/unternehmen/wir_ueber_uns" "Mozilla/5.0 (iPhone; CPU iPhone OS 7_0 like Mac OS X) AppleWebKit/537.51.1 (KHTML, like Gecko) Version/7.0 Mobile/11A465 Safari/9537.53 BingPreview/1.0b"
5.255.251.7 - - [09/Apr/2017:05:24:08 +0200] "GET /robots.txt HTTP/1.1" 200 2050 "-" "Mozilla/5.0 (compatible; YandexBot/3.0; +http://yandex.com/bots)"
5.255.251.7 - - [09/Apr/2017:05:24:12 +0200] "GET /geschaeftskunden/sondertransporte HTTP/1.1" 200 5212 "-" "Mozilla/5.0 (compatible; YandexBot/3.0; +http://yandex.com/bots)"
138.197.111.241 - - [09/Apr/2017:05:32:43 +0200] "GET / HTTP/1.1" 200 3464 "http://www.alle-ziele-spedition.de" "Mozilla/5.0 (Windows NT 6.1; WOW64) AppleWebKit/537.36 (KHTML, like Gecko) Chrome/34.0.1847.131 Safari/537.36"
138.197.111.241 - - [09/Apr/2017:05:32:56 +0200] "GET /robots.txt HTTP/1.1" 200 2050 "-" "Mozilla/5.0 (Macintosh; Intel Mac OS X 10.9; rv:29.0) Gecko/20100101 Firefox/29.0"
138.197.111.241 - - [09/Apr/2017:05:33:05 +0200] "GET /exportdokumente HTTP/1.1" 200 3729 "http://www.alle-ziele-spedition.de" "Mozilla/5.0 (compatible; MSIE 10.0; Windows NT 6.1; WOW64; Trident/6.0)"
138.197.111.241 - - [09/Apr/2017:05:33:05 +0200] "GET /sitemap HTTP/1.1" 200 5823 "http://www.alle-ziele-spedition.de" "Mozilla/5.0 (Windows NT 6.1; WOW64) AppleWebKit/537.36 (KHTML, like Gecko) Chrome/34.0.1847.137 Safari/537.36"
138.197.111.241 - - [09/Apr/2017:05:33:05 +0200] "GET /downloads HTTP/1.1" 200 5414 "http://www.alle-ziele-spedition.de" "Mozilla/5.0 (Windows NT 6.3; WOW64) AppleWebKit/537.36 (KHTML, like Gecko) Chrome/34.0.1847.131 Safari/537.36"
138.197.111.241 - - [09/Apr/2017:05:33:05 +0200] "GET /geschaeftskunden HTTP/1.1" 200 4226 "http://www.alle-ziele-spedition.de" "Mozilla/5.0 (Windows NT 6.1; WOW64) AppleWebKit/537.36 (KHTML, like Gecko) Chrome/34.0.1847.137 Safari/537.36"
138.197.111.241 - - [09/Apr/2017:05:33:05 +0200] "GET /aktuelles HTTP/1.1" 200 8482 "http://www.alle-ziele-spedition.de" "Mozilla/5.0 (Windows NT 6.1; WOW64) AppleWebKit/537.36 (KHTML, like Gecko) Chrome/34.0.1847.137 Safari/537.36"
138.197.111.241 - - [09/Apr/2017:05:33:05 +0200] "GET /kontakt HTTP/1.1" 200 6263 "http://www.alle-ziele-spedition.de" "Mozilla/5.0 (Macintosh; Intel Mac OS X 10_9_2) AppleWebKit/537.75.14 (KHTML, like Gecko) Version/7.0.3 Safari/537.75.14"
138.197.111.241 - - [09/Apr/2017:05:33:05 +0200] "GET /empfehlen HTTP/1.1" 200 6272 "http://www.alle-ziele-spedition.de" "Mozilla/5.0 (compatible; MSIE 10.0; Windows NT 6.1; WOW64; Trident/6.0)"
138.197.111.241 - - [09/Apr/2017:05:33:05 +0200] "GET /unternehmen HTTP/1.1" 200 3276 "http://www.alle-ziele-spedition.de" "Mozilla/5.0 (Macintosh; Intel Mac OS X 10_9_3) AppleWebKit/537.36 (KHTML, like Gecko) Chrome/35.0.1916.114 Safari/537.36"
138.197.111.241 - - [09/Apr/2017:05:33:05 +0200] "GET /impressum HTTP/1.1" 200 5879 "http://www.alle-ziele-spedition.de" "Mozilla/5.0 (Windows NT 6.1; WOW64; rv:29.0) Gecko/20100101 Firefox/29.0"
138.197.111.241 - - [09/Apr/2017:05:33:05 +0200] "GET /informationen HTTP/1.1" 200 4126 "http://www.alle-ziele-spedition.de" "Mozilla/5.0 (compatible; MSIE 10.0; Windows NT 6.1; WOW64; Trident/6.0)"
138.197.111.241 - - [09/Apr/2017:05:33:05 +0200] "GET /privatkunden HTTP/1.1" 200 3936 "http://www.alle-ziele-spedition.de" "Mozilla/5.0 (Windows NT 6.1; WOW64) AppleWebKit/537.36 (KHTML, like Gecko) Chrome/34.0.1847.137 Safari/537.36"
5.9.17.118 - - [09/Apr/2017:05:51:33 +0200] "GET /impressum HTTP/1.1" 200 5879 "-" "Mozilla/5.0 (Windows NT 6.1; WOW64; rv:21.0) Gecko/20130331 Firefox/21.0"
104.247.40.5 - - [09/Apr/2017:06:24:31 +0200] "GET / HTTP/1.1" 200 3464 "http://www.alle-ziele-spedition.de" "Mozilla/5.0 (Windows NT 6.1; WOW64; rv:41.0) Gecko/20100101 Firefox/43.0"
66.249.65.87 - - [09/Apr/2017:06:26:08 +0200] "GET /robots.txt HTTP/1.1" 200 2050 "-" "Mozilla/5.0 (compatible; Googlebot/2.1; +http://www.google.com/bot.html)"
66.249.65.91 - - [09/Apr/2017:06:26:08 +0200] "GET /exportdokumente/drittlandexporte HTTP/1.1" 200 7628 "-" "Mozilla/5.0 (compatible; Googlebot/2.1; +http://www.google.com/bot.html)"
40.77.167.59 - - [09/Apr/2017:07:18:49 +0200] "GET /privatkunden/seefracht HTTP/1.1" 200 6230 "-" "Mozilla/5.0 (iPhone; CPU iPhone OS 7_0 like Mac OS X) AppleWebKit/537.51.1 (KHTML, like Gecko) Version/7.0 Mobile/11A465 Safari/9537.53 (compatible; bingbot/2.0; +http://www.bing.com/bingbot.htm)"
138.197.111.116 - - [09/Apr/2017:07:42:42 +0200] "GET / HTTP/1.1" 200 3464 "-" "Mozilla/5.0 (Windows NT 6.1; WOW64) AppleWebKit/537.36 (KHTML, like Gecko) Chrome/34.0.1847.137 Safari/537.36"
138.197.111.116 - - [09/Apr/2017:07:42:43 +0200] "GET /js/curvycorners.src.js HTTP/1.1" 200 60221 "http://www.alle-ziele-spedition.de/" "Mozilla/5.0 (Windows NT 6.1; WOW64) AppleWebKit/537.36 (KHTML, like Gecko) Chrome/34.0.1847.137 Safari/537.36"
180.76.15.140 - - [09/Apr/2017:07:48:28 +0200] "GET / HTTP/1.1" 200 3464 "-" "Mozilla/5.0 (compatible; Baiduspider/2.0; +http://www.baidu.com/search/spider.html)"
180.76.15.33 - - [09/Apr/2017:07:49:41 +0200] "GET / HTTP/1.1" 200 3464 "-" "Mozilla/5.0 (compatible; Baiduspider/2.0; +http://www.baidu.com/search/spider.html)"
66.249.65.87 - - [09/Apr/2017:08:53:48 +0200] "GET /robots.txt HTTP/1.1" 200 2050 "-" "Mozilla/5.0 (compatible; Googlebot/2.1; +http://www.google.com/bot.html)"
66.249.65.83 - - [09/Apr/2017:08:53:49 +0200] "GET /exportdokumente/drittlandexporte HTTP/1.1" 200 7628 "-" "Mozilla/5.0 (compatible; Googlebot/2.1; +http://www.google.com/bot.html)"
66.249.65.87 - - [09/Apr/2017:08:53:49 +0200] "GET /exportdokumente/drittlandexporte HTTP/1.1" 200 7628 "-" "Mozilla/5.0 (compatible; Googlebot/2.1; +http://www.google.com/bot.html)"
66.249.93.5 - - [09/Apr/2017:09:25:05 +0200] "GET / HTTP/1.1" 200 3464 "-" "Mozilla/5.0 (X11; Linux x86_64) AppleWebKit/537.36 (KHTML, like Gecko) Chrome/49.0.2623.75 Safari/537.36 Google Favicon"
66.249.93.3 - - [09/Apr/2017:09:25:05 +0200] "GET /favicon.ico HTTP/1.1" 200 2050 "-" "Mozilla/5.0 (X11; Linux x86_64) AppleWebKit/537.36 (KHTML, like Gecko) Chrome/49.0.2623.75 Safari/537.36 Google Favicon"
95.90.202.180 - - [09/Apr/2017:11:23:40 +0200] "GET /pdf/Frachtrecht%20HGB.pdf HTTP/1.1" 200 19672 "https://www.google.de/" "Mozilla/5.0 (Windows NT 10.0; Win64; x64) AppleWebKit/537.36 (KHTML, like Gecko) Chrome/57.0.2987.133 Safari/537.36"
95.90.202.180 - - [09/Apr/2017:11:24:55 +0200] "GET /favicon.ico HTTP/1.1" 200 2050 "http://www.alle-ziele-spedition.de/pdf/Frachtrecht%20HGB.pdf" "Mozilla/5.0 (Windows NT 10.0; Win64; x64) AppleWebKit/537.36 (KHTML, like Gecko) Chrome/57.0.2987.133 Safari/537.36"
85.25.210.41 - - [09/Apr/2017:11:36:26 +0200] "GET /robots.txt HTTP/1.1" 200 2050 "-" "Mozilla/5.0 (compatible; seoscanners.net/1; +spider@seoscanners.net)"
85.25.210.41 - - [09/Apr/2017:11:36:26 +0200] "GET /informationen HTTP/1.1" 200 4126 "-" "Mozilla/5.0 (compatible; seoscanners.net/1; +spider@seoscanners.net)"
52.29.161.23 - - [09/Apr/2017:11:47:19 +0200] "POST / HTTP/1.1" 200 3464 "-" "-"
178.24.168.126 - - [09/Apr/2017:12:21:26 +0200] "GET /img/head_hg.jpg HTTP/1.1" 304 - "-" "Mozilla/5.0 (Linux; Android 6.0.1; SM-A300FU Build/MMB29M) AppleWebKit/537.36 (KHTML, like Gecko) Chrome/57.0.2987.132 Mobile Safari/537.36"
178.24.168.126 - - [09/Apr/2017:12:21:27 +0200] "GET /img/berlin_footer2.gif HTTP/1.1" 304 - "-" "Mozilla/5.0 (Linux; Android 6.0.1; SM-A300FU Build/MMB29M) AppleWebKit/537.36 (KHTML, like Gecko) Chrome/57.0.2987.132 Mobile Safari/537.36"
178.24.168.126 - - [09/Apr/2017:12:21:27 +0200] "GET /css/screen.css HTTP/1.1" 304 - "-" "Mozilla/5.0 (Linux; Android 6.0.1; SM-A300FU Build/MMB29M) AppleWebKit/537.36 (KHTML, like Gecko) Chrome/57.0.2987.132 Mobile Safari/537.36"
178.24.168.126 - - [09/Apr/2017:12:21:27 +0200] "GET /css/print.css HTTP/1.1" 304 - "-" "Mozilla/5.0 (Linux; Android 6.0.1; SM-A300FU Build/MMB29M) AppleWebKit/537.36 (KHTML, like Gecko) Chrome/57.0.2987.132 Mobile Safari/537.36"
178.24.168.126 - - [09/Apr/2017:12:21:27 +0200] "GET /img/hg_body.gif HTTP/1.1" 304 - "-" "Mozilla/5.0 (Linux; Android 6.0.1; SM-A300FU Build/MMB29M) AppleWebKit/537.36 (KHTML, like Gecko) Chrome/57.0.2987.132 Mobile Safari/537.36"
178.24.168.126 - - [09/Apr/2017:12:21:27 +0200] "GET /js/curvycorners.src.js HTTP/1.1" 304 - "-" "Mozilla/5.0 (Linux; Android 6.0.1; SM-A300FU Build/MMB29M) AppleWebKit/537.36 (KHTML, like Gecko) Chrome/57.0.2987.132 Mobile Safari/537.36"
178.24.168.126 - - [09/Apr/2017:12:21:30 +0200] "GET /img/14351312.jpg HTTP/1.1" 304 - "-" "Mozilla/5.0 (Linux; Android 6.0.1; SM-A300FU Build/MMB29M) AppleWebKit/537.36 (KHTML, like Gecko) Chrome/57.0.2987.132 Mobile Safari/537.36"
178.24.168.126 - - [09/Apr/2017:12:21:30 +0200] "GET /img/9606427.jpg HTTP/1.1" 304 - "-" "Mozilla/5.0 (Linux; Android 6.0.1; SM-A300FU Build/MMB29M) AppleWebKit/537.36 (KHTML, like Gecko) Chrome/57.0.2987.132 Mobile Safari/537.36"
178.24.168.126 - - [09/Apr/2017:12:21:30 +0200] "GET /img/857034.jpg HTTP/1.1" 304 - "-" "Mozilla/5.0 (Linux; Android 6.0.1; SM-A300FU Build/MMB29M) AppleWebKit/537.36 (KHTML, like Gecko) Chrome/57.0.2987.132 Mobile Safari/537.36"
178.24.168.126 - - [09/Apr/2017:12:21:30 +0200] "GET /img/7183587b.jpg HTTP/1.1" 304 - "-" "Mozilla/5.0 (Linux; Android 6.0.1; SM-A300FU Build/MMB29M) AppleWebKit/537.36 (KHTML, like Gecko) Chrome/57.0.2987.132 Mobile Safari/537.36"
178.24.168.126 - - [09/Apr/2017:12:21:30 +0200] "GET /img/52814.jpg HTTP/1.1" 304 - "-" "Mozilla/5.0 (Linux; Android 6.0.1; SM-A300FU Build/MMB29M) AppleWebKit/537.36 (KHTML, like Gecko) Chrome/57.0.2987.132 Mobile Safari/537.36"
178.24.168.126 - - [09/Apr/2017:12:21:41 +0200] "GET /img/41954271.jpg HTTP/1.1" 304 - "-" "Mozilla/5.0 (Linux; Android 6.0.1; SM-A300FU Build/MMB29M) AppleWebKit/537.36 (KHTML, like Gecko) Chrome/57.0.2987.132 Mobile Safari/537.36"
178.24.168.126 - - [09/Apr/2017:12:21:43 +0200] "GET /img/39858922.jpg HTTP/1.1" 304 - "-" "Mozilla/5.0 (Linux; Android 6.0.1; SM-A300FU Build/MMB29M) AppleWebKit/537.36 (KHTML, like Gecko) Chrome/57.0.2987.132 Mobile Safari/537.36"
178.24.168.126 - - [09/Apr/2017:12:21:44 +0200] "GET /img/customdeclar.jpg HTTP/1.1" 304 - "-" "Mozilla/5.0 (Linux; Android 6.0.1; SM-A300FU Build/MMB29M) AppleWebKit/537.36 (KHTML, like Gecko) Chrome/57.0.2987.132 Mobile Safari/537.36"
178.24.168.126 - - [09/Apr/2017:12:21:44 +0200] "GET /img/42884495.jpg HTTP/1.1" 304 - "-" "Mozilla/5.0 (Linux; Android 6.0.1; SM-A300FU Build/MMB29M) AppleWebKit/537.36 (KHTML, like Gecko) Chrome/57.0.2987.132 Mobile Safari/537.36"
178.24.168.126 - - [09/Apr/2017:12:21:44 +0200] "GET /img/40362199.jpg HTTP/1.1" 304 - "-" "Mozilla/5.0 (Linux; Android 6.0.1; SM-A300FU Build/MMB29M) AppleWebKit/537.36 (KHTML, like Gecko) Chrome/57.0.2987.132 Mobile Safari/537.36"
178.24.168.126 - - [09/Apr/2017:12:21:46 +0200] "GET /img/30891670.jpg HTTP/1.1" 304 - "-" "Mozilla/5.0 (Linux; Android 6.0.1; SM-A300FU Build/MMB29M) AppleWebKit/537.36 (KHTML, like Gecko) Chrome/57.0.2987.132 Mobile Safari/537.36"
178.24.168.126 - - [09/Apr/2017:12:21:46 +0200] "GET /img/37796688.jpg HTTP/1.1" 304 - "-" "Mozilla/5.0 (Linux; Android 6.0.1; SM-A300FU Build/MMB29M) AppleWebKit/537.36 (KHTML, like Gecko) Chrome/57.0.2987.132 Mobile Safari/537.36"
80.128.243.239 - - [09/Apr/2017:12:42:16 +0200] "GET /pdf/Frachtrecht%20HGB.pdf HTTP/1.1" 200 19672 "https://www.google.de/" "Mozilla/5.0 (Windows NT 10.0; WOW64) AppleWebKit/537.36 (KHTML, like Gecko) Chrome/56.0.2924.87 Safari/537.36"
80.128.243.239 - - [09/Apr/2017:12:42:16 +0200] "GET /favicon.ico HTTP/1.1" 200 2050 "http://www.alle-ziele-spedition.de/pdf/Frachtrecht%20HGB.pdf" "Mozilla/5.0 (Windows NT 10.0; WOW64) AppleWebKit/537.36 (KHTML, like Gecko) Chrome/56.0.2924.87 Safari/537.36"
62.138.0.25 - - [09/Apr/2017:13:44:32 +0200] "GET /robots.txt HTTP/1.1" 200 2050 "-" "Mozilla/5.0 (compatible; seoscanners.net/1; +spider@seoscanners.net)"
62.138.0.25 - - [09/Apr/2017:13:44:32 +0200] "GET /aktuelles HTTP/1.1" 200 8482 "-" "Mozilla/5.0 (compatible; seoscanners.net/1; +spider@seoscanners.net)"
77.75.78.160 - - [09/Apr/2017:14:16:05 +0200] "GET /robots.txt HTTP/1.1" 200 2050 "-" "Mozilla/5.0 (compatible; SeznamBot/3.2; +http://napoveda.seznam.cz/en/seznambot-intro/)"
77.75.78.160 - - [09/Apr/2017:14:16:06 +0200] "GET /unternehmen/sponsoring HTTP/1.1" 200 4035 "-" "Mozilla/5.0 (compatible; SeznamBot/3.2; +http://napoveda.seznam.cz/en/seznambot-intro/)"
62.138.0.25 - - [09/Apr/2017:14:25:09 +0200] "GET /robots.txt HTTP/1.1" 200 2050 "-" "Mozilla/5.0 (compatible; seoscanners.net/1; +spider@seoscanners.net)"
62.138.0.25 - - [09/Apr/2017:14:25:10 +0200] "GET /geschaeftskunden HTTP/1.1" 200 4226 "-" "Mozilla/5.0 (compatible; seoscanners.net/1; +spider@seoscanners.net)"
14.177.193.119 - - [09/Apr/2017:14:48:35 +0200] "GET /impressum HTTP/1.1" 200 5879 "http://www.alle-ziele-spedition.de/" "Mozilla/5.0 (Windows NT 6.3; WOW64; rv:50.0) Gecko/20100101 Firefox/50.0"
66.249.65.91 - - [09/Apr/2017:15:00:09 +0200] "GET /robots.txt HTTP/1.1" 200 2050 "-" "Mozilla/5.0 (compatible; Googlebot/2.1; +http://www.google.com/bot.html)"
66.249.65.83 - - [09/Apr/2017:15:00:10 +0200] "GET /exportdokumente/drittlandexporte HTTP/1.1" 200 7628 "-" "Mozilla/5.0 (compatible; Googlebot/2.1; +http://www.google.com/bot.html)"
208.43.225.84 - - [09/Apr/2017:15:37:54 +0200] "GET /robots.txt HTTP/1.1" 200 2050 "-" "Mozilla/5.0 (compatible; SiteExplorer/1.1b; +http://siteexplorer.info/Backlink-Checker-Spider/)"
208.43.225.84 - - [09/Apr/2017:15:37:59 +0200] "GET / HTTP/1.1" 200 3464 "-" "Mozilla/5.0 (compatible; SiteExplorer/1.1b; +http://siteexplorer.info/Backlink-Checker-Spider/)"
180.76.15.23 - - [09/Apr/2017:15:50:17 +0200] "GET / HTTP/1.1" 200 3464 "-" "Mozilla/5.0 (compatible; Baiduspider/2.0; +http://www.baidu.com/search/spider.html)"
180.76.15.6 - - [09/Apr/2017:15:51:39 +0200] "GET / HTTP/1.1" 200 3464 "-" "Mozilla/5.0 (compatible; Baiduspider/2.0; +http://www.baidu.com/search/spider.html)"
180.76.15.146 - - [09/Apr/2017:16:41:00 +0200] "GET /sitemap HTTP/1.1" 200 5823 "-" "Mozilla/5.0 (compatible; Baiduspider/2.0; +http://www.baidu.com/search/spider.html)"
85.25.210.41 - - [09/Apr/2017:16:58:40 +0200] "GET /robots.txt HTTP/1.1" 200 2050 "-" "Mozilla/5.0 (compatible; seoscanners.net/1; +spider@seoscanners.net)"
85.25.210.41 - - [09/Apr/2017:16:58:40 +0200] "GET /img/captcha/260a6e277faaaf739a1e2bd90ccb9833.png HTTP/1.1" 200 2050 "-" "Mozilla/5.0 (compatible; seoscanners.net/1; +spider@seoscanners.net)"
163.172.66.51 - - [09/Apr/2017:17:32:24 +0200] "GET /geschaeftskunden HTTP/1.1" 200 4226 "-" "Mozilla/5.0 (compatible; AhrefsBot/5.2; +http://ahrefs.com/robot/)"
85.25.210.41 - - [09/Apr/2017:17:57:52 +0200] "GET /robots.txt HTTP/1.1" 200 2050 "-" "Mozilla/5.0 (compatible; seoscanners.net/1; +spider@seoscanners.net)"
85.25.210.41 - - [09/Apr/2017:17:57:53 +0200] "GET /img/captcha/291861cb582a19d258d5c7bf0b89f73f.png HTTP/1.1" 200 7118 "-" "Mozilla/5.0 (compatible; seoscanners.net/1; +spider@seoscanners.net)"
66.249.65.91 - - [09/Apr/2017:18:12:29 +0200] "GET /robots.txt HTTP/1.1" 200 2050 "-" "Mozilla/5.0 (compatible; Googlebot/2.1; +http://www.google.com/bot.html)"
66.249.65.91 - - [09/Apr/2017:18:12:29 +0200] "GET /pdf/Frachtrecht%20HGB.pdf HTTP/1.1" 304 - "-" "Mozilla/5.0 (compatible; Googlebot/2.1; +http://www.google.com/bot.html)"
157.55.39.4 - - [09/Apr/2017:18:28:11 +0200] "GET /unternehmen HTTP/1.1" 200 3276 "-" "Mozilla/5.0 (iPhone; CPU iPhone OS 7_0 like Mac OS X) AppleWebKit/537.51.1 (KHTML, like Gecko) Version/7.0 Mobile/11A465 Safari/9537.53 (compatible; bingbot/2.0; +http://www.bing.com/bingbot.htm)"
79.212.222.249 - - [09/Apr/2017:18:30:58 +0200] "GET /pdf/Frachtrecht%20HGB.pdf HTTP/1.1" 304 - "https://www.google.de/" "Mozilla/5.0 (iPhone; CPU iPhone OS 10_2_1 like Mac OS X) AppleWebKit/602.1.50 (KHTML, like Gecko) CriOS/57.0.2987.137 Mobile/14D27 Safari/602.1"
216.244.66.232 - - [09/Apr/2017:19:26:24 +0200] "GET /robots.txt HTTP/1.1" 200 2050 "-" "Mozilla/5.0 (compatible; DotBot/1.1; http://www.opensiteexplorer.org/dotbot, help@moz.com)"
216.244.66.232 - - [09/Apr/2017:19:29:52 +0200] "GET /informationen HTTP/1.1" 200 4126 "-" "Mozilla/5.0 (compatible; DotBot/1.1; http://www.opensiteexplorer.org/dotbot, help@moz.com)"
65.55.210.27 - - [09/Apr/2017:19:30:30 +0200] "GET /css/screen.css HTTP/1.1" 200 13627 "-" "Mozilla/5.0 (iPhone; CPU iPhone OS 7_0 like Mac OS X) AppleWebKit/537.51.1 (KHTML, like Gecko) Version/7.0 Mobile/11A465 Safari/9537.53 BingPreview/1.0b"
65.55.210.27 - - [09/Apr/2017:19:30:33 +0200] "GET /img/head_hg.jpg HTTP/1.1" 200 18629 "-" "Mozilla/5.0 (iPhone; CPU iPhone OS 7_0 like Mac OS X) AppleWebKit/537.51.1 (KHTML, like Gecko) Version/7.0 Mobile/11A465 Safari/9537.53 BingPreview/1.0b"
65.55.210.27 - - [09/Apr/2017:19:30:34 +0200] "GET /img/berlin_footer2.gif HTTP/1.1" 200 2795 "-" "Mozilla/5.0 (iPhone; CPU iPhone OS 7_0 like Mac OS X) AppleWebKit/537.51.1 (KHTML, like Gecko) Version/7.0 Mobile/11A465 Safari/9537.53 BingPreview/1.0b"
180.76.15.137 - - [09/Apr/2017:19:49:55 +0200] "GET / HTTP/1.1" 200 3464 "-" "Mozilla/5.0 (compatible; Baiduspider/2.0; +http://www.baidu.com/search/spider.html)"
180.76.15.22 - - [09/Apr/2017:19:51:13 +0200] "GET / HTTP/1.1" 200 3464 "-" "Mozilla/5.0 (compatible; Baiduspider/2.0; +http://www.baidu.com/search/spider.html)"
128.0.146.27 - - [09/Apr/2017:19:55:46 +0200] "GET /pdf/Frachtrecht%20HGB.pdf HTTP/1.1" 200 19672 "-" "Mozilla/5.0 (Macintosh; Intel Mac OS X 10_12_3) AppleWebKit/602.4.8 (KHTML, like Gecko)"
128.0.146.27 - - [09/Apr/2017:19:55:46 +0200] "GET /apple-touch-icon-precomposed.png HTTP/1.1" 200 2050 "-" "Safari/12602.4.8 CFNetwork/807.2.14 Darwin/16.4.0 (x86_64)"
128.0.146.27 - - [09/Apr/2017:19:55:46 +0200] "GET /apple-touch-icon.png HTTP/1.1" 200 2050 "-" "Safari/12602.4.8 CFNetwork/807.2.14 Darwin/16.4.0 (x86_64)"
128.0.146.27 - - [09/Apr/2017:19:55:47 +0200] "GET /favicon.ico HTTP/1.1" 200 2050 "-" "Safari/12602.4.8 CFNetwork/807.2.14 Darwin/16.4.0 (x86_64)"
128.0.146.27 - - [09/Apr/2017:19:55:47 +0200] "GET /apple-touch-icon-precomposed.png HTTP/1.1" 200 2050 "-" "Safari/12602.4.8 CFNetwork/807.2.14 Darwin/16.4.0 (x86_64)"
128.0.146.27 - - [09/Apr/2017:19:55:47 +0200] "GET /apple-touch-icon.png HTTP/1.1" 200 2050 "-" "Safari/12602.4.8 CFNetwork/807.2.14 Darwin/16.4.0 (x86_64)"
128.0.146.27 - - [09/Apr/2017:19:55:47 +0200] "GET /favicon.ico HTTP/1.1" 200 2050 "-" "Safari/12602.4.8 CFNetwork/807.2.14 Darwin/16.4.0 (x86_64)"
128.0.146.27 - - [09/Apr/2017:19:55:47 +0200] "GET /pdf/Frachtrecht%20HGB.pdf HTTP/1.1" 200 19672 "-" "Mozilla/5.0 (iPhone; CPU iPhone OS 10_0 like Mac OS X) AppleWebKit/602.1.38 (KHTML, like Gecko) Version/10.0 Mobile/14A300 Safari/602.1"
128.0.146.27 - - [09/Apr/2017:19:55:47 +0200] "GET /apple-touch-icon-precomposed.png HTTP/1.1" 200 2050 "-" "Safari/12602.4.8 CFNetwork/807.2.14 Darwin/16.4.0 (x86_64)"
128.0.146.27 - - [09/Apr/2017:19:55:48 +0200] "GET /apple-touch-icon.png HTTP/1.1" 200 2050 "-" "Safari/12602.4.8 CFNetwork/807.2.14 Darwin/16.4.0 (x86_64)"
128.0.146.27 - - [09/Apr/2017:19:55:48 +0200] "GET /favicon.ico HTTP/1.1" 200 2050 "-" "Safari/12602.4.8 CFNetwork/807.2.14 Darwin/16.4.0 (x86_64)"
128.0.146.27 - - [09/Apr/2017:19:55:48 +0200] "GET /apple-touch-icon-precomposed.png HTTP/1.1" 200 2050 "-" "Safari/12602.4.8 CFNetwork/807.2.14 Darwin/16.4.0 (x86_64)"
128.0.146.27 - - [09/Apr/2017:19:55:48 +0200] "GET /apple-touch-icon.png HTTP/1.1" 200 2050 "-" "Safari/12602.4.8 CFNetwork/807.2.14 Darwin/16.4.0 (x86_64)"
128.0.146.27 - - [09/Apr/2017:19:55:48 +0200] "GET /favicon.ico HTTP/1.1" 200 2050 "-" "Safari/12602.4.8 CFNetwork/807.2.14 Darwin/16.4.0 (x86_64)"
66.249.65.87 - - [09/Apr/2017:19:59:10 +0200] "GET /robots.txt HTTP/1.1" 200 2050 "-" "Mozilla/5.0 (compatible; Googlebot/2.1; +http://www.google.com/bot.html)"
66.249.65.83 - - [09/Apr/2017:19:59:10 +0200] "GET /pdf/Frachtrecht%20HGB.pdf HTTP/1.1" 200 19672 "-" "Mozilla/5.0 (Linux; Android 6.0.1; Nexus 5X Build/MMB29P) AppleWebKit/537.36 (KHTML, like Gecko) Chrome/41.0.2272.96 Mobile Safari/537.36 (compatible; Googlebot/2.1; +http://www.google.com/bot.html)"
85.25.236.93 - - [09/Apr/2017:20:04:12 +0200] "GET / HTTP/1.1" 200 3464 "-" "Mozilla/5.0 (X11; U; Linux Core i7-4980HQ; de; rv:32.0; compatible; JobboerseBot; http://www.jobboerse.com/bot.htm) Gecko/20100101 Firefox/38.0"
85.25.236.93 - - [09/Apr/2017:20:04:12 +0200] "GET /js/curvycorners.src.js HTTP/1.1" 200 60221 "http://www.alle-ziele-spedition.de/" "Mozilla/5.0 (X11; U; Linux Core i7-4980HQ; de; rv:32.0; compatible; JobboerseBot; http://www.jobboerse.com/bot.htm) Gecko/20100101 Firefox/38.0"
85.25.236.93 - - [09/Apr/2017:20:04:13 +0200] "GET /css/screen.css HTTP/1.1" 200 13627 "http://www.alle-ziele-spedition.de/" "Mozilla/5.0 (X11; U; Linux Core i7-4980HQ; de; rv:32.0; compatible; JobboerseBot; http://www.jobboerse.com/bot.htm) Gecko/20100101 Firefox/38.0"
85.25.236.93 - - [09/Apr/2017:20:04:15 +0200] "GET /css/print.css HTTP/1.1" 200 830 "http://www.alle-ziele-spedition.de/" "Mozilla/5.0 (X11; U; Linux Core i7-4980HQ; de; rv:32.0; compatible; JobboerseBot; http://www.jobboerse.com/bot.htm) Gecko/20100101 Firefox/38.0"
85.25.236.93 - - [09/Apr/2017:20:04:17 +0200] "GET /robots.txt HTTP/1.1" 200 2050 "-" "Mozilla/5.0 (X11; U; Linux Core i7-4980HQ; de; rv:32.0; compatible; JobboerseBot; http://www.jobboerse.com/bot.htm) Gecko/20100101 Firefox/38.0"
85.25.236.93 - - [09/Apr/2017:20:04:17 +0200] "GET /js/curvycorners.src.js HTTP/1.1" 200 60221 "http://www.alle-ziele-spedition.de/robots.txt" "Mozilla/5.0 (X11; U; Linux Core i7-4980HQ; de; rv:32.0; compatible; JobboerseBot; http://www.jobboerse.com/bot.htm) Gecko/20100101 Firefox/38.0"
178.24.168.126 - - [09/Apr/2017:20:04:30 +0200] "GET /css/print.css HTTP/1.1" 304 - "-" "Mozilla/5.0 (Linux; Android 6.0.1; SM-A300FU Build/MMB29M) AppleWebKit/537.36 (KHTML, like Gecko) Chrome/57.0.2987.132 Mobile Safari/537.36"
178.24.168.126 - - [09/Apr/2017:20:04:30 +0200] "GET /img/head_hg.jpg HTTP/1.1" 304 - "-" "Mozilla/5.0 (Linux; Android 6.0.1; SM-A300FU Build/MMB29M) AppleWebKit/537.36 (KHTML, like Gecko) Chrome/57.0.2987.132 Mobile Safari/537.36"
178.24.168.126 - - [09/Apr/2017:20:04:31 +0200] "GET /img/hg_body.gif HTTP/1.1" 304 - "-" "Mozilla/5.0 (Linux; Android 6.0.1; SM-A300FU Build/MMB29M) AppleWebKit/537.36 (KHTML, like Gecko) Chrome/57.0.2987.132 Mobile Safari/537.36"
178.24.168.126 - - [09/Apr/2017:20:04:31 +0200] "GET /img/berlin_footer2.gif HTTP/1.1" 304 - "-" "Mozilla/5.0 (Linux; Android 6.0.1; SM-A300FU Build/MMB29M) AppleWebKit/537.36 (KHTML, like Gecko) Chrome/57.0.2987.132 Mobile Safari/537.36"
178.24.168.126 - - [09/Apr/2017:20:04:31 +0200] "GET /css/screen.css HTTP/1.1" 304 - "-" "Mozilla/5.0 (Linux; Android 6.0.1; SM-A300FU Build/MMB29M) AppleWebKit/537.36 (KHTML, like Gecko) Chrome/57.0.2987.132 Mobile Safari/537.36"
178.24.168.126 - - [09/Apr/2017:20:04:31 +0200] "GET /js/curvycorners.src.js HTTP/1.1" 304 - "-" "Mozilla/5.0 (Linux; Android 6.0.1; SM-A300FU Build/MMB29M) AppleWebKit/537.36 (KHTML, like Gecko) Chrome/57.0.2987.132 Mobile Safari/537.36"
178.24.168.126 - - [09/Apr/2017:20:04:33 +0200] "GET /img/7183587b.jpg HTTP/1.1" 304 - "-" "Mozilla/5.0 (Linux; Android 6.0.1; SM-A300FU Build/MMB29M) AppleWebKit/537.36 (KHTML, like Gecko) Chrome/57.0.2987.132 Mobile Safari/537.36"
178.24.168.126 - - [09/Apr/2017:20:04:33 +0200] "GET /img/9606427.jpg HTTP/1.1" 304 - "-" "Mozilla/5.0 (Linux; Android 6.0.1; SM-A300FU Build/MMB29M) AppleWebKit/537.36 (KHTML, like Gecko) Chrome/57.0.2987.132 Mobile Safari/537.36"
178.24.168.126 - - [09/Apr/2017:20:04:33 +0200] "GET /img/14351312.jpg HTTP/1.1" 304 - "-" "Mozilla/5.0 (Linux; Android 6.0.1; SM-A300FU Build/MMB29M) AppleWebKit/537.36 (KHTML, like Gecko) Chrome/57.0.2987.132 Mobile Safari/537.36"
178.24.168.126 - - [09/Apr/2017:20:04:33 +0200] "GET /img/857034.jpg HTTP/1.1" 304 - "-" "Mozilla/5.0 (Linux; Android 6.0.1; SM-A300FU Build/MMB29M) AppleWebKit/537.36 (KHTML, like Gecko) Chrome/57.0.2987.132 Mobile Safari/537.36"
178.24.168.126 - - [09/Apr/2017:20:04:33 +0200] "GET /img/52814.jpg HTTP/1.1" 304 - "-" "Mozilla/5.0 (Linux; Android 6.0.1; SM-A300FU Build/MMB29M) AppleWebKit/537.36 (KHTML, like Gecko) Chrome/57.0.2987.132 Mobile Safari/537.36"
85.25.236.93 - - [09/Apr/2017:20:04:36 +0200] "GET / HTTP/1.1" 200 3464 "-" "Mozilla/5.0 (X11; U; Linux Core i7-4980HQ; de; rv:32.0; compatible; JobboerseBot; http://www.jobboerse.com/bot.htm) Gecko/20100101 Firefox/38.0"
85.25.236.93 - - [09/Apr/2017:20:04:36 +0200] "GET /js/curvycorners.src.js HTTP/1.1" 200 60221 "http://www.alle-ziele-spedition.de/" "Mozilla/5.0 (X11; U; Linux Core i7-4980HQ; de; rv:32.0; compatible; JobboerseBot; http://www.jobboerse.com/bot.htm) Gecko/20100101 Firefox/38.0"
85.25.236.93 - - [09/Apr/2017:20:04:37 +0200] "GET /css/screen.css HTTP/1.1" 200 13627 "http://www.alle-ziele-spedition.de/" "Mozilla/5.0 (X11; U; Linux Core i7-4980HQ; de; rv:32.0; compatible; JobboerseBot; http://www.jobboerse.com/bot.htm) Gecko/20100101 Firefox/38.0"
178.24.168.126 - - [09/Apr/2017:20:04:38 +0200] "GET /img/41954271.jpg HTTP/1.1" 304 - "-" "Mozilla/5.0 (Linux; Android 6.0.1; SM-A300FU Build/MMB29M) AppleWebKit/537.36 (KHTML, like Gecko) Chrome/57.0.2987.132 Mobile Safari/537.36"
85.25.236.93 - - [09/Apr/2017:20:04:38 +0200] "GET /css/print.css HTTP/1.1" 200 830 "http://www.alle-ziele-spedition.de/" "Mozilla/5.0 (X11; U; Linux Core i7-4980HQ; de; rv:32.0; compatible; JobboerseBot; http://www.jobboerse.com/bot.htm) Gecko/20100101 Firefox/38.0"
178.24.168.126 - - [09/Apr/2017:20:04:39 +0200] "GET /img/39858922.jpg HTTP/1.1" 304 - "-" "Mozilla/5.0 (Linux; Android 6.0.1; SM-A300FU Build/MMB29M) AppleWebKit/537.36 (KHTML, like Gecko) Chrome/57.0.2987.132 Mobile Safari/537.36"
178.24.168.126 - - [09/Apr/2017:20:04:40 +0200] "GET /img/40362199.jpg HTTP/1.1" 304 - "-" "Mozilla/5.0 (Linux; Android 6.0.1; SM-A300FU Build/MMB29M) AppleWebKit/537.36 (KHTML, like Gecko) Chrome/57.0.2987.132 Mobile Safari/537.36"
85.25.236.93 - - [09/Apr/2017:20:04:40 +0200] "GET / HTTP/1.1" 200 3464 "-" "Mozilla/5.0 (X11; U; Linux Core i7-4980HQ; de; rv:32.0; compatible; JobboerseBot; http://www.jobboerse.com/bot.htm) Gecko/20100101 Firefox/38.0"
85.25.236.93 - - [09/Apr/2017:20:04:40 +0200] "GET /js/curvycorners.src.js HTTP/1.1" 200 60221 "http://www.alle-ziele-spedition.de/" "Mozilla/5.0 (X11; U; Linux Core i7-4980HQ; de; rv:32.0; compatible; JobboerseBot; http://www.jobboerse.com/bot.htm) Gecko/20100101 Firefox/38.0"
178.24.168.126 - - [09/Apr/2017:20:04:40 +0200] "GET /img/customdeclar.jpg HTTP/1.1" 304 - "-" "Mozilla/5.0 (Linux; Android 6.0.1; SM-A300FU Build/MMB29M) AppleWebKit/537.36 (KHTML, like Gecko) Chrome/57.0.2987.132 Mobile Safari/537.36"
178.24.168.126 - - [09/Apr/2017:20:04:40 +0200] "GET /img/42884495.jpg HTTP/1.1" 304 - "-" "Mozilla/5.0 (Linux; Android 6.0.1; SM-A300FU Build/MMB29M) AppleWebKit/537.36 (KHTML, like Gecko) Chrome/57.0.2987.132 Mobile Safari/537.36"
178.24.168.126 - - [09/Apr/2017:20:04:41 +0200] "GET /img/30891670.jpg HTTP/1.1" 304 - "-" "Mozilla/5.0 (Linux; Android 6.0.1; SM-A300FU Build/MMB29M) AppleWebKit/537.36 (KHTML, like Gecko) Chrome/57.0.2987.132 Mobile Safari/537.36"
178.24.168.126 - - [09/Apr/2017:20:04:41 +0200] "GET /img/37796688.jpg HTTP/1.1" 304 - "-" "Mozilla/5.0 (Linux; Android 6.0.1; SM-A300FU Build/MMB29M) AppleWebKit/537.36 (KHTML, like Gecko) Chrome/57.0.2987.132 Mobile Safari/537.36"
85.25.236.93 - - [09/Apr/2017:20:04:41 +0200] "GET /css/screen.css HTTP/1.1" 200 13627 "http://www.alle-ziele-spedition.de/" "Mozilla/5.0 (X11; U; Linux Core i7-4980HQ; de; rv:32.0; compatible; JobboerseBot; http://www.jobboerse.com/bot.htm) Gecko/20100101 Firefox/38.0"
85.25.236.93 - - [09/Apr/2017:20:04:42 +0200] "GET /css/print.css HTTP/1.1" 200 830 "http://www.alle-ziele-spedition.de/" "Mozilla/5.0 (X11; U; Linux Core i7-4980HQ; de; rv:32.0; compatible; JobboerseBot; http://www.jobboerse.com/bot.htm) Gecko/20100101 Firefox/38.0"
85.25.236.93 - - [09/Apr/2017:20:04:45 +0200] "GET /sitemap HTTP/1.1" 200 5823 "-" "Mozilla/5.0 (X11; U; Linux Core i7-4980HQ; de; rv:32.0; compatible; JobboerseBot; http://www.jobboerse.com/bot.htm) Gecko/20100101 Firefox/38.0"
85.25.236.93 - - [09/Apr/2017:20:04:45 +0200] "GET /js/curvycorners.src.js HTTP/1.1" 200 60221 "http://www.alle-ziele-spedition.de/sitemap" "Mozilla/5.0 (X11; U; Linux Core i7-4980HQ; de; rv:32.0; compatible; JobboerseBot; http://www.jobboerse.com/bot.htm) Gecko/20100101 Firefox/38.0"
85.25.236.93 - - [09/Apr/2017:20:04:46 +0200] "GET /css/screen.css HTTP/1.1" 200 13627 "http://www.alle-ziele-spedition.de/sitemap" "Mozilla/5.0 (X11; U; Linux Core i7-4980HQ; de; rv:32.0; compatible; JobboerseBot; http://www.jobboerse.com/bot.htm) Gecko/20100101 Firefox/38.0"
85.25.236.93 - - [09/Apr/2017:20:04:46 +0200] "GET /css/print.css HTTP/1.1" 200 830 "http://www.alle-ziele-spedition.de/sitemap" "Mozilla/5.0 (X11; U; Linux Core i7-4980HQ; de; rv:32.0; compatible; JobboerseBot; http://www.jobboerse.com/bot.htm) Gecko/20100101 Firefox/38.0"
85.25.236.93 - - [09/Apr/2017:20:04:56 +0200] "GET /informationen/spediteur HTTP/1.1" 200 112072 "-" "Mozilla/5.0 (X11; U; Linux Core i7-4980HQ; de; rv:32.0; compatible; JobboerseBot; http://www.jobboerse.com/bot.htm) Gecko/20100101 Firefox/38.0"
85.25.236.93 - - [09/Apr/2017:20:04:56 +0200] "GET /js/curvycorners.src.js HTTP/1.1" 200 60221 "http://www.alle-ziele-spedition.de/informationen/spediteur" "Mozilla/5.0 (X11; U; Linux Core i7-4980HQ; de; rv:32.0; compatible; JobboerseBot; http://www.jobboerse.com/bot.htm) Gecko/20100101 Firefox/38.0"
85.25.236.93 - - [09/Apr/2017:20:04:58 +0200] "GET /css/screen.css HTTP/1.1" 200 13627 "http://www.alle-ziele-spedition.de/informationen/spediteur" "Mozilla/5.0 (X11; U; Linux Core i7-4980HQ; de; rv:32.0; compatible; JobboerseBot; http://www.jobboerse.com/bot.htm) Gecko/20100101 Firefox/38.0"
85.25.236.93 - - [09/Apr/2017:20:05:00 +0200] "GET /css/print.css HTTP/1.1" 200 830 "http://www.alle-ziele-spedition.de/informationen/spediteur" "Mozilla/5.0 (X11; U; Linux Core i7-4980HQ; de; rv:32.0; compatible; JobboerseBot; http://www.jobboerse.com/bot.htm) Gecko/20100101 Firefox/38.0"
85.25.236.93 - - [09/Apr/2017:20:05:32 +0200] "GET /unternehmen/wir_ueber_uns HTTP/1.1" 200 5188 "-" "Mozilla/5.0 (X11; U; Linux Core i7-4980HQ; de; rv:32.0; compatible; JobboerseBot; http://www.jobboerse.com/bot.htm) Gecko/20100101 Firefox/38.0"
85.25.236.93 - - [09/Apr/2017:20:05:32 +0200] "GET /js/curvycorners.src.js HTTP/1.1" 200 60221 "http://www.alle-ziele-spedition.de/unternehmen/wir_ueber_uns" "Mozilla/5.0 (X11; U; Linux Core i7-4980HQ; de; rv:32.0; compatible; JobboerseBot; http://www.jobboerse.com/bot.htm) Gecko/20100101 Firefox/38.0"
85.25.236.93 - - [09/Apr/2017:20:05:32 +0200] "GET /css/screen.css HTTP/1.1" 200 13627 "http://www.alle-ziele-spedition.de/unternehmen/wir_ueber_uns" "Mozilla/5.0 (X11; U; Linux Core i7-4980HQ; de; rv:32.0; compatible; JobboerseBot; http://www.jobboerse.com/bot.htm) Gecko/20100101 Firefox/38.0"
85.25.236.93 - - [09/Apr/2017:20:05:35 +0200] "GET /css/print.css HTTP/1.1" 200 830 "http://www.alle-ziele-spedition.de/unternehmen/wir_ueber_uns" "Mozilla/5.0 (X11; U; Linux Core i7-4980HQ; de; rv:32.0; compatible; JobboerseBot; http://www.jobboerse.com/bot.htm) Gecko/20100101 Firefox/38.0"
85.25.236.93 - - [09/Apr/2017:20:05:38 +0200] "GET /geschaeftskunden/tkl_uebersee HTTP/1.1" 200 4007 "-" "Mozilla/5.0 (X11; U; Linux Core i7-4980HQ; de; rv:32.0; compatible; JobboerseBot; http://www.jobboerse.com/bot.htm) Gecko/20100101 Firefox/38.0"
85.25.236.93 - - [09/Apr/2017:20:05:38 +0200] "GET /js/curvycorners.src.js HTTP/1.1" 200 60221 "http://www.alle-ziele-spedition.de/geschaeftskunden/tkl_uebersee" "Mozilla/5.0 (X11; U; Linux Core i7-4980HQ; de; rv:32.0; compatible; JobboerseBot; http://www.jobboerse.com/bot.htm) Gecko/20100101 Firefox/38.0"
85.25.236.93 - - [09/Apr/2017:20:05:42 +0200] "GET /css/screen.css HTTP/1.1" 200 13627 "http://www.alle-ziele-spedition.de/geschaeftskunden/tkl_uebersee" "Mozilla/5.0 (X11; U; Linux Core i7-4980HQ; de; rv:32.0; compatible; JobboerseBot; http://www.jobboerse.com/bot.htm) Gecko/20100101 Firefox/38.0"
85.25.236.93 - - [09/Apr/2017:20:05:42 +0200] "GET /css/print.css HTTP/1.1" 200 830 "http://www.alle-ziele-spedition.de/geschaeftskunden/tkl_uebersee" "Mozilla/5.0 (X11; U; Linux Core i7-4980HQ; de; rv:32.0; compatible; JobboerseBot; http://www.jobboerse.com/bot.htm) Gecko/20100101 Firefox/38.0"
85.25.236.93 - - [09/Apr/2017:20:05:47 +0200] "GET /unternehmen HTTP/1.1" 200 3276 "-" "Mozilla/5.0 (X11; U; Linux Core i7-4980HQ; de; rv:32.0; compatible; JobboerseBot; http://www.jobboerse.com/bot.htm) Gecko/20100101 Firefox/38.0"
85.25.236.93 - - [09/Apr/2017:20:05:48 +0200] "GET /js/curvycorners.src.js HTTP/1.1" 200 60221 "http://www.alle-ziele-spedition.de/unternehmen" "Mozilla/5.0 (X11; U; Linux Core i7-4980HQ; de; rv:32.0; compatible; JobboerseBot; http://www.jobboerse.com/bot.htm) Gecko/20100101 Firefox/38.0"
85.25.236.93 - - [09/Apr/2017:20:05:48 +0200] "GET /css/screen.css HTTP/1.1" 200 13627 "http://www.alle-ziele-spedition.de/unternehmen" "Mozilla/5.0 (X11; U; Linux Core i7-4980HQ; de; rv:32.0; compatible; JobboerseBot; http://www.jobboerse.com/bot.htm) Gecko/20100101 Firefox/38.0"
85.25.236.93 - - [09/Apr/2017:20:05:48 +0200] "GET /css/print.css HTTP/1.1" 200 830 "http://www.alle-ziele-spedition.de/unternehmen" "Mozilla/5.0 (X11; U; Linux Core i7-4980HQ; de; rv:32.0; compatible; JobboerseBot; http://www.jobboerse.com/bot.htm) Gecko/20100101 Firefox/38.0"
85.25.236.93 - - [09/Apr/2017:20:05:52 +0200] "GET /kontakt HTTP/1.1" 200 6263 "-" "Mozilla/5.0 (X11; U; Linux Core i7-4980HQ; de; rv:32.0; compatible; JobboerseBot; http://www.jobboerse.com/bot.htm) Gecko/20100101 Firefox/38.0"
85.25.236.93 - - [09/Apr/2017:20:05:52 +0200] "GET /js/curvycorners.src.js HTTP/1.1" 200 60221 "http://www.alle-ziele-spedition.de/kontakt" "Mozilla/5.0 (X11; U; Linux Core i7-4980HQ; de; rv:32.0; compatible; JobboerseBot; http://www.jobboerse.com/bot.htm) Gecko/20100101 Firefox/38.0"
85.25.236.93 - - [09/Apr/2017:20:05:52 +0200] "GET /css/screen.css HTTP/1.1" 200 13627 "http://www.alle-ziele-spedition.de/kontakt" "Mozilla/5.0 (X11; U; Linux Core i7-4980HQ; de; rv:32.0; compatible; JobboerseBot; http://www.jobboerse.com/bot.htm) Gecko/20100101 Firefox/38.0"
85.25.236.93 - - [09/Apr/2017:20:06:09 +0200] "GET /css/print.css HTTP/1.1" 200 830 "http://www.alle-ziele-spedition.de/kontakt" "Mozilla/5.0 (X11; U; Linux Core i7-4980HQ; de; rv:32.0; compatible; JobboerseBot; http://www.jobboerse.com/bot.htm) Gecko/20100101 Firefox/38.0"
85.25.236.93 - - [09/Apr/2017:20:06:12 +0200] "GET /aktuelles HTTP/1.1" 200 8482 "-" "Mozilla/5.0 (X11; U; Linux Core i7-4980HQ; de; rv:32.0; compatible; JobboerseBot; http://www.jobboerse.com/bot.htm) Gecko/20100101 Firefox/38.0"
85.25.236.93 - - [09/Apr/2017:20:06:13 +0200] "GET /js/curvycorners.src.js HTTP/1.1" 200 60221 "http://www.alle-ziele-spedition.de/aktuelles" "Mozilla/5.0 (X11; U; Linux Core i7-4980HQ; de; rv:32.0; compatible; JobboerseBot; http://www.jobboerse.com/bot.htm) Gecko/20100101 Firefox/38.0"
85.25.236.93 - - [09/Apr/2017:20:06:14 +0200] "GET /css/screen.css HTTP/1.1" 200 13627 "http://www.alle-ziele-spedition.de/aktuelles" "Mozilla/5.0 (X11; U; Linux Core i7-4980HQ; de; rv:32.0; compatible; JobboerseBot; http://www.jobboerse.com/bot.htm) Gecko/20100101 Firefox/38.0"
85.25.236.93 - - [09/Apr/2017:20:06:14 +0200] "GET /css/print.css HTTP/1.1" 200 830 "http://www.alle-ziele-spedition.de/aktuelles" "Mozilla/5.0 (X11; U; Linux Core i7-4980HQ; de; rv:32.0; compatible; JobboerseBot; http://www.jobboerse.com/bot.htm) Gecko/20100101 Firefox/38.0"
85.25.236.93 - - [09/Apr/2017:20:06:18 +0200] "GET /privatkunden/vollcontainer HTTP/1.1" 200 6154 "-" "Mozilla/5.0 (X11; U; Linux Core i7-4980HQ; de; rv:32.0; compatible; JobboerseBot; http://www.jobboerse.com/bot.htm) Gecko/20100101 Firefox/38.0"
85.25.236.93 - - [09/Apr/2017:20:06:19 +0200] "GET /js/curvycorners.src.js HTTP/1.1" 200 60221 "http://www.alle-ziele-spedition.de/privatkunden/vollcontainer" "Mozilla/5.0 (X11; U; Linux Core i7-4980HQ; de; rv:32.0; compatible; JobboerseBot; http://www.jobboerse.com/bot.htm) Gecko/20100101 Firefox/38.0"
85.25.236.93 - - [09/Apr/2017:20:06:19 +0200] "GET /css/screen.css HTTP/1.1" 200 13627 "http://www.alle-ziele-spedition.de/privatkunden/vollcontainer" "Mozilla/5.0 (X11; U; Linux Core i7-4980HQ; de; rv:32.0; compatible; JobboerseBot; http://www.jobboerse.com/bot.htm) Gecko/20100101 Firefox/38.0"
85.25.236.93 - - [09/Apr/2017:20:06:19 +0200] "GET /css/print.css HTTP/1.1" 200 830 "http://www.alle-ziele-spedition.de/privatkunden/vollcontainer" "Mozilla/5.0 (X11; U; Linux Core i7-4980HQ; de; rv:32.0; compatible; JobboerseBot; http://www.jobboerse.com/bot.htm) Gecko/20100101 Firefox/38.0"
85.25.236.93 - - [09/Apr/2017:20:06:25 +0200] "GET /privatkunden/seefracht HTTP/1.1" 200 6230 "-" "Mozilla/5.0 (X11; U; Linux Core i7-4980HQ; de; rv:32.0; compatible; JobboerseBot; http://www.jobboerse.com/bot.htm) Gecko/20100101 Firefox/38.0"
85.25.236.93 - - [09/Apr/2017:20:06:25 +0200] "GET /js/curvycorners.src.js HTTP/1.1" 200 60221 "http://www.alle-ziele-spedition.de/privatkunden/seefracht" "Mozilla/5.0 (X11; U; Linux Core i7-4980HQ; de; rv:32.0; compatible; JobboerseBot; http://www.jobboerse.com/bot.htm) Gecko/20100101 Firefox/38.0"
85.25.236.93 - - [09/Apr/2017:20:06:26 +0200] "GET /css/screen.css HTTP/1.1" 200 13627 "http://www.alle-ziele-spedition.de/privatkunden/seefracht" "Mozilla/5.0 (X11; U; Linux Core i7-4980HQ; de; rv:32.0; compatible; JobboerseBot; http://www.jobboerse.com/bot.htm) Gecko/20100101 Firefox/38.0"
85.25.236.93 - - [09/Apr/2017:20:06:27 +0200] "GET /css/print.css HTTP/1.1" 200 830 "http://www.alle-ziele-spedition.de/privatkunden/seefracht" "Mozilla/5.0 (X11; U; Linux Core i7-4980HQ; de; rv:32.0; compatible; JobboerseBot; http://www.jobboerse.com/bot.htm) Gecko/20100101 Firefox/38.0"
