93.190.65.123 - - [07/Sep/2010:22:06:40 +0200] "GET / HTTP/1.1" 302 - "-" "Java/1.6.0_16"
207.46.13.144 - - [07/Sep/2010:23:25:15 +0200] "GET /robots.txt HTTP/1.1" 404 1256 "-" "msnbot/2.0b (+http://search.msn.com/msnbot.htm)"
207.46.13.144 - - [07/Sep/2010:23:56:58 +0200] "GET / HTTP/1.1" 302 - "-" "msnbot/2.0b (+http://search.msn.com/msnbot.htm)"
67.195.37.171 - - [08/Sep/2010:01:16:50 +0200] "GET /robots.txt HTTP/1.0" 404 1256 "-" "Mozilla/5.0 (compatible; Yahoo! Slurp; http://help.yahoo.com/help/us/ysearch/slurp)"
67.195.37.171 - - [08/Sep/2010:01:16:51 +0200] "GET / HTTP/1.0" 302 - "-" "Mozilla/5.0 (compatible; Yahoo! Slurp/3.0; http://help.yahoo.com/help/us/ysearch/slurp)"
79.242.168.204 - - [08/Sep/2010:01:33:42 +0200] "GET / HTTP/1.1" 302 - "http://www.google.de/search?client=firefox-a&rls=org.mozilla%3Ade%3Aofficial&channel=s&hl=de&source=hp&q=berufsbildene+schulen+berlin&meta=&btnG=Google-Suche" "Mozilla/5.0 (Windows; U; Windows NT 5.1; de; rv:1.9.1.9) Gecko/20100315 Firefox/3.5.9 (.NET CLR 3.5.30729)"
93.190.65.123 - - [08/Sep/2010:07:30:36 +0200] "GET / HTTP/1.1" 302 - "-" "Java/1.6.0_16"
89.247.225.100 - - [08/Sep/2010:08:07:37 +0200] "GET / HTTP/1.0" 302 - "-" "Mozilla/5.0 (Windows; U; Windows NT 5.1; de; rv:1.9.0.19) Gecko/2010031422 Firefox/3.0.19"
89.247.225.100 - - [08/Sep/2010:08:12:40 +0200] "GET / HTTP/1.1" 302 - "-" "Mozilla/5.0 (Windows; U; Windows NT 5.1; de; rv:1.9.2.3) Gecko/20100401 Firefox/3.6.3"
89.247.225.100 - - [08/Sep/2010:08:38:43 +0200] "GET / HTTP/1.0" 302 - "-" "Mozilla/5.0 (Windows; U; Windows NT 5.1; de; rv:1.9.0.19) Gecko/2010031422 Firefox/3.0.19"
89.247.225.100 - - [08/Sep/2010:08:45:48 +0200] "GET / HTTP/1.0" 302 - "-" "Mozilla/5.0 (Windows; U; Windows NT 5.1; de; rv:1.9.0.3) Gecko/2008092417 Firefox/3.0.3"
217.26.52.12 - - [08/Sep/2010:09:17:45 +0200] "GET / HTTP/1.0" 302 - "http://septfilles.ch/?photo0=&photox=friedrich-list-berlin" "Mozilla/4.0 (compatible; MSIE 8.0; Windows NT 5.1)"
89.247.225.100 - - [08/Sep/2010:09:18:00 +0200] "GET / HTTP/1.0" 302 - "-" "Mozilla/5.0 (Windows; U; Windows NT 5.1; de; rv:1.9.0.3) Gecko/2008092417 Firefox/3.0.3"
89.247.225.100 - - [08/Sep/2010:09:30:46 +0200] "GET / HTTP/1.1" 302 - "-" "Mozilla/5.0 (Windows; U; Windows NT 5.1; de; rv:1.9.2.3) Gecko/20100401 Firefox/3.6.3"
89.247.225.100 - - [08/Sep/2010:09:47:32 +0200] "GET / HTTP/1.1" 302 - "-" "Mozilla/5.0 (Windows; U; Windows NT 5.1; de; rv:1.9.2.8) Gecko/20100722 Firefox/3.6.8"
89.247.225.100 - - [08/Sep/2010:09:52:01 +0200] "GET / HTTP/1.1" 302 - "-" "Mozilla/5.0 (Windows; U; Windows NT 5.1; de; rv:1.9.2.8) Gecko/20100722 Firefox/3.6.8"
89.247.225.100 - - [08/Sep/2010:09:54:50 +0200] "GET / HTTP/1.1" 302 - "-" "Mozilla/5.0 (Windows; U; Windows NT 5.1; de; rv:1.9.2.8) Gecko/20100722 Firefox/3.6.8"
109.45.70.43 - - [08/Sep/2010:10:13:47 +0200] "GET / HTTP/1.1" 302 - "http://www.google.de/m/place?oe=UTF-8&client=safari&q=friedrich+list+schule&hl=de&latlng=15796106503487596536&cid=15796106503487596536&bl=/m/search?oe%3DUTF-8%26client%3Dsafari%26q%3Dfriedrich%2Blist%2Bschule%26hl%3Dde%26start%3D0&ei=lkWHTPCDOIasjge22OGdAQ&ved=0CBsQnQIwAQ" "Mozilla/5.0 (iPhone; U; CPU iPhone OS 4_0 like Mac OS X; de-de) AppleWebKit/532.9 (KHTML, like Gecko) Version/4.0.5 Mobile/8A293 Safari/6531.22.7"
89.247.225.100 - - [08/Sep/2010:10:23:27 +0200] "GET / HTTP/1.0" 302 - "-" "Mozilla/5.0 (Windows; U; Windows NT 5.1; de; rv:1.9.0.3) Gecko/2008092417 Firefox/3.0.3"
87.123.87.158 - - [08/Sep/2010:10:43:34 +0200] "GET / HTTP/1.1" 302 - "-" "Mozilla/5.0 (Windows; U; Windows NT 5.1; de; rv:1.9.2.8) Gecko/20100722 Firefox/3.6.8"
87.123.87.158 - - [08/Sep/2010:11:00:33 +0200] "GET / HTTP/1.0" 302 - "-" "Mozilla/5.0 (Windows; U; Windows NT 5.1; de; rv:1.9.0.3) Gecko/2008092417 Firefox/3.0.3"
87.123.87.158 - - [08/Sep/2010:11:00:35 +0200] "GET / HTTP/1.0" 302 - "-" "Mozilla/5.0 (Windows; U; Windows NT 5.1; de; rv:1.9.0.3) Gecko/2008092417 Firefox/3.0.3"
87.123.87.158 - - [08/Sep/2010:11:04:37 +0200] "GET / HTTP/1.0" 302 - "-" "Mozilla/5.0 (Windows; U; Windows NT 5.1; de; rv:1.9.0.3) Gecko/2008092417 Firefox/3.0.3"
87.123.87.158 - - [08/Sep/2010:11:29:08 +0200] "GET / HTTP/1.0" 302 - "-" "Mozilla/5.0 (Windows; U; Windows NT 5.1; de; rv:1.9.0.3) Gecko/2008092417 Firefox/3.0.3"
87.123.87.158 - - [08/Sep/2010:11:47:24 +0200] "GET / HTTP/1.1" 302 - "-" "Mozilla/5.0 (Windows; U; Windows NT 5.1; de; rv:1.9.2.8) Gecko/20100722 Firefox/3.6.8"
87.123.87.158 - - [08/Sep/2010:11:55:44 +0200] "GET / HTTP/1.0" 302 - "-" "Mozilla/5.0 (Windows; U; Windows NT 5.1; de; rv:1.9.0.3) Gecko/2008092417 Firefox/3.0.3"
87.123.87.158 - - [08/Sep/2010:11:56:15 +0200] "GET / HTTP/1.0" 302 - "-" "Mozilla/5.0 (Windows; U; Windows NT 5.1; de; rv:1.9.0.19) Gecko/2010031422 Firefox/3.0.19"
87.123.87.158 - - [08/Sep/2010:11:57:02 +0200] "GET / HTTP/1.0" 302 - "-" "Mozilla/5.0 (Windows; U; Windows NT 5.1; de; rv:1.9.0.19) Gecko/2010031422 Firefox/3.0.19"
87.123.87.158 - - [08/Sep/2010:12:28:13 +0200] "GET / HTTP/1.0" 302 - "-" "Mozilla/5.0 (Windows; U; Windows NT 5.1; de; rv:1.9.0.3) Gecko/2008092417 Firefox/3.0.3"
87.123.87.158 - - [08/Sep/2010:12:50:42 +0200] "GET / HTTP/1.0" 302 - "-" "Mozilla/5.0 (Windows; U; Windows NT 5.1; de; rv:1.9.0.3) Gecko/2008092417 Firefox/3.0.3"
87.123.87.158 - - [08/Sep/2010:13:02:58 +0200] "GET / HTTP/1.0" 302 - "-" "Mozilla/5.0 (Windows; U; Windows NT 5.1; de; rv:1.9.0.19) Gecko/2010031422 Firefox/3.0.19"
87.123.87.158 - - [08/Sep/2010:13:34:02 +0200] "GET / HTTP/1.0" 302 - "-" "Mozilla/5.0 (Windows; U; Windows NT 5.1; de; rv:1.9.0.19) Gecko/2010031422 Firefox/3.0.19"
78.52.128.250 - - [08/Sep/2010:13:34:05 +0200] "GET / HTTP/1.1" 302 - "http://www.berlin.de/sen/bildung/schulverzeichnis_und_portraets/anwendung/Schulportrait.aspx?ID=1113101351" "Mozilla/5.0 (Windows; U; Windows NT 5.1; en-GB; rv:1.9.1.11) Gecko/20100701 Firefox/3.5.11 (.NET CLR 3.5.30729)"
87.123.87.158 - - [08/Sep/2010:13:36:15 +0200] "GET / HTTP/1.0" 302 - "-" "Mozilla/5.0 (Windows; U; Windows NT 5.1; de; rv:1.9.0.19) Gecko/2010031422 Firefox/3.0.19"
87.123.87.158 - - [08/Sep/2010:13:36:49 +0200] "GET / HTTP/1.1" 302 - "-" "Mozilla/5.0 (Windows; U; Windows NT 5.1; de; rv:1.9.2.3) Gecko/20100401 Firefox/3.6.3"
95.88.8.246 - - [08/Sep/2010:14:14:22 +0200] "GET / HTTP/1.1" 302 - "http://maps.google.de/maps?hl=de&um=1&ie=UTF-8&q=osz+berlin&fb=1&gl=de&hq=osz&hnear=Berlin&view=text&ei=rniHTMDIG4yLswbZnNHaCg&sa=X&oi=local_group&ct=more-results&resnum=1&ved=0CDIQtQMwAA" "Mozilla/5.0 (Windows; U; Windows NT 6.1; de; rv:1.9.2.8) Gecko/20100722 Firefox/3.6.8"
91.64.165.218 - - [08/Sep/2010:16:54:28 +0200] "GET / HTTP/1.1" 302 - "http://www.google.de/url?sa=t&source=web&cd=6&ved=0CC8QFDAF&url=http%3A%2F%2Fwww.friedrich-list-berlin.de%2F&rct=j&q=berufsschulen%20berlin&ei=x6KHTP3iFsmKOOKagZgO&usg=AFQjCNGsKs3TvBQ4z91zrYvo9_SfKi5nug" "Mozilla/5.0 (Macintosh; U; Intel Mac OS X 10.5; de; rv:1.9.1.11) Gecko/20100701 Firefox/3.5.11"
95.108.150.235 - - [08/Sep/2010:18:53:57 +0200] "GET /robots.txt HTTP/1.1" 404 1256 "-" "Mozilla/5.0 (compatible; YandexBot/3.0; MirrorDetector; +http://yandex.com/bots)"
95.108.150.235 - - [08/Sep/2010:18:53:58 +0200] "GET / HTTP/1.1" 302 - "-" "Mozilla/5.0 (compatible; YandexBot/3.0; MirrorDetector; +http://yandex.com/bots)"
178.77.72.187 - - [08/Sep/2010:20:48:52 +0200] "GET / HTTP/1.1" 302 - "-" "Java/1.6.0_0"
208.80.194.32 - - [08/Sep/2010:22:11:43 +0200] "GET / HTTP/1.0" 302 - "-" "Mozilla/4.0 (compatible; MSIE 6.0; Windows NT 5.1; sv1; .NET CLR 2.0.50727)"
92.231.248.18 - - [09/Sep/2010:00:23:01 +0200] "GET / HTTP/1.1" 302 - "http://www.google.de/url?sa=t&source=web&cd=1&ved=0CBkQFDAA&url=http%3A%2F%2Fwww.friedrich-list-berlin.de%2F&rct=j&q=kaufmanische%20schule%20berlin&ei=vwyITIjrC4KVswb1pKWvCg&usg=AFQjCNGsKs3TvBQ4z91zrYvo9_SfKi5nug" "Mozilla/5.0 (Windows; U; Windows NT 5.1; de; rv:1.9.0.19) Gecko/2010031422 Firefox/3.0.19"
178.77.73.12 - - [09/Sep/2010:00:54:27 +0200] "GET / HTTP/1.1" 302 - "-" "Java/1.6.0_0"
207.46.199.178 - - [09/Sep/2010:01:40:42 +0200] "GET /robots.txt HTTP/1.1" 404 1256 "-" "msnbot/2.0b (+http://search.msn.com/msnbot.htm)"
178.77.72.187 - - [09/Sep/2010:05:35:37 +0200] "GET / HTTP/1.1" 302 - "-" "Java/1.6.0_0"
87.123.87.158 - - [09/Sep/2010:08:04:01 +0200] "GET / HTTP/1.0" 302 - "-" "Mozilla/5.0 (Windows; U; Windows NT 5.1; de; rv:1.9.0.3) Gecko/2008092417 Firefox/3.0.3"
87.123.87.158 - - [09/Sep/2010:08:15:05 +0200] "GET / HTTP/1.0" 302 - "-" "Mozilla/5.0 (Windows; U; Windows NT 5.1; de; rv:1.9.0.3) Gecko/2008092417 Firefox/3.0.3"
87.123.87.158 - - [09/Sep/2010:09:32:10 +0200] "GET / HTTP/1.0" 302 - "-" "Mozilla/5.0 (Windows; U; Windows NT 5.1; de; rv:1.9.0.19) Gecko/2010031422 Firefox/3.0.19"
87.123.87.158 - - [09/Sep/2010:09:32:27 +0200] "GET / HTTP/1.1" 302 - "-" "Mozilla/5.0 (Windows; U; Windows NT 5.1; de; rv:1.9.2.9) Gecko/20100824 Firefox/3.6.9"
87.123.87.158 - - [09/Sep/2010:09:41:36 +0200] "GET / HTTP/1.0" 302 - "-" "Mozilla/5.0 (Windows; U; Windows NT 5.1; de; rv:1.9.0.3) Gecko/2008092417 Firefox/3.0.3"
87.123.87.158 - - [09/Sep/2010:09:43:55 +0200] "GET / HTTP/1.1" 302 - "-" "Mozilla/5.0 (Windows; U; Windows NT 5.1; de; rv:1.9.2.9) Gecko/20100824 Firefox/3.6.9"
87.123.87.158 - - [09/Sep/2010:09:48:04 +0200] "GET / HTTP/1.0" 302 - "-" "Mozilla/5.0 (Windows; U; Windows NT 5.1; de; rv:1.9.0.3) Gecko/2008092417 Firefox/3.0.3"
87.123.87.158 - - [09/Sep/2010:09:51:27 +0200] "GET / HTTP/1.0" 302 - "-" "Mozilla/5.0 (Windows; U; Windows NT 5.1; de; rv:1.9.0.19) Gecko/2010031422 Firefox/3.0.19"
87.123.87.158 - - [09/Sep/2010:10:13:21 +0200] "GET / HTTP/1.0" 302 - "-" "Mozilla/5.0 (Windows; U; Windows NT 5.1; de; rv:1.9.0.3) Gecko/2008092417 Firefox/3.0.3"
87.123.87.158 - - [09/Sep/2010:10:13:47 +0200] "GET / HTTP/1.0" 302 - "-" "Mozilla/5.0 (Windows; U; Windows NT 5.1; de; rv:1.9.0.19) Gecko/2010031422 Firefox/3.0.19"
207.46.199.178 - - [09/Sep/2010:10:19:24 +0200] "GET /robots.txt HTTP/1.1" 404 1256 "-" "msnbot/2.0b (+http://search.msn.com/msnbot.htm)"
178.77.73.12 - - [09/Sep/2010:10:31:19 +0200] "GET / HTTP/1.1" 302 - "-" "Java/1.6.0_0"
89.247.235.167 - - [09/Sep/2010:10:47:13 +0200] "GET / HTTP/1.0" 302 - "-" "Mozilla/5.0 (Windows; U; Windows NT 5.1; de; rv:1.9.0.19) Gecko/2010031422 Firefox/3.0.19"
89.247.235.167 - - [09/Sep/2010:10:54:52 +0200] "GET / HTTP/1.0" 302 - "-" "Mozilla/5.0 (Windows; U; Windows NT 5.1; de; rv:1.9.0.19) Gecko/2010031422 Firefox/3.0.19"
84.189.91.163 - - [09/Sep/2010:11:05:59 +0200] "GET / HTTP/1.1" 302 - "-" "Mozilla/4.0 (compatible; MSIE 6.0; Windows NT 5.1; SV1; GTB6.5; .NET CLR 1.1.4322; .NET CLR 2.0.50727; InfoPath.1; .NET CLR 3.0.4506.2152; .NET CLR 3.5.30729)"
84.189.91.163 - - [09/Sep/2010:11:10:29 +0200] "GET / HTTP/1.1" 302 - "-" "Mozilla/4.0 (compatible; MSIE 6.0; Windows NT 5.1; SV1; GTB6.5; .NET CLR 1.1.4322; .NET CLR 2.0.50727; InfoPath.1; .NET CLR 3.0.4506.2152; .NET CLR 3.5.30729)"
89.247.235.167 - - [09/Sep/2010:11:32:59 +0200] "GET / HTTP/1.1" 302 - "-" "Mozilla/5.0 (Windows; U; Windows NT 5.1; de; rv:1.9.2.9) Gecko/20100824 Firefox/3.6.9"
89.247.235.167 - - [09/Sep/2010:11:32:59 +0200] "GET / HTTP/1.1" 302 - "-" "Mozilla/5.0 (Windows; U; Windows NT 5.1; de; rv:1.9.2.9) Gecko/20100824 Firefox/3.6.9"
89.247.235.167 - - [09/Sep/2010:11:33:30 +0200] "GET / HTTP/1.1" 302 - "-" "Mozilla/5.0 (Windows; U; Windows NT 5.1; de; rv:1.9.2.3) Gecko/20100401 Firefox/3.6.3"
89.247.235.167 - - [09/Sep/2010:11:47:02 +0200] "GET / HTTP/1.1" 302 - "-" "Mozilla/5.0 (Windows; U; Windows NT 5.1; de; rv:1.9.2.9) Gecko/20100824 Firefox/3.6.9"
91.49.41.36 - - [09/Sep/2010:11:58:41 +0200] "GET / HTTP/1.1" 302 - "http://de.linkedin.com/in/heikedanner" "Mozilla/5.0 (Windows; U; Windows NT 5.1; de; rv:1.9.2.9) Gecko/20100824 Firefox/3.0.5 (de) (TL-FF) (.NET CLR 3.5.30729)"
94.23.211.138 - - [09/Sep/2010:12:31:35 +0200] "HEAD / HTTP/1.1" 302 - "-" "Mozilla/4.0 (compatible; MSIE 5.01; Windows NT 5.0)"
89.247.235.167 - - [09/Sep/2010:12:44:34 +0200] "GET / HTTP/1.1" 302 - "-" "Mozilla/5.0 (Windows; U; Windows NT 5.1; de; rv:1.9.2.9) Gecko/20100824 Firefox/3.6.9"
178.77.73.12 - - [09/Sep/2010:15:40:01 +0200] "GET / HTTP/1.1" 302 - "-" "Java/1.6.0_0"
88.68.162.226 - - [09/Sep/2010:20:38:43 +0200] "GET / HTTP/1.1" 302 - "http://www.google.com/search?ie=UTF-8&oe=UTF-8&sourceid=navclient&gfns=1&q=kaufm%C3%A4nnische+schule+berlin" "Mozilla/5.0 (X11; U; Linux x86_64; de; rv:1.9.2.9) Gecko/20100825 Ubuntu/10.04 (lucid) Firefox/3.6.9"
93.190.65.123 - - [09/Sep/2010:20:54:04 +0200] "GET / HTTP/1.1" 302 - "-" "Java/1.6.0_16"
84.90.155.105 - - [09/Sep/2010:23:17:52 +0200] "GET / HTTP/1.1" 302 - "-" "Mozilla/5.0 (Windows; U; Windows NT 6.0; pt-PT; rv:1.9.2.3) Gecko/20100401 Firefox/3.6.3"
92.231.225.141 - - [09/Sep/2010:23:24:30 +0200] "GET / HTTP/1.1" 302 - "http://de.linkedin.com/in/heikedanner" "Mozilla/5.0 (Windows; U; Windows NT 6.0; de; rv:1.9.0.19) Gecko/2010031422 AskTbDVSV5/3.8.0.12304 Firefox/3.0.19 (.NET CLR 3.5.30729)"
83.169.47.121 - - [10/Sep/2010:02:59:41 +0200] "GET / HTTP/1.1" 302 - "-" "Java/1.6.0_0"
83.133.125.202 - - [10/Sep/2010:03:05:01 +0200] "GET / HTTP/1.1" 302 - "http://www.bigfinder.de/" "T-Online Browser (Windows NT 6.1; de)"
89.247.235.167 - - [10/Sep/2010:08:02:47 +0200] "GET / HTTP/1.0" 302 - "-" "Mozilla/5.0 (Windows; U; Windows NT 5.1; de; rv:1.9.0.3) Gecko/2008092417 Firefox/3.0.3"
83.169.47.121 - - [10/Sep/2010:08:36:12 +0200] "GET / HTTP/1.1" 302 - "-" "Java/1.6.0_0"
89.247.235.167 - - [10/Sep/2010:08:48:12 +0200] "GET / HTTP/1.0" 302 - "-" "Mozilla/5.0 (Windows; U; Windows NT 5.1; de; rv:1.9.0.3) Gecko/2008092417 Firefox/3.0.3"
89.247.235.167 - - [10/Sep/2010:09:24:33 +0200] "GET / HTTP/1.1" 302 - "-" "Mozilla/5.0 (Windows; U; Windows NT 5.1; de; rv:1.9.2.3) Gecko/20100401 Firefox/3.6.3"
89.247.235.167 - - [10/Sep/2010:09:25:20 +0200] "GET / HTTP/1.1" 302 - "-" "Mozilla/5.0 (Windows; U; Windows NT 5.1; de; rv:1.9.2.3) Gecko/20100401 Firefox/3.6.3"
89.247.235.167 - - [10/Sep/2010:09:27:37 +0200] "GET / HTTP/1.0" 302 - "-" "Mozilla/5.0 (Windows; U; Windows NT 5.1; de; rv:1.9.0.3) Gecko/2008092417 Firefox/3.0.3"
91.37.150.195 - - [10/Sep/2010:09:36:29 +0200] "GET / HTTP/1.1" 302 - "http://www.google.de/search?hl=de&source=hp&q=friedrich-list-schule&meta=&aq=0&aqi=g10&aql=&oq=FRiedrich-List&gs_rfai=" "Mozilla/4.0 (compatible; MSIE 6.0; Windows NT 5.1; SV1; .NET CLR 2.0.50727; .NET CLR 3.0.4506.2152; .NET CLR 3.5.30729)"
89.247.235.167 - - [10/Sep/2010:09:51:15 +0200] "GET / HTTP/1.0" 302 - "-" "Mozilla/5.0 (Windows; U; Windows NT 5.1; de; rv:1.9.0.3) Gecko/2008092417 Firefox/3.0.3"
89.247.235.167 - - [10/Sep/2010:09:51:44 +0200] "GET / HTTP/1.0" 302 - "-" "Mozilla/5.0 (Windows; U; Windows NT 5.1; de; rv:1.9.0.3) Gecko/2008092417 Firefox/3.0.3"
216.104.15.130 - - [10/Sep/2010:09:59:31 +0200] "GET / HTTP/1.0" 302 - "-" "Mozilla/4.0 (compatible; MSIE 6.0; Windows NT 5.1)"
89.247.235.167 - - [10/Sep/2010:09:59:52 +0200] "GET / HTTP/1.0" 302 - "-" "Mozilla/5.0 (Windows; U; Windows NT 5.1; de; rv:1.9.0.19) Gecko/2010031422 Firefox/3.0.19"
89.247.235.167 - - [10/Sep/2010:10:30:57 +0200] "GET / HTTP/1.0" 302 - "-" "Mozilla/5.0 (Windows; U; Windows NT 5.1; de; rv:1.9.0.3) Gecko/2008092417 Firefox/3.0.3"
89.247.243.202 - - [10/Sep/2010:11:48:20 +0200] "GET / HTTP/1.0" 302 - "-" "Mozilla/5.0 (Windows; U; Windows NT 5.1; de; rv:1.9.0.3) Gecko/2008092417 Firefox/3.0.3"
89.247.243.202 - - [10/Sep/2010:11:48:29 +0200] "GET / HTTP/1.0" 302 - "-" "Mozilla/5.0 (Windows; U; Windows NT 5.1; de; rv:1.9.0.19) Gecko/2010031422 Firefox/3.0.19"
92.78.47.185 - - [10/Sep/2010:11:52:32 +0200] "GET / HTTP/1.1" 302 - "-" "Mozilla/5.0 (Windows; U; Windows NT 5.1; de; rv:1.9.2.9) Gecko/20100824 Firefox/3.6.9 ( .NET CLR 3.5.30729)"
89.247.243.202 - - [10/Sep/2010:12:13:02 +0200] "GET / HTTP/1.0" 302 - "-" "Mozilla/5.0 (Windows; U; Windows NT 5.1; de; rv:1.9.0.19) Gecko/2010031422 Firefox/3.0.19"
89.247.243.202 - - [10/Sep/2010:12:15:10 +0200] "GET / HTTP/1.0" 302 - "-" "Mozilla/5.0 (Windows; U; Windows NT 5.1; de; rv:1.9.0.3) Gecko/2008092417 Firefox/3.0.3"
83.133.125.202 - - [10/Sep/2010:12:17:27 +0200] "GET / HTTP/1.1" 302 - "http://www.bigfinder.de/" "Mozilla/4.0 (compatible; MSIE 8.0; Windows NT 6.0; Trident/4.0; GTB0.0; SLCC1; .NET CLR 2.0.50727; Media Center PC 5.0; .NET CLR 3.5.30729; .NET CLR 3.0.30729; .NET4.0C)"
208.80.194.51 - - [10/Sep/2010:12:59:56 +0200] "GET / HTTP/1.0" 302 - "-" "Mozilla/4.0 (compatible; MSIE 6.0; Windows NT 5.1; SV1; .NET CLR 1.0.3705; .NET CLR 1.1.4322; Media Center PC 3.1; InfoPath.2)"
85.25.236.107 - - [10/Sep/2010:13:08:39 +0200] "GET /robots.txt HTTP/1.1" 404 1256 "-" "Mozilla/5.0 (X11; U; Linux i686; de; rv:1.9.0.1; compatible; iCjobs Stellenangebote Jobs; http://www.icjobs.de) Gecko/20100401 iCjobs/3.2.3"
85.25.236.107 - - [10/Sep/2010:13:08:39 +0200] "GET / HTTP/1.1" 302 - "-" "Mozilla/5.0 (X11; U; Linux i686; de; rv:1.9.0.1; compatible; iCjobs Stellenangebote Jobs; http://www.icjobs.de) Gecko/20100401 iCjobs/3.2.3"
84.190.160.244 - - [10/Sep/2010:13:14:53 +0200] "GET / HTTP/1.1" 302 - "-" "Mozilla/5.0 (Windows; U; Windows NT 5.1; de; rv:1.9.2.8) Gecko/20100722 Firefox/3.6.8"
93.190.65.123 - - [10/Sep/2010:14:25:16 +0200] "GET / HTTP/1.1" 302 - "-" "Java/1.6.0_16"
213.83.26.38 - - [10/Sep/2010:17:03:23 +0200] "GET / HTTP/1.0" 302 - "http://www.google.de/search?hl=de&source=hp&q=friedrich-list-berlin.de&aq=6&aqi=g7&aql=&oq=friedrich-list-ber&gs_rfai=" "Mozilla/4.0 (compatible; MSIE 7.0; Windows NT 5.1; .NET CLR 2.0.50727)"
91.97.20.68 - - [10/Sep/2010:17:41:16 +0200] "GET / HTTP/1.1" 302 - "http://www.google.de/url?sa=t&source=web&cd=4&ved=0CCUQFDAD&url=http%3A%2F%2Fwww.friedrich-list-berlin.de%2F&rct=j&q=berufsbildende%20schulen%20berlin&ei=W1GKTNSCBsqvOOjK4ZEL&usg=AFQjCNGsKs3TvBQ4z91zrYvo9_SfKi5nug" "Mozilla/5.0 (Windows; U; Windows NT 6.1; de; rv:1.9.2.9) Gecko/20100824 Firefox/3.6.9"
95.108.150.235 - - [10/Sep/2010:17:48:09 +0200] "GET /robots.txt HTTP/1.1" 404 1256 "-" "Mozilla/5.0 (compatible; YandexBot/3.0; MirrorDetector; +http://yandex.com/bots)"
95.108.150.235 - - [10/Sep/2010:17:48:12 +0200] "GET / HTTP/1.1" 302 - "-" "Mozilla/5.0 (compatible; YandexBot/3.0; MirrorDetector; +http://yandex.com/bots)"
207.46.195.232 - - [10/Sep/2010:18:30:05 +0200] "GET /robots.txt HTTP/1.1" 404 1256 "-" "msnbot/2.0b (+http://search.msn.com/msnbot.htm)"
207.46.195.232 - - [10/Sep/2010:18:53:47 +0200] "GET / HTTP/1.1" 302 - "-" "msnbot/2.0b (+http://search.msn.com/msnbot.htm)"
93.190.65.123 - - [10/Sep/2010:19:32:06 +0200] "GET / HTTP/1.1" 302 - "-" "Java/1.6.0_16"
62.89.187.213 - - [10/Sep/2010:19:45:41 +0200] "GET / HTTP/1.1" 302 - "-" "CligooRobot/1.0"
93.190.65.123 - - [11/Sep/2010:01:08:01 +0200] "GET / HTTP/1.1" 302 - "-" "Java/1.6.0_16"
207.46.195.234 - - [11/Sep/2010:09:36:04 +0200] "GET /robots.txt HTTP/1.1" 404 1256 "-" "msnbot/2.0b (+http://search.msn.com/msnbot.htm)"
207.46.195.234 - - [11/Sep/2010:09:48:37 +0200] "GET / HTTP/1.1" 302 - "-" "msnbot/2.0b (+http://search.msn.com/msnbot.htm)"
93.190.65.123 - - [11/Sep/2010:11:57:26 +0200] "GET / HTTP/1.1" 302 - "-" "Java/1.6.0_16"
85.177.92.45 - - [11/Sep/2010:14:18:45 +0200] "GET / HTTP/1.1" 302 - "http://www.google.de/url?sa=t&source=web&cd=1&ved=0CBoQFDAA&url=http%3A%2F%2Fwww.friedrich-list-berlin.de%2F&rct=j&q=osz%20b%C3%BClowstr%20berlin&ei=m3OLTK-SA8GDswbdpsGEAg&usg=AFQjCNGsKs3TvBQ4z91zrYvo9_SfKi5nug" "Mozilla/4.0 (compatible; MSIE 8.0; Windows NT 5.1; Trident/4.0; .NET CLR 2.0.50727; .NET CLR 3.0.04506.30; .NET CLR 3.0.04506.648; .NET CLR 3.0.4506.2152; .NET CLR 3.5.30729)"
93.190.65.123 - - [11/Sep/2010:16:41:47 +0200] "GET / HTTP/1.1" 302 - "-" "Java/1.6.0_16"
207.46.13.137 - - [11/Sep/2010:18:52:50 +0200] "GET /robots.txt HTTP/1.1" 404 1256 "-" "msnbot/2.0b (+http://search.msn.com/msnbot.htm)"
93.192.129.190 - - [11/Sep/2010:18:57:57 +0200] "GET / HTTP/1.1" 302 - "-" "Mozilla/5.0 (Macintosh; U; Intel Mac OS X 10_5_6; en-us) AppleWebKit/528.16 (KHTML, like Gecko) Version/4.0 Safari/528.16"
85.178.180.50 - - [11/Sep/2010:19:15:26 +0200] "GET / HTTP/1.1" 302 - "http://www.friedrich-list-schule.com/index2.htm" "Mozilla/4.0 (compatible; MSIE 8.0; Windows NT 6.0; Trident/4.0; SLCC1; .NET CLR 2.0.50727; Media Center PC 5.0; .NET CLR 3.5.30729; .NET CLR 3.0.30729; OfficeLivePatch.1.3; OfficeLiveConnector.1.5)"
207.46.13.137 - - [11/Sep/2010:19:31:43 +0200] "GET / HTTP/1.1" 302 - "-" "msnbot/2.0b (+http://search.msn.com/msnbot.htm)"
178.77.73.12 - - [11/Sep/2010:21:31:45 +0200] "GET / HTTP/1.1" 302 - "-" "Java/1.6.0_0"
66.90.101.11 - - [12/Sep/2010:01:10:49 +0200] "GET / HTTP/1.1" 302 - "-" "Mozilla/5.0 (X11; U; Linux x86_64; en-US; rv:1.9.2.4) Gecko/20100622 Hypnotoad/3.5.5"
93.190.65.123 - - [12/Sep/2010:02:32:41 +0200] "GET / HTTP/1.1" 302 - "-" "Java/1.6.0_16"
208.80.194.31 - - [12/Sep/2010:06:24:48 +0200] "GET / HTTP/1.0" 302 - "-" "Mozilla/4.0 (compatible; MSIE 6.0; Windows NT 5.1; {E4EE4F8C-8D5C-4ED3-84E5-7D3C6A570FF8}; .NET CLR 1.0.3705; .NET CLR 1.1.4322; (R1 1.5))"
95.108.150.235 - - [12/Sep/2010:08:13:30 +0200] "GET /robots.txt HTTP/1.1" 404 1256 "-" "Mozilla/5.0 (compatible; YandexBot/3.0; MirrorDetector; +http://yandex.com/bots)"
95.108.150.235 - - [12/Sep/2010:08:13:31 +0200] "GET / HTTP/1.1" 302 - "-" "Mozilla/5.0 (compatible; YandexBot/3.0; MirrorDetector; +http://yandex.com/bots)"
178.77.73.12 - - [12/Sep/2010:09:26:34 +0200] "GET / HTTP/1.1" 302 - "-" "Java/1.6.0_0"
92.78.240.121 - - [12/Sep/2010:14:02:48 +0200] "GET / HTTP/1.1" 302 - "http://www.google.de/url?sa=t&source=web&cd=4&ved=0CCMQFDAD&url=http%3A%2F%2Fwww.friedrich-list-berlin.de%2F&rct=j&q=oberstufenzentrum%20berlin&ei=McGMTO3lAtiVOL-H5YoL&usg=AFQjCNGsKs3TvBQ4z91zrYvo9_SfKi5nug" "Mozilla/5.0 (Windows; U; Windows NT 5.1; de; rv:1.9.1.11) Gecko/20100701 Firefox/3.5.11 ( .NET CLR 3.5.30729)"
89.247.201.198 - - [12/Sep/2010:14:29:33 +0200] "GET / HTTP/1.1" 302 - "-" "Mozilla/5.0 (Windows; U; Windows NT 5.1; de; rv:1.9.2.9) Gecko/20100824 Firefox/3.6.9"
84.132.151.199 - - [12/Sep/2010:15:07:08 +0200] "GET / HTTP/1.1" 302 - "http://www.google.de/url?sa=t&source=web&cd=2&ved=0CCMQFDAB&url=http%3A%2F%2Fwww.friedrich-list-berlin.de%2F&rct=j&q=berufsbildende%20schule%20berlin&ei=xc2MTOnpNo7DswaCnpSZAg&usg=AFQjCNGsKs3TvBQ4z91zrYvo9_SfKi5nug" "Mozilla/5.0 (Windows; U; Windows NT 5.1; en-US) AppleWebKit/533.4 (KHTML, like Gecko) Iron/5.0.381.0 Chrome/5.0.381 Safari/533.4"
207.46.13.42 - - [12/Sep/2010:17:09:36 +0200] "GET /robots.txt HTTP/1.1" 404 1256 "-" "msnbot/2.0b (+http://search.msn.com/msnbot.htm)"
193.47.80.40 - - [12/Sep/2010:17:16:15 +0200] "GET /robots.txt HTTP/1.1" 404 1256 "-" "Mozilla/5.0 (compatible; Exabot/3.0; +http://www.exabot.com/go/robot)"
193.47.80.40 - - [12/Sep/2010:17:16:15 +0200] "GET / HTTP/1.1" 302 - "-" "Mozilla/5.0 (compatible; Exabot/3.0; +http://www.exabot.com/go/robot)"
207.46.13.42 - - [12/Sep/2010:18:21:39 +0200] "GET / HTTP/1.1" 302 - "-" "msnbot/2.0b (+http://search.msn.com/msnbot.htm)"
84.190.62.182 - - [12/Sep/2010:20:07:45 +0200] "GET / HTTP/1.1" 302 - "http://www.friedrich-list-schule.com/index2.htm" "Mozilla/5.0 (Windows; U; Windows NT 5.1; de; rv:1.9.2.4) Gecko/20100611 Firefox/3.6.4 ( .NET CLR 3.5.30729)"
75.16.228.232 - - [12/Sep/2010:21:00:31 +0200] "GET / HTTP/1.1" 302 - "http://maps.google.com/maps?hl=en&wrapid=tlif12843177416402&um=1&ie=UTF-8&q=Gymnasien+in+Berlin&fb=1&gl=us&hq=Gymnasien&hnear=Berlin,+Germany&ei=WCKNTMjUO9Pdngea4sykCw&sa=X&oi=local_group&ct=image&resnum=1&ved=0CDIQtgMwAA&iwloc=16749305827048051535" "Mozilla/4.0 (compatible; MSIE 7.0; Windows NT 5.1; Trident/4.0; .NET CLR 1.1.4322; .NET CLR 2.0.50727; .NET CLR 3.0.4506.2152; .NET CLR 3.5.30729)"
66.249.71.74 - - [12/Sep/2010:23:54:07 +0200] "GET /robots.txt HTTP/1.1" 404 1256 "-" "SAMSUNG-SGH-E250/1.0 Profile/MIDP-2.0 Configuration/CLDC-1.1 UP.Browser/6.2.3.3.c.1.101 (GUI) MMP/2.0 (compatible; Googlebot-Mobile/2.1; +http://www.google.com/bot.html)"
66.249.71.74 - - [12/Sep/2010:23:54:07 +0200] "GET / HTTP/1.1" 302 - "-" "SAMSUNG-SGH-E250/1.0 Profile/MIDP-2.0 Configuration/CLDC-1.1 UP.Browser/6.2.3.3.c.1.101 (GUI) MMP/2.0 (compatible; Googlebot-Mobile/2.1; +http://www.google.com/bot.html)"
92.206.55.137 - - [13/Sep/2010:00:05:15 +0200] "GET / HTTP/1.1" 302 - "http://www.google.de/search?q=osz+fos+berlin&ie=utf-8&oe=utf-8&aq=t&rls=org.mozilla:de:official&client=firefox-a" "Mozilla/5.0 (Windows; U; Windows NT 6.1; de; rv:1.9.2.9) Gecko/20100824 Firefox/3.6.9"
92.206.55.137 - - [13/Sep/2010:00:43:58 +0200] "GET / HTTP/1.1" 302 - "http://maps.google.de/maps/place?cid=15796106503487596536&q=fos+einj%C3%A4hrig+berlin&hl=de&cd=1&cad=src:pplink&ei=o1eNTJ6oDI_Gsgb--oy0Dw" "Mozilla/5.0 (Windows; U; Windows NT 6.1; de; rv:1.9.2.9) Gecko/20100824 Firefox/3.6.9"
91.39.174.176 - - [13/Sep/2010:01:28:26 +0200] "GET / HTTP/1.1" 302 - "http://maps.google.de/maps?hl=de&um=1&ie=UTF-8&q=schule&fb=1&gl=de&hq=schule&hnear=Essen&ei=TEyNTJnnF4eTswbdldzVAQ&sa=X&oi=local_group&ct=image&resnum=4&ved=0CEcQtgMwAw" "Mozilla/5.0 (Windows; U; Windows NT 5.1; de; rv:1.9.2.9) Gecko/20100824 Firefox/3.6.9"
93.190.65.123 - - [13/Sep/2010:05:59:59 +0200] "GET / HTTP/1.1" 302 - "-" "Java/1.6.0_16"
89.247.201.198 - - [13/Sep/2010:07:56:31 +0200] "GET / HTTP/1.0" 302 - "-" "Mozilla/5.0 (Windows; U; Windows NT 5.1; de; rv:1.9.0.19) Gecko/2010031422 Firefox/3.0.19"
89.247.201.198 - - [13/Sep/2010:08:00:29 +0200] "GET / HTTP/1.1" 302 - "-" "Mozilla/5.0 (Windows; U; Windows NT 5.1; de; rv:1.9.2.9) Gecko/20100824 Firefox/3.6.9"
89.247.201.198 - - [13/Sep/2010:08:07:02 +0200] "GET / HTTP/1.1" 302 - "-" "Mozilla/5.0 (Windows; U; Windows NT 5.1; de; rv:1.9.2.3) Gecko/20100401 Firefox/3.6.3"
89.247.201.198 - - [13/Sep/2010:08:07:22 +0200] "GET / HTTP/1.1" 302 - "-" "Mozilla/5.0 (Windows; U; Windows NT 5.1; de; rv:1.9.2.6) Gecko/20100625 Firefox/3.6.6 GTB7.1"
89.247.201.198 - - [13/Sep/2010:08:10:25 +0200] "GET / HTTP/1.1" 302 - "-" "Mozilla/5.0 (Windows; U; Windows NT 5.1; de; rv:1.9.2.3) Gecko/20100401 Firefox/3.6.3"
89.247.201.198 - - [13/Sep/2010:08:49:03 +0200] "GET / HTTP/1.0" 302 - "-" "Mozilla/5.0 (Windows; U; Windows NT 5.1; de; rv:1.9.0.19) Gecko/2010031422 Firefox/3.0.19"
80.143.24.128 - - [13/Sep/2010:09:08:22 +0200] "GET / HTTP/1.1" 302 - "http://www.schulweb.de/de/bestatschulweb/liste.html?kategorie=best_at&sprache=®ion=&list_anfang=128&trefferzahlauswahl=16&auswahl_1=&auswahl_2=&auswahl_3=&suchtext=&zeigen2=&sort=wertnummer" "Mozilla/4.0 (compatible; MSIE 5.0; Windows NT; DigExt)"
89.247.201.198 - - [13/Sep/2010:09:56:28 +0200] "GET / HTTP/1.0" 302 - "-" "Mozilla/5.0 (Windows; U; Windows NT 5.1; de; rv:1.9.0.3) Gecko/2008092417 Firefox/3.0.3"
89.247.201.198 - - [13/Sep/2010:10:28:08 +0200] "GET / HTTP/1.0" 302 - "-" "Mozilla/5.0 (Windows; U; Windows NT 5.1; de; rv:1.9.0.19) Gecko/2010031422 Firefox/3.0.19"
89.247.201.198 - - [13/Sep/2010:10:29:34 +0200] "GET / HTTP/1.0" 302 - "-" "Mozilla/5.0 (Windows; U; Windows NT 5.1; de; rv:1.9.0.3) Gecko/2008092417 Firefox/3.0.3"
89.247.202.237 - - [13/Sep/2010:10:33:56 +0200] "GET / HTTP/1.0" 302 - "-" "Mozilla/5.0 (Windows; U; Windows NT 5.1; de; rv:1.9.0.3) Gecko/2008092417 Firefox/3.0.3"
89.247.202.237 - - [13/Sep/2010:10:39:19 +0200] "GET / HTTP/1.0" 302 - "-" "Mozilla/5.0 (Windows; U; Windows NT 5.1; de; rv:1.9.0.3) Gecko/2008092417 Firefox/3.0.3"
89.247.202.237 - - [13/Sep/2010:10:40:31 +0200] "GET / HTTP/1.0" 302 - "-" "Mozilla/5.0 (Windows; U; Windows NT 5.1; de; rv:1.9.0.3) Gecko/2008092417 Firefox/3.0.3"
89.247.202.237 - - [13/Sep/2010:11:48:33 +0200] "GET / HTTP/1.0" 302 - "-" "Mozilla/5.0 (Windows; U; Windows NT 5.1; de; rv:1.9.0.19) Gecko/2010031422 Firefox/3.0.19"
194.59.36.72 - - [13/Sep/2010:11:49:27 +0200] "HEAD / HTTP/1.0" 302 - "-" "Mozilla/4.0 (compatible; MSIE 6.0; Windows NT 5.1; SV1)"
194.59.36.72 - - [13/Sep/2010:11:49:27 +0200] "GET / HTTP/1.0" 302 - "http://www.google.de/url?sa=t&source=web&cd=1&ved=0CBYQFDAA&url=http%3A%2F%2Fwww.friedrich-list-berlin.de%2F&rct=j&q=klixstra%C3%9Fe%20berlin%20sch%C3%B6neberg%20schule&ei=lvONTN2BDoHDswaSo6X9AQ&usg=AFQjCNGsKs3TvBQ4z91zrYvo9_SfKi5nug" "Mozilla/4.0 (compatible; MSIE 8.0; Windows NT 5.1; Trident/4.0; .NET CLR 2.0.50727; .NET CLR 3.0.4506.2152; .NET CLR 3.5.30729; LRAKN)"
89.247.202.237 - - [13/Sep/2010:11:50:47 +0200] "GET / HTTP/1.0" 302 - "-" "Mozilla/5.0 (Windows; U; Windows NT 5.1; de; rv:1.9.0.19) Gecko/2010031422 Firefox/3.0.19"
93.190.65.123 - - [13/Sep/2010:12:42:08 +0200] "GET / HTTP/1.1" 302 - "-" "Java/1.6.0_16"
89.247.202.237 - - [13/Sep/2010:12:51:56 +0200] "GET / HTTP/1.0" 302 - "-" "Mozilla/5.0 (Windows; U; Windows NT 5.1; de; rv:1.9.0.19) Gecko/2010031422 Firefox/3.0.19"
89.247.202.237 - - [13/Sep/2010:13:09:26 +0200] "GET / HTTP/1.0" 302 - "-" "Mozilla/5.0 (Windows; U; Windows NT 5.1; de; rv:1.9.0.19) Gecko/2010031422 Firefox/3.0.19"
89.247.202.237 - - [13/Sep/2010:13:11:00 +0200] "GET / HTTP/1.0" 302 - "-" "Mozilla/5.0 (Windows; U; Windows NT 5.1; de; rv:1.9.0.19) Gecko/2010031422 Firefox/3.0.19"
89.247.202.237 - - [13/Sep/2010:13:15:45 +0200] "GET / HTTP/1.0" 302 - "-" "Mozilla/5.0 (Windows; U; Windows NT 5.1; de; rv:1.9.0.19) Gecko/2010031422 Firefox/3.0.19"
89.247.202.237 - - [13/Sep/2010:13:16:04 +0200] "GET / HTTP/1.0" 302 - "-" "Mozilla/5.0 (Windows; U; Windows NT 5.1; de; rv:1.9.0.3) Gecko/2008092417 Firefox/3.0.3"
89.247.202.237 - - [13/Sep/2010:13:24:18 +0200] "GET / HTTP/1.0" 302 - "-" "Mozilla/5.0 (Windows; U; Windows NT 5.1; de; rv:1.9.0.3) Gecko/2008092417 Firefox/3.0.3"
89.247.202.237 - - [13/Sep/2010:13:25:38 +0200] "GET / HTTP/1.0" 302 - "-" "Mozilla/5.0 (Windows; U; Windows NT 5.1; de; rv:1.9.0.19) Gecko/2010031422 Firefox/3.0.19"
89.247.202.237 - - [13/Sep/2010:13:38:36 +0200] "GET / HTTP/1.1" 302 - "-" "Mozilla/5.0 (Windows; U; Windows NT 5.1; de; rv:1.9.2.9) Gecko/20100824 Firefox/3.6.9"
89.247.202.237 - - [13/Sep/2010:13:42:16 +0200] "GET / HTTP/1.0" 302 - "-" "Mozilla/5.0 (Windows; U; Windows NT 5.1; de; rv:1.9.0.3) Gecko/2008092417 Firefox/3.0.3"
89.247.202.237 - - [13/Sep/2010:14:16:03 +0200] "GET / HTTP/1.0" 302 - "-" "Mozilla/5.0 (Windows; U; Windows NT 5.1; de; rv:1.9.0.3) Gecko/2008092417 Firefox/3.0.3"
94.222.22.222 - - [13/Sep/2010:18:34:53 +0200] "GET / HTTP/1.1" 302 - "http://berlin.kauperts.de/public/external?url=http://www.friedrich-list-berlin.de" "Mozilla/5.0 (Windows; U; Windows NT 5.1; de; rv:1.9.2.9) Gecko/20100824 Firefox/3.6.9"
88.75.218.83 - - [13/Sep/2010:19:09:41 +0200] "GET / HTTP/1.1" 302 - "http://www.google.de/url?sa=t&source=web&cd=5&ved=0CDkQFDAE&url=http%3A%2F%2Fwww.friedrich-list-berlin.de%2F&rct=j&q=List%20&ei=xVqOTIWYHpPEOMX0yKwK&usg=AFQjCNGsKs3TvBQ4z91zrYvo9_SfKi5nug" "Mozilla/5.0 (Windows; U; Windows NT 5.1; de; rv:1.9.2.9) Gecko/20100824 Firefox/3.6.9"
81.44.81.108 - - [13/Sep/2010:19:11:31 +0200] "GET / HTTP/1.1" 302 - "http://www.stayfriends.de/j/ViewController?action=classlist&affiliationid=12756831&crc=16046756" "Mozilla/5.0 (Windows; U; Windows NT 5.1; es-ES; rv:1.9.1.12) Gecko/20100824 Firefox/3.5.12 (.NET CLR 3.5.30729)"
87.175.20.150 - - [13/Sep/2010:20:33:02 +0200] "GET / HTTP/1.1" 302 - "http://domino2.berufsschulen.de/berufsschulen.nsf/Berlin?OpenView" "Mozilla/4.0 (compatible; MSIE 5.0; Windows NT; DigExt)"
93.190.65.123 - - [13/Sep/2010:21:27:05 +0200] "GET / HTTP/1.1" 302 - "-" "Java/1.6.0_16"
208.80.194.32 - - [14/Sep/2010:01:03:01 +0200] "GET / HTTP/1.0" 302 - "-" "Mozilla/4.0 (compatible; MSIE 6.0; Windows NT 5.1; SV1; Hotbar 4.5.1.0; .NET CLR 1.1.4322)"
207.46.199.38 - - [14/Sep/2010:01:07:57 +0200] "GET /robots.txt HTTP/1.1" 404 1256 "-" "msnbot/2.0b (+http://search.msn.com/msnbot.htm)"
207.46.199.38 - - [14/Sep/2010:01:14:39 +0200] "GET / HTTP/1.1" 302 - "-" "msnbot/2.0b (+http://search.msn.com/msnbot.htm)"
207.46.13.92 - - [14/Sep/2010:02:57:30 +0200] "GET /robots.txt HTTP/1.1" 404 1256 "-" "msnbot/2.0b (+http://search.msn.com/msnbot.htm)"
207.46.13.92 - - [14/Sep/2010:03:06:51 +0200] "GET / HTTP/1.1" 302 - "-" "msnbot/2.0b (+http://search.msn.com/msnbot.htm)"
87.118.82.104 - - [14/Sep/2010:04:52:19 +0200] "GET / HTTP/1.0" 302 - "http://www.sitetalk-network.eu" "Mozilla/4.0 (compatible; MSIE 7.0; Windows NT 6.0; Trident/4.0)"
87.159.171.104 - - [14/Sep/2010:06:19:26 +0200] "GET / HTTP/1.1" 302 - "-" "Mozilla/5.0 (Windows; U; Windows NT 5.1; de; rv:1.9.0.10) Gecko/2009042316 Firefox/3.0.10"
67.195.37.171 - - [14/Sep/2010:06:53:18 +0200] "GET /robots.txt HTTP/1.0" 404 1256 "-" "Mozilla/5.0 (compatible; Yahoo! Slurp; http://help.yahoo.com/help/us/ysearch/slurp)"
67.195.37.171 - - [14/Sep/2010:06:53:19 +0200] "GET / HTTP/1.0" 302 - "-" "Mozilla/5.0 (compatible; Yahoo! Slurp/3.0; http://help.yahoo.com/help/us/ysearch/slurp)"
38.99.96.12 - - [14/Sep/2010:07:17:41 +0200] "GET /robots.txt HTTP/1.1" 404 1256 "-" "Mozilla/5.0 (compatible; ScoutJet; +http://www.scoutjet.com/)"
38.99.96.12 - - [14/Sep/2010:07:17:43 +0200] "GET / HTTP/1.1" 302 - "-" "Mozilla/5.0 (compatible; ScoutJet; +http://www.scoutjet.com/)"
38.99.96.12 - - [14/Sep/2010:07:17:46 +0200] "GET /favicon.ico HTTP/1.1" 404 1256 "-" "Mozilla/5.0 (compatible; ScoutJet; +http://www.scoutjet.com/)"
87.123.88.44 - - [14/Sep/2010:07:50:15 +0200] "GET / HTTP/1.1" 302 - "-" "Mozilla/5.0 (Windows; U; Windows NT 5.1; de; rv:1.9.2.3) Gecko/20100401 Firefox/3.6.3"
87.123.88.44 - - [14/Sep/2010:08:11:03 +0200] "GET / HTTP/1.0" 302 - "-" "Mozilla/5.0 (Windows; U; Windows NT 5.1; de; rv:1.9.0.3) Gecko/2008092417 Firefox/3.0.3"
95.108.150.235 - - [14/Sep/2010:08:27:40 +0200] "GET /robots.txt HTTP/1.1" 404 1256 "-" "Mozilla/5.0 (compatible; YandexBot/3.0; MirrorDetector; +http://yandex.com/bots)"
95.108.150.235 - - [14/Sep/2010:08:27:44 +0200] "GET / HTTP/1.1" 302 - "-" "Mozilla/5.0 (compatible; YandexBot/3.0; MirrorDetector; +http://yandex.com/bots)"
87.123.88.44 - - [14/Sep/2010:08:32:47 +0200] "GET / HTTP/1.0" 302 - "-" "Mozilla/5.0 (Windows; U; Windows NT 5.1; de; rv:1.9.0.3) Gecko/2008092417 Firefox/3.0.3"
84.190.157.3 - - [14/Sep/2010:08:47:19 +0200] "GET / HTTP/1.1" 302 - "-" "Mozilla/5.0 (Windows; U; Windows NT 5.1; de; rv:1.9.2.8) Gecko/20100722 Firefox/3.6.8"
87.123.88.44 - - [14/Sep/2010:09:06:43 +0200] "GET / HTTP/1.1" 302 - "-" "Mozilla/5.0 (Windows; U; Windows NT 5.1; de; rv:1.9.2.3) Gecko/20100401 Firefox/3.6.3"
87.123.88.44 - - [14/Sep/2010:09:13:00 +0200] "GET / HTTP/1.0" 302 - "-" "Mozilla/5.0 (Windows; U; Windows NT 5.1; de; rv:1.9.0.3) Gecko/2008092417 Firefox/3.0.3"
87.123.88.44 - - [14/Sep/2010:09:17:36 +0200] "GET / HTTP/1.0" 302 - "-" "Mozilla/5.0 (Windows; U; Windows NT 5.1; de; rv:1.9.0.19) Gecko/2010031422 Firefox/3.0.19"
87.123.88.44 - - [14/Sep/2010:09:20:55 +0200] "GET / HTTP/1.0" 302 - "-" "Mozilla/5.0 (Windows; U; Windows NT 5.1; de; rv:1.9.0.19) Gecko/2010031422 Firefox/3.0.19"
87.123.88.44 - - [14/Sep/2010:09:21:40 +0200] "GET / HTTP/1.0" 302 - "-" "Mozilla/5.0 (Windows; U; Windows NT 5.1; de; rv:1.9.0.3) Gecko/2008092417 Firefox/3.0.3"
87.123.88.44 - - [14/Sep/2010:09:25:46 +0200] "GET / HTTP/1.1" 302 - "-" "Mozilla/5.0 (Windows; U; Windows NT 5.1; de; rv:1.9.2.3) Gecko/20100401 Firefox/3.6.3"
87.123.88.44 - - [14/Sep/2010:09:38:47 +0200] "GET / HTTP/1.1" 302 - "-" "Mozilla/5.0 (Windows; U; Windows NT 5.1; de; rv:1.9.2.9) Gecko/20100824 Firefox/3.6.9"
87.123.88.44 - - [14/Sep/2010:09:45:00 +0200] "GET / HTTP/1.1" 302 - "-" "Mozilla/5.0 (Windows; U; Windows NT 5.1; de; rv:1.9.2.3) Gecko/20100401 Firefox/3.6.3"
87.123.88.44 - - [14/Sep/2010:09:45:54 +0200] "GET / HTTP/1.0" 302 - "-" "Mozilla/5.0 (Windows; U; Windows NT 5.1; de; rv:1.9.0.3) Gecko/2008092417 Firefox/3.0.3"
87.123.88.44 - - [14/Sep/2010:09:46:22 +0200] "GET / HTTP/1.0" 302 - "-" "Mozilla/5.0 (Windows; U; Windows NT 5.1; de; rv:1.9.0.3) Gecko/2008092417 Firefox/3.0.3"
87.123.88.44 - - [14/Sep/2010:09:46:57 +0200] "GET / HTTP/1.0" 302 - "-" "Mozilla/5.0 (Windows; U; Windows NT 5.1; de; rv:1.9.0.19) Gecko/2010031422 Firefox/3.0.19"
87.123.88.44 - - [14/Sep/2010:09:48:52 +0200] "GET / HTTP/1.0" 302 - "-" "Mozilla/5.0 (Windows; U; Windows NT 5.1; de; rv:1.9.0.3) Gecko/2008092417 Firefox/3.0.3"
87.123.88.44 - - [14/Sep/2010:10:02:23 +0200] "GET / HTTP/1.0" 302 - "http://www.google.de/url?sa=t&source=web&cd=1&ved=0CBYQFjAA&url=http%3A%2F%2Fwww.friedrich-list-berlin.de%2F&rct=j&q=www.friedrich-list-berlin.de&ei=CSyPTOCnFc3EswbEzfmCDA&usg=AFQjCNGsKs3TvBQ4z91zrYvo9_SfKi5nug" "Mozilla/5.0 (Windows; U; Windows NT 5.1; de; rv:1.9.1.12) Gecko/20100824 Firefox/3.5.12"
87.123.88.44 - - [14/Sep/2010:10:11:57 +0200] "GET / HTTP/1.1" 302 - "-" "Mozilla/5.0 (Windows; U; Windows NT 5.1; de; rv:1.9.1.5) Gecko/20091102 Firefox/3.5.5"
87.123.88.44 - - [14/Sep/2010:10:28:10 +0200] "GET / HTTP/1.0" 302 - "-" "Mozilla/5.0 (Windows; U; Windows NT 5.1; de; rv:1.9.0.3) Gecko/2008092417 Firefox/3.0.3"
87.123.88.44 - - [14/Sep/2010:10:51:37 +0200] "GET / HTTP/1.0" 302 - "-" "Mozilla/5.0 (Windows; U; Windows NT 5.1; de; rv:1.9.0.3) Gecko/2008092417 Firefox/3.0.3"
87.123.88.44 - - [14/Sep/2010:11:08:36 +0200] "GET / HTTP/1.1" 302 - "-" "Mozilla/5.0 (Windows; U; Windows NT 5.1; de; rv:1.9.2.9) Gecko/20100824 Firefox/3.6.9"
87.123.88.44 - - [14/Sep/2010:11:13:25 +0200] "GET / HTTP/1.0" 302 - "-" "Mozilla/5.0 (Windows; U; Windows NT 5.1; de; rv:1.9.0.3) Gecko/2008092417 Firefox/3.0.3"
77.87.224.97 - - [14/Sep/2010:11:25:33 +0200] "GET / HTTP/1.0" 302 - "http://www.google.de/url?sa=t&source=web&cd=4&ved=0CCoQFDAD&url=http%3A%2F%2Fwww.friedrich-list-berlin.de%2F&rct=j&q=Friedrich-List%20Schule%20Berlin&ei=dT-PTNSSEMmSswap_PW_Cw&usg=AFQjCNGsKs3TvBQ4z91zrYvo9_SfKi5nug" "Mozilla/5.0 (X11; U; Linux i686 (x86_64); de; rv:1.8.1.19) Gecko/20081202 Iceweasel/2.0.0.19 (Debian-2.0.0.19-0etch1)"
87.123.88.44 - - [14/Sep/2010:11:26:53 +0200] "GET / HTTP/1.0" 302 - "-" "Mozilla/5.0 (Windows; U; Windows NT 5.1; de; rv:1.9.0.3) Gecko/2008092417 Firefox/3.0.3"
87.123.88.44 - - [14/Sep/2010:11:48:36 +0200] "GET / HTTP/1.0" 302 - "-" "Mozilla/5.0 (Windows; U; Windows NT 5.1; de; rv:1.9.0.3) Gecko/2008092417 Firefox/3.0.3"
87.123.88.44 - - [14/Sep/2010:11:48:57 +0200] "GET / HTTP/1.0" 302 - "-" "Mozilla/5.0 (Windows; U; Windows NT 5.1; de; rv:1.9.0.3) Gecko/2008092417 Firefox/3.0.3"
87.123.88.44 - - [14/Sep/2010:11:50:25 +0200] "GET / HTTP/1.0" 302 - "-" "Mozilla/5.0 (Windows; U; Windows NT 5.1; de; rv:1.9.0.19) Gecko/2010031422 Firefox/3.0.19"
87.123.88.44 - - [14/Sep/2010:11:56:48 +0200] "GET / HTTP/1.0" 302 - "-" "Mozilla/5.0 (Windows; U; Windows NT 5.1; de; rv:1.9.0.3) Gecko/2008092417 Firefox/3.0.3"
92.230.189.142 - - [14/Sep/2010:12:13:20 +0200] "GET / HTTP/1.1" 302 - "http://maps.google.de/maps?hl=de&um=1&ie=UTF-8&q=fachoberschule+wirtschaft+berlin&fb=1&gl=de&hq=fachoberschule+wirtschaft&hnear=Berlin&view=text&ei=gUSPTMGFDoPMswaO2bWgDA&sa=X&oi=local_group&ct=more-results&resnum=1&ved=0CCYQtQMwAA" "Mozilla/5.0 (Windows; U; Windows NT 5.1; de; rv:1.9.2.9) Gecko/20100824 Firefox/3.6.9"
87.123.88.44 - - [14/Sep/2010:12:53:09 +0200] "GET / HTTP/1.0" 302 - "-" "Mozilla/5.0 (Windows; U; Windows NT 5.1; de; rv:1.9.0.3) Gecko/2008092417 Firefox/3.0.3"
87.123.88.44 - - [14/Sep/2010:13:05:45 +0200] "GET / HTTP/1.0" 302 - "-" "Mozilla/5.0 (Windows; U; Windows NT 5.1; de; rv:1.9.0.3) Gecko/2008092417 Firefox/3.0.3"
217.92.123.150 - - [14/Sep/2010:13:16:06 +0200] "GET / HTTP/1.0" 302 - "http://maps.google.de/maps?oe=utf-8&rls=org.mozilla:de:official&client=firefox-a&um=1&ie=UTF-8&q=osz+berlin&fb=1&gl=de&hq=osz&hnear=Berlin&view=text&ei=6ViPTPKtKYHEswbvy5m9Cw&sa=X&oi=local_group&ct=more-results&resnum=4&ved=0CEAQtQMwAw" "Mozilla/5.0 (Windows; U; Windows NT 5.1; de; rv:1.9.2) Gecko/20100115 Firefox/3.6"
87.123.85.32 - - [14/Sep/2010:13:18:45 +0200] "GET / HTTP/1.0" 302 - "-" "Mozilla/5.0 (Windows; U; Windows NT 5.1; de; rv:1.9.0.19) Gecko/2010031422 Firefox/3.0.19"
87.123.85.32 - - [14/Sep/2010:13:22:00 +0200] "GET / HTTP/1.0" 302 - "-" "Mozilla/5.0 (Windows; U; Windows NT 5.1; de; rv:1.9.0.19) Gecko/2010031422 Firefox/3.0.19"
87.123.85.32 - - [14/Sep/2010:13:23:00 +0200] "GET / HTTP/1.0" 302 - "-" "Mozilla/5.0 (Windows; U; Windows NT 5.1; de; rv:1.9.0.3) Gecko/2008092417 Firefox/3.0.3"
87.123.85.32 - - [14/Sep/2010:13:27:21 +0200] "GET / HTTP/1.0" 302 - "-" "Mozilla/5.0 (Windows; U; Windows NT 5.1; de; rv:1.9.0.19) Gecko/2010031422 Firefox/3.0.19"
87.123.85.32 - - [14/Sep/2010:13:30:41 +0200] "GET / HTTP/1.0" 302 - "-" "Mozilla/5.0 (Windows; U; Windows NT 5.1; de; rv:1.9.0.3) Gecko/2008092417 Firefox/3.0.3"
87.123.85.32 - - [14/Sep/2010:13:31:22 +0200] "GET / HTTP/1.0" 302 - "-" "Mozilla/5.0 (Windows; U; Windows NT 5.1; de; rv:1.9.0.3) Gecko/2008092417 Firefox/3.0.3"
87.123.85.32 - - [14/Sep/2010:13:32:13 +0200] "GET / HTTP/1.0" 302 - "-" "Mozilla/5.0 (Windows; U; Windows NT 5.1; de; rv:1.9.0.3) Gecko/2008092417 Firefox/3.0.3"
87.123.85.32 - - [14/Sep/2010:13:38:11 +0200] "GET / HTTP/1.0" 302 - "-" "Mozilla/4.0 (compatible; MSIE 6.0; Windows NT 5.1; SV1; DigExt; InfoPath.2)"
87.123.85.32 - - [14/Sep/2010:13:40:38 +0200] "GET / HTTP/1.0" 302 - "-" "Mozilla/4.0 (compatible; MSIE 6.0; Windows NT 5.1; SV1; DigExt; InfoPath.2)"
87.123.85.32 - - [14/Sep/2010:13:42:06 +0200] "GET / HTTP/1.0" 302 - "-" "Mozilla/5.0 (Windows; U; Windows NT 5.1; de; rv:1.9.0.3) Gecko/2008092417 Firefox/3.0.3"
87.123.85.32 - - [14/Sep/2010:13:42:06 +0200] "GET / HTTP/1.0" 302 - "-" "Mozilla/4.0 (compatible; MSIE 6.0; Windows NT 5.1; SV1; DigExt; InfoPath.2)"
87.123.85.32 - - [14/Sep/2010:13:59:39 +0200] "GET / HTTP/1.0" 302 - "-" "Mozilla/4.0 (compatible; MSIE 6.0; Windows NT 5.1; SV1; DigExt; InfoPath.2)"
87.175.18.90 - - [14/Sep/2010:15:19:09 +0200] "GET / HTTP/1.1" 302 - "http://domino2.berufsschulen.de/berufsschulen.nsf/Berlin?OpenView" "Mozilla/4.0 (compatible; MSIE 5.0; Windows NT; DigExt)"
213.97.166.227 - - [14/Sep/2010:15:37:15 +0200] "GET / HTTP/1.1" 302 - "-" "Mozilla/5.0 (Windows; U; Windows NT 5.1; en-US) AppleWebKit/534.3 (KHTML, like Gecko) Chrome/6.0.472.55 Safari/534.3"
87.122.33.209 - - [14/Sep/2010:17:13:59 +0200] "GET / HTTP/1.1" 302 - "http://www.google.de/search?hl=de&source=hp&q=berufsbildende+schule+berlin&aq=3&aqi=g4&aql=&oq=berufsbildende+schule+ber&gs_rfai=" "Mozilla/4.0 (compatible; MSIE 7.0; Windows NT 5.1; .NET CLR 1.1.4322; .NET CLR 2.0.50727; .NET CLR 3.0.4506.2152; .NET CLR 3.5.30729; Versatel.de ISDN 0404)"
83.133.125.202 - - [14/Sep/2010:22:44:21 +0200] "GET / HTTP/1.1" 302 - "http://www.bigfinder.de/" "Mozilla/4.0 (compatible; MSIE 8.0; Windows NT 5.1; Trident/4.0; FBSMTWB; ATC/1.0; .NET CLR 1.1.4322; ATC/1.0; .NET CLR 2.0.50727; .NET CLR 3.0.4506.2152; .NET CLR 3.5.30729)"
213.73.89.64 - - [15/Sep/2010:00:49:18 +0200] "GET / HTTP/1.1" 302 - "-" "-"
67.195.37.171 - - [15/Sep/2010:01:27:27 +0200] "GET /robots.txt HTTP/1.0" 404 1256 "-" "Mozilla/5.0 (compatible; Yahoo! Slurp; http://help.yahoo.com/help/us/ysearch/slurp)"
67.195.37.171 - - [15/Sep/2010:01:27:27 +0200] "GET / HTTP/1.0" 302 - "-" "Mozilla/5.0 (compatible; Yahoo! Slurp/3.0; http://help.yahoo.com/help/us/ysearch/slurp)"
67.195.37.171 - - [15/Sep/2010:02:24:26 +0200] "GET / HTTP/1.0" 302 - "-" "Mozilla/5.0 (compatible; Yahoo! Slurp/3.0; http://help.yahoo.com/help/us/ysearch/slurp)"
213.89.143.77 - - [15/Sep/2010:05:25:33 +0200] "GET / HTTP/1.0" 302 - "-" "Lynx/2.8.7pre.6 libwww-FM/2.14 SSL-MM/1.4.1"
85.25.73.85 - - [15/Sep/2010:05:34:42 +0200] "GET /robots.txt HTTP/1.1" 404 1256 "-" "Mozilla/5.0 (X11; U; Linux i686; de; rv:1.9.0.1; compatible; iCjobs Stellenangebote Jobs; http://www.icjobs.de) Gecko/20100401 iCjobs/3.2.3"
85.25.73.85 - - [15/Sep/2010:05:34:42 +0200] "GET / HTTP/1.1" 302 - "-" "Mozilla/5.0 (X11; U; Linux i686; de; rv:1.9.0.1; compatible; iCjobs Stellenangebote Jobs; http://www.icjobs.de) Gecko/20100401 iCjobs/3.2.3"
87.123.85.32 - - [15/Sep/2010:07:55:54 +0200] "GET / HTTP/1.0" 302 - "-" "Mozilla/5.0 (Windows; U; Windows NT 5.1; de; rv:1.9.0.3) Gecko/2008092417 Firefox/3.0.3"
87.123.85.32 - - [15/Sep/2010:07:56:04 +0200] "GET / HTTP/1.0" 302 - "-" "Mozilla/5.0 (Windows; U; Windows NT 5.1; de; rv:1.9.0.3) Gecko/2008092417 Firefox/3.0.3"
87.123.85.32 - - [15/Sep/2010:08:03:08 +0200] "GET / HTTP/1.0" 302 - "-" "Mozilla/5.0 (Windows; U; Windows NT 5.1; de; rv:1.9.0.3) Gecko/2008092417 Firefox/3.0.3"
87.123.85.32 - - [15/Sep/2010:08:09:58 +0200] "GET / HTTP/1.0" 302 - "-" "Mozilla/5.0 (Windows; U; Windows NT 5.1; de; rv:1.9.0.3) Gecko/2008092417 Firefox/3.0.3"
87.123.85.32 - - [15/Sep/2010:08:24:42 +0200] "GET / HTTP/1.0" 302 - "-" "Mozilla/5.0 (Windows; U; Windows NT 5.1; de; rv:1.9.0.3) Gecko/2008092417 Firefox/3.0.3"
87.123.85.32 - - [15/Sep/2010:08:25:18 +0200] "GET / HTTP/1.0" 302 - "-" "Mozilla/5.0 (Windows; U; Windows NT 5.1; de; rv:1.9.0.3) Gecko/2008092417 Firefox/3.0.3"
87.123.85.32 - - [15/Sep/2010:08:44:34 +0200] "GET / HTTP/1.0" 302 - "-" "Mozilla/5.0 (Windows; U; Windows NT 5.1; de; rv:1.9.0.3) Gecko/2008092417 Firefox/3.0.3"
87.123.85.32 - - [15/Sep/2010:08:47:54 +0200] "GET / HTTP/1.0" 302 - "-" "Mozilla/5.0 (Windows; U; Windows NT 5.1; de; rv:1.9.0.3) Gecko/2008092417 Firefox/3.0.3"
85.178.206.233 - - [15/Sep/2010:09:08:24 +0200] "GET / HTTP/1.1" 302 - "http://www.google.de/url?sa=t&source=web&cd=4&ved=0CC4QFDAD&url=http%3A%2F%2Fwww.friedrich-list-berlin.de%2F&rct=j&q=Friedrich-List-Schule&ei=zHCQTISUK8TgOKKA6dsB&usg=AFQjCNGsKs3TvBQ4z91zrYvo9_SfKi5nug&sig2=7Fh2BhUPoyDHZwBP_6PKaA" "Mozilla/5.0 (Windows; U; Windows NT 5.1; en-US; rv:1.9.2.9) Gecko/20100824 Firefox/3.6.9 Creative ZENcast v2.00.13"
87.123.85.32 - - [15/Sep/2010:09:13:06 +0200] "GET / HTTP/1.0" 302 - "-" "Mozilla/5.0 (Windows; U; Windows NT 5.1; de; rv:1.9.0.3) Gecko/2008092417 Firefox/3.0.3"
87.123.85.32 - - [15/Sep/2010:09:14:45 +0200] "GET / HTTP/1.0" 302 - "-" "Mozilla/5.0 (Windows; U; Windows NT 5.1; de; rv:1.9.0.19) Gecko/2010031422 Firefox/3.0.19"
87.123.85.32 - - [15/Sep/2010:09:14:45 +0200] "GET / HTTP/1.0" 302 - "-" "Mozilla/5.0 (Windows; U; Windows NT 5.1; de; rv:1.9.0.19) Gecko/2010031422 Firefox/3.0.19"
87.123.85.32 - - [15/Sep/2010:09:16:34 +0200] "GET / HTTP/1.0" 302 - "-" "Mozilla/5.0 (Windows; U; Windows NT 5.1; de; rv:1.9.0.19) Gecko/2010031422 Firefox/3.0.19"
87.123.85.32 - - [15/Sep/2010:09:19:54 +0200] "GET / HTTP/1.0" 302 - "-" "Mozilla/5.0 (Windows; U; Windows NT 5.1; de; rv:1.9.0.3) Gecko/2008092417 Firefox/3.0.3"
87.123.85.32 - - [15/Sep/2010:09:20:34 +0200] "GET / HTTP/1.0" 302 - "-" "Mozilla/5.0 (Windows; U; Windows NT 5.1; de; rv:1.9.0.3) Gecko/2008092417 Firefox/3.0.3"
87.123.85.32 - - [15/Sep/2010:09:26:42 +0200] "GET / HTTP/1.0" 302 - "-" "Mozilla/5.0 (Windows; U; Windows NT 5.1; de; rv:1.9.0.19) Gecko/2010031422 Firefox/3.0.19"
207.46.199.55 - - [15/Sep/2010:09:34:58 +0200] "GET /robots.txt HTTP/1.1" 404 1256 "-" "msnbot/2.0b (+http://search.msn.com/msnbot.htm)"
87.123.85.32 - - [15/Sep/2010:09:51:39 +0200] "GET / HTTP/1.1" 302 - "-" "Mozilla/5.0 (Windows; U; Windows NT 5.1; de; rv:1.9.2.3) Gecko/20100401 Firefox/3.6.3"
87.123.85.32 - - [15/Sep/2010:09:51:40 +0200] "GET / HTTP/1.1" 302 - "-" "Mozilla/5.0 (Windows; U; Windows NT 5.1; de; rv:1.9.2.3) Gecko/20100401 Firefox/3.6.3"
207.46.199.55 - - [15/Sep/2010:09:59:57 +0200] "GET / HTTP/1.1" 302 - "-" "msnbot/2.0b (+http://search.msn.com/msnbot.htm)"
87.123.85.32 - - [15/Sep/2010:10:00:29 +0200] "GET / HTTP/1.0" 302 - "-" "Mozilla/5.0 (Windows; U; Windows NT 5.1; de; rv:1.9.0.3) Gecko/2008092417 Firefox/3.0.3"
78.105.69.129 - - [15/Sep/2010:10:11:33 +0200] "GET / HTTP/1.1" 302 - "-" "Mozilla/5.0 (Windows; U; Windows NT 5.1; de; rv:1.9.2.9) Gecko/20100824 Firefox/3.6.9"
78.105.69.129 - - [15/Sep/2010:10:12:55 +0200] "GET / HTTP/1.1" 302 - "-" "Mozilla/5.0 (Windows; U; Windows NT 5.1; de; rv:1.9.2.9) Gecko/20100824 Firefox/3.6.9"
87.123.85.32 - - [15/Sep/2010:10:47:34 +0200] "GET / HTTP/1.0" 302 - "-" "Mozilla/5.0 (Windows; U; Windows NT 5.1; de; rv:1.9.0.3) Gecko/2008092417 Firefox/3.0.3"
87.123.85.32 - - [15/Sep/2010:10:47:50 +0200] "GET / HTTP/1.0" 302 - "-" "Mozilla/5.0 (Windows; U; Windows NT 5.1; de; rv:1.9.0.3) Gecko/2008092417 Firefox/3.0.3"
87.123.85.32 - - [15/Sep/2010:11:02:09 +0200] "GET / HTTP/1.0" 302 - "-" "Mozilla/5.0 (Windows; U; Windows NT 5.1; de; rv:1.9.0.3) Gecko/2008092417 Firefox/3.0.3"
87.123.85.32 - - [15/Sep/2010:11:05:13 +0200] "GET / HTTP/1.0" 302 - "-" "Mozilla/5.0 (Windows; U; Windows NT 5.1; de; rv:1.9.0.3) Gecko/2008092417 Firefox/3.0.3"
87.123.85.32 - - [15/Sep/2010:11:10:22 +0200] "GET / HTTP/1.0" 302 - "-" "Mozilla/5.0 (Windows; U; Windows NT 5.1; de; rv:1.9.0.3) Gecko/2008092417 Firefox/3.0.3"
87.123.85.32 - - [15/Sep/2010:11:10:24 +0200] "GET / HTTP/1.0" 302 - "-" "Mozilla/5.0 (Windows; U; Windows NT 5.1; de; rv:1.9.0.3) Gecko/2008092417 Firefox/3.0.3"
87.123.85.32 - - [15/Sep/2010:11:10:26 +0200] "GET / HTTP/1.0" 302 - "-" "Mozilla/5.0 (Windows; U; Windows NT 5.1; de; rv:1.9.0.19) Gecko/2010031422 Firefox/3.0.19"
87.123.85.32 - - [15/Sep/2010:11:10:36 +0200] "GET / HTTP/1.0" 302 - "-" "Mozilla/5.0 (Windows; U; Windows NT 5.1; de; rv:1.9.0.3) Gecko/2008092417 Firefox/3.0.3"
87.123.85.32 - - [15/Sep/2010:11:10:41 +0200] "GET / HTTP/1.0" 302 - "-" "Mozilla/5.0 (Windows; U; Windows NT 5.1; de; rv:1.9.0.19) Gecko/2010031422 Firefox/3.0.19"
87.123.85.32 - - [15/Sep/2010:11:13:40 +0200] "GET / HTTP/1.0" 302 - "-" "Mozilla/5.0 (Windows; U; Windows NT 5.1; de; rv:1.9.0.3) Gecko/2008092417 Firefox/3.0.3"
88.131.106.3 - - [15/Sep/2010:11:16:05 +0200] "GET /robots.txt HTTP/1.0" 404 1256 "-" "Mozilla/5.0 (Windows; U; Windows NT 5.1; en-US) Speedy Spider (http://www.entireweb.com/about/search_tech/speedy_spider/)"
88.131.106.1 - - [15/Sep/2010:11:16:05 +0200] "GET /fls_1_aktuelles.php HTTP/1.0" 404 1256 "-" "Mozilla/5.0 (Windows; U; Windows NT 5.1; en-US) Speedy Spider (http://www.entireweb.com/about/search_tech/speedy_spider/)"
87.123.85.32 - - [15/Sep/2010:11:21:25 +0200] "GET / HTTP/1.1" 302 - "-" "Mozilla/5.0 (Windows; U; Windows NT 5.1; de; rv:1.9.2.9) Gecko/20100824 Firefox/3.6.9"
87.123.85.32 - - [15/Sep/2010:11:24:18 +0200] "GET / HTTP/1.1" 302 - "-" "Mozilla/5.0 (Windows; U; Windows NT 5.1; de; rv:1.9.2.9) Gecko/20100824 Firefox/3.6.9"
87.123.85.32 - - [15/Sep/2010:11:35:43 +0200] "GET / HTTP/1.0" 302 - "-" "Mozilla/5.0 (Windows; U; Windows NT 5.1; de; rv:1.9.0.3) Gecko/2008092417 Firefox/3.0.3"
