121.39.88.19 - - [26/Oct/2017:08:33:02 +0200] "CONNECT 50.117.38.171:443 HTTP/1.0" 405 343 "-" "Mozilla/5.a (Windows; U; Windows NT 6.0; en-US; rv:1.9.0.10)"
121.39.88.19 - - [26/Oct/2017:08:33:17 +0200] "CONNECT 50.117.38.171:443 HTTP/1.0" 405 343 "-" "Mozilla/5.a (Windows; U; Windows NT 6.0; en-US; rv:1.9.0.10)"
121.39.88.19 - - [26/Oct/2017:08:34:58 +0200] "CONNECT 50.117.38.171:443 HTTP/1.0" 405 343 "-" "Mozilla/5.a (Windows; U; Windows NT 6.0; en-US; rv:1.9.0.10)"
121.39.88.19 - - [26/Oct/2017:08:35:12 +0200] "CONNECT 50.117.38.171:443 HTTP/1.0" 405 343 "-" "Mozilla/5.a (Windows; U; Windows NT 6.0; en-US; rv:1.9.0.10)"
121.39.88.19 - - [26/Oct/2017:08:35:13 +0200] "CONNECT 50.117.38.171:443 HTTP/1.0" 405 343 "-" "Mozilla/5.a (Windows; U; Windows NT 6.0; en-US; rv:1.9.0.10)"
121.39.88.19 - - [26/Oct/2017:08:35:46 +0200] "CONNECT 50.117.38.171:443 HTTP/1.0" 405 343 "-" "Mozilla/5.a (Windows; U; Windows NT 6.0; en-US; rv:1.9.0.10)"
121.39.88.19 - - [26/Oct/2017:08:35:49 +0200] "CONNECT 50.117.38.171:443 HTTP/1.0" 405 343 "-" "Mozilla/5.a (Windows; U; Windows NT 6.0; en-US; rv:1.9.0.10)"
121.39.88.19 - - [26/Oct/2017:08:36:09 +0200] "CONNECT 50.117.38.171:443 HTTP/1.0" 405 343 "-" "Mozilla/5.a (Windows; U; Windows NT 6.0; en-US; rv:1.9.0.10)"
121.39.88.19 - - [26/Oct/2017:08:36:11 +0200] "CONNECT 50.117.38.171:443 HTTP/1.0" 405 343 "-" "Mozilla/5.a (Windows; U; Windows NT 6.0; en-US; rv:1.9.0.10)"
121.39.88.19 - - [26/Oct/2017:08:36:39 +0200] "CONNECT 50.117.38.171:443 HTTP/1.0" 405 343 "-" "Mozilla/5.9 (Windows NT 6.1; WOW64)"
121.39.88.19 - - [26/Oct/2017:08:37:48 +0200] "CONNECT 50.117.38.171:443 HTTP/1.0" 405 343 "-" "Mozilla/5.9 (Windows NT 6.1; WOW64)"
121.39.88.19 - - [26/Oct/2017:08:37:50 +0200] "CONNECT 50.117.38.171:443 HTTP/1.0" 405 343 "-" "Mozilla/5.a (Windows; U; Windows NT 6.0; en-US; rv:1.9.0.10)"
121.39.88.19 - - [26/Oct/2017:08:37:53 +0200] "CONNECT 50.117.38.171:443 HTTP/1.0" 405 343 "-" "Mozilla/5.9 (Windows NT 6.1; WOW64)"
121.39.88.19 - - [26/Oct/2017:08:38:00 +0200] "CONNECT 50.117.38.171:443 HTTP/1.0" 405 343 "-" "Mozilla/5.9 (Windows NT 6.1; WOW64)"
121.39.88.19 - - [26/Oct/2017:08:38:25 +0200] "CONNECT 50.117.38.171:443 HTTP/1.0" 405 343 "-" "Mozilla/5.9 (Windows NT 6.1; WOW64)"
121.39.88.19 - - [26/Oct/2017:08:38:42 +0200] "CONNECT 50.117.38.171:443 HTTP/1.0" 405 343 "-" "Mozilla/5.a (Windows; U; Windows NT 6.0; en-US; rv:1.9.0.10)"
121.39.88.19 - - [26/Oct/2017:08:38:56 +0200] "CONNECT 50.117.38.171:443 HTTP/1.0" 405 343 "-" "Mozilla/5.a (Windows; U; Windows NT 6.0; en-US; rv:1.9.0.10)"
121.39.88.19 - - [26/Oct/2017:08:39:21 +0200] "CONNECT 50.117.38.171:443 HTTP/1.0" 405 343 "-" "Mozilla/5.9 (Windows NT 6.1; WOW64)"
121.39.88.19 - - [26/Oct/2017:08:39:37 +0200] "CONNECT 50.117.38.171:443 HTTP/1.0" 405 343 "-" "Mozilla/5.9 (Windows NT 6.1; WOW64)"
121.39.88.19 - - [26/Oct/2017:08:39:57 +0200] "CONNECT 50.117.38.171:443 HTTP/1.0" 405 343 "-" "Mozilla/5.9 (Windows NT 6.1; WOW64)"
141.212.122.81 - - [26/Oct/2017:08:50:29 +0200] "GET / HTTP/1.1" 200 1229 "-" "Mozilla/5.0 zgrab/0.x"
46.229.164.102 - - [26/Oct/2017:08:54:56 +0200] "GET /robots.txt HTTP/1.1" 404 330 "-" "Mozilla/5.0 (compatible; SemrushBot/1.2~bl; +http://www.semrush.com/bot.html)"
121.39.88.19 - - [26/Oct/2017:09:22:57 +0200] "CONNECT 50.117.38.171:443 HTTP/1.0" 405 343 "-" "Mozilla/5.9 (Windows NT 6.1; WOW64)"
121.39.88.19 - - [26/Oct/2017:09:24:01 +0200] "CONNECT 50.117.38.171:443 HTTP/1.0" 405 343 "-" "Mozilla/5.a (Windows; U; Windows NT 6.0; en-US; rv:1.9.0.10)"
121.39.88.19 - - [26/Oct/2017:09:24:55 +0200] "CONNECT 50.117.38.171:443 HTTP/1.0" 405 343 "-" "Mozilla/5.a (Windows; U; Windows NT 6.0; en-US; rv:1.9.0.10)"
121.39.88.19 - - [26/Oct/2017:09:26:18 +0200] "CONNECT 50.117.38.171:443 HTTP/1.0" 405 343 "-" "Mozilla/5.a (Windows; U; Windows NT 6.0; en-US; rv:1.9.0.10)"
121.39.88.19 - - [26/Oct/2017:09:27:44 +0200] "CONNECT 50.117.38.171:443 HTTP/1.0" 405 343 "-" "Mozilla/5.a (Windows; U; Windows NT 6.0; en-US; rv:1.9.0.10)"
121.39.88.19 - - [26/Oct/2017:09:27:46 +0200] "CONNECT 50.117.38.171:443 HTTP/1.0" 405 343 "-" "Mozilla/5.9 (Windows NT 6.1; WOW64)"
220.117.18.203 - - [26/Oct/2017:09:28:09 +0200] "GET /status?full=true HTTP/1.1" 404 311 "-" "Mozilla/5.0 (Macintosh; Intel Mac OS X 10_12_3) AppleWebKit/537.36 (KHTML, like Gecko) Chrome/56.0.2924.87 Safari/537.36"
141.212.122.81 - - [26/Oct/2017:09:29:02 +0200] "GET / HTTP/1.1" 200 1229 "-" "Mozilla/5.0 zgrab/0.x"
202.74.238.27 - - [26/Oct/2017:09:29:53 +0200] "GET /status?full=true HTTP/1.1" 404 311 "-" "Mozilla/5.0 (Macintosh; Intel Mac OS X 10_12_3) AppleWebKit/537.36 (KHTML, like Gecko) Chrome/56.0.2924.87 Safari/537.36"
101.236.60.240 - - [26/Oct/2017:09:31:49 +0200] "GET / HTTP/1.1" 200 1229 "-" "Mozilla/5.0 (Windows NT 6.2; WOW64) AppleWebKit/537.36 (KHTML, like Gecko) Chrome/27.0.1453.94 Safari/537.36"
62.196.180.28 - - [26/Oct/2017:09:37:39 +0200] "GET / HTTP/1.1" 200 1229 "-" "Mozilla/5.0 (Macintosh; Intel Mac OS X 10_12_3) AppleWebKit/537.36 (KHTML, like Gecko) Chrome/56.0.2924.87 Safari/537.36"
62.196.180.28 - - [26/Oct/2017:09:37:47 +0200] "GET /admin/agent/default.action HTTP/1.1" 404 331 "-" "Mozilla/5.0 (Macintosh; Intel Mac OS X 10_12_3) AppleWebKit/537.36 (KHTML, like Gecko) Chrome/56.0.2924.87 Safari/537.36"
62.196.180.28 - - [26/Oct/2017:09:37:55 +0200] "GET /article/article.action HTTP/1.1" 404 327 "-" "Mozilla/5.0 (Macintosh; Intel Mac OS X 10_12_3) AppleWebKit/537.36 (KHTML, like Gecko) Chrome/56.0.2924.87 Safari/537.36"
62.196.180.28 - - [26/Oct/2017:09:38:03 +0200] "GET /browse/browse.action HTTP/1.1" 404 325 "-" "Mozilla/5.0 (Macintosh; Intel Mac OS X 10_12_3) AppleWebKit/537.36 (KHTML, like Gecko) Chrome/56.0.2924.87 Safari/537.36"
62.196.180.28 - - [26/Oct/2017:09:38:11 +0200] "GET /frame/first.action HTTP/1.1" 404 323 "-" "Mozilla/5.0 (Macintosh; Intel Mac OS X 10_12_3) AppleWebKit/537.36 (KHTML, like Gecko) Chrome/56.0.2924.87 Safari/537.36"
101.236.17.236 - - [26/Oct/2017:09:38:13 +0200] "GET / HTTP/1.1" 200 1229 "-" "Mozilla/5.0 (Windows NT 6.2; WOW64) AppleWebKit/537.36 (KHTML, like Gecko) Chrome/27.0.1453.94 Safari/537.36"
62.196.180.28 - - [26/Oct/2017:09:38:19 +0200] "GET /home/login.action HTTP/1.1" 404 322 "-" "Mozilla/5.0 (Macintosh; Intel Mac OS X 10_12_3) AppleWebKit/537.36 (KHTML, like Gecko) Chrome/56.0.2924.87 Safari/537.36"
62.196.180.28 - - [26/Oct/2017:09:38:27 +0200] "GET /index.action HTTP/1.1" 404 317 "-" "Mozilla/5.0 (Macintosh; Intel Mac OS X 10_12_3) AppleWebKit/537.36 (KHTML, like Gecko) Chrome/56.0.2924.87 Safari/537.36"
62.196.180.28 - - [26/Oct/2017:09:38:35 +0200] "GET /index.jsp HTTP/1.1" 404 314 "-" "Mozilla/5.0 (Macintosh; Intel Mac OS X 10_12_3) AppleWebKit/537.36 (KHTML, like Gecko) Chrome/56.0.2924.87 Safari/537.36"
62.196.180.28 - - [26/Oct/2017:09:38:43 +0200] "GET /login.action HTTP/1.1" 404 317 "-" "Mozilla/5.0 (Macintosh; Intel Mac OS X 10_12_3) AppleWebKit/537.36 (KHTML, like Gecko) Chrome/56.0.2924.87 Safari/537.36"
62.196.180.28 - - [26/Oct/2017:09:38:51 +0200] "GET /notFound.action HTTP/1.1" 404 320 "-" "Mozilla/5.0 (Macintosh; Intel Mac OS X 10_12_3) AppleWebKit/537.36 (KHTML, like Gecko) Chrome/56.0.2924.87 Safari/537.36"
62.196.180.28 - - [26/Oct/2017:09:38:59 +0200] "GET /portal/client/cms HTTP/1.1" 404 322 "-" "Mozilla/5.0 (Macintosh; Intel Mac OS X 10_12_3) AppleWebKit/537.36 (KHTML, like Gecko) Chrome/56.0.2924.87 Safari/537.36"
62.196.180.28 - - [26/Oct/2017:09:39:07 +0200] "GET /showcase.action HTTP/1.1" 404 320 "-" "Mozilla/5.0 (Macintosh; Intel Mac OS X 10_12_3) AppleWebKit/537.36 (KHTML, like Gecko) Chrome/56.0.2924.87 Safari/537.36"
62.196.180.28 - - [26/Oct/2017:09:39:15 +0200] "GET /struts2_2.3.15.1-showcase/showcase.action HTTP/1.1" 404 346 "-" "Mozilla/5.0 (Macintosh; Intel Mac OS X 10_12_3) AppleWebKit/537.36 (KHTML, like Gecko) Chrome/56.0.2924.87 Safari/537.36"
62.196.180.28 - - [26/Oct/2017:09:39:23 +0200] "GET /struts-2.3.20.1/login.action HTTP/1.1" 404 333 "-" "Mozilla/5.0 (Macintosh; Intel Mac OS X 10_12_3) AppleWebKit/537.36 (KHTML, like Gecko) Chrome/56.0.2924.87 Safari/537.36"
62.196.180.28 - - [26/Oct/2017:09:39:31 +0200] "GET /struts-2.3.20.3/login.action HTTP/1.1" 404 333 "-" "Mozilla/5.0 (Macintosh; Intel Mac OS X 10_12_3) AppleWebKit/537.36 (KHTML, like Gecko) Chrome/56.0.2924.87 Safari/537.36"
62.196.180.28 - - [26/Oct/2017:09:39:39 +0200] "GET /struts-2.3.20/login.action HTTP/1.1" 404 331 "-" "Mozilla/5.0 (Macintosh; Intel Mac OS X 10_12_3) AppleWebKit/537.36 (KHTML, like Gecko) Chrome/56.0.2924.87 Safari/537.36"
62.196.180.28 - - [26/Oct/2017:09:39:47 +0200] "GET /struts-2.3.24.1/login.action HTTP/1.1" 404 333 "-" "Mozilla/5.0 (Macintosh; Intel Mac OS X 10_12_3) AppleWebKit/537.36 (KHTML, like Gecko) Chrome/56.0.2924.87 Safari/537.36"
62.196.180.28 - - [26/Oct/2017:09:39:55 +0200] "GET /struts-2.3.24.3/login.action HTTP/1.1" 404 333 "-" "Mozilla/5.0 (Macintosh; Intel Mac OS X 10_12_3) AppleWebKit/537.36 (KHTML, like Gecko) Chrome/56.0.2924.87 Safari/537.36"
62.196.180.28 - - [26/Oct/2017:09:40:03 +0200] "GET /struts-2.3.24/login.action HTTP/1.1" 404 331 "-" "Mozilla/5.0 (Macintosh; Intel Mac OS X 10_12_3) AppleWebKit/537.36 (KHTML, like Gecko) Chrome/56.0.2924.87 Safari/537.36"
62.196.180.28 - - [26/Oct/2017:09:40:11 +0200] "GET /struts-2.3.28/login.action HTTP/1.1" 404 331 "-" "Mozilla/5.0 (Macintosh; Intel Mac OS X 10_12_3) AppleWebKit/537.36 (KHTML, like Gecko) Chrome/56.0.2924.87 Safari/537.36"
62.196.180.28 - - [26/Oct/2017:09:40:19 +0200] "GET /struts-2.3.29/login.action HTTP/1.1" 404 331 "-" "Mozilla/5.0 (Macintosh; Intel Mac OS X 10_12_3) AppleWebKit/537.36 (KHTML, like Gecko) Chrome/56.0.2924.87 Safari/537.36"
62.196.180.28 - - [26/Oct/2017:09:40:27 +0200] "GET /struts-2.3.31/login.action HTTP/1.1" 404 331 "-" "Mozilla/5.0 (Macintosh; Intel Mac OS X 10_12_3) AppleWebKit/537.36 (KHTML, like Gecko) Chrome/56.0.2924.87 Safari/537.36"
62.196.180.28 - - [26/Oct/2017:09:40:35 +0200] "GET /struts-2.5.10.1/login.action HTTP/1.1" 404 333 "-" "Mozilla/5.0 (Macintosh; Intel Mac OS X 10_12_3) AppleWebKit/537.36 (KHTML, like Gecko) Chrome/56.0.2924.87 Safari/537.36"
62.196.180.28 - - [26/Oct/2017:09:40:43 +0200] "GET /struts-2.5.10.1-src/login.action HTTP/1.1" 404 337 "-" "Mozilla/5.0 (Macintosh; Intel Mac OS X 10_12_3) AppleWebKit/537.36 (KHTML, like Gecko) Chrome/56.0.2924.87 Safari/537.36"
62.196.180.28 - - [26/Oct/2017:09:40:51 +0200] "GET /struts-2.5.10/login.action HTTP/1.1" 404 331 "-" "Mozilla/5.0 (Macintosh; Intel Mac OS X 10_12_3) AppleWebKit/537.36 (KHTML, like Gecko) Chrome/56.0.2924.87 Safari/537.36"
62.196.180.28 - - [26/Oct/2017:09:40:59 +0200] "GET /struts-2.5.2/login.action HTTP/1.1" 404 330 "-" "Mozilla/5.0 (Macintosh; Intel Mac OS X 10_12_3) AppleWebKit/537.36 (KHTML, like Gecko) Chrome/56.0.2924.87 Safari/537.36"
62.196.180.28 - - [26/Oct/2017:09:41:07 +0200] "GET /struts-2.5-BETA1/login.action HTTP/1.1" 404 334 "-" "Mozilla/5.0 (Macintosh; Intel Mac OS X 10_12_3) AppleWebKit/537.36 (KHTML, like Gecko) Chrome/56.0.2924.87 Safari/537.36"
62.196.180.28 - - [26/Oct/2017:09:41:15 +0200] "GET /struts-2.5-BETA3/login.action HTTP/1.1" 404 334 "-" "Mozilla/5.0 (Macintosh; Intel Mac OS X 10_12_3) AppleWebKit/537.36 (KHTML, like Gecko) Chrome/56.0.2924.87 Safari/537.36"
62.196.180.28 - - [26/Oct/2017:09:41:23 +0200] "GET /struts-2.5/login.action HTTP/1.1" 404 328 "-" "Mozilla/5.0 (Macintosh; Intel Mac OS X 10_12_3) AppleWebKit/537.36 (KHTML, like Gecko) Chrome/56.0.2924.87 Safari/537.36"
62.196.180.28 - - [26/Oct/2017:09:41:31 +0200] "GET /struts2-core-2.3.8/login.action HTTP/1.1" 404 336 "-" "Mozilla/5.0 (Macintosh; Intel Mac OS X 10_12_3) AppleWebKit/537.36 (KHTML, like Gecko) Chrome/56.0.2924.87 Safari/537.36"
62.196.180.28 - - [26/Oct/2017:09:41:39 +0200] "GET /struts2/login.action HTTP/1.1" 404 325 "-" "Mozilla/5.0 (Macintosh; Intel Mac OS X 10_12_3) AppleWebKit/537.36 (KHTML, like Gecko) Chrome/56.0.2924.87 Safari/537.36"
62.196.180.28 - - [26/Oct/2017:09:41:47 +0200] "GET /struts2/showcase.action HTTP/1.1" 404 328 "-" "Mozilla/5.0 (Macintosh; Intel Mac OS X 10_12_3) AppleWebKit/537.36 (KHTML, like Gecko) Chrome/56.0.2924.87 Safari/537.36"
62.196.180.28 - - [26/Oct/2017:09:41:55 +0200] "GET /struts2-showcase/login.action HTTP/1.1" 404 334 "-" "Mozilla/5.0 (Macintosh; Intel Mac OS X 10_12_3) AppleWebKit/537.36 (KHTML, like Gecko) Chrome/56.0.2924.87 Safari/537.36"
62.196.180.28 - - [26/Oct/2017:09:42:03 +0200] "GET /struts2-showcase/showcase.action HTTP/1.1" 404 337 "-" "Mozilla/5.0 (Macintosh; Intel Mac OS X 10_12_3) AppleWebKit/537.36 (KHTML, like Gecko) Chrome/56.0.2924.87 Safari/537.36"
62.196.180.28 - - [26/Oct/2017:09:42:11 +0200] "GET /Struts2XMLHelloWorld/User/home.action HTTP/1.1" 404 342 "-" "Mozilla/5.0 (Macintosh; Intel Mac OS X 10_12_3) AppleWebKit/537.36 (KHTML, like Gecko) Chrome/56.0.2924.87 Safari/537.36"
62.196.180.28 - - [26/Oct/2017:09:42:19 +0200] "GET /struts/login.action HTTP/1.1" 404 324 "-" "Mozilla/5.0 (Macintosh; Intel Mac OS X 10_12_3) AppleWebKit/537.36 (KHTML, like Gecko) Chrome/56.0.2924.87 Safari/537.36"
62.196.180.28 - - [26/Oct/2017:09:42:27 +0200] "GET /user/registrationPage.action HTTP/1.1" 404 333 "-" "Mozilla/5.0 (Macintosh; Intel Mac OS X 10_12_3) AppleWebKit/537.36 (KHTML, like Gecko) Chrome/56.0.2924.87 Safari/537.36"
62.196.180.28 - - [26/Oct/2017:09:42:35 +0200] "GET /vportal/web/gateway HTTP/1.1" 404 324 "-" "Mozilla/5.0 (Macintosh; Intel Mac OS X 10_12_3) AppleWebKit/537.36 (KHTML, like Gecko) Chrome/56.0.2924.87 Safari/537.36"
62.196.180.28 - - [26/Oct/2017:09:42:43 +0200] "GET /web/Index.action HTTP/1.1" 404 321 "-" "Mozilla/5.0 (Macintosh; Intel Mac OS X 10_12_3) AppleWebKit/537.36 (KHTML, like Gecko) Chrome/56.0.2924.87 Safari/537.36"
101.236.41.223 - - [26/Oct/2017:10:03:45 +0200] "GET / HTTP/1.1" 200 1229 "-" "Mozilla/5.0 (Windows NT 6.2; WOW64) AppleWebKit/537.36 (KHTML, like Gecko) Chrome/27.0.1453.94 Safari/537.36"
101.236.37.61 - - [26/Oct/2017:10:04:36 +0200] "GET / HTTP/1.1" 200 1229 "-" "Mozilla/5.0 (Windows NT 6.2; WOW64) AppleWebKit/537.36 (KHTML, like Gecko) Chrome/27.0.1453.94 Safari/537.36"
101.236.41.223 - - [26/Oct/2017:10:20:20 +0200] "GET / HTTP/1.1" 200 1229 "-" "Mozilla/5.0 (Windows NT 6.2; WOW64) AppleWebKit/537.36 (KHTML, like Gecko) Chrome/27.0.1453.94 Safari/537.36"
87.138.124.134 - - [26/Oct/2017:10:22:17 +0200] "GET / HTTP/1.1" 200 1229 "http://www.oberstufenzentrum.de/schulen/friedrich-list-schule" "Mozilla/5.0 (Windows NT 10.0; WOW64; Trident/7.0; rv:11.0) like Gecko"
87.138.124.134 - - [26/Oct/2017:10:22:17 +0200] "GET /favicon.ico HTTP/1.1" 404 331 "-" "Mozilla/5.0 (Windows NT 10.0; Win64; x64; Trident/7.0; rv:11.0) like Gecko"
101.236.41.223 - - [26/Oct/2017:10:25:07 +0200] "GET / HTTP/1.1" 200 1229 "-" "Mozilla/5.0 (Windows NT 6.2; WOW64) AppleWebKit/537.36 (KHTML, like Gecko) Chrome/27.0.1453.94 Safari/537.36"
143.208.159.166 - - [26/Oct/2017:10:30:03 +0200] "GET /status?full=true HTTP/1.1" 404 311 "-" "Mozilla/5.0 (Macintosh; Intel Mac OS X 10_12_3) AppleWebKit/537.36 (KHTML, like Gecko) Chrome/56.0.2924.87 Safari/537.36"
155.94.88.58 - - [26/Oct/2017:10:40:32 +0200] "GET / HTTP/1.0" 200 1229 "-" "sysscan/1.0 (https://github.com/robertdavidgraham/sysscan)"
155.94.88.58 - - [26/Oct/2017:10:40:34 +0200] "GET / HTTP/1.0" 200 1229 "-" "sysscan/1.0 (https://github.com/robertdavidgraham/sysscan)"
155.94.88.58 - - [26/Oct/2017:10:40:39 +0200] "GET / HTTP/1.0" 200 1229 "-" "sysscan/1.0 (https://github.com/robertdavidgraham/sysscan)"
155.94.88.58 - - [26/Oct/2017:10:41:05 +0200] "GET / HTTP/1.0" 200 1229 "-" "sysscan/1.0 (https://github.com/robertdavidgraham/sysscan)"
208.83.223.27 - - [26/Oct/2017:10:54:07 +0200] "GET / HTTP/1.1" 200 1229 "-" "Mozilla/5.0 (compatible; ERIPPbot; +http://eripp.com)"
208.83.223.27 - - [26/Oct/2017:11:04:32 +0200] "GET / HTTP/1.1" 200 1229 "-" "Mozilla/5.0 (compatible; ERIPPbot; +http://eripp.com)"
101.236.37.249 - - [26/Oct/2017:11:08:07 +0200] "GET / HTTP/1.1" 200 1229 "-" "Mozilla/5.0 (Windows NT 6.2; WOW64) AppleWebKit/537.36 (KHTML, like Gecko) Chrome/27.0.1453.94 Safari/537.36"
43.241.229.153 - - [26/Oct/2017:11:21:37 +0200] "GET / HTTP/1.1" 200 1229 "-" "Mozilla/5.0 (Windows NT 6.2; WOW64) AppleWebKit/537.36 (KHTML, like Gecko) Chrome/27.0.1453.94 Safari/537.36"
208.83.223.27 - - [26/Oct/2017:11:26:10 +0200] "GET / HTTP/1.1" 200 1229 "-" "Mozilla/5.0 (compatible; ERIPPbot; +http://eripp.com)"
208.83.223.27 - - [26/Oct/2017:11:35:16 +0200] "GET / HTTP/1.1" 200 1229 "-" "Mozilla/5.0 (compatible; ERIPPbot; +http://eripp.com)"
155.94.88.58 - - [26/Oct/2017:11:39:18 +0200] "GET / HTTP/1.0" 200 1229 "-" "sysscan/1.0 (https://github.com/robertdavidgraham/sysscan)"
101.236.60.240 - - [26/Oct/2017:11:39:37 +0200] "GET / HTTP/1.1" 200 1229 "-" "Mozilla/5.0 (Windows NT 6.2; WOW64) AppleWebKit/537.36 (KHTML, like Gecko) Chrome/27.0.1453.94 Safari/537.36"
155.94.88.58 - - [26/Oct/2017:11:39:39 +0200] "GET / HTTP/1.0" 200 1229 "-" "sysscan/1.0 (https://github.com/robertdavidgraham/sysscan)"
155.94.88.58 - - [26/Oct/2017:11:39:41 +0200] "GET / HTTP/1.0" 200 1229 "-" "sysscan/1.0 (https://github.com/robertdavidgraham/sysscan)"
155.94.88.58 - - [26/Oct/2017:11:39:43 +0200] "GET / HTTP/1.0" 200 1229 "-" "sysscan/1.0 (https://github.com/robertdavidgraham/sysscan)"
155.94.88.58 - - [26/Oct/2017:11:39:55 +0200] "GET / HTTP/1.0" 200 1229 "-" "sysscan/1.0 (https://github.com/robertdavidgraham/sysscan)"
155.94.88.58 - - [26/Oct/2017:11:39:59 +0200] "GET / HTTP/1.0" 200 1229 "-" "sysscan/1.0 (https://github.com/robertdavidgraham/sysscan)"
101.236.60.239 - - [26/Oct/2017:11:42:22 +0200] "GET / HTTP/1.1" 200 1229 "-" "Mozilla/5.0 (Windows NT 6.2; WOW64) AppleWebKit/537.36 (KHTML, like Gecko) Chrome/27.0.1453.94 Safari/537.36"
220.117.18.203 - - [26/Oct/2017:11:43:36 +0200] "GET /status?full=true HTTP/1.1" 404 311 "-" "Mozilla/5.0 (Macintosh; Intel Mac OS X 10_12_3) AppleWebKit/537.36 (KHTML, like Gecko) Chrome/56.0.2924.87 Safari/537.36"
208.83.223.27 - - [26/Oct/2017:11:44:49 +0200] "GET / HTTP/1.1" 200 1229 "-" "Mozilla/5.0 (compatible; ERIPPbot; +http://eripp.com)"
208.83.223.27 - - [26/Oct/2017:11:45:44 +0200] "GET / HTTP/1.1" 200 1229 "-" "Mozilla/5.0 (compatible; ERIPPbot; +http://eripp.com)"
208.83.223.27 - - [26/Oct/2017:12:14:03 +0200] "GET / HTTP/1.1" 200 1229 "-" "Mozilla/5.0 (compatible; ERIPPbot; +http://eripp.com)"
101.236.17.236 - - [26/Oct/2017:12:17:59 +0200] "GET / HTTP/1.1" 200 1229 "-" "Mozilla/5.0 (Windows NT 6.2; WOW64) AppleWebKit/537.36 (KHTML, like Gecko) Chrome/27.0.1453.94 Safari/537.36"
208.83.223.27 - - [26/Oct/2017:12:19:43 +0200] "GET / HTTP/1.1" 200 1229 "-" "Mozilla/5.0 (compatible; ERIPPbot; +http://eripp.com)"
101.236.19.241 - - [26/Oct/2017:12:20:03 +0200] "GET / HTTP/1.1" 200 1229 "-" "Mozilla/5.0 (Windows NT 6.2; WOW64) AppleWebKit/537.36 (KHTML, like Gecko) Chrome/27.0.1453.94 Safari/537.36"
101.236.37.61 - - [26/Oct/2017:12:25:20 +0200] "GET / HTTP/1.1" 200 1229 "-" "Mozilla/5.0 (Windows NT 6.2; WOW64) AppleWebKit/537.36 (KHTML, like Gecko) Chrome/27.0.1453.94 Safari/537.36"
208.83.223.27 - - [26/Oct/2017:12:27:18 +0200] "GET / HTTP/1.1" 200 1229 "-" "Mozilla/5.0 (compatible; ERIPPbot; +http://eripp.com)"
121.39.88.19 - - [26/Oct/2017:12:31:29 +0200] "CONNECT 50.117.38.171:443 HTTP/1.0" 405 343 "-" "Mozilla/5.9 (Windows NT 6.1; WOW64)"
164.52.0.141 - - [26/Oct/2017:12:39:12 +0200] "\x16\x03\x01\x01\"\x01" 501 326 "-" "-"
164.52.0.141 - - [26/Oct/2017:12:39:18 +0200] "USER test +iw test :Test Wuz Here" 400 329 "-" "-"
164.52.0.141 - - [26/Oct/2017:12:39:22 +0200] "GET / HTTP/1.1" 200 1229 "-" "Mozilla/5.0 (Windows NT 6.1; WOW64; rv:52.0) Gecko/20100101 Firefox/52.0"
122.169.96.107 - - [26/Oct/2017:13:02:01 +0200] "GET /cgi-bin/test-cgi HTTP/1.1" 404 321 "-" "Mozilla/5.0 (Macintosh; Intel Mac OS X 10_12_3) AppleWebKit/537.36 (KHTML, like Gecko) Chrome/56.0.2924.87 Safari/537.36"
122.169.96.107 - - [26/Oct/2017:13:02:02 +0200] "GET /cgi-bin/test HTTP/1.1" 404 317 "-" "Mozilla/5.0 (Macintosh; Intel Mac OS X 10_12_3) AppleWebKit/537.36 (KHTML, like Gecko) Chrome/56.0.2924.87 Safari/537.36"
122.169.96.107 - - [26/Oct/2017:13:02:04 +0200] "GET /cgi-bin/test.cgi HTTP/1.1" 404 321 "-" "Mozilla/5.0 (Macintosh; Intel Mac OS X 10_12_3) AppleWebKit/537.36 (KHTML, like Gecko) Chrome/56.0.2924.87 Safari/537.36"
104.236.156.57 - - [26/Oct/2017:13:02:18 +0200] "\x16\x03\x01" 501 318 "-" "-"
104.236.156.57 - - [26/Oct/2017:13:02:59 +0200] "\x16\x03\x01" 501 318 "-" "-"
104.236.156.57 - - [26/Oct/2017:13:04:06 +0200] "\x16\x03\x01" 501 318 "-" "-"
104.236.156.57 - - [26/Oct/2017:13:04:20 +0200] "\x16\x03\x01" 501 318 "-" "-"
104.236.156.57 - - [26/Oct/2017:13:06:56 +0200] "\x16\x03\x01" 501 318 "-" "-"
208.83.223.27 - - [26/Oct/2017:13:07:30 +0200] "GET / HTTP/1.1" 200 1229 "-" "Mozilla/5.0 (compatible; ERIPPbot; +http://eripp.com)"
104.236.156.57 - - [26/Oct/2017:13:10:22 +0200] "\x16\x03\x01" 501 318 "-" "-"
104.236.156.57 - - [26/Oct/2017:13:10:58 +0200] "\x16\x03\x01" 501 318 "-" "-"
104.236.156.57 - - [26/Oct/2017:13:17:26 +0200] "\x16\x03\x01" 501 318 "-" "-"
101.236.41.223 - - [26/Oct/2017:13:18:12 +0200] "GET / HTTP/1.1" 200 1229 "-" "Mozilla/5.0 (Windows NT 6.2; WOW64) AppleWebKit/537.36 (KHTML, like Gecko) Chrome/27.0.1453.94 Safari/537.36"
104.236.156.57 - - [26/Oct/2017:13:21:54 +0200] "\x16\x03\x01" 501 318 "-" "-"
104.236.156.57 - - [26/Oct/2017:13:22:32 +0200] "\x16\x03\x01" 501 318 "-" "-"
101.236.37.249 - - [26/Oct/2017:13:31:48 +0200] "GET / HTTP/1.1" 200 1229 "-" "Mozilla/5.0 (Windows NT 6.2; WOW64) AppleWebKit/537.36 (KHTML, like Gecko) Chrome/27.0.1453.94 Safari/537.36"
101.236.41.223 - - [26/Oct/2017:13:34:45 +0200] "GET / HTTP/1.1" 200 1229 "-" "Mozilla/5.0 (Windows NT 6.2; WOW64) AppleWebKit/537.36 (KHTML, like Gecko) Chrome/27.0.1453.94 Safari/537.36"
101.236.41.223 - - [26/Oct/2017:13:39:24 +0200] "GET / HTTP/1.1" 200 1229 "-" "Mozilla/5.0 (Windows NT 6.2; WOW64) AppleWebKit/537.36 (KHTML, like Gecko) Chrome/27.0.1453.94 Safari/537.36"
101.236.60.240 - - [26/Oct/2017:13:44:43 +0200] "GET / HTTP/1.1" 200 1229 "-" "Mozilla/5.0 (Windows NT 6.2; WOW64) AppleWebKit/537.36 (KHTML, like Gecko) Chrome/27.0.1453.94 Safari/537.36"
66.249.64.149 - - [26/Oct/2017:13:59:36 +0200] "GET /robots.txt HTTP/1.1" 404 330 "-" "Mozilla/5.0 (compatible; Googlebot/2.1; +http://www.google.com/bot.html)"
66.249.64.149 - - [26/Oct/2017:13:59:36 +0200] "GET / HTTP/1.1" 200 1229 "-" "Mozilla/5.0 (compatible; Googlebot/2.1; +http://www.google.com/bot.html)"
66.249.64.153 - - [26/Oct/2017:14:04:34 +0200] "GET / HTTP/1.1" 200 1229 "-" "Mozilla/5.0 (Linux; Android 6.0.1; Nexus 5X Build/MMB29P) AppleWebKit/537.36 (KHTML, like Gecko) Chrome/41.0.2272.96 Mobile Safari/537.36 (compatible; Googlebot/2.1; +http://www.google.com/bot.html)"
91.200.12.81 - - [26/Oct/2017:14:09:41 +0200] "GET / HTTP/1.0" 200 1229 "-" "Mozilla/5.0"
91.200.12.81 - - [26/Oct/2017:14:11:00 +0200] "GET / HTTP/1.0" 200 1229 "-" "Mozilla/5.0"
91.200.12.81 - - [26/Oct/2017:14:11:25 +0200] "GET / HTTP/1.0" 200 1229 "-" "Mozilla/5.0"
91.200.12.81 - - [26/Oct/2017:14:12:48 +0200] "GET / HTTP/1.0" 200 1229 "-" "Mozilla/5.0"
195.88.117.28 - - [26/Oct/2017:14:16:24 +0200] "GET / HTTP/1.1" 200 1229 "http://www.oberstufenzentrum.de/schulen/friedrich-list-schule" "Mozilla/5.0 (Windows NT 6.1; WOW64; Trident/7.0; rv:11.0) like Gecko"
195.88.117.28 - - [26/Oct/2017:14:16:24 +0200] "GET /favicon.ico HTTP/1.1" 404 331 "-" "Mozilla/5.0 (Windows NT 6.1; Win64; x64; Trident/7.0; rv:11.0) like Gecko"
50.112.194.65 - - [26/Oct/2017:14:18:05 +0200] "GET / HTTP/1.1" 200 1229 "-" "Mozilla/4.0 (compatible; MSIE 8.0; Windows NT 5.1; Trident/4.0)"
52.27.2.86 - - [26/Oct/2017:14:18:18 +0200] "GET /favicon.ico HTTP/1.1" 404 331 "-" "Mozilla/4.0 (compatible; MSIE 8.0; Windows NT 5.1; Trident/4.0)"
143.208.159.166 - - [26/Oct/2017:14:28:14 +0200] "GET /status?full=true HTTP/1.1" 404 311 "-" "Mozilla/5.0 (Macintosh; Intel Mac OS X 10_12_3) AppleWebKit/537.36 (KHTML, like Gecko) Chrome/56.0.2924.87 Safari/537.36"
101.236.60.239 - - [26/Oct/2017:14:28:31 +0200] "GET / HTTP/1.1" 200 1229 "-" "Mozilla/5.0 (Windows NT 6.2; WOW64) AppleWebKit/537.36 (KHTML, like Gecko) Chrome/27.0.1453.94 Safari/537.36"
195.62.53.168 - - [26/Oct/2017:14:29:46 +0200] "GET /index.php HTTP/1.0" 404 310 "-" "Mozilla/5.0 (Windows NT 6.1; Win64; x64; rv:30.N) Gecko/20110302 Firefox/30.0"
101.236.37.61 - - [26/Oct/2017:14:54:10 +0200] "GET / HTTP/1.1" 200 1229 "-" "Mozilla/5.0 (Windows NT 6.2; WOW64) AppleWebKit/537.36 (KHTML, like Gecko) Chrome/27.0.1453.94 Safari/537.36"
141.212.121.192 - - [26/Oct/2017:15:38:08 +0200] "GET / HTTP/1.1" 200 1229 "-" "Mozilla/5.0 zgrab/0.x"
141.212.121.192 - - [26/Oct/2017:15:49:32 +0200] "GET / HTTP/1.1" 200 1229 "-" "Mozilla/5.0 zgrab/0.x"
101.236.37.249 - - [26/Oct/2017:15:53:01 +0200] "GET / HTTP/1.1" 200 1229 "-" "Mozilla/5.0 (Windows NT 6.2; WOW64) AppleWebKit/537.36 (KHTML, like Gecko) Chrome/27.0.1453.94 Safari/537.36"
195.62.53.168 - - [26/Oct/2017:16:05:17 +0200] "GET /index.php HTTP/1.0" 404 310 "-" "Mozilla/5.0 (Windows NT 6.1; Win64; x64; rv:30.N) Gecko/20110302 Firefox/30.0"
91.200.12.81 - - [26/Oct/2017:16:18:20 +0200] "GET / HTTP/1.0" 200 1229 "-" "Mozilla/5.0"
91.200.12.81 - - [26/Oct/2017:16:18:24 +0200] "GET / HTTP/1.0" 200 1229 "-" "Mozilla/5.0"
91.200.12.81 - - [26/Oct/2017:16:18:29 +0200] "GET / HTTP/1.0" 200 1229 "-" "Mozilla/5.0"
153.182.82.50 - - [26/Oct/2017:16:27:19 +0200] "GET / HTTP/1.0" 200 1229 "-" "-"
101.236.19.241 - - [26/Oct/2017:16:56:04 +0200] "GET / HTTP/1.1" 200 1229 "-" "Mozilla/5.0 (Windows NT 6.2; WOW64) AppleWebKit/537.36 (KHTML, like Gecko) Chrome/27.0.1453.94 Safari/537.36"
82.208.129.45 - - [26/Oct/2017:17:10:53 +0200] "GET /phpmyadmin/scripts/setup.php HTTP/1.1" 404 333 "-" "Mozilla/5.0 (Macintosh; Intel Mac OS X 10_12_3) AppleWebKit/537.36 (KHTML, like Gecko) Chrome/56.0.2924.87 Safari/537.36"
82.208.129.45 - - [26/Oct/2017:17:10:53 +0200] "GET /phpMyAdmin/scripts.setup.php HTTP/1.1" 404 333 "-" "Mozilla/5.0 (Macintosh; Intel Mac OS X 10_12_3) AppleWebKit/537.36 (KHTML, like Gecko) Chrome/56.0.2924.87 Safari/537.36"
82.208.129.45 - - [26/Oct/2017:17:10:53 +0200] "GET /mysql/scripts/setup.php HTTP/1.1" 404 328 "-" "Mozilla/5.0 (Macintosh; Intel Mac OS X 10_12_3) AppleWebKit/537.36 (KHTML, like Gecko) Chrome/56.0.2924.87 Safari/537.36"
82.208.129.45 - - [26/Oct/2017:17:10:53 +0200] "GET /pma/scripts/setup.php HTTP/1.1" 404 326 "-" "Mozilla/5.0 (Macintosh; Intel Mac OS X 10_12_3) AppleWebKit/537.36 (KHTML, like Gecko) Chrome/56.0.2924.87 Safari/537.36"
82.208.129.45 - - [26/Oct/2017:17:10:53 +0200] "GET /MyAdmin/scripts/setup.php HTTP/1.1" 404 330 "-" "Mozilla/5.0 (Macintosh; Intel Mac OS X 10_12_3) AppleWebKit/537.36 (KHTML, like Gecko) Chrome/56.0.2924.87 Safari/537.36"
82.208.129.45 - - [26/Oct/2017:17:10:53 +0200] "GET /xampp/phpmyadmin/scripts/setup.php HTTP/1.1" 404 339 "-" "Mozilla/5.0 (Macintosh; Intel Mac OS X 10_12_3) AppleWebKit/537.36 (KHTML, like Gecko) Chrome/56.0.2924.87 Safari/537.36"
82.208.129.45 - - [26/Oct/2017:17:10:54 +0200] "GET /scripts/setup.php HTTP/1.1" 404 322 "-" "Mozilla/5.0 (Macintosh; Intel Mac OS X 10_12_3) AppleWebKit/537.36 (KHTML, like Gecko) Chrome/56.0.2924.87 Safari/537.36"
82.208.129.45 - - [26/Oct/2017:17:10:54 +0200] "GET /phpMyAdmin/scripts/setup.php HTTP/1.1" 404 333 "-" "Mozilla/5.0 (Macintosh; Intel Mac OS X 10_12_3) AppleWebKit/537.36 (KHTML, like Gecko) Chrome/56.0.2924.87 Safari/537.36"
66.249.64.74 - - [26/Oct/2017:17:38:03 +0200] "GET /robots.txt HTTP/1.1" 404 323 "-" "Mozilla/5.0 (compatible; Googlebot/2.1; +http://www.google.com/bot.html)"
66.249.64.74 - - [26/Oct/2017:17:38:03 +0200] "GET /search/cc.php HTTP/1.1" 404 326 "-" "Mozilla/5.0 (compatible; Googlebot/2.1; +http://www.google.com/bot.html)"
66.249.64.74 - - [26/Oct/2017:17:43:01 +0200] "GET /corporate-fashion/ HTTP/1.1" 404 331 "-" "Mozilla/5.0 (compatible; Googlebot/2.1; +http://www.google.com/bot.html)"
139.159.234.34 - - [26/Oct/2017:17:51:17 +0200] "GET /manager/html HTTP/1.1" 404 317 "-" "Mozilla/5.0 (compatible; MSIE 10.0; Windows NT 6.2; WOW64; Trident/6.0)"
91.200.12.81 - - [26/Oct/2017:17:53:49 +0200] "GET / HTTP/1.0" 200 1229 "-" "Mozilla/5.0"
91.200.12.81 - - [26/Oct/2017:17:54:32 +0200] "GET / HTTP/1.0" 200 1229 "-" "Mozilla/5.0"
91.200.12.81 - - [26/Oct/2017:17:55:08 +0200] "GET / HTTP/1.0" 200 1229 "-" "Mozilla/5.0"
46.229.164.98 - - [26/Oct/2017:18:09:50 +0200] "GET /robots.txt HTTP/1.1" 404 330 "-" "Mozilla/5.0 (compatible; SemrushBot/1.2~bl; +http://www.semrush.com/bot.html)"
221.148.180.57 - - [26/Oct/2017:18:32:59 +0200] "GET /cgi-bin/test HTTP/1.1" 404 317 "-" "Mozilla/5.0 (Macintosh; Intel Mac OS X 10_12_3) AppleWebKit/537.36 (KHTML, like Gecko) Chrome/56.0.2924.87 Safari/537.36"
221.148.180.57 - - [26/Oct/2017:18:33:00 +0200] "GET /cgi-bin/test.cgi HTTP/1.1" 404 321 "-" "Mozilla/5.0 (Macintosh; Intel Mac OS X 10_12_3) AppleWebKit/537.36 (KHTML, like Gecko) Chrome/56.0.2924.87 Safari/537.36"
139.60.160.135 - - [26/Oct/2017:19:07:05 +0200] "\x03" 501 316 "-" "-"
139.60.160.135 - - [26/Oct/2017:19:07:06 +0200] "\x03" 501 316 "-" "-"
139.60.160.135 - - [26/Oct/2017:19:07:08 +0200] "\x03" 501 316 "-" "-"
139.60.160.135 - - [26/Oct/2017:19:07:09 +0200] "\x03" 501 316 "-" "-"
139.60.160.135 - - [26/Oct/2017:19:07:18 +0200] "\x03" 501 316 "-" "-"
139.60.160.135 - - [26/Oct/2017:19:29:43 +0200] "\x03" 501 316 "-" "-"
67.19.79.218 - - [26/Oct/2017:19:49:20 +0200] "GET /robots.txt HTTP/1.0" 404 311 "-" "Mozilla/4.0 (compatible; MSIE 5.01; Windows NT)"
139.162.114.70 - - [26/Oct/2017:20:27:16 +0200] "GET / HTTP/1.1" 200 1229 "-" "Mozilla/5.0 (Windows NT 10.0; WOW64) AppleWebKit/537.36 (KHTML, like Gecko) Chrome/50.0.2661.102 Safari/537.36"
70.42.131.170 - - [26/Oct/2017:20:34:44 +0200] "GET /apachetomcatjboss HTTP/1.1" 404 322 "http://www.bing.com/search?q=amazon" "Mozilla/4.0 (compatible; MSIE 8.0; Windows NT 6.1; WOW64; Trident/4.0; SLCC2; .NET CLR 2.0.50727; .NET CLR 3.5.30729; .NET CLR 3.0.30729; Media Center PC 6.0; .NET4.0C; .NET4.0E; InfoPath.2)"
139.162.114.70 - - [26/Oct/2017:21:09:19 +0200] "GET / HTTP/1.1" 200 1229 "-" "Mozilla/5.0 (Windows NT 10.0; WOW64) AppleWebKit/537.36 (KHTML, like Gecko) Chrome/50.0.2661.102 Safari/537.36"
139.60.160.135 - - [26/Oct/2017:21:20:16 +0200] "\x03" 501 316 "-" "-"
139.60.160.135 - - [26/Oct/2017:21:20:17 +0200] "\x03" 501 316 "-" "-"
139.60.160.135 - - [26/Oct/2017:21:20:19 +0200] "\x03" 501 316 "-" "-"
139.60.160.135 - - [26/Oct/2017:21:20:20 +0200] "\x03" 501 316 "-" "-"
139.60.160.135 - - [26/Oct/2017:21:20:29 +0200] "\x03" 501 316 "-" "-"
139.159.234.34 - - [26/Oct/2017:21:39:04 +0200] "GET /manager/html HTTP/1.1" 404 317 "-" "Mozilla/5.0 (compatible; MSIE 10.0; Windows NT 6.2; WOW64; Trident/6.0)"
139.60.160.135 - - [26/Oct/2017:21:42:43 +0200] "\x03" 501 316 "-" "-"
207.46.13.128 - - [26/Oct/2017:22:04:56 +0200] "GET / HTTP/1.1" 200 1229 "-" "Mozilla/5.0 (iPhone; CPU iPhone OS 7_0 like Mac OS X) AppleWebKit/537.51.1 (KHTML, like Gecko) Version/7.0 Mobile/11A465 Safari/9537.53 (compatible; bingbot/2.0; +http://www.bing.com/bingbot.htm)"
40.77.167.52 - - [26/Oct/2017:22:05:07 +0200] "GET /robots.txt HTTP/1.1" 404 323 "-" "Mozilla/5.0 (compatible; bingbot/2.0; +http://www.bing.com/bingbot.htm)"
160.44.195.167 - - [26/Oct/2017:22:21:41 +0200] "GET / HTTP/1.1" 200 1229 "-" "Datalovers HostStats"
46.4.11.10 - - [26/Oct/2017:22:25:54 +0200] "GET / HTTP/1.1" 200 1229 "-" "Mozilla/5.0 (Windows NT 10.0; WOW64) AppleWebKit/537.36 (KHTML, like Gecko) Chrome/54.0.2840.99 Safari/537.36"
94.102.49.193 - - [26/Oct/2017:22:27:05 +0200] "GET / HTTP/1.1" 200 1229 "-" "Mozilla/5.0 (Windows NT 6.1) AppleWebKit/537.36 (KHTML, like Gecko) Chrome/41.0.2228.0 Safari/537.36"
94.102.49.193 - - [26/Oct/2017:22:27:06 +0200] "GET /robots.txt HTTP/1.1" 404 315 "-" "-"
94.102.49.193 - - [26/Oct/2017:22:27:06 +0200] "GET /sitemap.xml HTTP/1.1" 404 316 "-" "-"
94.102.49.193 - - [26/Oct/2017:22:27:08 +0200] "GET /favicon.ico HTTP/1.1" 404 316 "-" "python-requests/2.10.0"
185.110.132.232 - - [26/Oct/2017:22:36:08 +0200] "GET / HTTP/1.1" 200 1229 "-" "Scanbot"
204.79.180.4 - - [26/Oct/2017:22:51:56 +0200] "GET / HTTP/1.1" 200 1229 "-" "Mozilla/5.0 (compatible; MSIE 9.0; Windows NT 6.0; Trident/5.0; Trident/5.0)"
139.162.119.197 - - [26/Oct/2017:22:51:58 +0200] "GET / HTTP/1.1" 200 1229 "-" "Mozilla/5.0 (Windows NT 10.0; WOW64) AppleWebKit/537.36 (KHTML, like Gecko) Chrome/50.0.2661.102 Safari/537.36"
185.110.132.232 - - [26/Oct/2017:22:52:50 +0200] "GET / HTTP/1.1" 200 1229 "-" "Scanbot"
185.110.132.232 - - [26/Oct/2017:23:05:50 +0200] "GET / HTTP/1.1" 200 1229 "-" "Scanbot"
185.110.132.232 - - [26/Oct/2017:23:06:03 +0200] "GET / HTTP/1.1" 200 1229 "-" "Scanbot"
185.110.132.232 - - [26/Oct/2017:23:15:50 +0200] "GET / HTTP/1.1" 200 1229 "-" "Scanbot"
185.110.132.232 - - [26/Oct/2017:23:24:49 +0200] "GET / HTTP/1.1" 200 1229 "-" "Scanbot"
139.60.160.135 - - [26/Oct/2017:23:31:07 +0200] "\x03" 501 316 "-" "-"
139.60.160.135 - - [26/Oct/2017:23:31:08 +0200] "\x03" 501 316 "-" "-"
139.60.160.135 - - [26/Oct/2017:23:31:13 +0200] "\x03" 501 316 "-" "-"
185.110.132.232 - - [26/Oct/2017:23:37:47 +0200] "GET / HTTP/1.1" 200 1229 "-" "Scanbot"
185.110.132.232 - - [26/Oct/2017:23:38:09 +0200] "GET / HTTP/1.1" 200 1229 "-" "Scanbot"
118.140.38.6 - - [26/Oct/2017:23:39:16 +0200] "GET / HTTP/1.1" 200 1229 "-" "Mozilla/5.0 (Windows NT 6.1; Win64; x64; rv:47.0) Gecko/20100101 Firefox/47.0"
177.86.79.2 - - [26/Oct/2017:23:42:09 +0200] "GET /cgi-bin/test-cgi HTTP/1.1" 404 321 "-" "Mozilla/5.0 (Macintosh; Intel Mac OS X 10_12_3) AppleWebKit/537.36 (KHTML, like Gecko) Chrome/56.0.2924.87 Safari/537.36"
177.86.79.2 - - [26/Oct/2017:23:42:10 +0200] "GET /cgi-bin/test HTTP/1.1" 404 317 "-" "Mozilla/5.0 (Macintosh; Intel Mac OS X 10_12_3) AppleWebKit/537.36 (KHTML, like Gecko) Chrome/56.0.2924.87 Safari/537.36"
177.86.79.2 - - [26/Oct/2017:23:42:11 +0200] "GET /cgi-bin/test.cgi HTTP/1.1" 404 321 "-" "Mozilla/5.0 (Macintosh; Intel Mac OS X 10_12_3) AppleWebKit/537.36 (KHTML, like Gecko) Chrome/56.0.2924.87 Safari/537.36"
141.212.121.192 - - [26/Oct/2017:23:49:29 +0200] "GET / HTTP/1.1" 200 1229 "-" "Mozilla/5.0 zgrab/0.x"
185.110.132.232 - - [26/Oct/2017:23:53:56 +0200] "GET / HTTP/1.1" 200 1229 "-" "Scanbot"
185.110.132.232 - - [27/Oct/2017:00:29:25 +0200] "GET / HTTP/1.1" 200 1229 "-" "Scanbot"
173.212.201.191 - - [27/Oct/2017:00:48:15 +0200] "GET / HTTP/1.1" 200 1229 "-" "-"
173.212.201.191 - - [27/Oct/2017:00:53:33 +0200] "GET / HTTP/1.1" 200 1229 "-" "-"
77.131.236.109 - - [27/Oct/2017:00:56:26 +0200] "GET / HTTP/1.0" 200 1229 "-" "-"
77.131.236.109 - - [27/Oct/2017:00:56:54 +0200] "GET / HTTP/1.0" 200 1229 "-" "-"
77.131.236.109 - - [27/Oct/2017:01:00:49 +0200] "GET / HTTP/1.0" 200 1229 "-" "-"
77.131.236.109 - - [27/Oct/2017:01:01:24 +0200] "GET / HTTP/1.0" 200 1229 "-" "-"
77.131.236.109 - - [27/Oct/2017:01:02:07 +0200] "GET / HTTP/1.0" 200 1229 "-" "-"
77.131.236.109 - - [27/Oct/2017:01:08:06 +0200] "GET / HTTP/1.0" 200 1229 "-" "-"
77.131.236.109 - - [27/Oct/2017:01:12:05 +0200] "GET / HTTP/1.0" 200 1229 "-" "-"
122.162.84.22 - - [27/Oct/2017:01:12:13 +0200] "GET / HTTP/1.1" 200 1229 "www.bing.com" "Mozilla/5.0 (Windows NT 6.1; WOW64; Trident/7.0; MALC; rv:12.50) like Gecko"
159.203.196.79 - - [27/Oct/2017:01:12:14 +0200] "GET / HTTP/1.0" 200 1229 "www.bing.com" "Mozilla/5.0 (Windows NT 6.1; WOW64; rv:33.0) Gecko/20100101 Firefox/33.0"
122.162.84.22 - - [27/Oct/2017:01:12:58 +0200] "GET / HTTP/1.1" 200 1229 "www.bing.com" "Mozilla/5.0 (Windows NT 6.1; WOW64; Trident/7.0; MALC; rv:12.36) like Gecko"
122.162.84.22 - - [27/Oct/2017:01:12:58 +0200] "GET / HTTP/1.1" 200 1229 "www.bing.com" "Mozilla/5.0 (Windows NT 6.1; WOW64; Trident/7.0; MALC; rv:12.36) like Gecko"
122.162.84.22 - - [27/Oct/2017:01:12:58 +0200] "GET / HTTP/1.1" 200 1229 "www.bing.com" "Mozilla/5.0 (Windows NT 6.1; WOW64; Trident/7.0; MALC; rv:12.36) like Gecko"
77.131.236.109 - - [27/Oct/2017:01:14:13 +0200] "GET / HTTP/1.0" 200 1229 "-" "-"
77.131.236.109 - - [27/Oct/2017:01:16:20 +0200] "GET / HTTP/1.0" 200 1229 "-" "-"
77.131.236.109 - - [27/Oct/2017:01:17:08 +0200] "GET / HTTP/1.0" 200 1229 "-" "-"
82.208.129.45 - - [27/Oct/2017:01:47:22 +0200] "GET /phpmyadmin/scripts/setup.php HTTP/1.1" 404 333 "-" "Mozilla/5.0 (Macintosh; Intel Mac OS X 10_12_3) AppleWebKit/537.36 (KHTML, like Gecko) Chrome/56.0.2924.87 Safari/537.36"
82.208.129.45 - - [27/Oct/2017:01:47:22 +0200] "GET /phpMyAdmin/scripts.setup.php HTTP/1.1" 404 333 "-" "Mozilla/5.0 (Macintosh; Intel Mac OS X 10_12_3) AppleWebKit/537.36 (KHTML, like Gecko) Chrome/56.0.2924.87 Safari/537.36"
82.208.129.45 - - [27/Oct/2017:01:47:22 +0200] "GET /mysql/scripts/setup.php HTTP/1.1" 404 328 "-" "Mozilla/5.0 (Macintosh; Intel Mac OS X 10_12_3) AppleWebKit/537.36 (KHTML, like Gecko) Chrome/56.0.2924.87 Safari/537.36"
82.208.129.45 - - [27/Oct/2017:01:47:22 +0200] "GET /pma/scripts/setup.php HTTP/1.1" 404 326 "-" "Mozilla/5.0 (Macintosh; Intel Mac OS X 10_12_3) AppleWebKit/537.36 (KHTML, like Gecko) Chrome/56.0.2924.87 Safari/537.36"
82.208.129.45 - - [27/Oct/2017:01:47:22 +0200] "GET /MyAdmin/scripts/setup.php HTTP/1.1" 404 330 "-" "Mozilla/5.0 (Macintosh; Intel Mac OS X 10_12_3) AppleWebKit/537.36 (KHTML, like Gecko) Chrome/56.0.2924.87 Safari/537.36"
82.208.129.45 - - [27/Oct/2017:01:47:22 +0200] "GET /xampp/phpmyadmin/scripts/setup.php HTTP/1.1" 404 339 "-" "Mozilla/5.0 (Macintosh; Intel Mac OS X 10_12_3) AppleWebKit/537.36 (KHTML, like Gecko) Chrome/56.0.2924.87 Safari/537.36"
82.208.129.45 - - [27/Oct/2017:01:47:22 +0200] "GET /scripts/setup.php HTTP/1.1" 404 322 "-" "Mozilla/5.0 (Macintosh; Intel Mac OS X 10_12_3) AppleWebKit/537.36 (KHTML, like Gecko) Chrome/56.0.2924.87 Safari/537.36"
82.208.129.45 - - [27/Oct/2017:01:47:23 +0200] "GET /phpMyAdmin/scripts/setup.php HTTP/1.1" 404 333 "-" "Mozilla/5.0 (Macintosh; Intel Mac OS X 10_12_3) AppleWebKit/537.36 (KHTML, like Gecko) Chrome/56.0.2924.87 Safari/537.36"
120.63.164.150 - - [27/Oct/2017:01:52:01 +0200] "GET /cgi-bin/test-cgi HTTP/1.1" 404 321 "-" "Mozilla/5.0 (Macintosh; Intel Mac OS X 10_12_3) AppleWebKit/537.36 (KHTML, like Gecko) Chrome/56.0.2924.87 Safari/537.36"
120.63.164.150 - - [27/Oct/2017:01:52:02 +0200] "GET /cgi-bin/test HTTP/1.1" 404 317 "-" "Mozilla/5.0 (Macintosh; Intel Mac OS X 10_12_3) AppleWebKit/537.36 (KHTML, like Gecko) Chrome/56.0.2924.87 Safari/537.36"
159.203.81.93 - - [27/Oct/2017:01:52:03 +0200] "GET /cgi-bin/test HTTP/1.0" 404 317 "212.91.246.87" "Mozilla/5.0 (Windows NT 6.1; WOW64; rv:33.0) Gecko/20100101 Firefox/33.0"
120.63.164.150 - - [27/Oct/2017:01:52:05 +0200] "GET /cgi-bin/test.cgi HTTP/1.1" 404 321 "-" "Mozilla/5.0 (Macintosh; Intel Mac OS X 10_12_3) AppleWebKit/537.36 (KHTML, like Gecko) Chrome/56.0.2924.87 Safari/537.36"
162.243.69.215 - - [27/Oct/2017:01:52:06 +0200] "GET /cgi-bin/test.cgi HTTP/1.0" 404 321 "212.91.246.87" "Mozilla/5.0 (Windows NT 6.1; WOW64; rv:33.0) Gecko/20100101 Firefox/33.0"
202.74.238.27 - - [27/Oct/2017:02:15:42 +0200] "GET /status?full=true HTTP/1.1" 404 311 "-" "Mozilla/5.0 (Macintosh; Intel Mac OS X 10_12_3) AppleWebKit/537.36 (KHTML, like Gecko) Chrome/56.0.2924.87 Safari/537.36"
193.175.194.33 - - [27/Oct/2017:02:30:05 +0200] "GET / HTTP/1.1" 200 1229 "-" "Mozilla/5.0 (Windows NT 6.1; rv:41.0) Gecko/20100101 Firefox/41.0"
66.249.64.72 - - [27/Oct/2017:02:32:31 +0200] "GET /aktuelles.html HTTP/1.1" 404 327 "-" "Mozilla/5.0 (compatible; Googlebot/2.1; +http://www.google.com/bot.html)"
211.35.20.57 - - [27/Oct/2017:03:05:35 +0200] "GET / HTTP/1.1" 200 1229 "-" "Mozilla/5.0 (Macintosh; Intel Mac OS X 10_12_3) AppleWebKit/537.36 (KHTML, like Gecko) Chrome/56.0.2924.87 Safari/537.36"
211.35.20.57 - - [27/Oct/2017:03:05:40 +0200] "GET /Struts2XMLHelloWorld/User/home.action HTTP/1.1" 404 342 "-" "Mozilla/5.0 (Macintosh; Intel Mac OS X 10_12_3) AppleWebKit/537.36 (KHTML, like Gecko) Chrome/56.0.2924.87 Safari/537.36"
211.35.20.57 - - [27/Oct/2017:03:05:45 +0200] "GET /struts2-showcase/showcase.action HTTP/1.1" 404 337 "-" "Mozilla/5.0 (Macintosh; Intel Mac OS X 10_12_3) AppleWebKit/537.36 (KHTML, like Gecko) Chrome/56.0.2924.87 Safari/537.36"
211.35.20.57 - - [27/Oct/2017:03:05:50 +0200] "GET / HTTP/1.1" 200 1229 "-" "Mozilla/5.0 (Macintosh; Intel Mac OS X 10_12_3) AppleWebKit/537.36 (KHTML, like Gecko) Chrome/56.0.2924.87 Safari/537.36"
211.35.20.57 - - [27/Oct/2017:03:05:58 +0200] "GET /Struts2XMLHelloWorld/User/home.action HTTP/1.1" 404 342 "-" "Mozilla/5.0 (Macintosh; Intel Mac OS X 10_12_3) AppleWebKit/537.36 (KHTML, like Gecko) Chrome/56.0.2924.87 Safari/537.36"
211.35.20.57 - - [27/Oct/2017:03:06:06 +0200] "GET /struts2-showcase/showcase.action HTTP/1.1" 404 337 "-" "Mozilla/5.0 (Macintosh; Intel Mac OS X 10_12_3) AppleWebKit/537.36 (KHTML, like Gecko) Chrome/56.0.2924.87 Safari/537.36"
211.35.20.57 - - [27/Oct/2017:03:06:14 +0200] "GET /struts2-showcase/titles/index.action HTTP/1.1" 404 341 "-" "Mozilla/5.0 (Macintosh; Intel Mac OS X 10_12_3) AppleWebKit/537.36 (KHTML, like Gecko) Chrome/56.0.2924.87 Safari/537.36"
211.35.20.57 - - [27/Oct/2017:03:06:19 +0200] "GET /struts2-bootstrap-showcase/ HTTP/1.1" 404 332 "-" "Mozilla/5.0 (Macintosh; Intel Mac OS X 10_12_3) AppleWebKit/537.36 (KHTML, like Gecko) Chrome/56.0.2924.87 Safari/537.36"
211.35.20.57 - - [27/Oct/2017:03:06:27 +0200] "GET /struts2-showcase/index.action HTTP/1.1" 404 334 "-" "Mozilla/5.0 (Macintosh; Intel Mac OS X 10_12_3) AppleWebKit/537.36 (KHTML, like Gecko) Chrome/56.0.2924.87 Safari/537.36"
211.35.20.57 - - [27/Oct/2017:03:06:32 +0200] "GET /struts2-bootstrap-showcase/index.action HTTP/1.1" 404 344 "-" "Mozilla/5.0 (Macintosh; Intel Mac OS X 10_12_3) AppleWebKit/537.36 (KHTML, like Gecko) Chrome/56.0.2924.87 Safari/537.36"
200.96.158.113 - - [27/Oct/2017:03:17:58 +0200] "GET /status?full=true HTTP/1.1" 404 311 "-" "Mozilla/5.0 (Macintosh; Intel Mac OS X 10_12_3) AppleWebKit/537.36 (KHTML, like Gecko) Chrome/56.0.2924.87 Safari/537.36"
52.10.231.149 - - [27/Oct/2017:03:40:35 +0200] "GET /phpmyadmin/scripts/setup.php HTTP/1.1" 404 333 "-" "Mozilla/5.0 (Macintosh; Intel Mac OS X 10_12_3) AppleWebKit/537.36 (KHTML, like Gecko) Chrome/56.0.2924.87 Safari/537.36"
52.10.231.149 - - [27/Oct/2017:03:40:36 +0200] "GET /phpMyAdmin/scripts.setup.php HTTP/1.1" 404 333 "-" "Mozilla/5.0 (Macintosh; Intel Mac OS X 10_12_3) AppleWebKit/537.36 (KHTML, like Gecko) Chrome/56.0.2924.87 Safari/537.36"
52.10.231.149 - - [27/Oct/2017:03:40:36 +0200] "GET /mysql/scripts/setup.php HTTP/1.1" 404 328 "-" "Mozilla/5.0 (Macintosh; Intel Mac OS X 10_12_3) AppleWebKit/537.36 (KHTML, like Gecko) Chrome/56.0.2924.87 Safari/537.36"
52.10.231.149 - - [27/Oct/2017:03:40:37 +0200] "GET /pma/scripts/setup.php HTTP/1.1" 404 326 "-" "Mozilla/5.0 (Macintosh; Intel Mac OS X 10_12_3) AppleWebKit/537.36 (KHTML, like Gecko) Chrome/56.0.2924.87 Safari/537.36"
52.10.231.149 - - [27/Oct/2017:03:40:38 +0200] "GET /MyAdmin/scripts/setup.php HTTP/1.1" 404 330 "-" "Mozilla/5.0 (Macintosh; Intel Mac OS X 10_12_3) AppleWebKit/537.36 (KHTML, like Gecko) Chrome/56.0.2924.87 Safari/537.36"
52.10.231.149 - - [27/Oct/2017:03:40:38 +0200] "GET /xampp/phpmyadmin/scripts/setup.php HTTP/1.1" 404 339 "-" "Mozilla/5.0 (Macintosh; Intel Mac OS X 10_12_3) AppleWebKit/537.36 (KHTML, like Gecko) Chrome/56.0.2924.87 Safari/537.36"
52.10.231.149 - - [27/Oct/2017:03:40:38 +0200] "GET /scripts/setup.php HTTP/1.1" 404 322 "-" "Mozilla/5.0 (Macintosh; Intel Mac OS X 10_12_3) AppleWebKit/537.36 (KHTML, like Gecko) Chrome/56.0.2924.87 Safari/537.36"
52.10.231.149 - - [27/Oct/2017:03:40:39 +0200] "GET /phpMyAdmin/scripts/setup.php HTTP/1.1" 404 333 "-" "Mozilla/5.0 (Macintosh; Intel Mac OS X 10_12_3) AppleWebKit/537.36 (KHTML, like Gecko) Chrome/56.0.2924.87 Safari/537.36"
217.69.133.59 - - [27/Oct/2017:04:26:57 +0200] "GET /robots.txt HTTP/1.0" 404 330 "-" "Mozilla/5.0 (compatible; Linux x86_64; Mail.RU_Bot/2.0; +http://go.mail.ru/help/robots)"
217.69.133.59 - - [27/Oct/2017:04:27:01 +0200] "GET / HTTP/1.1" 200 1229 "-" "Mozilla/5.0 (compatible; Linux x86_64; Mail.RU_Bot/2.0; +http://go.mail.ru/help/robots)"
62.116.129.216 - - [27/Oct/2017:05:02:02 +0200] "GET / HTTP/1.1" 200 1229 "-" "Java/1.8.0_65"
173.212.201.191 - - [27/Oct/2017:05:15:39 +0200] "GET / HTTP/1.1" 200 1229 "-" "-"
173.212.201.191 - - [27/Oct/2017:05:17:53 +0200] "GET / HTTP/1.1" 200 1229 "-" "-"
173.212.201.191 - - [27/Oct/2017:05:27:31 +0200] "GET / HTTP/1.1" 200 1229 "-" "-"
195.62.53.168 - - [27/Oct/2017:05:29:28 +0200] "GET /index.php HTTP/1.0" 404 310 "-" "Mozilla/5.0 (Windows NT 6.1; Win64; x64; rv:30.N) Gecko/20110302 Firefox/30.0"
173.212.201.191 - - [27/Oct/2017:05:30:01 +0200] "GET / HTTP/1.1" 200 1229 "-" "-"
66.249.64.73 - - [27/Oct/2017:06:11:59 +0200] "GET /robots.txt HTTP/1.1" 404 334 "-" "Mozilla/5.0 (compatible; Googlebot/2.1; +http://www.google.com/bot.html)"
66.249.64.68 - - [27/Oct/2017:06:11:59 +0200] "GET / HTTP/1.1" 200 1229 "-" "Mozilla/5.0 (compatible; Googlebot/2.1; +http://www.google.com/bot.html)"
52.10.231.149 - - [27/Oct/2017:06:17:24 +0200] "GET /phpmyadmin/scripts/setup.php HTTP/1.1" 404 333 "-" "Mozilla/5.0 (Macintosh; Intel Mac OS X 10_12_3) AppleWebKit/537.36 (KHTML, like Gecko) Chrome/56.0.2924.87 Safari/537.36"
52.10.231.149 - - [27/Oct/2017:06:17:25 +0200] "GET /phpMyAdmin/scripts.setup.php HTTP/1.1" 404 333 "-" "Mozilla/5.0 (Macintosh; Intel Mac OS X 10_12_3) AppleWebKit/537.36 (KHTML, like Gecko) Chrome/56.0.2924.87 Safari/537.36"
52.10.231.149 - - [27/Oct/2017:06:17:25 +0200] "GET /mysql/scripts/setup.php HTTP/1.1" 404 328 "-" "Mozilla/5.0 (Macintosh; Intel Mac OS X 10_12_3) AppleWebKit/537.36 (KHTML, like Gecko) Chrome/56.0.2924.87 Safari/537.36"
52.10.231.149 - - [27/Oct/2017:06:17:26 +0200] "GET /pma/scripts/setup.php HTTP/1.1" 404 326 "-" "Mozilla/5.0 (Macintosh; Intel Mac OS X 10_12_3) AppleWebKit/537.36 (KHTML, like Gecko) Chrome/56.0.2924.87 Safari/537.36"
52.10.231.149 - - [27/Oct/2017:06:17:26 +0200] "GET /MyAdmin/scripts/setup.php HTTP/1.1" 404 330 "-" "Mozilla/5.0 (Macintosh; Intel Mac OS X 10_12_3) AppleWebKit/537.36 (KHTML, like Gecko) Chrome/56.0.2924.87 Safari/537.36"
52.10.231.149 - - [27/Oct/2017:06:17:26 +0200] "GET /xampp/phpmyadmin/scripts/setup.php HTTP/1.1" 404 339 "-" "Mozilla/5.0 (Macintosh; Intel Mac OS X 10_12_3) AppleWebKit/537.36 (KHTML, like Gecko) Chrome/56.0.2924.87 Safari/537.36"
52.10.231.149 - - [27/Oct/2017:06:17:27 +0200] "GET /scripts/setup.php HTTP/1.1" 404 322 "-" "Mozilla/5.0 (Macintosh; Intel Mac OS X 10_12_3) AppleWebKit/537.36 (KHTML, like Gecko) Chrome/56.0.2924.87 Safari/537.36"
52.10.231.149 - - [27/Oct/2017:06:17:28 +0200] "GET /phpMyAdmin/scripts/setup.php HTTP/1.1" 404 333 "-" "Mozilla/5.0 (Macintosh; Intel Mac OS X 10_12_3) AppleWebKit/537.36 (KHTML, like Gecko) Chrome/56.0.2924.87 Safari/537.36"
80.82.77.33 - - [27/Oct/2017:06:49:08 +0200] "GET / HTTP/1.1" 200 1229 "-" "Mozilla/5.0 (Windows NT 6.1) AppleWebKit/537.36 (KHTML, like Gecko) Chrome/41.0.2228.0 Safari/537.36"
80.82.77.33 - - [27/Oct/2017:06:49:09 +0200] "GET /robots.txt HTTP/1.1" 404 315 "-" "-"
80.82.77.33 - - [27/Oct/2017:06:49:09 +0200] "GET /sitemap.xml HTTP/1.1" 404 316 "-" "-"
80.82.77.33 - - [27/Oct/2017:06:49:10 +0200] "GET /favicon.ico HTTP/1.1" 404 316 "-" "python-requests/2.13.0"
31.186.3.51 - - [27/Oct/2017:08:07:46 +0200] "GET / HTTP/1.1" 200 1229 "-" "Mozilla/5.0 (Macintosh; Intel Mac OS X 10_12_3) AppleWebKit/537.36 (KHTML, like Gecko) Chrome/56.0.2924.87 Safari/537.36"
31.186.3.51 - - [27/Oct/2017:08:07:54 +0200] "GET /Struts2XMLHelloWorld/User/home.action HTTP/1.1" 404 342 "-" "Mozilla/5.0 (Macintosh; Intel Mac OS X 10_12_3) AppleWebKit/537.36 (KHTML, like Gecko) Chrome/56.0.2924.87 Safari/537.36"
31.186.3.51 - - [27/Oct/2017:08:08:02 +0200] "GET /struts2-showcase/showcase.action HTTP/1.1" 404 337 "-" "Mozilla/5.0 (Macintosh; Intel Mac OS X 10_12_3) AppleWebKit/537.36 (KHTML, like Gecko) Chrome/56.0.2924.87 Safari/537.36"
31.186.3.51 - - [27/Oct/2017:08:08:10 +0200] "GET / HTTP/1.1" 200 1229 "-" "Mozilla/5.0 (Macintosh; Intel Mac OS X 10_12_3) AppleWebKit/537.36 (KHTML, like Gecko) Chrome/56.0.2924.87 Safari/537.36"
31.186.3.51 - - [27/Oct/2017:08:08:18 +0200] "GET /Struts2XMLHelloWorld/User/home.action HTTP/1.1" 404 342 "-" "Mozilla/5.0 (Macintosh; Intel Mac OS X 10_12_3) AppleWebKit/537.36 (KHTML, like Gecko) Chrome/56.0.2924.87 Safari/537.36"
31.186.3.51 - - [27/Oct/2017:08:08:26 +0200] "GET /struts2-showcase/showcase.action HTTP/1.1" 404 337 "-" "Mozilla/5.0 (Macintosh; Intel Mac OS X 10_12_3) AppleWebKit/537.36 (KHTML, like Gecko) Chrome/56.0.2924.87 Safari/537.36"
31.186.3.51 - - [27/Oct/2017:08:08:34 +0200] "GET /struts2-showcase/titles/index.action HTTP/1.1" 404 341 "-" "Mozilla/5.0 (Macintosh; Intel Mac OS X 10_12_3) AppleWebKit/537.36 (KHTML, like Gecko) Chrome/56.0.2924.87 Safari/537.36"
31.186.3.51 - - [27/Oct/2017:08:08:42 +0200] "GET /struts2-bootstrap-showcase/ HTTP/1.1" 404 332 "-" "Mozilla/5.0 (Macintosh; Intel Mac OS X 10_12_3) AppleWebKit/537.36 (KHTML, like Gecko) Chrome/56.0.2924.87 Safari/537.36"
31.186.3.51 - - [27/Oct/2017:08:08:50 +0200] "GET /struts2-showcase/index.action HTTP/1.1" 404 334 "-" "Mozilla/5.0 (Macintosh; Intel Mac OS X 10_12_3) AppleWebKit/537.36 (KHTML, like Gecko) Chrome/56.0.2924.87 Safari/537.36"
31.186.3.51 - - [27/Oct/2017:08:08:58 +0200] "GET /struts2-bootstrap-showcase/index.action HTTP/1.1" 404 344 "-" "Mozilla/5.0 (Macintosh; Intel Mac OS X 10_12_3) AppleWebKit/537.36 (KHTML, like Gecko) Chrome/56.0.2924.87 Safari/537.36"
179.155.95.22 - - [27/Oct/2017:08:49:39 +0200] "GET /status?full=true HTTP/1.1" 404 311 "-" "Mozilla/5.0 (Macintosh; Intel Mac OS X 10_12_3) AppleWebKit/537.36 (KHTML, like Gecko) Chrome/56.0.2924.87 Safari/537.36"
188.138.33.91 - - [27/Oct/2017:09:37:45 +0200] "GET / HTTP/1.1" 200 1229 "-" "Mozilla/5.0 (X11; U; Linux Core i7-4980HQ; de; rv:32.0; compatible; JobboerseBot; http://www.jobboerse.com/bot.htm) Gecko/20100101 Firefox/38.0"
