66.240.205.34 - - [15/Oct/2017:04:36:11 +0200] "Gh0st\xad" 501 321 "-" "-"
66.249.66.129 - - [15/Oct/2017:04:48:38 +0200] "GET / HTTP/1.1" 200 1229 "-" "Mozilla/5.0 (compatible; Googlebot/2.1; +http://www.google.com/bot.html)"
66.249.66.133 - - [15/Oct/2017:05:04:00 +0200] "GET / HTTP/1.1" 200 1229 "-" "Mozilla/5.0 (Linux; Android 6.0.1; Nexus 5X Build/MMB29P) AppleWebKit/537.36 (KHTML, like Gecko) Chrome/41.0.2272.96 Mobile Safari/537.36 (compatible; Googlebot/2.1; +http://www.google.com/bot.html)"
91.230.121.184 - - [15/Oct/2017:05:10:36 +0200] "GET /xmlrpc.php HTTP/1.1" 404 315 "-" "Mozilla/5.0 zgrab/0.x"
155.94.88.58 - - [15/Oct/2017:05:25:37 +0200] "GET / HTTP/1.0" 200 1229 "-" "sysscan/1.0 (https://github.com/robertdavidgraham/sysscan)"
155.94.88.58 - - [15/Oct/2017:05:25:37 +0200] "GET / HTTP/1.0" 200 1229 "-" "sysscan/1.0 (https://github.com/robertdavidgraham/sysscan)"
155.94.88.58 - - [15/Oct/2017:05:25:38 +0200] "GET / HTTP/1.0" 200 1229 "-" "sysscan/1.0 (https://github.com/robertdavidgraham/sysscan)"
155.94.88.58 - - [15/Oct/2017:05:26:14 +0200] "GET / HTTP/1.0" 200 1229 "-" "sysscan/1.0 (https://github.com/robertdavidgraham/sysscan)"
155.94.88.58 - - [15/Oct/2017:05:36:25 +0200] "GET / HTTP/1.0" 200 1229 "-" "sysscan/1.0 (https://github.com/robertdavidgraham/sysscan)"
155.94.88.58 - - [15/Oct/2017:05:36:35 +0200] "GET / HTTP/1.0" 200 1229 "-" "sysscan/1.0 (https://github.com/robertdavidgraham/sysscan)"
155.94.88.58 - - [15/Oct/2017:05:37:05 +0200] "GET / HTTP/1.0" 200 1229 "-" "sysscan/1.0 (https://github.com/robertdavidgraham/sysscan)"
217.69.133.225 - - [15/Oct/2017:05:38:43 +0200] "GET /robots.txt HTTP/1.0" 404 330 "-" "Mozilla/5.0 (compatible; Linux x86_64; Mail.RU_Bot/2.0; +http://go.mail.ru/help/robots)"
217.69.133.226 - - [15/Oct/2017:05:38:47 +0200] "GET / HTTP/1.1" 200 1229 "-" "Mozilla/5.0 (compatible; Linux x86_64; Mail.RU_Bot/2.0; +http://go.mail.ru/help/robots)"
180.53.162.251 - - [15/Oct/2017:06:02:16 +0200] "GET / HTTP/1.0" 200 1229 "-" "-"
222.82.62.218 - - [15/Oct/2017:06:23:51 +0200] "GET / HTTP/1.0" 200 1229 "-" "-"
198.20.99.130 - - [15/Oct/2017:06:24:01 +0200] "GET / HTTP/1.1" 200 1229 "-" "Mozilla/5.0 (Windows NT 6.1) AppleWebKit/537.36 (KHTML, like Gecko) Chrome/41.0.2228.0 Safari/537.36"
198.20.99.130 - - [15/Oct/2017:06:24:04 +0200] "GET /robots.txt HTTP/1.1" 404 315 "-" "-"
198.20.99.130 - - [15/Oct/2017:06:24:08 +0200] "GET /sitemap.xml HTTP/1.1" 404 316 "-" "-"
198.20.99.130 - - [15/Oct/2017:06:24:14 +0200] "GET /favicon.ico HTTP/1.1" 404 316 "-" "python-requests/2.10.0"
155.94.88.58 - - [15/Oct/2017:07:00:57 +0200] "GET / HTTP/1.0" 200 1229 "-" "sysscan/1.0 (https://github.com/robertdavidgraham/sysscan)"
155.94.88.58 - - [15/Oct/2017:07:02:07 +0200] "GET / HTTP/1.0" 200 1229 "-" "sysscan/1.0 (https://github.com/robertdavidgraham/sysscan)"
155.94.88.58 - - [15/Oct/2017:07:02:12 +0200] "GET / HTTP/1.0" 200 1229 "-" "sysscan/1.0 (https://github.com/robertdavidgraham/sysscan)"
46.229.164.102 - - [15/Oct/2017:07:12:41 +0200] "GET /robots.txt HTTP/1.1" 404 330 "-" "Mozilla/5.0 (compatible; SemrushBot/1.2~bl; +http://www.semrush.com/bot.html)"
66.249.66.133 - - [15/Oct/2017:07:20:28 +0200] "GET / HTTP/1.1" 200 1229 "-" "Mozilla/5.0 (compatible; Googlebot/2.1; +http://www.google.com/bot.html)"
83.87.196.13 - - [15/Oct/2017:07:29:16 +0200] "GET / HTTP/1.0" 200 1229 "-" "-"
222.174.5.27 - - [15/Oct/2017:07:36:05 +0200] "GET / HTTP/1.1" 200 1229 "http://212.91.246.80:80" "Mozilla/4.0 (compatible; MSIE 9.0; Windows NT 6.1)"
222.174.5.27 - - [15/Oct/2017:07:36:05 +0200] "GET / HTTP/1.1" 200 1229 "http://212.91.246.83:80" "Mozilla/4.0 (compatible; MSIE 9.0; Windows NT 6.1)"
222.174.5.27 - - [15/Oct/2017:07:36:05 +0200] "GET / HTTP/1.1" 200 1229 "http://212.91.246.87:80" "Mozilla/4.0 (compatible; MSIE 9.0; Windows NT 6.1)"
222.174.5.27 - - [15/Oct/2017:07:36:05 +0200] "GET / HTTP/1.1" 200 1229 "http://212.91.246.89:80" "Mozilla/4.0 (compatible; MSIE 9.0; Windows NT 6.1)"
222.174.5.27 - - [15/Oct/2017:07:36:05 +0200] "GET / HTTP/1.1" 200 1229 "http://212.91.246.84:80" "Mozilla/4.0 (compatible; MSIE 9.0; Windows NT 6.1)"
222.174.5.27 - - [15/Oct/2017:07:36:06 +0200] "GET / HTTP/1.1" 200 1229 "http://212.91.246.82:80" "Mozilla/4.0 (compatible; MSIE 9.0; Windows NT 6.1)"
222.174.5.27 - - [15/Oct/2017:07:36:06 +0200] "GET / HTTP/1.1" 200 1229 "http://212.91.246.81:80" "Mozilla/4.0 (compatible; MSIE 9.0; Windows NT 6.1)"
209.239.123.90 - - [15/Oct/2017:07:40:06 +0200] "HEAD / HTTP/1.0" 200 - "-" "-"
209.239.123.90 - - [15/Oct/2017:07:40:06 +0200] "HEAD / HTTP/1.0" 200 - "-" "-"
209.239.123.90 - - [15/Oct/2017:07:40:06 +0200] "HEAD / HTTP/1.0" 200 - "-" "-"
209.239.123.90 - - [15/Oct/2017:07:40:06 +0200] "HEAD / HTTP/1.0" 200 - "-" "-"
209.239.123.90 - - [15/Oct/2017:07:40:06 +0200] "HEAD / HTTP/1.0" 200 - "-" "-"
209.239.123.90 - - [15/Oct/2017:07:40:06 +0200] "HEAD / HTTP/1.0" 200 - "-" "-"
209.239.123.90 - - [15/Oct/2017:07:40:06 +0200] "HEAD / HTTP/1.0" 200 - "-" "-"
172.104.108.109 - - [15/Oct/2017:07:42:13 +0200] "GET / HTTP/1.1" 200 1229 "-" "Mozilla/5.0"
66.249.66.133 - - [15/Oct/2017:07:55:50 +0200] "GET / HTTP/1.1" 200 1229 "-" "Mozilla/5.0 (Linux; Android 6.0.1; Nexus 5X Build/MMB29P) AppleWebKit/537.36 (KHTML, like Gecko) Chrome/41.0.2272.96 Mobile Safari/537.36 (compatible; Googlebot/2.1; +http://www.google.com/bot.html)"
139.162.108.53 - - [15/Oct/2017:08:11:55 +0200] "GET / HTTP/1.1" 200 1229 "-" "Mozilla/5.0 (Windows NT 10.0; WOW64) AppleWebKit/537.36 (KHTML, like Gecko) Chrome/50.0.2661.102 Safari/537.36"
139.162.108.53 - - [15/Oct/2017:08:14:48 +0200] "GET / HTTP/1.1" 200 1229 "-" "Mozilla/5.0 (Windows NT 10.0; WOW64) AppleWebKit/537.36 (KHTML, like Gecko) Chrome/50.0.2661.102 Safari/537.36"
66.249.66.133 - - [15/Oct/2017:08:51:58 +0200] "GET / HTTP/1.1" 200 1229 "-" "Mozilla/5.0 (compatible; Googlebot/2.1; +http://www.google.com/bot.html)"
66.249.66.133 - - [15/Oct/2017:08:57:17 +0200] "GET / HTTP/1.1" 200 1229 "-" "Mozilla/5.0 (Linux; Android 6.0.1; Nexus 5X Build/MMB29P) AppleWebKit/537.36 (KHTML, like Gecko) Chrome/41.0.2272.96 Mobile Safari/537.36 (compatible; Googlebot/2.1; +http://www.google.com/bot.html)"
198.20.87.98 - - [15/Oct/2017:09:12:45 +0200] "GET / HTTP/1.1" 200 1229 "-" "Mozilla/5.0 (Windows NT 6.1) AppleWebKit/537.36 (KHTML, like Gecko) Chrome/41.0.2228.0 Safari/537.36"
198.20.87.98 - - [15/Oct/2017:09:12:47 +0200] "GET /robots.txt HTTP/1.1" 404 315 "-" "-"
198.20.87.98 - - [15/Oct/2017:09:12:52 +0200] "GET /sitemap.xml HTTP/1.1" 404 316 "-" "-"
198.20.87.98 - - [15/Oct/2017:09:12:57 +0200] "GET /favicon.ico HTTP/1.1" 404 316 "-" "python-requests/2.10.0"
141.212.122.48 - - [15/Oct/2017:09:29:41 +0200] "GET /x HTTP/1.1" 400 329 "-" "Telesphoreo"
139.162.119.197 - - [15/Oct/2017:10:39:11 +0200] "GET / HTTP/1.1" 200 1229 "-" "Mozilla/5.0 (Windows NT 10.0; WOW64) AppleWebKit/537.36 (KHTML, like Gecko) Chrome/50.0.2661.102 Safari/537.36"
217.186.69.121 - - [15/Oct/2017:11:05:42 +0200] "GET / HTTP/1.1" 200 1229 "http://www.oberstufenzentrum.de/schulen/friedrich-list-schule" "Mozilla/5.0 (Windows NT 10.0; Win64; x64) AppleWebKit/537.36 (KHTML, like Gecko) Chrome/61.0.3163.100 Safari/537.36"
217.186.69.121 - - [15/Oct/2017:11:05:44 +0200] "GET /favicon.ico HTTP/1.1" 404 331 "http://www.friedrich-list-berlin.de/" "Mozilla/5.0 (Windows NT 10.0; Win64; x64) AppleWebKit/537.36 (KHTML, like Gecko) Chrome/61.0.3163.100 Safari/537.36"
91.230.121.184 - - [15/Oct/2017:11:20:03 +0200] "GET /xmlrpc.php HTTP/1.1" 404 315 "-" "Mozilla/5.0 zgrab/0.x"
141.212.122.48 - - [15/Oct/2017:12:34:25 +0200] "GET /x HTTP/1.1" 400 329 "-" "Telesphoreo"
122.114.2.47 - - [15/Oct/2017:12:36:46 +0200] "GET //phpMyAdmin HTTP/1.1" 404 315 "http://212.91.246.85//phpMyAdmin" "Mozilla/4.0 (compatible; MSIE 9.0; Windows NT 6.1)"
164.132.91.1 - - [15/Oct/2017:12:40:49 +0200] "GET / HTTP/1.1" 200 1229 "-" "Mozilla/5.0 (X11; Linux x86_64; rv:15.0) Gecko/20100101 Firefox/15.0"
58.221.49.52 - - [15/Oct/2017:12:41:39 +0200] "GET //phpMyAdmin HTTP/1.1" 404 315 "http://212.91.246.85//phpMyAdmin" "Mozilla/4.0 (compatible; MSIE 9.0; Windows NT 6.1)"
164.132.91.1 - - [15/Oct/2017:12:52:09 +0200] "GET / HTTP/1.1" 200 1229 "-" "Chrome/41.0.2224.3 Safari/537.36"
66.249.66.133 - - [15/Oct/2017:13:01:48 +0200] "GET / HTTP/1.1" 200 1229 "-" "Mozilla/5.0 (compatible; Googlebot/2.1; +http://www.google.com/bot.html)"
58.221.49.52 - - [15/Oct/2017:13:17:44 +0200] "GET //phpMyAdmin HTTP/1.1" 404 315 "http://212.91.246.85//phpMyAdmin" "Mozilla/4.0 (compatible; MSIE 9.0; Windows NT 6.1)"
122.114.2.47 - - [15/Oct/2017:13:21:35 +0200] "GET //phpmyadmin HTTP/1.1" 404 315 "http://212.91.246.85//phpmyadmin" "Mozilla/4.0 (compatible; MSIE 9.0; Windows NT 6.1)"
122.114.2.47 - - [15/Oct/2017:13:21:36 +0200] "GET //phpmyadmin HTTP/1.1" 404 315 "http://212.91.246.85//phpmyadmin" "Mozilla/4.0 (compatible; MSIE 9.0; Windows NT 6.1)"
66.249.66.131 - - [15/Oct/2017:13:27:53 +0200] "GET / HTTP/1.1" 200 1229 "-" "Mozilla/5.0 (Linux; Android 6.0.1; Nexus 5X Build/MMB29P) AppleWebKit/537.36 (KHTML, like Gecko) Chrome/41.0.2272.96 Mobile Safari/537.36 (compatible; Googlebot/2.1; +http://www.google.com/bot.html)"
222.186.160.45 - - [15/Oct/2017:13:39:11 +0200] "GET / HTTP/1.1" 200 1229 "-" "Mozilla/4.0 (compatible; MSIE 6.0; Windows NT 5.0)"
172.104.108.109 - - [15/Oct/2017:13:41:34 +0200] "GET / HTTP/1.1" 200 1229 "-" "Mozilla/5.0"
141.212.122.48 - - [15/Oct/2017:14:19:01 +0200] "GET /x HTTP/1.1" 400 329 "-" "Telesphoreo"
172.104.108.109 - - [15/Oct/2017:14:32:12 +0200] "GET / HTTP/1.1" 200 1229 "-" "Mozilla/5.0"
49.146.88.30 - - [15/Oct/2017:14:44:01 +0200] "GET / HTTP/1.1" 200 1229 "-" "-"
49.146.88.30 - - [15/Oct/2017:14:44:01 +0200] "GET / HTTP/1.1" 200 1229 "-" "-"
49.146.88.30 - - [15/Oct/2017:14:44:01 +0200] "GET / HTTP/1.1" 200 1229 "-" "-"
49.146.88.30 - - [15/Oct/2017:14:44:01 +0200] "GET / HTTP/1.1" 200 1229 "-" "-"
49.146.88.30 - - [15/Oct/2017:14:44:01 +0200] "GET / HTTP/1.1" 200 1229 "-" "-"
49.146.88.30 - - [15/Oct/2017:14:44:01 +0200] "GET / HTTP/1.1" 200 1229 "-" "-"
49.146.88.30 - - [15/Oct/2017:14:44:01 +0200] "GET / HTTP/1.1" 200 1229 "-" "-"
49.146.88.30 - - [15/Oct/2017:14:44:01 +0200] "GET / HTTP/1.1" 200 1229 "-" "-"
49.146.88.30 - - [15/Oct/2017:14:44:01 +0200] "GET / HTTP/1.1" 200 1229 "-" "-"
49.146.88.30 - - [15/Oct/2017:14:44:01 +0200] "GET / HTTP/1.1" 200 1229 "-" "-"
141.212.122.48 - - [15/Oct/2017:14:47:52 +0200] "GET /x HTTP/1.1" 400 329 "-" "Telesphoreo"
209.239.123.90 - - [15/Oct/2017:15:02:05 +0200] "HEAD / HTTP/1.0" 200 - "-" "-"
209.239.123.90 - - [15/Oct/2017:15:02:05 +0200] "HEAD / HTTP/1.0" 200 - "-" "-"
209.239.123.90 - - [15/Oct/2017:15:02:05 +0200] "HEAD / HTTP/1.0" 200 - "-" "-"
38.142.98.226 - - [15/Oct/2017:15:08:52 +0200] "GET / HTTP/1.0" 200 1229 "-" "Mozilla/5.0 (Windows NT 6.1; rv:31.0) Gecko/20100101 Firefox/31.0"
91.230.121.184 - - [15/Oct/2017:15:25:04 +0200] "GET /xmlrpc.php HTTP/1.1" 404 315 "-" "Mozilla/5.0 zgrab/0.x"
54.193.68.199 - - [15/Oct/2017:15:29:04 +0200] "GET / HTTP/1.1" 200 1229 "-" "Mozilla/5.0 (Macintosh; Intel Mac OS X 10_10_1) AppleWebKit/537.36 (KHTML, like Gecko) Chrome/40.0.2214.93 Safari/537.36"
66.249.66.133 - - [15/Oct/2017:15:29:43 +0200] "GET / HTTP/1.1" 200 1229 "-" "Mozilla/5.0 (compatible; Googlebot/2.1; +http://www.google.com/bot.html)"
195.62.53.168 - - [15/Oct/2017:15:56:51 +0200] "GET / HTTP/1.0" 200 1229 "-" "Mozilla/5.0 (Windows NT 6.1; Win64; x64; rv:30.N) Gecko/20110302 Firefox/30.0"
175.156.237.88 - - [15/Oct/2017:16:30:09 +0200] "GET / HTTP/1.0" 200 1229 "-" "-"
91.230.121.184 - - [15/Oct/2017:16:34:13 +0200] "GET /xmlrpc.php HTTP/1.1" 404 315 "-" "Mozilla/5.0 zgrab/0.x"
204.79.180.2 - - [15/Oct/2017:16:59:08 +0200] "GET / HTTP/1.1" 200 1229 "-" "Mozilla/5.0 (compatible; MSIE 9.0; Windows NT 6.1; Trident/5.0; Trident/5.0)"
66.249.66.202 - - [15/Oct/2017:17:03:26 +0200] "GET /robots.txt HTTP/1.1" 404 323 "-" "Mozilla/5.0 (compatible; Googlebot/2.1; +http://www.google.com/bot.html)"
66.249.66.202 - - [15/Oct/2017:17:03:26 +0200] "GET /dienstkleidung/ HTTP/1.1" 404 328 "-" "Mozilla/5.0 (compatible; Googlebot/2.1; +http://www.google.com/bot.html)"
91.230.121.184 - - [15/Oct/2017:17:07:21 +0200] "GET /xmlrpc.php HTTP/1.1" 404 315 "-" "Mozilla/5.0 zgrab/0.x"
139.162.108.53 - - [15/Oct/2017:17:55:37 +0200] "GET / HTTP/1.1" 200 1229 "-" "Mozilla/5.0 (Windows NT 10.0; WOW64) AppleWebKit/537.36 (KHTML, like Gecko) Chrome/50.0.2661.102 Safari/537.36"
141.212.122.48 - - [15/Oct/2017:18:23:43 +0200] "GET /x HTTP/1.1" 400 329 "-" "Telesphoreo"
95.215.62.171 - - [15/Oct/2017:18:25:22 +0200] "GET /muieblackcat HTTP/1.1" 404 317 "-" "-"
95.215.62.171 - - [15/Oct/2017:18:25:27 +0200] "GET //phpmyadmin/scripts/setup.php HTTP/1.1" 404 333 "-" "-"
95.215.62.171 - - [15/Oct/2017:18:25:28 +0200] "GET //phpMyAdmin/scripts/setup.php HTTP/1.1" 404 333 "-" "-"
95.215.62.171 - - [15/Oct/2017:18:25:28 +0200] "GET //PMA/scripts/setup.php HTTP/1.1" 404 326 "-" "-"
95.215.62.171 - - [15/Oct/2017:18:25:28 +0200] "GET //pma/scripts/setup.php HTTP/1.1" 404 326 "-" "-"
95.215.62.171 - - [15/Oct/2017:18:25:28 +0200] "GET //admin/scripts/setup.php HTTP/1.1" 404 328 "-" "-"
95.215.62.171 - - [15/Oct/2017:18:25:28 +0200] "GET //dbadmin/scripts/setup.php HTTP/1.1" 404 330 "-" "-"
95.215.62.171 - - [15/Oct/2017:18:25:28 +0200] "GET //mysqlmanager/scripts/setup.php HTTP/1.1" 404 335 "-" "-"
95.215.62.171 - - [15/Oct/2017:18:25:28 +0200] "GET //p/m/a/scripts/setup.php HTTP/1.1" 404 328 "-" "-"
95.215.62.171 - - [15/Oct/2017:18:25:28 +0200] "GET //PMA2005/scripts/setup.php HTTP/1.1" 404 330 "-" "-"
95.215.62.171 - - [15/Oct/2017:18:25:29 +0200] "GET //pma2005/scripts/setup.php HTTP/1.1" 404 330 "-" "-"
95.215.62.171 - - [15/Oct/2017:18:25:29 +0200] "GET //phpmanager/scripts/setup.php HTTP/1.1" 404 333 "-" "-"
95.215.62.171 - - [15/Oct/2017:18:25:29 +0200] "GET //php-myadmin/scripts/setup.php HTTP/1.1" 404 334 "-" "-"
95.215.62.171 - - [15/Oct/2017:18:25:29 +0200] "GET //phpmy-admin/scripts/setup.php HTTP/1.1" 404 334 "-" "-"
95.215.62.171 - - [15/Oct/2017:18:25:31 +0200] "GET //webadmin/scripts/setup.php HTTP/1.1" 404 331 "-" "-"
95.215.62.171 - - [15/Oct/2017:18:25:32 +0200] "GET //webdb/scripts/setup.php HTTP/1.1" 404 328 "-" "-"
95.215.62.171 - - [15/Oct/2017:18:25:32 +0200] "GET //mysqladmin/scripts/setup.php HTTP/1.1" 404 333 "-" "-"
95.215.62.171 - - [15/Oct/2017:18:25:32 +0200] "GET //mysql-admin/scripts/setup.php HTTP/1.1" 404 334 "-" "-"
156.67.106.252 - - [15/Oct/2017:18:52:44 +0200] "GET /Phpmyadmin/scripts/setup.php HTTP/1.1" 404 333 "-" "the beast"
64.246.165.140 - - [15/Oct/2017:20:11:51 +0200] "GET /leer.htm HTTP/1.1" 404 313 "http://whois.domaintools.com/dialyse-schoenebeck.de" "Mozilla/5.0 (Windows; U; Windows NT 5.1; en; rv:1.9.0.13) Gecko/2009073022 Firefox/3.5.2 (.NET CLR 3.5.30729) SurveyBot/2.3 (DomainTools)"
64.246.165.140 - - [15/Oct/2017:20:11:52 +0200] "GET /leer.htm HTTP/1.1" 404 313 "http://whois.domaintools.com/dialyse-schoenebeck.de" "Mozilla/5.0 (Windows; U; Windows NT 5.1; en; rv:1.9.0.13) Gecko/2009073022 Firefox/3.5.2 (.NET CLR 3.5.30729) SurveyBot/2.3 (DomainTools)"
64.246.165.140 - - [15/Oct/2017:20:11:52 +0200] "GET /leer.htm HTTP/1.1" 404 313 "http://whois.domaintools.com/dialyse-schoenebeck.de" "Mozilla/5.0 (Windows; U; Windows NT 5.1; en; rv:1.9.0.13) Gecko/2009073022 Firefox/3.5.2 (.NET CLR 3.5.30729) SurveyBot/2.3 (DomainTools)"
164.132.91.1 - - [15/Oct/2017:20:59:07 +0200] "GET / HTTP/1.1" 200 1229 "-" "Firefox/29.0"
172.104.108.109 - - [15/Oct/2017:21:23:20 +0200] "GET / HTTP/1.1" 200 1229 "-" "Mozilla/5.0"
156.67.106.252 - - [15/Oct/2017:21:59:40 +0200] "GET /Phpmyadmin/scripts/setup.php HTTP/1.1" 404 333 "-" "the beast"
185.190.155.117 - - [15/Oct/2017:22:00:19 +0200] "GET / HTTP/1.0" 200 1229 "-" "Mozilla/5.0 (compatible; MSIE 9.0; Windows NT 6.1; WOW64; Trident/5.0)"
185.190.155.117 - - [15/Oct/2017:22:00:19 +0200] "GET / HTTP/1.0" 200 1229 "-" "Mozilla/5.0 (compatible; MSIE 9.0; Windows NT 6.1; WOW64; Trident/5.0)"
185.190.155.117 - - [15/Oct/2017:22:00:19 +0200] "GET / HTTP/1.0" 200 1229 "-" "Mozilla/5.0 (compatible; MSIE 9.0; Windows NT 6.1; WOW64; Trident/5.0)"
185.190.155.117 - - [15/Oct/2017:22:00:19 +0200] "GET / HTTP/1.0" 200 1229 "-" "Mozilla/5.0 (compatible; MSIE 9.0; Windows NT 6.1; WOW64; Trident/5.0)"
185.190.155.117 - - [15/Oct/2017:22:00:19 +0200] "GET / HTTP/1.0" 200 1229 "-" "Mozilla/5.0 (compatible; MSIE 9.0; Windows NT 6.1; WOW64; Trident/5.0)"
185.190.155.117 - - [15/Oct/2017:22:00:19 +0200] "GET / HTTP/1.0" 200 1229 "-" "Mozilla/5.0 (compatible; MSIE 9.0; Windows NT 6.1; WOW64; Trident/5.0)"
185.190.155.117 - - [15/Oct/2017:22:00:19 +0200] "GET / HTTP/1.0" 200 1229 "-" "Mozilla/5.0 (compatible; MSIE 9.0; Windows NT 6.1; WOW64; Trident/5.0)"
185.190.155.117 - - [15/Oct/2017:22:00:19 +0200] "GET / HTTP/1.0" 200 1229 "-" "Mozilla/5.0 (compatible; MSIE 9.0; Windows NT 6.1; WOW64; Trident/5.0)"
185.190.155.117 - - [15/Oct/2017:22:00:19 +0200] "GET / HTTP/1.0" 200 1229 "-" "Mozilla/5.0 (compatible; MSIE 9.0; Windows NT 6.1; WOW64; Trident/5.0)"
185.190.155.117 - - [15/Oct/2017:22:00:19 +0200] "GET / HTTP/1.0" 200 1229 "-" "Mozilla/5.0 (compatible; MSIE 9.0; Windows NT 6.1; WOW64; Trident/5.0)"
163.172.103.246 - - [15/Oct/2017:22:04:31 +0200] "GET / HTTP/1.0" 200 1229 "-" "Mozilla/5.0 (Windows NT 6.1; rv:31.0) Gecko/20100101 Firefox/31.0"
141.212.122.48 - - [15/Oct/2017:22:35:40 +0200] "GET /x HTTP/1.1" 400 329 "-" "Telesphoreo"
66.249.93.222 - - [15/Oct/2017:22:39:14 +0200] "GET / HTTP/1.1" 200 1229 "https://translate.googleusercontent.com/translate_p?hl=es&prev=search&sl=de&u=http://www.friedrich-list-berlin.de/&depth=1&rurl=translate.google.es&sp=nmt4&usg=ALkJrhgAAAAAWePG0AAg3hSB-lj4KkercGP-mUFbGH8Z" "Mozilla/5.0 (Macintosh; Intel Mac OS X 10_10_5) AppleWebKit/603.3.8 (KHTML, like Gecko) Version/10.1.2 Safari/603.3.8,gzip(gfe)"
216.145.5.42 - - [15/Oct/2017:22:47:55 +0200] "GET /frameset/left.htm HTTP/1.1" 404 322 "http://whois.domaintools.com/die-sehnsucht.com" "Mozilla/5.0 (Windows; U; Windows NT 5.1; en; rv:1.9.0.13) Gecko/2009073022 Firefox/3.5.2 (.NET CLR 3.5.30729) SurveyBot/2.3 (DomainTools)"
216.145.5.42 - - [15/Oct/2017:22:47:55 +0200] "GET /frameset/top.htm HTTP/1.1" 404 321 "http://whois.domaintools.com/die-sehnsucht.com" "Mozilla/5.0 (Windows; U; Windows NT 5.1; en; rv:1.9.0.13) Gecko/2009073022 Firefox/3.5.2 (.NET CLR 3.5.30729) SurveyBot/2.3 (DomainTools)"
216.145.5.42 - - [15/Oct/2017:22:47:55 +0200] "GET /neue_seite_1.htm HTTP/1.1" 404 321 "http://whois.domaintools.com/die-sehnsucht.com" "Mozilla/5.0 (Windows; U; Windows NT 5.1; en; rv:1.9.0.13) Gecko/2009073022 Firefox/3.5.2 (.NET CLR 3.5.30729) SurveyBot/2.3 (DomainTools)"
66.249.66.204 - - [15/Oct/2017:22:49:04 +0200] "GET /anfrage.html HTTP/1.1" 404 325 "-" "Mozilla/5.0 (compatible; Googlebot/2.1; +http://www.google.com/bot.html)"
195.62.53.168 - - [15/Oct/2017:22:55:42 +0200] "GET / HTTP/1.0" 200 1229 "-" "Mozilla/5.0 (Windows NT 6.1; Win64; x64; rv:30.N) Gecko/20110302 Firefox/30.0"
164.52.0.141 - - [15/Oct/2017:23:00:36 +0200] "\x16\x03\x01\x01\"\x01" 501 326 "-" "-"
164.52.0.141 - - [15/Oct/2017:23:00:43 +0200] "USER test +iw test :Test Wuz Here" 400 329 "-" "-"
164.52.0.141 - - [15/Oct/2017:23:00:46 +0200] "GET / HTTP/1.1" 200 1229 "-" "Mozilla/5.0 (Windows NT 6.1; WOW64; rv:52.0) Gecko/20100101 Firefox/52.0"
172.104.108.109 - - [15/Oct/2017:23:32:11 +0200] "GET / HTTP/1.1" 200 1229 "-" "Mozilla/5.0"
141.212.122.48 - - [15/Oct/2017:23:33:25 +0200] "GET /x HTTP/1.1" 400 329 "-" "Telesphoreo"
186.220.254.147 - - [15/Oct/2017:23:38:11 +0200] "GET /cgi/common.cgi HTTP/1.1" 404 319 "-" "Wget(linux)"
179.235.110.173 - - [15/Oct/2017:23:38:11 +0200] "GET /cgi/common.cgi HTTP/1.1" 404 319 "-" "Wget(linux)"
177.183.82.155 - - [15/Oct/2017:23:38:11 +0200] "GET /cgi/common.cgi HTTP/1.1" 404 319 "-" "Wget(linux)"
177.183.82.155 - - [15/Oct/2017:23:38:11 +0200] "GET /cgi/common.cgi HTTP/1.1" 404 319 "-" "Wget(linux)"
177.80.138.247 - - [15/Oct/2017:23:38:11 +0200] "GET /cgi/common.cgi HTTP/1.1" 404 319 "-" "Wget(linux)"
177.80.138.247 - - [15/Oct/2017:23:38:12 +0200] "GET /cgi/common.cgi HTTP/1.1" 404 319 "-" "Wget(linux)"
177.183.82.155 - - [15/Oct/2017:23:38:12 +0200] "GET /cgi/common.cgi HTTP/1.1" 404 319 "-" "Wget(linux)"
177.183.82.155 - - [15/Oct/2017:23:38:12 +0200] "GET /cgi/common.cgi HTTP/1.1" 404 319 "-" "Wget(linux)"
177.183.82.155 - - [15/Oct/2017:23:38:12 +0200] "GET /cgi/common.cgi HTTP/1.1" 404 319 "-" "Wget(linux)"
177.183.82.155 - - [15/Oct/2017:23:38:12 +0200] "GET /cgi/common.cgi HTTP/1.1" 404 319 "-" "Wget(linux)"
186.220.254.147 - - [15/Oct/2017:23:38:14 +0200] "GET /stssys.htm HTTP/1.1" 404 315 "-" "Wget(linux)"
179.235.110.173 - - [15/Oct/2017:23:38:14 +0200] "GET /stssys.htm HTTP/1.1" 404 315 "-" "Wget(linux)"
177.183.82.155 - - [15/Oct/2017:23:38:14 +0200] "GET /stssys.htm HTTP/1.1" 404 315 "-" "Wget(linux)"
177.183.82.155 - - [15/Oct/2017:23:38:14 +0200] "GET /stssys.htm HTTP/1.1" 404 315 "-" "Wget(linux)"
177.80.138.247 - - [15/Oct/2017:23:38:15 +0200] "GET /stssys.htm HTTP/1.1" 404 315 "-" "Wget(linux)"
177.80.138.247 - - [15/Oct/2017:23:38:15 +0200] "GET /stssys.htm HTTP/1.1" 404 315 "-" "Wget(linux)"
177.183.82.155 - - [15/Oct/2017:23:38:15 +0200] "GET /stssys.htm HTTP/1.1" 404 315 "-" "Wget(linux)"
177.183.82.155 - - [15/Oct/2017:23:38:15 +0200] "GET /stssys.htm HTTP/1.1" 404 315 "-" "Wget(linux)"
177.183.82.155 - - [15/Oct/2017:23:38:15 +0200] "GET /stssys.htm HTTP/1.1" 404 315 "-" "Wget(linux)"
177.183.82.155 - - [15/Oct/2017:23:38:15 +0200] "GET /stssys.htm HTTP/1.1" 404 315 "-" "Wget(linux)"
186.220.254.147 - - [15/Oct/2017:23:38:17 +0200] "GET / HTTP/1.1" 200 1229 "-" "Wget(linux)"
179.235.110.173 - - [15/Oct/2017:23:38:17 +0200] "GET / HTTP/1.1" 200 1229 "-" "Wget(linux)"
177.183.82.155 - - [15/Oct/2017:23:38:17 +0200] "GET / HTTP/1.1" 200 1229 "-" "Wget(linux)"
177.183.82.155 - - [15/Oct/2017:23:38:17 +0200] "GET / HTTP/1.1" 200 1229 "-" "Wget(linux)"
177.80.138.247 - - [15/Oct/2017:23:38:18 +0200] "GET / HTTP/1.1" 200 1229 "-" "Wget(linux)"
177.80.138.247 - - [15/Oct/2017:23:38:18 +0200] "GET / HTTP/1.1" 200 1229 "-" "Wget(linux)"
177.183.82.155 - - [15/Oct/2017:23:38:18 +0200] "GET / HTTP/1.1" 200 1229 "-" "Wget(linux)"
177.183.82.155 - - [15/Oct/2017:23:38:18 +0200] "GET / HTTP/1.1" 200 1229 "-" "Wget(linux)"
177.183.82.155 - - [15/Oct/2017:23:38:18 +0200] "GET / HTTP/1.1" 200 1229 "-" "Wget(linux)"
177.183.82.155 - - [15/Oct/2017:23:38:18 +0200] "GET / HTTP/1.1" 200 1229 "-" "Wget(linux)"
179.235.110.173 - - [15/Oct/2017:23:38:20 +0200] "POST /command.php HTTP/1.1" 404 316 "-" "Wget(linux)"
186.220.254.147 - - [15/Oct/2017:23:38:21 +0200] "POST /command.php HTTP/1.1" 404 316 "-" "Wget(linux)"
177.80.138.247 - - [15/Oct/2017:23:38:21 +0200] "POST /command.php HTTP/1.1" 404 316 "-" "Wget(linux)"
177.183.82.155 - - [15/Oct/2017:23:38:21 +0200] "POST /command.php HTTP/1.1" 404 316 "-" "Wget(linux)"
177.183.82.155 - - [15/Oct/2017:23:38:21 +0200] "POST /command.php HTTP/1.1" 404 316 "-" "Wget(linux)"
177.183.82.155 - - [15/Oct/2017:23:38:21 +0200] "POST /command.php HTTP/1.1" 404 316 "-" "Wget(linux)"
177.80.138.247 - - [15/Oct/2017:23:38:21 +0200] "POST /command.php HTTP/1.1" 404 316 "-" "Wget(linux)"
177.183.82.155 - - [15/Oct/2017:23:38:21 +0200] "POST /command.php HTTP/1.1" 404 316 "-" "Wget(linux)"
177.183.82.155 - - [15/Oct/2017:23:38:21 +0200] "POST /command.php HTTP/1.1" 404 316 "-" "Wget(linux)"
177.183.82.155 - - [15/Oct/2017:23:38:22 +0200] "POST /command.php HTTP/1.1" 404 316 "-" "Wget(linux)"
141.212.122.48 - - [15/Oct/2017:23:38:34 +0200] "GET /x HTTP/1.1" 400 329 "-" "Telesphoreo"
163.172.103.248 - - [16/Oct/2017:01:00:22 +0200] "GET / HTTP/1.0" 200 1229 "-" "Mozilla/5.0 (Windows NT 6.1; rv:31.0) Gecko/20100101 Firefox/31.0"
164.132.91.1 - - [16/Oct/2017:01:13:24 +0200] "GET / HTTP/1.1" 200 1229 "-" "Mozilla/5.0 (Windows NT 6.1; WOW64; rv:40.0) Gecko/20100101"
141.212.122.48 - - [16/Oct/2017:01:27:19 +0200] "GET /x HTTP/1.1" 400 329 "-" "Telesphoreo"
139.162.114.70 - - [16/Oct/2017:01:28:43 +0200] "GET / HTTP/1.1" 200 1229 "-" "Mozilla/5.0 (Windows NT 10.0; WOW64) AppleWebKit/537.36 (KHTML, like Gecko) Chrome/50.0.2661.102 Safari/537.36"
164.132.91.1 - - [16/Oct/2017:02:05:18 +0200] "GET / HTTP/1.1" 200 1229 "-" "Chrome/41.0.2224.3 Safari/537.36"
141.212.122.48 - - [16/Oct/2017:02:09:28 +0200] "GET /x HTTP/1.1" 400 329 "-" "Telesphoreo"
139.162.108.53 - - [16/Oct/2017:03:06:32 +0200] "GET / HTTP/1.1" 200 1229 "-" "Mozilla/5.0 (Windows NT 10.0; WOW64) AppleWebKit/537.36 (KHTML, like Gecko) Chrome/50.0.2661.102 Safari/537.36"
38.142.98.202 - - [16/Oct/2017:03:08:51 +0200] "GET / HTTP/1.0" 200 1229 "-" "Mozilla/5.0 (Windows NT 6.1; rv:31.0) Gecko/20100101 Firefox/31.0"
164.52.0.141 - - [16/Oct/2017:04:01:35 +0200] "\x16\x03\x01\x01\"\x01" 501 326 "-" "-"
164.52.0.141 - - [16/Oct/2017:04:01:42 +0200] "USER test +iw test :Test Wuz Here" 400 329 "-" "-"
164.52.0.141 - - [16/Oct/2017:04:01:45 +0200] "GET / HTTP/1.1" 200 1229 "-" "Mozilla/5.0 (Windows NT 6.1; WOW64; rv:52.0) Gecko/20100101 Firefox/52.0"
95.128.200.200 - - [16/Oct/2017:04:03:46 +0200] "GET / HTTP/1.1" 200 1229 "https://www.google.de" "Mozilla/5.0 (Windows NT 6.1) AppleWebKit/537.36 (KHTML, like Gecko) Chrome/41.0.2228.0 Safari/537.36"
185.188.207.15 - - [16/Oct/2017:04:53:31 +0200] "GET /xmlrpc.php HTTP/1.1" 404 315 "-" "curl/7.35.0"
38.142.98.250 - - [16/Oct/2017:05:41:56 +0200] "GET / HTTP/1.0" 200 1229 "-" "Mozilla/5.0 (Windows NT 6.1; rv:31.0) Gecko/20100101 Firefox/31.0"
139.162.114.70 - - [16/Oct/2017:06:25:06 +0200] "GET / HTTP/1.1" 200 1229 "-" "Mozilla/5.0 (Windows NT 10.0; WOW64) AppleWebKit/537.36 (KHTML, like Gecko) Chrome/50.0.2661.102 Safari/537.36"
172.104.108.109 - - [16/Oct/2017:06:27:04 +0200] "GET / HTTP/1.1" 200 1229 "-" "Mozilla/5.0"
195.62.53.168 - - [16/Oct/2017:06:50:33 +0200] "GET / HTTP/1.0" 200 1229 "-" "Mozilla/5.0 (Windows NT 6.1; Win64; x64; rv:30.N) Gecko/20110302 Firefox/30.0"
38.142.98.186 - - [16/Oct/2017:06:59:41 +0200] "GET / HTTP/1.0" 200 1229 "-" "Mozilla/5.0 (Windows NT 6.1; rv:31.0) Gecko/20100101 Firefox/31.0"
45.79.79.56 - - [16/Oct/2017:07:06:45 +0200] "GET /Poc.jsp HTTP/1.1" 404 312 "-" "Mozilla/5.0 (iPad; CPU OS 6_0 like Mac OS X) AppleWebKit/536.26 (KHTML, like Gecko) Version/6.0 Mobile/10A5376e Safari/8536.25"
207.46.13.196 - - [16/Oct/2017:07:08:32 +0200] "GET /robots.txt HTTP/1.1" 404 323 "-" "Mozilla/5.0 (compatible; bingbot/2.0; +http://www.bing.com/bingbot.htm)"
157.55.39.44 - - [16/Oct/2017:07:08:37 +0200] "GET / HTTP/1.1" 200 1229 "-" "Mozilla/5.0 (compatible; bingbot/2.0; +http://www.bing.com/bingbot.htm)"
5.196.87.13 - - [16/Oct/2017:07:10:04 +0200] "GET /robots.txt HTTP/1.1" 404 330 "-" "Mozilla/5.0 (compatible; AhrefsBot/5.2; +http://ahrefs.com/robot/)"
103.78.132.3 - - [16/Oct/2017:07:21:11 +0200] "GET / HTTP/1.1" 200 1229 "-" "Mozilla/5.0 zgrab/0.x"
40.77.167.112 - - [16/Oct/2017:07:23:49 +0200] "GET /robots.txt HTTP/1.1" 404 323 "-" "Mozilla/5.0 (compatible; bingbot/2.0; +http://www.bing.com/bingbot.htm)"
64.91.240.10 - - [16/Oct/2017:07:45:39 +0200] "GET / HTTP/1.0" 200 1229 "-" "masscan/1.0 (https://github.com/robertdavidgraham/masscan)"
64.91.240.10 - - [16/Oct/2017:07:45:46 +0200] "GET / HTTP/1.0" 200 1229 "-" "masscan/1.0 (https://github.com/robertdavidgraham/masscan)"
64.91.240.10 - - [16/Oct/2017:07:45:59 +0200] "GET / HTTP/1.0" 200 1229 "-" "masscan/1.0 (https://github.com/robertdavidgraham/masscan)"
64.91.240.10 - - [16/Oct/2017:07:46:12 +0200] "GET / HTTP/1.0" 200 1229 "-" "masscan/1.0 (https://github.com/robertdavidgraham/masscan)"
64.91.240.10 - - [16/Oct/2017:07:46:32 +0200] "GET / HTTP/1.0" 200 1229 "-" "masscan/1.0 (https://github.com/robertdavidgraham/masscan)"
172.104.108.109 - - [16/Oct/2017:07:47:51 +0200] "GET / HTTP/1.1" 200 1229 "-" "Mozilla/5.0"
84.62.25.177 - - [16/Oct/2017:07:48:01 +0200] "O" 501 316 "-" "-"
84.62.25.177 - - [16/Oct/2017:07:48:01 +0200] "POST / HTTP/1.1" 200 1229 "-" "Mozilla/4.0 (compatible; MSIE 7.0; Windows NT 10.0; WOW64; Trident/7.0; .NET4.0C; .NET4.0E; .NET CLR 2.0.50727; .NET CLR 3.0.30729; .NET CLR 3.5.30729; OfficeLiveConnector.1.5; OfficeLivePatch.1.3)"
84.62.25.177 - - [16/Oct/2017:07:50:01 +0200] "POST / HTTP/1.1" 200 1229 "-" "Mozilla/4.0 (compatible; MSIE 7.0; Windows NT 10.0; WOW64; Trident/7.0; .NET4.0C; .NET4.0E; .NET CLR 2.0.50727; .NET CLR 3.0.30729; .NET CLR 3.5.30729; OfficeLiveConnector.1.5; OfficeLivePatch.1.3)"
84.62.25.177 - - [16/Oct/2017:07:52:01 +0200] "POST / HTTP/1.1" 200 1229 "-" "Mozilla/4.0 (compatible; MSIE 7.0; Windows NT 10.0; WOW64; Trident/7.0; .NET4.0C; .NET4.0E; .NET CLR 2.0.50727; .NET CLR 3.0.30729; .NET CLR 3.5.30729; OfficeLiveConnector.1.5; OfficeLivePatch.1.3)"
84.62.25.177 - - [16/Oct/2017:07:54:01 +0200] "POST / HTTP/1.1" 200 1229 "-" "Mozilla/5.0 (Windows NT 10.0; WOW64; Trident/7.0; rv:11.0) like Gecko"
84.62.25.177 - - [16/Oct/2017:07:56:01 +0200] "POST / HTTP/1.1" 200 1229 "-" "Mozilla/5.0 (Windows NT 10.0; WOW64; Trident/7.0; rv:11.0) like Gecko"
84.62.25.177 - - [16/Oct/2017:07:58:01 +0200] "POST / HTTP/1.1" 200 1229 "-" "Mozilla/5.0 (Windows NT 10.0; WOW64; Trident/7.0; rv:11.0) like Gecko"
84.62.25.177 - - [16/Oct/2017:08:00:02 +0200] "POST / HTTP/1.1" 200 1229 "-" "Mozilla/5.0 (Windows NT 10.0; WOW64; Trident/7.0; rv:11.0) like Gecko"
84.62.25.177 - - [16/Oct/2017:08:02:02 +0200] "POST / HTTP/1.1" 200 1229 "-" "Mozilla/5.0 (Windows NT 10.0; WOW64; Trident/7.0; rv:11.0) like Gecko"
182.101.58.92 - - [16/Oct/2017:08:03:39 +0200] "GET / HTTP/1.0" 200 1229 "-" "-"
84.62.25.177 - - [16/Oct/2017:08:04:02 +0200] "POST / HTTP/1.1" 200 1229 "-" "Mozilla/5.0 (Windows NT 10.0; WOW64; Trident/7.0; rv:11.0) like Gecko"
113.128.105.53 - - [16/Oct/2017:08:04:08 +0200] "GET / HTTP/1.1" 200 1229 "-" "Mozilla/5.0 (Windows NT 6.1) AppleWebKit/537.1 (KHTML, like Gecko) Chrome/21.0.1180.89 Safari/537.1"
84.62.25.177 - - [16/Oct/2017:08:06:02 +0200] "POST / HTTP/1.1" 200 1229 "-" "Mozilla/5.0 (Windows NT 10.0; WOW64; Trident/7.0; rv:11.0) like Gecko"
84.62.25.177 - - [16/Oct/2017:08:08:02 +0200] "POST / HTTP/1.1" 200 1229 "-" "Mozilla/5.0 (Windows NT 10.0; WOW64; Trident/7.0; rv:11.0) like Gecko"
91.230.121.184 - - [16/Oct/2017:08:08:14 +0200] "GET /xmlrpc.php HTTP/1.1" 404 315 "-" "Mozilla/5.0 zgrab/0.x"
84.62.25.177 - - [16/Oct/2017:08:10:02 +0200] "POST / HTTP/1.1" 200 1229 "-" "Mozilla/5.0 (Windows NT 10.0; WOW64; Trident/7.0; rv:11.0) like Gecko"
84.62.25.177 - - [16/Oct/2017:08:12:02 +0200] "POST / HTTP/1.1" 200 1229 "-" "Mozilla/5.0 (Windows NT 10.0; WOW64; Trident/7.0; rv:11.0) like Gecko"
84.62.25.177 - - [16/Oct/2017:08:14:02 +0200] "POST / HTTP/1.1" 200 1229 "-" "Mozilla/5.0 (Windows NT 10.0; WOW64; Trident/7.0; rv:11.0) like Gecko"
84.62.25.177 - - [16/Oct/2017:08:16:03 +0200] "POST / HTTP/1.1" 200 1229 "-" "Mozilla/5.0 (Windows NT 10.0; WOW64; Trident/7.0; rv:11.0) like Gecko"
84.62.25.177 - - [16/Oct/2017:08:18:03 +0200] "POST / HTTP/1.1" 200 1229 "-" "Mozilla/5.0 (Windows NT 10.0; WOW64; Trident/7.0; rv:11.0) like Gecko"
84.62.25.177 - - [16/Oct/2017:08:20:03 +0200] "POST / HTTP/1.1" 200 1229 "-" "Mozilla/5.0 (Windows NT 10.0; WOW64; Trident/7.0; rv:11.0) like Gecko"
84.62.25.177 - - [16/Oct/2017:08:22:03 +0200] "POST / HTTP/1.1" 200 1229 "-" "Mozilla/5.0 (Windows NT 10.0; WOW64; Trident/7.0; rv:11.0) like Gecko"
217.182.132.56 - - [16/Oct/2017:08:22:46 +0200] "GET / HTTP/1.1" 200 1229 "-" "Mozilla/5.0 (compatible; AhrefsBot/5.2; +http://ahrefs.com/robot/)"
84.62.25.177 - - [16/Oct/2017:08:24:03 +0200] "POST / HTTP/1.1" 200 1229 "-" "Mozilla/5.0 (Windows NT 10.0; WOW64; Trident/7.0; rv:11.0) like Gecko"
84.62.25.177 - - [16/Oct/2017:08:26:03 +0200] "POST / HTTP/1.1" 200 1229 "-" "Mozilla/5.0 (Windows NT 10.0; WOW64; Trident/7.0; rv:11.0) like Gecko"
64.91.240.10 - - [16/Oct/2017:08:26:43 +0200] "GET / HTTP/1.0" 200 1229 "-" "masscan/1.0 (https://github.com/robertdavidgraham/masscan)"
64.91.240.10 - - [16/Oct/2017:08:27:02 +0200] "GET / HTTP/1.0" 200 1229 "-" "masscan/1.0 (https://github.com/robertdavidgraham/masscan)"
64.91.240.10 - - [16/Oct/2017:08:27:48 +0200] "GET / HTTP/1.0" 200 1229 "-" "masscan/1.0 (https://github.com/robertdavidgraham/masscan)"
64.91.240.10 - - [16/Oct/2017:08:27:55 +0200] "GET / HTTP/1.0" 200 1229 "-" "masscan/1.0 (https://github.com/robertdavidgraham/masscan)"
84.62.25.177 - - [16/Oct/2017:08:28:03 +0200] "POST / HTTP/1.1" 200 1229 "-" "Mozilla/5.0 (Windows NT 10.0; WOW64; Trident/7.0; rv:11.0) like Gecko"
84.62.25.177 - - [16/Oct/2017:08:30:04 +0200] "POST / HTTP/1.1" 200 1229 "-" "Mozilla/5.0 (Windows NT 10.0; WOW64; Trident/7.0; rv:11.0) like Gecko"
84.62.25.177 - - [16/Oct/2017:08:32:04 +0200] "POST / HTTP/1.1" 200 1229 "-" "Mozilla/5.0 (Windows NT 10.0; WOW64; Trident/7.0; rv:11.0) like Gecko"
84.62.25.177 - - [16/Oct/2017:08:34:04 +0200] "POST / HTTP/1.1" 200 1229 "-" "Mozilla/5.0 (Windows NT 10.0; WOW64; Trident/7.0; rv:11.0) like Gecko"
84.62.25.177 - - [16/Oct/2017:08:36:04 +0200] "POST / HTTP/1.1" 200 1229 "-" "Mozilla/5.0 (Windows NT 10.0; WOW64; Trident/7.0; rv:11.0) like Gecko"
84.62.25.177 - - [16/Oct/2017:08:38:04 +0200] "POST / HTTP/1.1" 200 1229 "-" "Mozilla/5.0 (Windows NT 10.0; WOW64; Trident/7.0; rv:11.0) like Gecko"
84.62.25.177 - - [16/Oct/2017:08:40:05 +0200] "POST / HTTP/1.1" 200 1229 "-" "Mozilla/5.0 (Windows NT 10.0; WOW64; Trident/7.0; rv:11.0) like Gecko"
84.62.25.177 - - [16/Oct/2017:08:42:05 +0200] "POST / HTTP/1.1" 200 1229 "-" "Mozilla/5.0 (Windows NT 10.0; WOW64; Trident/7.0; rv:11.0) like Gecko"
84.62.25.177 - - [16/Oct/2017:08:44:05 +0200] "POST / HTTP/1.1" 200 1229 "-" "Mozilla/5.0 (Windows NT 10.0; WOW64; Trident/7.0; rv:11.0) like Gecko"
84.62.25.177 - - [16/Oct/2017:08:46:05 +0200] "POST / HTTP/1.1" 200 1229 "-" "Mozilla/5.0 (Windows NT 10.0; WOW64; Trident/7.0; rv:11.0) like Gecko"
84.62.25.177 - - [16/Oct/2017:08:48:06 +0200] "POST / HTTP/1.1" 200 1229 "-" "Mozilla/5.0 (Windows NT 10.0; WOW64; Trident/7.0; rv:11.0) like Gecko"
84.62.25.177 - - [16/Oct/2017:08:50:06 +0200] "POST / HTTP/1.1" 200 1229 "-" "Mozilla/5.0 (Windows NT 10.0; WOW64; Trident/7.0; rv:11.0) like Gecko"
84.62.25.177 - - [16/Oct/2017:08:52:06 +0200] "POST / HTTP/1.1" 200 1229 "-" "Mozilla/5.0 (Windows NT 10.0; WOW64; Trident/7.0; rv:11.0) like Gecko"
84.62.25.177 - - [16/Oct/2017:08:54:07 +0200] "POST / HTTP/1.1" 200 1229 "-" "Mozilla/5.0 (Windows NT 10.0; WOW64; Trident/7.0; rv:11.0) like Gecko"
91.230.121.184 - - [16/Oct/2017:08:54:45 +0200] "GET /xmlrpc.php HTTP/1.1" 404 315 "-" "Mozilla/5.0 zgrab/0.x"
84.62.25.177 - - [16/Oct/2017:08:56:07 +0200] "POST / HTTP/1.1" 200 1229 "-" "Mozilla/5.0 (Windows NT 10.0; WOW64; Trident/7.0; rv:11.0) like Gecko"
84.62.25.177 - - [16/Oct/2017:08:58:07 +0200] "POST / HTTP/1.1" 200 1229 "-" "Mozilla/5.0 (Windows NT 10.0; WOW64; Trident/7.0; rv:11.0) like Gecko"
84.62.25.177 - - [16/Oct/2017:09:00:07 +0200] "POST / HTTP/1.1" 200 1229 "-" "Mozilla/5.0 (Windows NT 10.0; WOW64; Trident/7.0; rv:11.0) like Gecko"
84.62.25.177 - - [16/Oct/2017:09:02:07 +0200] "POST / HTTP/1.1" 200 1229 "-" "Mozilla/5.0 (Windows NT 10.0; WOW64; Trident/7.0; rv:11.0) like Gecko"
84.62.25.177 - - [16/Oct/2017:09:04:07 +0200] "POST / HTTP/1.1" 200 1229 "-" "Mozilla/5.0 (Windows NT 10.0; WOW64; Trident/7.0; rv:11.0) like Gecko"
91.230.121.184 - - [16/Oct/2017:09:04:13 +0200] "GET /xmlrpc.php HTTP/1.1" 404 315 "-" "Mozilla/5.0 zgrab/0.x"
84.62.25.177 - - [16/Oct/2017:09:06:07 +0200] "POST / HTTP/1.1" 200 1229 "-" "Mozilla/5.0 (Windows NT 10.0; WOW64; Trident/7.0; rv:11.0) like Gecko"
84.62.25.177 - - [16/Oct/2017:09:08:08 +0200] "POST / HTTP/1.1" 200 1229 "-" "Mozilla/5.0 (Windows NT 10.0; WOW64; Trident/7.0; rv:11.0) like Gecko"
84.62.25.177 - - [16/Oct/2017:09:10:08 +0200] "POST / HTTP/1.1" 200 1229 "-" "Mozilla/5.0 (Windows NT 10.0; WOW64; Trident/7.0; rv:11.0) like Gecko"
101.236.36.173 - - [16/Oct/2017:09:11:53 +0200] "GET / HTTP/1.1" 200 1229 "-" "Mozilla/5.0 (Windows NT 6.2; WOW64) AppleWebKit/537.36 (KHTML, like Gecko) Chrome/27.0.1453.94 Safari/537.36"
84.62.25.177 - - [16/Oct/2017:09:12:08 +0200] "POST / HTTP/1.1" 200 1229 "-" "Mozilla/5.0 (Windows NT 10.0; WOW64; Trident/7.0; rv:11.0) like Gecko"
101.236.36.173 - - [16/Oct/2017:09:12:12 +0200] "GET / HTTP/1.1" 200 1229 "-" "Mozilla/5.0 (Windows NT 6.2; WOW64) AppleWebKit/537.36 (KHTML, like Gecko) Chrome/27.0.1453.94 Safari/537.36"
101.236.36.173 - - [16/Oct/2017:09:12:26 +0200] "GET / HTTP/1.1" 200 1229 "-" "Mozilla/5.0 (Windows NT 6.2; WOW64) AppleWebKit/537.36 (KHTML, like Gecko) Chrome/27.0.1453.94 Safari/537.36"
101.236.36.173 - - [16/Oct/2017:09:12:47 +0200] "GET / HTTP/1.1" 200 1229 "-" "Mozilla/5.0 (Windows NT 6.2; WOW64) AppleWebKit/537.36 (KHTML, like Gecko) Chrome/27.0.1453.94 Safari/537.36"
101.236.36.173 - - [16/Oct/2017:09:12:57 +0200] "GET / HTTP/1.1" 200 1229 "-" "Mozilla/5.0 (Windows NT 6.2; WOW64) AppleWebKit/537.36 (KHTML, like Gecko) Chrome/27.0.1453.94 Safari/537.36"
101.236.36.173 - - [16/Oct/2017:09:13:16 +0200] "GET / HTTP/1.1" 200 1229 "-" "Mozilla/5.0 (Windows NT 6.2; WOW64) AppleWebKit/537.36 (KHTML, like Gecko) Chrome/27.0.1453.94 Safari/537.36"
101.236.36.173 - - [16/Oct/2017:09:13:32 +0200] "GET / HTTP/1.1" 200 1229 "-" "Mozilla/5.0 (Windows NT 6.2; WOW64) AppleWebKit/537.36 (KHTML, like Gecko) Chrome/27.0.1453.94 Safari/537.36"
84.62.25.177 - - [16/Oct/2017:09:14:08 +0200] "POST / HTTP/1.1" 200 1229 "-" "Mozilla/5.0 (Windows NT 10.0; WOW64; Trident/7.0; rv:11.0) like Gecko"
101.236.36.173 - - [16/Oct/2017:09:14:18 +0200] "GET / HTTP/1.1" 200 1229 "-" "Mozilla/5.0 (Windows NT 6.2; WOW64) AppleWebKit/537.36 (KHTML, like Gecko) Chrome/27.0.1453.94 Safari/537.36"
43.241.229.153 - - [16/Oct/2017:09:15:30 +0200] "GET / HTTP/1.1" 200 1229 "-" "Mozilla/5.0 (Windows NT 6.2; WOW64) AppleWebKit/537.36 (KHTML, like Gecko) Chrome/27.0.1453.94 Safari/537.36"
84.62.25.177 - - [16/Oct/2017:09:16:09 +0200] "POST / HTTP/1.1" 200 1229 "-" "Mozilla/5.0 (Windows NT 10.0; WOW64; Trident/7.0; rv:11.0) like Gecko"
211.38.144.224 - - [16/Oct/2017:09:17:11 +0200] "GET /manager/html HTTP/1.1" 404 317 "-" "Mozilla/3.0 (compatible; Indy Library)"
211.38.144.224 - - [16/Oct/2017:09:17:47 +0200] "GET /manager/html HTTP/1.1" 404 317 "-" "Mozilla/3.0 (compatible; Indy Library)"
84.62.25.177 - - [16/Oct/2017:09:18:09 +0200] "POST / HTTP/1.1" 200 1229 "-" "Mozilla/5.0 (Windows NT 10.0; WOW64; Trident/7.0; rv:11.0) like Gecko"
211.38.144.224 - - [16/Oct/2017:09:18:13 +0200] "GET /manager/html HTTP/1.1" 404 317 "-" "Mozilla/3.0 (compatible; Indy Library)"
211.38.144.224 - - [16/Oct/2017:09:18:20 +0200] "GET /manager/html HTTP/1.1" 404 317 "-" "Mozilla/3.0 (compatible; Indy Library)"
211.38.144.224 - - [16/Oct/2017:09:18:26 +0200] "GET /manager/html HTTP/1.1" 404 317 "-" "Mozilla/3.0 (compatible; Indy Library)"
84.62.25.177 - - [16/Oct/2017:09:20:09 +0200] "POST / HTTP/1.1" 200 1229 "-" "Mozilla/5.0 (Windows NT 10.0; WOW64; Trident/7.0; rv:11.0) like Gecko"
84.62.25.177 - - [16/Oct/2017:09:22:09 +0200] "POST / HTTP/1.1" 200 1229 "-" "Mozilla/5.0 (Windows NT 10.0; WOW64; Trident/7.0; rv:11.0) like Gecko"
84.62.25.177 - - [16/Oct/2017:09:24:09 +0200] "POST / HTTP/1.1" 200 1229 "-" "Mozilla/5.0 (Windows NT 10.0; WOW64; Trident/7.0; rv:11.0) like Gecko"
84.62.25.177 - - [16/Oct/2017:09:26:09 +0200] "POST / HTTP/1.1" 200 1229 "-" "Mozilla/5.0 (Windows NT 10.0; WOW64; Trident/7.0; rv:11.0) like Gecko"
150.255.80.232 - - [16/Oct/2017:09:26:12 +0200] "GET / HTTP/1.0" 200 1229 "-" "-"
84.62.25.177 - - [16/Oct/2017:09:28:10 +0200] "POST / HTTP/1.1" 200 1229 "-" "Mozilla/5.0 (Windows NT 10.0; WOW64; Trident/7.0; rv:11.0) like Gecko"
84.62.25.177 - - [16/Oct/2017:09:30:10 +0200] "POST / HTTP/1.1" 200 1229 "-" "Mozilla/5.0 (Windows NT 10.0; WOW64; Trident/7.0; rv:11.0) like Gecko"
101.236.21.231 - - [16/Oct/2017:09:31:09 +0200] "GET / HTTP/1.1" 200 1229 "-" "Mozilla/5.0 (Windows NT 6.2; WOW64) AppleWebKit/537.36 (KHTML, like Gecko) Chrome/27.0.1453.94 Safari/537.36"
101.236.21.231 - - [16/Oct/2017:09:31:52 +0200] "GET / HTTP/1.1" 200 1229 "-" "Mozilla/5.0 (Windows NT 6.2; WOW64) AppleWebKit/537.36 (KHTML, like Gecko) Chrome/27.0.1453.94 Safari/537.36"
101.236.21.231 - - [16/Oct/2017:09:32:05 +0200] "GET / HTTP/1.1" 200 1229 "-" "Mozilla/5.0 (Windows NT 6.2; WOW64) AppleWebKit/537.36 (KHTML, like Gecko) Chrome/27.0.1453.94 Safari/537.36"
84.62.25.177 - - [16/Oct/2017:09:32:10 +0200] "POST / HTTP/1.1" 200 1229 "-" "Mozilla/5.0 (Windows NT 10.0; WOW64; Trident/7.0; rv:11.0) like Gecko"
84.62.25.177 - - [16/Oct/2017:09:34:10 +0200] "POST / HTTP/1.1" 200 1229 "-" "Mozilla/5.0 (Windows NT 10.0; WOW64; Trident/7.0; rv:11.0) like Gecko"
84.62.25.177 - - [16/Oct/2017:09:36:10 +0200] "POST / HTTP/1.1" 200 1229 "-" "Mozilla/5.0 (Windows NT 10.0; WOW64; Trident/7.0; rv:11.0) like Gecko"
84.62.25.177 - - [16/Oct/2017:09:38:11 +0200] "POST / HTTP/1.1" 200 1229 "-" "Mozilla/5.0 (Windows NT 10.0; WOW64; Trident/7.0; rv:11.0) like Gecko"
84.62.25.177 - - [16/Oct/2017:09:40:11 +0200] "POST / HTTP/1.1" 200 1229 "-" "Mozilla/5.0 (Windows NT 10.0; WOW64; Trident/7.0; rv:11.0) like Gecko"
84.62.25.177 - - [16/Oct/2017:09:42:12 +0200] "POST / HTTP/1.1" 200 1229 "-" "Mozilla/5.0 (Windows NT 10.0; WOW64; Trident/7.0; rv:11.0) like Gecko"
84.62.25.177 - - [16/Oct/2017:09:44:12 +0200] "POST / HTTP/1.1" 200 1229 "-" "Mozilla/5.0 (Windows NT 10.0; WOW64; Trident/7.0; rv:11.0) like Gecko"
84.62.25.177 - - [16/Oct/2017:09:46:13 +0200] "POST / HTTP/1.1" 200 1229 "-" "Mozilla/5.0 (Windows NT 10.0; WOW64; Trident/7.0; rv:11.0) like Gecko"
84.62.25.177 - - [16/Oct/2017:09:48:13 +0200] "POST / HTTP/1.1" 200 1229 "-" "Mozilla/5.0 (Windows NT 10.0; WOW64; Trident/7.0; rv:11.0) like Gecko"
84.62.25.177 - - [16/Oct/2017:09:50:13 +0200] "POST / HTTP/1.1" 200 1229 "-" "Mozilla/5.0 (Windows NT 10.0; WOW64; Trident/7.0; rv:11.0) like Gecko"
84.62.25.177 - - [16/Oct/2017:09:52:14 +0200] "POST / HTTP/1.1" 200 1229 "-" "Mozilla/5.0 (Windows NT 10.0; WOW64; Trident/7.0; rv:11.0) like Gecko"
84.62.25.177 - - [16/Oct/2017:09:54:14 +0200] "POST / HTTP/1.1" 200 1229 "-" "Mozilla/5.0 (Windows NT 10.0; WOW64; Trident/7.0; rv:11.0) like Gecko"
84.62.25.177 - - [16/Oct/2017:09:56:15 +0200] "POST / HTTP/1.1" 200 1229 "-" "Mozilla/5.0 (Windows NT 10.0; WOW64; Trident/7.0; rv:11.0) like Gecko"
84.62.25.177 - - [16/Oct/2017:09:58:15 +0200] "POST / HTTP/1.1" 200 1229 "-" "Mozilla/5.0 (Windows NT 10.0; WOW64; Trident/7.0; rv:11.0) like Gecko"
84.62.25.177 - - [16/Oct/2017:10:00:15 +0200] "POST / HTTP/1.1" 200 1229 "-" "Mozilla/5.0 (Windows NT 10.0; WOW64; Trident/7.0; rv:11.0) like Gecko"
101.236.60.240 - - [16/Oct/2017:10:01:43 +0200] "GET / HTTP/1.1" 200 1229 "-" "Mozilla/5.0 (Windows NT 6.2; WOW64) AppleWebKit/537.36 (KHTML, like Gecko) Chrome/27.0.1453.94 Safari/537.36"
101.236.60.240 - - [16/Oct/2017:10:01:45 +0200] "GET / HTTP/1.1" 200 1229 "-" "Mozilla/5.0 (Windows NT 6.2; WOW64) AppleWebKit/537.36 (KHTML, like Gecko) Chrome/27.0.1453.94 Safari/537.36"
84.62.25.177 - - [16/Oct/2017:10:02:15 +0200] "POST / HTTP/1.1" 200 1229 "-" "Mozilla/5.0 (Windows NT 10.0; WOW64; Trident/7.0; rv:11.0) like Gecko"
101.236.60.240 - - [16/Oct/2017:10:03:44 +0200] "GET / HTTP/1.1" 200 1229 "-" "Mozilla/5.0 (Windows NT 6.2; WOW64) AppleWebKit/537.36 (KHTML, like Gecko) Chrome/27.0.1453.94 Safari/537.36"
84.62.25.177 - - [16/Oct/2017:10:04:16 +0200] "POST / HTTP/1.1" 200 1229 "-" "Mozilla/5.0 (Windows NT 10.0; WOW64; Trident/7.0; rv:11.0) like Gecko"
84.62.25.177 - - [16/Oct/2017:10:06:16 +0200] "POST / HTTP/1.1" 200 1229 "-" "Mozilla/5.0 (Windows NT 10.0; WOW64; Trident/7.0; rv:11.0) like Gecko"
101.236.37.249 - - [16/Oct/2017:10:07:16 +0200] "GET / HTTP/1.1" 200 1229 "-" "Mozilla/5.0 (Windows NT 6.2; WOW64) AppleWebKit/537.36 (KHTML, like Gecko) Chrome/27.0.1453.94 Safari/537.36"
84.62.25.177 - - [16/Oct/2017:10:08:17 +0200] "POST / HTTP/1.1" 200 1229 "-" "Mozilla/5.0 (Windows NT 10.0; WOW64; Trident/7.0; rv:11.0) like Gecko"
84.62.25.177 - - [16/Oct/2017:10:10:17 +0200] "POST / HTTP/1.1" 200 1229 "-" "Mozilla/5.0 (Windows NT 10.0; WOW64; Trident/7.0; rv:11.0) like Gecko"
84.62.25.177 - - [16/Oct/2017:10:12:17 +0200] "POST / HTTP/1.1" 200 1229 "-" "Mozilla/5.0 (Windows NT 10.0; WOW64; Trident/7.0; rv:11.0) like Gecko"
84.62.25.177 - - [16/Oct/2017:10:14:17 +0200] "POST / HTTP/1.1" 200 1229 "-" "Mozilla/5.0 (Windows NT 10.0; WOW64; Trident/7.0; rv:11.0) like Gecko"
101.236.37.249 - - [16/Oct/2017:10:14:18 +0200] "GET / HTTP/1.1" 200 1229 "-" "Mozilla/5.0 (Windows NT 6.2; WOW64) AppleWebKit/537.36 (KHTML, like Gecko) Chrome/27.0.1453.94 Safari/537.36"
101.236.37.249 - - [16/Oct/2017:10:15:48 +0200] "GET / HTTP/1.1" 200 1229 "-" "Mozilla/5.0 (Windows NT 6.2; WOW64) AppleWebKit/537.36 (KHTML, like Gecko) Chrome/27.0.1453.94 Safari/537.36"
101.236.37.249 - - [16/Oct/2017:10:15:50 +0200] "GET / HTTP/1.1" 200 1229 "-" "Mozilla/5.0 (Windows NT 6.2; WOW64) AppleWebKit/537.36 (KHTML, like Gecko) Chrome/27.0.1453.94 Safari/537.36"
84.62.25.177 - - [16/Oct/2017:10:16:17 +0200] "POST / HTTP/1.1" 200 1229 "-" "Mozilla/5.0 (Windows NT 10.0; WOW64; Trident/7.0; rv:11.0) like Gecko"
185.188.207.15 - - [16/Oct/2017:10:16:25 +0200] "GET /xmlrpc.php HTTP/1.1" 404 315 "-" "curl/7.35.0"
84.62.25.177 - - [16/Oct/2017:10:18:18 +0200] "POST / HTTP/1.1" 200 1229 "-" "Mozilla/5.0 (Windows NT 10.0; WOW64; Trident/7.0; rv:11.0) like Gecko"
84.62.25.177 - - [16/Oct/2017:10:20:18 +0200] "POST / HTTP/1.1" 200 1229 "-" "Mozilla/5.0 (Windows NT 10.0; WOW64; Trident/7.0; rv:11.0) like Gecko"
84.62.25.177 - - [16/Oct/2017:10:22:18 +0200] "POST / HTTP/1.1" 200 1229 "-" "Mozilla/5.0 (Windows NT 10.0; WOW64; Trident/7.0; rv:11.0) like Gecko"
84.62.25.177 - - [16/Oct/2017:10:24:18 +0200] "POST / HTTP/1.1" 200 1229 "-" "Mozilla/5.0 (Windows NT 10.0; WOW64; Trident/7.0; rv:11.0) like Gecko"
84.62.25.177 - - [16/Oct/2017:10:26:18 +0200] "POST / HTTP/1.1" 200 1229 "-" "Mozilla/5.0 (Windows NT 10.0; WOW64; Trident/7.0; rv:11.0) like Gecko"
84.62.25.177 - - [16/Oct/2017:10:28:19 +0200] "POST / HTTP/1.1" 200 1229 "-" "Mozilla/5.0 (Windows NT 10.0; WOW64; Trident/7.0; rv:11.0) like Gecko"
84.62.25.177 - - [16/Oct/2017:10:30:19 +0200] "POST / HTTP/1.1" 200 1229 "-" "Mozilla/5.0 (Windows NT 10.0; WOW64; Trident/7.0; rv:11.0) like Gecko"
84.62.25.177 - - [16/Oct/2017:10:32:19 +0200] "POST / HTTP/1.1" 200 1229 "-" "Mozilla/5.0 (Windows NT 10.0; WOW64; Trident/7.0; rv:11.0) like Gecko"
84.62.25.177 - - [16/Oct/2017:10:34:19 +0200] "POST / HTTP/1.1" 200 1229 "-" "Mozilla/5.0 (Windows NT 10.0; WOW64; Trident/7.0; rv:11.0) like Gecko"
91.230.121.184 - - [16/Oct/2017:10:35:05 +0200] "GET /xmlrpc.php HTTP/1.1" 404 315 "-" "Mozilla/5.0 zgrab/0.x"
84.62.25.177 - - [16/Oct/2017:10:36:19 +0200] "POST / HTTP/1.1" 200 1229 "-" "Mozilla/5.0 (Windows NT 10.0; WOW64; Trident/7.0; rv:11.0) like Gecko"
84.62.25.177 - - [16/Oct/2017:10:38:19 +0200] "POST / HTTP/1.1" 200 1229 "-" "Mozilla/5.0 (Windows NT 10.0; WOW64; Trident/7.0; rv:11.0) like Gecko"
101.201.232.238 - - [16/Oct/2017:10:40:08 +0200] "GET /phpMyAdmin/scripts/setup.php HTTP/1.1" 404 333 "-" "-"
84.62.25.177 - - [16/Oct/2017:10:40:19 +0200] "POST / HTTP/1.1" 200 1229 "-" "Mozilla/5.0 (Windows NT 10.0; WOW64; Trident/7.0; rv:11.0) like Gecko"
101.201.232.238 - - [16/Oct/2017:10:41:27 +0200] "GET /pma/scripts/setup.php HTTP/1.1" 404 326 "-" "-"
84.62.25.177 - - [16/Oct/2017:10:42:20 +0200] "POST / HTTP/1.1" 200 1229 "-" "Mozilla/5.0 (Windows NT 10.0; WOW64; Trident/7.0; rv:11.0) like Gecko"
101.201.232.238 - - [16/Oct/2017:10:42:45 +0200] "GET /myadmin/scripts/setup.php HTTP/1.1" 404 330 "-" "-"
84.62.25.177 - - [16/Oct/2017:10:44:20 +0200] "POST / HTTP/1.1" 200 1229 "-" "Mozilla/5.0 (Windows NT 10.0; WOW64; Trident/7.0; rv:11.0) like Gecko"
84.62.25.177 - - [16/Oct/2017:10:46:20 +0200] "POST / HTTP/1.1" 200 1229 "-" "Mozilla/5.0 (Windows NT 10.0; WOW64; Trident/7.0; rv:11.0) like Gecko"
84.62.25.177 - - [16/Oct/2017:10:48:20 +0200] "POST / HTTP/1.1" 200 1229 "-" "Mozilla/5.0 (Windows NT 10.0; WOW64; Trident/7.0; rv:11.0) like Gecko"
84.62.25.177 - - [16/Oct/2017:10:50:20 +0200] "POST / HTTP/1.1" 200 1229 "-" "Mozilla/5.0 (Windows NT 10.0; WOW64; Trident/7.0; rv:11.0) like Gecko"
84.62.25.177 - - [16/Oct/2017:10:52:20 +0200] "POST / HTTP/1.1" 200 1229 "-" "Mozilla/5.0 (Windows NT 10.0; WOW64; Trident/7.0; rv:11.0) like Gecko"
84.62.25.177 - - [16/Oct/2017:10:54:20 +0200] "POST / HTTP/1.1" 200 1229 "-" "Mozilla/5.0 (Windows NT 10.0; WOW64; Trident/7.0; rv:11.0) like Gecko"
84.62.25.177 - - [16/Oct/2017:10:56:21 +0200] "POST / HTTP/1.1" 200 1229 "-" "Mozilla/5.0 (Windows NT 10.0; WOW64; Trident/7.0; rv:11.0) like Gecko"
89.146.35.186 - - [16/Oct/2017:11:08:09 +0200] "GET / HTTP/1.0" 200 1229 "-" "-"
95.91.211.186 - - [16/Oct/2017:11:11:04 +0200] "GET / HTTP/1.1" 200 1229 "http://www.oberstufenzentrum.de/schulen/friedrich-list-schule" "Mozilla/5.0 (Windows NT 10.0; WOW64; Trident/7.0; rv:11.0) like Gecko"
95.91.211.186 - - [16/Oct/2017:11:11:04 +0200] "GET /favicon.ico HTTP/1.1" 404 331 "-" "Mozilla/5.0 (Windows NT 10.0; Win64; x64; Trident/7.0; rv:11.0) like Gecko"
139.162.114.70 - - [16/Oct/2017:11:16:16 +0200] "GET / HTTP/1.1" 200 1229 "-" "Mozilla/5.0 (Windows NT 10.0; WOW64) AppleWebKit/537.36 (KHTML, like Gecko) Chrome/50.0.2661.102 Safari/537.36"
43.241.229.153 - - [16/Oct/2017:11:23:13 +0200] "GET / HTTP/1.1" 200 1229 "-" "Mozilla/5.0 (Windows NT 6.2; WOW64) AppleWebKit/537.36 (KHTML, like Gecko) Chrome/27.0.1453.94 Safari/537.36"
66.249.76.125 - - [16/Oct/2017:11:25:47 +0200] "GET /robots.txt HTTP/1.1" 404 330 "-" "Mozilla/5.0 (compatible; Googlebot/2.1; +http://www.google.com/bot.html)"
66.249.76.126 - - [16/Oct/2017:11:25:47 +0200] "GET / HTTP/1.1" 200 1229 "-" "Mozilla/5.0 (Linux; Android 6.0.1; Nexus 5X Build/MMB29P) AppleWebKit/537.36 (KHTML, like Gecko) Chrome/41.0.2272.96 Mobile Safari/537.36 (compatible; Googlebot/2.1; +http://www.google.com/bot.html)"
66.249.76.124 - - [16/Oct/2017:11:41:05 +0200] "GET / HTTP/1.1" 200 1229 "-" "Mozilla/5.0 (compatible; Googlebot/2.1; +http://www.google.com/bot.html)"
