212.91.246.72 - - [18/Oct/2017:11:47:19 +0200] "GET / HTTP/1.1" 200 1229 "-" "Mozilla/5.0 (compatible; PRTG Network Monitor; Windows)"
139.162.108.53 - - [18/Oct/2017:11:56:47 +0200] "GET / HTTP/1.1" 200 1229 "-" "Mozilla/5.0 (Windows NT 10.0; WOW64) AppleWebKit/537.36 (KHTML, like Gecko) Chrome/50.0.2661.102 Safari/537.36"
139.162.114.70 - - [18/Oct/2017:12:04:34 +0200] "GET / HTTP/1.1" 200 1229 "-" "Mozilla/5.0 (Windows NT 10.0; WOW64) AppleWebKit/537.36 (KHTML, like Gecko) Chrome/50.0.2661.102 Safari/537.36"
90.187.11.161 - - [18/Oct/2017:12:41:41 +0200] "GET / HTTP/1.1" 200 1229 "http://www.oberstufenzentrum.de/schulen/friedrich-list-schule" "Mozilla/5.0 (Windows NT 6.1; WOW64; rv:52.0) Gecko/20100101 Firefox/52.0"
90.187.11.161 - - [18/Oct/2017:12:41:42 +0200] "GET /favicon.ico HTTP/1.1" 404 331 "-" "Mozilla/5.0 (Windows NT 6.1; WOW64; rv:52.0) Gecko/20100101 Firefox/52.0"
90.187.11.161 - - [18/Oct/2017:12:41:42 +0200] "GET /favicon.ico HTTP/1.1" 404 331 "-" "Mozilla/5.0 (Windows NT 6.1; WOW64; rv:52.0) Gecko/20100101 Firefox/52.0"
46.229.164.102 - - [18/Oct/2017:12:48:14 +0200] "GET /robots.txt HTTP/1.1" 404 330 "-" "Mozilla/5.0 (compatible; SemrushBot/1.2~bl; +http://www.semrush.com/bot.html)"
90.187.11.161 - - [18/Oct/2017:13:04:51 +0200] "GET / HTTP/1.1" 200 1229 "-" "Mozilla/5.0 (Windows NT 6.1; WOW64; rv:52.0) Gecko/20100101 Firefox/52.0"
209.126.136.4 - - [18/Oct/2017:13:06:48 +0200] "GET / HTTP/1.1" 200 1229 "-" "Mozilla/5.0 (Windows NT 10.0; Win64; x64) AppleWebKit/537.36 (KHTML, like Gecko) Chrome/57.0.2987.133 Safari/537.36"
172.104.108.109 - - [18/Oct/2017:13:26:35 +0200] "GET / HTTP/1.1" 200 1229 "-" "Mozilla/5.0"
8.28.16.254 - - [18/Oct/2017:13:29:16 +0200] "GET / HTTP/1.1" 200 1229 "-" "Mozilla/5.0 (Windows NT 6.1; WOW64; Trident/7.0; rv:11.0) like Gecko"
199.116.175.25 - - [18/Oct/2017:13:29:17 +0200] "GET / HTTP/1.1" 200 1229 "https://www.bing.com/" "Mozilla/5.0 (Windows NT 6.1; WOW64; Trident/7.0; rv:11.0) like Gecko"
199.116.175.25 - - [18/Oct/2017:13:29:17 +0200] "GET /favicon.ico HTTP/1.1" 404 331 "-" "Mozilla/5.0 (Windows NT 6.1; Win64; x64; Trident/7.0; rv:11.0) like Gecko"
199.116.175.25 - - [18/Oct/2017:13:29:24 +0200] "GET /favicon.ico HTTP/1.1" 404 331 "-" "Mozilla/5.0 (Windows NT 6.1; Win64; x64; Trident/7.0; rv:11.0) like Gecko"
209.126.136.4 - - [18/Oct/2017:13:38:58 +0200] "GET / HTTP/1.1" 200 1229 "-" "Mozilla/5.0 (Windows NT 10.0; Win64; x64) AppleWebKit/537.36 (KHTML, like Gecko) Chrome/57.0.2987.133 Safari/537.36"
66.231.236.194 - - [18/Oct/2017:13:48:58 +0200] "HEAD / HTTP/1.0" 200 - "-" "-"
66.231.236.194 - - [18/Oct/2017:13:48:58 +0200] "HEAD / HTTP/1.0" 200 - "-" "-"
66.231.236.194 - - [18/Oct/2017:13:48:58 +0200] "HEAD / HTTP/1.0" 200 - "-" "-"
66.231.236.194 - - [18/Oct/2017:13:48:58 +0200] "HEAD / HTTP/1.0" 200 - "-" "-"
66.231.236.194 - - [18/Oct/2017:13:48:58 +0200] "HEAD / HTTP/1.0" 200 - "-" "-"
66.231.236.194 - - [18/Oct/2017:13:48:58 +0200] "HEAD / HTTP/1.0" 200 - "-" "-"
66.231.236.194 - - [18/Oct/2017:13:48:58 +0200] "HEAD / HTTP/1.0" 200 - "-" "-"
66.231.236.194 - - [18/Oct/2017:13:48:58 +0200] "HEAD / HTTP/1.0" 200 - "-" "-"
66.231.236.194 - - [18/Oct/2017:13:48:58 +0200] "HEAD / HTTP/1.0" 200 - "-" "-"
209.126.136.4 - - [18/Oct/2017:14:54:15 +0200] "GET / HTTP/1.1" 200 1229 "-" "Mozilla/5.0 (Windows NT 10.0; Win64; x64) AppleWebKit/537.36 (KHTML, like Gecko) Chrome/57.0.2987.133 Safari/537.36"
202.168.46.240 - - [18/Oct/2017:14:58:57 +0200] "GET /test/wp-login.php HTTP/1.1" 404 330 "-" "Mozilla/5.0 (Windows NT 6.1; Win64; x64) AppleWebKit/537.36 (KHTML, like Gecko) Chrome/61.0.3163.100 Safari/537.36"
155.94.88.58 - - [18/Oct/2017:15:51:08 +0200] "GET / HTTP/1.0" 200 1229 "-" "sysscan/1.0 (https://github.com/robertdavidgraham/sysscan)"
155.94.88.58 - - [18/Oct/2017:15:51:29 +0200] "GET / HTTP/1.0" 200 1229 "-" "sysscan/1.0 (https://github.com/robertdavidgraham/sysscan)"
155.94.88.58 - - [18/Oct/2017:15:51:35 +0200] "GET / HTTP/1.0" 200 1229 "-" "sysscan/1.0 (https://github.com/robertdavidgraham/sysscan)"
155.94.88.58 - - [18/Oct/2017:15:52:19 +0200] "GET / HTTP/1.0" 200 1229 "-" "sysscan/1.0 (https://github.com/robertdavidgraham/sysscan)"
45.55.14.8 - - [18/Oct/2017:15:54:50 +0200] "GET / HTTP/1.1" 200 1229 "-" "Mozilla/5.0 zgrab/0.x"
106.45.0.102 - - [18/Oct/2017:16:01:46 +0200] "GET / HTTP/1.0" 200 1229 "-" "-"
45.55.14.8 - - [18/Oct/2017:16:06:31 +0200] "GET / HTTP/1.1" 200 1229 "-" "Mozilla/5.0 zgrab/0.x"
45.55.14.8 - - [18/Oct/2017:16:07:48 +0200] "GET / HTTP/1.1" 200 1229 "-" "Mozilla/5.0 zgrab/0.x"
45.55.14.8 - - [18/Oct/2017:16:13:08 +0200] "GET / HTTP/1.1" 200 1229 "-" "Mozilla/5.0 zgrab/0.x"
45.55.14.8 - - [18/Oct/2017:16:13:21 +0200] "GET / HTTP/1.1" 200 1229 "-" "Mozilla/5.0 zgrab/0.x"
45.55.14.8 - - [18/Oct/2017:16:13:26 +0200] "GET / HTTP/1.1" 200 1229 "-" "Mozilla/5.0 zgrab/0.x"
155.94.88.58 - - [18/Oct/2017:16:22:09 +0200] "GET / HTTP/1.0" 200 1229 "-" "sysscan/1.0 (https://github.com/robertdavidgraham/sysscan)"
155.94.88.58 - - [18/Oct/2017:16:22:20 +0200] "GET / HTTP/1.0" 200 1229 "-" "sysscan/1.0 (https://github.com/robertdavidgraham/sysscan)"
155.94.88.58 - - [18/Oct/2017:16:22:35 +0200] "GET / HTTP/1.0" 200 1229 "-" "sysscan/1.0 (https://github.com/robertdavidgraham/sysscan)"
155.94.88.58 - - [18/Oct/2017:16:22:35 +0200] "GET / HTTP/1.0" 200 1229 "-" "sysscan/1.0 (https://github.com/robertdavidgraham/sysscan)"
124.235.138.110 - - [18/Oct/2017:16:29:22 +0200] "GET / HTTP/1.0" 200 1229 "-" "-"
66.249.64.149 - - [18/Oct/2017:16:38:18 +0200] "GET /robots.txt HTTP/1.1" 404 330 "-" "Mozilla/5.0 (compatible; Googlebot/2.1; +http://www.google.com/bot.html)"
66.249.64.151 - - [18/Oct/2017:16:38:18 +0200] "GET / HTTP/1.1" 200 1229 "-" "Mozilla/5.0 (compatible; Googlebot/2.1; +http://www.google.com/bot.html)"
60.186.194.45 - - [18/Oct/2017:16:57:20 +0200] "GET / HTTP/1.0" 200 1229 "-" "-"
172.104.108.109 - - [18/Oct/2017:17:03:37 +0200] "GET / HTTP/1.1" 200 1229 "-" "Mozilla/5.0"
150.255.169.128 - - [18/Oct/2017:17:04:10 +0200] "GET / HTTP/1.0" 200 1229 "-" "-"
220.175.70.150 - - [18/Oct/2017:17:19:54 +0200] "GET / HTTP/1.0" 200 1229 "-" "-"
155.94.88.58 - - [18/Oct/2017:17:21:49 +0200] "GET / HTTP/1.0" 200 1229 "-" "sysscan/1.0 (https://github.com/robertdavidgraham/sysscan)"
155.94.88.58 - - [18/Oct/2017:17:22:17 +0200] "GET / HTTP/1.0" 200 1229 "-" "sysscan/1.0 (https://github.com/robertdavidgraham/sysscan)"
113.128.105.167 - - [18/Oct/2017:17:33:30 +0200] "GET / HTTP/1.0" 200 1229 "-" "-"
36.32.42.10 - - [18/Oct/2017:17:33:54 +0200] "GET / HTTP/1.1" 200 1229 "-" "Mozilla/5.0 (Windows NT 6.1) AppleWebKit/537.1 (KHTML, like Gecko) Chrome/21.0.1180.89 Safari/537.1"
195.62.53.168 - - [18/Oct/2017:17:42:57 +0200] "GET /r/z.php HTTP/1.0" 404 308 "-" "Mozilla/5.0 (Windows NT 6.1; Win64; x64; rv:30.N) Gecko/20110302 Firefox/30.0"
70.251.132.150 - - [18/Oct/2017:17:49:47 +0200] "\xa3" 501 316 "-" "-"
181.214.87.87 - - [18/Oct/2017:18:12:54 +0200] "\x03" 501 316 "-" "-"
181.214.87.87 - - [18/Oct/2017:18:12:54 +0200] "\x03" 501 316 "-" "-"
181.214.87.87 - - [18/Oct/2017:18:12:54 +0200] "\x03" 501 316 "-" "-"
181.214.87.87 - - [18/Oct/2017:18:12:54 +0200] "\x03" 501 316 "-" "-"
181.214.87.87 - - [18/Oct/2017:18:12:54 +0200] "\x03" 501 316 "-" "-"
181.214.87.87 - - [18/Oct/2017:18:12:54 +0200] "\x03" 501 316 "-" "-"
181.214.87.87 - - [18/Oct/2017:18:12:54 +0200] "\x03" 501 316 "-" "-"
181.214.87.87 - - [18/Oct/2017:18:12:54 +0200] "\x03" 501 316 "-" "-"
181.214.87.87 - - [18/Oct/2017:18:12:54 +0200] "\x03" 501 316 "-" "-"
181.214.87.87 - - [18/Oct/2017:18:12:54 +0200] "\x03" 501 316 "-" "-"
157.55.39.3 - - [18/Oct/2017:18:15:13 +0200] "GET /robots.txt HTTP/1.1" 404 330 "-" "Mozilla/5.0 (compatible; bingbot/2.0; +http://www.bing.com/bingbot.htm)"
185.93.226.90 - - [18/Oct/2017:18:18:38 +0200] "GET / HTTP/1.1" 200 1229 "-" "Mozilla/5.0 (Windows NT 6.1; rv:31.0) Gecko/20100101 Firefox/31.0"
218.152.216.2 - - [18/Oct/2017:18:26:11 +0200] "GET / HTTP/1.0" 200 1229 "-" "masscan/1.0 (https://github.com/robertdavidgraham/masscan)"
124.235.138.36 - - [18/Oct/2017:18:26:59 +0200] "GET / HTTP/1.0" 200 1229 "-" "-"
175.156.237.88 - - [18/Oct/2017:18:29:25 +0200] "GET / HTTP/1.0" 200 1229 "-" "-"
40.77.167.50 - - [18/Oct/2017:18:41:04 +0200] "GET / HTTP/1.1" 200 1229 "-" "Mozilla/5.0 (iPhone; CPU iPhone OS 7_0 like Mac OS X) AppleWebKit/537.51.1 (KHTML, like Gecko) Version/7.0 Mobile/11A465 Safari/9537.53 (compatible; bingbot/2.0; +http://www.bing.com/bingbot.htm)"
162.210.196.97 - - [18/Oct/2017:18:47:10 +0200] "GET /buildingtechnologies/robots.txt HTTP/1.0" 404 346 "-" "Mozilla/5.0 (compatible; MJ12bot/v1.4.8; http://mj12bot.com/)"
141.8.141.131 - - [18/Oct/2017:18:51:28 +0200] "GET /robots.txt HTTP/1.1" 404 323 "-" "Mozilla/5.0 (compatible; YandexBot/3.0; +http://yandex.com/bots)"
141.8.141.131 - - [18/Oct/2017:18:51:32 +0200] "GET / HTTP/1.1" 200 1229 "-" "Mozilla/5.0 (compatible; YandexBot/3.0; +http://yandex.com/bots)"
164.52.0.141 - - [18/Oct/2017:18:55:43 +0200] "\x16\x03\x01\x01\"\x01" 501 326 "-" "-"
164.52.0.141 - - [18/Oct/2017:18:55:50 +0200] "USER test +iw test :Test Wuz Here" 400 329 "-" "-"
164.52.0.141 - - [18/Oct/2017:18:55:53 +0200] "GET / HTTP/1.1" 200 1229 "-" "Mozilla/5.0 (Windows NT 6.1; WOW64; rv:52.0) Gecko/20100101 Firefox/52.0"
202.168.46.240 - - [18/Oct/2017:19:11:10 +0200] "GET /wp/wp-login.php HTTP/1.1" 404 328 "-" "Mozilla/5.0 (Windows NT 6.1; Win64; x64) AppleWebKit/537.36 (KHTML, like Gecko) Chrome/61.0.3163.100 Safari/537.36"
80.82.66.179 - - [18/Oct/2017:19:14:16 +0200] "GET /robots.txt HTTP/1.1" 404 315 "-" "Mozilla/5.0 (Windows NT 10.0; WOW64) AppleWebKit/537.36 (KHTML, like Gecko) Chrome/49.0.2623.75 Safari/537.36 OPR/36.0.2130.32"
80.82.66.179 - - [18/Oct/2017:19:14:16 +0200] "GET / HTTP/1.1" 200 1229 "-" "Mozilla/5.0 (Windows NT 10.0; WOW64) AppleWebKit/537.36 (KHTML, like Gecko) Chrome/49.0.2623.75 Safari/537.36 OPR/36.0.2130.32"
80.82.66.179 - - [18/Oct/2017:19:14:16 +0200] "GET /xmlrpc.php?rsd HTTP/1.1" 404 315 "-" "Mozilla/5.0 (Windows NT 10.0; WOW64) AppleWebKit/537.36 (KHTML, like Gecko) Chrome/49.0.2623.75 Safari/537.36 OPR/36.0.2130.32"
80.82.66.179 - - [18/Oct/2017:19:14:16 +0200] "GET /blog/robots.txt HTTP/1.1" 404 320 "-" "Mozilla/5.0 (Windows NT 10.0; WOW64) AppleWebKit/537.36 (KHTML, like Gecko) Chrome/49.0.2623.75 Safari/537.36 OPR/36.0.2130.32"
80.82.66.179 - - [18/Oct/2017:19:14:16 +0200] "GET /blog/ HTTP/1.1" 404 310 "-" "Mozilla/5.0 (Windows NT 10.0; WOW64) AppleWebKit/537.36 (KHTML, like Gecko) Chrome/49.0.2623.75 Safari/537.36 OPR/36.0.2130.32"
80.82.66.179 - - [18/Oct/2017:19:14:16 +0200] "GET /wordpress/ HTTP/1.1" 404 315 "-" "Mozilla/5.0 (Windows NT 10.0; WOW64) AppleWebKit/537.36 (KHTML, like Gecko) Chrome/49.0.2623.75 Safari/537.36 OPR/36.0.2130.32"
80.82.66.179 - - [18/Oct/2017:19:14:17 +0200] "GET /wp/ HTTP/1.1" 404 308 "-" "Mozilla/5.0 (Windows NT 10.0; WOW64) AppleWebKit/537.36 (KHTML, like Gecko) Chrome/49.0.2623.75 Safari/537.36 OPR/36.0.2130.32"
80.82.66.179 - - [18/Oct/2017:19:14:18 +0200] "GET /robots.txt HTTP/1.1" 404 315 "-" "Mozilla/5.0 (Windows NT 10.0; WOW64) AppleWebKit/537.36 (KHTML, like Gecko) Chrome/49.0.2623.75 Safari/537.36 OPR/36.0.2130.32"
80.82.66.179 - - [18/Oct/2017:19:14:18 +0200] "GET /administrator/index.php HTTP/1.1" 404 328 "-" "Mozilla/5.0 (Windows NT 10.0; WOW64) AppleWebKit/537.36 (KHTML, like Gecko) Chrome/49.0.2623.75 Safari/537.36 OPR/36.0.2130.32"
80.82.66.179 - - [18/Oct/2017:19:14:18 +0200] "GET /blog/robots.txt HTTP/1.1" 404 320 "-" "Mozilla/5.0 (Windows NT 10.0; WOW64) AppleWebKit/537.36 (KHTML, like Gecko) Chrome/49.0.2623.75 Safari/537.36 OPR/36.0.2130.32"
80.82.66.179 - - [18/Oct/2017:19:14:18 +0200] "GET /blog/administrator/index.php HTTP/1.1" 404 333 "-" "Mozilla/5.0 (Windows NT 10.0; WOW64) AppleWebKit/537.36 (KHTML, like Gecko) Chrome/49.0.2623.75 Safari/537.36 OPR/36.0.2130.32"
80.82.66.179 - - [18/Oct/2017:19:14:18 +0200] "GET /joomla/robots.txt HTTP/1.1" 404 322 "-" "Mozilla/5.0 (Windows NT 10.0; WOW64) AppleWebKit/537.36 (KHTML, like Gecko) Chrome/49.0.2623.75 Safari/537.36 OPR/36.0.2130.32"
80.82.66.179 - - [18/Oct/2017:19:14:19 +0200] "GET /joomla/administrator/index.php HTTP/1.1" 404 335 "-" "Mozilla/5.0 (Windows NT 10.0; WOW64) AppleWebKit/537.36 (KHTML, like Gecko) Chrome/49.0.2623.75 Safari/537.36 OPR/36.0.2130.32"
80.82.66.179 - - [18/Oct/2017:19:14:19 +0200] "GET /index.php?option=com_adsmanager&task=upload&tmpl=component HTTP/1.1" 404 314 "-" "Mozilla/5.0 (Windows NT 10.0; WOW64) AppleWebKit/537.36 (KHTML, like Gecko) Chrome/49.0.2623.75 Safari/537.36 OPR/36.0.2130.32"
207.46.13.131 - - [18/Oct/2017:19:14:34 +0200] "GET /robots.txt HTTP/1.1" 404 330 "-" "Mozilla/5.0 (compatible; bingbot/2.0; +http://www.bing.com/bingbot.htm)"
80.82.66.179 - - [18/Oct/2017:21:02:39 +0200] "GET /robots.txt HTTP/1.1" 404 315 "-" "Mozilla/5.0 (Windows NT 10.0; WOW64) AppleWebKit/537.36 (KHTML, like Gecko) Chrome/49.0.2623.75 Safari/537.36 OPR/36.0.2130.32"
80.82.66.179 - - [18/Oct/2017:21:02:39 +0200] "GET / HTTP/1.1" 200 1229 "-" "Mozilla/5.0 (Windows NT 10.0; WOW64) AppleWebKit/537.36 (KHTML, like Gecko) Chrome/49.0.2623.75 Safari/537.36 OPR/36.0.2130.32"
80.82.66.179 - - [18/Oct/2017:21:02:39 +0200] "GET /xmlrpc.php?rsd HTTP/1.1" 404 315 "-" "Mozilla/5.0 (Windows NT 10.0; WOW64) AppleWebKit/537.36 (KHTML, like Gecko) Chrome/49.0.2623.75 Safari/537.36 OPR/36.0.2130.32"
80.82.66.179 - - [18/Oct/2017:21:02:40 +0200] "GET /blog/robots.txt HTTP/1.1" 404 320 "-" "Mozilla/5.0 (Windows NT 10.0; WOW64) AppleWebKit/537.36 (KHTML, like Gecko) Chrome/49.0.2623.75 Safari/537.36 OPR/36.0.2130.32"
80.82.66.179 - - [18/Oct/2017:21:02:40 +0200] "GET /blog/ HTTP/1.1" 404 310 "-" "Mozilla/5.0 (Windows NT 10.0; WOW64) AppleWebKit/537.36 (KHTML, like Gecko) Chrome/49.0.2623.75 Safari/537.36 OPR/36.0.2130.32"
80.82.66.179 - - [18/Oct/2017:21:02:40 +0200] "GET /wordpress/ HTTP/1.1" 404 315 "-" "Mozilla/5.0 (Windows NT 10.0; WOW64) AppleWebKit/537.36 (KHTML, like Gecko) Chrome/49.0.2623.75 Safari/537.36 OPR/36.0.2130.32"
80.82.66.179 - - [18/Oct/2017:21:02:40 +0200] "GET /wp/ HTTP/1.1" 404 308 "-" "Mozilla/5.0 (Windows NT 10.0; WOW64) AppleWebKit/537.36 (KHTML, like Gecko) Chrome/49.0.2623.75 Safari/537.36 OPR/36.0.2130.32"
80.82.66.179 - - [18/Oct/2017:21:02:41 +0200] "GET /robots.txt HTTP/1.1" 404 315 "-" "Mozilla/5.0 (Windows NT 10.0; WOW64) AppleWebKit/537.36 (KHTML, like Gecko) Chrome/49.0.2623.75 Safari/537.36 OPR/36.0.2130.32"
80.82.66.179 - - [18/Oct/2017:21:02:41 +0200] "GET /administrator/index.php HTTP/1.1" 404 328 "-" "Mozilla/5.0 (Windows NT 10.0; WOW64) AppleWebKit/537.36 (KHTML, like Gecko) Chrome/49.0.2623.75 Safari/537.36 OPR/36.0.2130.32"
80.82.66.179 - - [18/Oct/2017:21:02:41 +0200] "GET /blog/robots.txt HTTP/1.1" 404 320 "-" "Mozilla/5.0 (Windows NT 10.0; WOW64) AppleWebKit/537.36 (KHTML, like Gecko) Chrome/49.0.2623.75 Safari/537.36 OPR/36.0.2130.32"
80.82.66.179 - - [18/Oct/2017:21:02:41 +0200] "GET /blog/administrator/index.php HTTP/1.1" 404 333 "-" "Mozilla/5.0 (Windows NT 10.0; WOW64) AppleWebKit/537.36 (KHTML, like Gecko) Chrome/49.0.2623.75 Safari/537.36 OPR/36.0.2130.32"
80.82.66.179 - - [18/Oct/2017:21:02:41 +0200] "GET /joomla/robots.txt HTTP/1.1" 404 322 "-" "Mozilla/5.0 (Windows NT 10.0; WOW64) AppleWebKit/537.36 (KHTML, like Gecko) Chrome/49.0.2623.75 Safari/537.36 OPR/36.0.2130.32"
80.82.66.179 - - [18/Oct/2017:21:02:41 +0200] "GET /joomla/administrator/index.php HTTP/1.1" 404 335 "-" "Mozilla/5.0 (Windows NT 10.0; WOW64) AppleWebKit/537.36 (KHTML, like Gecko) Chrome/49.0.2623.75 Safari/537.36 OPR/36.0.2130.32"
80.82.66.179 - - [18/Oct/2017:21:02:43 +0200] "GET /index.php?option=com_myblog&task=ajaxupload HTTP/1.1" 404 314 "-" "Mozilla/5.0 (Windows NT 10.0; WOW64) AppleWebKit/537.36 (KHTML, like Gecko) Chrome/49.0.2623.75 Safari/537.36 OPR/36.0.2130.32"
80.82.66.179 - - [18/Oct/2017:21:02:45 +0200] "GET /index.php?option=com_adsmanager&task=upload&tmpl=component HTTP/1.1" 404 314 "-" "Mozilla/5.0 (Windows NT 10.0; WOW64) AppleWebKit/537.36 (KHTML, like Gecko) Chrome/49.0.2623.75 Safari/537.36 OPR/36.0.2130.32"
172.104.108.109 - - [18/Oct/2017:21:15:05 +0200] "GET / HTTP/1.1" 200 1229 "-" "Mozilla/5.0"
204.79.180.23 - - [18/Oct/2017:21:54:10 +0200] "GET / HTTP/1.1" 200 1229 "-" "Mozilla/5.0 (compatible; MSIE 9.0; Windows NT 6.1; Trident/5.0; Trident/5.0)"
141.212.122.81 - - [18/Oct/2017:22:01:09 +0200] "GET / HTTP/1.1" 200 1229 "-" "Mozilla/5.0 zgrab/0.x"
54.174.92.112 - - [18/Oct/2017:22:10:50 +0200] "HEAD / HTTP/1.0" 200 - "-" "-"
66.249.64.154 - - [18/Oct/2017:22:14:27 +0200] "GET /robots.txt HTTP/1.1" 404 318 "-" "Mozilla/5.0 (compatible; Googlebot/2.1; +http://www.google.com/bot.html)"
66.249.64.150 - - [18/Oct/2017:22:14:27 +0200] "GET / HTTP/1.1" 200 1229 "-" "Mozilla/5.0 (compatible; Googlebot/2.1; +http://www.google.com/bot.html)"
141.212.122.81 - - [18/Oct/2017:22:16:24 +0200] "GET / HTTP/1.1" 200 1229 "-" "Mozilla/5.0 zgrab/0.x"
204.79.180.12 - - [18/Oct/2017:22:30:35 +0200] "GET / HTTP/1.1" 200 1229 "-" "Mozilla/5.0 (compatible; MSIE 9.0; Windows NT 6.1; Trident/5.0; Trident/5.0)"
202.168.46.240 - - [18/Oct/2017:22:35:57 +0200] "GET /site/wp-login.php HTTP/1.1" 404 330 "-" "Mozilla/5.0 (Windows NT 6.1; Win64; x64) AppleWebKit/537.36 (KHTML, like Gecko) Chrome/61.0.3163.100 Safari/537.36"
115.231.218.76 - - [18/Oct/2017:22:45:28 +0200] "GET /manager/html HTTP/1.1" 404 317 "-" "Mozilla/5.0 (compatible; MSIE 10.0; Windows NT 6.2; WOW64; Trident/6.0)"
115.231.218.76 - - [18/Oct/2017:22:45:28 +0200] "GET /manager/html HTTP/1.1" 404 317 "-" "Mozilla/5.0 (compatible; MSIE 10.0; Windows NT 6.2; WOW64; Trident/6.0)"
115.231.218.76 - - [18/Oct/2017:22:45:28 +0200] "GET /manager/html HTTP/1.1" 404 317 "-" "Mozilla/5.0 (compatible; MSIE 10.0; Windows NT 6.2; WOW64; Trident/6.0)"
115.231.218.76 - - [18/Oct/2017:22:45:28 +0200] "GET /manager/html HTTP/1.1" 404 317 "-" "Mozilla/5.0 (compatible; MSIE 10.0; Windows NT 6.2; WOW64; Trident/6.0)"
115.231.218.76 - - [18/Oct/2017:22:45:28 +0200] "GET /manager/html HTTP/1.1" 404 317 "-" "Mozilla/5.0 (compatible; MSIE 10.0; Windows NT 6.2; WOW64; Trident/6.0)"
115.231.218.76 - - [18/Oct/2017:22:45:28 +0200] "GET /manager/html HTTP/1.1" 404 317 "-" "Mozilla/5.0 (compatible; MSIE 10.0; Windows NT 6.2; WOW64; Trident/6.0)"
115.231.218.76 - - [18/Oct/2017:22:45:28 +0200] "GET /manager/html HTTP/1.1" 404 317 "-" "Mozilla/5.0 (compatible; MSIE 10.0; Windows NT 6.2; WOW64; Trident/6.0)"
115.231.218.76 - - [18/Oct/2017:22:45:28 +0200] "GET /manager/html HTTP/1.1" 404 317 "-" "Mozilla/5.0 (compatible; MSIE 10.0; Windows NT 6.2; WOW64; Trident/6.0)"
115.231.218.76 - - [18/Oct/2017:22:45:28 +0200] "GET /manager/html HTTP/1.1" 404 317 "-" "Mozilla/5.0 (compatible; MSIE 10.0; Windows NT 6.2; WOW64; Trident/6.0)"
115.231.218.76 - - [18/Oct/2017:22:45:28 +0200] "GET /manager/html HTTP/1.1" 404 317 "-" "Mozilla/5.0 (compatible; MSIE 10.0; Windows NT 6.2; WOW64; Trident/6.0)"
158.69.225.34 - - [18/Oct/2017:23:15:56 +0200] "GET / HTTP/1.1" 200 1229 "-" "Mozilla/5.0 (compatible; Dataprovider.com;)"
158.69.225.34 - - [18/Oct/2017:23:15:58 +0200] "GET /robots.txt HTTP/1.1" 404 328 "-" "Mozilla/5.0 (compatible; Dataprovider.com;)"
158.69.225.34 - - [18/Oct/2017:23:15:58 +0200] "GET /sitemap.xml HTTP/1.1" 404 329 "-" "Mozilla/5.0 (compatible; Dataprovider.com;)"
158.69.225.34 - - [18/Oct/2017:23:15:59 +0200] "GET / HTTP/1.1" 200 1229 "-" "Mozilla/5.0 (compatible; Dataprovider.com;)"
158.69.225.34 - - [18/Oct/2017:23:16:00 +0200] "GET / HTTP/1.1" 200 1229 "-" "Mozilla/5.0 (Linux; Android 5.1.1; SM-G925F Build/LMY47X) AppleWebKit/537.36 (KHTML, like Gecko) Chrome/45.0.2454.94 Mobile Safari/537.36"
54.91.211.254 - - [18/Oct/2017:23:39:20 +0200] "OPTIONS / HTTP/1.1" 200 - "-" "Mozilla/5.0 (Macintosh; Intel Mac OS X 10_11_5) AppleWebKit/537.36 (KHTML, like Gecko) Chrome/50.0.2661.102 Safari/537.36"
54.153.55.127 - - [18/Oct/2017:23:55:43 +0200] "OPTIONS / HTTP/1.1" 200 - "-" "Mozilla/5.0 (Macintosh; Intel Mac OS X 10_11_5) AppleWebKit/537.36 (KHTML, like Gecko) Chrome/50.0.2661.102 Safari/537.36"
188.138.75.107 - - [18/Oct/2017:23:58:39 +0200] "GET / HTTP/1.1" 200 1229 "-" "Mozilla/5.0 (X11; U; Linux Core i7-4980HQ; de; rv:32.0; compatible; JobboerseBot; http://www.jobboerse.com/bot.htm) Gecko/20100101 Firefox/38.0"
188.138.75.107 - - [18/Oct/2017:23:58:40 +0200] "GET /robots.txt HTTP/1.1" 404 330 "-" "Mozilla/5.0 (X11; U; Linux Core i7-4980HQ; de; rv:32.0; compatible; JobboerseBot; http://www.jobboerse.com/bot.htm) Gecko/20100101 Firefox/38.0"
188.138.75.107 - - [18/Oct/2017:23:58:40 +0200] "GET / HTTP/1.1" 200 1229 "-" "Mozilla/5.0 (X11; U; Linux Core i7-4980HQ; de; rv:32.0; compatible; JobboerseBot; http://www.jobboerse.com/bot.htm) Gecko/20100101 Firefox/38.0"
188.138.75.107 - - [18/Oct/2017:23:58:40 +0200] "GET / HTTP/1.1" 200 1229 "-" "Mozilla/5.0 (X11; U; Linux Core i7-4980HQ; de; rv:32.0; compatible; JobboerseBot; http://www.jobboerse.com/bot.htm) Gecko/20100101 Firefox/38.0"
61.36.94.122 - - [19/Oct/2017:00:35:32 +0200] "GET /manager/html HTTP/1.1" 404 317 "-" "Mozilla/3.0 (compatible; Indy Library)"
61.36.94.122 - - [19/Oct/2017:00:35:37 +0200] "GET /manager/html HTTP/1.1" 404 317 "-" "Mozilla/3.0 (compatible; Indy Library)"
61.36.94.122 - - [19/Oct/2017:00:35:37 +0200] "GET /manager/html HTTP/1.1" 404 317 "-" "Mozilla/3.0 (compatible; Indy Library)"
61.36.94.122 - - [19/Oct/2017:00:35:38 +0200] "GET /manager/html HTTP/1.1" 404 317 "-" "Mozilla/3.0 (compatible; Indy Library)"
61.36.94.122 - - [19/Oct/2017:00:35:39 +0200] "GET /manager/html HTTP/1.1" 404 317 "-" "Mozilla/3.0 (compatible; Indy Library)"
61.36.94.122 - - [19/Oct/2017:00:35:39 +0200] "GET /manager/html HTTP/1.1" 404 317 "-" "Mozilla/3.0 (compatible; Indy Library)"
61.36.94.122 - - [19/Oct/2017:00:35:40 +0200] "GET /manager/html HTTP/1.1" 404 317 "-" "Mozilla/3.0 (compatible; Indy Library)"
34.214.6.23 - - [19/Oct/2017:00:36:08 +0200] "OPTIONS / HTTP/1.1" 200 - "-" "Mozilla/5.0 (Macintosh; Intel Mac OS X 10_11_5) AppleWebKit/537.36 (KHTML, like Gecko) Chrome/50.0.2661.102 Safari/537.36"
34.210.74.58 - - [19/Oct/2017:00:46:14 +0200] "OPTIONS / HTTP/1.1" 200 - "-" "Mozilla/5.0 (Macintosh; Intel Mac OS X 10_11_5) AppleWebKit/537.36 (KHTML, like Gecko) Chrome/50.0.2661.102 Safari/537.36"
54.91.211.254 - - [19/Oct/2017:00:53:53 +0200] "OPTIONS / HTTP/1.1" 200 - "-" "Mozilla/5.0 (Macintosh; Intel Mac OS X 10_11_5) AppleWebKit/537.36 (KHTML, like Gecko) Chrome/50.0.2661.102 Safari/537.36"
216.121.117.27 - - [19/Oct/2017:01:03:51 +0200] "GET /etc/lib/pChart2/examples/index.php?Action=View&Script=../../../../cnf/db.php HTTP/1.1" 404 339 "-" "HTTP_Request2/2.3.0 (http://pear.php.net/package/http_request2) PHP/5.3.3"
123.56.216.36 - - [19/Oct/2017:01:16:43 +0200] "HEAD / HTTP/1.0" 200 - "-" "-"
123.56.216.36 - - [19/Oct/2017:01:16:43 +0200] "HEAD / HTTP/1.0" 200 - "-" "-"
123.56.216.36 - - [19/Oct/2017:01:16:43 +0200] "HEAD / HTTP/1.0" 200 - "-" "-"
123.56.216.36 - - [19/Oct/2017:01:16:44 +0200] "HEAD / HTTP/1.0" 200 - "-" "-"
52.53.165.215 - - [19/Oct/2017:01:22:48 +0200] "OPTIONS / HTTP/1.1" 200 - "-" "Mozilla/5.0 (Macintosh; Intel Mac OS X 10_11_5) AppleWebKit/537.36 (KHTML, like Gecko) Chrome/50.0.2661.102 Safari/537.36"
54.90.99.18 - - [19/Oct/2017:01:39:43 +0200] "OPTIONS / HTTP/1.1" 200 - "-" "Mozilla/5.0 (Macintosh; Intel Mac OS X 10_11_5) AppleWebKit/537.36 (KHTML, like Gecko) Chrome/50.0.2661.102 Safari/537.36"
167.114.201.170 - - [19/Oct/2017:01:52:57 +0200] "GET /wp-login.php HTTP/1.1" 404 317 "-" "Mozilla/5.0 (Windows NT 6.1; rv:17.0) Gecko/20100101 Firefox/20.6.14"
167.114.201.170 - - [19/Oct/2017:01:52:57 +0200] "GET /administrator/index.php HTTP/1.1" 404 328 "-" "Mozilla/5.0 (Windows NT 6.1; rv:17.0) Gecko/20100101 Firefox/20.6.14"
167.114.201.170 - - [19/Oct/2017:01:52:57 +0200] "GET /admin.php HTTP/1.1" 404 314 "-" "Mozilla/5.0 (Windows NT 6.1; rv:17.0) Gecko/20100101 Firefox/20.6.14"
167.114.201.170 - - [19/Oct/2017:01:52:57 +0200] "GET /bitrix/admin/index.php?lang=en HTTP/1.1" 404 327 "-" "Mozilla/5.0 (Windows NT 6.1; rv:17.0) Gecko/20100101 Firefox/20.6.14"
167.114.201.170 - - [19/Oct/2017:01:52:57 +0200] "GET /admin/login.php HTTP/1.1" 404 320 "-" "Mozilla/5.0 (Windows NT 6.1; rv:17.0) Gecko/20100101 Firefox/20.6.14"
167.114.201.170 - - [19/Oct/2017:01:52:58 +0200] "GET /admin/ HTTP/1.1" 404 311 "-" "Mozilla/5.0 (Windows NT 6.1; rv:17.0) Gecko/20100101 Firefox/20.6.14"
167.114.201.170 - - [19/Oct/2017:01:52:58 +0200] "GET /user/ HTTP/1.1" 404 310 "-" "Mozilla/5.0 (Windows NT 6.1; rv:17.0) Gecko/20100101 Firefox/20.6.14"
54.82.119.131 - - [19/Oct/2017:01:57:14 +0200] "OPTIONS / HTTP/1.1" 200 - "-" "Mozilla/5.0 (Macintosh; Intel Mac OS X 10_11_5) AppleWebKit/537.36 (KHTML, like Gecko) Chrome/50.0.2661.102 Safari/537.36"
141.212.121.224 - - [19/Oct/2017:02:16:05 +0200] "GET / HTTP/1.1" 200 1229 "-" "Mozilla/5.0 zgrab/0.x"
95.215.62.189 - - [19/Oct/2017:02:22:00 +0200] "GET / HTTP/1.1" 200 1229 "-" "Mozilla/5.0 (X11; Ubuntu; Linux x86_64; rv:52.0) Gecko/20100101 Firefox/52.0"
95.215.62.189 - - [19/Oct/2017:02:30:34 +0200] "GET / HTTP/1.1" 200 1229 "-" "Mozilla/5.0 (X11; Ubuntu; Linux x86_64; rv:52.0) Gecko/20100101 Firefox/52.0"
95.215.62.189 - - [19/Oct/2017:02:30:34 +0200] "GET / HTTP/1.1" 200 1229 "-" "Mozilla/5.0 (X11; Ubuntu; Linux x86_64; rv:52.0) Gecko/20100101 Firefox/52.0"
66.249.69.77 - - [19/Oct/2017:02:34:46 +0200] "GET /robots.txt HTTP/1.1" 404 332 "-" "Mozilla/5.0 (compatible; Googlebot/2.1; +http://www.google.com/bot.html)"
66.249.69.81 - - [19/Oct/2017:02:34:47 +0200] "GET / HTTP/1.1" 200 1229 "-" "Mozilla/5.0 (Linux; Android 6.0.1; Nexus 5X Build/MMB29P) AppleWebKit/537.36 (KHTML, like Gecko) Chrome/41.0.2272.96 Mobile Safari/537.36 (compatible; Googlebot/2.1; +http://www.google.com/bot.html)"
52.53.165.215 - - [19/Oct/2017:02:34:52 +0200] "OPTIONS / HTTP/1.1" 200 - "-" "Mozilla/5.0 (Macintosh; Intel Mac OS X 10_11_5) AppleWebKit/537.36 (KHTML, like Gecko) Chrome/50.0.2661.102 Safari/537.36"
54.215.137.141 - - [19/Oct/2017:03:04:09 +0200] "OPTIONS / HTTP/1.1" 200 - "-" "Mozilla/5.0 (Macintosh; Intel Mac OS X 10_11_5) AppleWebKit/537.36 (KHTML, like Gecko) Chrome/50.0.2661.102 Safari/537.36"
103.78.132.3 - - [19/Oct/2017:04:08:48 +0200] "GET / HTTP/1.1" 200 1229 "-" "Mozilla/5.0 zgrab/0.x"
66.240.205.34 - - [19/Oct/2017:04:08:50 +0200] "Gh0st\xad" 501 321 "-" "-"
103.78.132.3 - - [19/Oct/2017:04:51:42 +0200] "GET / HTTP/1.1" 200 1229 "-" "Mozilla/5.0 zgrab/0.x"
136.243.89.157 - - [19/Oct/2017:05:11:17 +0200] "GET /robots.txt HTTP/1.0" 404 330 "-" "Mozilla/5.0 (compatible; SEOkicks-Robot; +http://www.seokicks.de/robot.html)"
136.243.89.157 - - [19/Oct/2017:05:11:19 +0200] "GET / HTTP/1.0" 200 1229 "-" "Mozilla/5.0 (compatible; SEOkicks-Robot; +http://www.seokicks.de/robot.html)"
139.162.119.197 - - [19/Oct/2017:05:18:50 +0200] "GET / HTTP/1.1" 200 1229 "-" "Mozilla/5.0 (Windows NT 10.0; WOW64) AppleWebKit/537.36 (KHTML, like Gecko) Chrome/50.0.2661.102 Safari/537.36"
103.78.132.3 - - [19/Oct/2017:05:42:18 +0200] "GET / HTTP/1.1" 200 1229 "-" "Mozilla/5.0 zgrab/0.x"
14.134.6.35 - - [19/Oct/2017:05:57:40 +0200] "GET / HTTP/1.0" 200 1229 "-" "-"
14.134.6.35 - - [19/Oct/2017:05:57:42 +0200] "GET / HTTP/1.1" 200 1229 "-" "Mozilla/5.0 (compatible; MSIE 9.0; Windows NT 6.1; WOW64; Trident/5.0)"
14.134.6.35 - - [19/Oct/2017:05:57:43 +0200] "GET /favicon.ico HTTP/1.1" 404 316 "-" "Mozilla/5.0 (compatible; MSIE 9.0; Windows NT 6.1; WOW64; Trident/5.0)"
14.134.6.35 - - [19/Oct/2017:05:57:44 +0200] "GET /stats HTTP/1.1" 404 310 "-" "Mozilla/5.0 (compatible; Nmap Scripting Engine; https://nmap.org/book/nse.html)"
121.220.61.96 - - [19/Oct/2017:06:16:43 +0200] "O" 501 316 "-" "-"
121.220.61.96 - - [19/Oct/2017:06:16:43 +0200] "POST / HTTP/1.1" 200 1229 "-" "Mozilla/5.0 (Windows NT 6.1; WOW64; Trident/7.0; rv:11.0) like Gecko"
121.220.61.96 - - [19/Oct/2017:06:18:44 +0200] "POST / HTTP/1.1" 200 1229 "-" "Mozilla/5.0 (Windows NT 6.1; WOW64; Trident/7.0; rv:11.0) like Gecko"
121.220.61.96 - - [19/Oct/2017:06:20:45 +0200] "POST / HTTP/1.1" 200 1229 "-" "Mozilla/5.0 (Windows NT 6.1; WOW64; Trident/7.0; rv:11.0) like Gecko"
121.220.61.96 - - [19/Oct/2017:06:22:46 +0200] "POST / HTTP/1.1" 200 1229 "-" "Mozilla/5.0 (Windows NT 6.1; WOW64; Trident/7.0; rv:11.0) like Gecko"
121.220.61.96 - - [19/Oct/2017:06:24:46 +0200] "POST / HTTP/1.1" 200 1229 "-" "Mozilla/5.0 (Windows NT 6.1; WOW64; Trident/7.0; rv:11.0) like Gecko"
121.220.61.96 - - [19/Oct/2017:06:26:47 +0200] "POST / HTTP/1.1" 200 1229 "-" "Mozilla/5.0 (Windows NT 6.1; WOW64; Trident/7.0; rv:11.0) like Gecko"
121.220.61.96 - - [19/Oct/2017:06:28:48 +0200] "POST / HTTP/1.1" 200 1229 "-" "Mozilla/5.0 (Windows NT 6.1; WOW64; Trident/7.0; rv:11.0) like Gecko"
121.220.61.96 - - [19/Oct/2017:06:30:48 +0200] "POST / HTTP/1.1" 200 1229 "-" "Mozilla/5.0 (Windows NT 6.1; WOW64; Trident/7.0; rv:11.0) like Gecko"
121.220.61.96 - - [19/Oct/2017:06:32:49 +0200] "POST / HTTP/1.1" 200 1229 "-" "Mozilla/5.0 (Windows NT 6.1; WOW64; Trident/7.0; rv:11.0) like Gecko"
121.220.61.96 - - [19/Oct/2017:06:34:50 +0200] "POST / HTTP/1.1" 200 1229 "-" "Mozilla/5.0 (Windows NT 6.1; WOW64; Trident/7.0; rv:11.0) like Gecko"
121.220.61.96 - - [19/Oct/2017:06:36:50 +0200] "POST / HTTP/1.1" 200 1229 "-" "Mozilla/5.0 (Windows NT 6.1; WOW64; Trident/7.0; rv:11.0) like Gecko"
121.220.61.96 - - [19/Oct/2017:06:38:51 +0200] "POST / HTTP/1.1" 200 1229 "-" "Mozilla/5.0 (Windows NT 6.1; WOW64; Trident/7.0; rv:11.0) like Gecko"
121.220.61.96 - - [19/Oct/2017:06:40:52 +0200] "POST / HTTP/1.1" 200 1229 "-" "Mozilla/5.0 (Windows NT 6.1; WOW64; Trident/7.0; rv:11.0) like Gecko"
121.220.61.96 - - [19/Oct/2017:06:42:53 +0200] "POST / HTTP/1.1" 200 1229 "-" "Mozilla/5.0 (Windows NT 6.1; WOW64; Trident/7.0; rv:11.0) like Gecko"
121.220.61.96 - - [19/Oct/2017:06:44:53 +0200] "POST / HTTP/1.1" 200 1229 "-" "Mozilla/5.0 (Windows NT 6.1; WOW64; Trident/7.0; rv:11.0) like Gecko"
155.94.88.58 - - [19/Oct/2017:06:45:59 +0200] "GET / HTTP/1.0" 200 1229 "-" "sysscan/1.0 (https://github.com/robertdavidgraham/sysscan)"
155.94.88.58 - - [19/Oct/2017:06:46:08 +0200] "GET / HTTP/1.0" 200 1229 "-" "sysscan/1.0 (https://github.com/robertdavidgraham/sysscan)"
121.220.61.96 - - [19/Oct/2017:06:46:54 +0200] "POST / HTTP/1.1" 200 1229 "-" "Mozilla/5.0 (Windows NT 6.1; WOW64; Trident/7.0; rv:11.0) like Gecko"
155.94.88.58 - - [19/Oct/2017:06:46:57 +0200] "GET / HTTP/1.0" 200 1229 "-" "sysscan/1.0 (https://github.com/robertdavidgraham/sysscan)"
121.220.61.96 - - [19/Oct/2017:06:48:55 +0200] "POST / HTTP/1.1" 200 1229 "-" "Mozilla/5.0 (Windows NT 6.1; WOW64; Trident/7.0; rv:11.0) like Gecko"
121.220.61.96 - - [19/Oct/2017:06:50:55 +0200] "POST / HTTP/1.1" 200 1229 "-" "Mozilla/5.0 (Windows NT 6.1; WOW64; Trident/7.0; rv:11.0) like Gecko"
121.220.61.96 - - [19/Oct/2017:06:52:56 +0200] "POST / HTTP/1.1" 200 1229 "-" "Mozilla/5.0 (Windows NT 6.1; WOW64; Trident/7.0; rv:11.0) like Gecko"
121.220.61.96 - - [19/Oct/2017:06:55:00 +0200] "POST / HTTP/1.1" 200 1229 "-" "Mozilla/5.0 (Windows NT 6.1; WOW64; Trident/7.0; rv:11.0) like Gecko"
121.220.61.96 - - [19/Oct/2017:06:57:01 +0200] "POST / HTTP/1.1" 200 1229 "-" "Mozilla/5.0 (Windows NT 6.1; WOW64; Trident/7.0; rv:11.0) like Gecko"
103.78.132.3 - - [19/Oct/2017:06:57:39 +0200] "GET / HTTP/1.1" 200 1229 "-" "Mozilla/5.0 zgrab/0.x"
139.162.119.197 - - [19/Oct/2017:06:57:46 +0200] "GET / HTTP/1.1" 200 1229 "-" "Mozilla/5.0 (Windows NT 10.0; WOW64) AppleWebKit/537.36 (KHTML, like Gecko) Chrome/50.0.2661.102 Safari/537.36"
121.220.61.96 - - [19/Oct/2017:06:59:01 +0200] "POST / HTTP/1.1" 200 1229 "-" "Mozilla/5.0 (Windows NT 6.1; WOW64; Trident/7.0; rv:11.0) like Gecko"
121.220.61.96 - - [19/Oct/2017:07:01:02 +0200] "POST / HTTP/1.1" 200 1229 "-" "Mozilla/5.0 (Windows NT 6.1; WOW64; Trident/7.0; rv:11.0) like Gecko"
121.220.61.96 - - [19/Oct/2017:07:03:03 +0200] "POST / HTTP/1.1" 200 1229 "-" "Mozilla/5.0 (Windows NT 6.1; WOW64; Trident/7.0; rv:11.0) like Gecko"
121.220.61.96 - - [19/Oct/2017:07:05:03 +0200] "POST / HTTP/1.1" 200 1229 "-" "Mozilla/5.0 (Windows NT 6.1; WOW64; Trident/7.0; rv:11.0) like Gecko"
121.220.61.96 - - [19/Oct/2017:07:07:04 +0200] "POST / HTTP/1.1" 200 1229 "-" "Mozilla/5.0 (Windows NT 6.1; WOW64; Trident/7.0; rv:11.0) like Gecko"
121.220.61.96 - - [19/Oct/2017:07:09:05 +0200] "POST / HTTP/1.1" 200 1229 "-" "Mozilla/5.0 (Windows NT 6.1; WOW64; Trident/7.0; rv:11.0) like Gecko"
121.220.61.96 - - [19/Oct/2017:07:11:05 +0200] "POST / HTTP/1.1" 200 1229 "-" "Mozilla/5.0 (Windows NT 6.1; WOW64; Trident/7.0; rv:11.0) like Gecko"
121.220.61.96 - - [19/Oct/2017:07:13:06 +0200] "POST / HTTP/1.1" 200 1229 "-" "Mozilla/5.0 (Windows NT 6.1; WOW64; Trident/7.0; rv:11.0) like Gecko"
121.220.61.96 - - [19/Oct/2017:07:15:07 +0200] "POST / HTTP/1.1" 200 1229 "-" "Mozilla/5.0 (Windows NT 6.1; WOW64; Trident/7.0; rv:11.0) like Gecko"
121.220.61.96 - - [19/Oct/2017:07:17:08 +0200] "POST / HTTP/1.1" 200 1229 "-" "Mozilla/5.0 (Windows NT 6.1; WOW64; Trident/7.0; rv:11.0) like Gecko"
121.220.61.96 - - [19/Oct/2017:07:19:08 +0200] "POST / HTTP/1.1" 200 1229 "-" "Mozilla/5.0 (Windows NT 6.1; WOW64; Trident/7.0; rv:11.0) like Gecko"
121.220.61.96 - - [19/Oct/2017:07:21:09 +0200] "POST / HTTP/1.1" 200 1229 "-" "Mozilla/5.0 (Windows NT 6.1; WOW64; Trident/7.0; rv:11.0) like Gecko"
121.220.61.96 - - [19/Oct/2017:07:23:10 +0200] "POST / HTTP/1.1" 200 1229 "-" "Mozilla/5.0 (Windows NT 6.1; WOW64; Trident/7.0; rv:11.0) like Gecko"
121.220.61.96 - - [19/Oct/2017:07:25:10 +0200] "POST / HTTP/1.1" 200 1229 "-" "Mozilla/5.0 (Windows NT 6.1; WOW64; Trident/7.0; rv:11.0) like Gecko"
196.52.43.63 - - [19/Oct/2017:07:25:21 +0200] "GET / HTTP/1.0" 200 1229 "-" "Mozilla/5.0 (Windows NT 6.1; rv:31.0) Gecko/20100101 Firefox/31.0"
121.220.61.96 - - [19/Oct/2017:07:27:11 +0200] "POST / HTTP/1.1" 200 1229 "-" "Mozilla/5.0 (Windows NT 6.1; WOW64; Trident/7.0; rv:11.0) like Gecko"
121.220.61.96 - - [19/Oct/2017:07:29:12 +0200] "POST / HTTP/1.1" 200 1229 "-" "Mozilla/5.0 (Windows NT 6.1; WOW64; Trident/7.0; rv:11.0) like Gecko"
158.69.117.141 - - [19/Oct/2017:07:29:17 +0200] "GET / HTTP/1.1" 200 1229 "-" "Mozilla/5.0 (compatible; Dataprovider.com;)"
155.94.88.58 - - [19/Oct/2017:07:29:17 +0200] "GET / HTTP/1.0" 200 1229 "-" "sysscan/1.0 (https://github.com/robertdavidgraham/sysscan)"
158.69.117.141 - - [19/Oct/2017:07:29:19 +0200] "GET /robots.txt HTTP/1.1" 404 315 "-" "Mozilla/5.0 (compatible; Dataprovider.com;)"
158.69.117.141 - - [19/Oct/2017:07:29:19 +0200] "GET /sitemap.xml HTTP/1.1" 404 316 "-" "Mozilla/5.0 (compatible; Dataprovider.com;)"
158.69.117.141 - - [19/Oct/2017:07:29:19 +0200] "GET / HTTP/1.1" 200 1229 "-" "Mozilla/5.0 (compatible; Dataprovider.com;)"
158.69.117.141 - - [19/Oct/2017:07:29:20 +0200] "GET / HTTP/1.1" 200 1229 "-" "Mozilla/5.0 (Linux; Android 5.1.1; SM-G925F Build/LMY47X) AppleWebKit/537.36 (KHTML, like Gecko) Chrome/45.0.2454.94 Mobile Safari/537.36"
155.94.88.58 - - [19/Oct/2017:07:29:35 +0200] "GET / HTTP/1.0" 200 1229 "-" "sysscan/1.0 (https://github.com/robertdavidgraham/sysscan)"
155.94.88.58 - - [19/Oct/2017:07:29:40 +0200] "GET / HTTP/1.0" 200 1229 "-" "sysscan/1.0 (https://github.com/robertdavidgraham/sysscan)"
155.94.88.58 - - [19/Oct/2017:07:29:46 +0200] "GET / HTTP/1.0" 200 1229 "-" "sysscan/1.0 (https://github.com/robertdavidgraham/sysscan)"
155.94.88.58 - - [19/Oct/2017:07:29:50 +0200] "GET / HTTP/1.0" 200 1229 "-" "sysscan/1.0 (https://github.com/robertdavidgraham/sysscan)"
155.94.88.58 - - [19/Oct/2017:07:29:51 +0200] "GET / HTTP/1.0" 200 1229 "-" "sysscan/1.0 (https://github.com/robertdavidgraham/sysscan)"
155.94.88.58 - - [19/Oct/2017:07:29:58 +0200] "GET / HTTP/1.0" 200 1229 "-" "sysscan/1.0 (https://github.com/robertdavidgraham/sysscan)"
121.220.61.96 - - [19/Oct/2017:07:31:12 +0200] "POST / HTTP/1.1" 200 1229 "-" "Mozilla/5.0 (Windows NT 6.1; WOW64; Trident/7.0; rv:11.0) like Gecko"
119.28.18.151 - - [19/Oct/2017:07:31:19 +0200] "GET //phpMyAdmin HTTP/1.1" 404 315 "http://212.91.246.85//phpMyAdmin" "Mozilla/4.0 (compatible; MSIE 9.0; Windows NT 6.1)"
121.220.61.96 - - [19/Oct/2017:07:33:13 +0200] "POST / HTTP/1.1" 200 1229 "-" "Mozilla/5.0 (Windows NT 6.1; WOW64; Trident/7.0; rv:11.0) like Gecko"
121.220.61.96 - - [19/Oct/2017:07:35:14 +0200] "POST / HTTP/1.1" 200 1229 "-" "Mozilla/5.0 (Windows NT 6.1; WOW64; Trident/7.0; rv:11.0) like Gecko"
121.220.61.96 - - [19/Oct/2017:07:37:15 +0200] "POST / HTTP/1.1" 200 1229 "-" "Mozilla/5.0 (Windows NT 6.1; WOW64; Trident/7.0; rv:11.0) like Gecko"
121.220.61.96 - - [19/Oct/2017:07:39:19 +0200] "POST / HTTP/1.1" 200 1229 "-" "Mozilla/5.0 (Windows NT 6.1; WOW64; Trident/7.0; rv:11.0) like Gecko"
119.28.18.151 - - [19/Oct/2017:07:41:18 +0200] "GET //phpmyadmin HTTP/1.1" 404 315 "http://212.91.246.85//phpmyadmin" "Mozilla/4.0 (compatible; MSIE 9.0; Windows NT 6.1)"
121.220.61.96 - - [19/Oct/2017:07:41:19 +0200] "POST / HTTP/1.1" 200 1229 "-" "Mozilla/5.0 (Windows NT 6.1; WOW64; Trident/7.0; rv:11.0) like Gecko"
121.220.61.96 - - [19/Oct/2017:07:43:23 +0200] "POST / HTTP/1.1" 200 1229 "-" "Mozilla/5.0 (Windows NT 6.1; WOW64; Trident/7.0; rv:11.0) like Gecko"
121.220.61.96 - - [19/Oct/2017:07:45:24 +0200] "POST / HTTP/1.1" 200 1229 "-" "Mozilla/5.0 (Windows NT 6.1; WOW64; Trident/7.0; rv:11.0) like Gecko"
121.220.61.96 - - [19/Oct/2017:07:47:24 +0200] "POST / HTTP/1.1" 200 1229 "-" "Mozilla/5.0 (Windows NT 6.1; WOW64; Trident/7.0; rv:11.0) like Gecko"
121.220.61.96 - - [19/Oct/2017:07:49:25 +0200] "POST / HTTP/1.1" 200 1229 "-" "Mozilla/5.0 (Windows NT 6.1; WOW64; Trident/7.0; rv:11.0) like Gecko"
121.220.61.96 - - [19/Oct/2017:07:51:26 +0200] "POST / HTTP/1.1" 200 1229 "-" "Mozilla/5.0 (Windows NT 6.1; WOW64; Trident/7.0; rv:11.0) like Gecko"
119.28.18.151 - - [19/Oct/2017:07:52:20 +0200] "GET //phpmyadmin HTTP/1.1" 404 315 "http://212.91.246.85//phpmyadmin" "Mozilla/4.0 (compatible; MSIE 9.0; Windows NT 6.1)"
121.220.61.96 - - [19/Oct/2017:07:53:26 +0200] "POST / HTTP/1.1" 200 1229 "-" "Mozilla/5.0 (Windows NT 6.1; WOW64; Trident/7.0; rv:11.0) like Gecko"
121.220.61.96 - - [19/Oct/2017:07:55:27 +0200] "POST / HTTP/1.1" 200 1229 "-" "Mozilla/5.0 (Windows NT 6.1; WOW64; Trident/7.0; rv:11.0) like Gecko"
121.220.61.96 - - [19/Oct/2017:07:57:28 +0200] "POST / HTTP/1.1" 200 1229 "-" "Mozilla/5.0 (Windows NT 6.1; WOW64; Trident/7.0; rv:11.0) like Gecko"
121.220.61.96 - - [19/Oct/2017:07:59:28 +0200] "POST / HTTP/1.1" 200 1229 "-" "Mozilla/5.0 (Windows NT 6.1; WOW64; Trident/7.0; rv:11.0) like Gecko"
115.159.220.227 - - [19/Oct/2017:08:00:03 +0200] "GET //phpmyadmin HTTP/1.1" 404 315 "http://212.91.246.85//phpmyadmin" "Mozilla/4.0 (compatible; MSIE 9.0; Windows NT 6.1)"
121.220.61.96 - - [19/Oct/2017:08:01:29 +0200] "POST / HTTP/1.1" 200 1229 "-" "Mozilla/5.0 (Windows NT 6.1; WOW64; Trident/7.0; rv:11.0) like Gecko"
121.220.61.96 - - [19/Oct/2017:08:03:30 +0200] "POST / HTTP/1.1" 200 1229 "-" "Mozilla/5.0 (Windows NT 6.1; WOW64; Trident/7.0; rv:11.0) like Gecko"
115.159.220.227 - - [19/Oct/2017:08:05:05 +0200] "GET //phpMyAdmin HTTP/1.1" 404 315 "http://212.91.246.85//phpMyAdmin" "Mozilla/4.0 (compatible; MSIE 9.0; Windows NT 6.1)"
121.220.61.96 - - [19/Oct/2017:08:05:30 +0200] "POST / HTTP/1.1" 200 1229 "-" "Mozilla/5.0 (Windows NT 6.1; WOW64; Trident/7.0; rv:11.0) like Gecko"
121.220.61.96 - - [19/Oct/2017:08:07:31 +0200] "POST / HTTP/1.1" 200 1229 "-" "Mozilla/5.0 (Windows NT 6.1; WOW64; Trident/7.0; rv:11.0) like Gecko"
121.220.61.96 - - [19/Oct/2017:08:09:32 +0200] "POST / HTTP/1.1" 200 1229 "-" "Mozilla/5.0 (Windows NT 6.1; WOW64; Trident/7.0; rv:11.0) like Gecko"
119.28.18.151 - - [19/Oct/2017:08:09:55 +0200] "GET //phpmyadmin HTTP/1.1" 404 315 "http://212.91.246.85//phpmyadmin" "Mozilla/4.0 (compatible; MSIE 9.0; Windows NT 6.1)"
121.220.61.96 - - [19/Oct/2017:08:11:32 +0200] "POST / HTTP/1.1" 200 1229 "-" "Mozilla/5.0 (Windows NT 6.1; WOW64; Trident/7.0; rv:11.0) like Gecko"
101.236.36.173 - - [19/Oct/2017:08:13:09 +0200] "GET / HTTP/1.1" 200 1229 "-" "Mozilla/5.0 (Windows NT 6.2; WOW64) AppleWebKit/537.36 (KHTML, like Gecko) Chrome/27.0.1453.94 Safari/537.36"
121.220.61.96 - - [19/Oct/2017:08:13:33 +0200] "POST / HTTP/1.1" 200 1229 "-" "Mozilla/5.0 (Windows NT 6.1; WOW64; Trident/7.0; rv:11.0) like Gecko"
121.220.61.96 - - [19/Oct/2017:08:15:34 +0200] "POST / HTTP/1.1" 200 1229 "-" "Mozilla/5.0 (Windows NT 6.1; WOW64; Trident/7.0; rv:11.0) like Gecko"
121.220.61.96 - - [19/Oct/2017:08:17:34 +0200] "POST / HTTP/1.1" 200 1229 "-" "Mozilla/5.0 (Windows NT 6.1; WOW64; Trident/7.0; rv:11.0) like Gecko"
121.220.61.96 - - [19/Oct/2017:08:19:35 +0200] "POST / HTTP/1.1" 200 1229 "-" "Mozilla/5.0 (Windows NT 6.1; WOW64; Trident/7.0; rv:11.0) like Gecko"
121.220.61.96 - - [19/Oct/2017:08:21:39 +0200] "POST / HTTP/1.1" 200 1229 "-" "Mozilla/5.0 (Windows NT 6.1; WOW64; Trident/7.0; rv:11.0) like Gecko"
121.220.61.96 - - [19/Oct/2017:08:23:40 +0200] "POST / HTTP/1.1" 200 1229 "-" "Mozilla/5.0 (Windows NT 6.1; WOW64; Trident/7.0; rv:11.0) like Gecko"
121.220.61.96 - - [19/Oct/2017:08:25:40 +0200] "POST / HTTP/1.1" 200 1229 "-" "Mozilla/5.0 (Windows NT 6.1; WOW64; Trident/7.0; rv:11.0) like Gecko"
121.220.61.96 - - [19/Oct/2017:08:27:41 +0200] "POST / HTTP/1.1" 200 1229 "-" "Mozilla/5.0 (Windows NT 6.1; WOW64; Trident/7.0; rv:11.0) like Gecko"
180.76.179.147 - - [19/Oct/2017:08:29:01 +0200] "GET //phpmyadmin HTTP/1.1" 404 315 "http://212.91.246.85//phpmyadmin" "Mozilla/4.0 (compatible; MSIE 9.0; Windows NT 6.1)"
121.220.61.96 - - [19/Oct/2017:08:29:42 +0200] "POST / HTTP/1.1" 200 1229 "-" "Mozilla/5.0 (Windows NT 6.1; WOW64; Trident/7.0; rv:11.0) like Gecko"
101.236.21.231 - - [19/Oct/2017:08:30:44 +0200] "GET / HTTP/1.1" 200 1229 "-" "Mozilla/5.0 (Windows NT 6.2; WOW64) AppleWebKit/537.36 (KHTML, like Gecko) Chrome/27.0.1453.94 Safari/537.36"
121.220.61.96 - - [19/Oct/2017:08:31:42 +0200] "POST / HTTP/1.1" 200 1229 "-" "Mozilla/5.0 (Windows NT 6.1; WOW64; Trident/7.0; rv:11.0) like Gecko"
121.220.61.96 - - [19/Oct/2017:08:33:43 +0200] "POST / HTTP/1.1" 200 1229 "-" "Mozilla/5.0 (Windows NT 6.1; WOW64; Trident/7.0; rv:11.0) like Gecko"
121.220.61.96 - - [19/Oct/2017:08:35:44 +0200] "POST / HTTP/1.1" 200 1229 "-" "Mozilla/5.0 (Windows NT 6.1; WOW64; Trident/7.0; rv:11.0) like Gecko"
121.220.61.96 - - [19/Oct/2017:08:37:44 +0200] "POST / HTTP/1.1" 200 1229 "-" "Mozilla/5.0 (Windows NT 6.1; WOW64; Trident/7.0; rv:11.0) like Gecko"
121.220.61.96 - - [19/Oct/2017:08:39:45 +0200] "POST / HTTP/1.1" 200 1229 "-" "Mozilla/5.0 (Windows NT 6.1; WOW64; Trident/7.0; rv:11.0) like Gecko"
101.236.37.249 - - [19/Oct/2017:08:40:13 +0200] "GET / HTTP/1.1" 200 1229 "-" "Mozilla/5.0 (Windows NT 6.2; WOW64) AppleWebKit/537.36 (KHTML, like Gecko) Chrome/27.0.1453.94 Safari/537.36"
121.220.61.96 - - [19/Oct/2017:08:41:46 +0200] "POST / HTTP/1.1" 200 1229 "-" "Mozilla/5.0 (Windows NT 6.1; WOW64; Trident/7.0; rv:11.0) like Gecko"
121.220.61.96 - - [19/Oct/2017:08:43:47 +0200] "POST / HTTP/1.1" 200 1229 "-" "Mozilla/5.0 (Windows NT 6.1; WOW64; Trident/7.0; rv:11.0) like Gecko"
121.220.61.96 - - [19/Oct/2017:08:45:47 +0200] "POST / HTTP/1.1" 200 1229 "-" "Mozilla/5.0 (Windows NT 6.1; WOW64; Trident/7.0; rv:11.0) like Gecko"
172.104.108.109 - - [19/Oct/2017:08:46:02 +0200] "GET / HTTP/1.1" 200 1229 "-" "Mozilla/5.0"
121.220.61.96 - - [19/Oct/2017:08:47:48 +0200] "POST / HTTP/1.1" 200 1229 "-" "Mozilla/5.0 (Windows NT 6.1; WOW64; Trident/7.0; rv:11.0) like Gecko"
101.236.60.240 - - [19/Oct/2017:08:48:52 +0200] "GET / HTTP/1.1" 200 1229 "-" "Mozilla/5.0 (Windows NT 6.2; WOW64) AppleWebKit/537.36 (KHTML, like Gecko) Chrome/27.0.1453.94 Safari/537.36"
141.212.122.81 - - [19/Oct/2017:08:57:14 +0200] "GET / HTTP/1.1" 200 1229 "-" "Mozilla/5.0 zgrab/0.x"
202.168.46.240 - - [19/Oct/2017:09:16:23 +0200] "GET /home/wp-login.php HTTP/1.1" 404 330 "-" "Mozilla/5.0 (Windows NT 6.1; Win64; x64) AppleWebKit/537.36 (KHTML, like Gecko) Chrome/61.0.3163.100 Safari/537.36"
47.52.147.253 - - [19/Oct/2017:09:23:20 +0200] "HEAD / HTTP/1.1" 200 - "-" "python-requests/2.18.4"
91.16.82.36 - - [19/Oct/2017:10:04:32 +0200] "GET / HTTP/1.1" 200 1229 "http://www.oberstufenzentrum.de/schulen/friedrich-list-schule" "Mozilla/5.0 (Macintosh; Intel Mac OS X 10_10_5) AppleWebKit/602.4.8 (KHTML, like Gecko) Version/10.0.3 Safari/602.4.8"
91.16.82.36 - - [19/Oct/2017:10:04:33 +0200] "GET /favicon.ico HTTP/1.1" 404 331 "http://www.friedrich-list-berlin.de/" "Mozilla/5.0 (Macintosh; Intel Mac OS X 10_10_5) AppleWebKit/602.4.8 (KHTML, like Gecko) Version/10.0.3 Safari/602.4.8"
101.236.41.223 - - [19/Oct/2017:10:19:17 +0200] "GET / HTTP/1.1" 200 1229 "-" "Mozilla/5.0 (Windows NT 6.2; WOW64) AppleWebKit/537.36 (KHTML, like Gecko) Chrome/27.0.1453.94 Safari/537.36"
101.236.21.231 - - [19/Oct/2017:10:22:59 +0200] "GET / HTTP/1.1" 200 1229 "-" "Mozilla/5.0 (Windows NT 6.2; WOW64) AppleWebKit/537.36 (KHTML, like Gecko) Chrome/27.0.1453.94 Safari/537.36"
101.236.60.182 - - [19/Oct/2017:11:03:59 +0200] "GET / HTTP/1.1" 200 1229 "-" "Mozilla/5.0 (Windows NT 6.2; WOW64) AppleWebKit/537.36 (KHTML, like Gecko) Chrome/27.0.1453.94 Safari/537.36"
101.236.19.241 - - [19/Oct/2017:11:06:56 +0200] "GET / HTTP/1.1" 200 1229 "-" "Mozilla/5.0 (Windows NT 6.2; WOW64) AppleWebKit/537.36 (KHTML, like Gecko) Chrome/27.0.1453.94 Safari/537.36"
101.236.36.122 - - [19/Oct/2017:11:11:07 +0200] "GET / HTTP/1.1" 200 1229 "-" "Mozilla/5.0 (Windows NT 6.2; WOW64) AppleWebKit/537.36 (KHTML, like Gecko) Chrome/27.0.1453.94 Safari/537.36"
139.162.119.197 - - [19/Oct/2017:11:23:35 +0200] "GET / HTTP/1.1" 200 1229 "-" "Mozilla/5.0 (Windows NT 10.0; WOW64) AppleWebKit/537.36 (KHTML, like Gecko) Chrome/50.0.2661.102 Safari/537.36"
80.153.144.157 - - [19/Oct/2017:12:24:26 +0200] "GET / HTTP/1.1" 200 1229 "http://www.oberstufenzentrum.de/schulen/friedrich-list-schule-ehemals-osz-buerowirtschaft-ii" "Mozilla/5.0 (X11; Ubuntu; Linux x86_64; rv:51.0) Gecko/20100101 Firefox/51.0"
80.153.144.157 - - [19/Oct/2017:12:24:26 +0200] "GET /favicon.ico HTTP/1.1" 404 331 "-" "Mozilla/5.0 (X11; Ubuntu; Linux x86_64; rv:51.0) Gecko/20100101 Firefox/51.0"
80.153.144.157 - - [19/Oct/2017:12:24:26 +0200] "GET /favicon.ico HTTP/1.1" 404 331 "-" "Mozilla/5.0 (X11; Ubuntu; Linux x86_64; rv:51.0) Gecko/20100101 Firefox/51.0"
172.104.108.109 - - [19/Oct/2017:12:32:28 +0200] "GET / HTTP/1.1" 200 1229 "-" "Mozilla/5.0"
66.249.69.212 - - [19/Oct/2017:12:39:18 +0200] "GET /robots.txt HTTP/1.1" 404 328 "-" "Mozilla/5.0 (compatible; Googlebot/2.1; +http://www.google.com/bot.html)"
66.249.69.214 - - [19/Oct/2017:12:39:19 +0200] "GET / HTTP/1.1" 200 1229 "-" "Mozilla/5.0 (Linux; Android 6.0.1; Nexus 5X Build/MMB29P) AppleWebKit/537.36 (KHTML, like Gecko) Chrome/41.0.2272.96 Mobile Safari/537.36 (compatible; Googlebot/2.1; +http://www.google.com/bot.html)"
47.52.147.253 - - [19/Oct/2017:13:02:28 +0200] "HEAD / HTTP/1.1" 200 - "-" "python-requests/2.18.4"
66.249.69.57 - - [19/Oct/2017:13:24:57 +0200] "GET /robots.txt HTTP/1.1" 404 330 "-" "Mozilla/5.0 (compatible; Googlebot/2.1; +http://www.google.com/bot.html)"
66.249.69.55 - - [19/Oct/2017:13:24:57 +0200] "GET / HTTP/1.1" 200 1229 "-" "Mozilla/5.0 (Linux; Android 6.0.1; Nexus 5X Build/MMB29P) AppleWebKit/537.36 (KHTML, like Gecko) Chrome/41.0.2272.96 Mobile Safari/537.36 (compatible; Googlebot/2.1; +http://www.google.com/bot.html)"
23.99.122.165 - - [19/Oct/2017:13:35:55 +0200] "GET / HTTP/1.1" 200 1229 "-" "-"
23.99.122.165 - - [19/Oct/2017:13:35:55 +0200] "OPTIONS / HTTP/1.1" 200 - "-" "-"
23.99.122.165 - - [19/Oct/2017:13:35:57 +0200] "GET /Robots.txt HTTP/1.1" 404 315 "-" "-"
23.99.122.165 - - [19/Oct/2017:13:35:57 +0200] "GET /SiteMap.xml HTTP/1.1" 404 316 "-" "-"
23.99.122.165 - - [19/Oct/2017:13:35:58 +0200] "POST / HTTP/1.1" 200 1229 "-" "-"
87.125.165.14 - - [19/Oct/2017:13:36:09 +0200] "O" 501 316 "-" "-"
87.125.165.14 - - [19/Oct/2017:13:36:09 +0200] "POST / HTTP/1.1" 200 1229 "-" "Mozilla/4.0 (compatible; MSIE 7.0; Windows NT 10.0; WOW64; Trident/7.0; .NET4.0C; .NET4.0E)"
87.125.165.14 - - [19/Oct/2017:13:38:09 +0200] "POST / HTTP/1.1" 200 1229 "-" "Mozilla/5.0 (Windows NT 10.0; WOW64; Trident/7.0; rv:11.0) like Gecko"
87.125.165.14 - - [19/Oct/2017:13:40:09 +0200] "POST / HTTP/1.1" 200 1229 "-" "Mozilla/5.0 (Windows NT 10.0; WOW64; Trident/7.0; rv:11.0) like Gecko"
87.125.165.14 - - [19/Oct/2017:13:42:09 +0200] "POST / HTTP/1.1" 200 1229 "-" "Mozilla/5.0 (Windows NT 10.0; WOW64; Trident/7.0; rv:11.0) like Gecko"
87.125.165.14 - - [19/Oct/2017:13:44:10 +0200] "POST / HTTP/1.1" 200 1229 "-" "Mozilla/5.0 (Windows NT 10.0; WOW64; Trident/7.0; rv:11.0) like Gecko"
87.125.165.14 - - [19/Oct/2017:13:46:10 +0200] "POST / HTTP/1.1" 200 1229 "-" "Mozilla/5.0 (Windows NT 10.0; WOW64; Trident/7.0; rv:11.0) like Gecko"
87.125.165.14 - - [19/Oct/2017:13:48:10 +0200] "POST / HTTP/1.1" 200 1229 "-" "Mozilla/5.0 (Windows NT 10.0; WOW64; Trident/7.0; rv:11.0) like Gecko"
87.125.165.14 - - [19/Oct/2017:13:50:10 +0200] "POST / HTTP/1.1" 200 1229 "-" "Mozilla/5.0 (Windows NT 10.0; WOW64; Trident/7.0; rv:11.0) like Gecko"
87.125.165.14 - - [19/Oct/2017:13:52:10 +0200] "POST / HTTP/1.1" 200 1229 "-" "Mozilla/5.0 (Windows NT 10.0; WOW64; Trident/7.0; rv:11.0) like Gecko"
178.8.165.40 - - [19/Oct/2017:13:52:39 +0200] "GET / HTTP/1.1" 200 1229 "http://www.oberstufenzentrum.de/schulen/friedrich-list-schule" "Mozilla/5.0 (Windows NT 6.1; Win64; x64) AppleWebKit/537.36 (KHTML, like Gecko) Chrome/61.0.3163.100 Safari/537.36"
178.8.165.40 - - [19/Oct/2017:13:52:39 +0200] "GET /favicon.ico HTTP/1.1" 404 331 "http://www.friedrich-list-berlin.de/" "Mozilla/5.0 (Windows NT 6.1; Win64; x64) AppleWebKit/537.36 (KHTML, like Gecko) Chrome/61.0.3163.100 Safari/537.36"
87.125.165.14 - - [19/Oct/2017:13:54:11 +0200] "POST / HTTP/1.1" 200 1229 "-" "Mozilla/5.0 (Windows NT 10.0; WOW64; Trident/7.0; rv:11.0) like Gecko"
195.62.53.168 - - [19/Oct/2017:13:55:08 +0200] "GET /r/z.php HTTP/1.0" 404 308 "-" "Mozilla/5.0 (Windows NT 6.1; Win64; x64; rv:30.N) Gecko/20110302 Firefox/30.0"
