66.249.64.149 - - [11/Oct/2017:14:59:26 +0200] "GET / HTTP/1.1" 200 1229 "-" "Mozilla/5.0 (compatible; Googlebot/2.1; +http://www.google.com/bot.html)"
94.163.134.30 - - [11/Oct/2017:15:00:46 +0200] "POST / HTTP/1.1" 200 1229 "-" "Mozilla/5.0 (Windows NT 10.0; WOW64; Trident/7.0; rv:11.0) like Gecko"
94.163.134.30 - - [11/Oct/2017:15:02:46 +0200] "POST / HTTP/1.1" 200 1229 "-" "Mozilla/5.0 (Windows NT 10.0; WOW64; Trident/7.0; rv:11.0) like Gecko"
94.163.134.30 - - [11/Oct/2017:15:04:47 +0200] "POST / HTTP/1.1" 200 1229 "-" "Mozilla/5.0 (Windows NT 10.0; WOW64; Trident/7.0; rv:11.0) like Gecko"
94.163.134.30 - - [11/Oct/2017:15:06:47 +0200] "POST / HTTP/1.1" 200 1229 "-" "Mozilla/5.0 (Windows NT 10.0; WOW64; Trident/7.0; rv:11.0) like Gecko"
101.236.37.61 - - [11/Oct/2017:15:07:01 +0200] "GET / HTTP/1.1" 200 1229 "-" "Mozilla/5.0 (Windows NT 6.2; WOW64) AppleWebKit/537.36 (KHTML, like Gecko) Chrome/27.0.1453.94 Safari/537.36"
94.163.134.30 - - [11/Oct/2017:15:08:48 +0200] "POST / HTTP/1.1" 200 1229 "-" "Mozilla/5.0 (Windows NT 10.0; WOW64; Trident/7.0; rv:11.0) like Gecko"
94.163.134.30 - - [11/Oct/2017:15:10:49 +0200] "POST / HTTP/1.1" 200 1229 "-" "Mozilla/5.0 (Windows NT 10.0; WOW64; Trident/7.0; rv:11.0) like Gecko"
94.163.134.30 - - [11/Oct/2017:15:12:49 +0200] "POST / HTTP/1.1" 200 1229 "-" "Mozilla/5.0 (Windows NT 10.0; WOW64; Trident/7.0; rv:11.0) like Gecko"
94.163.134.30 - - [11/Oct/2017:15:14:49 +0200] "POST / HTTP/1.1" 200 1229 "-" "Mozilla/5.0 (Windows NT 10.0; WOW64; Trident/7.0; rv:11.0) like Gecko"
94.163.134.30 - - [11/Oct/2017:15:16:49 +0200] "POST / HTTP/1.1" 200 1229 "-" "Mozilla/5.0 (Windows NT 10.0; WOW64; Trident/7.0; rv:11.0) like Gecko"
101.236.36.215 - - [11/Oct/2017:15:16:53 +0200] "GET / HTTP/1.1" 200 1229 "-" "Mozilla/5.0 (Windows NT 6.2; WOW64) AppleWebKit/537.36 (KHTML, like Gecko) Chrome/27.0.1453.94 Safari/537.36"
94.163.134.30 - - [11/Oct/2017:15:18:50 +0200] "POST / HTTP/1.1" 200 1229 "-" "Mozilla/5.0 (Windows NT 10.0; WOW64; Trident/7.0; rv:11.0) like Gecko"
94.163.134.30 - - [11/Oct/2017:15:20:50 +0200] "POST / HTTP/1.1" 200 1229 "-" "Mozilla/5.0 (Windows NT 10.0; WOW64; Trident/7.0; rv:11.0) like Gecko"
94.163.134.30 - - [11/Oct/2017:15:22:51 +0200] "POST / HTTP/1.1" 200 1229 "-" "Mozilla/5.0 (Windows NT 10.0; WOW64; Trident/7.0; rv:11.0) like Gecko"
101.236.17.236 - - [11/Oct/2017:15:23:52 +0200] "GET / HTTP/1.1" 200 1229 "-" "Mozilla/5.0 (Windows NT 6.2; WOW64) AppleWebKit/537.36 (KHTML, like Gecko) Chrome/27.0.1453.94 Safari/537.36"
94.163.134.30 - - [11/Oct/2017:15:24:51 +0200] "POST / HTTP/1.1" 200 1229 "-" "Mozilla/5.0 (Windows NT 10.0; WOW64; Trident/7.0; rv:11.0) like Gecko"
101.236.60.220 - - [11/Oct/2017:15:25:45 +0200] "GET / HTTP/1.1" 200 1229 "-" "Mozilla/5.0 (Windows NT 6.2; WOW64) AppleWebKit/537.36 (KHTML, like Gecko) Chrome/27.0.1453.94 Safari/537.36"
101.236.60.220 - - [11/Oct/2017:15:25:53 +0200] "GET / HTTP/1.1" 200 1229 "-" "Mozilla/5.0 (Windows NT 6.2; WOW64) AppleWebKit/537.36 (KHTML, like Gecko) Chrome/27.0.1453.94 Safari/537.36"
94.163.134.30 - - [11/Oct/2017:15:26:52 +0200] "POST / HTTP/1.1" 200 1229 "-" "Mozilla/5.0 (Windows NT 10.0; WOW64; Trident/7.0; rv:11.0) like Gecko"
43.241.229.153 - - [11/Oct/2017:15:27:36 +0200] "GET / HTTP/1.1" 200 1229 "-" "Mozilla/5.0 (Windows NT 6.2; WOW64) AppleWebKit/537.36 (KHTML, like Gecko) Chrome/27.0.1453.94 Safari/537.36"
94.163.134.30 - - [11/Oct/2017:15:28:52 +0200] "POST / HTTP/1.1" 200 1229 "-" "Mozilla/5.0 (Windows NT 10.0; WOW64; Trident/7.0; rv:11.0) like Gecko"
94.163.134.30 - - [11/Oct/2017:15:30:52 +0200] "POST / HTTP/1.1" 200 1229 "-" "Mozilla/5.0 (Windows NT 10.0; WOW64; Trident/7.0; rv:11.0) like Gecko"
94.163.134.30 - - [11/Oct/2017:15:32:53 +0200] "POST / HTTP/1.1" 200 1229 "-" "Mozilla/5.0 (Windows NT 10.0; WOW64; Trident/7.0; rv:11.0) like Gecko"
94.163.134.30 - - [11/Oct/2017:15:34:53 +0200] "POST / HTTP/1.1" 200 1229 "-" "Mozilla/5.0 (Windows NT 10.0; WOW64; Trident/7.0; rv:11.0) like Gecko"
94.163.134.30 - - [11/Oct/2017:15:36:53 +0200] "POST / HTTP/1.1" 200 1229 "-" "Mozilla/5.0 (Windows NT 10.0; WOW64; Trident/7.0; rv:11.0) like Gecko"
94.163.134.30 - - [11/Oct/2017:15:38:54 +0200] "POST / HTTP/1.1" 200 1229 "-" "Mozilla/5.0 (Windows NT 10.0; WOW64; Trident/7.0; rv:11.0) like Gecko"
164.52.0.141 - - [11/Oct/2017:15:39:39 +0200] "\x16\x03\x01\x01\"\x01" 501 326 "-" "-"
164.52.0.141 - - [11/Oct/2017:15:39:46 +0200] "USER test +iw test :Test Wuz Here" 400 329 "-" "-"
164.52.0.141 - - [11/Oct/2017:15:39:50 +0200] "GET / HTTP/1.1" 200 1229 "-" "Mozilla/5.0 (Windows NT 6.1; WOW64; rv:52.0) Gecko/20100101 Firefox/52.0"
94.163.134.30 - - [11/Oct/2017:15:40:54 +0200] "POST / HTTP/1.1" 200 1229 "-" "Mozilla/5.0 (Windows NT 10.0; WOW64; Trident/7.0; rv:11.0) like Gecko"
94.163.134.30 - - [11/Oct/2017:15:42:54 +0200] "POST / HTTP/1.1" 200 1229 "-" "Mozilla/5.0 (Windows NT 10.0; WOW64; Trident/7.0; rv:11.0) like Gecko"
101.236.18.245 - - [11/Oct/2017:15:43:38 +0200] "GET / HTTP/1.1" 200 1229 "-" "Mozilla/5.0 (Windows NT 6.2; WOW64) AppleWebKit/537.36 (KHTML, like Gecko) Chrome/27.0.1453.94 Safari/537.36"
94.163.134.30 - - [11/Oct/2017:15:44:56 +0200] "POST / HTTP/1.1" 200 1229 "-" "Mozilla/5.0 (Windows NT 10.0; WOW64; Trident/7.0; rv:11.0) like Gecko"
94.163.134.30 - - [11/Oct/2017:15:46:56 +0200] "POST / HTTP/1.1" 200 1229 "-" "Mozilla/5.0 (Windows NT 10.0; WOW64; Trident/7.0; rv:11.0) like Gecko"
94.163.134.30 - - [11/Oct/2017:15:48:56 +0200] "POST / HTTP/1.1" 200 1229 "-" "Mozilla/5.0 (Windows NT 10.0; WOW64; Trident/7.0; rv:11.0) like Gecko"
212.117.95.25 - - [11/Oct/2017:15:49:53 +0200] "GET /favicon.ico HTTP/1.1" 404 331 "-" "Mozilla/5.0 (Windows NT 6.1; Win64; x64; Trident/7.0; rv:11.0) like Gecko"
209.126.136.4 - - [11/Oct/2017:15:50:54 +0200] "GET / HTTP/1.1" 200 1229 "-" "Mozilla/5.0 (Windows NT 10.0; Win64; x64) AppleWebKit/537.36 (KHTML, like Gecko) Chrome/57.0.2987.133 Safari/537.36"
94.163.134.30 - - [11/Oct/2017:15:50:57 +0200] "POST / HTTP/1.1" 200 1229 "-" "Mozilla/5.0 (Windows NT 10.0; WOW64; Trident/7.0; rv:11.0) like Gecko"
94.163.134.30 - - [11/Oct/2017:15:52:57 +0200] "POST / HTTP/1.1" 200 1229 "-" "Mozilla/5.0 (Windows NT 10.0; WOW64; Trident/7.0; rv:11.0) like Gecko"
101.236.44.127 - - [11/Oct/2017:15:53:02 +0200] "GET / HTTP/1.1" 200 1229 "-" "Mozilla/5.0 (Windows NT 6.2; WOW64) AppleWebKit/537.36 (KHTML, like Gecko) Chrome/27.0.1453.94 Safari/537.36"
212.129.59.196 - - [11/Oct/2017:15:53:49 +0200] "GET / HTTP/1.1" 200 1229 "-" "Java/1.6.0_04"
101.236.18.245 - - [11/Oct/2017:15:54:43 +0200] "GET / HTTP/1.1" 200 1229 "-" "Mozilla/5.0 (Windows NT 6.2; WOW64) AppleWebKit/537.36 (KHTML, like Gecko) Chrome/27.0.1453.94 Safari/537.36"
94.163.134.30 - - [11/Oct/2017:15:54:58 +0200] "POST / HTTP/1.1" 200 1229 "-" "Mozilla/5.0 (Windows NT 10.0; WOW64; Trident/7.0; rv:11.0) like Gecko"
94.163.134.30 - - [11/Oct/2017:15:56:58 +0200] "POST / HTTP/1.1" 200 1229 "-" "Mozilla/5.0 (Windows NT 10.0; WOW64; Trident/7.0; rv:11.0) like Gecko"
94.163.134.30 - - [11/Oct/2017:15:58:58 +0200] "POST / HTTP/1.1" 200 1229 "-" "Mozilla/5.0 (Windows NT 10.0; WOW64; Trident/7.0; rv:11.0) like Gecko"
94.163.134.30 - - [11/Oct/2017:16:00:58 +0200] "POST / HTTP/1.1" 200 1229 "-" "Mozilla/5.0 (Windows NT 10.0; WOW64; Trident/7.0; rv:11.0) like Gecko"
94.163.134.30 - - [11/Oct/2017:16:02:59 +0200] "POST / HTTP/1.1" 200 1229 "-" "Mozilla/5.0 (Windows NT 10.0; WOW64; Trident/7.0; rv:11.0) like Gecko"
94.163.134.30 - - [11/Oct/2017:16:04:59 +0200] "POST / HTTP/1.1" 200 1229 "-" "Mozilla/5.0 (Windows NT 10.0; WOW64; Trident/7.0; rv:11.0) like Gecko"
94.163.134.30 - - [11/Oct/2017:16:06:59 +0200] "POST / HTTP/1.1" 200 1229 "-" "Mozilla/5.0 (Windows NT 10.0; WOW64; Trident/7.0; rv:11.0) like Gecko"
94.163.134.30 - - [11/Oct/2017:16:08:59 +0200] "POST / HTTP/1.1" 200 1229 "-" "Mozilla/5.0 (Windows NT 10.0; WOW64; Trident/7.0; rv:11.0) like Gecko"
94.163.134.30 - - [11/Oct/2017:16:11:00 +0200] "POST / HTTP/1.1" 200 1229 "-" "Mozilla/5.0 (Windows NT 10.0; WOW64; Trident/7.0; rv:11.0) like Gecko"
101.236.17.59 - - [11/Oct/2017:16:11:42 +0200] "GET / HTTP/1.1" 200 1229 "-" "Mozilla/5.0 (Windows NT 6.2; WOW64) AppleWebKit/537.36 (KHTML, like Gecko) Chrome/27.0.1453.94 Safari/537.36"
101.236.17.59 - - [11/Oct/2017:16:11:44 +0200] "GET / HTTP/1.1" 200 1229 "-" "Mozilla/5.0 (Windows NT 6.2; WOW64) AppleWebKit/537.36 (KHTML, like Gecko) Chrome/27.0.1453.94 Safari/537.36"
94.163.134.30 - - [11/Oct/2017:16:13:00 +0200] "POST / HTTP/1.1" 200 1229 "-" "Mozilla/5.0 (Windows NT 10.0; WOW64; Trident/7.0; rv:11.0) like Gecko"
94.163.134.30 - - [11/Oct/2017:16:15:00 +0200] "POST / HTTP/1.1" 200 1229 "-" "Mozilla/5.0 (Windows NT 10.0; WOW64; Trident/7.0; rv:11.0) like Gecko"
94.163.134.30 - - [11/Oct/2017:16:17:03 +0200] "POST / HTTP/1.1" 200 1229 "-" "Mozilla/5.0 (Windows NT 10.0; WOW64; Trident/7.0; rv:11.0) like Gecko"
94.163.134.30 - - [11/Oct/2017:16:19:03 +0200] "POST / HTTP/1.1" 200 1229 "-" "Mozilla/5.0 (Windows NT 10.0; WOW64; Trident/7.0; rv:11.0) like Gecko"
94.163.134.30 - - [11/Oct/2017:16:21:04 +0200] "POST / HTTP/1.1" 200 1229 "-" "Mozilla/5.0 (Windows NT 10.0; WOW64; Trident/7.0; rv:11.0) like Gecko"
94.163.134.30 - - [11/Oct/2017:16:23:04 +0200] "POST / HTTP/1.1" 200 1229 "-" "Mozilla/5.0 (Windows NT 10.0; WOW64; Trident/7.0; rv:11.0) like Gecko"
94.163.134.30 - - [11/Oct/2017:16:25:04 +0200] "POST / HTTP/1.1" 200 1229 "-" "Mozilla/5.0 (Windows NT 10.0; WOW64; Trident/7.0; rv:11.0) like Gecko"
210.14.78.91 - - [11/Oct/2017:16:25:22 +0200] "GET / HTTP/1.1" 200 1229 "-" "Mozilla/5.0 zgrab/0.x"
94.163.134.30 - - [11/Oct/2017:16:27:05 +0200] "POST / HTTP/1.1" 200 1229 "-" "Mozilla/5.0 (Windows NT 10.0; WOW64; Trident/7.0; rv:11.0) like Gecko"
94.163.134.30 - - [11/Oct/2017:16:29:05 +0200] "POST / HTTP/1.1" 200 1229 "-" "Mozilla/5.0 (Windows NT 10.0; WOW64; Trident/7.0; rv:11.0) like Gecko"
66.249.64.149 - - [11/Oct/2017:16:31:03 +0200] "GET / HTTP/1.1" 200 1229 "-" "Mozilla/5.0 (compatible; Googlebot/2.1; +http://www.google.com/bot.html)"
94.163.134.30 - - [11/Oct/2017:16:31:05 +0200] "POST / HTTP/1.1" 200 1229 "-" "Mozilla/5.0 (Windows NT 10.0; WOW64; Trident/7.0; rv:11.0) like Gecko"
94.163.134.30 - - [11/Oct/2017:16:33:06 +0200] "POST / HTTP/1.1" 200 1229 "-" "Mozilla/5.0 (Windows NT 10.0; WOW64; Trident/7.0; rv:11.0) like Gecko"
94.163.134.30 - - [11/Oct/2017:16:35:11 +0200] "POST / HTTP/1.1" 200 1229 "-" "Mozilla/5.0 (Windows NT 10.0; WOW64; Trident/7.0; rv:11.0) like Gecko"
94.102.49.175 - - [11/Oct/2017:16:36:03 +0200] "GET /w00tw00t.at.blackhats.romanian.anti-sec:) HTTP/1.1" 404 346 "-" "ZmEu"
94.102.49.175 - - [11/Oct/2017:16:36:03 +0200] "GET /phpmyadmin/scripts/setup.php HTTP/1.1" 404 333 "-" "ZmEu"
94.102.49.175 - - [11/Oct/2017:16:36:03 +0200] "GET /phpMyAdmin/scripts/setup.php HTTP/1.1" 404 333 "-" "ZmEu"
94.102.49.175 - - [11/Oct/2017:16:36:03 +0200] "GET /mysqladmin/scripts/setup.php HTTP/1.1" 404 333 "-" "ZmEu"
94.102.49.175 - - [11/Oct/2017:16:36:03 +0200] "GET /PMA2012/ HTTP/1.1" 404 313 "-" "ZmEu"
94.102.49.175 - - [11/Oct/2017:16:36:04 +0200] "GET /pma2012/ HTTP/1.1" 404 313 "-" "ZmEu"
94.102.49.175 - - [11/Oct/2017:16:36:04 +0200] "GET /PMA2011/ HTTP/1.1" 404 313 "-" "ZmEu"
94.102.49.175 - - [11/Oct/2017:16:36:04 +0200] "GET /pma2011/ HTTP/1.1" 404 313 "-" "ZmEu"
94.102.49.175 - - [11/Oct/2017:16:36:04 +0200] "GET /phpmyadmin2/ HTTP/1.1" 404 317 "-" "ZmEu"
94.102.49.175 - - [11/Oct/2017:16:36:04 +0200] "GET /phpmyadmin3/ HTTP/1.1" 404 317 "-" "ZmEu"
94.102.49.175 - - [11/Oct/2017:16:36:04 +0200] "GET /phpmyadmin4/ HTTP/1.1" 404 317 "-" "ZmEu"
94.102.49.175 - - [11/Oct/2017:16:36:05 +0200] "GET /pma/scripts/setup.php HTTP/1.1" 404 326 "-" "ZmEu"
94.102.49.175 - - [11/Oct/2017:16:36:05 +0200] "GET /myadmin/scripts/setup.php HTTP/1.1" 404 330 "-" "ZmEu"
94.102.49.175 - - [11/Oct/2017:16:36:05 +0200] "GET /MyAdmin/scripts/setup.php HTTP/1.1" 404 330 "-" "ZmEu"
94.102.49.175 - - [11/Oct/2017:16:36:05 +0200] "GET HTTP/1.1" 400 329 "-" "-"
94.163.134.30 - - [11/Oct/2017:16:37:11 +0200] "POST / HTTP/1.1" 200 1229 "-" "Mozilla/5.0 (Windows NT 10.0; WOW64; Trident/7.0; rv:11.0) like Gecko"
94.163.134.30 - - [11/Oct/2017:16:39:12 +0200] "POST / HTTP/1.1" 200 1229 "-" "Mozilla/5.0 (Windows NT 10.0; WOW64; Trident/7.0; rv:11.0) like Gecko"
94.163.134.30 - - [11/Oct/2017:16:41:12 +0200] "POST / HTTP/1.1" 200 1229 "-" "Mozilla/5.0 (Windows NT 10.0; WOW64; Trident/7.0; rv:11.0) like Gecko"
94.163.134.30 - - [11/Oct/2017:16:43:12 +0200] "POST / HTTP/1.1" 200 1229 "-" "Mozilla/5.0 (Windows NT 10.0; WOW64; Trident/7.0; rv:11.0) like Gecko"
169.54.244.93 - - [11/Oct/2017:16:44:46 +0200] "GET / HTTP/1.0" 200 1229 "-" "Mozilla/5.0 (Windows NT 6.1; rv:31.0) Gecko/20100101 Firefox/31.0"
94.163.134.30 - - [11/Oct/2017:16:45:13 +0200] "POST / HTTP/1.1" 200 1229 "-" "Mozilla/5.0 (Windows NT 10.0; WOW64; Trident/7.0; rv:11.0) like Gecko"
94.163.134.30 - - [11/Oct/2017:16:47:13 +0200] "POST / HTTP/1.1" 200 1229 "-" "Mozilla/5.0 (Windows NT 10.0; WOW64; Trident/7.0; rv:11.0) like Gecko"
94.163.134.30 - - [11/Oct/2017:16:49:14 +0200] "POST / HTTP/1.1" 200 1229 "-" "Mozilla/5.0 (Windows NT 10.0; WOW64; Trident/7.0; rv:11.0) like Gecko"
94.163.134.30 - - [11/Oct/2017:16:51:14 +0200] "POST / HTTP/1.1" 200 1229 "-" "Mozilla/5.0 (Windows NT 10.0; WOW64; Trident/7.0; rv:11.0) like Gecko"
66.249.64.151 - - [11/Oct/2017:16:51:24 +0200] "GET / HTTP/1.1" 200 1229 "-" "Mozilla/5.0 (Linux; Android 6.0.1; Nexus 5X Build/MMB29P) AppleWebKit/537.36 (KHTML, like Gecko) Chrome/41.0.2272.96 Mobile Safari/537.36 (compatible; Googlebot/2.1; +http://www.google.com/bot.html)"
94.163.134.30 - - [11/Oct/2017:16:53:14 +0200] "POST / HTTP/1.1" 200 1229 "-" "Mozilla/5.0 (Windows NT 10.0; WOW64; Trident/7.0; rv:11.0) like Gecko"
94.163.134.30 - - [11/Oct/2017:16:55:14 +0200] "POST / HTTP/1.1" 200 1229 "-" "Mozilla/5.0 (Windows NT 10.0; WOW64; Trident/7.0; rv:11.0) like Gecko"
185.84.137.167 - - [11/Oct/2017:16:55:57 +0200] "GET /index.php?m=Home&c=Index&a=login&language=zh-cn HTTP/1.1" 404 318 "-" "-"
94.163.134.30 - - [11/Oct/2017:16:57:15 +0200] "POST / HTTP/1.1" 200 1229 "-" "Mozilla/5.0 (Windows NT 10.0; WOW64; Trident/7.0; rv:11.0) like Gecko"
94.163.134.30 - - [11/Oct/2017:16:59:15 +0200] "POST / HTTP/1.1" 200 1229 "-" "Mozilla/5.0 (Windows NT 10.0; WOW64; Trident/7.0; rv:11.0) like Gecko"
94.163.134.30 - - [11/Oct/2017:17:01:15 +0200] "POST / HTTP/1.1" 200 1229 "-" "Mozilla/5.0 (Windows NT 10.0; WOW64; Trident/7.0; rv:11.0) like Gecko"
94.163.134.30 - - [11/Oct/2017:17:03:15 +0200] "POST / HTTP/1.1" 200 1229 "-" "Mozilla/5.0 (Windows NT 10.0; WOW64; Trident/7.0; rv:11.0) like Gecko"
94.163.134.30 - - [11/Oct/2017:17:05:16 +0200] "POST / HTTP/1.1" 200 1229 "-" "Mozilla/5.0 (Windows NT 10.0; WOW64; Trident/7.0; rv:11.0) like Gecko"
172.104.108.109 - - [11/Oct/2017:17:06:59 +0200] "GET / HTTP/1.1" 200 1229 "-" "Mozilla/5.0"
94.163.134.30 - - [11/Oct/2017:17:07:16 +0200] "POST / HTTP/1.1" 200 1229 "-" "Mozilla/5.0 (Windows NT 10.0; WOW64; Trident/7.0; rv:11.0) like Gecko"
94.163.134.30 - - [11/Oct/2017:17:09:16 +0200] "POST / HTTP/1.1" 200 1229 "-" "Mozilla/5.0 (Windows NT 10.0; WOW64; Trident/7.0; rv:11.0) like Gecko"
94.163.134.30 - - [11/Oct/2017:17:11:16 +0200] "POST / HTTP/1.1" 200 1229 "-" "Mozilla/5.0 (Windows NT 10.0; WOW64; Trident/7.0; rv:11.0) like Gecko"
94.163.134.30 - - [11/Oct/2017:17:13:17 +0200] "POST / HTTP/1.1" 200 1229 "-" "Mozilla/5.0 (Windows NT 10.0; WOW64; Trident/7.0; rv:11.0) like Gecko"
94.163.134.30 - - [11/Oct/2017:17:15:17 +0200] "POST / HTTP/1.1" 200 1229 "-" "Mozilla/5.0 (Windows NT 10.0; WOW64; Trident/7.0; rv:11.0) like Gecko"
94.163.134.30 - - [11/Oct/2017:17:17:17 +0200] "POST / HTTP/1.1" 200 1229 "-" "Mozilla/5.0 (Windows NT 10.0; WOW64; Trident/7.0; rv:11.0) like Gecko"
94.163.134.30 - - [11/Oct/2017:17:19:18 +0200] "POST / HTTP/1.1" 200 1229 "-" "Mozilla/5.0 (Windows NT 10.0; WOW64; Trident/7.0; rv:11.0) like Gecko"
94.163.134.30 - - [11/Oct/2017:17:21:18 +0200] "POST / HTTP/1.1" 200 1229 "-" "Mozilla/5.0 (Windows NT 10.0; WOW64; Trident/7.0; rv:11.0) like Gecko"
94.163.134.30 - - [11/Oct/2017:17:23:18 +0200] "POST / HTTP/1.1" 200 1229 "-" "Mozilla/5.0 (Windows NT 10.0; WOW64; Trident/7.0; rv:11.0) like Gecko"
94.163.134.30 - - [11/Oct/2017:17:25:18 +0200] "POST / HTTP/1.1" 200 1229 "-" "Mozilla/5.0 (Windows NT 10.0; WOW64; Trident/7.0; rv:11.0) like Gecko"
94.163.134.30 - - [11/Oct/2017:17:27:19 +0200] "POST / HTTP/1.1" 200 1229 "-" "Mozilla/5.0 (Windows NT 10.0; WOW64; Trident/7.0; rv:11.0) like Gecko"
94.163.134.30 - - [11/Oct/2017:17:29:20 +0200] "POST / HTTP/1.1" 200 1229 "-" "Mozilla/5.0 (Windows NT 10.0; WOW64; Trident/7.0; rv:11.0) like Gecko"
94.163.134.30 - - [11/Oct/2017:17:31:21 +0200] "POST / HTTP/1.1" 200 1229 "-" "Mozilla/5.0 (Windows NT 10.0; WOW64; Trident/7.0; rv:11.0) like Gecko"
94.163.134.30 - - [11/Oct/2017:17:33:21 +0200] "POST / HTTP/1.1" 200 1229 "-" "Mozilla/5.0 (Windows NT 10.0; WOW64; Trident/7.0; rv:11.0) like Gecko"
94.163.134.30 - - [11/Oct/2017:17:35:21 +0200] "POST / HTTP/1.1" 200 1229 "-" "Mozilla/5.0 (Windows NT 10.0; WOW64; Trident/7.0; rv:11.0) like Gecko"
94.163.134.30 - - [11/Oct/2017:17:37:23 +0200] "POST / HTTP/1.1" 200 1229 "-" "Mozilla/5.0 (Windows NT 10.0; WOW64; Trident/7.0; rv:11.0) like Gecko"
94.163.134.30 - - [11/Oct/2017:17:39:23 +0200] "POST / HTTP/1.1" 200 1229 "-" "Mozilla/5.0 (Windows NT 10.0; WOW64; Trident/7.0; rv:11.0) like Gecko"
94.163.134.30 - - [11/Oct/2017:17:41:24 +0200] "POST / HTTP/1.1" 200 1229 "-" "Mozilla/5.0 (Windows NT 10.0; WOW64; Trident/7.0; rv:11.0) like Gecko"
94.163.134.30 - - [11/Oct/2017:17:43:24 +0200] "POST / HTTP/1.1" 200 1229 "-" "Mozilla/5.0 (Windows NT 10.0; WOW64; Trident/7.0; rv:11.0) like Gecko"
94.163.134.30 - - [11/Oct/2017:17:45:24 +0200] "POST / HTTP/1.1" 200 1229 "-" "Mozilla/5.0 (Windows NT 10.0; WOW64; Trident/7.0; rv:11.0) like Gecko"
94.163.134.30 - - [11/Oct/2017:17:47:25 +0200] "POST / HTTP/1.1" 200 1229 "-" "Mozilla/5.0 (Windows NT 10.0; WOW64; Trident/7.0; rv:11.0) like Gecko"
94.163.134.30 - - [11/Oct/2017:17:49:25 +0200] "POST / HTTP/1.1" 200 1229 "-" "Mozilla/5.0 (Windows NT 10.0; WOW64; Trident/7.0; rv:11.0) like Gecko"
94.163.134.30 - - [11/Oct/2017:17:51:25 +0200] "POST / HTTP/1.1" 200 1229 "-" "Mozilla/5.0 (Windows NT 10.0; WOW64; Trident/7.0; rv:11.0) like Gecko"
46.229.164.101 - - [11/Oct/2017:17:52:29 +0200] "GET /robots.txt HTTP/1.1" 404 330 "-" "Mozilla/5.0 (compatible; SemrushBot/1.2~bl; +http://www.semrush.com/bot.html)"
94.163.134.30 - - [11/Oct/2017:17:53:26 +0200] "POST / HTTP/1.1" 200 1229 "-" "Mozilla/5.0 (Windows NT 10.0; WOW64; Trident/7.0; rv:11.0) like Gecko"
94.163.134.30 - - [11/Oct/2017:17:55:26 +0200] "POST / HTTP/1.1" 200 1229 "-" "Mozilla/5.0 (Windows NT 10.0; WOW64; Trident/7.0; rv:11.0) like Gecko"
94.163.134.30 - - [11/Oct/2017:17:57:26 +0200] "POST / HTTP/1.1" 200 1229 "-" "Mozilla/5.0 (Windows NT 10.0; WOW64; Trident/7.0; rv:11.0) like Gecko"
104.236.87.201 - - [11/Oct/2017:17:57:45 +0200] "GET / HTTP/1.0" 200 1229 "-" "Mozilla/5.0 (compatible; NetcraftSurveyAgent/1.0; +info@netcraft.com)"
94.163.134.30 - - [11/Oct/2017:17:59:26 +0200] "POST / HTTP/1.1" 200 1229 "-" "Mozilla/5.0 (Windows NT 10.0; WOW64; Trident/7.0; rv:11.0) like Gecko"
94.163.134.30 - - [11/Oct/2017:18:01:27 +0200] "POST / HTTP/1.1" 200 1229 "-" "Mozilla/5.0 (Windows NT 10.0; WOW64; Trident/7.0; rv:11.0) like Gecko"
94.163.134.30 - - [11/Oct/2017:18:03:27 +0200] "POST / HTTP/1.1" 200 1229 "-" "Mozilla/5.0 (Windows NT 10.0; WOW64; Trident/7.0; rv:11.0) like Gecko"
94.163.134.30 - - [11/Oct/2017:18:05:28 +0200] "POST / HTTP/1.1" 200 1229 "-" "Mozilla/5.0 (Windows NT 10.0; WOW64; Trident/7.0; rv:11.0) like Gecko"
94.163.134.30 - - [11/Oct/2017:18:07:28 +0200] "POST / HTTP/1.1" 200 1229 "-" "Mozilla/5.0 (Windows NT 10.0; WOW64; Trident/7.0; rv:11.0) like Gecko"
94.163.134.30 - - [11/Oct/2017:18:09:28 +0200] "POST / HTTP/1.1" 200 1229 "-" "Mozilla/5.0 (Windows NT 10.0; WOW64; Trident/7.0; rv:11.0) like Gecko"
94.163.134.30 - - [11/Oct/2017:18:11:28 +0200] "POST / HTTP/1.1" 200 1229 "-" "Mozilla/5.0 (Windows NT 10.0; WOW64; Trident/7.0; rv:11.0) like Gecko"
94.163.134.30 - - [11/Oct/2017:18:13:29 +0200] "POST / HTTP/1.1" 200 1229 "-" "Mozilla/5.0 (Windows NT 10.0; WOW64; Trident/7.0; rv:11.0) like Gecko"
204.79.180.12 - - [11/Oct/2017:18:15:19 +0200] "GET / HTTP/1.1" 200 1229 "-" "Mozilla/5.0 (compatible; MSIE 9.0; Windows NT 6.0; Trident/5.0; Trident/5.0)"
94.163.134.30 - - [11/Oct/2017:18:15:30 +0200] "POST / HTTP/1.1" 200 1229 "-" "Mozilla/5.0 (Windows NT 10.0; WOW64; Trident/7.0; rv:11.0) like Gecko"
94.163.134.30 - - [11/Oct/2017:18:17:33 +0200] "POST / HTTP/1.1" 200 1229 "-" "Mozilla/5.0 (Windows NT 10.0; WOW64; Trident/7.0; rv:11.0) like Gecko"
94.163.134.30 - - [11/Oct/2017:18:19:34 +0200] "POST / HTTP/1.1" 200 1229 "-" "Mozilla/5.0 (Windows NT 10.0; WOW64; Trident/7.0; rv:11.0) like Gecko"
94.163.134.30 - - [11/Oct/2017:18:21:34 +0200] "POST / HTTP/1.1" 200 1229 "-" "Mozilla/5.0 (Windows NT 10.0; WOW64; Trident/7.0; rv:11.0) like Gecko"
94.163.134.30 - - [11/Oct/2017:18:23:35 +0200] "POST / HTTP/1.1" 200 1229 "-" "Mozilla/5.0 (Windows NT 10.0; WOW64; Trident/7.0; rv:11.0) like Gecko"
94.163.134.30 - - [11/Oct/2017:18:25:35 +0200] "POST / HTTP/1.1" 200 1229 "-" "Mozilla/5.0 (Windows NT 10.0; WOW64; Trident/7.0; rv:11.0) like Gecko"
94.163.134.30 - - [11/Oct/2017:18:27:35 +0200] "POST / HTTP/1.1" 200 1229 "-" "Mozilla/5.0 (Windows NT 10.0; WOW64; Trident/7.0; rv:11.0) like Gecko"
94.163.134.30 - - [11/Oct/2017:18:29:36 +0200] "POST / HTTP/1.1" 200 1229 "-" "Mozilla/5.0 (Windows NT 10.0; WOW64; Trident/7.0; rv:11.0) like Gecko"
94.163.134.30 - - [11/Oct/2017:18:31:36 +0200] "POST / HTTP/1.1" 200 1229 "-" "Mozilla/5.0 (Windows NT 10.0; WOW64; Trident/7.0; rv:11.0) like Gecko"
94.163.134.30 - - [11/Oct/2017:18:33:36 +0200] "POST / HTTP/1.1" 200 1229 "-" "Mozilla/5.0 (Windows NT 10.0; WOW64; Trident/7.0; rv:11.0) like Gecko"
94.163.134.30 - - [11/Oct/2017:18:35:37 +0200] "POST / HTTP/1.1" 200 1229 "-" "Mozilla/5.0 (Windows NT 10.0; WOW64; Trident/7.0; rv:11.0) like Gecko"
94.163.134.30 - - [11/Oct/2017:18:37:37 +0200] "POST / HTTP/1.1" 200 1229 "-" "Mozilla/5.0 (Windows NT 10.0; WOW64; Trident/7.0; rv:11.0) like Gecko"
94.163.134.30 - - [11/Oct/2017:18:39:37 +0200] "POST / HTTP/1.1" 200 1229 "-" "Mozilla/5.0 (Windows NT 10.0; WOW64; Trident/7.0; rv:11.0) like Gecko"
94.163.134.30 - - [11/Oct/2017:18:41:37 +0200] "POST / HTTP/1.1" 200 1229 "-" "Mozilla/5.0 (Windows NT 10.0; WOW64; Trident/7.0; rv:11.0) like Gecko"
94.163.134.30 - - [11/Oct/2017:18:43:38 +0200] "POST / HTTP/1.1" 200 1229 "-" "Mozilla/5.0 (Windows NT 10.0; WOW64; Trident/7.0; rv:11.0) like Gecko"
94.163.134.30 - - [11/Oct/2017:18:45:38 +0200] "POST / HTTP/1.1" 200 1229 "-" "Mozilla/5.0 (Windows NT 10.0; WOW64; Trident/7.0; rv:11.0) like Gecko"
94.163.134.30 - - [11/Oct/2017:18:47:38 +0200] "POST / HTTP/1.1" 200 1229 "-" "Mozilla/5.0 (Windows NT 10.0; WOW64; Trident/7.0; rv:11.0) like Gecko"
94.163.134.30 - - [11/Oct/2017:18:49:38 +0200] "POST / HTTP/1.1" 200 1229 "-" "Mozilla/5.0 (Windows NT 10.0; WOW64; Trident/7.0; rv:11.0) like Gecko"
94.163.134.30 - - [11/Oct/2017:18:51:39 +0200] "POST / HTTP/1.1" 200 1229 "-" "Mozilla/5.0 (Windows NT 10.0; WOW64; Trident/7.0; rv:11.0) like Gecko"
94.163.134.30 - - [11/Oct/2017:18:53:39 +0200] "POST / HTTP/1.1" 200 1229 "-" "Mozilla/5.0 (Windows NT 10.0; WOW64; Trident/7.0; rv:11.0) like Gecko"
94.163.134.30 - - [11/Oct/2017:18:55:39 +0200] "POST / HTTP/1.1" 200 1229 "-" "Mozilla/5.0 (Windows NT 10.0; WOW64; Trident/7.0; rv:11.0) like Gecko"
94.163.134.30 - - [11/Oct/2017:18:57:39 +0200] "POST / HTTP/1.1" 200 1229 "-" "Mozilla/5.0 (Windows NT 10.0; WOW64; Trident/7.0; rv:11.0) like Gecko"
94.163.134.30 - - [11/Oct/2017:18:59:40 +0200] "POST / HTTP/1.1" 200 1229 "-" "Mozilla/5.0 (Windows NT 10.0; WOW64; Trident/7.0; rv:11.0) like Gecko"
94.163.134.30 - - [11/Oct/2017:19:01:41 +0200] "POST / HTTP/1.1" 200 1229 "-" "Mozilla/5.0 (Windows NT 10.0; WOW64; Trident/7.0; rv:11.0) like Gecko"
94.163.134.30 - - [11/Oct/2017:19:03:41 +0200] "POST / HTTP/1.1" 200 1229 "-" "Mozilla/5.0 (Windows NT 10.0; WOW64; Trident/7.0; rv:11.0) like Gecko"
173.199.123.38 - - [11/Oct/2017:19:05:23 +0200] "GET / HTTP/1.1" 200 1229 "-" "python-requests/2.18.4"
94.163.134.30 - - [11/Oct/2017:19:05:42 +0200] "POST / HTTP/1.1" 200 1229 "-" "Mozilla/5.0 (Windows NT 10.0; WOW64; Trident/7.0; rv:11.0) like Gecko"
94.163.134.30 - - [11/Oct/2017:19:07:43 +0200] "POST / HTTP/1.1" 200 1229 "-" "Mozilla/5.0 (Windows NT 10.0; WOW64; Trident/7.0; rv:11.0) like Gecko"
94.163.134.30 - - [11/Oct/2017:19:09:43 +0200] "POST / HTTP/1.1" 200 1229 "-" "Mozilla/5.0 (Windows NT 10.0; WOW64; Trident/7.0; rv:11.0) like Gecko"
94.163.134.30 - - [11/Oct/2017:19:11:43 +0200] "POST / HTTP/1.1" 200 1229 "-" "Mozilla/5.0 (Windows NT 10.0; WOW64; Trident/7.0; rv:11.0) like Gecko"
94.163.134.30 - - [11/Oct/2017:19:13:44 +0200] "POST / HTTP/1.1" 200 1229 "-" "Mozilla/5.0 (Windows NT 10.0; WOW64; Trident/7.0; rv:11.0) like Gecko"
94.163.134.30 - - [11/Oct/2017:19:15:44 +0200] "POST / HTTP/1.1" 200 1229 "-" "Mozilla/5.0 (Windows NT 10.0; WOW64; Trident/7.0; rv:11.0) like Gecko"
94.163.134.30 - - [11/Oct/2017:19:17:44 +0200] "POST / HTTP/1.1" 200 1229 "-" "Mozilla/5.0 (Windows NT 10.0; WOW64; Trident/7.0; rv:11.0) like Gecko"
176.10.212.13 - - [11/Oct/2017:19:18:42 +0200] "GET / HTTP/1.0" 200 1229 "-" "-"
94.163.134.30 - - [11/Oct/2017:19:19:44 +0200] "POST / HTTP/1.1" 200 1229 "-" "Mozilla/5.0 (Windows NT 10.0; WOW64; Trident/7.0; rv:11.0) like Gecko"
94.163.134.30 - - [11/Oct/2017:19:21:45 +0200] "POST / HTTP/1.1" 200 1229 "-" "Mozilla/5.0 (Windows NT 10.0; WOW64; Trident/7.0; rv:11.0) like Gecko"
185.84.137.114 - - [11/Oct/2017:19:44:47 +0200] "GET /index.php?m=Home&c=Index&a=login&language=zh-cn HTTP/1.1" 404 318 "-" "-"
185.84.137.114 - - [11/Oct/2017:19:44:47 +0200] "GET /index.php?m=Home&c=Index&a=login&language=zh-cn HTTP/1.1" 404 318 "-" "-"
185.84.137.114 - - [11/Oct/2017:19:44:47 +0200] "GET /index.php?m=Home&c=Index&a=login&language=zh-cn HTTP/1.1" 404 318 "-" "-"
185.84.137.114 - - [11/Oct/2017:19:44:47 +0200] "GET /index.php?m=Home&c=Index&a=login&language=zh-cn HTTP/1.1" 404 318 "-" "-"
185.84.137.114 - - [11/Oct/2017:19:44:47 +0200] "GET /index.php?m=Home&c=Index&a=login&language=zh-cn HTTP/1.1" 404 318 "-" "-"
185.84.137.114 - - [11/Oct/2017:19:44:47 +0200] "GET /index.php?m=Home&c=Index&a=login&language=zh-cn HTTP/1.1" 404 318 "-" "-"
185.84.137.114 - - [11/Oct/2017:19:44:47 +0200] "GET /index.php?m=Home&c=Index&a=login&language=zh-cn HTTP/1.1" 404 318 "-" "-"
185.84.137.114 - - [11/Oct/2017:19:44:47 +0200] "GET /index.php?m=Home&c=Index&a=login&language=zh-cn HTTP/1.1" 404 318 "-" "-"
185.84.137.114 - - [11/Oct/2017:19:44:47 +0200] "GET /index.php?m=Home&c=Index&a=login&language=zh-cn HTTP/1.1" 404 318 "-" "-"
185.84.137.114 - - [11/Oct/2017:19:44:47 +0200] "GET /index.php?m=Home&c=Index&a=login&language=zh-cn HTTP/1.1" 404 318 "-" "-"
67.21.36.3 - - [11/Oct/2017:19:59:44 +0200] "GET / HTTP/1.1" 200 1229 "-" "Mozilla/5.0 zgrab/0.x"
87.171.64.144 - - [11/Oct/2017:20:02:51 +0200] "GET / HTTP/1.1" 200 1229 "http://www.oberstufenzentrum.de/schulen/friedrich-list-schule" "Mozilla/5.0 (Windows NT 6.1; WOW64; Trident/7.0; rv:11.0) like Gecko"
87.171.64.144 - - [11/Oct/2017:20:02:51 +0200] "GET /favicon.ico HTTP/1.1" 404 331 "-" "Mozilla/5.0 (Windows NT 6.1; Win64; x64; Trident/7.0; rv:11.0) like Gecko"
104.236.90.111 - - [11/Oct/2017:20:20:23 +0200] "GET / HTTP/1.0" 200 1229 "-" "Mozilla/5.0 (compatible; NetcraftSurveyAgent/1.0; +info@netcraft.com)"
139.162.108.53 - - [11/Oct/2017:20:41:21 +0200] "GET / HTTP/1.1" 200 1229 "-" "Mozilla/5.0 (Windows NT 10.0; WOW64) AppleWebKit/537.36 (KHTML, like Gecko) Chrome/50.0.2661.102 Safari/537.36"
172.104.108.109 - - [11/Oct/2017:20:41:54 +0200] "GET / HTTP/1.1" 200 1229 "-" "Mozilla/5.0"
172.104.108.109 - - [11/Oct/2017:20:43:57 +0200] "GET / HTTP/1.1" 200 1229 "-" "Mozilla/5.0"
66.249.93.220 - - [11/Oct/2017:20:57:00 +0200] "GET / HTTP/1.1" 200 1229 "-" "Mozilla/5.0 (X11; Linux x86_64) AppleWebKit/537.36 (KHTML, like Gecko) Chrome/49.0.2623.75 Safari/537.36 Google Favicon"
66.249.93.220 - - [11/Oct/2017:20:57:00 +0200] "GET /favicon.ico HTTP/1.1" 404 331 "-" "Mozilla/5.0 (X11; Linux x86_64) AppleWebKit/537.36 (KHTML, like Gecko) Chrome/49.0.2623.75 Safari/537.36 Google Favicon"
66.249.64.15 - - [11/Oct/2017:21:10:33 +0200] "GET /robots.txt HTTP/1.1" 404 323 "-" "Mozilla/5.0 (compatible; Googlebot/2.1; +http://www.google.com/bot.html)"
66.249.64.16 - - [11/Oct/2017:21:10:33 +0200] "GET /parking.php?domain=hotelkleidung.com&keyword=webarchiv HTTP/1.1" 404 324 "-" "Mozilla/5.0 (compatible; Googlebot/2.1; +http://www.google.com/bot.html)"
141.212.122.96 - - [11/Oct/2017:21:35:16 +0200] "GET / HTTP/1.1" 200 1229 "-" "Mozilla/5.0 zgrab/0.x"
107.21.1.8 - - [11/Oct/2017:21:56:46 +0200] "GET / HTTP/1.1" 200 1229 "http://www.friedrich-list-berlin.de/" "Mozilla/5.0 (compatible; DuckDuckGo-Favicons-Bot/1.0; +http://duckduckgo.com)"
107.21.1.8 - - [11/Oct/2017:21:56:47 +0200] "GET /favicon.ico HTTP/1.1" 404 331 "http://www.friedrich-list-berlin.de/favicon.ico" "Mozilla/5.0 (compatible; DuckDuckGo-Favicons-Bot/1.0; +http://duckduckgo.com)"
67.21.36.3 - - [11/Oct/2017:22:07:23 +0200] "GET / HTTP/1.1" 200 1229 "-" "Mozilla/5.0 zgrab/0.x"
210.14.78.91 - - [11/Oct/2017:22:44:47 +0200] "GET / HTTP/1.1" 200 1229 "-" "Mozilla/5.0 zgrab/0.x"
172.104.108.109 - - [11/Oct/2017:22:47:07 +0200] "GET / HTTP/1.1" 200 1229 "-" "Mozilla/5.0"
195.62.53.168 - - [11/Oct/2017:22:53:13 +0200] "GET / HTTP/1.0" 200 1229 "-" "Mozilla/5.0 (Windows NT 6.1; Win64; x64; rv:30.N) Gecko/20110302 Firefox/30.0"
136.243.89.157 - - [11/Oct/2017:22:59:01 +0200] "GET /robots.txt HTTP/1.0" 404 330 "-" "Mozilla/5.0 (compatible; SEOkicks-Robot; +http://www.seokicks.de/robot.html)"
136.243.89.157 - - [11/Oct/2017:22:59:02 +0200] "GET / HTTP/1.0" 200 1229 "-" "Mozilla/5.0 (compatible; SEOkicks-Robot; +http://www.seokicks.de/robot.html)"
66.249.64.2 - - [11/Oct/2017:23:16:33 +0200] "GET / HTTP/1.1" 200 1229 "-" "Mozilla/5.0 (Linux; Android 6.0.1; Nexus 5X Build/MMB29P) AppleWebKit/537.36 (KHTML, like Gecko) Chrome/41.0.2272.96 Mobile Safari/537.36 (compatible; Googlebot/2.1; +http://www.google.com/bot.html)"
13.93.220.117 - - [11/Oct/2017:23:22:07 +0200] "GET / HTTP/1.1" 200 1229 "-" "Mozilla/5.0 (Macintosh; Intel Mac OS X 10_10_5) AppleWebKit/537.36 (KHTML, like Gecko) Chrome/59.0.3071.115 Safari/537.36"
83.226.254.17 - - [11/Oct/2017:23:28:04 +0200] "GET / HTTP/1.0" 200 1229 "-" "-"
83.226.254.17 - - [11/Oct/2017:23:28:17 +0200] "GET / HTTP/1.0" 200 1229 "-" "-"
156.67.106.252 - - [11/Oct/2017:23:29:21 +0200] "GET /Phpmyadmin/scripts/setup.php HTTP/1.1" 404 333 "-" "the beast"
83.226.254.17 - - [11/Oct/2017:23:31:29 +0200] "GET / HTTP/1.0" 200 1229 "-" "-"
83.226.254.17 - - [11/Oct/2017:23:31:31 +0200] "GET / HTTP/1.0" 200 1229 "-" "-"
83.226.254.17 - - [11/Oct/2017:23:31:36 +0200] "GET / HTTP/1.0" 200 1229 "-" "-"
83.226.254.17 - - [11/Oct/2017:23:32:44 +0200] "GET / HTTP/1.0" 200 1229 "-" "-"
83.226.254.17 - - [11/Oct/2017:23:33:09 +0200] "GET / HTTP/1.0" 200 1229 "-" "-"
83.226.254.17 - - [11/Oct/2017:23:34:25 +0200] "GET / HTTP/1.0" 200 1229 "-" "-"
83.226.254.17 - - [11/Oct/2017:23:34:55 +0200] "GET / HTTP/1.0" 200 1229 "-" "-"
209.90.225.219 - - [11/Oct/2017:23:48:04 +0200] "GET /modules/filesupload/upload.php HTTP/1.1" 404 343 "http://www.hotelkleidung.com/modules/filesupload/upload.php" "Mozilla/5.0 (Windows NT 6.1; WOW64) AppleWebKit/537.36 (KHTML, like Gecko) Chrome/42.0.2311.152 Safari/537.36"
164.52.0.141 - - [12/Oct/2017:00:25:28 +0200] "\x16\x03\x01\x01\"\x01" 501 326 "-" "-"
164.52.0.141 - - [12/Oct/2017:00:25:35 +0200] "USER test +iw test :Test Wuz Here" 400 329 "-" "-"
164.52.0.141 - - [12/Oct/2017:00:25:38 +0200] "GET / HTTP/1.1" 200 1229 "-" "Mozilla/5.0 (Windows NT 6.1; WOW64; rv:52.0) Gecko/20100101 Firefox/52.0"
67.21.36.3 - - [12/Oct/2017:00:33:07 +0200] "GET / HTTP/1.1" 200 1229 "-" "Mozilla/5.0 zgrab/0.x"
66.249.64.31 - - [12/Oct/2017:00:38:02 +0200] "GET / HTTP/1.1" 200 1229 "-" "Mozilla/5.0 (compatible; Googlebot/2.1; +http://www.google.com/bot.html)"
195.62.53.168 - - [12/Oct/2017:00:52:29 +0200] "GET / HTTP/1.0" 200 1229 "-" "Mozilla/5.0 (Windows NT 6.1; Win64; x64; rv:30.N) Gecko/20110302 Firefox/30.0"
113.120.9.232 - - [12/Oct/2017:01:20:30 +0200] "GET / HTTP/1.0" 200 1229 "-" "-"
104.236.176.170 - - [12/Oct/2017:01:20:45 +0200] "GET / HTTP/1.1" 200 1229 "-" "Mozilla/5.0 zgrab/0.x"
104.236.176.170 - - [12/Oct/2017:01:25:33 +0200] "GET / HTTP/1.1" 200 1229 "-" "Mozilla/5.0 zgrab/0.x"
104.236.176.170 - - [12/Oct/2017:01:27:15 +0200] "GET / HTTP/1.1" 200 1229 "-" "Mozilla/5.0 zgrab/0.x"
104.236.176.170 - - [12/Oct/2017:01:28:30 +0200] "GET / HTTP/1.1" 200 1229 "-" "Mozilla/5.0 zgrab/0.x"
104.236.176.170 - - [12/Oct/2017:01:30:42 +0200] "GET / HTTP/1.1" 200 1229 "-" "Mozilla/5.0 zgrab/0.x"
67.21.36.3 - - [12/Oct/2017:01:32:28 +0200] "GET / HTTP/1.1" 200 1229 "-" "Mozilla/5.0 zgrab/0.x"
112.115.192.163 - - [12/Oct/2017:01:44:06 +0200] "GET / HTTP/1.0" 200 1229 "-" "-"
66.249.64.2 - - [12/Oct/2017:02:05:23 +0200] "GET / HTTP/1.1" 200 1229 "-" "Mozilla/5.0 (compatible; Googlebot/2.1; +http://www.google.com/bot.html)"
141.212.122.96 - - [12/Oct/2017:02:08:55 +0200] "GET / HTTP/1.1" 200 1229 "-" "Mozilla/5.0 zgrab/0.x"
66.249.64.4 - - [12/Oct/2017:02:25:56 +0200] "GET / HTTP/1.1" 200 1229 "-" "Mozilla/5.0 (Linux; Android 6.0.1; Nexus 5X Build/MMB29P) AppleWebKit/537.36 (KHTML, like Gecko) Chrome/41.0.2272.96 Mobile Safari/537.36 (compatible; Googlebot/2.1; +http://www.google.com/bot.html)"
147.135.135.127 - - [12/Oct/2017:03:57:15 +0200] "GET / HTTP/1.1" 200 1229 "-" "Mozilla/5.0 (Windows NT 6.1) AppleWebKit/537.36 (KHTML, like Gecko) Chrome/47.0.2526.73 Safari/537.36"
67.21.36.3 - - [12/Oct/2017:04:34:18 +0200] "GET / HTTP/1.1" 200 1229 "-" "Mozilla/5.0 zgrab/0.x"
104.131.180.185 - - [12/Oct/2017:05:12:28 +0200] "HEAD /spicons/apache_pb.gif HTTP/1.0" 404 - "-" "Mozilla/5.0 (compatible; NetcraftSurveyAgent/1.0; +info@netcraft.com)"
66.249.64.31 - - [12/Oct/2017:05:59:37 +0200] "GET /robots.txt HTTP/1.1" 404 330 "-" "Mozilla/5.0 (compatible; Googlebot/2.1; +http://www.google.com/bot.html)"
66.249.64.4 - - [12/Oct/2017:05:59:38 +0200] "GET / HTTP/1.1" 200 1229 "-" "Mozilla/5.0 (Linux; Android 6.0.1; Nexus 5X Build/MMB29P) AppleWebKit/537.36 (KHTML, like Gecko) Chrome/41.0.2272.96 Mobile Safari/537.36 (compatible; Googlebot/2.1; +http://www.google.com/bot.html)"
185.84.137.56 - - [12/Oct/2017:06:02:25 +0200] "HEAD /Public/home/images/cm11.png HTTP/1.1" 404 - "-" "-"
141.212.122.96 - - [12/Oct/2017:06:48:16 +0200] "GET / HTTP/1.1" 200 1229 "-" "Mozilla/5.0 zgrab/0.x"
58.19.58.203 - - [12/Oct/2017:07:51:16 +0200] "GET /currentsetting.htm HTTP/1.1" 404 323 "-" "-"
66.249.64.2 - - [12/Oct/2017:08:13:02 +0200] "GET / HTTP/1.1" 200 1229 "-" "Mozilla/5.0 (Linux; Android 6.0.1; Nexus 5X Build/MMB29P) AppleWebKit/537.36 (KHTML, like Gecko) Chrome/41.0.2272.96 Mobile Safari/537.36 (compatible; Googlebot/2.1; +http://www.google.com/bot.html)"
141.212.122.96 - - [12/Oct/2017:08:17:25 +0200] "GET / HTTP/1.1" 200 1229 "-" "Mozilla/5.0 zgrab/0.x"
51.15.56.119 - - [12/Oct/2017:08:28:03 +0200] "GET /robots.txt HTTP/1.1" 404 328 "-" "Mozilla/5.0 (Windows NT 6.1; WOW64; rv:55.0) Gecko/20100101 Firefox/55.0"
185.142.170.108 - - [12/Oct/2017:08:40:57 +0200] "GET / HTTP/1.0" 200 1229 "-" "-"
66.249.64.31 - - [12/Oct/2017:08:43:50 +0200] "GET / HTTP/1.1" 200 1229 "-" "Mozilla/5.0 (compatible; Googlebot/2.1; +http://www.google.com/bot.html)"
121.170.3.116 - - [12/Oct/2017:08:45:41 +0200] "POST /command.php HTTP/1.1" 404 316 "-" "-"
121.170.3.116 - - [12/Oct/2017:08:45:57 +0200] "GET /system.ini?loginuse&loginpas HTTP/1.1" 404 315 "-" "-"
121.170.3.116 - - [12/Oct/2017:08:45:58 +0200] "GET /upgrade_handle.php?cmd=writeuploaddir&uploaddir=%27;echo+nuuo123456;%27 HTTP/1.1" 404 323 "-" "-"
121.170.3.116 - - [12/Oct/2017:08:46:13 +0200] "GET /board.cgi?cmd=cat%20/etc/passwd HTTP/1.1" 404 314 "-" "-"
121.170.3.116 - - [12/Oct/2017:08:46:29 +0200] "POST /hedwig.cgi HTTP/1.1" 404 315 "-" "-"
121.170.3.116 - - [12/Oct/2017:08:46:30 +0200] "POST /apply.cgi HTTP/1.1" 404 314 "-" "-"
121.170.3.116 - - [12/Oct/2017:08:46:45 +0200] "GET /setup.cgi?next_file=netgear.cfg&todo=syscmd&curpath=/¤tsetting.htm=1&cmd=echo+dgn123456 HTTP/1.1" 404 314 "-" "-"
121.170.3.116 - - [12/Oct/2017:08:47:01 +0200] "GET /shell?echo+jaws123456 HTTP/1.1" 404 310 "-" "-"
195.52.218.26 - - [12/Oct/2017:09:14:14 +0200] "GET / HTTP/1.1" 200 1229 "http://www.oberstufenzentrum.de/schulen/friedrich-list-schule-ehemals-osz-buerowirtschaft-ii" "Mozilla/5.0 (Windows NT 6.1; WOW64; rv:56.0) Gecko/20100101 Firefox/56.0"
195.52.218.26 - - [12/Oct/2017:09:14:15 +0200] "GET /favicon.ico HTTP/1.1" 404 331 "-" "Mozilla/5.0 (Windows NT 6.1; WOW64; rv:56.0) Gecko/20100101 Firefox/56.0"
195.52.218.26 - - [12/Oct/2017:09:14:15 +0200] "GET /favicon.ico HTTP/1.1" 404 331 "-" "Mozilla/5.0 (Windows NT 6.1; WOW64; rv:56.0) Gecko/20100101 Firefox/56.0"
66.249.64.2 - - [12/Oct/2017:09:39:31 +0200] "GET / HTTP/1.1" 200 1229 "-" "Mozilla/5.0 (Linux; Android 6.0.1; Nexus 5X Build/MMB29P) AppleWebKit/537.36 (KHTML, like Gecko) Chrome/41.0.2272.96 Mobile Safari/537.36 (compatible; Googlebot/2.1; +http://www.google.com/bot.html)"
93.218.132.216 - - [12/Oct/2017:09:39:38 +0200] "GET / HTTP/1.1" 200 1229 "http://m.oberstufenzentrum.de/schulen/friedrich-list-schule-ehemals-osz-buerowirtschaft-ii" "Mozilla/5.0 (Linux; Android 7.0; HUAWEI CAN-L11 Build/HUAWEICAN-L11) AppleWebKit/537.36 (KHTML, like Gecko) Chrome/61.0.3163.98 Mobile Safari/537.36"
93.218.132.216 - - [12/Oct/2017:09:39:38 +0200] "GET /favicon.ico HTTP/1.1" 404 331 "http://www.friedrich-list-berlin.de/" "Mozilla/5.0 (Linux; Android 7.0; HUAWEI CAN-L11 Build/HUAWEICAN-L11) AppleWebKit/537.36 (KHTML, like Gecko) Chrome/61.0.3163.98 Mobile Safari/537.36"
93.218.132.216 - - [12/Oct/2017:09:39:51 +0200] "GET / HTTP/1.1" 304 - "-" "Mozilla/5.0 (Linux; Android 7.0; HUAWEI CAN-L11 Build/HUAWEICAN-L11) AppleWebKit/537.36 (KHTML, like Gecko) Chrome/61.0.3163.98 Mobile Safari/537.36"
51.15.56.119 - - [12/Oct/2017:09:41:43 +0200] "GET /robots.txt HTTP/1.1" 404 334 "-" "Mozilla/5.0 (Windows NT 6.1; WOW64; rv:55.0) Gecko/20100101 Firefox/55.0"
66.249.64.4 - - [12/Oct/2017:09:49:37 +0200] "GET / HTTP/1.1" 200 1229 "-" "Mozilla/5.0 (compatible; Googlebot/2.1; +http://www.google.com/bot.html)"
185.84.137.167 - - [12/Oct/2017:09:50:28 +0200] "HEAD /Public/home/images/cm11.png HTTP/1.1" 404 - "-" "-"
185.84.137.56 - - [12/Oct/2017:09:55:15 +0200] "HEAD /Public/home/images/cm11.png HTTP/1.1" 404 - "-" "-"
185.84.137.114 - - [12/Oct/2017:09:56:43 +0200] "HEAD /Public/home/images/cm11.png HTTP/1.1" 404 - "-" "-"
67.21.36.3 - - [12/Oct/2017:10:00:21 +0200] "GET / HTTP/1.1" 200 1229 "-" "Mozilla/5.0 zgrab/0.x"
185.84.137.167 - - [12/Oct/2017:10:25:52 +0200] "HEAD /Public/home/images/cm11.png HTTP/1.1" 404 - "-" "-"
95.91.240.154 - - [12/Oct/2017:10:40:08 +0200] "GET / HTTP/1.1" 200 1229 "http://m.oberstufenzentrum.de/category/berufsfelder/wirtschaft" "Mozilla/5.0 (Linux; Android 7.0; SAMSUNG SM-G920F/G920FXXU5EQBG Build/NRD90M) AppleWebKit/537.36 (KHTML, like Gecko) SamsungBrowser/5.4 Chrome/51.0.2704.106 Mobile Safari/537.36"
95.91.240.154 - - [12/Oct/2017:10:40:09 +0200] "GET /favicon.ico HTTP/1.1" 404 331 "http://www.friedrich-list-berlin.de/" "Mozilla/5.0 (Linux; Android 7.0; SAMSUNG SM-G920F/G920FXXU5EQBG Build/NRD90M) AppleWebKit/537.36 (KHTML, like Gecko) SamsungBrowser/5.4 Chrome/51.0.2704.106 Mobile Safari/537.36"
168.1.128.54 - - [12/Oct/2017:10:43:10 +0200] "GET / HTTP/1.0" 200 1229 "-" "Mozilla/5.0 (Windows NT 6.1; rv:31.0) Gecko/20100101 Firefox/31.0"
194.187.171.8 - - [12/Oct/2017:10:43:45 +0200] "GET /favicon.ico HTTP/1.1" 404 331 "https://www.qwant.com/" "Qwantify/1.0"
194.187.171.208 - - [12/Oct/2017:10:43:45 +0200] "GET / HTTP/1.1" 200 1229 "https://www.qwant.com/" "Qwantify/1.0"
79.193.208.204 - - [12/Oct/2017:10:47:01 +0200] "GET / HTTP/1.1" 200 1229 "http://www.oberstufenzentrum.de/schulen/friedrich-list-schule-ehemals-osz-buerowirtschaft-ii" "Mozilla/5.0 (Windows NT 5.1; rv:52.0) Gecko/20100101 Firefox/52.0"
79.193.208.204 - - [12/Oct/2017:10:47:01 +0200] "GET /favicon.ico HTTP/1.1" 404 331 "-" "Mozilla/5.0 (Windows NT 5.1; rv:52.0) Gecko/20100101 Firefox/52.0"
79.193.208.204 - - [12/Oct/2017:10:47:02 +0200] "GET /favicon.ico HTTP/1.1" 404 331 "-" "Mozilla/5.0 (Windows NT 5.1; rv:52.0) Gecko/20100101 Firefox/52.0"
67.21.36.3 - - [12/Oct/2017:10:49:04 +0200] "GET / HTTP/1.1" 200 1229 "-" "Mozilla/5.0 zgrab/0.x"
172.104.108.109 - - [12/Oct/2017:10:52:38 +0200] "GET / HTTP/1.1" 200 1229 "-" "Mozilla/5.0"
172.104.108.109 - - [12/Oct/2017:10:57:35 +0200] "GET / HTTP/1.1" 200 1229 "-" "Mozilla/5.0"
155.94.88.58 - - [12/Oct/2017:11:05:33 +0200] "GET / HTTP/1.0" 200 1229 "-" "sysscan/1.0 (https://github.com/robertdavidgraham/sysscan)"
155.94.88.58 - - [12/Oct/2017:11:05:45 +0200] "GET / HTTP/1.0" 200 1229 "-" "sysscan/1.0 (https://github.com/robertdavidgraham/sysscan)"
139.162.108.53 - - [12/Oct/2017:11:12:18 +0200] "GET / HTTP/1.1" 200 1229 "-" "Mozilla/5.0 (Windows NT 10.0; WOW64) AppleWebKit/537.36 (KHTML, like Gecko) Chrome/50.0.2661.102 Safari/537.36"
185.84.137.167 - - [12/Oct/2017:11:14:45 +0200] "HEAD /Public/home/images/cm11.png HTTP/1.1" 404 - "-" "-"
66.249.64.2 - - [12/Oct/2017:11:15:47 +0200] "GET / HTTP/1.1" 200 1229 "-" "Mozilla/5.0 (Linux; Android 6.0.1; Nexus 5X Build/MMB29P) AppleWebKit/537.36 (KHTML, like Gecko) Chrome/41.0.2272.96 Mobile Safari/537.36 (compatible; Googlebot/2.1; +http://www.google.com/bot.html)"
155.94.88.58 - - [12/Oct/2017:11:20:35 +0200] "GET / HTTP/1.0" 200 1229 "-" "sysscan/1.0 (https://github.com/robertdavidgraham/sysscan)"
66.249.64.4 - - [12/Oct/2017:11:26:02 +0200] "GET / HTTP/1.1" 200 1229 "-" "Mozilla/5.0 (compatible; Googlebot/2.1; +http://www.google.com/bot.html)"
172.104.108.109 - - [12/Oct/2017:11:49:13 +0200] "GET / HTTP/1.1" 200 1229 "-" "Mozilla/5.0"
35.163.242.145 - - [12/Oct/2017:12:02:50 +0200] "GET / HTTP/1.1" 200 1229 "-" "Mozilla/4.0 (compatible; MSIE 8.0; Windows NT 5.1; Trident/4.0; MathPlayer 2.10d; FDM; .NET CLR 2.0.50727; .NET CLR 3.0.04506.648; .NET CLR 3.5.21022; .NET CLR 1.1.4322)"
185.110.132.239 - - [12/Oct/2017:12:07:42 +0200] "GET / HTTP/1.1" 200 1229 "-" "Scanbot"
155.94.88.58 - - [12/Oct/2017:12:11:32 +0200] "GET / HTTP/1.0" 200 1229 "-" "sysscan/1.0 (https://github.com/robertdavidgraham/sysscan)"
155.94.88.58 - - [12/Oct/2017:12:11:41 +0200] "GET / HTTP/1.0" 200 1229 "-" "sysscan/1.0 (https://github.com/robertdavidgraham/sysscan)"
155.94.88.58 - - [12/Oct/2017:12:11:54 +0200] "GET / HTTP/1.0" 200 1229 "-" "sysscan/1.0 (https://github.com/robertdavidgraham/sysscan)"
155.94.88.58 - - [12/Oct/2017:12:12:08 +0200] "GET / HTTP/1.0" 200 1229 "-" "sysscan/1.0 (https://github.com/robertdavidgraham/sysscan)"
185.110.132.239 - - [12/Oct/2017:12:13:39 +0200] "GET / HTTP/1.1" 200 1229 "-" "Scanbot"
185.84.137.114 - - [12/Oct/2017:12:31:17 +0200] "HEAD /Public/home/images/cm11.png HTTP/1.1" 404 - "-" "-"
66.249.64.4 - - [12/Oct/2017:12:37:34 +0200] "GET / HTTP/1.1" 200 1229 "-" "Mozilla/5.0 (Linux; Android 6.0.1; Nexus 5X Build/MMB29P) AppleWebKit/537.36 (KHTML, like Gecko) Chrome/41.0.2272.96 Mobile Safari/537.36 (compatible; Googlebot/2.1; +http://www.google.com/bot.html)"
66.249.64.4 - - [12/Oct/2017:12:52:11 +0200] "GET /favicon.ico HTTP/1.1" 404 331 "-" "Googlebot-Image/1.0"
103.78.132.3 - - [12/Oct/2017:12:55:48 +0200] "GET / HTTP/1.1" 200 1229 "-" "Mozilla/5.0 zgrab/0.x"
185.84.137.114 - - [12/Oct/2017:12:59:34 +0200] "HEAD /Public/home/images/cm11.png HTTP/1.1" 404 - "-" "-"
185.110.132.239 - - [12/Oct/2017:13:05:12 +0200] "GET / HTTP/1.1" 200 1229 "-" "Scanbot"
185.110.132.239 - - [12/Oct/2017:13:14:20 +0200] "GET / HTTP/1.1" 200 1229 "-" "Scanbot"
66.249.64.4 - - [12/Oct/2017:13:23:12 +0200] "GET / HTTP/1.1" 200 1229 "-" "Mozilla/5.0 (compatible; Googlebot/2.1; +http://www.google.com/bot.html)"
155.94.88.58 - - [12/Oct/2017:13:24:05 +0200] "GET / HTTP/1.0" 200 1229 "-" "sysscan/1.0 (https://github.com/robertdavidgraham/sysscan)"
155.94.88.58 - - [12/Oct/2017:13:24:10 +0200] "GET / HTTP/1.0" 200 1229 "-" "sysscan/1.0 (https://github.com/robertdavidgraham/sysscan)"
155.94.88.58 - - [12/Oct/2017:13:24:24 +0200] "GET / HTTP/1.0" 200 1229 "-" "sysscan/1.0 (https://github.com/robertdavidgraham/sysscan)"
185.110.132.239 - - [12/Oct/2017:13:27:56 +0200] "GET / HTTP/1.1" 200 1229 "-" "Scanbot"
185.84.137.56 - - [12/Oct/2017:13:30:43 +0200] "HEAD /Public/home/images/cm11.png HTTP/1.1" 404 - "-" "-"
185.110.132.239 - - [12/Oct/2017:13:36:31 +0200] "GET / HTTP/1.1" 200 1229 "-" "Scanbot"
185.110.132.239 - - [12/Oct/2017:13:42:14 +0200] "GET / HTTP/1.1" 200 1229 "-" "Scanbot"
185.110.132.239 - - [12/Oct/2017:13:45:17 +0200] "GET / HTTP/1.1" 200 1229 "-" "Scanbot"
67.21.36.3 - - [12/Oct/2017:13:46:59 +0200] "GET / HTTP/1.1" 200 1229 "-" "Mozilla/5.0 zgrab/0.x"
185.84.137.114 - - [12/Oct/2017:13:55:19 +0200] "HEAD /Public/home/images/cm11.png HTTP/1.1" 404 - "-" "-"
185.110.132.239 - - [12/Oct/2017:14:01:53 +0200] "GET / HTTP/1.1" 200 1229 "-" "Scanbot"
185.110.132.239 - - [12/Oct/2017:14:18:14 +0200] "GET / HTTP/1.1" 200 1229 "-" "Scanbot"
101.236.44.127 - - [12/Oct/2017:14:37:11 +0200] "GET / HTTP/1.1" 200 1229 "-" "Mozilla/5.0 (Windows NT 6.2; WOW64) AppleWebKit/537.36 (KHTML, like Gecko) Chrome/27.0.1453.94 Safari/537.36"
123.202.143.71 - - [12/Oct/2017:14:48:34 +0200] "GET / HTTP/1.1" 200 1229 "-" "-"
123.202.143.71 - - [12/Oct/2017:14:48:35 +0200] "POST /command.php HTTP/1.1" 404 316 "-" "-"
123.202.143.71 - - [12/Oct/2017:14:48:50 +0200] "GET /system.ini?loginuse&loginpas HTTP/1.1" 404 315 "-" "-"
123.202.143.71 - - [12/Oct/2017:14:48:51 +0200] "GET /upgrade_handle.php?cmd=writeuploaddir&uploaddir=%27;echo+nuuo123456;%27 HTTP/1.1" 404 323 "-" "-"
123.202.143.71 - - [12/Oct/2017:14:49:06 +0200] "GET /board.cgi?cmd=cat%20/etc/passwd HTTP/1.1" 404 314 "-" "-"
123.202.143.71 - - [12/Oct/2017:14:49:22 +0200] "POST /hedwig.cgi HTTP/1.1" 404 315 "-" "-"
123.202.143.71 - - [12/Oct/2017:14:49:23 +0200] "POST /apply.cgi HTTP/1.1" 404 314 "-" "-"
123.202.143.71 - - [12/Oct/2017:14:49:39 +0200] "GET /setup.cgi?next_file=netgear.cfg&todo=syscmd&curpath=/¤tsetting.htm=1&cmd=echo+dgn123456 HTTP/1.1" 404 314 "-" "-"
123.202.143.71 - - [12/Oct/2017:14:49:54 +0200] "GET /shell?echo+jaws123456 HTTP/1.1" 404 310 "-" "-"
66.249.64.2 - - [12/Oct/2017:14:50:01 +0200] "GET / HTTP/1.1" 200 1229 "-" "Mozilla/5.0 (compatible; Googlebot/2.1; +http://www.google.com/bot.html)"
101.236.41.223 - - [12/Oct/2017:14:55:56 +0200] "GET / HTTP/1.1" 200 1229 "-" "Mozilla/5.0 (Windows NT 6.2; WOW64) AppleWebKit/537.36 (KHTML, like Gecko) Chrome/27.0.1453.94 Safari/537.36"
189.122.0.61 - - [12/Oct/2017:15:00:06 +0200] "GET /cgi/common.cgi HTTP/1.1" 404 319 "-" "Wget(linux)"
189.7.197.149 - - [12/Oct/2017:15:00:06 +0200] "GET /cgi/common.cgi HTTP/1.1" 404 319 "-" "Wget(linux)"
189.122.0.61 - - [12/Oct/2017:15:00:06 +0200] "GET /cgi/common.cgi HTTP/1.1" 404 319 "-" "Wget(linux)"
191.188.66.27 - - [12/Oct/2017:15:00:06 +0200] "GET /cgi/common.cgi HTTP/1.1" 404 319 "-" "Wget(linux)"
189.7.197.149 - - [12/Oct/2017:15:00:06 +0200] "GET /cgi/common.cgi HTTP/1.1" 404 319 "-" "Wget(linux)"
191.188.66.27 - - [12/Oct/2017:15:00:06 +0200] "GET /cgi/common.cgi HTTP/1.1" 404 319 "-" "Wget(linux)"
189.7.197.149 - - [12/Oct/2017:15:00:06 +0200] "GET /cgi/common.cgi HTTP/1.1" 404 319 "-" "Wget(linux)"
191.188.66.27 - - [12/Oct/2017:15:00:06 +0200] "GET /cgi/common.cgi HTTP/1.1" 404 319 "-" "Wget(linux)"
191.188.66.27 - - [12/Oct/2017:15:00:06 +0200] "GET /cgi/common.cgi HTTP/1.1" 404 319 "-" "Wget(linux)"
191.188.66.27 - - [12/Oct/2017:15:00:06 +0200] "GET /cgi/common.cgi HTTP/1.1" 404 319 "-" "Wget(linux)"
189.122.0.61 - - [12/Oct/2017:15:00:09 +0200] "GET /stssys.htm HTTP/1.1" 404 315 "-" "Wget(linux)"
189.7.197.149 - - [12/Oct/2017:15:00:09 +0200] "GET /stssys.htm HTTP/1.1" 404 315 "-" "Wget(linux)"
189.122.0.61 - - [12/Oct/2017:15:00:09 +0200] "GET /stssys.htm HTTP/1.1" 404 315 "-" "Wget(linux)"
191.188.66.27 - - [12/Oct/2017:15:00:09 +0200] "GET /stssys.htm HTTP/1.1" 404 315 "-" "Wget(linux)"
189.7.197.149 - - [12/Oct/2017:15:00:09 +0200] "GET /stssys.htm HTTP/1.1" 404 315 "-" "Wget(linux)"
191.188.66.27 - - [12/Oct/2017:15:00:09 +0200] "GET /stssys.htm HTTP/1.1" 404 315 "-" "Wget(linux)"
191.188.66.27 - - [12/Oct/2017:15:00:09 +0200] "GET /stssys.htm HTTP/1.1" 404 315 "-" "Wget(linux)"
189.7.197.149 - - [12/Oct/2017:15:00:09 +0200] "GET /stssys.htm HTTP/1.1" 404 315 "-" "Wget(linux)"
191.188.66.27 - - [12/Oct/2017:15:00:09 +0200] "GET /stssys.htm HTTP/1.1" 404 315 "-" "Wget(linux)"
191.188.66.27 - - [12/Oct/2017:15:00:09 +0200] "GET /stssys.htm HTTP/1.1" 404 315 "-" "Wget(linux)"
189.122.0.61 - - [12/Oct/2017:15:00:12 +0200] "GET / HTTP/1.1" 200 1229 "-" "Wget(linux)"
189.7.197.149 - - [12/Oct/2017:15:00:12 +0200] "GET / HTTP/1.1" 200 1229 "-" "Wget(linux)"
189.122.0.61 - - [12/Oct/2017:15:00:12 +0200] "GET / HTTP/1.1" 200 1229 "-" "Wget(linux)"
191.188.66.27 - - [12/Oct/2017:15:00:12 +0200] "GET / HTTP/1.1" 200 1229 "-" "Wget(linux)"
189.7.197.149 - - [12/Oct/2017:15:00:12 +0200] "GET / HTTP/1.1" 200 1229 "-" "Wget(linux)"
191.188.66.27 - - [12/Oct/2017:15:00:12 +0200] "GET / HTTP/1.1" 200 1229 "-" "Wget(linux)"
189.7.197.149 - - [12/Oct/2017:15:00:12 +0200] "GET / HTTP/1.1" 200 1229 "-" "Wget(linux)"
191.188.66.27 - - [12/Oct/2017:15:00:12 +0200] "GET / HTTP/1.1" 200 1229 "-" "Wget(linux)"
191.188.66.27 - - [12/Oct/2017:15:00:12 +0200] "GET / HTTP/1.1" 200 1229 "-" "Wget(linux)"
191.188.66.27 - - [12/Oct/2017:15:00:12 +0200] "GET / HTTP/1.1" 200 1229 "-" "Wget(linux)"
189.7.197.149 - - [12/Oct/2017:15:00:15 +0200] "POST /command.php HTTP/1.1" 404 316 "-" "Wget(linux)"
