103.13.99.88 - - [12/Jun/2013:01:31:02 +0200] "HEAD / HTTP/1.0" 200 - "-" "-"
103.13.99.88 - - [12/Jun/2013:01:31:02 +0200] "HEAD / HTTP/1.0" 200 - "-" "-"
103.13.99.88 - - [12/Jun/2013:01:31:02 +0200] "HEAD / HTTP/1.0" 200 - "-" "-"
103.13.99.88 - - [12/Jun/2013:01:31:02 +0200] "HEAD / HTTP/1.0" 200 - "-" "-"
103.13.99.88 - - [12/Jun/2013:01:31:02 +0200] "HEAD / HTTP/1.0" 200 - "-" "-"
103.13.99.88 - - [12/Jun/2013:01:31:02 +0200] "HEAD / HTTP/1.0" 200 - "-" "-"
178.77.126.55 - - [12/Jun/2013:02:15:09 +0200] "GET /robots.txt HTTP/1.1" 404 320 "-" "Mozilla/5.0 (compatible; CareerBot/1.1; +http://www.career-x.de/bot.html)"
178.77.126.55 - - [12/Jun/2013:02:15:09 +0200] "GET / HTTP/1.1" 200 1229 "-" "Mozilla/5.0 (compatible; CareerBot/1.1; +http://www.career-x.de/bot.html)"
157.56.92.176 - - [12/Jun/2013:02:49:39 +0200] "GET /robots.txt HTTP/1.1" 404 322 "-" "Mozilla/5.0 (compatible; bingbot/2.0; +http://www.bing.com/bingbot.htm)"
157.56.92.176 - - [12/Jun/2013:02:50:30 +0200] "GET /fotoshow/fotoshow.htm HTTP/1.1" 404 333 "-" "Mozilla/5.0 (compatible; bingbot/2.0; +http://www.bing.com/bingbot.htm)"
217.225.184.54 - - [12/Jun/2013:04:18:12 +0200] "GET / HTTP/1.1" 200 1229 "http://www.bigfinder.de/online-11.html" "Mozilla/5.0 (Windows NT 6.1; WOW64; rv:19.0) Gecko/20100101 Firefox/19.0"
216.240.136.96 - - [12/Jun/2013:04:31:33 +0200] "GET / HTTP/1.1" 200 1229 "-" "Mozilla/5.0 (Windows; U; Windows NT 6.0; en-US; rv:1.9.1.2) Gecko/20090729 Firefox/3.5.2 (.NET CLR 3.5.30729)"
176.10.35.241 - - [12/Jun/2013:04:33:10 +0200] "GET / HTTP/1.1" 200 1229 "-" "-"
176.10.35.241 - - [12/Jun/2013:04:33:10 +0200] "GET /robots.txt HTTP/1.1" 404 315 "-" "-"
199.30.228.154 - - [12/Jun/2013:05:41:55 +0200] "GET / HTTP/1.1" 200 1229 "-" "Mozilla/4.0 (compatible; MSIE 7.0; Windows NT 5.1; Trident/4.0)"
157.55.33.44 - - [12/Jun/2013:06:10:30 +0200] "GET /robots.txt HTTP/1.1" 404 322 "-" "Mozilla/5.0 (compatible; bingbot/2.0; +http://www.bing.com/bingbot.htm)"
157.55.33.44 - - [12/Jun/2013:06:11:28 +0200] "GET /leistungen.htm HTTP/1.1" 404 326 "-" "Mozilla/5.0 (compatible; bingbot/2.0; +http://www.bing.com/bingbot.htm)"
198.20.69.74 - - [12/Jun/2013:08:24:28 +0200] "GET / HTTP/1.1" 200 1229 "-" "-"
198.20.69.74 - - [12/Jun/2013:08:24:29 +0200] "GET /robots.txt HTTP/1.1" 404 315 "-" "-"
157.56.229.88 - - [12/Jun/2013:10:07:29 +0200] "GET /robots.txt HTTP/1.1" 404 320 "-" "Mozilla/5.0 (compatible; bingbot/2.0; +http://www.bing.com/bingbot.htm)"
157.56.229.88 - - [12/Jun/2013:10:07:59 +0200] "GET / HTTP/1.1" 200 1229 "-" "Mozilla/5.0 (compatible; bingbot/2.0; +http://www.bing.com/bingbot.htm)"
157.56.92.159 - - [12/Jun/2013:10:25:54 +0200] "GET /robots.txt HTTP/1.1" 404 322 "-" "Mozilla/5.0 (compatible; bingbot/2.0; +http://www.bing.com/bingbot.htm)"
157.56.92.159 - - [12/Jun/2013:10:29:47 +0200] "GET / HTTP/1.1" 200 1229 "-" "Mozilla/5.0 (compatible; bingbot/2.0; +http://www.bing.com/bingbot.htm)"
211.154.142.174 - - [12/Jun/2013:14:32:40 +0200] "GET /phppath/php HTTP/1.0" 404 312 "-" "-"
211.154.142.174 - - [12/Jun/2013:14:32:40 +0200] "GET /phppath/php HTTP/1.0" 404 312 "-" "-"
211.154.142.174 - - [12/Jun/2013:14:32:40 +0200] "GET /phppath/php HTTP/1.0" 404 312 "-" "-"
211.154.142.174 - - [12/Jun/2013:14:32:40 +0200] "GET /phppath/php HTTP/1.0" 404 312 "-" "-"
211.154.142.174 - - [12/Jun/2013:14:32:40 +0200] "GET /phppath/php HTTP/1.0" 404 312 "-" "-"
211.154.142.174 - - [12/Jun/2013:14:32:40 +0200] "GET /phppath/php HTTP/1.0" 404 312 "-" "-"
211.154.142.174 - - [12/Jun/2013:14:32:40 +0200] "GET /phppath/php HTTP/1.0" 404 312 "-" "-"
211.154.142.174 - - [12/Jun/2013:14:32:40 +0200] "GET /phppath/php HTTP/1.0" 404 312 "-" "-"
211.154.142.174 - - [12/Jun/2013:14:32:41 +0200] "GET /phppath/php HTTP/1.0" 404 312 "-" "-"
211.154.142.174 - - [12/Jun/2013:14:32:41 +0200] "GET /phppath/php HTTP/1.0" 404 312 "-" "-"
178.255.215.64 - - [12/Jun/2013:14:47:25 +0200] "GET /robots.txt HTTP/1.1" 404 322 "-" "Mozilla/5.0 (compatible; Exabot/3.0; +http://www.exabot.com/go/robot)"
178.255.215.64 - - [12/Jun/2013:14:47:25 +0200] "GET / HTTP/1.1" 304 - "-" "Mozilla/5.0 (compatible; Exabot/3.0; +http://www.exabot.com/go/robot)"
46.229.164.101 - - [12/Jun/2013:15:23:00 +0200] "GET / HTTP/1.1" 200 1229 "-" "Mozilla/5.0 (compatible; SemrushBot/0.96.3; +http://www.semrush.com/bot.html)"
79.197.201.225 - - [12/Jun/2013:15:50:10 +0200] "GET / HTTP/1.1" 200 1229 "-" "Mozilla/5.0 (Windows NT 6.1) AppleWebKit/537.36 (KHTML, like Gecko) Chrome/27.0.1453.110 Safari/537.36"
79.197.201.225 - - [12/Jun/2013:15:50:10 +0200] "GET /favicon.ico HTTP/1.1" 404 321 "-" "Mozilla/5.0 (Windows NT 6.1) AppleWebKit/537.36 (KHTML, like Gecko) Chrome/27.0.1453.110 Safari/537.36"
94.23.45.14 - - [12/Jun/2013:16:38:40 +0200] "HEAD / HTTP/1.0" 200 - "-" "-"
46.229.164.102 - - [12/Jun/2013:17:11:38 +0200] "GET / HTTP/1.1" 200 1229 "-" "Mozilla/5.0 (compatible; SemrushBot/0.96.3; +http://www.semrush.com/bot.html)"
94.102.51.246 - - [12/Jun/2013:18:33:02 +0200] "GET http://24x7-allrequestsallowed.com/?PHPSESSID=7jy745aa00143SSQJ_W_EFBF%5C%40 HTTP/1.1" 200 1229 "-" "Mozilla/5.0 (Windows NT 6.1; rv:16.0) Gecko/20100101 Firefox/16.0"
5.9.125.26 - - [12/Jun/2013:18:36:06 +0200] "GET /robots.txt HTTP/1.1" 404 333 "-" "Mozilla/5.0 (compatible; SISTRIX Crawler; http://crawler.sistrix.net/)"
5.9.125.26 - - [12/Jun/2013:18:36:06 +0200] "GET / HTTP/1.1" 206 1229 "-" "Mozilla/5.0 (compatible; SISTRIX Crawler; http://crawler.sistrix.net/)"
173.45.237.135 - - [12/Jun/2013:19:09:32 +0200] "HEAD / HTTP/1.0" 200 - "-" "-"
173.45.237.135 - - [12/Jun/2013:19:09:32 +0200] "HEAD / HTTP/1.0" 200 - "-" "-"
173.45.237.135 - - [12/Jun/2013:19:09:32 +0200] "HEAD / HTTP/1.0" 200 - "-" "-"
173.45.237.135 - - [12/Jun/2013:19:09:32 +0200] "HEAD / HTTP/1.0" 200 - "-" "-"
173.45.237.135 - - [12/Jun/2013:19:09:32 +0200] "HEAD / HTTP/1.0" 200 - "-" "-"
173.45.237.135 - - [12/Jun/2013:19:09:32 +0200] "HEAD / HTTP/1.0" 200 - "-" "-"
173.45.237.135 - - [12/Jun/2013:19:09:32 +0200] "HEAD / HTTP/1.0" 200 - "-" "-"
173.45.237.135 - - [12/Jun/2013:19:09:32 +0200] "HEAD / HTTP/1.0" 200 - "-" "-"
173.45.237.135 - - [12/Jun/2013:19:09:32 +0200] "HEAD / HTTP/1.0" 200 - "-" "-"
173.45.237.135 - - [12/Jun/2013:19:09:32 +0200] "HEAD / HTTP/1.0" 200 - "-" "-"
94.23.45.14 - - [12/Jun/2013:20:58:25 +0200] "HEAD / HTTP/1.0" 200 - "-" "-"
157.56.229.88 - - [12/Jun/2013:21:09:56 +0200] "GET /robots.txt HTTP/1.1" 404 320 "-" "Mozilla/5.0 (compatible; bingbot/2.0; +http://www.bing.com/bingbot.htm)"
157.56.229.88 - - [12/Jun/2013:21:10:33 +0200] "GET / HTTP/1.1" 200 1229 "-" "Mozilla/5.0 (compatible; bingbot/2.0; +http://www.bing.com/bingbot.htm)"
157.56.92.159 - - [12/Jun/2013:22:06:48 +0200] "GET /robots.txt HTTP/1.1" 404 322 "-" "Mozilla/5.0 (compatible; bingbot/2.0; +http://www.bing.com/bingbot.htm)"
157.56.92.159 - - [12/Jun/2013:22:07:37 +0200] "GET / HTTP/1.1" 200 1229 "-" "Mozilla/5.0 (compatible; bingbot/2.0; +http://www.bing.com/bingbot.htm)"
66.249.75.17 - - [13/Jun/2013:00:24:25 +0200] "GET /robots.txt HTTP/1.1" 404 327 "-" "Mozilla/5.0 (compatible; Googlebot/2.1; +http://www.google.com/bot.html)"
66.249.75.17 - - [13/Jun/2013:00:24:25 +0200] "GET / HTTP/1.1" 200 1229 "-" "Mozilla/5.0 (compatible; Googlebot/2.1; +http://www.google.com/bot.html)"
198.20.69.74 - - [13/Jun/2013:03:06:39 +0200] "GET / HTTP/1.1" 200 1229 "-" "-"
198.20.69.74 - - [13/Jun/2013:03:06:39 +0200] "GET /robots.txt HTTP/1.1" 404 315 "-" "-"
192.95.53.131 - - [13/Jun/2013:05:19:16 +0200] "HEAD /phpmyadmintting.php HTTP/1.1" 404 - "-" "Mozilla/5.0 (Windows; U; Windows NT 7.0; en; rv:1.9.1.3) Gecko/20090309 Firefox/3.5.3"
192.95.53.131 - - [13/Jun/2013:05:19:16 +0200] "HEAD /phpmyadmintting.php HTTP/1.1" 404 - "-" "Mozilla/5.0 (Windows; U; Windows NT 7.0; en; rv:1.9.1.3) Gecko/20090309 Firefox/3.5.3"
192.95.53.131 - - [13/Jun/2013:05:19:16 +0200] "HEAD /phpmyadmintting.php HTTP/1.1" 404 - "-" "Mozilla/5.0 (Windows; U; Windows NT 7.0; en; rv:1.9.1.3) Gecko/20090309 Firefox/3.5.3"
192.95.53.131 - - [13/Jun/2013:05:19:16 +0200] "HEAD //phpMyAdmin/tting.php HTTP/1.1" 404 - "-" "Mozilla/5.0 (Windows; U; Windows NT 7.0; en; rv:1.9.1.3) Gecko/20090309 Firefox/3.5.3"
192.95.53.131 - - [13/Jun/2013:05:19:16 +0200] "HEAD //phpMyAdmin/tting.php HTTP/1.1" 404 - "-" "Mozilla/5.0 (Windows; U; Windows NT 7.0; en; rv:1.9.1.3) Gecko/20090309 Firefox/3.5.3"
192.95.53.131 - - [13/Jun/2013:05:19:16 +0200] "HEAD //phpMyAdmin/tting.php HTTP/1.1" 404 - "-" "Mozilla/5.0 (Windows; U; Windows NT 7.0; en; rv:1.9.1.3) Gecko/20090309 Firefox/3.5.3"
192.95.53.131 - - [13/Jun/2013:05:19:16 +0200] "HEAD //admin/tting.php HTTP/1.1" 404 - "-" "Mozilla/5.0 (Windows; U; Windows NT 7.0; en; rv:1.9.1.3) Gecko/20090309 Firefox/3.5.3"
192.95.53.131 - - [13/Jun/2013:05:19:16 +0200] "HEAD //admin/tting.php HTTP/1.1" 404 - "-" "Mozilla/5.0 (Windows; U; Windows NT 7.0; en; rv:1.9.1.3) Gecko/20090309 Firefox/3.5.3"
192.95.53.131 - - [13/Jun/2013:05:19:16 +0200] "HEAD //admin/tting.php HTTP/1.1" 404 - "-" "Mozilla/5.0 (Windows; U; Windows NT 7.0; en; rv:1.9.1.3) Gecko/20090309 Firefox/3.5.3"
192.95.53.131 - - [13/Jun/2013:05:19:16 +0200] "HEAD //mysql/tting.php HTTP/1.1" 404 - "-" "Mozilla/5.0 (Windows; U; Windows NT 7.0; en; rv:1.9.1.3) Gecko/20090309 Firefox/3.5.3"
192.95.53.131 - - [13/Jun/2013:05:19:16 +0200] "HEAD //mysql/tting.php HTTP/1.1" 404 - "-" "Mozilla/5.0 (Windows; U; Windows NT 7.0; en; rv:1.9.1.3) Gecko/20090309 Firefox/3.5.3"
192.95.53.131 - - [13/Jun/2013:05:19:16 +0200] "HEAD //mysql/tting.php HTTP/1.1" 404 - "-" "Mozilla/5.0 (Windows; U; Windows NT 7.0; en; rv:1.9.1.3) Gecko/20090309 Firefox/3.5.3"
192.95.53.131 - - [13/Jun/2013:05:19:16 +0200] "HEAD //phpmyadmin2/tting.php HTTP/1.1" 404 - "-" "Mozilla/5.0 (Windows; U; Windows NT 7.0; en; rv:1.9.1.3) Gecko/20090309 Firefox/3.5.3"
192.95.53.131 - - [13/Jun/2013:05:19:16 +0200] "HEAD //phpmyadmin2/tting.php HTTP/1.1" 404 - "-" "Mozilla/5.0 (Windows; U; Windows NT 7.0; en; rv:1.9.1.3) Gecko/20090309 Firefox/3.5.3"
192.95.53.131 - - [13/Jun/2013:05:19:16 +0200] "HEAD /epgrec/envSetting.php HTTP/1.1" 404 - "-" "Mozilla/5.0 (Windows; U; Windows NT 7.0; en; rv:1.9.1.3) Gecko/20090309 Firefox/3.5.3"
192.95.53.131 - - [13/Jun/2013:05:19:16 +0200] "HEAD //phpmyadmin2/tting.php HTTP/1.1" 404 - "-" "Mozilla/5.0 (Windows; U; Windows NT 7.0; en; rv:1.9.1.3) Gecko/20090309 Firefox/3.5.3"
192.95.53.131 - - [13/Jun/2013:05:19:16 +0200] "HEAD /epgrec/envSetting.php HTTP/1.1" 404 - "-" "Mozilla/5.0 (Windows; U; Windows NT 7.0; en; rv:1.9.1.3) Gecko/20090309 Firefox/3.5.3"
192.95.53.131 - - [13/Jun/2013:05:19:17 +0200] "HEAD /epgrec/envSetting.php HTTP/1.1" 404 - "-" "Mozilla/5.0 (Windows; U; Windows NT 7.0; en; rv:1.9.1.3) Gecko/20090309 Firefox/3.5.3"
5.9.7.208 - - [13/Jun/2013:05:42:06 +0200] "GET /robots.txt HTTP/1.0" 404 320 "-" "Mozilla/5.0 (compatible; MJ12bot/v1.4.3; http://www.majestic12.co.uk/bot.php?+)"
5.9.7.208 - - [13/Jun/2013:05:42:08 +0200] "GET / HTTP/1.0" 200 1229 "-" "Mozilla/5.0 (compatible; MJ12bot/v1.4.3; http://www.majestic12.co.uk/bot.php?+)"
176.9.120.195 - - [13/Jun/2013:06:46:49 +0200] "GET /robots.txt HTTP/1.1" 404 322 "-" "Mozilla/5.0 (compatible; SearchmetricsBot; http://www.searchmetrics.com/en/searchmetrics-bot/)"
176.9.120.195 - - [13/Jun/2013:06:46:49 +0200] "GET / HTTP/1.1" 200 1229 "-" "Mozilla/5.0 (compatible; SearchmetricsBot; http://www.searchmetrics.com/en/searchmetrics-bot/)"
5.9.7.208 - - [13/Jun/2013:06:55:55 +0200] "GET /robots.txt HTTP/1.0" 404 320 "-" "Mozilla/5.0 (compatible; MJ12bot/v1.4.3; http://www.majestic12.co.uk/bot.php?+)"
5.9.7.208 - - [13/Jun/2013:06:55:57 +0200] "GET / HTTP/1.0" 200 1229 "-" "Mozilla/5.0 (compatible; MJ12bot/v1.4.3; http://www.majestic12.co.uk/bot.php?+)"
65.55.52.88 - - [13/Jun/2013:08:02:01 +0200] "GET /robots.txt HTTP/1.1" 404 320 "-" "Mozilla/5.0 (compatible; bingbot/2.0; +http://www.bing.com/bingbot.htm)"
65.55.52.88 - - [13/Jun/2013:08:07:16 +0200] "GET / HTTP/1.1" 200 1229 "-" "Mozilla/5.0 (compatible; bingbot/2.0; +http://www.bing.com/bingbot.htm)"
157.55.32.103 - - [13/Jun/2013:08:16:55 +0200] "GET /robots.txt HTTP/1.1" 404 322 "-" "Mozilla/5.0 (compatible; bingbot/2.0; +http://www.bing.com/bingbot.htm)"
157.55.32.103 - - [13/Jun/2013:08:17:45 +0200] "GET /referenzen.htm HTTP/1.1" 404 326 "-" "Mozilla/5.0 (compatible; bingbot/2.0; +http://www.bing.com/bingbot.htm)"
5.9.112.67 - - [13/Jun/2013:08:29:00 +0200] "GET /robots.txt HTTP/1.1" 404 328 "-" "Mozilla/5.0 (compatible; SISTRIX Crawler; http://crawler.sistrix.net/)"
5.9.112.67 - - [13/Jun/2013:08:29:00 +0200] "GET / HTTP/1.1" 206 1229 "-" "Mozilla/5.0 (compatible; SISTRIX Crawler; http://crawler.sistrix.net/)"
69.30.238.162 - - [13/Jun/2013:08:30:56 +0200] "GET /robots.txt HTTP/1.0" 404 320 "-" "Mozilla/5.0 (compatible; MJ12bot/v1.4.3; http://www.majestic12.co.uk/bot.php?+)"
69.30.238.162 - - [13/Jun/2013:08:30:59 +0200] "GET / HTTP/1.0" 200 1229 "-" "Mozilla/5.0 (compatible; MJ12bot/v1.4.3; http://www.majestic12.co.uk/bot.php?+)"
157.55.32.103 - - [13/Jun/2013:09:56:18 +0200] "GET /robots.txt HTTP/1.1" 404 322 "-" "Mozilla/5.0 (compatible; bingbot/2.0; +http://www.bing.com/bingbot.htm)"
157.55.32.103 - - [13/Jun/2013:09:57:11 +0200] "GET / HTTP/1.1" 200 1229 "-" "Mozilla/5.0 (compatible; bingbot/2.0; +http://www.bing.com/bingbot.htm)"
66.249.75.56 - - [13/Jun/2013:10:35:32 +0200] "GET /robots.txt HTTP/1.1" 404 329 "-" "Mozilla/5.0 (compatible; Googlebot/2.1; +http://www.google.com/bot.html)"
66.249.75.56 - - [13/Jun/2013:10:35:32 +0200] "GET / HTTP/1.1" 200 1229 "-" "Mozilla/5.0 (compatible; Googlebot/2.1; +http://www.google.com/bot.html)"
5.9.7.208 - - [13/Jun/2013:10:59:37 +0200] "GET /robots.txt HTTP/1.0" 404 320 "-" "Mozilla/5.0 (compatible; MJ12bot/v1.4.3; http://www.majestic12.co.uk/bot.php?+)"
5.9.7.208 - - [13/Jun/2013:10:59:39 +0200] "GET / HTTP/1.0" 200 1229 "-" "Mozilla/5.0 (compatible; MJ12bot/v1.4.3; http://www.majestic12.co.uk/bot.php?+)"
173.208.165.194 - - [13/Jun/2013:12:41:04 +0200] "GET /robots.txt HTTP/1.0" 404 320 "-" "Mozilla/5.0 (compatible; MJ12bot/v1.4.3; http://www.majestic12.co.uk/bot.php?+)"
173.208.165.194 - - [13/Jun/2013:12:41:07 +0200] "GET / HTTP/1.0" 200 1229 "-" "Mozilla/5.0 (compatible; MJ12bot/v1.4.3; http://www.majestic12.co.uk/bot.php?+)"
5.9.127.154 - - [13/Jun/2013:13:27:49 +0200] "GET /robots.txt HTTP/1.1" 404 320 "-" "Mozilla/5.0 (compatible; SISTRIX Crawler; http://crawler.sistrix.net/)"
5.9.127.154 - - [13/Jun/2013:13:27:49 +0200] "GET / HTTP/1.1" 206 1229 "-" "Mozilla/5.0 (compatible; SISTRIX Crawler; http://crawler.sistrix.net/)"
5.9.7.208 - - [13/Jun/2013:13:54:48 +0200] "GET /robots.txt HTTP/1.0" 404 320 "-" "Mozilla/5.0 (compatible; MJ12bot/v1.4.3; http://www.majestic12.co.uk/bot.php?+)"
5.9.7.208 - - [13/Jun/2013:13:54:52 +0200] "GET / HTTP/1.0" 200 1229 "-" "Mozilla/5.0 (compatible; MJ12bot/v1.4.3; http://www.majestic12.co.uk/bot.php?+)"
176.9.155.226 - - [13/Jun/2013:17:22:58 +0200] "GET /robots.txt HTTP/1.1" 404 337 "-" "Mozilla/5.0 (compatible; SISTRIX Crawler; http://crawler.sistrix.net/)"
176.9.155.226 - - [13/Jun/2013:17:22:58 +0200] "GET / HTTP/1.1" 206 1229 "-" "Mozilla/5.0 (compatible; SISTRIX Crawler; http://crawler.sistrix.net/)"
216.145.5.42 - - [13/Jun/2013:19:21:06 +0200] "GET /robots.txt HTTP/1.0" 404 328 "-" "Mozilla/5.0 (Windows; U; Windows NT 5.1; en; rv:1.9.0.13) Gecko/2009073022 Firefox/3.5.2 (.NET CLR 3.5.30729) SurveyBot/2.3 (DomainTools)"
216.145.5.42 - - [13/Jun/2013:19:21:06 +0200] "GET / HTTP/1.1" 200 1229 "http://whois.domaintools.com/aufzugs-hebetechnik.de" "Mozilla/5.0 (Windows; U; Windows NT 5.1; en; rv:1.9.0.13) Gecko/2009073022 Firefox/3.5.2 (.NET CLR 3.5.30729) SurveyBot/2.3 (DomainTools)"
157.55.33.14 - - [13/Jun/2013:19:23:56 +0200] "GET /robots.txt HTTP/1.1" 404 320 "-" "Mozilla/5.0 (compatible; bingbot/2.0; +http://www.bing.com/bingbot.htm)"
157.55.33.14 - - [13/Jun/2013:19:24:50 +0200] "GET /seiten/datenschutz.php HTTP/1.1" 404 332 "-" "Mozilla/5.0 (compatible; bingbot/2.0; +http://www.bing.com/bingbot.htm)"
157.56.93.219 - - [13/Jun/2013:20:40:10 +0200] "GET /robots.txt HTTP/1.1" 404 320 "-" "Mozilla/5.0 (compatible; bingbot/2.0; +http://www.bing.com/bingbot.htm)"
157.56.93.219 - - [13/Jun/2013:20:40:52 +0200] "GET / HTTP/1.1" 200 1229 "-" "Mozilla/5.0 (compatible; bingbot/2.0; +http://www.bing.com/bingbot.htm)"
157.55.32.103 - - [13/Jun/2013:22:18:24 +0200] "GET /robots.txt HTTP/1.1" 404 322 "-" "Mozilla/5.0 (compatible; bingbot/2.0; +http://www.bing.com/bingbot.htm)"
157.55.32.103 - - [13/Jun/2013:22:19:20 +0200] "GET / HTTP/1.1" 200 1229 "-" "Mozilla/5.0 (compatible; bingbot/2.0; +http://www.bing.com/bingbot.htm)"
64.246.165.200 - - [13/Jun/2013:22:35:45 +0200] "GET /robots.txt HTTP/1.0" 404 332 "-" "Mozilla/5.0 (Windows; U; Windows NT 5.1; en; rv:1.9.0.13) Gecko/2009073022 Firefox/3.5.2 (.NET CLR 3.5.30729) SurveyBot/2.3 (DomainTools)"
64.246.165.200 - - [13/Jun/2013:22:35:45 +0200] "GET / HTTP/1.1" 200 1229 "http://whois.domaintools.com/bauaufzuege-hebetechnik.de" "Mozilla/5.0 (Windows; U; Windows NT 5.1; en; rv:1.9.0.13) Gecko/2009073022 Firefox/3.5.2 (.NET CLR 3.5.30729) SurveyBot/2.3 (DomainTools)"
64.246.165.140 - - [14/Jun/2013:03:21:40 +0200] "GET /robots.txt HTTP/1.0" 404 322 "-" "Mozilla/5.0 (Windows; U; Windows NT 5.1; en; rv:1.9.0.13) Gecko/2009073022 Firefox/3.5.2 (.NET CLR 3.5.30729) SurveyBot/2.3 (DomainTools)"
64.246.165.140 - - [14/Jun/2013:03:21:40 +0200] "GET / HTTP/1.1" 200 1229 "http://whois.domaintools.com/boedenundmehr.de" "Mozilla/5.0 (Windows; U; Windows NT 5.1; en; rv:1.9.0.13) Gecko/2009073022 Firefox/3.5.2 (.NET CLR 3.5.30729) SurveyBot/2.3 (DomainTools)"
216.145.14.142 - - [14/Jun/2013:03:34:22 +0200] "GET /robots.txt HTTP/1.0" 404 315 "-" "Mozilla/5.0 (Windows; U; Windows NT 5.1; en; rv:1.9.0.13) Gecko/2009073022 Firefox/3.5.2 (.NET CLR 3.5.30729) SurveyBot/2.3 (DomainTools)"
216.145.14.142 - - [14/Jun/2013:03:34:22 +0200] "GET / HTTP/1.1" 200 1229 "http://whois.domaintools.com/bmt-it.de" "Mozilla/5.0 (Windows; U; Windows NT 5.1; en; rv:1.9.0.13) Gecko/2009073022 Firefox/3.5.2 (.NET CLR 3.5.30729) SurveyBot/2.3 (DomainTools)"
198.20.69.74 - - [14/Jun/2013:03:48:39 +0200] "GET / HTTP/1.1" 200 1229 "-" "-"
198.20.69.74 - - [14/Jun/2013:03:48:40 +0200] "GET /robots.txt HTTP/1.1" 404 315 "-" "-"
64.79.77.35 - - [14/Jun/2013:06:21:06 +0200] "GET / HTTP/1.1" 200 1229 "-" "Mozilla/5.0 (compatible; MSIE 8.0; Windows NT 5.1) KomodiaBot/1.0"
65.55.52.87 - - [14/Jun/2013:08:20:04 +0200] "GET /robots.txt HTTP/1.1" 404 320 "-" "Mozilla/5.0 (compatible; bingbot/2.0; +http://www.bing.com/bingbot.htm)"
65.55.52.87 - - [14/Jun/2013:08:20:53 +0200] "GET / HTTP/1.1" 200 1229 "-" "Mozilla/5.0 (compatible; bingbot/2.0; +http://www.bing.com/bingbot.htm)"
64.79.77.35 - - [14/Jun/2013:08:31:46 +0200] "GET / HTTP/1.1" 200 1229 "-" "Mozilla/5.0 (compatible; MSIE 8.0; Windows NT 5.1) KomodiaBot/1.0"
64.79.77.35 - - [14/Jun/2013:09:02:18 +0200] "GET / HTTP/1.1" 200 1229 "-" "Mozilla/5.0 (compatible; MSIE 8.0; Windows NT 5.1) KomodiaBot/1.0"
64.79.77.35 - - [14/Jun/2013:09:29:59 +0200] "GET / HTTP/1.1" 200 1229 "-" "Mozilla/5.0 (compatible; MSIE 8.0; Windows NT 5.1) KomodiaBot/1.0"
157.55.32.103 - - [14/Jun/2013:09:57:48 +0200] "GET /robots.txt HTTP/1.1" 404 322 "-" "Mozilla/5.0 (compatible; bingbot/2.0; +http://www.bing.com/bingbot.htm)"
157.55.32.103 - - [14/Jun/2013:09:58:30 +0200] "GET / HTTP/1.1" 200 1229 "-" "Mozilla/5.0 (compatible; bingbot/2.0; +http://www.bing.com/bingbot.htm)"
74.52.245.146 - - [14/Jun/2013:10:00:02 +0200] "GET / HTTP/1.0" 200 1229 "-" "Mozilla/5.0 (X11; U; Linux i686; en-US; rv:1.7.5) Gecko/20041107 Firefox/1.0"
64.79.77.36 - - [14/Jun/2013:10:05:29 +0200] "GET / HTTP/1.1" 200 1229 "-" "Mozilla/5.0 (compatible; MSIE 8.0; Windows NT 5.1) KomodiaBot/1.0"
141.8.147.12 - - [14/Jun/2013:11:36:44 +0200] "GET /robots.txt HTTP/1.1" 404 327 "-" "Mozilla/5.0 (compatible; YandexBot/3.0; +http://yandex.com/bots)"
141.8.147.12 - - [14/Jun/2013:11:37:18 +0200] "GET /robots.txt HTTP/1.1" 404 320 "-" "Mozilla/5.0 (compatible; YandexBot/3.0; +http://yandex.com/bots)"
141.8.147.12 - - [14/Jun/2013:11:49:01 +0200] "GET /robots.txt HTTP/1.1" 404 322 "-" "Mozilla/5.0 (compatible; YandexBot/3.0; +http://yandex.com/bots)"
69.197.128.26 - - [14/Jun/2013:12:07:56 +0200] "GET /robots.txt HTTP/1.0" 404 320 "-" "Mozilla/5.0 (compatible; MJ12bot/v1.4.3; http://www.majestic12.co.uk/bot.php?+)"
69.197.128.26 - - [14/Jun/2013:12:07:58 +0200] "GET / HTTP/1.0" 200 1229 "-" "Mozilla/5.0 (compatible; MJ12bot/v1.4.3; http://www.majestic12.co.uk/bot.php?+)"
69.30.238.18 - - [14/Jun/2013:12:32:50 +0200] "GET /robots.txt HTTP/1.0" 404 320 "-" "Mozilla/5.0 (compatible; MJ12bot/v1.4.3; http://www.majestic12.co.uk/bot.php?+)"
69.30.238.18 - - [14/Jun/2013:12:32:52 +0200] "GET / HTTP/1.0" 200 1229 "-" "Mozilla/5.0 (compatible; MJ12bot/v1.4.3; http://www.majestic12.co.uk/bot.php?+)"
50.19.81.203 - - [14/Jun/2013:12:47:30 +0200] "HEAD / HTTP/1.0" 200 - "-" "-"
50.19.81.203 - - [14/Jun/2013:12:47:30 +0200] "HEAD / HTTP/1.0" 200 - "-" "-"
50.19.81.203 - - [14/Jun/2013:12:47:30 +0200] "HEAD / HTTP/1.0" 200 - "-" "-"
50.19.81.203 - - [14/Jun/2013:12:47:30 +0200] "HEAD / HTTP/1.0" 200 - "-" "-"
50.19.81.203 - - [14/Jun/2013:12:47:30 +0200] "HEAD / HTTP/1.0" 200 - "-" "-"
50.19.81.203 - - [14/Jun/2013:12:47:30 +0200] "HEAD / HTTP/1.0" 200 - "-" "-"
50.19.81.203 - - [14/Jun/2013:12:47:30 +0200] "HEAD / HTTP/1.0" 200 - "-" "-"
50.19.81.203 - - [14/Jun/2013:12:47:30 +0200] "HEAD / HTTP/1.0" 200 - "-" "-"
50.19.81.203 - - [14/Jun/2013:12:47:30 +0200] "HEAD / HTTP/1.0" 200 - "-" "-"
50.19.81.203 - - [14/Jun/2013:12:47:30 +0200] "HEAD / HTTP/1.0" 200 - "-" "-"
69.197.128.114 - - [14/Jun/2013:12:59:49 +0200] "GET /robots.txt HTTP/1.0" 404 320 "-" "Mozilla/5.0 (compatible; MJ12bot/v1.4.3; http://www.majestic12.co.uk/bot.php?+)"
69.197.128.114 - - [14/Jun/2013:12:59:51 +0200] "GET / HTTP/1.0" 200 1229 "-" "Mozilla/5.0 (compatible; MJ12bot/v1.4.3; http://www.majestic12.co.uk/bot.php?+)"
5.9.7.208 - - [14/Jun/2013:14:01:07 +0200] "GET /robots.txt HTTP/1.0" 404 320 "-" "Mozilla/5.0 (compatible; MJ12bot/v1.4.3; http://www.majestic12.co.uk/bot.php?+)"
5.9.7.208 - - [14/Jun/2013:14:01:09 +0200] "GET / HTTP/1.0" 200 1229 "-" "Mozilla/5.0 (compatible; MJ12bot/v1.4.3; http://www.majestic12.co.uk/bot.php?+)"
141.8.147.12 - - [14/Jun/2013:14:36:01 +0200] "GET / HTTP/1.1" 200 1229 "-" "Mozilla/5.0 (compatible; YandexBot/3.0; +http://yandex.com/bots)"
5.9.7.208 - - [14/Jun/2013:14:59:08 +0200] "GET /robots.txt HTTP/1.0" 404 320 "-" "Mozilla/5.0 (compatible; MJ12bot/v1.4.3; http://www.majestic12.co.uk/bot.php?+)"
5.9.7.208 - - [14/Jun/2013:14:59:13 +0200] "GET / HTTP/1.0" 200 1229 "-" "Mozilla/5.0 (compatible; MJ12bot/v1.4.3; http://www.majestic12.co.uk/bot.php?+)"
157.55.32.101 - - [14/Jun/2013:14:59:36 +0200] "GET /robots.txt HTTP/1.1" 404 333 "-" "Mozilla/5.0 (compatible; bingbot/2.0; +http://www.bing.com/bingbot.htm)"
157.55.32.101 - - [14/Jun/2013:15:00:31 +0200] "GET / HTTP/1.1" 200 1229 "-" "Mozilla/5.0 (compatible; bingbot/2.0; +http://www.bing.com/bingbot.htm)"
141.8.147.12 - - [14/Jun/2013:15:18:41 +0200] "GET / HTTP/1.1" 200 1229 "-" "Mozilla/5.0 (compatible; YandexBot/3.0; +http://yandex.com/bots)"
5.9.7.208 - - [14/Jun/2013:15:29:43 +0200] "GET /robots.txt HTTP/1.0" 404 320 "-" "Mozilla/5.0 (compatible; MJ12bot/v1.4.3; http://www.majestic12.co.uk/bot.php?+)"
5.9.7.208 - - [14/Jun/2013:15:30:31 +0200] "GET / HTTP/1.0" 200 1229 "-" "Mozilla/5.0 (compatible; MJ12bot/v1.4.3; http://www.majestic12.co.uk/bot.php?+)"
141.8.147.12 - - [14/Jun/2013:16:43:19 +0200] "GET / HTTP/1.1" 200 1229 "-" "Mozilla/5.0 (compatible; YandexBot/3.0; +http://yandex.com/bots)"
5.9.7.208 - - [14/Jun/2013:16:46:41 +0200] "GET /robots.txt HTTP/1.0" 404 320 "-" "Mozilla/5.0 (compatible; MJ12bot/v1.4.3; http://www.majestic12.co.uk/bot.php?+)"
5.9.7.208 - - [14/Jun/2013:16:46:43 +0200] "GET / HTTP/1.0" 200 1229 "-" "Mozilla/5.0 (compatible; MJ12bot/v1.4.3; http://www.majestic12.co.uk/bot.php?+)"
64.79.77.36 - - [14/Jun/2013:17:52:18 +0200] "GET / HTTP/1.1" 200 1229 "-" "Mozilla/5.0 (compatible; MSIE 8.0; Windows NT 5.1) KomodiaBot/1.0"
141.8.147.12 - - [14/Jun/2013:17:54:39 +0200] "GET /robots.txt HTTP/1.1" 404 337 "-" "Mozilla/5.0 (compatible; YandexBot/3.0; +http://yandex.com/bots)"
141.8.147.12 - - [14/Jun/2013:17:54:40 +0200] "GET /robots.txt HTTP/1.1" 404 328 "-" "Mozilla/5.0 (compatible; YandexBot/3.0; +http://yandex.com/bots)"
5.9.27.74 - - [14/Jun/2013:18:49:41 +0200] "GET /robots.txt HTTP/1.1" 404 322 "-" "Mozilla/5.0 (compatible; SISTRIX Crawler; http://crawler.sistrix.net/)"
5.9.27.74 - - [14/Jun/2013:18:49:41 +0200] "GET / HTTP/1.1" 206 1229 "-" "Mozilla/5.0 (compatible; SISTRIX Crawler; http://crawler.sistrix.net/)"
89.27.65.106 - - [14/Jun/2013:20:51:39 +0200] "GET /robots.txt HTTP/1.0" 404 320 "-" "Mozilla/5.0 (compatible; MJ12bot/v1.4.3; http://www.majestic12.co.uk/bot.php?+)"
89.27.65.106 - - [14/Jun/2013:20:51:40 +0200] "GET / HTTP/1.1" 200 1229 "-" "Mozilla/5.0 (compatible; MJ12bot/v1.4.3; http://www.majestic12.co.uk/bot.php?+)"
144.76.4.165 - - [14/Jun/2013:21:17:48 +0200] "GET /robots.txt HTTP/1.1" 404 327 "-" "Mozilla/5.0 (compatible; SISTRIX Crawler; http://crawler.sistrix.net/)"
144.76.4.165 - - [14/Jun/2013:21:17:48 +0200] "GET / HTTP/1.1" 206 1229 "-" "Mozilla/5.0 (compatible; SISTRIX Crawler; http://crawler.sistrix.net/)"
141.8.147.12 - - [14/Jun/2013:22:00:14 +0200] "GET / HTTP/1.1" 200 1229 "-" "Mozilla/5.0 (compatible; YandexBot/3.0; +http://yandex.com/bots)"
77.8.222.230 - - [14/Jun/2013:22:11:53 +0200] "GET /robots.txt HTTP/1.0" 404 320 "-" "Mozilla/5.0 (compatible; MJ12bot/v1.4.3; http://www.majestic12.co.uk/bot.php?+)"
77.8.222.230 - - [14/Jun/2013:22:11:55 +0200] "GET / HTTP/1.1" 200 1229 "-" "Mozilla/5.0 (compatible; MJ12bot/v1.4.3; http://www.majestic12.co.uk/bot.php?+)"
173.208.180.58 - - [14/Jun/2013:22:26:50 +0200] "GET /robots.txt HTTP/1.0" 404 320 "-" "Mozilla/5.0 (compatible; MJ12bot/v1.4.3; http://www.majestic12.co.uk/bot.php?+)"
173.208.180.58 - - [14/Jun/2013:22:26:54 +0200] "GET / HTTP/1.0" 200 1229 "-" "Mozilla/5.0 (compatible; MJ12bot/v1.4.3; http://www.majestic12.co.uk/bot.php?+)"
141.8.147.12 - - [14/Jun/2013:22:28:14 +0200] "GET / HTTP/1.1" 200 1229 "-" "Mozilla/5.0 (compatible; YandexBot/3.0; +http://yandex.com/bots)"
157.56.229.185 - - [14/Jun/2013:23:19:55 +0200] "GET /robots.txt HTTP/1.1" 404 320 "-" "Mozilla/5.0 (compatible; bingbot/2.0; +http://www.bing.com/bingbot.htm)"
157.56.229.185 - - [14/Jun/2013:23:20:38 +0200] "GET / HTTP/1.1" 200 1229 "-" "Mozilla/5.0 (compatible; bingbot/2.0; +http://www.bing.com/bingbot.htm)"
64.246.165.170 - - [14/Jun/2013:23:47:46 +0200] "GET /frameset/left.htm HTTP/1.1" 404 322 "http://whois.domaintools.com/die-sehnsucht.com" "Mozilla/5.0 (Windows; U; Windows NT 5.1; en; rv:1.9.0.13) Gecko/2009073022 Firefox/3.5.2 (.NET CLR 3.5.30729) SurveyBot/2.3 (DomainTools)"
64.246.165.170 - - [14/Jun/2013:23:47:47 +0200] "GET /frameset/top.htm HTTP/1.1" 404 321 "http://whois.domaintools.com/die-sehnsucht.com" "Mozilla/5.0 (Windows; U; Windows NT 5.1; en; rv:1.9.0.13) Gecko/2009073022 Firefox/3.5.2 (.NET CLR 3.5.30729) SurveyBot/2.3 (DomainTools)"
64.246.165.170 - - [14/Jun/2013:23:47:47 +0200] "GET /neue_seite_1.htm HTTP/1.1" 404 321 "http://whois.domaintools.com/die-sehnsucht.com" "Mozilla/5.0 (Windows; U; Windows NT 5.1; en; rv:1.9.0.13) Gecko/2009073022 Firefox/3.5.2 (.NET CLR 3.5.30729) SurveyBot/2.3 (DomainTools)"
5.9.7.208 - - [14/Jun/2013:23:53:32 +0200] "GET /robots.txt HTTP/1.0" 404 320 "-" "Mozilla/5.0 (compatible; MJ12bot/v1.4.3; http://www.majestic12.co.uk/bot.php?+)"
5.9.7.208 - - [14/Jun/2013:23:53:33 +0200] "GET / HTTP/1.0" 200 1229 "-" "Mozilla/5.0 (compatible; MJ12bot/v1.4.3; http://www.majestic12.co.uk/bot.php?+)"
141.8.147.12 - - [15/Jun/2013:00:07:25 +0200] "GET /robots.txt HTTP/1.1" 404 333 "-" "Mozilla/5.0 (compatible; YandexBot/3.0; +http://yandex.com/bots)"
141.8.147.12 - - [15/Jun/2013:00:21:53 +0200] "GET /robots.txt HTTP/1.1" 404 322 "-" "Mozilla/5.0 (compatible; YandexBot/3.0; +http://yandex.com/bots)"
173.208.165.90 - - [15/Jun/2013:00:26:42 +0200] "GET /robots.txt HTTP/1.0" 404 320 "-" "Mozilla/5.0 (compatible; MJ12bot/v1.4.3; http://www.majestic12.co.uk/bot.php?+)"
173.208.165.90 - - [15/Jun/2013:00:26:44 +0200] "GET / HTTP/1.0" 200 1229 "-" "Mozilla/5.0 (compatible; MJ12bot/v1.4.3; http://www.majestic12.co.uk/bot.php?+)"
64.246.165.200 - - [15/Jun/2013:00:40:20 +0200] "GET /leer.htm HTTP/1.1" 404 313 "http://whois.domaintools.com/dialyse-schoenebeck.de" "Mozilla/5.0 (Windows; U; Windows NT 5.1; en; rv:1.9.0.13) Gecko/2009073022 Firefox/3.5.2 (.NET CLR 3.5.30729) SurveyBot/2.3 (DomainTools)"
64.246.165.200 - - [15/Jun/2013:00:40:20 +0200] "GET /leer.htm HTTP/1.1" 404 313 "http://whois.domaintools.com/dialyse-schoenebeck.de" "Mozilla/5.0 (Windows; U; Windows NT 5.1; en; rv:1.9.0.13) Gecko/2009073022 Firefox/3.5.2 (.NET CLR 3.5.30729) SurveyBot/2.3 (DomainTools)"
64.246.165.200 - - [15/Jun/2013:00:40:21 +0200] "GET /leer.htm HTTP/1.1" 404 313 "http://whois.domaintools.com/dialyse-schoenebeck.de" "Mozilla/5.0 (Windows; U; Windows NT 5.1; en; rv:1.9.0.13) Gecko/2009073022 Firefox/3.5.2 (.NET CLR 3.5.30729) SurveyBot/2.3 (DomainTools)"
141.8.147.12 - - [15/Jun/2013:00:42:26 +0200] "GET /robots.txt HTTP/1.1" 404 327 "-" "Mozilla/5.0 (compatible; YandexBot/3.0; +http://yandex.com/bots)"
173.208.165.90 - - [15/Jun/2013:01:12:07 +0200] "GET /robots.txt HTTP/1.0" 404 320 "-" "Mozilla/5.0 (compatible; MJ12bot/v1.4.3; http://www.majestic12.co.uk/bot.php?+)"
173.208.165.90 - - [15/Jun/2013:01:12:10 +0200] "GET / HTTP/1.0" 200 1229 "-" "Mozilla/5.0 (compatible; MJ12bot/v1.4.3; http://www.majestic12.co.uk/bot.php?+)"
204.12.208.162 - - [15/Jun/2013:01:18:14 +0200] "GET /robots.txt HTTP/1.0" 404 320 "-" "Mozilla/5.0 (compatible; MJ12bot/v1.4.3; http://www.majestic12.co.uk/bot.php?+)"
204.12.208.162 - - [15/Jun/2013:01:18:15 +0200] "GET / HTTP/1.0" 200 1229 "-" "Mozilla/5.0 (compatible; MJ12bot/v1.4.3; http://www.majestic12.co.uk/bot.php?+)"
78.46.109.71 - - [15/Jun/2013:02:12:43 +0200] "GET / HTTP/1.1" 200 1229 "-" "-"
83.145.227.200 - - [15/Jun/2013:02:58:12 +0200] "GET / HTTP/1.1" 200 1229 "-" "Mozilla/5.0 (Macintosh; Intel Mac OS X 10_8_3) AppleWebKit/537.31 (KHTML, like Gecko) Chrome/26.0.1410.63 Safari/537.31"
83.145.227.200 - - [15/Jun/2013:02:58:13 +0200] "GET / HTTP/1.1" 200 1229 "-" "Mozilla/5.0 (X11; U; Linux i686; en-US; rv:1.9.2.28) Gecko/20120306 Firefox/3.6.28"
83.145.227.200 - - [15/Jun/2013:02:58:13 +0200] "GET /favicon.ico HTTP/1.1" 404 321 "-" "Mozilla/5.0 (X11; U; Linux i686; en-US; rv:1.9.2.28) Gecko/20120306 Firefox/3.6.28"
178.77.126.55 - - [15/Jun/2013:03:51:26 +0200] "GET /robots.txt HTTP/1.1" 404 320 "-" "Mozilla/5.0 (compatible; CareerBot/1.1; +http://www.career-x.de/bot.html)"
178.77.126.55 - - [15/Jun/2013:03:51:26 +0200] "GET / HTTP/1.1" 200 1229 "-" "Mozilla/5.0 (compatible; CareerBot/1.1; +http://www.career-x.de/bot.html)"
221.2.209.46 - - [15/Jun/2013:04:04:00 +0200] "GET /manager/html HTTP/1.1" 404 317 "-" "Mozilla/3.0 (compatible; Indy Library)"
221.2.209.46 - - [15/Jun/2013:04:04:04 +0200] "GET /manager/html HTTP/1.1" 404 317 "-" "Mozilla/3.0 (compatible; Indy Library)"
221.2.209.46 - - [15/Jun/2013:04:04:17 +0200] "GET /manager/html HTTP/1.1" 404 317 "-" "Mozilla/3.0 (compatible; Indy Library)"
221.2.209.46 - - [15/Jun/2013:04:04:19 +0200] "GET /manager/html HTTP/1.1" 404 317 "-" "Mozilla/3.0 (compatible; Indy Library)"
221.2.209.46 - - [15/Jun/2013:04:04:30 +0200] "GET /manager/html HTTP/1.1" 404 317 "-" "Mozilla/3.0 (compatible; Indy Library)"
221.2.209.46 - - [15/Jun/2013:04:04:31 +0200] "GET /manager/html HTTP/1.1" 404 317 "-" "Mozilla/3.0 (compatible; Indy Library)"
81.20.146.229 - - [15/Jun/2013:04:09:56 +0200] "GET /phppath/php HTTP/1.0" 404 312 "-" "-"
81.20.146.229 - - [15/Jun/2013:04:09:56 +0200] "GET /phppath/php HTTP/1.0" 404 312 "-" "-"
81.20.146.229 - - [15/Jun/2013:04:09:56 +0200] "GET /phppath/php HTTP/1.0" 404 312 "-" "-"
81.20.146.229 - - [15/Jun/2013:04:09:56 +0200] "GET /phppath/php HTTP/1.0" 404 312 "-" "-"
81.20.146.229 - - [15/Jun/2013:04:09:56 +0200] "GET /phppath/php HTTP/1.0" 404 312 "-" "-"
81.20.146.229 - - [15/Jun/2013:04:09:56 +0200] "GET /phppath/php HTTP/1.0" 404 312 "-" "-"
81.20.146.229 - - [15/Jun/2013:04:09:56 +0200] "GET /phppath/php HTTP/1.0" 404 312 "-" "-"
81.20.146.229 - - [15/Jun/2013:04:09:56 +0200] "GET /phppath/php HTTP/1.0" 404 312 "-" "-"
81.20.146.229 - - [15/Jun/2013:04:09:56 +0200] "GET /phppath/php HTTP/1.0" 404 312 "-" "-"
81.20.146.229 - - [15/Jun/2013:04:09:56 +0200] "GET /phppath/php HTTP/1.0" 404 312 "-" "-"
141.8.147.12 - - [15/Jun/2013:06:24:45 +0200] "GET / HTTP/1.1" 200 1229 "-" "Mozilla/5.0 (compatible; YandexBot/3.0; +http://yandex.com/bots)"
198.20.70.114 - - [15/Jun/2013:08:03:19 +0200] "GET / HTTP/1.1" 200 1229 "-" "-"
198.20.70.114 - - [15/Jun/2013:08:03:20 +0200] "GET /robots.txt HTTP/1.1" 404 315 "-" "-"
157.55.33.47 - - [15/Jun/2013:09:21:24 +0200] "GET /robots.txt HTTP/1.1" 404 320 "-" "Mozilla/5.0 (compatible; bingbot/2.0; +http://www.bing.com/bingbot.htm)"
157.55.33.47 - - [15/Jun/2013:09:25:15 +0200] "GET / HTTP/1.1" 200 1229 "-" "Mozilla/5.0 (compatible; bingbot/2.0; +http://www.bing.com/bingbot.htm)"
217.225.189.22 - - [15/Jun/2013:12:03:18 +0200] "GET / HTTP/1.1" 200 1229 "http://www.bigfinder.de/online-11.html" "Mozilla/4.0 (compatible; MSIE 8.0; Windows NT 6.0; Trident/4.0; GTB0.0; SLCC1; .NET CLR 2.0.50727; Media Center PC 5.0; .NET CLR 3.5.30729; .NET CLR 3.0.30729; .NET4.0C)"
141.8.147.12 - - [15/Jun/2013:13:11:32 +0200] "GET /robots.txt HTTP/1.1" 404 333 "-" "Mozilla/5.0 (compatible; YandexBot/3.0; +http://yandex.com/bots)"
173.199.115.147 - - [15/Jun/2013:17:23:57 +0200] "GET / HTTP/1.1" 200 1229 "-" "Mozilla/5.0 (compatible; AhrefsBot/4.0; +http://ahrefs.com/robot/)"
94.249.193.61 - - [15/Jun/2013:20:15:50 +0200] "GET /robots.txt HTTP/1.0" 404 322 "-" "Mozilla/5.0 (compatible; MJ12bot/v1.4.3; http://www.majestic12.co.uk/bot.php?+)"
94.249.193.61 - - [15/Jun/2013:20:15:55 +0200] "GET / HTTP/1.0" 200 1229 "-" "Mozilla/5.0 (compatible; MJ12bot/v1.4.3; http://www.majestic12.co.uk/bot.php?+)"
64.79.77.37 - - [15/Jun/2013:23:00:22 +0200] "GET / HTTP/1.1" 200 1229 "-" "Mozilla/5.0 (compatible; MSIE 8.0; Windows NT 5.1) KomodiaBot/1.0"
204.12.214.162 - - [15/Jun/2013:23:33:23 +0200] "GET /robots.txt HTTP/1.0" 404 320 "-" "Mozilla/5.0 (compatible; MJ12bot/v1.4.3; http://www.majestic12.co.uk/bot.php?+)"
204.12.214.162 - - [15/Jun/2013:23:33:25 +0200] "GET / HTTP/1.0" 200 1229 "-" "Mozilla/5.0 (compatible; MJ12bot/v1.4.3; http://www.majestic12.co.uk/bot.php?+)"
157.56.92.175 - - [15/Jun/2013:23:40:51 +0200] "GET /robots.txt HTTP/1.1" 404 320 "-" "Mozilla/5.0 (compatible; bingbot/2.0; +http://www.bing.com/bingbot.htm)"
157.56.92.175 - - [15/Jun/2013:23:50:27 +0200] "GET /seiten/optiplus_detail.php?det=guete HTTP/1.1" 404 336 "-" "Mozilla/5.0 (compatible; bingbot/2.0; +http://www.bing.com/bingbot.htm)"
5.9.7.208 - - [16/Jun/2013:01:03:00 +0200] "GET /robots.txt HTTP/1.0" 404 320 "-" "Mozilla/5.0 (compatible; MJ12bot/v1.4.3; http://www.majestic12.co.uk/bot.php?+)"
5.9.7.208 - - [16/Jun/2013:01:03:02 +0200] "GET / HTTP/1.0" 200 1229 "-" "Mozilla/5.0 (compatible; MJ12bot/v1.4.3; http://www.majestic12.co.uk/bot.php?+)"
94.102.51.246 - - [16/Jun/2013:02:09:49 +0200] "GET http://24x7-allrequestsallowed.com/?PHPSESSID=7jy745aa00143SSQJ_W_EFBF%5CF HTTP/1.1" 200 1229 "-" "Mozilla/5.0 (Windows NT 6.1; rv:16.0) Gecko/20100101 Firefox/16.0"
5.9.7.208 - - [16/Jun/2013:02:27:10 +0200] "GET /robots.txt HTTP/1.0" 404 320 "-" "Mozilla/5.0 (compatible; MJ12bot/v1.4.3; http://www.majestic12.co.uk/bot.php?+)"
5.9.7.208 - - [16/Jun/2013:02:27:12 +0200] "GET / HTTP/1.0" 200 1229 "-" "Mozilla/5.0 (compatible; MJ12bot/v1.4.3; http://www.majestic12.co.uk/bot.php?+)"
64.79.77.35 - - [16/Jun/2013:03:54:43 +0200] "GET / HTTP/1.1" 200 1229 "-" "Mozilla/5.0 (compatible; MSIE 8.0; Windows NT 5.1) KomodiaBot/1.0"
204.12.228.34 - - [16/Jun/2013:03:56:07 +0200] "GET /robots.txt HTTP/1.0" 404 320 "-" "Mozilla/5.0 (compatible; MJ12bot/v1.4.3; http://www.majestic12.co.uk/bot.php?+)"
204.12.228.34 - - [16/Jun/2013:03:56:12 +0200] "GET / HTTP/1.0" 200 1229 "-" "Mozilla/5.0 (compatible; MJ12bot/v1.4.3; http://www.majestic12.co.uk/bot.php?+)"
176.9.120.182 - - [16/Jun/2013:04:37:15 +0200] "GET /robots.txt HTTP/1.1" 404 320 "-" "Mozilla/5.0 (compatible; SearchmetricsBot; http://www.searchmetrics.com/en/searchmetrics-bot/)"
176.9.120.182 - - [16/Jun/2013:04:37:15 +0200] "GET / HTTP/1.1" 200 1229 "-" "Mozilla/5.0 (compatible; SearchmetricsBot; http://www.searchmetrics.com/en/searchmetrics-bot/)"
157.55.33.47 - - [16/Jun/2013:05:51:09 +0200] "GET /robots.txt HTTP/1.1" 404 320 "-" "Mozilla/5.0 (compatible; bingbot/2.0; +http://www.bing.com/bingbot.htm)"
157.55.33.47 - - [16/Jun/2013:05:51:59 +0200] "GET / HTTP/1.1" 200 1229 "-" "Mozilla/5.0 (compatible; bingbot/2.0; +http://www.bing.com/bingbot.htm)"
176.8.89.140 - - [16/Jun/2013:09:28:29 +0200] "GET /robots.txt HTTP/1.0" 404 320 "-" "Mozilla/5.0 (compatible; MJ12bot/v1.4.3; http://www.majestic12.co.uk/bot.php?+)"
176.8.89.140 - - [16/Jun/2013:09:28:30 +0200] "GET / HTTP/1.1" 200 1229 "-" "Mozilla/5.0 (compatible; MJ12bot/v1.4.3; http://www.majestic12.co.uk/bot.php?+)"
173.208.150.250 - - [16/Jun/2013:10:29:53 +0200] "GET /robots.txt HTTP/1.0" 404 320 "-" "Mozilla/5.0 (compatible; MJ12bot/v1.4.3; http://www.majestic12.co.uk/bot.php?+)"
173.208.150.250 - - [16/Jun/2013:10:29:55 +0200] "GET / HTTP/1.0" 200 1229 "-" "Mozilla/5.0 (compatible; MJ12bot/v1.4.3; http://www.majestic12.co.uk/bot.php?+)"
66.249.72.75 - - [16/Jun/2013:10:59:11 +0200] "GET /robots.txt HTTP/1.1" 404 333 "-" "Mozilla/5.0 (compatible; Googlebot/2.1; +http://www.google.com/bot.html)"
66.249.72.75 - - [16/Jun/2013:10:59:11 +0200] "GET / HTTP/1.1" 200 1229 "-" "Mozilla/5.0 (compatible; Googlebot/2.1; +http://www.google.com/bot.html)"
85.19.205.124 - - [16/Jun/2013:12:42:06 +0200] "GET /robots.txt HTTP/1.0" 404 320 "-" "Mozilla/5.0 (compatible; MJ12bot/v1.4.3; http://www.majestic12.co.uk/bot.php?+)"
85.19.205.124 - - [16/Jun/2013:12:42:07 +0200] "GET / HTTP/1.0" 200 1229 "-" "Mozilla/5.0 (compatible; MJ12bot/v1.4.3; http://www.majestic12.co.uk/bot.php?+)"
5.9.7.208 - - [16/Jun/2013:12:44:44 +0200] "GET /robots.txt HTTP/1.0" 404 320 "-" "Mozilla/5.0 (compatible; MJ12bot/v1.4.3; http://www.majestic12.co.uk/bot.php?+)"
5.9.7.208 - - [16/Jun/2013:12:44:50 +0200] "GET / HTTP/1.0" 200 1229 "-" "Mozilla/5.0 (compatible; MJ12bot/v1.4.3; http://www.majestic12.co.uk/bot.php?+)"
66.249.16.211 - - [16/Jun/2013:16:11:39 +0200] "GET / HTTP/1.1" 200 1229 "http://whois.domaintools.com/xn--premiuml-t4a.de" "Mozilla/5.0 (compatible; Googlebot/2.1; +http://www.google.com/bot.html)"
157.55.35.95 - - [16/Jun/2013:17:26:29 +0200] "GET /robots.txt HTTP/1.1" 404 322 "-" "Mozilla/5.0 (compatible; bingbot/2.0; +http://www.bing.com/bingbot.htm)"
157.55.35.95 - - [16/Jun/2013:17:27:00 +0200] "GET / HTTP/1.1" 304 - "-" "Mozilla/5.0 (compatible; bingbot/2.0; +http://www.bing.com/bingbot.htm)"
66.249.72.129 - - [16/Jun/2013:17:28:54 +0200] "GET /robots.txt HTTP/1.1" 404 315 "-" "Mozilla/5.0 (compatible; Googlebot/2.1; +http://www.google.com/bot.html)"
66.249.72.129 - - [16/Jun/2013:17:28:54 +0200] "GET / HTTP/1.1" 200 1229 "-" "Mozilla/5.0 (compatible; Googlebot/2.1; +http://www.google.com/bot.html)"
5.9.7.208 - - [16/Jun/2013:17:30:08 +0200] "GET /robots.txt HTTP/1.0" 404 320 "-" "Mozilla/5.0 (compatible; MJ12bot/v1.4.3; http://www.majestic12.co.uk/bot.php?+)"
5.9.7.208 - - [16/Jun/2013:17:30:10 +0200] "GET / HTTP/1.0" 200 1229 "-" "Mozilla/5.0 (compatible; MJ12bot/v1.4.3; http://www.majestic12.co.uk/bot.php?+)"
157.55.35.115 - - [16/Jun/2013:17:33:08 +0200] "GET /robots.txt HTTP/1.1" 404 320 "-" "Mozilla/5.0 (compatible; bingbot/2.0; +http://www.bing.com/bingbot.htm)"
157.55.35.115 - - [16/Jun/2013:17:34:02 +0200] "GET / HTTP/1.1" 200 1229 "-" "Mozilla/5.0 (compatible; bingbot/2.0; +http://www.bing.com/bingbot.htm)"
5.9.7.208 - - [16/Jun/2013:21:29:56 +0200] "GET /robots.txt HTTP/1.0" 404 320 "-" "Mozilla/5.0 (compatible; MJ12bot/v1.4.3; http://www.majestic12.co.uk/bot.php?+)"
5.9.7.208 - - [16/Jun/2013:21:30:01 +0200] "GET / HTTP/1.0" 200 1229 "-" "Mozilla/5.0 (compatible; MJ12bot/v1.4.3; http://www.majestic12.co.uk/bot.php?+)"
217.230.138.254 - - [16/Jun/2013:22:10:41 +0200] "GET / HTTP/1.1" 200 1229 "http://www.bigfinder.de/online-11.html" "Mozilla/5.0 (Macintosh; U; Intel Mac OS X 10.6; de-DE; rv:1.9.2.8) Gecko/20100722 Firefox/3.6.8"
217.230.138.254 - - [16/Jun/2013:22:48:30 +0200] "GET / HTTP/1.1" 200 1229 "http://www.bigfinder.de/online-11.html" "Mozilla/4.0 (compatible; MSIE 8.0; Windows NT 6.0; Trident/4.0; GTB0.0; SLCC1; .NET CLR 2.0.50727; Media Center PC 5.0; .NET CLR 3.5.30729; .NET CLR 3.0.30729; .NET4.0C)"
217.212.224.183 - - [17/Jun/2013:00:15:01 +0200] "GET /robots.txt HTTP/1.0" 404 320 "-" "psbot/0.1 (+http://www.picsearch.com/bot.html)"
217.212.224.180 - - [17/Jun/2013:00:15:01 +0200] "GET / HTTP/1.0" 304 - "-" "psbot/0.1 (+http://www.picsearch.com/bot.html)"
84.38.65.176 - - [17/Jun/2013:00:44:37 +0200] "GET / HTTP/1.0" 200 1229 "http://www.domain-reputation.de/www.mink-berlin.de" "T-Online Browser (Windows NT 6.1; de)"
94.102.51.246 - - [17/Jun/2013:01:10:24 +0200] "GET http://24x7-allrequestsallowed.com/?PHPSESSID=7jy745aa00143SSQJ_W_EFBF%5CA HTTP/1.1" 200 1229 "-" "Mozilla/5.0 (Windows NT 6.1; rv:16.0) Gecko/20100101 Firefox/16.0"
157.55.35.115 - - [17/Jun/2013:05:02:46 +0200] "GET /robots.txt HTTP/1.1" 404 320 "-" "Mozilla/5.0 (compatible; bingbot/2.0; +http://www.bing.com/bingbot.htm)"
157.55.35.115 - - [17/Jun/2013:05:06:09 +0200] "GET / HTTP/1.1" 200 1229 "-" "Mozilla/5.0 (compatible; bingbot/2.0; +http://www.bing.com/bingbot.htm)"
65.55.52.116 - - [17/Jun/2013:09:55:39 +0200] "GET /robots.txt HTTP/1.1" 404 328 "-" "Mozilla/5.0 (compatible; bingbot/2.0; +http://www.bing.com/bingbot.htm)"
65.55.52.116 - - [17/Jun/2013:09:56:18 +0200] "GET / HTTP/1.1" 304 - "-" "Mozilla/5.0 (compatible; bingbot/2.0; +http://www.bing.com/bingbot.htm)"
94.23.45.14 - - [17/Jun/2013:13:43:35 +0200] "HEAD / HTTP/1.0" 200 - "-" "-"
198.7.63.36 - - [17/Jun/2013:14:04:11 +0200] "HEAD http://lenta.ru/info/ HTTP/1.1" 404 - "-" "Mozilla/5.0 ( Windows; U; Windows NT4.0; FireFox )"
91.201.229.53 - - [17/Jun/2013:14:45:57 +0200] "GET /phppath/php HTTP/1.0" 404 312 "-" "-"
91.201.229.53 - - [17/Jun/2013:14:45:57 +0200] "GET /phppath/php HTTP/1.0" 404 312 "-" "-"
91.201.229.53 - - [17/Jun/2013:14:45:57 +0200] "GET /phppath/php HTTP/1.0" 404 312 "-" "-"
91.201.229.53 - - [17/Jun/2013:14:45:57 +0200] "GET /phppath/php HTTP/1.0" 404 312 "-" "-"
91.201.229.53 - - [17/Jun/2013:14:45:57 +0200] "GET /phppath/php HTTP/1.0" 404 312 "-" "-"
91.201.229.53 - - [17/Jun/2013:14:45:57 +0200] "GET /phppath/php HTTP/1.0" 404 312 "-" "-"
91.201.229.53 - - [17/Jun/2013:14:45:57 +0200] "GET /phppath/php HTTP/1.0" 404 312 "-" "-"
91.201.229.53 - - [17/Jun/2013:14:45:57 +0200] "GET /phppath/php HTTP/1.0" 404 312 "-" "-"
91.201.229.53 - - [17/Jun/2013:14:45:57 +0200] "GET /phppath/php HTTP/1.0" 404 312 "-" "-"
91.201.229.53 - - [17/Jun/2013:14:45:57 +0200] "GET /phppath/php HTTP/1.0" 404 312 "-" "-"
157.56.229.184 - - [17/Jun/2013:15:27:33 +0200] "GET /robots.txt HTTP/1.1" 404 337 "-" "Mozilla/5.0 (compatible; bingbot/2.0; +http://www.bing.com/bingbot.htm)"
157.56.229.184 - - [17/Jun/2013:15:28:15 +0200] "GET / HTTP/1.1" 304 - "-" "Mozilla/5.0 (compatible; bingbot/2.0; +http://www.bing.com/bingbot.htm)"
216.145.11.94 - - [17/Jun/2013:16:52:32 +0200] "GET /robots.txt HTTP/1.0" 404 320 "-" "Mozilla/5.0 (Windows; U; Windows NT 5.1; en; rv:1.9.0.13) Gecko/2009073022 Firefox/3.5.2 (.NET CLR 3.5.30729) SurveyBot/2.3 (DomainTools)"
216.145.11.94 - - [17/Jun/2013:16:52:33 +0200] "GET / HTTP/1.1" 200 1229 "http://whois.domaintools.com/mink-berlin.de" "Mozilla/5.0 (Windows; U; Windows NT 5.1; en; rv:1.9.0.13) Gecko/2009073022 Firefox/3.5.2 (.NET CLR 3.5.30729) SurveyBot/2.3 (DomainTools)"
65.55.52.97 - - [17/Jun/2013:17:56:03 +0200] "GET /robots.txt HTTP/1.1" 404 320 "-" "Mozilla/5.0 (compatible; bingbot/2.0; +http://www.bing.com/bingbot.htm)"
65.55.52.97 - - [17/Jun/2013:17:56:55 +0200] "GET / HTTP/1.1" 200 1229 "-" "Mozilla/5.0 (compatible; bingbot/2.0; +http://www.bing.com/bingbot.htm)"
174.129.228.67 - - [17/Jun/2013:19:24:44 +0200] "GET /robots.txt HTTP/1.0" 404 320 "-" "ia_archiver (+http://www.alexa.com/site/help/webmasters; crawler@alexa.com)"
174.129.228.67 - - [17/Jun/2013:19:24:44 +0200] "GET / HTTP/1.0" 200 1229 "-" "ia_archiver (+http://www.alexa.com/site/help/webmasters; crawler@alexa.com)"
5.9.7.208 - - [17/Jun/2013:21:10:14 +0200] "GET /robots.txt HTTP/1.0" 404 320 "-" "Mozilla/5.0 (compatible; MJ12bot/v1.4.3; http://www.majestic12.co.uk/bot.php?+)"
5.9.7.208 - - [17/Jun/2013:21:10:18 +0200] "GET / HTTP/1.0" 200 1229 "-" "Mozilla/5.0 (compatible; MJ12bot/v1.4.3; http://www.majestic12.co.uk/bot.php?+)"
5.9.7.208 - - [17/Jun/2013:21:54:01 +0200] "GET /robots.txt HTTP/1.0" 404 320 "-" "Mozilla/5.0 (compatible; MJ12bot/v1.4.3; http://www.majestic12.co.uk/bot.php?+)"
5.9.7.208 - - [17/Jun/2013:21:54:10 +0200] "GET / HTTP/1.0" 200 1229 "-" "Mozilla/5.0 (compatible; MJ12bot/v1.4.3; http://www.majestic12.co.uk/bot.php?+)"
178.77.126.55 - - [17/Jun/2013:23:28:53 +0200] "GET /robots.txt HTTP/1.1" 404 320 "-" "Mozilla/5.0 (compatible; CareerBot/1.1; +http://www.career-x.de/bot.html)"
178.77.126.55 - - [17/Jun/2013:23:28:53 +0200] "GET / HTTP/1.1" 200 1229 "-" "Mozilla/5.0 (compatible; CareerBot/1.1; +http://www.career-x.de/bot.html)"
198.20.69.74 - - [18/Jun/2013:01:20:56 +0200] "GET / HTTP/1.1" 200 1229 "-" "-"
198.20.69.74 - - [18/Jun/2013:01:20:57 +0200] "GET /robots.txt HTTP/1.1" 404 315 "-" "-"
141.8.147.12 - - [18/Jun/2013:02:20:12 +0200] "GET /robots.txt HTTP/1.1" 404 327 "-" "Mozilla/5.0 (compatible; YandexBot/3.0; +http://yandex.com/bots)"
5.9.7.208 - - [18/Jun/2013:02:27:49 +0200] "GET /robots.txt HTTP/1.0" 404 320 "-" "Mozilla/5.0 (compatible; MJ12bot/v1.4.3; http://www.majestic12.co.uk/bot.php?+)"
5.9.7.208 - - [18/Jun/2013:02:28:03 +0200] "GET / HTTP/1.0" 200 1229 "-" "Mozilla/5.0 (compatible; MJ12bot/v1.4.3; http://www.majestic12.co.uk/bot.php?+)"
141.8.147.12 - - [18/Jun/2013:02:33:41 +0200] "GET /robots.txt HTTP/1.1" 404 322 "-" "Mozilla/5.0 (compatible; YandexBot/3.0; +http://yandex.com/bots)"
94.23.45.14 - - [18/Jun/2013:07:36:10 +0200] "HEAD / HTTP/1.0" 200 - "-" "-"
173.199.118.171 - - [18/Jun/2013:07:38:38 +0200] "GET /robots.txt HTTP/1.1" 404 320 "-" "Mozilla/5.0 (compatible; AhrefsBot/4.0; +http://ahrefs.com/robot/)"
141.8.147.12 - - [18/Jun/2013:08:53:57 +0200] "GET / HTTP/1.1" 200 1229 "-" "Mozilla/5.0 (compatible; YandexBot/3.0; +http://yandex.com/bots)"
194.76.64.12 - - [18/Jun/2013:09:33:12 +0200] "GET / HTTP/1.1" 200 1229 "-" "Mozilla/5.0 (Macintosh; Intel Mac OS X 10_8_4) AppleWebKit/536.30.1 (KHTML, like Gecko) Version/6.0.5 Safari/536.30.1"
194.76.64.12 - - [18/Jun/2013:09:33:12 +0200] "GET /favicon.ico HTTP/1.1" 404 316 "http://212.91.246.80/" "Mozilla/5.0 (Macintosh; Intel Mac OS X 10_8_4) AppleWebKit/536.30.1 (KHTML, like Gecko) Version/6.0.5 Safari/536.30.1"
157.56.92.146 - - [18/Jun/2013:10:21:34 +0200] "GET /robots.txt HTTP/1.1" 404 320 "-" "Mozilla/5.0 (compatible; bingbot/2.0; +http://www.bing.com/bingbot.htm)"
157.56.92.146 - - [18/Jun/2013:10:24:12 +0200] "GET / HTTP/1.1" 304 - "-" "Mozilla/5.0 (compatible; bingbot/2.0; +http://www.bing.com/bingbot.htm)"
141.8.147.12 - - [18/Jun/2013:11:00:37 +0200] "GET / HTTP/1.1" 200 1229 "-" "Mozilla/5.0 (compatible; YandexBot/3.0; +http://yandex.com/bots)"
173.199.116.11 - - [18/Jun/2013:14:10:25 +0200] "GET / HTTP/1.1" 200 1229 "-" "Mozilla/5.0 (compatible; AhrefsBot/4.0; +http://ahrefs.com/robot/)"
183.91.14.60 - - [18/Jun/2013:22:14:51 +0200] "GET http://www.google.com/ HTTP/1.0" 200 1229 "-" "Mozilla/4.0 (compatible; MSIE 6.0; Windows NT 5.1)"
183.91.14.60 - - [18/Jun/2013:22:14:51 +0200] "GET http://www.google.com/ HTTP/1.0" 200 1229 "-" "Mozilla/4.0 (compatible; MSIE 6.0; Windows NT 5.1)"
183.91.14.60 - - [18/Jun/2013:22:15:07 +0200] "GET http://www.google.com/ HTTP/1.0" 200 1229 "-" "Mozilla/4.0 (compatible; MSIE 6.0; Windows NT 5.1)"
183.91.14.60 - - [18/Jun/2013:22:15:12 +0200] "GET http://www.google.com/ HTTP/1.0" 200 1229 "-" "Mozilla/4.0 (compatible; MSIE 6.0; Windows NT 5.1)"
183.91.14.60 - - [18/Jun/2013:22:15:18 +0200] "GET http://www.google.com/ HTTP/1.0" 200 1229 "-" "Mozilla/4.0 (compatible; MSIE 6.0; Windows NT 5.1)"
183.91.14.60 - - [18/Jun/2013:22:15:20 +0200] "GET http://www.google.com/ HTTP/1.0" 200 1229 "-" "Mozilla/4.0 (compatible; MSIE 6.0; Windows NT 5.1)"
183.91.14.60 - - [18/Jun/2013:22:16:20 +0200] "GET http://www.google.com/ HTTP/1.0" 200 1229 "-" "Mozilla/4.0 (compatible; MSIE 6.0; Windows NT 5.1)"
183.91.14.60 - - [18/Jun/2013:22:16:27 +0200] "GET http://www.google.com/ HTTP/1.0" 200 1229 "-" "Mozilla/4.0 (compatible; MSIE 6.0; Windows NT 5.1)"
183.91.14.60 - - [18/Jun/2013:22:16:29 +0200] "GET http://www.google.com/ HTTP/1.0" 200 1229 "-" "Mozilla/4.0 (compatible; MSIE 6.0; Windows NT 5.1)"
183.91.14.60 - - [18/Jun/2013:22:16:29 +0200] "GET http://www.google.com/ HTTP/1.0" 200 1229 "-" "Mozilla/4.0 (compatible; MSIE 6.0; Windows NT 5.1)"
183.91.14.60 - - [18/Jun/2013:22:16:40 +0200] "GET http://www.google.com/ HTTP/1.0" 200 1229 "-" "Mozilla/4.0 (compatible; MSIE 6.0; Windows NT 5.1)"
183.91.14.60 - - [18/Jun/2013:22:17:00 +0200] "GET http://www.google.com/ HTTP/1.0" 200 1229 "-" "Mozilla/4.0 (compatible; MSIE 6.0; Windows NT 5.1)"
64.246.161.30 - - [18/Jun/2013:23:29:28 +0200] "GET /robots.txt HTTP/1.0" 404 334 "-" "Mozilla/5.0 (Windows; U; Windows NT 5.1; en; rv:1.9.0.13) Gecko/2009073022 Firefox/3.5.2 (.NET CLR 3.5.30729) SurveyBot/2.3 (DomainTools)"
