94.23.23.127 - - [07/Jun/2013:11:51:26 +0200] "GET /seiten/service.htm HTTP/1.0" 404 335 "-" "Mozilla/5.0 (compatible; MJ12bot/v1.4.3; http://www.majestic12.co.uk/bot.php?+)"
94.23.23.127 - - [07/Jun/2013:11:51:30 +0200] "GET /seiten/start.htm HTTP/1.0" 404 333 "-" "Mozilla/5.0 (compatible; MJ12bot/v1.4.3; http://www.majestic12.co.uk/bot.php?+)"
5.9.7.208 - - [07/Jun/2013:12:07:04 +0200] "GET /robots.txt HTTP/1.0" 404 320 "-" "Mozilla/5.0 (compatible; MJ12bot/v1.4.3; http://www.majestic12.co.uk/bot.php?+)"
5.9.7.208 - - [07/Jun/2013:12:07:06 +0200] "GET / HTTP/1.0" 200 1229 "-" "Mozilla/5.0 (compatible; MJ12bot/v1.4.3; http://www.majestic12.co.uk/bot.php?+)"
69.30.238.162 - - [07/Jun/2013:12:25:05 +0200] "GET /robots.txt HTTP/1.0" 404 320 "-" "Mozilla/5.0 (compatible; MJ12bot/v1.4.3; http://www.majestic12.co.uk/bot.php?+)"
69.30.238.162 - - [07/Jun/2013:12:25:08 +0200] "GET / HTTP/1.0" 200 1229 "-" "Mozilla/5.0 (compatible; MJ12bot/v1.4.3; http://www.majestic12.co.uk/bot.php?+)"
94.102.51.246 - - [07/Jun/2013:13:09:30 +0200] "GET http://24x7-allrequestsallowed.com/?PHPSESSID=7jy745aa00143SSQJ_W_EFBF%5CD HTTP/1.1" 200 1229 "-" "Mozilla/5.0 (Windows NT 6.1; rv:16.0) Gecko/20100101 Firefox/16.0"
5.9.7.208 - - [07/Jun/2013:13:43:58 +0200] "GET /robots.txt HTTP/1.0" 404 320 "-" "Mozilla/5.0 (compatible; MJ12bot/v1.4.3; http://www.majestic12.co.uk/bot.php?+)"
5.9.7.208 - - [07/Jun/2013:13:43:59 +0200] "GET / HTTP/1.0" 200 1229 "-" "Mozilla/5.0 (compatible; MJ12bot/v1.4.3; http://www.majestic12.co.uk/bot.php?+)"
193.111.141.195 - - [07/Jun/2013:14:39:58 +0200] "GET /robots.txt HTTP/1.0" 404 320 "-" "Mozilla/5.0 (compatible; MJ12bot/v1.4.3; http://www.majestic12.co.uk/bot.php?+)"
193.111.141.195 - - [07/Jun/2013:14:40:02 +0200] "GET / HTTP/1.0" 200 1229 "-" "Mozilla/5.0 (compatible; MJ12bot/v1.4.3; http://www.majestic12.co.uk/bot.php?+)"
204.12.208.234 - - [07/Jun/2013:15:07:07 +0200] "GET /robots.txt HTTP/1.0" 404 320 "-" "Mozilla/5.0 (compatible; MJ12bot/v1.4.3; http://www.majestic12.co.uk/bot.php?+)"
204.12.208.234 - - [07/Jun/2013:15:07:09 +0200] "GET / HTTP/1.0" 200 1229 "-" "Mozilla/5.0 (compatible; MJ12bot/v1.4.3; http://www.majestic12.co.uk/bot.php?+)"
178.25.80.224 - - [07/Jun/2013:16:22:57 +0200] "GET /robots.txt HTTP/1.0" 404 320 "-" "Mozilla/5.0 (compatible; MJ12bot/v1.4.3; http://www.majestic12.co.uk/bot.php?+)"
178.25.80.224 - - [07/Jun/2013:16:22:59 +0200] "GET / HTTP/1.1" 200 1229 "-" "Mozilla/5.0 (compatible; MJ12bot/v1.4.3; http://www.majestic12.co.uk/bot.php?+)"
141.8.147.12 - - [07/Jun/2013:16:36:50 +0200] "GET /robots.txt HTTP/1.1" 404 328 "-" "Mozilla/5.0 (compatible; YandexBot/3.0; +http://yandex.com/bots)"
88.190.39.105 - - [07/Jun/2013:18:08:35 +0200] "POST http://88.190.208.139/dotru43529.php HTTP/1.0" 404 320 "http://www.google.com/search?q=106172" "Mozilla/5.0 (Windows; U; Windows NT 5.1; fr; rv:1.9.1.8) Gecko/20100202 AskTbFXTV5/3.8.0.601808 Firefox/3.5.8"
176.9.155.226 - - [07/Jun/2013:18:21:04 +0200] "GET /robots.txt HTTP/1.1" 404 322 "-" "Mozilla/5.0 (compatible; SISTRIX Crawler; http://crawler.sistrix.net/)"
176.9.155.226 - - [07/Jun/2013:18:21:04 +0200] "GET / HTTP/1.1" 206 1229 "-" "Mozilla/5.0 (compatible; SISTRIX Crawler; http://crawler.sistrix.net/)"
5.9.7.208 - - [07/Jun/2013:20:28:45 +0200] "GET /robots.txt HTTP/1.0" 404 320 "-" "Mozilla/5.0 (compatible; MJ12bot/v1.4.3; http://www.majestic12.co.uk/bot.php?+)"
5.9.7.208 - - [07/Jun/2013:20:28:47 +0200] "GET / HTTP/1.0" 200 1229 "-" "Mozilla/5.0 (compatible; MJ12bot/v1.4.3; http://www.majestic12.co.uk/bot.php?+)"
176.9.148.194 - - [07/Jun/2013:20:42:43 +0200] "GET /robots.txt HTTP/1.1" 404 327 "-" "Mozilla/5.0 (compatible; SISTRIX Crawler; http://crawler.sistrix.net/)"
176.9.148.194 - - [07/Jun/2013:20:42:43 +0200] "GET / HTTP/1.1" 206 1229 "-" "Mozilla/5.0 (compatible; SISTRIX Crawler; http://crawler.sistrix.net/)"
141.8.147.12 - - [07/Jun/2013:20:44:39 +0200] "GET /robots.txt HTTP/1.1" 404 322 "-" "Mozilla/5.0 (compatible; YandexBot/3.0; +http://yandex.com/bots)"
141.8.147.12 - - [07/Jun/2013:20:52:46 +0200] "GET /robots.txt HTTP/1.1" 404 320 "-" "Mozilla/5.0 (compatible; YandexBot/3.0; +http://yandex.com/bots)"
68.169.60.176 - - [07/Jun/2013:20:59:32 +0200] "GET /w00tw00t.at.ISC.SANS.DFind:) HTTP/1.1" 400 329 "-" "-"
68.169.60.176 - - [07/Jun/2013:20:59:32 +0200] "GET /w00tw00t.at.ISC.SANS.DFind:) HTTP/1.1" 400 329 "-" "-"
68.169.60.176 - - [07/Jun/2013:20:59:32 +0200] "GET /w00tw00t.at.ISC.SANS.DFind:) HTTP/1.1" 400 329 "-" "-"
68.169.60.176 - - [07/Jun/2013:20:59:32 +0200] "GET /w00tw00t.at.ISC.SANS.DFind:) HTTP/1.1" 400 329 "-" "-"
68.169.60.176 - - [07/Jun/2013:20:59:32 +0200] "GET /w00tw00t.at.ISC.SANS.DFind:) HTTP/1.1" 400 329 "-" "-"
68.169.60.176 - - [07/Jun/2013:20:59:34 +0200] "GET /w00tw00t.at.ISC.SANS.DFind:) HTTP/1.1" 400 329 "-" "-"
68.169.60.176 - - [07/Jun/2013:20:59:34 +0200] "GET /w00tw00t.at.ISC.SANS.DFind:) HTTP/1.1" 400 329 "-" "-"
68.169.60.176 - - [07/Jun/2013:20:59:34 +0200] "GET /w00tw00t.at.ISC.SANS.DFind:) HTTP/1.1" 400 329 "-" "-"
68.169.60.176 - - [07/Jun/2013:20:59:34 +0200] "GET /w00tw00t.at.ISC.SANS.DFind:) HTTP/1.1" 400 329 "-" "-"
68.169.60.176 - - [07/Jun/2013:20:59:34 +0200] "GET /w00tw00t.at.ISC.SANS.DFind:) HTTP/1.1" 400 329 "-" "-"
204.12.214.162 - - [07/Jun/2013:21:24:43 +0200] "GET /robots.txt HTTP/1.0" 404 320 "-" "Mozilla/5.0 (compatible; MJ12bot/v1.4.3; http://www.majestic12.co.uk/bot.php?+)"
204.12.214.162 - - [07/Jun/2013:21:24:44 +0200] "GET / HTTP/1.0" 200 1229 "-" "Mozilla/5.0 (compatible; MJ12bot/v1.4.3; http://www.majestic12.co.uk/bot.php?+)"
69.197.129.42 - - [07/Jun/2013:22:09:44 +0200] "GET /robots.txt HTTP/1.0" 404 320 "-" "Mozilla/5.0 (compatible; MJ12bot/v1.4.3; http://www.majestic12.co.uk/bot.php?+)"
69.197.129.42 - - [07/Jun/2013:22:09:48 +0200] "GET / HTTP/1.0" 200 1229 "-" "Mozilla/5.0 (compatible; MJ12bot/v1.4.3; http://www.majestic12.co.uk/bot.php?+)"
193.111.141.195 - - [07/Jun/2013:22:24:21 +0200] "GET /robots.txt HTTP/1.0" 404 320 "-" "Mozilla/5.0 (compatible; MJ12bot/v1.4.3; http://www.majestic12.co.uk/bot.php?+)"
193.111.141.195 - - [07/Jun/2013:22:24:25 +0200] "GET / HTTP/1.0" 200 1229 "-" "Mozilla/5.0 (compatible; MJ12bot/v1.4.3; http://www.majestic12.co.uk/bot.php?+)"
141.8.147.12 - - [07/Jun/2013:22:34:46 +0200] "GET /robots.txt HTTP/1.1" 404 327 "-" "Mozilla/5.0 (compatible; YandexBot/3.0; +http://yandex.com/bots)"
194.153.113.7 - - [07/Jun/2013:22:40:25 +0200] "HEAD / HTTP/1.1" 200 - "-" "Mozilla/5.0 (compatible; oBot/2.3.1; +http://filterdb.iss.net/crawler/)"
173.208.180.58 - - [07/Jun/2013:23:03:11 +0200] "GET /robots.txt HTTP/1.0" 404 320 "-" "Mozilla/5.0 (compatible; MJ12bot/v1.4.3; http://www.majestic12.co.uk/bot.php?+)"
173.208.180.58 - - [07/Jun/2013:23:03:13 +0200] "GET / HTTP/1.0" 200 1229 "-" "Mozilla/5.0 (compatible; MJ12bot/v1.4.3; http://www.majestic12.co.uk/bot.php?+)"
173.208.150.250 - - [07/Jun/2013:23:27:37 +0200] "GET /robots.txt HTTP/1.0" 404 320 "-" "Mozilla/5.0 (compatible; MJ12bot/v1.4.3; http://www.majestic12.co.uk/bot.php?+)"
173.208.150.250 - - [07/Jun/2013:23:27:38 +0200] "GET / HTTP/1.0" 200 1229 "-" "Mozilla/5.0 (compatible; MJ12bot/v1.4.3; http://www.majestic12.co.uk/bot.php?+)"
141.8.147.12 - - [07/Jun/2013:23:28:54 +0200] "GET / HTTP/1.1" 200 1229 "-" "Mozilla/5.0 (compatible; YandexBot/3.0; +http://yandex.com/bots)"
190.122.185.173 - - [07/Jun/2013:23:57:25 +0200] "HEAD / HTTP/1.0" 200 - "-" "-"
190.122.185.173 - - [07/Jun/2013:23:57:25 +0200] "HEAD / HTTP/1.0" 200 - "-" "-"
84.158.168.118 - - [08/Jun/2013:00:45:57 +0200] "GET /robots.txt HTTP/1.0" 404 320 "-" "Mozilla/5.0 (compatible; MJ12bot/v1.4.3; http://www.majestic12.co.uk/bot.php?+)"
141.8.147.12 - - [08/Jun/2013:00:45:57 +0200] "GET / HTTP/1.1" 200 1229 "-" "Mozilla/5.0 (compatible; YandexBot/3.0; +http://yandex.com/bots)"
84.158.168.118 - - [08/Jun/2013:00:45:59 +0200] "GET / HTTP/1.1" 200 1229 "-" "Mozilla/5.0 (compatible; MJ12bot/v1.4.3; http://www.majestic12.co.uk/bot.php?+)"
107.20.56.127 - - [08/Jun/2013:00:50:27 +0200] "GET / HTTP/1.0" 200 1229 "-" "Mozilla/5.0 (compatible; NetcraftSurveyAgent/1.0; +info@netcraft.com)"
54.235.22.113 - - [08/Jun/2013:01:03:45 +0200] "GET / HTTP/1.0" 200 1229 "-" "Mozilla/5.0 (compatible; NetcraftSurveyAgent/1.0; +info@netcraft.com)"
54.242.5.189 - - [08/Jun/2013:01:31:21 +0200] "GET / HTTP/1.0" 200 1229 "-" "Mozilla/5.0 (compatible; NetcraftSurveyAgent/1.0; +info@netcraft.com)"
107.22.152.84 - - [08/Jun/2013:02:04:19 +0200] "GET / HTTP/1.0" 200 1229 "-" "Mozilla/5.0 (compatible; NetcraftSurveyAgent/1.0; +info@netcraft.com)"
54.234.71.108 - - [08/Jun/2013:02:47:08 +0200] "GET / HTTP/1.0" 200 1229 "-" "Mozilla/5.0 (compatible; NetcraftSurveyAgent/1.0; +info@netcraft.com)"
54.226.197.5 - - [08/Jun/2013:02:47:57 +0200] "GET / HTTP/1.0" 200 1229 "-" "Mozilla/5.0 (compatible; NetcraftSurveyAgent/1.0; +info@netcraft.com)"
54.226.131.192 - - [08/Jun/2013:03:02:16 +0200] "GET / HTTP/1.0" 200 1229 "-" "Mozilla/5.0 (compatible; NetcraftSurveyAgent/1.0; +info@netcraft.com)"
141.8.147.12 - - [08/Jun/2013:03:08:17 +0200] "GET / HTTP/1.1" 200 1229 "-" "Mozilla/5.0 (compatible; YandexBot/3.0; +http://yandex.com/bots)"
141.8.147.12 - - [08/Jun/2013:03:33:42 +0200] "GET /robots.txt HTTP/1.1" 404 337 "-" "Mozilla/5.0 (compatible; YandexBot/3.0; +http://yandex.com/bots)"
65.55.24.217 - - [08/Jun/2013:04:05:09 +0200] "GET /robots.txt HTTP/1.1" 404 320 "-" "Mozilla/5.0 (compatible; bingbot/2.0; +http://www.bing.com/bingbot.htm)"
65.55.24.217 - - [08/Jun/2013:04:05:44 +0200] "GET /Schmierstoffe.htm HTTP/1.1" 404 327 "-" "Mozilla/5.0 (compatible; bingbot/2.0; +http://www.bing.com/bingbot.htm)"
141.8.147.12 - - [08/Jun/2013:05:10:15 +0200] "GET / HTTP/1.1" 200 1229 "-" "Mozilla/5.0 (compatible; YandexBot/3.0; +http://yandex.com/bots)"
54.226.89.170 - - [08/Jun/2013:05:13:15 +0200] "GET / HTTP/1.0" 200 1229 "-" "Mozilla/5.0 (compatible; NetcraftSurveyAgent/1.0; +info@netcraft.com)"
23.23.32.174 - - [08/Jun/2013:05:19:48 +0200] "GET / HTTP/1.0" 200 1229 "-" "Mozilla/5.0 (compatible; NetcraftSurveyAgent/1.0; +info@netcraft.com)"
198.20.69.74 - - [08/Jun/2013:06:10:19 +0200] "GET / HTTP/1.1" 200 1229 "-" "-"
198.20.69.74 - - [08/Jun/2013:06:10:20 +0200] "GET /robots.txt HTTP/1.1" 404 315 "-" "-"
54.226.199.134 - - [08/Jun/2013:06:21:16 +0200] "GET / HTTP/1.0" 200 1229 "-" "Mozilla/5.0 (compatible; NetcraftSurveyAgent/1.0; +info@netcraft.com)"
141.8.147.12 - - [08/Jun/2013:08:59:53 +0200] "GET /robots.txt HTTP/1.1" 404 322 "-" "Mozilla/5.0 (compatible; YandexBot/3.0; +http://yandex.com/bots)"
50.59.209.169 - - [08/Jun/2013:10:58:53 +0200] "GET /user/soapCaller.bs HTTP/1.1" 404 323 "-" "Morfeus Fucking Scanner"
50.59.209.169 - - [08/Jun/2013:10:58:53 +0200] "GET /user/soapCaller.bs HTTP/1.1" 404 323 "-" "Morfeus Fucking Scanner"
50.59.209.169 - - [08/Jun/2013:10:58:53 +0200] "GET /user/soapCaller.bs HTTP/1.1" 404 323 "-" "Morfeus Fucking Scanner"
50.59.209.169 - - [08/Jun/2013:10:58:53 +0200] "GET /user/soapCaller.bs HTTP/1.1" 404 323 "-" "Morfeus Fucking Scanner"
50.59.209.169 - - [08/Jun/2013:10:58:53 +0200] "GET /user/soapCaller.bs HTTP/1.1" 404 323 "-" "Morfeus Fucking Scanner"
50.59.209.169 - - [08/Jun/2013:10:58:53 +0200] "GET /user/soapCaller.bs HTTP/1.1" 404 323 "-" "Morfeus Fucking Scanner"
50.59.209.169 - - [08/Jun/2013:10:58:53 +0200] "GET /user/soapCaller.bs HTTP/1.1" 404 323 "-" "Morfeus Fucking Scanner"
50.59.209.169 - - [08/Jun/2013:10:58:53 +0200] "GET /user/soapCaller.bs HTTP/1.1" 404 323 "-" "Morfeus Fucking Scanner"
50.59.209.169 - - [08/Jun/2013:10:58:53 +0200] "GET /user/soapCaller.bs HTTP/1.1" 404 323 "-" "Morfeus Fucking Scanner"
50.59.209.169 - - [08/Jun/2013:10:58:53 +0200] "GET /user/soapCaller.bs HTTP/1.1" 404 323 "-" "Morfeus Fucking Scanner"
94.102.51.246 - - [08/Jun/2013:12:09:29 +0200] "GET http://24x7-allrequestsallowed.com/?PHPSESSID=7jy745aa00143SSQJ_W_EFBF%5CO HTTP/1.1" 200 1229 "-" "Mozilla/5.0 (Windows NT 6.1; rv:16.0) Gecko/20100101 Firefox/16.0"
90.183.250.1 - - [08/Jun/2013:12:28:34 +0200] "HEAD / HTTP/1.0" 200 - "-" "-"
64.246.178.34 - - [08/Jun/2013:15:47:56 +0200] "GET /robots.txt HTTP/1.0" 404 334 "-" "Mozilla/5.0 (Windows; U; Windows NT 5.1; en; rv:1.9.0.13) Gecko/2009073022 Firefox/3.5.2 (.NET CLR 3.5.30729) SurveyBot/2.3 (DomainTools)"
64.246.178.34 - - [08/Jun/2013:15:47:57 +0200] "GET / HTTP/1.1" 200 1229 "http://whois.domaintools.com/xn--heizlpreiseberlin-2zb.de" "Mozilla/5.0 (Windows; U; Windows NT 5.1; en; rv:1.9.0.13) Gecko/2009073022 Firefox/3.5.2 (.NET CLR 3.5.30729) SurveyBot/2.3 (DomainTools)"
212.86.219.134 - - [08/Jun/2013:15:53:05 +0200] "GET /robots.txt HTTP/1.1" 404 333 "-" "Mozilla/5.0 (Macintosh; U; Intel Mac OS X 10_5_6; en-us) AppleWebKit/528.16 (KHTML, like Gecko) Version/4.0 Safari/528.16"
212.86.219.134 - - [08/Jun/2013:15:53:05 +0200] "GET / HTTP/1.1" 200 1229 "-" "Mozilla/5.0 (Macintosh; U; Intel Mac OS X 10_5_6; en-us) AppleWebKit/528.16 (KHTML, like Gecko) Version/4.0 Safari/528.16"
216.145.5.42 - - [08/Jun/2013:16:00:10 +0200] "GET /robots.txt HTTP/1.0" 404 328 "-" "Mozilla/5.0 (Windows; U; Windows NT 5.1; en; rv:1.9.0.13) Gecko/2009073022 Firefox/3.5.2 (.NET CLR 3.5.30729) SurveyBot/2.3 (DomainTools)"
216.145.5.42 - - [08/Jun/2013:16:00:10 +0200] "GET / HTTP/1.1" 200 1229 "http://whois.domaintools.com/xn--heizlberlin-ufb.de" "Mozilla/5.0 (Windows; U; Windows NT 5.1; en; rv:1.9.0.13) Gecko/2009073022 Firefox/3.5.2 (.NET CLR 3.5.30729) SurveyBot/2.3 (DomainTools)"
64.246.165.10 - - [08/Jun/2013:16:13:33 +0200] "GET /robots.txt HTTP/1.0" 404 325 "-" "Mozilla/5.0 (Windows; U; Windows NT 5.1; en; rv:1.9.0.13) Gecko/2009073022 Firefox/3.5.2 (.NET CLR 3.5.30729) SurveyBot/2.3 (DomainTools)"
64.246.165.10 - - [08/Jun/2013:16:13:33 +0200] "GET / HTTP/1.1" 200 1229 "http://whois.domaintools.com/xn--premiuml-t4a.de" "Mozilla/5.0 (Windows; U; Windows NT 5.1; en; rv:1.9.0.13) Gecko/2009073022 Firefox/3.5.2 (.NET CLR 3.5.30729) SurveyBot/2.3 (DomainTools)"
141.8.147.12 - - [08/Jun/2013:16:15:56 +0200] "GET / HTTP/1.1" 200 1229 "-" "Mozilla/5.0 (compatible; YandexBot/3.0; +http://yandex.com/bots)"
64.246.165.50 - - [08/Jun/2013:16:24:31 +0200] "GET /robots.txt HTTP/1.0" 404 337 "-" "Mozilla/5.0 (Windows; U; Windows NT 5.1; en; rv:1.9.0.13) Gecko/2009073022 Firefox/3.5.2 (.NET CLR 3.5.30729) SurveyBot/2.3 (DomainTools)"
64.246.165.50 - - [08/Jun/2013:16:24:31 +0200] "GET / HTTP/1.1" 200 1229 "http://whois.domaintools.com/xn--heizllieferantberlin-69b.de" "Mozilla/5.0 (Windows; U; Windows NT 5.1; en; rv:1.9.0.13) Gecko/2009073022 Firefox/3.5.2 (.NET CLR 3.5.30729) SurveyBot/2.3 (DomainTools)"
216.145.5.42 - - [08/Jun/2013:16:42:15 +0200] "GET /robots.txt HTTP/1.0" 404 327 "-" "Mozilla/5.0 (Windows; U; Windows NT 5.1; en; rv:1.9.0.13) Gecko/2009073022 Firefox/3.5.2 (.NET CLR 3.5.30729) SurveyBot/2.3 (DomainTools)"
216.145.5.42 - - [08/Jun/2013:16:42:15 +0200] "GET / HTTP/1.1" 200 1229 "http://whois.domaintools.com/xn--essohndler-u5a.de" "Mozilla/5.0 (Windows; U; Windows NT 5.1; en; rv:1.9.0.13) Gecko/2009073022 Firefox/3.5.2 (.NET CLR 3.5.30729) SurveyBot/2.3 (DomainTools)"
188.165.224.95 - - [08/Jun/2013:16:55:16 +0200] "GET /phppath/php HTTP/1.0" 404 312 "-" "-"
188.165.224.95 - - [08/Jun/2013:16:55:16 +0200] "GET /phppath/php HTTP/1.0" 404 312 "-" "-"
188.165.224.95 - - [08/Jun/2013:16:55:16 +0200] "GET /phppath/php HTTP/1.0" 404 312 "-" "-"
188.165.224.95 - - [08/Jun/2013:16:55:16 +0200] "GET /phppath/php HTTP/1.0" 404 312 "-" "-"
188.165.224.95 - - [08/Jun/2013:16:55:16 +0200] "GET /phppath/php HTTP/1.0" 404 312 "-" "-"
188.165.224.95 - - [08/Jun/2013:16:55:16 +0200] "GET /phppath/php HTTP/1.0" 404 312 "-" "-"
188.165.224.95 - - [08/Jun/2013:16:55:16 +0200] "GET /phppath/php HTTP/1.0" 404 312 "-" "-"
188.165.224.95 - - [08/Jun/2013:16:55:16 +0200] "GET /phppath/php HTTP/1.0" 404 312 "-" "-"
188.165.224.95 - - [08/Jun/2013:16:55:16 +0200] "GET /phppath/php HTTP/1.0" 404 312 "-" "-"
188.165.224.95 - - [08/Jun/2013:16:55:16 +0200] "GET /phppath/php HTTP/1.0" 404 312 "-" "-"
54.226.204.40 - - [08/Jun/2013:17:18:02 +0200] "HEAD /spicons/apache_pb.gif HTTP/1.0" 404 - "-" "Mozilla/5.0 (compatible; NetcraftSurveyAgent/1.0; +info@netcraft.com)"
216.145.17.190 - - [08/Jun/2013:19:11:11 +0200] "GET /robots.txt HTTP/1.0" 404 333 "-" "Mozilla/5.0 (Windows; U; Windows NT 5.1; en; rv:1.9.0.13) Gecko/2009073022 Firefox/3.5.2 (.NET CLR 3.5.30729) SurveyBot/2.3 (DomainTools)"
216.145.17.190 - - [08/Jun/2013:19:11:12 +0200] "GET / HTTP/1.1" 200 1229 "http://whois.domaintools.com/xn--heizllieferungen-pwb.de" "Mozilla/5.0 (Windows; U; Windows NT 5.1; en; rv:1.9.0.13) Gecko/2009073022 Firefox/3.5.2 (.NET CLR 3.5.30729) SurveyBot/2.3 (DomainTools)"
70.86.135.250 - - [08/Jun/2013:19:23:20 +0200] "POST /%70%68%70%70%61%74%68/%70%68%70?%2D%64+%61%6C%6C%6F%77%5F%75%72%6C%5F%69%6E%63%6C%75%64%65%3D%6F%6E+%2D%64+%73%61%66%65%5F%6D%6F%64%65%3D%6F%66%66+%2D%64+%73%75%68%6F%73%69%6E%2E%73%69%6D%75%6C%61%74%69%6F%6E%3D%6F%6E+%2D%64+%64%69%73%61%62%6C%65%5F%66%75%6E%63%74%69%6F%6E%73%3D%22%22+%2D%64+%6F%70%65%6E%5F%62%61%73%65%64%69%72%3D%6E%6F%6E%65+%2D%64+%61%75%74%6F%5F%70%72%65%70%65%6E%64%5F%66%69%6C%65%3D%70%68%70%3A%2F%2F%69%6E%70%75%74+%2D%6E HTTP/1.1" 404 316 "-" "Mozilla/5.0 (compatible; Googlebot/2.1; +http://www.google.com/bot.html)"
70.86.135.250 - - [08/Jun/2013:19:23:20 +0200] "POST /%70%68%70%70%61%74%68/%70%68%70?%2D%64+%61%6C%6C%6F%77%5F%75%72%6C%5F%69%6E%63%6C%75%64%65%3D%6F%6E+%2D%64+%73%61%66%65%5F%6D%6F%64%65%3D%6F%66%66+%2D%64+%73%75%68%6F%73%69%6E%2E%73%69%6D%75%6C%61%74%69%6F%6E%3D%6F%6E+%2D%64+%64%69%73%61%62%6C%65%5F%66%75%6E%63%74%69%6F%6E%73%3D%22%22+%2D%64+%6F%70%65%6E%5F%62%61%73%65%64%69%72%3D%6E%6F%6E%65+%2D%64+%61%75%74%6F%5F%70%72%65%70%65%6E%64%5F%66%69%6C%65%3D%70%68%70%3A%2F%2F%69%6E%70%75%74+%2D%6E HTTP/1.1" 404 316 "-" "Mozilla/5.0 (compatible; Googlebot/2.1; +http://www.google.com/bot.html)"
70.86.135.250 - - [08/Jun/2013:19:23:20 +0200] "POST /%70%68%70%70%61%74%68/%70%68%70?%2D%64+%61%6C%6C%6F%77%5F%75%72%6C%5F%69%6E%63%6C%75%64%65%3D%6F%6E+%2D%64+%73%61%66%65%5F%6D%6F%64%65%3D%6F%66%66+%2D%64+%73%75%68%6F%73%69%6E%2E%73%69%6D%75%6C%61%74%69%6F%6E%3D%6F%6E+%2D%64+%64%69%73%61%62%6C%65%5F%66%75%6E%63%74%69%6F%6E%73%3D%22%22+%2D%64+%6F%70%65%6E%5F%62%61%73%65%64%69%72%3D%6E%6F%6E%65+%2D%64+%61%75%74%6F%5F%70%72%65%70%65%6E%64%5F%66%69%6C%65%3D%70%68%70%3A%2F%2F%69%6E%70%75%74+%2D%6E HTTP/1.1" 404 316 "-" "Mozilla/5.0 (compatible; Googlebot/2.1; +http://www.google.com/bot.html)"
70.86.135.250 - - [08/Jun/2013:19:23:20 +0200] "POST /%70%68%70%70%61%74%68/%70%68%70?%2D%64+%61%6C%6C%6F%77%5F%75%72%6C%5F%69%6E%63%6C%75%64%65%3D%6F%6E+%2D%64+%73%61%66%65%5F%6D%6F%64%65%3D%6F%66%66+%2D%64+%73%75%68%6F%73%69%6E%2E%73%69%6D%75%6C%61%74%69%6F%6E%3D%6F%6E+%2D%64+%64%69%73%61%62%6C%65%5F%66%75%6E%63%74%69%6F%6E%73%3D%22%22+%2D%64+%6F%70%65%6E%5F%62%61%73%65%64%69%72%3D%6E%6F%6E%65+%2D%64+%61%75%74%6F%5F%70%72%65%70%65%6E%64%5F%66%69%6C%65%3D%70%68%70%3A%2F%2F%69%6E%70%75%74+%2D%6E HTTP/1.1" 404 316 "-" "Mozilla/5.0 (compatible; Googlebot/2.1; +http://www.google.com/bot.html)"
70.86.135.250 - - [08/Jun/2013:19:23:20 +0200] "POST /%70%68%70%70%61%74%68/%70%68%70?%2D%64+%61%6C%6C%6F%77%5F%75%72%6C%5F%69%6E%63%6C%75%64%65%3D%6F%6E+%2D%64+%73%61%66%65%5F%6D%6F%64%65%3D%6F%66%66+%2D%64+%73%75%68%6F%73%69%6E%2E%73%69%6D%75%6C%61%74%69%6F%6E%3D%6F%6E+%2D%64+%64%69%73%61%62%6C%65%5F%66%75%6E%63%74%69%6F%6E%73%3D%22%22+%2D%64+%6F%70%65%6E%5F%62%61%73%65%64%69%72%3D%6E%6F%6E%65+%2D%64+%61%75%74%6F%5F%70%72%65%70%65%6E%64%5F%66%69%6C%65%3D%70%68%70%3A%2F%2F%69%6E%70%75%74+%2D%6E HTTP/1.1" 404 316 "-" "Mozilla/5.0 (compatible; Googlebot/2.1; +http://www.google.com/bot.html)"
70.86.135.250 - - [08/Jun/2013:19:23:20 +0200] "POST /%70%68%70%70%61%74%68/%70%68%70?%2D%64+%61%6C%6C%6F%77%5F%75%72%6C%5F%69%6E%63%6C%75%64%65%3D%6F%6E+%2D%64+%73%61%66%65%5F%6D%6F%64%65%3D%6F%66%66+%2D%64+%73%75%68%6F%73%69%6E%2E%73%69%6D%75%6C%61%74%69%6F%6E%3D%6F%6E+%2D%64+%64%69%73%61%62%6C%65%5F%66%75%6E%63%74%69%6F%6E%73%3D%22%22+%2D%64+%6F%70%65%6E%5F%62%61%73%65%64%69%72%3D%6E%6F%6E%65+%2D%64+%61%75%74%6F%5F%70%72%65%70%65%6E%64%5F%66%69%6C%65%3D%70%68%70%3A%2F%2F%69%6E%70%75%74+%2D%6E HTTP/1.1" 404 316 "-" "Mozilla/5.0 (compatible; Googlebot/2.1; +http://www.google.com/bot.html)"
70.86.135.250 - - [08/Jun/2013:19:23:20 +0200] "POST /%70%68%70%70%61%74%68/%70%68%70?%2D%64+%61%6C%6C%6F%77%5F%75%72%6C%5F%69%6E%63%6C%75%64%65%3D%6F%6E+%2D%64+%73%61%66%65%5F%6D%6F%64%65%3D%6F%66%66+%2D%64+%73%75%68%6F%73%69%6E%2E%73%69%6D%75%6C%61%74%69%6F%6E%3D%6F%6E+%2D%64+%64%69%73%61%62%6C%65%5F%66%75%6E%63%74%69%6F%6E%73%3D%22%22+%2D%64+%6F%70%65%6E%5F%62%61%73%65%64%69%72%3D%6E%6F%6E%65+%2D%64+%61%75%74%6F%5F%70%72%65%70%65%6E%64%5F%66%69%6C%65%3D%70%68%70%3A%2F%2F%69%6E%70%75%74+%2D%6E HTTP/1.1" 404 316 "-" "Mozilla/5.0 (compatible; Googlebot/2.1; +http://www.google.com/bot.html)"
70.86.135.250 - - [08/Jun/2013:19:23:20 +0200] "POST /%70%68%70%70%61%74%68/%70%68%70?%2D%64+%61%6C%6C%6F%77%5F%75%72%6C%5F%69%6E%63%6C%75%64%65%3D%6F%6E+%2D%64+%73%61%66%65%5F%6D%6F%64%65%3D%6F%66%66+%2D%64+%73%75%68%6F%73%69%6E%2E%73%69%6D%75%6C%61%74%69%6F%6E%3D%6F%6E+%2D%64+%64%69%73%61%62%6C%65%5F%66%75%6E%63%74%69%6F%6E%73%3D%22%22+%2D%64+%6F%70%65%6E%5F%62%61%73%65%64%69%72%3D%6E%6F%6E%65+%2D%64+%61%75%74%6F%5F%70%72%65%70%65%6E%64%5F%66%69%6C%65%3D%70%68%70%3A%2F%2F%69%6E%70%75%74+%2D%6E HTTP/1.1" 404 316 "-" "Mozilla/5.0 (compatible; Googlebot/2.1; +http://www.google.com/bot.html)"
46.229.164.100 - - [08/Jun/2013:19:44:20 +0200] "GET / HTTP/1.1" 200 1229 "-" "Mozilla/5.0 (compatible; SemrushBot/0.96.2; +http://www.semrush.com/bot.html)"
69.197.128.26 - - [08/Jun/2013:19:58:06 +0200] "GET /robots.txt HTTP/1.0" 404 322 "-" "Mozilla/5.0 (compatible; MJ12bot/v1.4.3; http://www.majestic12.co.uk/bot.php?+)"
69.197.128.26 - - [08/Jun/2013:19:58:09 +0200] "GET / HTTP/1.0" 200 1229 "-" "Mozilla/5.0 (compatible; MJ12bot/v1.4.3; http://www.majestic12.co.uk/bot.php?+)"
141.8.147.12 - - [08/Jun/2013:20:52:47 +0200] "GET /robots.txt HTTP/1.1" 404 333 "-" "Mozilla/5.0 (compatible; YandexBot/3.0; +http://yandex.com/bots)"
141.8.147.12 - - [08/Jun/2013:20:56:44 +0200] "GET /robots.txt HTTP/1.1" 404 320 "-" "Mozilla/5.0 (compatible; YandexBot/3.0; +http://yandex.com/bots)"
141.8.147.12 - - [08/Jun/2013:20:57:41 +0200] "GET /robots.txt HTTP/1.1" 404 322 "-" "Mozilla/5.0 (compatible; YandexBot/3.0; +http://yandex.com/bots)"
141.8.147.12 - - [08/Jun/2013:22:29:55 +0200] "GET / HTTP/1.1" 200 1229 "-" "Mozilla/5.0 (compatible; YandexBot/3.0; +http://yandex.com/bots)"
5.9.7.208 - - [08/Jun/2013:23:01:04 +0200] "GET /robots.txt HTTP/1.0" 404 320 "-" "Mozilla/5.0 (compatible; MJ12bot/v1.4.3; http://www.majestic12.co.uk/bot.php?+)"
5.9.7.208 - - [08/Jun/2013:23:01:12 +0200] "GET / HTTP/1.0" 200 1229 "-" "Mozilla/5.0 (compatible; MJ12bot/v1.4.3; http://www.majestic12.co.uk/bot.php?+)"
141.8.147.12 - - [08/Jun/2013:23:12:35 +0200] "GET /robots.txt HTTP/1.1" 404 327 "-" "Mozilla/5.0 (compatible; YandexBot/3.0; +http://yandex.com/bots)"
64.79.77.38 - - [09/Jun/2013:00:11:31 +0200] "GET / HTTP/1.1" 200 1229 "-" "Mozilla/5.0 (compatible; MSIE 8.0; Windows NT 5.1) KomodiaBot/1.0"
64.79.77.38 - - [09/Jun/2013:00:25:04 +0200] "GET / HTTP/1.1" 200 1229 "-" "Mozilla/5.0 (compatible; MSIE 8.0; Windows NT 5.1) KomodiaBot/1.0"
5.9.7.208 - - [09/Jun/2013:00:33:53 +0200] "GET /robots.txt HTTP/1.0" 404 320 "-" "Mozilla/5.0 (compatible; MJ12bot/v1.4.3; http://www.majestic12.co.uk/bot.php?+)"
5.9.7.208 - - [09/Jun/2013:00:33:54 +0200] "GET / HTTP/1.0" 200 1229 "-" "Mozilla/5.0 (compatible; MJ12bot/v1.4.3; http://www.majestic12.co.uk/bot.php?+)"
64.79.77.36 - - [09/Jun/2013:00:47:04 +0200] "GET / HTTP/1.1" 200 1229 "-" "Mozilla/5.0 (compatible; MSIE 8.0; Windows NT 5.1) KomodiaBot/1.0"
64.79.77.35 - - [09/Jun/2013:00:49:27 +0200] "GET / HTTP/1.1" 200 1229 "-" "Mozilla/5.0 (compatible; MSIE 8.0; Windows NT 5.1) KomodiaBot/1.0"
178.77.126.55 - - [09/Jun/2013:01:03:52 +0200] "GET /robots.txt HTTP/1.1" 404 320 "-" "Mozilla/5.0 (compatible; CareerBot/1.1; +http://www.career-x.de/bot.html)"
178.77.126.55 - - [09/Jun/2013:01:03:52 +0200] "GET / HTTP/1.1" 200 1229 "-" "Mozilla/5.0 (compatible; CareerBot/1.1; +http://www.career-x.de/bot.html)"
46.229.164.101 - - [09/Jun/2013:01:21:39 +0200] "GET / HTTP/1.1" 200 1229 "-" "Mozilla/5.0 (compatible; SemrushBot/0.96.2; +http://www.semrush.com/bot.html)"
5.9.7.208 - - [09/Jun/2013:02:03:53 +0200] "GET /robots.txt HTTP/1.0" 404 320 "-" "Mozilla/5.0 (compatible; MJ12bot/v1.4.3; http://www.majestic12.co.uk/bot.php?+)"
5.9.7.208 - - [09/Jun/2013:02:03:57 +0200] "GET / HTTP/1.0" 200 1229 "-" "Mozilla/5.0 (compatible; MJ12bot/v1.4.3; http://www.majestic12.co.uk/bot.php?+)"
66.249.78.157 - - [09/Jun/2013:02:35:44 +0200] "GET /robots.txt HTTP/1.1" 404 315 "-" "Mozilla/5.0 (compatible; Googlebot/2.1; +http://www.google.com/bot.html)"
66.249.78.157 - - [09/Jun/2013:02:35:44 +0200] "GET / HTTP/1.1" 200 1229 "-" "Mozilla/5.0 (compatible; Googlebot/2.1; +http://www.google.com/bot.html)"
146.52.224.206 - - [09/Jun/2013:03:24:06 +0200] "GET /robots.txt HTTP/1.0" 404 320 "-" "Mozilla/5.0 (compatible; MJ12bot/v1.4.3; http://www.majestic12.co.uk/bot.php?+)"
93.174.88.31 - - [09/Jun/2013:04:36:06 +0200] "GET http://gameframe.net/headers HTTP/1.1" 404 312 "-" "Mozilla/5.0 (Windows NT 6.1; WOW64; rv:17.0) Gecko/20100101 Firefox/17.0"
93.174.88.31 - - [09/Jun/2013:04:36:22 +0200] "GET http://gameframe.net/headers HTTP/1.1" 404 312 "-" "Mozilla/5.0 (Windows NT 6.1; WOW64; rv:17.0) Gecko/20100101 Firefox/17.0"
93.174.88.31 - - [09/Jun/2013:04:36:22 +0200] "GET http://gameframe.net/headers HTTP/1.1" 404 312 "-" "Mozilla/5.0 (Windows NT 6.1; WOW64; rv:17.0) Gecko/20100101 Firefox/17.0"
93.174.88.31 - - [09/Jun/2013:04:36:41 +0200] "GET http://gameframe.net/headers HTTP/1.1" 404 312 "-" "Mozilla/5.0 (Windows NT 6.1; WOW64; rv:17.0) Gecko/20100101 Firefox/17.0"
93.174.88.31 - - [09/Jun/2013:04:37:12 +0200] "GET http://gameframe.net/headers HTTP/1.1" 404 312 "-" "Mozilla/5.0 (Windows NT 6.1; WOW64; rv:17.0) Gecko/20100101 Firefox/17.0"
93.174.88.31 - - [09/Jun/2013:04:37:20 +0200] "GET http://gameframe.net/headers HTTP/1.1" 404 312 "-" "Mozilla/5.0 (Windows NT 6.1; WOW64; rv:17.0) Gecko/20100101 Firefox/17.0"
93.174.88.31 - - [09/Jun/2013:04:37:24 +0200] "GET http://gameframe.net/headers HTTP/1.1" 404 312 "-" "Mozilla/5.0 (Windows NT 6.1; WOW64; rv:17.0) Gecko/20100101 Firefox/17.0"
93.174.88.31 - - [09/Jun/2013:04:37:50 +0200] "GET http://gameframe.net/headers HTTP/1.1" 404 312 "-" "Mozilla/5.0 (Windows NT 6.1; WOW64; rv:17.0) Gecko/20100101 Firefox/17.0"
93.174.88.31 - - [09/Jun/2013:04:38:05 +0200] "GET http://gameframe.net/headers HTTP/1.1" 404 312 "-" "Mozilla/5.0 (Windows NT 6.1; WOW64; rv:17.0) Gecko/20100101 Firefox/17.0"
93.174.88.31 - - [09/Jun/2013:04:38:12 +0200] "GET http://gameframe.net/headers HTTP/1.1" 404 312 "-" "Mozilla/5.0 (Windows NT 6.1; WOW64; rv:17.0) Gecko/20100101 Firefox/17.0"
141.8.147.12 - - [09/Jun/2013:04:53:50 +0200] "GET / HTTP/1.1" 200 1229 "-" "Mozilla/5.0 (compatible; YandexBot/3.0; +http://yandex.com/bots)"
141.8.147.12 - - [09/Jun/2013:05:34:48 +0200] "GET /robots.txt HTTP/1.1" 404 328 "-" "Mozilla/5.0 (compatible; YandexBot/3.0; +http://yandex.com/bots)"
69.84.41.201 - - [09/Jun/2013:05:46:03 +0200] "GET /phppath/php HTTP/1.0" 404 312 "-" "-"
69.84.41.201 - - [09/Jun/2013:05:48:36 +0200] "GET /phppath/php HTTP/1.0" 404 312 "-" "-"
69.84.41.201 - - [09/Jun/2013:05:49:12 +0200] "GET /phppath/php HTTP/1.0" 404 312 "-" "-"
69.84.41.201 - - [09/Jun/2013:05:50:30 +0200] "GET /phppath/php HTTP/1.0" 404 312 "-" "-"
69.84.41.201 - - [09/Jun/2013:05:51:46 +0200] "GET /phppath/php HTTP/1.0" 404 312 "-" "-"
141.8.147.12 - - [09/Jun/2013:06:04:35 +0200] "GET / HTTP/1.1" 200 1229 "-" "Mozilla/5.0 (compatible; YandexBot/3.0; +http://yandex.com/bots)"
173.199.114.211 - - [09/Jun/2013:06:05:45 +0200] "GET / HTTP/1.1" 200 1229 "-" "Mozilla/5.0 (compatible; AhrefsBot/4.0; +http://ahrefs.com/robot/)"
202.141.151.39 - - [09/Jun/2013:06:28:42 +0200] "HEAD / HTTP/1.0" 200 - "-" "-"
202.141.151.39 - - [09/Jun/2013:06:28:42 +0200] "HEAD / HTTP/1.0" 200 - "-" "-"
202.141.151.39 - - [09/Jun/2013:06:28:42 +0200] "HEAD / HTTP/1.0" 200 - "-" "-"
202.141.151.39 - - [09/Jun/2013:06:28:42 +0200] "HEAD / HTTP/1.0" 200 - "-" "-"
202.141.151.39 - - [09/Jun/2013:06:28:42 +0200] "HEAD / HTTP/1.0" 200 - "-" "-"
202.141.151.39 - - [09/Jun/2013:06:28:42 +0200] "HEAD / HTTP/1.0" 200 - "-" "-"
141.8.147.12 - - [09/Jun/2013:06:38:11 +0200] "GET / HTTP/1.1" 200 1229 "-" "Mozilla/5.0 (compatible; YandexBot/3.0; +http://yandex.com/bots)"
188.165.195.156 - - [09/Jun/2013:07:25:28 +0200] "HEAD / HTTP/1.1" 200 - "-" "Mozilla/4.0 (compatible; MSIE 5.01; Windows NT 5.0)"
141.8.147.12 - - [09/Jun/2013:08:57:52 +0200] "GET /robots.txt HTTP/1.1" 404 320 "-" "Mozilla/5.0 (compatible; YandexBot/3.0; +http://yandex.com/bots)"
142.4.208.185 - - [09/Jun/2013:09:00:00 +0200] "GET /robots.txt HTTP/1.0" 404 320 "-" "Mozilla/5.0 (compatible; MJ12bot/v1.4.3; http://www.majestic12.co.uk/bot.php?+)"
142.4.208.185 - - [09/Jun/2013:09:00:02 +0200] "GET / HTTP/1.0" 200 1229 "-" "Mozilla/5.0 (compatible; MJ12bot/v1.4.3; http://www.majestic12.co.uk/bot.php?+)"
141.8.147.12 - - [09/Jun/2013:09:15:51 +0200] "GET /robots.txt HTTP/1.1" 404 322 "-" "Mozilla/5.0 (compatible; YandexBot/3.0; +http://yandex.com/bots)"
5.9.7.208 - - [09/Jun/2013:09:56:31 +0200] "GET /robots.txt HTTP/1.0" 404 320 "-" "Mozilla/5.0 (compatible; MJ12bot/v1.4.3; http://www.majestic12.co.uk/bot.php?+)"
5.9.7.208 - - [09/Jun/2013:09:56:33 +0200] "GET / HTTP/1.0" 200 1229 "-" "Mozilla/5.0 (compatible; MJ12bot/v1.4.3; http://www.majestic12.co.uk/bot.php?+)"
66.249.78.98 - - [09/Jun/2013:10:46:36 +0200] "GET /robots.txt HTTP/1.1" 404 322 "-" "Mozilla/5.0 (compatible; Googlebot/2.1; +http://www.google.com/bot.html)"
66.249.78.98 - - [09/Jun/2013:10:46:36 +0200] "GET / HTTP/1.1" 200 1229 "-" "Mozilla/5.0 (compatible; Googlebot/2.1; +http://www.google.com/bot.html)"
141.8.147.12 - - [09/Jun/2013:10:56:36 +0200] "GET / HTTP/1.1" 200 1229 "-" "Mozilla/5.0 (compatible; YandexBot/3.0; +http://yandex.com/bots)"
94.249.193.61 - - [09/Jun/2013:11:53:23 +0200] "GET /robots.txt HTTP/1.0" 404 320 "-" "Mozilla/5.0 (compatible; MJ12bot/v1.4.3; http://www.majestic12.co.uk/bot.php?+)"
94.249.193.61 - - [09/Jun/2013:11:53:26 +0200] "GET / HTTP/1.0" 200 1229 "-" "Mozilla/5.0 (compatible; MJ12bot/v1.4.3; http://www.majestic12.co.uk/bot.php?+)"
69.30.238.26 - - [09/Jun/2013:12:30:13 +0200] "GET /robots.txt HTTP/1.0" 404 320 "-" "Mozilla/5.0 (compatible; MJ12bot/v1.4.3; http://www.majestic12.co.uk/bot.php?+)"
69.30.238.26 - - [09/Jun/2013:12:30:16 +0200] "GET / HTTP/1.0" 200 1229 "-" "Mozilla/5.0 (compatible; MJ12bot/v1.4.3; http://www.majestic12.co.uk/bot.php?+)"
141.8.147.12 - - [09/Jun/2013:16:58:08 +0200] "GET / HTTP/1.1" 200 1229 "-" "Mozilla/5.0 (compatible; YandexBot/3.0; +http://yandex.com/bots)"
69.197.128.26 - - [09/Jun/2013:17:01:32 +0200] "GET /robots.txt HTTP/1.0" 404 320 "-" "Mozilla/5.0 (compatible; MJ12bot/v1.4.3; http://www.majestic12.co.uk/bot.php?+)"
69.197.128.26 - - [09/Jun/2013:17:01:34 +0200] "GET / HTTP/1.0" 200 1229 "-" "Mozilla/5.0 (compatible; MJ12bot/v1.4.3; http://www.majestic12.co.uk/bot.php?+)"
54.217.242.95 - - [09/Jun/2013:17:35:38 +0200] "HEAD / HTTP/1.0" 200 - "-" "-"
54.217.242.95 - - [09/Jun/2013:17:35:38 +0200] "HEAD / HTTP/1.0" 200 - "-" "-"
54.217.242.95 - - [09/Jun/2013:17:35:38 +0200] "HEAD / HTTP/1.0" 200 - "-" "-"
54.217.242.95 - - [09/Jun/2013:17:35:38 +0200] "HEAD / HTTP/1.0" 200 - "-" "-"
54.217.242.95 - - [09/Jun/2013:17:35:38 +0200] "HEAD / HTTP/1.0" 200 - "-" "-"
54.217.242.95 - - [09/Jun/2013:17:35:38 +0200] "HEAD / HTTP/1.0" 200 - "-" "-"
54.217.242.95 - - [09/Jun/2013:17:35:38 +0200] "HEAD / HTTP/1.0" 200 - "-" "-"
54.217.242.95 - - [09/Jun/2013:17:35:38 +0200] "HEAD / HTTP/1.0" 200 - "-" "-"
54.217.242.95 - - [09/Jun/2013:17:35:38 +0200] "HEAD / HTTP/1.0" 200 - "-" "-"
54.217.242.95 - - [09/Jun/2013:17:35:38 +0200] "HEAD / HTTP/1.0" 200 - "-" "-"
89.27.65.106 - - [09/Jun/2013:21:06:30 +0200] "GET /robots.txt HTTP/1.0" 404 320 "-" "Mozilla/5.0 (compatible; MJ12bot/v1.4.3; http://www.majestic12.co.uk/bot.php?+)"
89.27.65.106 - - [09/Jun/2013:21:06:32 +0200] "GET / HTTP/1.1" 200 1229 "-" "Mozilla/5.0 (compatible; MJ12bot/v1.4.3; http://www.majestic12.co.uk/bot.php?+)"
157.55.32.153 - - [09/Jun/2013:21:24:29 +0200] "GET /robots.txt HTTP/1.1" 404 333 "-" "Mozilla/5.0 (compatible; bingbot/2.0; +http://www.bing.com/bingbot.htm)"
157.55.32.153 - - [09/Jun/2013:21:25:26 +0200] "GET / HTTP/1.1" 304 - "-" "Mozilla/5.0 (compatible; bingbot/2.0; +http://www.bing.com/bingbot.htm)"
141.8.147.12 - - [09/Jun/2013:21:38:01 +0200] "GET /robots.txt HTTP/1.1" 404 322 "-" "Mozilla/5.0 (compatible; YandexBot/3.0; +http://yandex.com/bots)"
157.56.93.230 - - [09/Jun/2013:23:12:13 +0200] "GET /robots.txt HTTP/1.1" 404 322 "-" "Mozilla/5.0 (compatible; bingbot/2.0; +http://www.bing.com/bingbot.htm)"
157.56.93.230 - - [09/Jun/2013:23:13:18 +0200] "GET /index.htm HTTP/1.1" 404 321 "-" "Mozilla/5.0 (compatible; bingbot/2.0; +http://www.bing.com/bingbot.htm)"
91.121.159.7 - - [10/Jun/2013:00:10:20 +0200] "GET //phppath/php HTTP/1.1" 404 316 "-" "Mozilla/5.0 (Windows NT 6.1)"
91.121.159.7 - - [10/Jun/2013:00:10:20 +0200] "GET //phppath/php HTTP/1.1" 404 316 "-" "Mozilla/5.0 (Windows NT 6.1)"
91.121.159.7 - - [10/Jun/2013:00:10:20 +0200] "GET //phppath/php HTTP/1.1" 404 316 "-" "Mozilla/5.0 (Windows NT 6.1)"
91.121.159.7 - - [10/Jun/2013:00:10:20 +0200] "GET //phppath/php HTTP/1.1" 404 316 "-" "Mozilla/5.0 (Windows NT 6.1)"
91.121.159.7 - - [10/Jun/2013:00:10:20 +0200] "GET //phppath/php HTTP/1.1" 404 316 "-" "Mozilla/5.0 (Windows NT 6.1)"
91.121.159.7 - - [10/Jun/2013:00:10:20 +0200] "GET //phppath/php HTTP/1.1" 404 316 "-" "Mozilla/5.0 (Windows NT 6.1)"
91.121.159.7 - - [10/Jun/2013:00:10:20 +0200] "GET //phppath/php HTTP/1.1" 404 316 "-" "Mozilla/5.0 (Windows NT 6.1)"
91.121.159.7 - - [10/Jun/2013:00:10:20 +0200] "GET //phppath/php HTTP/1.1" 404 316 "-" "Mozilla/5.0 (Windows NT 6.1)"
91.121.159.7 - - [10/Jun/2013:00:10:20 +0200] "GET //phppath/php HTTP/1.1" 404 316 "-" "Mozilla/5.0 (Windows NT 6.1)"
91.121.159.7 - - [10/Jun/2013:00:10:20 +0200] "GET //phppath/php HTTP/1.1" 404 316 "-" "Mozilla/5.0 (Windows NT 6.1)"
217.230.135.236 - - [10/Jun/2013:00:27:40 +0200] "GET / HTTP/1.1" 200 1229 "http://www.bigfinder.de/online-11.html" "Mozilla/4.0 (compatible; MSIE 8.0; Windows NT 6.0; Trident/4.0; GTB0.0; SLCC1; .NET CLR 2.0.50727; Media Center PC 5.0; .NET CLR 3.5.30729; .NET CLR 3.0.30729; .NET4.0C)"
141.8.147.12 - - [10/Jun/2013:03:16:34 +0200] "GET /robots.txt HTTP/1.1" 404 333 "-" "Mozilla/5.0 (compatible; YandexBot/3.0; +http://yandex.com/bots)"
173.208.180.234 - - [10/Jun/2013:04:26:16 +0200] "GET /robots.txt HTTP/1.0" 404 322 "-" "Mozilla/5.0 (compatible; MJ12bot/v1.4.3; http://www.majestic12.co.uk/bot.php?+)"
173.208.180.234 - - [10/Jun/2013:04:26:17 +0200] "GET / HTTP/1.0" 200 1229 "-" "Mozilla/5.0 (compatible; MJ12bot/v1.4.3; http://www.majestic12.co.uk/bot.php?+)"
141.8.147.12 - - [10/Jun/2013:05:32:55 +0200] "GET /robots.txt HTTP/1.1" 404 327 "-" "Mozilla/5.0 (compatible; YandexBot/3.0; +http://yandex.com/bots)"
141.8.147.12 - - [10/Jun/2013:06:36:16 +0200] "GET /robots.txt HTTP/1.1" 404 337 "-" "Mozilla/5.0 (compatible; YandexBot/3.0; +http://yandex.com/bots)"
83.133.125.202 - - [10/Jun/2013:08:28:05 +0200] "GET / HTTP/1.0" 200 1229 "-" "-"
83.133.125.202 - - [10/Jun/2013:08:28:05 +0200] "GET / HTTP/1.0" 200 1229 "-" "Mozilla/5.0 (Windows NT 6.1; WOW64; rv:19.0) Gecko/20100101 Firefox/19.0"
83.133.125.202 - - [10/Jun/2013:08:28:05 +0200] "GET / HTTP/1.0" 200 1229 "-" "-"
141.8.147.12 - - [10/Jun/2013:08:42:53 +0200] "GET / HTTP/1.1" 200 1229 "-" "Mozilla/5.0 (compatible; YandexBot/3.0; +http://yandex.com/bots)"
66.249.73.156 - - [10/Jun/2013:08:58:21 +0200] "GET /robots.txt HTTP/1.1" 404 320 "-" "Mozilla/5.0 (compatible; Googlebot/2.1; +http://www.google.com/bot.html)"
66.249.73.156 - - [10/Jun/2013:08:58:21 +0200] "GET / HTTP/1.1" 200 1229 "-" "Mozilla/5.0 (compatible; Googlebot/2.1; +http://www.google.com/bot.html)"
66.249.73.13 - - [10/Jun/2013:09:13:32 +0200] "GET /robots.txt HTTP/1.1" 404 337 "-" "Mozilla/5.0 (compatible; Googlebot/2.1; +http://www.google.com/bot.html)"
66.249.73.13 - - [10/Jun/2013:09:13:32 +0200] "GET / HTTP/1.1" 200 1229 "-" "Mozilla/5.0 (compatible; Googlebot/2.1; +http://www.google.com/bot.html)"
141.8.147.12 - - [10/Jun/2013:09:31:15 +0200] "GET / HTTP/1.1" 200 1229 "-" "Mozilla/5.0 (compatible; YandexBot/3.0; +http://yandex.com/bots)"
66.249.73.99 - - [10/Jun/2013:09:33:46 +0200] "GET /robots.txt HTTP/1.1" 404 328 "-" "Mozilla/5.0 (compatible; Googlebot/2.1; +http://www.google.com/bot.html)"
66.249.73.99 - - [10/Jun/2013:09:33:46 +0200] "GET / HTTP/1.1" 200 1229 "-" "Mozilla/5.0 (compatible; Googlebot/2.1; +http://www.google.com/bot.html)"
141.8.147.12 - - [10/Jun/2013:09:37:32 +0200] "GET /robots.txt HTTP/1.1" 404 322 "-" "Mozilla/5.0 (compatible; YandexBot/3.0; +http://yandex.com/bots)"
190.145.56.146 - - [10/Jun/2013:09:40:45 +0200] "GET /phppath/php HTTP/1.1" 404 316 "-" "-"
66.249.73.48 - - [10/Jun/2013:09:54:01 +0200] "GET /robots.txt HTTP/1.1" 404 332 "-" "Mozilla/5.0 (compatible; Googlebot/2.1; +http://www.google.com/bot.html)"
66.249.73.48 - - [10/Jun/2013:09:54:01 +0200] "GET / HTTP/1.1" 200 1229 "-" "Mozilla/5.0 (compatible; Googlebot/2.1; +http://www.google.com/bot.html)"
141.8.147.12 - - [10/Jun/2013:10:49:06 +0200] "GET / HTTP/1.1" 200 1229 "-" "Mozilla/5.0 (compatible; YandexBot/3.0; +http://yandex.com/bots)"
205.207.165.210 - - [10/Jun/2013:11:03:29 +0200] "GET /phppath/php HTTP/1.0" 404 312 "-" "-"
205.207.165.210 - - [10/Jun/2013:11:03:29 +0200] "GET /phppath/php HTTP/1.0" 404 312 "-" "-"
205.207.165.210 - - [10/Jun/2013:11:03:29 +0200] "GET /phppath/php HTTP/1.0" 404 312 "-" "-"
205.207.165.210 - - [10/Jun/2013:11:03:29 +0200] "GET /phppath/php HTTP/1.0" 404 312 "-" "-"
205.207.165.210 - - [10/Jun/2013:11:03:29 +0200] "GET /phppath/php HTTP/1.0" 404 312 "-" "-"
205.207.165.210 - - [10/Jun/2013:11:03:29 +0200] "GET /phppath/php HTTP/1.0" 404 312 "-" "-"
205.207.165.210 - - [10/Jun/2013:11:03:29 +0200] "GET /phppath/php HTTP/1.0" 404 312 "-" "-"
205.207.165.210 - - [10/Jun/2013:11:03:29 +0200] "GET /phppath/php HTTP/1.0" 404 312 "-" "-"
205.207.165.210 - - [10/Jun/2013:11:03:29 +0200] "GET /phppath/php HTTP/1.0" 404 312 "-" "-"
205.207.165.210 - - [10/Jun/2013:11:03:29 +0200] "GET /phppath/php HTTP/1.0" 404 312 "-" "-"
141.8.147.12 - - [10/Jun/2013:11:21:47 +0200] "GET / HTTP/1.1" 200 1229 "-" "Mozilla/5.0 (compatible; YandexBot/3.0; +http://yandex.com/bots)"
157.55.33.47 - - [10/Jun/2013:14:44:58 +0200] "GET /robots.txt HTTP/1.1" 404 332 "-" "Mozilla/5.0 (compatible; bingbot/2.0; +http://www.bing.com/bingbot.htm)"
157.55.33.47 - - [10/Jun/2013:14:46:04 +0200] "GET / HTTP/1.1" 304 - "-" "Mozilla/5.0 (compatible; bingbot/2.0; +http://www.bing.com/bingbot.htm)"
61.152.75.170 - - [10/Jun/2013:15:38:41 +0200] "GET /phppath/php HTTP/1.0" 404 312 "-" "-"
61.152.75.170 - - [10/Jun/2013:15:38:41 +0200] "GET /phppath/php HTTP/1.0" 404 312 "-" "-"
61.152.75.170 - - [10/Jun/2013:15:38:41 +0200] "GET /phppath/php HTTP/1.0" 404 312 "-" "-"
61.152.75.170 - - [10/Jun/2013:15:38:41 +0200] "GET /phppath/php HTTP/1.0" 404 312 "-" "-"
61.152.75.170 - - [10/Jun/2013:15:38:41 +0200] "GET /phppath/php HTTP/1.0" 404 312 "-" "-"
61.152.75.170 - - [10/Jun/2013:15:38:41 +0200] "GET /phppath/php HTTP/1.0" 404 312 "-" "-"
61.152.75.170 - - [10/Jun/2013:15:38:41 +0200] "GET /phppath/php HTTP/1.0" 404 312 "-" "-"
61.152.75.170 - - [10/Jun/2013:15:38:41 +0200] "GET /phppath/php HTTP/1.0" 404 312 "-" "-"
61.152.75.170 - - [10/Jun/2013:15:38:41 +0200] "GET /phppath/php HTTP/1.0" 404 312 "-" "-"
61.152.75.170 - - [10/Jun/2013:15:38:41 +0200] "GET /phppath/php HTTP/1.0" 404 312 "-" "-"
188.40.114.201 - - [10/Jun/2013:19:11:28 +0200] "GET /robots.txt HTTP/1.1" 404 320 "-" "Mozilla/5.0 (compatible; SearchmetricsBot; http://www.searchmetrics.com/en/searchmetrics-bot/)"
188.40.114.201 - - [10/Jun/2013:19:11:28 +0200] "GET / HTTP/1.1" 200 1229 "-" "Mozilla/5.0 (compatible; SearchmetricsBot; http://www.searchmetrics.com/en/searchmetrics-bot/)"
198.20.69.74 - - [10/Jun/2013:19:25:58 +0200] "GET / HTTP/1.1" 200 1229 "-" "-"
198.20.69.74 - - [10/Jun/2013:19:25:59 +0200] "GET /robots.txt HTTP/1.1" 404 315 "-" "-"
173.208.165.194 - - [10/Jun/2013:20:33:56 +0200] "GET /robots.txt HTTP/1.0" 404 320 "-" "Mozilla/5.0 (compatible; MJ12bot/v1.4.3; http://www.majestic12.co.uk/bot.php?+)"
173.208.165.194 - - [10/Jun/2013:20:34:00 +0200] "GET / HTTP/1.0" 200 1229 "-" "Mozilla/5.0 (compatible; MJ12bot/v1.4.3; http://www.majestic12.co.uk/bot.php?+)"
5.9.7.208 - - [10/Jun/2013:21:03:38 +0200] "GET /robots.txt HTTP/1.0" 404 320 "-" "Mozilla/5.0 (compatible; MJ12bot/v1.4.3; http://www.majestic12.co.uk/bot.php?+)"
5.9.7.208 - - [10/Jun/2013:21:03:43 +0200] "GET / HTTP/1.0" 200 1229 "-" "Mozilla/5.0 (compatible; MJ12bot/v1.4.3; http://www.majestic12.co.uk/bot.php?+)"
141.8.147.12 - - [10/Jun/2013:21:38:15 +0200] "GET /robots.txt HTTP/1.1" 404 322 "-" "Mozilla/5.0 (compatible; YandexBot/3.0; +http://yandex.com/bots)"
94.23.45.14 - - [11/Jun/2013:00:17:39 +0200] "HEAD / HTTP/1.0" 200 - "-" "-"
141.8.147.12 - - [11/Jun/2013:00:33:02 +0200] "GET /robots.txt HTTP/1.1" 404 328 "-" "Mozilla/5.0 (compatible; YandexBot/3.0; +http://yandex.com/bots)"
94.23.45.14 - - [11/Jun/2013:01:44:26 +0200] "HEAD / HTTP/1.0" 200 - "-" "-"
5.9.7.208 - - [11/Jun/2013:01:54:17 +0200] "GET /robots.txt HTTP/1.0" 404 320 "-" "Mozilla/5.0 (compatible; MJ12bot/v1.4.3; http://www.majestic12.co.uk/bot.php?+)"
5.9.7.208 - - [11/Jun/2013:01:54:18 +0200] "GET / HTTP/1.0" 200 1229 "-" "Mozilla/5.0 (compatible; MJ12bot/v1.4.3; http://www.majestic12.co.uk/bot.php?+)"
216.24.200.83 - - [11/Jun/2013:02:52:26 +0200] "GET /phppath/php HTTP/1.0" 404 312 "-" "-"
216.24.200.83 - - [11/Jun/2013:02:52:26 +0200] "GET /phppath/php HTTP/1.0" 404 312 "-" "-"
216.24.200.83 - - [11/Jun/2013:02:52:26 +0200] "GET /phppath/php HTTP/1.0" 404 312 "-" "-"
216.24.200.83 - - [11/Jun/2013:02:52:26 +0200] "GET /phppath/php HTTP/1.0" 404 312 "-" "-"
216.24.200.83 - - [11/Jun/2013:02:52:26 +0200] "GET /phppath/php HTTP/1.0" 404 312 "-" "-"
216.24.200.83 - - [11/Jun/2013:02:52:26 +0200] "GET /phppath/php HTTP/1.0" 404 312 "-" "-"
216.24.200.83 - - [11/Jun/2013:02:52:26 +0200] "GET /phppath/php HTTP/1.0" 404 312 "-" "-"
216.24.200.83 - - [11/Jun/2013:02:52:26 +0200] "GET /phppath/php HTTP/1.0" 404 312 "-" "-"
216.24.200.83 - - [11/Jun/2013:02:52:26 +0200] "GET /phppath/php HTTP/1.0" 404 312 "-" "-"
216.24.200.83 - - [11/Jun/2013:02:52:26 +0200] "GET /phppath/php HTTP/1.0" 404 312 "-" "-"
109.233.119.87 - - [11/Jun/2013:03:09:54 +0200] "GET /phppath/php HTTP/1.0" 404 312 "-" "-"
109.233.119.87 - - [11/Jun/2013:03:09:54 +0200] "GET /phppath/php HTTP/1.0" 404 312 "-" "-"
109.233.119.87 - - [11/Jun/2013:03:09:54 +0200] "GET /phppath/php HTTP/1.0" 404 312 "-" "-"
109.233.119.87 - - [11/Jun/2013:03:09:54 +0200] "GET /phppath/php HTTP/1.0" 404 312 "-" "-"
109.233.119.87 - - [11/Jun/2013:03:09:54 +0200] "GET /phppath/php HTTP/1.0" 404 312 "-" "-"
109.233.119.87 - - [11/Jun/2013:03:09:54 +0200] "GET /phppath/php HTTP/1.0" 404 312 "-" "-"
109.233.119.87 - - [11/Jun/2013:03:09:54 +0200] "GET /phppath/php HTTP/1.0" 404 312 "-" "-"
109.233.119.87 - - [11/Jun/2013:03:09:54 +0200] "GET /phppath/php HTTP/1.0" 404 312 "-" "-"
109.233.119.87 - - [11/Jun/2013:03:09:54 +0200] "GET /phppath/php HTTP/1.0" 404 312 "-" "-"
109.233.119.87 - - [11/Jun/2013:03:09:54 +0200] "GET /phppath/php HTTP/1.0" 404 312 "-" "-"
141.8.147.12 - - [11/Jun/2013:04:39:33 +0200] "GET /robots.txt HTTP/1.1" 404 333 "-" "Mozilla/5.0 (compatible; YandexBot/3.0; +http://yandex.com/bots)"
141.8.147.12 - - [11/Jun/2013:05:05:50 +0200] "GET /robots.txt HTTP/1.1" 404 320 "-" "Mozilla/5.0 (compatible; YandexBot/3.0; +http://yandex.com/bots)"
141.8.147.12 - - [11/Jun/2013:07:46:03 +0200] "GET / HTTP/1.1" 200 1229 "-" "Mozilla/5.0 (compatible; YandexBot/3.0; +http://yandex.com/bots)"
141.8.147.12 - - [11/Jun/2013:08:58:34 +0200] "GET / HTTP/1.1" 200 1229 "-" "Mozilla/5.0 (compatible; YandexBot/3.0; +http://yandex.com/bots)"
141.8.147.12 - - [11/Jun/2013:09:36:48 +0200] "GET / HTTP/1.1" 200 1229 "-" "Mozilla/5.0 (compatible; YandexBot/3.0; +http://yandex.com/bots)"
157.56.93.39 - - [11/Jun/2013:09:55:56 +0200] "GET /robots.txt HTTP/1.1" 404 320 "-" "Mozilla/5.0 (compatible; bingbot/2.0; +http://www.bing.com/bingbot.htm)"
157.56.93.39 - - [11/Jun/2013:09:56:42 +0200] "GET / HTTP/1.1" 304 - "-" "Mozilla/5.0 (compatible; bingbot/2.0; +http://www.bing.com/bingbot.htm)"
198.20.69.74 - - [11/Jun/2013:10:24:55 +0200] "GET / HTTP/1.1" 200 1229 "-" "-"
198.20.69.74 - - [11/Jun/2013:10:24:55 +0200] "GET /robots.txt HTTP/1.1" 404 315 "-" "-"
157.56.92.176 - - [11/Jun/2013:11:15:54 +0200] "GET /robots.txt HTTP/1.1" 404 322 "-" "Mozilla/5.0 (compatible; bingbot/2.0; +http://www.bing.com/bingbot.htm)"
157.56.92.176 - - [11/Jun/2013:11:16:40 +0200] "GET / HTTP/1.1" 200 1229 "-" "Mozilla/5.0 (compatible; bingbot/2.0; +http://www.bing.com/bingbot.htm)"
96.44.189.100 - - [11/Jun/2013:11:49:42 +0200] "HEAD / HTTP/1.0" 200 - "-" "-"
204.124.83.130 - - [11/Jun/2013:11:49:46 +0200] "HEAD / HTTP/1.0" 200 - "-" "-"
198.211.123.165 - - [11/Jun/2013:11:49:53 +0200] "HEAD / HTTP/1.0" 200 - "-" "-"
77.247.181.162 - - [11/Jun/2013:11:49:56 +0200] "HEAD / HTTP/1.0" 200 - "-" "-"
188.138.91.103 - - [11/Jun/2013:15:44:31 +0200] "GET /phppath/php HTTP/1.0" 404 312 "-" "-"
188.138.91.103 - - [11/Jun/2013:15:44:31 +0200] "GET /phppath/php HTTP/1.0" 404 312 "-" "-"
188.138.91.103 - - [11/Jun/2013:15:44:31 +0200] "GET /phppath/php HTTP/1.0" 404 312 "-" "-"
188.138.91.103 - - [11/Jun/2013:15:44:31 +0200] "GET /phppath/php HTTP/1.0" 404 312 "-" "-"
188.138.91.103 - - [11/Jun/2013:15:44:31 +0200] "GET /phppath/php HTTP/1.0" 404 312 "-" "-"
188.138.91.103 - - [11/Jun/2013:15:44:31 +0200] "GET /phppath/php HTTP/1.0" 404 312 "-" "-"
188.138.91.103 - - [11/Jun/2013:15:44:31 +0200] "GET /phppath/php HTTP/1.0" 404 312 "-" "-"
188.138.91.103 - - [11/Jun/2013:15:44:31 +0200] "GET /phppath/php HTTP/1.0" 404 312 "-" "-"
188.138.91.103 - - [11/Jun/2013:15:44:31 +0200] "GET /phppath/php HTTP/1.0" 404 312 "-" "-"
188.138.91.103 - - [11/Jun/2013:15:44:31 +0200] "GET /phppath/php HTTP/1.0" 404 312 "-" "-"
88.208.210.94 - - [11/Jun/2013:17:02:47 +0200] "GET /phppath/php HTTP/1.0" 404 312 "-" "-"
88.208.210.94 - - [11/Jun/2013:17:02:47 +0200] "GET /phppath/php HTTP/1.0" 404 312 "-" "-"
88.208.210.94 - - [11/Jun/2013:17:02:47 +0200] "GET /phppath/php HTTP/1.0" 404 312 "-" "-"
88.208.210.94 - - [11/Jun/2013:17:02:47 +0200] "GET /phppath/php HTTP/1.0" 404 312 "-" "-"
88.208.210.94 - - [11/Jun/2013:17:02:47 +0200] "GET /phppath/php HTTP/1.0" 404 312 "-" "-"
88.208.210.94 - - [11/Jun/2013:17:02:47 +0200] "GET /phppath/php HTTP/1.0" 404 312 "-" "-"
88.208.210.94 - - [11/Jun/2013:17:02:47 +0200] "GET /phppath/php HTTP/1.0" 404 312 "-" "-"
88.208.210.94 - - [11/Jun/2013:17:02:47 +0200] "GET /phppath/php HTTP/1.0" 404 312 "-" "-"
88.208.210.94 - - [11/Jun/2013:17:02:47 +0200] "GET /phppath/php HTTP/1.0" 404 312 "-" "-"
88.208.210.94 - - [11/Jun/2013:17:02:47 +0200] "GET /phppath/php HTTP/1.0" 404 312 "-" "-"
94.102.51.246 - - [11/Jun/2013:19:34:49 +0200] "GET http://24x7-allrequestsallowed.com/?PHPSESSID=7jy745aa00143SSQJ_W_EFBF%5CE HTTP/1.1" 200 1229 "-" "Mozilla/5.0 (Windows NT 6.1; rv:16.0) Gecko/20100101 Firefox/16.0"
217.230.185.241 - - [11/Jun/2013:19:43:36 +0200] "GET / HTTP/1.1" 200 1229 "http://www.bigfinder.de/online-11.html" "Mozilla/5.0 (Windows; U; Windows NT 6.0; en-US) AppleWebKit/533.4 (KHTML, like Gecko) Chrome/5.0.375.126 Safari/533.4"
157.56.229.88 - - [11/Jun/2013:21:56:44 +0200] "GET /robots.txt HTTP/1.1" 404 320 "-" "Mozilla/5.0 (compatible; bingbot/2.0; +http://www.bing.com/bingbot.htm)"
157.56.229.88 - - [11/Jun/2013:21:57:21 +0200] "GET / HTTP/1.1" 200 1229 "-" "Mozilla/5.0 (compatible; bingbot/2.0; +http://www.bing.com/bingbot.htm)"
66.249.75.158 - - [11/Jun/2013:22:30:44 +0200] "GET /robots.txt HTTP/1.1" 404 328 "-" "Mozilla/5.0 (compatible; Googlebot/2.1; +http://www.google.com/bot.html)"
66.249.75.158 - - [11/Jun/2013:22:30:44 +0200] "GET / HTTP/1.1" 200 1229 "-" "Mozilla/5.0 (compatible; Googlebot/2.1; +http://www.google.com/bot.html)"
176.9.39.170 - - [11/Jun/2013:22:46:59 +0200] "GET / HTTP/1.1" 200 1229 "-" "-"
157.56.92.176 - - [11/Jun/2013:23:19:05 +0200] "GET /robots.txt HTTP/1.1" 404 322 "-" "Mozilla/5.0 (compatible; bingbot/2.0; +http://www.bing.com/bingbot.htm)"
157.56.92.176 - - [11/Jun/2013:23:19:49 +0200] "GET / HTTP/1.1" 200 1229 "-" "Mozilla/5.0 (compatible; bingbot/2.0; +http://www.bing.com/bingbot.htm)"
188.138.112.228 - - [12/Jun/2013:01:22:38 +0200] "HEAD / HTTP/1.0" 200 - "-" "-"
188.138.112.228 - - [12/Jun/2013:01:22:38 +0200] "HEAD / HTTP/1.0" 200 - "-" "-"
188.138.112.228 - - [12/Jun/2013:01:22:38 +0200] "HEAD / HTTP/1.0" 200 - "-" "-"
188.138.112.228 - - [12/Jun/2013:01:22:38 +0200] "HEAD / HTTP/1.0" 200 - "-" "-"
188.138.112.228 - - [12/Jun/2013:01:22:38 +0200] "HEAD / HTTP/1.0" 200 - "-" "-"
188.138.112.228 - - [12/Jun/2013:01:22:38 +0200] "HEAD / HTTP/1.0" 200 - "-" "-"
188.138.112.228 - - [12/Jun/2013:01:22:38 +0200] "HEAD / HTTP/1.0" 200 - "-" "-"
188.138.112.228 - - [12/Jun/2013:01:22:38 +0200] "HEAD / HTTP/1.0" 200 - "-" "-"
188.138.112.228 - - [12/Jun/2013:01:22:38 +0200] "HEAD / HTTP/1.0" 200 - "-" "-"
188.138.112.228 - - [12/Jun/2013:01:22:38 +0200] "HEAD / HTTP/1.0" 200 - "-" "-"
103.13.99.88 - - [12/Jun/2013:01:31:02 +0200] "HEAD / HTTP/1.0" 200 - "-" "-"
103.13.99.88 - - [12/Jun/2013:01:31:02 +0200] "HEAD / HTTP/1.0" 200 - "-" "-"
103.13.99.88 - - [12/Jun/2013:01:31:02 +0200] "HEAD / HTTP/1.0" 200 - "-" "-"
103.13.99.88 - - [12/Jun/2013:01:31:02 +0200] "HEAD / HTTP/1.0" 200 - "-" "-"
