213.186.122.3 - - [01/Nov/2011:01:04:06 +0100] "GET /robots.txt HTTP/1.1" 404 - "-" "Mozilla/5.0 (compatible; AhrefsBot/1.0; +http://ahrefs.com/robot/)"
213.186.122.3 - - [01/Nov/2011:01:04:11 +0100] "GET /livezilla/livezilla.php HTTP/1.1" 200 90048 "-" "Mozilla/5.0 (compatible; AhrefsBot/1.0; +http://ahrefs.com/robot/)"
213.186.122.3 - - [01/Nov/2011:01:04:18 +0100] "GET /livezilla/livezilla.php?template=lz_chat_frame.3.2.chat.3.1 HTTP/1.1" 200 277 "-" "Mozilla/5.0 (compatible; AhrefsBot/1.0; +http://ahrefs.com/robot/)"
208.80.194.27 - - [01/Nov/2011:02:30:51 +0100] "GET / HTTP/1.0" 200 1244 "-" "Mozilla/4.0 (compatible; MSIE 6.0; Windows NT 5.1; {9C8171C5-F1F3-052F-BCED-66429ED1A37A}; .NET CLR 1.1.4322)"
8.11.2.9 - - [01/Nov/2011:03:18:21 +0100] "GET /robots.txt HTTP/1.1" 404 - "-" "ShopWiki/1.0 ( +http://www.shopwiki.com/wiki/Help:Bot)"
65.52.108.12 - - [01/Nov/2011:08:43:10 +0100] "GET /robots.txt HTTP/1.1" 404 - "-" "Mozilla/5.0 (compatible; bingbot/2.0; +http://www.bing.com/bingbot.htm)"
65.52.108.12 - - [01/Nov/2011:08:44:03 +0100] "GET /livezilla/livezilla.php?template=lz_chat_frame.1.2 HTTP/1.1" 200 345 "-" "Mozilla/5.0 (compatible; bingbot/2.0; +http://www.bing.com/bingbot.htm)"
66.249.71.230 - - [01/Nov/2011:09:33:30 +0100] "GET /robots.txt HTTP/1.1" 404 - "-" "Mozilla/5.0 (compatible; Googlebot/2.1; +http://www.google.com/bot.html)"
66.249.71.230 - - [01/Nov/2011:09:33:30 +0100] "GET /livezilla/livezilla.php?template=lz_chat_frame.3.2.login.1.0& HTTP/1.1" 200 3689 "-" "Mozilla/5.0 (compatible; Googlebot/2.1; +http://www.google.com/bot.html)"
66.249.71.230 - - [01/Nov/2011:13:19:27 +0100] "GET /livezilla/livezilla.php?template=lz_chat_frame.5.1 HTTP/1.1" 200 345 "-" "Mozilla/5.0 (compatible; Googlebot/2.1; +http://www.google.com/bot.html)"
67.152.29.130 - - [01/Nov/2011:21:59:00 +0100] "GET /robots.txt HTTP/1.1" 404 - "-" "ShopWiki/1.0 ( +http://www.shopwiki.com/wiki/Help:Bot)"
209.51.162.220 - - [02/Nov/2011:01:50:53 +0100] "GET /robots.txt HTTP/1.1" 404 - "-" "ShopWiki/1.0 ( +http://www.shopwiki.com/wiki/Help:Bot)"
8.11.2.10 - - [02/Nov/2011:05:03:57 +0100] "GET /robots.txt HTTP/1.1" 404 - "-" "ShopWiki/1.0 ( +http://www.shopwiki.com/wiki/Help:Bot)"
208.80.194.36 - - [02/Nov/2011:09:53:16 +0100] "GET / HTTP/1.0" 200 1244 "-" "Mozilla/4.0 (compatible; MSIE 7.0; Windows NT 5.1; .NET CLR 1.1.4322; Dealio Toolbar 3.1.1)"
207.46.13.100 - - [02/Nov/2011:14:19:11 +0100] "GET /robots.txt HTTP/1.1" 404 - "-" "Mozilla/5.0 (compatible; bingbot/2.0; +http://www.bing.com/bingbot.htm)"
207.46.13.100 - - [02/Nov/2011:14:20:04 +0100] "GET /livezilla/livezilla.php?template=lz_chat_frame.3.2.login.0.0 HTTP/1.1" 200 1384 "-" "Mozilla/5.0 (compatible; bingbot/2.0; +http://www.bing.com/bingbot.htm)"
213.186.122.3 - - [02/Nov/2011:15:07:03 +0100] "GET /robots.txt HTTP/1.1" 404 - "-" "Mozilla/5.0 (compatible; AhrefsBot/1.0; +http://ahrefs.com/robot/)"
213.186.122.3 - - [02/Nov/2011:15:07:04 +0100] "GET /livezilla/livezilla.php HTTP/1.1" 200 90048 "-" "Mozilla/5.0 (compatible; AhrefsBot/1.0; +http://ahrefs.com/robot/)"
213.186.122.3 - - [02/Nov/2011:15:07:06 +0100] "GET /livezilla/livezilla.php?template=lz_chat_frame.2.2 HTTP/1.1" 200 345 "-" "Mozilla/5.0 (compatible; AhrefsBot/1.0; +http://ahrefs.com/robot/)"
213.186.122.3 - - [02/Nov/2011:15:07:10 +0100] "GET /livezilla/livezilla.php?template=lz_chat_frame.3.2.login.0.0 HTTP/1.1" 200 1384 "-" "Mozilla/5.0 (compatible; AhrefsBot/1.0; +http://ahrefs.com/robot/)"
67.152.29.130 - - [03/Nov/2011:05:30:02 +0100] "GET /robots.txt HTTP/1.1" 404 - "-" "ShopWiki/1.0 ( +http://www.shopwiki.com/wiki/Help:Bot)"
209.51.162.220 - - [03/Nov/2011:08:44:09 +0100] "GET /robots.txt HTTP/1.1" 404 - "-" "ShopWiki/1.0 ( +http://www.shopwiki.com/wiki/Help:Bot)"
130.83.167.153 - - [03/Nov/2011:15:16:37 +0100] "GET /livezilla/livezilla.php HTTP/1.1" 200 90048 "-" "findlinks/2.0.4 (+http://wortschatz.uni-leipzig.de/findlinks/)"
130.83.167.153 - - [03/Nov/2011:15:16:37 +0100] "GET /livezilla/livezilla.php HTTP/1.1" 200 90048 "-" "findlinks/2.0.4 (+http://wortschatz.uni-leipzig.de/findlinks/)"
67.152.29.130 - - [03/Nov/2011:16:25:03 +0100] "GET /robots.txt HTTP/1.1" 404 - "-" "ShopWiki/1.0 ( +http://www.shopwiki.com/wiki/Help:Bot)"
208.80.194.27 - - [03/Nov/2011:20:08:33 +0100] "GET / HTTP/1.0" 200 1244 "-" "Mozilla/4.0 (compatible; MSIE 6.0; Windows NT 5.1; {6ACACF13-6CC5-8295-FD43-0EABD13ED011}; Wanadoo 6.0)"
67.152.29.130 - - [03/Nov/2011:22:37:34 +0100] "GET /robots.txt HTTP/1.1" 404 - "-" "ShopWiki/1.0 ( +http://www.shopwiki.com/wiki/Help:Bot)"
213.186.122.3 - - [04/Nov/2011:01:04:00 +0100] "GET /robots.txt HTTP/1.1" 404 - "-" "Mozilla/5.0 (compatible; AhrefsBot/1.0; +http://ahrefs.com/robot/)"
213.186.122.3 - - [04/Nov/2011:01:04:01 +0100] "GET /livezilla/livezilla.php HTTP/1.1" 200 90048 "-" "Mozilla/5.0 (compatible; AhrefsBot/1.0; +http://ahrefs.com/robot/)"
213.186.122.3 - - [04/Nov/2011:01:04:11 +0100] "GET /livezilla/livezilla.php?template=lz_chat_frame.3.2.chat.1.0 HTTP/1.1" 200 1572 "-" "Mozilla/5.0 (compatible; AhrefsBot/1.0; +http://ahrefs.com/robot/)"
213.186.122.3 - - [04/Nov/2011:01:04:14 +0100] "GET /livezilla/livezilla.php?template=lz_chat_frame.3.2.chat.1.0&file=true HTTP/1.1" 200 1598 "-" "Mozilla/5.0 (compatible; AhrefsBot/1.0; +http://ahrefs.com/robot/)"
213.186.122.3 - - [04/Nov/2011:01:04:15 +0100] "GET /livezilla/livezilla.php?template=lz_chat_frame.3.2.chat.3.0 HTTP/1.1" 200 2151 "-" "Mozilla/5.0 (compatible; AhrefsBot/1.0; +http://ahrefs.com/robot/)"
213.186.122.3 - - [04/Nov/2011:01:04:16 +0100] "GET /livezilla/livezilla.php?template=lz_chat_frame.5.1 HTTP/1.1" 200 345 "-" "Mozilla/5.0 (compatible; AhrefsBot/1.0; +http://ahrefs.com/robot/)"
209.51.162.220 - - [04/Nov/2011:01:39:15 +0100] "GET /robots.txt HTTP/1.1" 404 - "-" "ShopWiki/1.0 ( +http://www.shopwiki.com/wiki/Help:Bot)"
8.11.2.10 - - [04/Nov/2011:09:24:49 +0100] "GET /robots.txt HTTP/1.1" 404 - "-" "ShopWiki/1.0 ( +http://www.shopwiki.com/wiki/Help:Bot)"
67.152.29.130 - - [04/Nov/2011:12:34:50 +0100] "GET /robots.txt HTTP/1.1" 404 - "-" "ShopWiki/1.0 ( +http://www.shopwiki.com/wiki/Help:Bot)"
8.11.2.9 - - [04/Nov/2011:17:25:19 +0100] "GET /robots.txt HTTP/1.1" 404 - "-" "ShopWiki/1.0 ( +http://www.shopwiki.com/wiki/Help:Bot)"
139.18.2.17 - - [05/Nov/2011:00:07:37 +0100] "GET /robots.txt HTTP/1.1" 404 - "-" "findlinks/2.1.5 (+http://wortschatz.uni-leipzig.de/findlinks/)"
88.198.0.44 - - [05/Nov/2011:08:57:01 +0100] "GET /livezilla/livezilla.php HTTP/1.1" 200 90046 "http://www.f-m-shop.de/seiten/prod_detail_neuer.cfm?artnr=A++20817&kat=ASTASA&nav=2" "Mozilla/4.0 (compatible; MSIE 7.0; Windows NT 5.1; .NET CLR 2.0.50727)"
88.198.0.44 - - [05/Nov/2011:08:57:01 +0100] "GET /livezilla/livezilla.php?template=lz_chat_frame.0.0 HTTP/1.1" 200 338 "http://chat.f-m-shop.de/livezilla/livezilla.php" "Mozilla/4.0 (compatible; MSIE 7.0; Windows NT 5.1; .NET CLR 2.0.50727)"
88.198.0.44 - - [05/Nov/2011:08:57:02 +0100] "GET /livezilla/livezilla.php?template=lz_chat_frame.3.0 HTTP/1.1" 200 321 "http://chat.f-m-shop.de/livezilla/livezilla.php?template=lz_chat_frame.0.0" "Mozilla/4.0 (compatible; MSIE 7.0; Windows NT 5.1; .NET CLR 2.0.50727)"
88.198.0.44 - - [05/Nov/2011:08:57:07 +0100] "GET /livezilla/livezilla.php?template=lz_chat_frame.1.0 HTTP/1.1" 200 344 "http://www.f-m-shop.de/seiten/prod_detail_neuer.cfm?kat=ASTASA&artnr=A++20819&name=ASG425+Vor-Ort+HW-Austausch%2C7x24+Std.+1J&b_sort=ASC&kat_her=&nav=2&p_sort=" "Mozilla/4.0 (compatible; MSIE 7.0; Windows NT 5.1; .NET CLR 2.0.50727)"
88.198.0.44 - - [05/Nov/2011:08:57:26 +0100] "GET /livezilla/livezilla.php?template=lz_chat_frame.3.2.login HTTP/1.1" 200 1105 "http://www.f-m-shop.de/seiten/prod_detail_neuer.cfm?artnr=A++31650&kat=MONTOUCH&nav=2" "Mozilla/4.0 (compatible; MSIE 7.0; Windows NT 5.1; .NET CLR 2.0.50727)"
88.198.0.44 - - [05/Nov/2011:08:57:32 +0100] "GET /livezilla/livezilla.php?template=lz_chat_frame.2.2 HTTP/1.1" 200 345 "http://www.f-m-shop.de/seiten/prod_detail_neuer.cfm?artnr=A++32665&kat=HIFTVCRD&nav=2" "Mozilla/4.0 (compatible; MSIE 7.0; Windows NT 5.1; .NET CLR 2.0.50727)"
88.198.0.44 - - [05/Nov/2011:08:59:20 +0100] "GET /livezilla/livezilla.php?template=lz_chat_frame.3.3 HTTP/1.1" 200 321 "http://www.f-m-shop.de/seiten/prod_detail_neuer.cfm?artnr=A++20819&kat=ASTASA&nav=2" "Mozilla/4.0 (compatible; MSIE 7.0; Windows NT 5.1; .NET CLR 2.0.50727)"
88.198.0.44 - - [05/Nov/2011:09:00:04 +0100] "GET /livezilla/livezilla.php?template=lz_chat_frame.1.2 HTTP/1.1" 200 345 "http://www.f-m-shop.de/seiten/prod_detail_neuer.cfm?kat=MEDDLT&artnr=A++24184&name=STREAMER-TAPE+QUANTUM+sDLT2+300%2F600GB&b_sort=ASC&kat_her=&nav=2&p_sort=" "Mozilla/4.0 (compatible; MSIE 7.0; Windows NT 5.1; .NET CLR 2.0.50727)"
88.198.0.44 - - [05/Nov/2011:09:01:47 +0100] "GET /livezilla/livezilla.php?template=lz_chat_frame.0.1 HTTP/1.1" 200 343 "http://www.f-m-shop.de/seiten/prod_detail_neuer.cfm?artnr=A++37031&kat=TELTEL&nav=2" "Mozilla/4.0 (compatible; MSIE 7.0; Windows NT 5.1; .NET CLR 2.0.50727)"
88.198.0.44 - - [05/Nov/2011:09:02:01 +0100] "GET /livezilla/livezilla.php?template=lz_chat_frame.0.2 HTTP/1.1" 200 321 "http://www.f-m-shop.de/seiten/prod_detail_neuer.cfm?artnr=A++38014&kat=MONT20&name=LCD+51cm+(20%22)+Iiyama+PL+E2008HDD+schw.&b_sort=ASC&kat_her=&nav=2&p_sort=DESC" "Mozilla/4.0 (compatible; MSIE 7.0; Windows NT 5.1; .NET CLR 2.0.50727)"
66.249.72.73 - - [05/Nov/2011:10:47:33 +0100] "GET /robots.txt HTTP/1.1" 404 - "-" "Mozilla/5.0 (compatible; Googlebot/2.1; +http://www.google.com/bot.html)"
66.249.72.73 - - [05/Nov/2011:10:47:33 +0100] "GET /livezilla/livezilla.php?template=lz_chat_frame.0.2 HTTP/1.1" 200 321 "-" "Mozilla/5.0 (compatible; Googlebot/2.1; +http://www.google.com/bot.html)"
209.51.162.219 - - [05/Nov/2011:13:11:35 +0100] "GET /robots.txt HTTP/1.1" 404 - "-" "ShopWiki/1.0 ( +http://www.shopwiki.com/wiki/Help:Bot)"
213.186.122.3 - - [05/Nov/2011:14:04:41 +0100] "GET /robots.txt HTTP/1.1" 404 - "-" "Mozilla/5.0 (compatible; AhrefsBot/1.0; +http://ahrefs.com/robot/)"
213.186.122.3 - - [05/Nov/2011:14:04:48 +0100] "GET /livezilla/livezilla.php HTTP/1.1" 200 90048 "-" "Mozilla/5.0 (compatible; AhrefsBot/1.0; +http://ahrefs.com/robot/)"
213.186.122.3 - - [05/Nov/2011:14:05:02 +0100] "GET /livezilla/livezilla.php?template=lz_chat_frame.3.2.chat.2.0 HTTP/1.1" 200 5633 "-" "Mozilla/5.0 (compatible; AhrefsBot/1.0; +http://ahrefs.com/robot/)"
213.186.122.3 - - [05/Nov/2011:14:05:08 +0100] "GET /livezilla/livezilla.php?template=lz_chat_frame.4.1 HTTP/1.1" 200 578 "-" "Mozilla/5.0 (compatible; AhrefsBot/1.0; +http://ahrefs.com/robot/)"
66.249.72.73 - - [05/Nov/2011:14:30:34 +0100] "GET / HTTP/1.1" 304 - "-" "Mozilla/5.0 (compatible; Googlebot/2.1; +http://www.google.com/bot.html)"
95.108.151.244 - - [05/Nov/2011:15:53:21 +0100] "GET /robots.txt HTTP/1.1" 404 - "-" "Mozilla/5.0 (compatible; YandexBot/3.0; +http://yandex.com/bots)"
95.108.151.244 - - [05/Nov/2011:15:53:21 +0100] "GET / HTTP/1.1" 200 1244 "-" "Mozilla/5.0 (compatible; YandexBot/3.0; +http://yandex.com/bots)"
95.108.151.244 - - [05/Nov/2011:15:53:22 +0100] "GET / HTTP/1.1" 200 1244 "-" "Mozilla/5.0 (compatible; YandexBot/3.0; +http://yandex.com/bots)"
208.80.194.28 - - [06/Nov/2011:03:08:32 +0100] "GET / HTTP/1.0" 200 1244 "-" "Mozilla/4.0 (compatible; MSIE 7.0; Windows NT 5.1; {F957E223-C65C-4180-9910-6B7045EF5CD9}; FunWebProducts; .NET CLR 1.0.3705; .NET CLR 1.1.4322; Media Center PC 2.8)"
94.221.136.226 - - [06/Nov/2011:23:32:09 +0100] "GET /robots.txt HTTP/1.1" 404 - "-" "findlinks/2.0.4 (+http://wortschatz.uni-leipzig.de/findlinks/)"
213.186.122.3 - - [07/Nov/2011:03:08:29 +0100] "GET /robots.txt HTTP/1.1" 404 - "-" "Mozilla/5.0 (compatible; AhrefsBot/1.0; +http://ahrefs.com/robot/)"
213.186.122.3 - - [07/Nov/2011:03:08:30 +0100] "GET /livezilla/livezilla.php HTTP/1.1" 200 90048 "-" "Mozilla/5.0 (compatible; AhrefsBot/1.0; +http://ahrefs.com/robot/)"
213.186.122.3 - - [07/Nov/2011:03:08:31 +0100] "GET /livezilla/livezilla.php?template=lz_chat_frame.0.1 HTTP/1.1" 200 343 "-" "Mozilla/5.0 (compatible; AhrefsBot/1.0; +http://ahrefs.com/robot/)"
213.186.122.3 - - [07/Nov/2011:03:08:32 +0100] "GET /livezilla/livezilla.php?template=lz_chat_frame.1.0 HTTP/1.1" 200 344 "-" "Mozilla/5.0 (compatible; AhrefsBot/1.0; +http://ahrefs.com/robot/)"
213.186.122.3 - - [07/Nov/2011:03:08:33 +0100] "GET /livezilla/livezilla.php?template=lz_chat_frame.3.2.login.2.0 HTTP/1.1" 200 361 "-" "Mozilla/5.0 (compatible; AhrefsBot/1.0; +http://ahrefs.com/robot/)"
8.11.2.10 - - [07/Nov/2011:14:13:39 +0100] "GET /robots.txt HTTP/1.1" 404 - "-" "ShopWiki/1.0 ( +http://www.shopwiki.com/wiki/Help:Bot)"
208.80.194.33 - - [07/Nov/2011:14:31:58 +0100] "GET / HTTP/1.0" 200 1244 "-" "Mozilla/4.0 (compatible; MSIE 6.0; Windows NT 5.1; YPC 3.0.3; .NET CLR 1.0.3705; .NET CLR 1.1.4322; yplus 4.0.00d)"
67.152.29.130 - - [07/Nov/2011:17:58:47 +0100] "GET /robots.txt HTTP/1.1" 404 - "-" "ShopWiki/1.0 ( +http://www.shopwiki.com/wiki/Help:Bot)"
209.51.162.219 - - [08/Nov/2011:01:08:07 +0100] "GET /robots.txt HTTP/1.1" 404 - "-" "ShopWiki/1.0 ( +http://www.shopwiki.com/wiki/Help:Bot)"
209.51.162.219 - - [08/Nov/2011:04:23:34 +0100] "GET /robots.txt HTTP/1.1" 404 - "-" "ShopWiki/1.0 ( +http://www.shopwiki.com/wiki/Help:Bot)"
77.21.146.166 - - [08/Nov/2011:05:31:08 +0100] "GET /livezilla/livezilla.php HTTP/1.1" 200 90048 "-" "findlinks/2.0.2 (+http://wortschatz.uni-leipzig.de/findlinks/)"
77.21.146.166 - - [08/Nov/2011:05:31:08 +0100] "GET /livezilla/livezilla.php HTTP/1.1" 200 90048 "-" "findlinks/2.0.2 (+http://wortschatz.uni-leipzig.de/findlinks/)"
8.11.2.10 - - [08/Nov/2011:11:16:25 +0100] "GET /robots.txt HTTP/1.1" 404 - "-" "ShopWiki/1.0 ( +http://www.shopwiki.com/wiki/Help:Bot)"
213.186.122.3 - - [08/Nov/2011:14:21:35 +0100] "GET /robots.txt HTTP/1.1" 404 - "-" "Mozilla/5.0 (compatible; AhrefsBot/1.0; +http://ahrefs.com/robot/)"
213.186.122.3 - - [08/Nov/2011:14:21:36 +0100] "GET /livezilla/livezilla.php HTTP/1.1" 200 90048 "-" "Mozilla/5.0 (compatible; AhrefsBot/1.0; +http://ahrefs.com/robot/)"
213.186.122.3 - - [08/Nov/2011:14:21:38 +0100] "GET /livezilla/livezilla.php?template=lz_chat_frame.3.0 HTTP/1.1" 200 321 "-" "Mozilla/5.0 (compatible; AhrefsBot/1.0; +http://ahrefs.com/robot/)"
213.186.122.3 - - [08/Nov/2011:14:21:39 +0100] "GET /livezilla/livezilla.php?template=lz_chat_frame.3.2.chat.0.0 HTTP/1.1" 200 3274 "-" "Mozilla/5.0 (compatible; AhrefsBot/1.0; +http://ahrefs.com/robot/)"
213.186.122.3 - - [08/Nov/2011:14:21:40 +0100] "GET /livezilla/livezilla.php?template=lz_chat_frame.3.2.chat.4.0 HTTP/1.1" 200 933 "-" "Mozilla/5.0 (compatible; AhrefsBot/1.0; +http://ahrefs.com/robot/)"
209.51.162.219 - - [08/Nov/2011:15:55:44 +0100] "GET /robots.txt HTTP/1.1" 404 - "-" "ShopWiki/1.0 ( +http://www.shopwiki.com/wiki/Help:Bot)"
66.249.71.172 - - [08/Nov/2011:22:51:57 +0100] "GET /robots.txt HTTP/1.1" 404 - "-" "Mozilla/5.0 (compatible; Googlebot/2.1; +http://www.google.com/bot.html)"
66.249.71.172 - - [08/Nov/2011:22:51:57 +0100] "GET /livezilla/livezilla.php?template=lz_chat_frame.3.2.login.1.0& HTTP/1.1" 200 3689 "-" "Mozilla/5.0 (compatible; Googlebot/2.1; +http://www.google.com/bot.html)"
77.21.146.166 - - [08/Nov/2011:23:06:45 +0100] "GET /robots.txt HTTP/1.1" 404 - "-" "findlinks/2.0.2 (+http://wortschatz.uni-leipzig.de/findlinks/)"
66.249.71.172 - - [08/Nov/2011:23:49:22 +0100] "GET /livezilla/livezilla.php?template=lz_chat_frame.5.1 HTTP/1.1" 200 345 "-" "Mozilla/5.0 (compatible; Googlebot/2.1; +http://www.google.com/bot.html)"
208.80.194.36 - - [09/Nov/2011:03:41:59 +0100] "GET / HTTP/1.0" 200 1244 "-" "Mozilla/4.0 (compatible; MSIE 7.0; America Online Browser 1.1; rev1.2; Windows NT 5.1; (R1 1.3); .NET CLR 1.1.4322)"
209.51.162.220 - - [09/Nov/2011:04:38:11 +0100] "GET /robots.txt HTTP/1.1" 404 - "-" "ShopWiki/1.0 ( +http://www.shopwiki.com/wiki/Help:Bot)"
77.20.40.89 - - [09/Nov/2011:10:22:34 +0100] "GET /livezilla/livezilla.php HTTP/1.1" 200 90048 "-" "findlinks/2.0.2 (+http://wortschatz.uni-leipzig.de/findlinks/)"
77.20.40.89 - - [09/Nov/2011:10:22:35 +0100] "GET /livezilla/livezilla.php HTTP/1.1" 200 90048 "-" "findlinks/2.0.2 (+http://wortschatz.uni-leipzig.de/findlinks/)"
213.186.122.3 - - [10/Nov/2011:09:22:37 +0100] "GET /robots.txt HTTP/1.1" 404 - "-" "Mozilla/5.0 (compatible; AhrefsBot/1.0; +http://ahrefs.com/robot/)"
213.186.122.3 - - [10/Nov/2011:09:22:39 +0100] "GET /livezilla/livezilla.php HTTP/1.1" 200 90048 "-" "Mozilla/5.0 (compatible; AhrefsBot/1.0; +http://ahrefs.com/robot/)"
208.80.194.29 - - [10/Nov/2011:16:38:29 +0100] "GET / HTTP/1.0" 200 1244 "-" "Mozilla/4.0 (compatible; MSIE 7.0; Windows NT 5.1; .NET CLR 1.0.3705; .NET CLR 2.0.50727; yplus 5.1.04b)"
8.11.2.10 - - [10/Nov/2011:19:49:47 +0100] "GET /robots.txt HTTP/1.1" 404 - "-" "ShopWiki/1.0 ( +http://www.shopwiki.com/wiki/Help:Bot)"
77.21.146.166 - - [10/Nov/2011:22:12:58 +0100] "GET /robots.txt HTTP/1.1" 404 - "-" "findlinks/2.0.2 (+http://wortschatz.uni-leipzig.de/findlinks/)"
8.11.2.10 - - [11/Nov/2011:05:38:01 +0100] "GET /robots.txt HTTP/1.1" 404 - "-" "ShopWiki/1.0 ( +http://www.shopwiki.com/wiki/Help:Bot)"
209.51.162.220 - - [11/Nov/2011:10:05:11 +0100] "GET /robots.txt HTTP/1.1" 404 - "-" "ShopWiki/1.0 ( +http://www.shopwiki.com/wiki/Help:Bot)"
77.20.40.89 - - [11/Nov/2011:14:02:44 +0100] "GET /livezilla/livezilla.php HTTP/1.1" 200 90048 "-" "findlinks/2.0.2 (+http://wortschatz.uni-leipzig.de/findlinks/)"
77.20.40.89 - - [11/Nov/2011:14:02:45 +0100] "GET /livezilla/livezilla.php HTTP/1.1" 200 90048 "-" "findlinks/2.0.2 (+http://wortschatz.uni-leipzig.de/findlinks/)"
209.51.162.220 - - [11/Nov/2011:15:33:48 +0100] "GET /robots.txt HTTP/1.1" 404 - "-" "ShopWiki/1.0 ( +http://www.shopwiki.com/wiki/Help:Bot)"
213.186.122.3 - - [12/Nov/2011:01:26:18 +0100] "GET /robots.txt HTTP/1.1" 404 - "-" "Mozilla/5.0 (compatible; AhrefsBot/1.0; +http://ahrefs.com/robot/)"
213.186.122.3 - - [12/Nov/2011:01:26:19 +0100] "GET /livezilla/livezilla.php HTTP/1.1" 200 90048 "-" "Mozilla/5.0 (compatible; AhrefsBot/1.0; +http://ahrefs.com/robot/)"
209.51.162.219 - - [12/Nov/2011:05:27:56 +0100] "GET /robots.txt HTTP/1.1" 404 - "-" "ShopWiki/1.0 ( +http://www.shopwiki.com/wiki/Help:Bot)"
208.80.194.29 - - [12/Nov/2011:06:38:39 +0100] "GET / HTTP/1.0" 200 1244 "-" "Mozilla/4.0 (compatible; MSIE 6.0; Windows NT 5.1; SV1; HbTools 4.8.0; SpamBlockerUtility 4.8.0)"
217.249.155.20 - - [12/Nov/2011:17:05:58 +0100] "GET /robots.txt HTTP/1.1" 404 - "-" "findlinks/2.0.2 (+http://wortschatz.uni-leipzig.de/findlinks/)"
130.83.167.153 - - [13/Nov/2011:09:33:40 +0100] "GET /livezilla/livezilla.php HTTP/1.1" 200 90048 "-" "findlinks/2.0.4 (+http://wortschatz.uni-leipzig.de/findlinks/)"
130.83.167.153 - - [13/Nov/2011:09:33:41 +0100] "GET /livezilla/livezilla.php HTTP/1.1" 200 90048 "-" "findlinks/2.0.4 (+http://wortschatz.uni-leipzig.de/findlinks/)"
213.186.122.3 - - [13/Nov/2011:10:12:00 +0100] "GET /robots.txt HTTP/1.1" 404 - "-" "Mozilla/5.0 (compatible; AhrefsBot/1.0; +http://ahrefs.com/robot/)"
213.186.122.3 - - [13/Nov/2011:10:12:01 +0100] "GET /livezilla/livezilla.php HTTP/1.1" 200 90048 "-" "Mozilla/5.0 (compatible; AhrefsBot/1.0; +http://ahrefs.com/robot/)"
213.186.122.3 - - [13/Nov/2011:10:12:02 +0100] "GET /livezilla/livezilla.php?template=lz_chat_frame.0.0 HTTP/1.1" 200 338 "-" "Mozilla/5.0 (compatible; AhrefsBot/1.0; +http://ahrefs.com/robot/)"
213.186.122.3 - - [13/Nov/2011:10:12:03 +0100] "GET /livezilla/livezilla.php?template=lz_chat_frame.1.2 HTTP/1.1" 200 345 "-" "Mozilla/5.0 (compatible; AhrefsBot/1.0; +http://ahrefs.com/robot/)"
208.80.194.71 - - [13/Nov/2011:18:15:14 +0100] "GET / HTTP/1.0" 200 1244 "-" "Mozilla/4.0 (compatible; MSIE 7.0; Windows NT 6.0; Mailinfo [867753]; SLCC1; .NET CLR 2.0.50727; Media Center PC 5.0; .NET CLR 3.0.04506; .NET CLR 1.1.4322)"
8.11.2.10 - - [13/Nov/2011:18:56:37 +0100] "GET /robots.txt HTTP/1.1" 404 - "-" "ShopWiki/1.0 ( +http://www.shopwiki.com/wiki/Help:Bot)"
209.51.162.220 - - [13/Nov/2011:22:10:42 +0100] "GET /robots.txt HTTP/1.1" 404 - "-" "ShopWiki/1.0 ( +http://www.shopwiki.com/wiki/Help:Bot)"
67.152.29.130 - - [14/Nov/2011:09:29:09 +0100] "GET /robots.txt HTTP/1.1" 404 - "-" "ShopWiki/1.0 ( +http://www.shopwiki.com/wiki/Help:Bot)"
173.242.125.206 - - [14/Nov/2011:14:38:59 +0100] "GET /robots.txt HTTP/1.0" 404 - "-" "Mozilla/5.0 (compatible; MJ12bot/v1.4.0; http://www.majestic12.co.uk/bot.php?+)"
173.242.125.206 - - [14/Nov/2011:14:39:01 +0100] "GET /livezilla/livezilla.php HTTP/1.0" 200 90200 "-" "Mozilla/5.0 (compatible; MJ12bot/v1.4.0; http://www.majestic12.co.uk/bot.php?+)"
139.18.2.17 - - [14/Nov/2011:22:35:22 +0100] "GET /robots.txt HTTP/1.1" 404 - "-" "findlinks/2.1.5 (+http://wortschatz.uni-leipzig.de/findlinks/)"
213.186.122.3 - - [14/Nov/2011:23:00:07 +0100] "GET /robots.txt HTTP/1.1" 404 - "-" "Mozilla/5.0 (compatible; AhrefsBot/1.0; +http://ahrefs.com/robot/)"
213.186.122.3 - - [14/Nov/2011:23:00:08 +0100] "GET /livezilla/livezilla.php HTTP/1.1" 200 90048 "-" "Mozilla/5.0 (compatible; AhrefsBot/1.0; +http://ahrefs.com/robot/)"
213.186.122.3 - - [14/Nov/2011:23:00:10 +0100] "GET /livezilla/livezilla.php?template=lz_chat_frame.0.2 HTTP/1.1" 200 321 "-" "Mozilla/5.0 (compatible; AhrefsBot/1.0; +http://ahrefs.com/robot/)"
213.186.122.3 - - [14/Nov/2011:23:00:11 +0100] "GET /livezilla/livezilla.php?template=lz_chat_frame.3.2.chat HTTP/1.1" 200 2116 "-" "Mozilla/5.0 (compatible; AhrefsBot/1.0; +http://ahrefs.com/robot/)"
66.249.71.140 - - [15/Nov/2011:04:53:46 +0100] "GET /robots.txt HTTP/1.1" 404 - "-" "Mozilla/5.0 (compatible; Googlebot/2.1; +http://www.google.com/bot.html)"
66.249.71.140 - - [15/Nov/2011:04:53:46 +0100] "GET / HTTP/1.1" 304 - "-" "Mozilla/5.0 (compatible; Googlebot/2.1; +http://www.google.com/bot.html)"
208.80.194.31 - - [15/Nov/2011:09:08:13 +0100] "GET / HTTP/1.0" 200 1244 "-" "Mozilla/4.0 (compatible; MSIE 6.0; America Online Browser 1.1; Windows NT 5.1; SV1; FunWebProducts; .NET CLR 1.1.4322; ZangoToolbar 4.8.2)"
67.152.29.130 - - [16/Nov/2011:06:52:26 +0100] "GET /robots.txt HTTP/1.1" 404 - "-" "ShopWiki/1.0 ( +http://www.shopwiki.com/wiki/Help:Bot)"
130.83.167.153 - - [16/Nov/2011:08:27:28 +0100] "GET /livezilla/livezilla.php HTTP/1.1" 200 90048 "-" "findlinks/2.0.4 (+http://wortschatz.uni-leipzig.de/findlinks/)"
130.83.167.153 - - [16/Nov/2011:08:27:28 +0100] "GET /livezilla/livezilla.php HTTP/1.1" 200 90048 "-" "findlinks/2.0.4 (+http://wortschatz.uni-leipzig.de/findlinks/)"
213.186.122.3 - - [16/Nov/2011:12:31:00 +0100] "GET /robots.txt HTTP/1.1" 404 - "-" "Mozilla/5.0 (compatible; AhrefsBot/1.0; +http://ahrefs.com/robot/)"
213.186.122.3 - - [16/Nov/2011:12:31:01 +0100] "GET /livezilla/livezilla.php HTTP/1.1" 200 90048 "-" "Mozilla/5.0 (compatible; AhrefsBot/1.0; +http://ahrefs.com/robot/)"
213.186.122.3 - - [16/Nov/2011:12:31:03 +0100] "GET /livezilla/livezilla.php?template=lz_chat_frame.3.2.login& HTTP/1.1" 200 1105 "-" "Mozilla/5.0 (compatible; AhrefsBot/1.0; +http://ahrefs.com/robot/)"
213.186.122.3 - - [16/Nov/2011:12:31:04 +0100] "GET /livezilla/livezilla.php?template=lz_chat_frame.3.3 HTTP/1.1" 200 321 "-" "Mozilla/5.0 (compatible; AhrefsBot/1.0; +http://ahrefs.com/robot/)"
67.152.29.130 - - [16/Nov/2011:14:05:09 +0100] "GET /robots.txt HTTP/1.1" 404 - "-" "ShopWiki/1.0 ( +http://www.shopwiki.com/wiki/Help:Bot)"
208.80.194.71 - - [17/Nov/2011:05:29:06 +0100] "GET / HTTP/1.0" 200 1244 "-" "Mozilla/4.0 (compatible; MSIE 6.0; Windows NT 5.1; SV1; FunWebProducts; .NET CLR 1.1.4322; InfoPath.1; FDM)"
8.11.2.10 - - [17/Nov/2011:09:22:26 +0100] "GET /robots.txt HTTP/1.1" 404 - "-" "ShopWiki/1.0 ( +http://www.shopwiki.com/wiki/Help:Bot)"
209.51.162.220 - - [17/Nov/2011:14:18:03 +0100] "GET /robots.txt HTTP/1.1" 404 - "-" "ShopWiki/1.0 ( +http://www.shopwiki.com/wiki/Help:Bot)"
77.20.40.173 - - [17/Nov/2011:19:12:07 +0100] "GET /robots.txt HTTP/1.1" 404 - "-" "findlinks/2.0.2 (+http://wortschatz.uni-leipzig.de/findlinks/)"
66.249.71.131 - - [17/Nov/2011:20:50:46 +0100] "GET /robots.txt HTTP/1.1" 404 - "-" "Mozilla/5.0 (compatible; Googlebot/2.1; +http://www.google.com/bot.html)"
66.249.71.131 - - [17/Nov/2011:20:50:46 +0100] "GET /livezilla/intern_images/nopic.jpg HTTP/1.1" 304 - "-" "Googlebot-Image/1.0"
8.11.2.9 - - [17/Nov/2011:21:13:01 +0100] "GET /robots.txt HTTP/1.1" 404 - "-" "ShopWiki/1.0 ( +http://www.shopwiki.com/wiki/Help:Bot)"
96.31.166.228 - - [18/Nov/2011:00:23:16 +0100] "GET /robots.txt HTTP/1.1" 404 - "-" "Mozilla/5.0 (compatible; Search17Bot/1.1; http://www.search17.com/bot.php)"
96.31.166.228 - - [18/Nov/2011:00:23:16 +0100] "GET / HTTP/1.1" 200 1244 "-" "Mozilla/5.0 (compatible; Search17Bot/1.1; http://www.search17.com/bot.php)"
46.4.95.140 - - [18/Nov/2011:02:14:43 +0100] "GET /robots.txt HTTP/1.0" 404 - "-" "Mozilla/5.0 (compatible; SEOkicks-Robot +http://www.seokicks.de/robot.html)"
46.4.95.140 - - [18/Nov/2011:02:14:47 +0100] "GET / HTTP/1.0" 200 1244 "-" "Mozilla/5.0 (compatible; SEOkicks-Robot +http://www.seokicks.de/robot.html)"
66.249.71.134 - - [18/Nov/2011:02:47:51 +0100] "GET /robots.txt HTTP/1.1" 404 - "-" "Mozilla/5.0 (compatible; Googlebot/2.1; +http://www.google.com/bot.html)"
66.249.71.134 - - [18/Nov/2011:02:47:51 +0100] "GET /livezilla/images/lz_header.gif HTTP/1.1" 304 - "-" "Googlebot-Image/1.0"
8.11.2.9 - - [18/Nov/2011:06:46:48 +0100] "GET /robots.txt HTTP/1.1" 404 - "-" "ShopWiki/1.0 ( +http://www.shopwiki.com/wiki/Help:Bot)"
66.249.71.134 - - [18/Nov/2011:08:44:51 +0100] "GET /robots.txt HTTP/1.1" 404 - "-" "Mozilla/5.0 (compatible; Googlebot/2.1; +http://www.google.com/bot.html)"
66.249.71.134 - - [18/Nov/2011:08:44:52 +0100] "GET /livezilla/images/button_close.gif HTTP/1.1" 304 - "-" "Googlebot-Image/1.0"
8.11.2.9 - - [18/Nov/2011:10:16:29 +0100] "GET /robots.txt HTTP/1.1" 404 - "-" "ShopWiki/1.0 ( +http://www.shopwiki.com/wiki/Help:Bot)"
213.186.122.3 - - [18/Nov/2011:10:21:51 +0100] "GET /robots.txt HTTP/1.1" 404 - "-" "Mozilla/5.0 (compatible; AhrefsBot/1.0; +http://ahrefs.com/robot/)"
213.186.122.3 - - [18/Nov/2011:10:21:52 +0100] "GET /livezilla/livezilla.php HTTP/1.1" 200 90048 "-" "Mozilla/5.0 (compatible; AhrefsBot/1.0; +http://ahrefs.com/robot/)"
213.186.122.3 - - [18/Nov/2011:10:22:03 +0100] "GET /livezilla/livezilla.php?template=lz_chat_frame.3.2.chat.3.0 HTTP/1.1" 200 2151 "-" "Mozilla/5.0 (compatible; AhrefsBot/1.0; +http://ahrefs.com/robot/)"
209.51.162.220 - - [18/Nov/2011:13:36:57 +0100] "GET /robots.txt HTTP/1.1" 404 - "-" "ShopWiki/1.0 ( +http://www.shopwiki.com/wiki/Help:Bot)"
66.249.71.134 - - [18/Nov/2011:14:43:27 +0100] "GET /robots.txt HTTP/1.1" 404 - "-" "Mozilla/5.0 (compatible; Googlebot/2.1; +http://www.google.com/bot.html)"
66.249.71.134 - - [18/Nov/2011:14:43:27 +0100] "GET /livezilla/images/button_fav.gif HTTP/1.1" 304 - "-" "Googlebot-Image/1.0"
208.80.194.64 - - [18/Nov/2011:19:28:31 +0100] "GET / HTTP/1.0" 200 1244 "-" "Mozilla/4.0 (compatible; MSIE 6.0; Windows NT 5.1; SV1; OFX; snprtz|S04770957701462#1462|isdn; .NET CLR 2.0.50727)"
209.51.162.219 - - [19/Nov/2011:01:17:46 +0100] "GET /robots.txt HTTP/1.1" 404 - "-" "ShopWiki/1.0 ( +http://www.shopwiki.com/wiki/Help:Bot)"
209.51.162.219 - - [19/Nov/2011:09:51:27 +0100] "GET /robots.txt HTTP/1.1" 404 - "-" "ShopWiki/1.0 ( +http://www.shopwiki.com/wiki/Help:Bot)"
95.108.151.244 - - [19/Nov/2011:11:00:12 +0100] "GET /robots.txt HTTP/1.1" 404 - "-" "Mozilla/5.0 (compatible; YandexBot/3.0; +http://yandex.com/bots)"
95.108.151.244 - - [19/Nov/2011:11:00:13 +0100] "GET / HTTP/1.1" 200 1244 "-" "Mozilla/5.0 (compatible; YandexBot/3.0; +http://yandex.com/bots)"
95.108.151.244 - - [19/Nov/2011:11:00:14 +0100] "GET / HTTP/1.1" 200 1244 "-" "Mozilla/5.0 (compatible; YandexBot/3.0; +http://yandex.com/bots)"
66.249.71.134 - - [19/Nov/2011:23:02:38 +0100] "GET /robots.txt HTTP/1.1" 404 - "-" "Mozilla/5.0 (compatible; Googlebot/2.1; +http://www.google.com/bot.html)"
66.249.71.134 - - [19/Nov/2011:23:02:38 +0100] "GET /livezilla/livezilla.php HTTP/1.1" 200 90048 "-" "Mozilla/5.0 (compatible; Googlebot/2.1; +http://www.google.com/bot.html)"
66.249.71.134 - - [19/Nov/2011:23:38:17 +0100] "GET /livezilla/templates/style.css HTTP/1.1" 200 9496 "http://chat.f-m-shop.de/livezilla/livezilla.php" "Mozilla/5.0 (compatible; Googlebot/2.1; +http://www.google.com/bot.html)"
66.249.71.134 - - [19/Nov/2011:23:38:20 +0100] "GET /livezilla/livezilla.php?template=lz_chat_frame.4.1 HTTP/1.1" 200 578 "http://chat.f-m-shop.de/livezilla/livezilla.php" "Mozilla/5.0 (compatible; Googlebot/2.1; +http://www.google.com/bot.html)"
66.249.71.134 - - [19/Nov/2011:23:38:21 +0100] "GET /livezilla/livezilla.php?template=lz_chat_frame.0.2 HTTP/1.1" 200 321 "http://chat.f-m-shop.de/livezilla/livezilla.php" "Mozilla/5.0 (compatible; Googlebot/2.1; +http://www.google.com/bot.html)"
66.249.71.134 - - [19/Nov/2011:23:38:22 +0100] "GET /livezilla/livezilla.php?template=lz_chat_frame.1.0 HTTP/1.1" 200 344 "http://chat.f-m-shop.de/livezilla/livezilla.php" "Mozilla/5.0 (compatible; Googlebot/2.1; +http://www.google.com/bot.html)"
66.249.71.134 - - [19/Nov/2011:23:38:23 +0100] "GET /livezilla/livezilla.php?template=lz_chat_frame.0.0 HTTP/1.1" 200 338 "http://chat.f-m-shop.de/livezilla/livezilla.php" "Mozilla/5.0 (compatible; Googlebot/2.1; +http://www.google.com/bot.html)"
66.249.71.134 - - [19/Nov/2011:23:38:23 +0100] "GET /livezilla/livezilla.php?template=lz_chat_frame.3.2.login& HTTP/1.1" 200 1105 "http://chat.f-m-shop.de/livezilla/livezilla.php" "Mozilla/5.0 (compatible; Googlebot/2.1; +http://www.google.com/bot.html)"
66.249.71.134 - - [19/Nov/2011:23:38:24 +0100] "GET /livezilla/livezilla.php?template=lz_chat_frame.0.1 HTTP/1.1" 200 343 "http://chat.f-m-shop.de/livezilla/livezilla.php" "Mozilla/5.0 (compatible; Googlebot/2.1; +http://www.google.com/bot.html)"
66.249.71.134 - - [19/Nov/2011:23:38:25 +0100] "GET /livezilla/livezilla.php?template=lz_chat_frame.2.0 HTTP/1.1" 200 344 "http://chat.f-m-shop.de/livezilla/livezilla.php" "Mozilla/5.0 (compatible; Googlebot/2.1; +http://www.google.com/bot.html)"
66.249.71.134 - - [19/Nov/2011:23:38:26 +0100] "GET /livezilla/livezilla.php?template=lz_chat_frame.1.2 HTTP/1.1" 200 345 "http://chat.f-m-shop.de/livezilla/livezilla.php" "Mozilla/5.0 (compatible; Googlebot/2.1; +http://www.google.com/bot.html)"
66.249.71.134 - - [19/Nov/2011:23:38:27 +0100] "GET /livezilla/livezilla.php?template=lz_chat_frame.5.1 HTTP/1.1" 200 345 "http://chat.f-m-shop.de/livezilla/livezilla.php" "Mozilla/5.0 (compatible; Googlebot/2.1; +http://www.google.com/bot.html)"
66.249.71.134 - - [19/Nov/2011:23:38:27 +0100] "GET /livezilla/livezilla.php?template=lz_chat_frame.1.1& HTTP/1.1" 200 2385 "http://chat.f-m-shop.de/livezilla/livezilla.php" "Mozilla/5.0 (compatible; Googlebot/2.1; +http://www.google.com/bot.html)"
66.249.71.134 - - [19/Nov/2011:23:38:28 +0100] "GET /livezilla/livezilla.php?template=lz_chat_frame.3.3 HTTP/1.1" 200 321 "http://chat.f-m-shop.de/livezilla/livezilla.php" "Mozilla/5.0 (compatible; Googlebot/2.1; +http://www.google.com/bot.html)"
66.249.71.134 - - [19/Nov/2011:23:38:29 +0100] "GET /livezilla/livezilla.php?template=lz_chat_frame.3.0 HTTP/1.1" 200 321 "http://chat.f-m-shop.de/livezilla/livezilla.php" "Mozilla/5.0 (compatible; Googlebot/2.1; +http://www.google.com/bot.html)"
66.249.71.134 - - [19/Nov/2011:23:38:30 +0100] "GET /livezilla/livezilla.php?template=lz_chat_frame.2.2 HTTP/1.1" 200 345 "http://chat.f-m-shop.de/livezilla/livezilla.php" "Mozilla/5.0 (compatible; Googlebot/2.1; +http://www.google.com/bot.html)"
66.249.71.134 - - [19/Nov/2011:23:38:33 +0100] "GET /livezilla/images/carrier_logo.gif HTTP/1.1" 404 - "http://chat.f-m-shop.de/livezilla/livezilla.php?template=lz_chat_frame.1.1&" "Mozilla/5.0 (compatible; Googlebot/2.1; +http://www.google.com/bot.html)"
66.249.71.134 - - [19/Nov/2011:23:38:34 +0100] "GET /livezilla/images/lz_header.gif HTTP/1.1" 200 7285 "http://chat.f-m-shop.de/livezilla/livezilla.php?template=lz_chat_frame.1.1&" "Mozilla/5.0 (compatible; Googlebot/2.1; +http://www.google.com/bot.html)"
66.249.71.134 - - [19/Nov/2011:23:38:35 +0100] "GET /livezilla/images/lz_rep_bg_left.gif HTTP/1.1" 200 593 "http://chat.f-m-shop.de/livezilla/livezilla.php?template=lz_chat_frame.1.1&" "Mozilla/5.0 (compatible; Googlebot/2.1; +http://www.google.com/bot.html)"
66.249.71.134 - - [19/Nov/2011:23:38:35 +0100] "GET /livezilla/livezilla.php?template=lz_chat_frame.3.2.login.1.0& HTTP/1.1" 200 3689 "http://chat.f-m-shop.de/livezilla/livezilla.php?template=lz_chat_frame.3.2.login&" "Mozilla/5.0 (compatible; Googlebot/2.1; +http://www.google.com/bot.html)"
66.249.71.134 - - [19/Nov/2011:23:38:36 +0100] "GET /livezilla/images/lz_rep_bg.gif HTTP/1.1" 200 320 "http://chat.f-m-shop.de/livezilla/livezilla.php?template=lz_chat_frame.1.1&" "Mozilla/5.0 (compatible; Googlebot/2.1; +http://www.google.com/bot.html)"
66.249.71.134 - - [19/Nov/2011:23:38:37 +0100] "GET /livezilla/images/icon_vcard.gif HTTP/1.1" 200 559 "http://chat.f-m-shop.de/livezilla/livezilla.php?template=lz_chat_frame.1.1&" "Mozilla/5.0 (compatible; Googlebot/2.1; +http://www.google.com/bot.html)"
66.249.71.134 - - [19/Nov/2011:23:38:37 +0100] "GET /livezilla/livezilla.php?template=lz_chat_frame.3.2.login.0.0 HTTP/1.1" 200 1384 "http://chat.f-m-shop.de/livezilla/livezilla.php?template=lz_chat_frame.3.2.login&" "Mozilla/5.0 (compatible; Googlebot/2.1; +http://www.google.com/bot.html)"
66.249.71.134 - - [19/Nov/2011:23:38:39 +0100] "GET /livezilla/intern_images/nopic.jpg HTTP/1.1" 200 3599 "http://chat.f-m-shop.de/livezilla/livezilla.php?template=lz_chat_frame.1.1&" "Mozilla/5.0 (compatible; Googlebot/2.1; +http://www.google.com/bot.html)"
66.249.71.134 - - [19/Nov/2011:23:38:40 +0100] "GET /livezilla/livezilla.php?template=lz_chat_frame.3.2.login.2.0 HTTP/1.1" 200 361 "http://chat.f-m-shop.de/livezilla/livezilla.php?template=lz_chat_frame.3.2.login&" "Mozilla/5.0 (compatible; Googlebot/2.1; +http://www.google.com/bot.html)"
66.249.71.134 - - [19/Nov/2011:23:38:41 +0100] "GET /livezilla/images/icon_typing.gif HTTP/1.1" 200 1106 "http://chat.f-m-shop.de/livezilla/livezilla.php?template=lz_chat_frame.1.1&" "Mozilla/5.0 (compatible; Googlebot/2.1; +http://www.google.com/bot.html)"
66.249.71.134 - - [19/Nov/2011:23:38:42 +0100] "GET /livezilla/images/chat_bg_footer.gif HTTP/1.1" 200 194 "http://chat.f-m-shop.de/livezilla/livezilla.php?template=lz_chat_frame.4.1" "Mozilla/5.0 (compatible; Googlebot/2.1; +http://www.google.com/bot.html)"
66.249.71.134 - - [19/Nov/2011:23:38:42 +0100] "GET /livezilla/images/lz_rep_bg_right.gif HTTP/1.1" 200 590 "http://chat.f-m-shop.de/livezilla/livezilla.php?template=lz_chat_frame.1.1&" "Mozilla/5.0 (compatible; Googlebot/2.1; +http://www.google.com/bot.html)"
66.249.71.134 - - [19/Nov/2011:23:38:46 +0100] "GET /livezilla/images/icon_network.gif HTTP/1.1" 200 354 "http://chat.f-m-shop.de/livezilla/livezilla.php?template=lz_chat_frame.3.2.login.1.0&" "Mozilla/5.0 (compatible; Googlebot/2.1; +http://www.google.com/bot.html)"
66.249.71.134 - - [19/Nov/2011:23:38:46 +0100] "GET /livezilla/images/icon_info.gif HTTP/1.1" 200 1703 "http://chat.f-m-shop.de/livezilla/livezilla.php?template=lz_chat_frame.3.2.login.1.0&" "Mozilla/5.0 (compatible; Googlebot/2.1; +http://www.google.com/bot.html)"
66.249.71.134 - - [19/Nov/2011:23:38:47 +0100] "GET /livezilla/images/chat_bg_navigation_left.gif HTTP/1.1" 200 1078 "http://chat.f-m-shop.de/livezilla/livezilla.php?template=lz_chat_frame.3.2.login.0.0" "Mozilla/5.0 (compatible; Googlebot/2.1; +http://www.google.com/bot.html)"
66.249.71.134 - - [19/Nov/2011:23:38:48 +0100] "GET /livezilla/images/lz_button.gif HTTP/1.1" 200 838 "http://chat.f-m-shop.de/livezilla/livezilla.php?template=lz_chat_frame.3.2.login.1.0&" "Mozilla/5.0 (compatible; Googlebot/2.1; +http://www.google.com/bot.html)"
66.249.71.134 - - [19/Nov/2011:23:38:48 +0100] "GET /livezilla/images/chat_bg_navigation_dev.gif HTTP/1.1" 200 367 "http://chat.f-m-shop.de/livezilla/livezilla.php?template=lz_chat_frame.3.2.login.0.0" "Mozilla/5.0 (compatible; Googlebot/2.1; +http://www.google.com/bot.html)"
66.249.71.134 - - [19/Nov/2011:23:38:49 +0100] "GET /livezilla/images/chat_bg_navigation_right.gif HTTP/1.1" 200 675 "http://chat.f-m-shop.de/livezilla/livezilla.php?template=lz_chat_frame.3.2.login.0.0" "Mozilla/5.0 (compatible; Googlebot/2.1; +http://www.google.com/bot.html)"
66.249.71.134 - - [19/Nov/2011:23:38:50 +0100] "GET /livezilla/images/chat_bg_footer_top.gif HTTP/1.1" 200 858 "http://chat.f-m-shop.de/livezilla/livezilla.php?template=lz_chat_frame.3.2.login.2.0" "Mozilla/5.0 (compatible; Googlebot/2.1; +http://www.google.com/bot.html)"
66.249.71.134 - - [19/Nov/2011:23:38:50 +0100] "GET /livezilla/images/button_fav.gif HTTP/1.1" 200 1344 "http://chat.f-m-shop.de/livezilla/livezilla.php?template=lz_chat_frame.3.2.login.0.0" "Mozilla/5.0 (compatible; Googlebot/2.1; +http://www.google.com/bot.html)"
66.249.71.134 - - [19/Nov/2011:23:38:51 +0100] "GET /livezilla/images/chat_bg_navigation.gif HTTP/1.1" 200 258 "http://chat.f-m-shop.de/livezilla/livezilla.php?template=lz_chat_frame.3.2.login.0.0" "Mozilla/5.0 (compatible; Googlebot/2.1; +http://www.google.com/bot.html)"
66.249.71.134 - - [19/Nov/2011:23:38:52 +0100] "GET /livezilla/images/chat_bg_navigation_sub.gif HTTP/1.1" 200 76 "http://chat.f-m-shop.de/livezilla/livezilla.php?template=lz_chat_frame.3.2.login.1.0&" "Mozilla/5.0 (compatible; Googlebot/2.1; +http://www.google.com/bot.html)"
66.249.71.134 - - [19/Nov/2011:23:38:53 +0100] "GET /livezilla/images/button_close.gif HTTP/1.1" 200 1239 "http://chat.f-m-shop.de/livezilla/livezilla.php?template=lz_chat_frame.3.2.login.0.0" "Mozilla/5.0 (compatible; Googlebot/2.1; +http://www.google.com/bot.html)"
66.249.71.134 - - [19/Nov/2011:23:38:56 +0100] "GET /livezilla/images/chat_bg_field.gif HTTP/1.1" 200 121 "http://chat.f-m-shop.de/livezilla/livezilla.php?template=lz_chat_frame.3.2.login.1.0&" "Mozilla/5.0 (compatible; Googlebot/2.1; +http://www.google.com/bot.html)"
66.249.71.134 - - [19/Nov/2011:23:38:56 +0100] "GET /livezilla/images/lz_button_extra.gif HTTP/1.1" 200 948 "http://chat.f-m-shop.de/livezilla/livezilla.php?template=lz_chat_frame.3.2.login.1.0&" "Mozilla/5.0 (compatible; Googlebot/2.1; +http://www.google.com/bot.html)"
77.21.147.173 - - [19/Nov/2011:23:49:05 +0100] "GET /livezilla/livezilla.php HTTP/1.1" 200 90048 "-" "findlinks/2.0.2 (+http://wortschatz.uni-leipzig.de/findlinks/)"
77.21.147.173 - - [19/Nov/2011:23:49:06 +0100] "GET /livezilla/livezilla.php HTTP/1.1" 200 90048 "-" "findlinks/2.0.2 (+http://wortschatz.uni-leipzig.de/findlinks/)"
213.186.122.3 - - [20/Nov/2011:03:09:35 +0100] "GET /robots.txt HTTP/1.1" 404 - "-" "Mozilla/5.0 (compatible; AhrefsBot/1.0; +http://ahrefs.com/robot/)"
213.186.122.3 - - [20/Nov/2011:03:09:36 +0100] "GET /livezilla/livezilla.php HTTP/1.1" 200 90048 "-" "Mozilla/5.0 (compatible; AhrefsBot/1.0; +http://ahrefs.com/robot/)"
213.186.122.3 - - [20/Nov/2011:03:09:37 +0100] "GET /livezilla/livezilla.php?template=lz_chat_frame.3.2.login.1.0& HTTP/1.1" 200 3689 "-" "Mozilla/5.0 (compatible; AhrefsBot/1.0; +http://ahrefs.com/robot/)"
213.186.122.3 - - [20/Nov/2011:03:09:38 +0100] "GET /livezilla/livezilla.php?template=lz_chat_frame.4.1 HTTP/1.1" 200 578 "-" "Mozilla/5.0 (compatible; AhrefsBot/1.0; +http://ahrefs.com/robot/)"
8.11.2.10 - - [20/Nov/2011:06:21:07 +0100] "GET /robots.txt HTTP/1.1" 404 - "-" "ShopWiki/1.0 ( +http://www.shopwiki.com/wiki/Help:Bot)"
208.80.194.29 - - [20/Nov/2011:13:46:23 +0100] "GET / HTTP/1.0" 200 1244 "-" "Mozilla/4.0 (compatible; MSIE 7.0; Windows NT 5.1; YPC 3.2.0; FunWebProducts-MyWay; .NET CLR 1.1.4322)"
77.20.40.173 - - [20/Nov/2011:19:38:54 +0100] "GET /robots.txt HTTP/1.1" 404 - "-" "findlinks/2.0.2 (+http://wortschatz.uni-leipzig.de/findlinks/)"
209.51.162.219 - - [21/Nov/2011:04:09:27 +0100] "GET /robots.txt HTTP/1.1" 404 - "-" "ShopWiki/1.0 ( +http://www.shopwiki.com/wiki/Help:Bot)"
66.249.71.134 - - [21/Nov/2011:06:03:28 +0100] "GET /robots.txt HTTP/1.1" 404 - "-" "Mozilla/5.0 (compatible; Googlebot/2.1; +http://www.google.com/bot.html)"
66.249.71.134 - - [21/Nov/2011:06:03:29 +0100] "GET /livezilla/intern_images/filtered.jpg HTTP/1.1" 200 4014 "-" "Googlebot-Image/1.0"
66.249.71.134 - - [21/Nov/2011:08:15:07 +0100] "GET /robots.txt HTTP/1.1" 404 - "-" "Mozilla/5.0 (compatible; Googlebot/2.1; +http://www.google.com/bot.html)"
66.249.71.134 - - [21/Nov/2011:08:15:07 +0100] "GET /livezilla/images/file_upload_success.gif HTTP/1.1" 404 - "-" "Googlebot-Image/1.0"
66.249.71.134 - - [21/Nov/2011:10:33:31 +0100] "GET /livezilla/images/button_s1.gif HTTP/1.1" 200 1319 "-" "Googlebot-Image/1.0"
66.249.71.134 - - [21/Nov/2011:12:51:55 +0100] "GET /livezilla/images/lz_circle.gif?acid= HTTP/1.1" 200 1245 "-" "Googlebot-Image/1.0"
209.51.162.220 - - [21/Nov/2011:13:46:50 +0100] "GET /robots.txt HTTP/1.1" 404 - "-" "ShopWiki/1.0 ( +http://www.shopwiki.com/wiki/Help:Bot)"
213.186.122.3 - - [21/Nov/2011:14:08:02 +0100] "GET /robots.txt HTTP/1.1" 404 - "-" "Mozilla/5.0 (compatible; AhrefsBot/1.0; +http://ahrefs.com/robot/)"
213.186.122.3 - - [21/Nov/2011:14:08:06 +0100] "GET /livezilla/livezilla.php HTTP/1.1" 200 90048 "-" "Mozilla/5.0 (compatible; AhrefsBot/1.0; +http://ahrefs.com/robot/)"
213.186.122.3 - - [21/Nov/2011:14:08:19 +0100] "GET /livezilla/livezilla.php?template=lz_chat_frame.1.1& HTTP/1.1" 200 2385 "-" "Mozilla/5.0 (compatible; AhrefsBot/1.0; +http://ahrefs.com/robot/)"
213.186.122.3 - - [21/Nov/2011:14:08:20 +0100] "GET /livezilla/livezilla.php?template=lz_chat_frame.3.2.login.2.0 HTTP/1.1" 200 361 "-" "Mozilla/5.0 (compatible; AhrefsBot/1.0; +http://ahrefs.com/robot/)"
66.249.71.134 - - [21/Nov/2011:15:10:19 +0100] "GET /livezilla/images/icon_link.gif HTTP/1.1" 200 1045 "-" "Googlebot-Image/1.0"
209.51.162.220 - - [21/Nov/2011:17:02:23 +0100] "GET /robots.txt HTTP/1.1" 404 - "-" "ShopWiki/1.0 ( +http://www.shopwiki.com/wiki/Help:Bot)"
66.249.71.134 - - [21/Nov/2011:17:28:44 +0100] "GET /livezilla/images/button_s0.gif HTTP/1.1" 200 1328 "-" "Googlebot-Image/1.0"
8.11.2.10 - - [21/Nov/2011:20:32:03 +0100] "GET /robots.txt HTTP/1.1" 404 - "-" "ShopWiki/1.0 ( +http://www.shopwiki.com/wiki/Help:Bot)"
208.80.194.29 - - [22/Nov/2011:01:49:09 +0100] "GET / HTTP/1.0" 200 1244 "-" "Mozilla/4.0 (compatible; MSIE 6.0; Windows NT 5.1; {755E471B-F777-2094-B701-9AE8871E0495})"
209.51.162.220 - - [22/Nov/2011:07:34:51 +0100] "GET /robots.txt HTTP/1.1" 404 - "-" "ShopWiki/1.0 ( +http://www.shopwiki.com/wiki/Help:Bot)"
89.182.24.59 - - [22/Nov/2011:08:44:46 +0100] "GET /livezilla/livezilla.php HTTP/1.1" 200 90048 "-" "findlinks/2.0.2 (+http://wortschatz.uni-leipzig.de/findlinks/)"
89.182.24.59 - - [22/Nov/2011:08:44:46 +0100] "GET /livezilla/livezilla.php HTTP/1.1" 200 90048 "-" "findlinks/2.0.2 (+http://wortschatz.uni-leipzig.de/findlinks/)"
67.152.29.130 - - [22/Nov/2011:17:55:53 +0100] "GET /robots.txt HTTP/1.1" 404 - "-" "ShopWiki/1.0 ( +http://www.shopwiki.com/wiki/Help:Bot)"
66.249.72.76 - - [22/Nov/2011:20:13:10 +0100] "GET /robots.txt HTTP/1.1" 404 - "-" "Mozilla/5.0 (compatible; Googlebot/2.1; +http://www.google.com/bot.html)"
66.249.72.76 - - [22/Nov/2011:20:13:10 +0100] "GET /livezilla/livezilla.php?template=lz_chat_frame.0.2 HTTP/1.1" 200 321 "-" "Mozilla/5.0 (compatible; Googlebot/2.1; +http://www.google.com/bot.html)"
139.18.2.209 - - [23/Nov/2011:09:18:12 +0100] "GET /robots.txt HTTP/1.1" 404 - "-" "findlinks/2.0.1 (+http://wortschatz.uni-leipzig.de/findlinks/)"
209.51.162.220 - - [23/Nov/2011:10:05:39 +0100] "GET /robots.txt HTTP/1.1" 404 - "-" "ShopWiki/1.0 ( +http://www.shopwiki.com/wiki/Help:Bot)"
208.80.194.36 - - [23/Nov/2011:14:37:56 +0100] "GET / HTTP/1.0" 200 1244 "-" "Mozilla/4.0 (compatible; MSIE 6.0; Windows NT 5.1; yie6_SBC; SV1; FunWebProducts; SpamBlockerUtility 4.6.1; HbTools 4.7.2; yplus 5.1.03b)"
213.186.122.3 - - [23/Nov/2011:20:15:16 +0100] "GET /robots.txt HTTP/1.1" 404 - "-" "Mozilla/5.0 (compatible; AhrefsBot/1.0; +http://ahrefs.com/robot/)"
213.186.122.3 - - [23/Nov/2011:20:15:17 +0100] "GET /livezilla/livezilla.php HTTP/1.1" 200 90048 "-" "Mozilla/5.0 (compatible; AhrefsBot/1.0; +http://ahrefs.com/robot/)"
107.20.38.235 - - [24/Nov/2011:00:31:22 +0100] "GET /robots.txt HTTP/1.1" 404 - "-" "ShopWiki/1.0 ( +http://www.shopwiki.com/wiki/Help:Bot)"
209.51.162.219 - - [24/Nov/2011:08:30:44 +0100] "GET /robots.txt HTTP/1.1" 404 - "-" "ShopWiki/1.0 ( +http://www.shopwiki.com/wiki/Help:Bot)"
139.18.2.17 - - [24/Nov/2011:10:26:30 +0100] "GET /livezilla/livezilla.php HTTP/1.1" 200 90048 "-" "findlinks/2.1.5 (+http://wortschatz.uni-leipzig.de/findlinks/)"
139.18.2.17 - - [24/Nov/2011:10:26:31 +0100] "GET /livezilla/livezilla.php HTTP/1.1" 200 90048 "-" "findlinks/2.1.5 (+http://wortschatz.uni-leipzig.de/findlinks/)"
209.51.162.219 - - [24/Nov/2011:13:47:38 +0100] "GET /robots.txt HTTP/1.1" 404 - "-" "ShopWiki/1.0 ( +http://www.shopwiki.com/wiki/Help:Bot)"
209.51.162.219 - - [24/Nov/2011:17:02:48 +0100] "GET /robots.txt HTTP/1.1" 404 - "-" "ShopWiki/1.0 ( +http://www.shopwiki.com/wiki/Help:Bot)"
208.80.194.26 - - [25/Nov/2011:05:42:45 +0100] "GET / HTTP/1.0" 200 1244 "-" "Mozilla/4.0 (compatible; MSIE 6.0; Windows NT 5.1; SV1; SIMBAR={9CB4D236-3851-42b7-AD00-32033D88C878}; .NET CLR 1.0.3705; .NET CLR 1.1.4322; Media Center PC 4.0)"
213.186.122.3 - - [25/Nov/2011:08:08:35 +0100] "GET /robots.txt HTTP/1.1" 404 - "-" "Mozilla/5.0 (compatible; AhrefsBot/1.0; +http://ahrefs.com/robot/)"
213.186.122.3 - - [25/Nov/2011:08:08:36 +0100] "GET /livezilla/livezilla.php HTTP/1.1" 200 90048 "-" "Mozilla/5.0 (compatible; AhrefsBot/1.0; +http://ahrefs.com/robot/)"
213.186.122.3 - - [25/Nov/2011:08:08:37 +0100] "GET /livezilla/livezilla.php?template=lz_chat_frame.3.2.chat.1.0&file=true HTTP/1.1" 200 1598 "-" "Mozilla/5.0 (compatible; AhrefsBot/1.0; +http://ahrefs.com/robot/)"
213.186.122.3 - - [25/Nov/2011:08:08:38 +0100] "GET /livezilla/livezilla.php?template=lz_chat_frame.3.2.chat.3.1 HTTP/1.1" 200 277 "-" "Mozilla/5.0 (compatible; AhrefsBot/1.0; +http://ahrefs.com/robot/)"
67.152.29.130 - - [25/Nov/2011:08:13:05 +0100] "GET /robots.txt HTTP/1.1" 404 - "-" "ShopWiki/1.0 ( +http://www.shopwiki.com/wiki/Help:Bot)"
66.249.72.76 - - [25/Nov/2011:11:10:10 +0100] "GET /robots.txt HTTP/1.1" 404 - "-" "Mozilla/5.0 (compatible; Googlebot/2.1; +http://www.google.com/bot.html)"
66.249.72.76 - - [25/Nov/2011:11:10:10 +0100] "GET / HTTP/1.1" 200 1244 "-" "Mozilla/5.0 (compatible; Googlebot/2.1; +http://www.google.com/bot.html)"
209.51.162.219 - - [26/Nov/2011:08:47:40 +0100] "GET /robots.txt HTTP/1.1" 404 - "-" "ShopWiki/1.0 ( +http://www.shopwiki.com/wiki/Help:Bot)"
77.20.40.173 - - [26/Nov/2011:09:46:56 +0100] "GET /robots.txt HTTP/1.1" 404 - "-" "findlinks/2.0.2 (+http://wortschatz.uni-leipzig.de/findlinks/)"
213.186.122.3 - - [26/Nov/2011:21:18:43 +0100] "GET /robots.txt HTTP/1.1" 404 - "-" "Mozilla/5.0 (compatible; AhrefsBot/1.0; +http://ahrefs.com/robot/)"
213.186.122.3 - - [26/Nov/2011:21:18:44 +0100] "GET /livezilla/livezilla.php HTTP/1.1" 200 90048 "-" "Mozilla/5.0 (compatible; AhrefsBot/1.0; +http://ahrefs.com/robot/)"
213.186.122.3 - - [26/Nov/2011:21:18:47 +0100] "GET /livezilla/livezilla.php?template=lz_chat_frame.2.0 HTTP/1.1" 200 344 "-" "Mozilla/5.0 (compatible; AhrefsBot/1.0; +http://ahrefs.com/robot/)"
213.186.122.3 - - [26/Nov/2011:21:18:48 +0100] "GET /livezilla/livezilla.php?template=lz_chat_frame.3.2.chat.0.0 HTTP/1.1" 200 3274 "-" "Mozilla/5.0 (compatible; AhrefsBot/1.0; +http://ahrefs.com/robot/)"
77.20.40.173 - - [26/Nov/2011:21:29:39 +0100] "GET /livezilla/livezilla.php HTTP/1.1" 200 90048 "-" "findlinks/2.0.2 (+http://wortschatz.uni-leipzig.de/findlinks/)"
77.20.40.173 - - [26/Nov/2011:21:29:40 +0100] "GET /livezilla/livezilla.php HTTP/1.1" 200 90048 "-" "findlinks/2.0.2 (+http://wortschatz.uni-leipzig.de/findlinks/)"
8.11.2.9 - - [27/Nov/2011:07:19:37 +0100] "GET /robots.txt HTTP/1.1" 404 - "-" "ShopWiki/1.0 ( +http://www.shopwiki.com/wiki/Help:Bot)"
66.249.72.76 - - [27/Nov/2011:07:31:48 +0100] "GET /robots.txt HTTP/1.1" 404 - "-" "Mozilla/5.0 (compatible; Googlebot/2.1; +http://www.google.com/bot.html)"
66.249.72.76 - - [27/Nov/2011:07:31:48 +0100] "GET /livezilla/livezilla.php?template=lz_chat_frame.3.2.login.2.0 HTTP/1.1" 200 361 "-" "Mozilla/5.0 (compatible; Googlebot/2.1; +http://www.google.com/bot.html)"
80.171.141.199 - - [27/Nov/2011:09:23:17 +0100] "GET /livezilla/server.php?request=track&output=jscript&nse=0.8230535749943922 HTTP/1.1" 302 1722 "-" "Mozilla/4.0 (compatible; MSIE 6.0; Windows NT 5.1)"
213.186.122.3 - - [28/Nov/2011:13:51:36 +0100] "GET /robots.txt HTTP/1.1" 404 - "-" "Mozilla/5.0 (compatible; AhrefsBot/1.0; +http://ahrefs.com/robot/)"
213.186.122.3 - - [28/Nov/2011:13:51:37 +0100] "GET /livezilla/livezilla.php HTTP/1.1" 200 90048 "-" "Mozilla/5.0 (compatible; AhrefsBot/1.0; +http://ahrefs.com/robot/)"
213.186.122.3 - - [28/Nov/2011:13:51:38 +0100] "GET /livezilla/livezilla.php?template=lz_chat_frame.0.0 HTTP/1.1" 200 338 "-" "Mozilla/5.0 (compatible; AhrefsBot/1.0; +http://ahrefs.com/robot/)"
213.186.122.3 - - [28/Nov/2011:13:51:39 +0100] "GET /livezilla/livezilla.php?template=lz_chat_frame.1.2 HTTP/1.1" 200 345 "-" "Mozilla/5.0 (compatible; AhrefsBot/1.0; +http://ahrefs.com/robot/)"
213.186.122.3 - - [28/Nov/2011:13:51:40 +0100] "GET /livezilla/livezilla.php?template=lz_chat_frame.3.0 HTTP/1.1" 200 321 "-" "Mozilla/5.0 (compatible; AhrefsBot/1.0; +http://ahrefs.com/robot/)"
139.18.2.17 - - [28/Nov/2011:15:16:59 +0100] "GET /robots.txt HTTP/1.1" 404 - "-" "findlinks/2.1.5 (+http://wortschatz.uni-leipzig.de/findlinks/)"
208.80.194.29 - - [28/Nov/2011:17:08:06 +0100] "GET / HTTP/1.0" 200 1244 "-" "Mozilla/4.0 (compatible; MSIE 6.0; Windows NT 5.0; acc=; iebar; .NET CLR 1.1.4322)"
67.152.29.130 - - [28/Nov/2011:22:08:13 +0100] "GET /robots.txt HTTP/1.1" 404 - "-" "ShopWiki/1.0 ( +http://www.shopwiki.com/wiki/Help:Bot)"
50.16.166.117 - - [29/Nov/2011:01:55:17 +0100] "GET /robots.txt HTTP/1.1" 404 - "-" "ShopWiki/1.0 ( +http://www.shopwiki.com/wiki/Help:Bot)"
